216.73.216.24 - - [31/Mar/2026:05:37:25 +0700] "GET /whatsapp:/send?fileloc=%2F%2Fproc%2Fself%2Froot%2Flib%2F.build-id%2F2f%2F0387d57fded8141e34343c7e6e78e32b6eaa6b&path=%2F%2Fproc%2Fself%2Froot%2Flib%2F.build-id%2F2f HTTP/2" 200 52405 "-" "Mozilla/5.0 AppleWebKit/537.36 (KHTML, like Gecko; compatible; ClaudeBot/1.0; +claudebot@anthropic.com)"
57.141.16.76 - - [31/Mar/2026:05:37:25 +0700] "GET /news_sitemap.xml?fileloc=//lib/firmware/TAS2XXX103C8DE9-1.bin.xz&path=//lib/firmware HTTP/2" 200 24056 "-" "meta-externalagent/1.1 (+https://developers.facebook.com/docs/sharing/webmasters/crawler)"
216.73.216.24 - - [31/Mar/2026:05:37:25 +0700] "GET /sitemap.xml?fileloc=%2F%2Flib%2Fkbd%2Fconsoletrans%2Ftrivial&path=%2F%2Flib%2Fkbd%2Fconsoletrans HTTP/2" 200 2952 "-" "Mozilla/5.0 AppleWebKit/537.36 (KHTML, like Gecko; compatible; ClaudeBot/1.0; +claudebot@anthropic.com)"
216.73.216.24 - - [31/Mar/2026:05:37:25 +0700] "GET /sitemap.xml?fileloc=%2F%2Fvar%2Fsoftaculous%2Fs9y%2Ffileindex.php&path=%2F%2Fvar%2Fsoftaculous%2Fs9y HTTP/2" 200 2744 "-" "Mozilla/5.0 AppleWebKit/537.36 (KHTML, like Gecko; compatible; ClaudeBot/1.0; +claudebot@anthropic.com)"
57.141.16.64 - - [31/Mar/2026:05:37:24 +0700] "GET /news_sitemap.xml?fileloc=//lib/firmware/iwlwifi-Qu-b0-hr-b0-77.ucode.xz&path=//lib/firmware HTTP/2" 200 905173 "-" "meta-externalagent/1.1 (+https://developers.facebook.com/docs/sharing/webmasters/crawler)"
216.73.216.24 - - [31/Mar/2026:05:37:25 +0700] "GET /whatsapp:/send?fileloc=%2F%2Fvar%2Fsoftaculous%2Fopensis%2Finstall.js&path=%2F%2Fvar%2Fsoftaculous%2Fopensis HTTP/2" 200 2864 "-" "Mozilla/5.0 AppleWebKit/537.36 (KHTML, like Gecko; compatible; ClaudeBot/1.0; +claudebot@anthropic.com)"
74.7.227.29 - - [31/Mar/2026:05:37:25 +0700] "GET /wp-sitemap.xml?fileloc=//lib/firmware/ath11k/QCA2066/hw2.1/amss.bin.xz&path=//lib/firmware/ath11k/QCA2066/hw2.1 HTTP/2" 200 1628485 "https://lotushomemade.com/wp-sitemap.xml?path=//lib/firmware/ath11k/QCA2066/hw2.1" "Mozilla/5.0 AppleWebKit/537.36 (KHTML, like Gecko; compatible; GPTBot/1.3; +https://openai.com/gptbot)"
216.73.216.24 - - [31/Mar/2026:05:37:25 +0700] "GET /whatsapp:/send?fileloc=%2F%2Fvar%2Fsoftaculous%2Fwbce%2Fmd5&path=%2F%2Fvar%2Fsoftaculous%2Fwbce HTTP/2" 200 4738 "-" "Mozilla/5.0 AppleWebKit/537.36 (KHTML, like Gecko; compatible; ClaudeBot/1.0; +claudebot@anthropic.com)"
216.73.216.24 - - [31/Mar/2026:05:37:25 +0700] "GET /sitemap.xml?fileloc=%2F%2Fproc%2Fself%2Froot%2Fetc%2Ffonts%2Fconf.d%2F90-synthetic.conf&path=%2F%2Fproc%2Fself%2Froot%2Fetc%2Ffonts%2Fconf.d HTTP/2" 200 3204 "-" "Mozilla/5.0 AppleWebKit/537.36 (KHTML, like Gecko; compatible; ClaudeBot/1.0; +claudebot@anthropic.com)"
216.73.216.24 - - [31/Mar/2026:05:37:25 +0700] "GET /whatsapp:/send?fileloc=%2F%2Fproc%2Fthread-self%2Froot%2Flib%2Ffirmware%2Fti%2Faudio%2Ftas2783%2F8EF6-X-C.bin.xz&path=%2F%2Fproc%2Fthread-self%2Froot%2Flib%2Ffirmware%2Fti%2Faudio%2Ftas2783 HTTP/2" 200 8865 "-" "Mozilla/5.0 AppleWebKit/537.36 (KHTML, like Gecko; compatible; ClaudeBot/1.0; +claudebot@anthropic.com)"
74.7.227.10 - - [31/Mar/2026:05:37:25 +0700] "GET /?fileloc=//usr/bin/pinky&path=//usr/bin HTTP/2" 200 15759 "https://www.lotushomemade.com/?path=//usr/bin" "Mozilla/5.0 AppleWebKit/537.36 (KHTML, like Gecko; compatible; GPTBot/1.3; +https://openai.com/gptbot)"
216.73.216.24 - - [31/Mar/2026:05:37:25 +0700] "GET /product/seaweed-cuttle-fish-l?path=%2F%2Fhome%2Flotushomemade.com%2Fnamecard.lotushomemade.com%2Fwp-includes%2Fblocks%2Fheading HTTP/2" 200 3027 "-" "Mozilla/5.0 AppleWebKit/537.36 (KHTML, like Gecko; compatible; ClaudeBot/1.0; +claudebot@anthropic.com)"
57.141.16.15 - - [31/Mar/2026:05:37:26 +0700] "GET /news_sitemap.xml?fileloc=/home/lotushomemade.com/httpdocs/wp-includes/sodium_compat/namespaced/Compat.php&path=/home/lotushomemade.com/httpdocs/wp-includes/sodium_compat/namespaced HTTP/2" 200 12794 "-" "meta-externalagent/1.1 (+https://developers.facebook.com/docs/sharing/webmasters/crawler)"
216.73.216.24 - - [31/Mar/2026:05:37:26 +0700] "GET /whatsapp:/send?fileloc=%2F%2Fproc%2Fself%2Froot%2Flib%2F.build-id%2Ffd%2F4daefc932ae29e23b93b6b7c32c20b9f98d617&path=%2F%2Fproc%2Fself%2Froot%2Flib%2F.build-id%2Ffd HTTP/2" 200 8664 "-" "Mozilla/5.0 AppleWebKit/537.36 (KHTML, like Gecko; compatible; ClaudeBot/1.0; +claudebot@anthropic.com)"
216.73.216.24 - - [31/Mar/2026:05:37:26 +0700] "GET /sitemap.xml?fileloc=%2F%2Flib%2Ffirmware%2Fradeon%2FTAHITI_me.bin.xz&path=%2F%2Flib%2Ffirmware%2Fradeon HTTP/2" 200 5456 "-" "Mozilla/5.0 AppleWebKit/537.36 (KHTML, like Gecko; compatible; ClaudeBot/1.0; +claudebot@anthropic.com)"
216.73.216.24 - - [31/Mar/2026:05:37:26 +0700] "GET /whatsapp:/send?fileloc=%2F%2Fproc%2Fself%2Froot%2Flib%2F.build-id%2F67%2F0a96047ebecf3c97bc2ae8047b1865e0b3e580&path=%2F%2Fproc%2Fself%2Froot%2Flib%2F.build-id%2F67 HTTP/2" 200 34872 "-" "Mozilla/5.0 AppleWebKit/537.36 (KHTML, like Gecko; compatible; ClaudeBot/1.0; +claudebot@anthropic.com)"
57.141.16.76 - - [31/Mar/2026:05:37:26 +0700] "GET /news_sitemap.xml?path=//lib/locale/en_ZA HTTP/2" 200 29974 "-" "meta-externalagent/1.1 (+https://developers.facebook.com/docs/sharing/webmasters/crawler)"
216.73.216.24 - - [31/Mar/2026:05:37:26 +0700] "GET /whatsapp:/send?fileloc=%2F%2Fproc%2Fself%2Froot%2Flib%2F.build-id%2Fd2%2F5a8ab59e54f6d8374fb48acf759337d6e27abf&path=%2F%2Fproc%2Fself%2Froot%2Flib%2F.build-id%2Fd2 HTTP/2" 200 8384 "-" "Mozilla/5.0 AppleWebKit/537.36 (KHTML, like Gecko; compatible; ClaudeBot/1.0; +claudebot@anthropic.com)"
216.73.216.24 - - [31/Mar/2026:05:37:26 +0700] "GET /sitemap.xml?fileloc=%2F%2Flib%2Ffirmware%2Fradeon%2FRV730_pfp.bin.xz&path=%2F%2Flib%2Ffirmware%2Fradeon HTTP/2" 200 4048 "-" "Mozilla/5.0 AppleWebKit/537.36 (KHTML, like Gecko; compatible; ClaudeBot/1.0; +claudebot@anthropic.com)"
216.73.216.24 - - [31/Mar/2026:05:37:26 +0700] "GET /whatsapp:/send?fileloc=%2F%2Flib%2Ffirmware%2Fsdca%2F1fa%2F1028%2Fe84%2F4.bin.xz&path=%2F%2Flib%2Ffirmware%2Fsdca%2F1fa%2F1028%2Fe84 HTTP/2" 200 2641 "-" "Mozilla/5.0 AppleWebKit/537.36 (KHTML, like Gecko; compatible; ClaudeBot/1.0; +claudebot@anthropic.com)"
216.73.216.24 - - [31/Mar/2026:05:37:26 +0700] "GET /sitemap.xml?fileloc=%2Fhome%2Flotushomemade.com%2Fnamecard.lotushomemade.com%2Fwp-includes%2Fblocks%2Ftable%2Feditor-rtl.min.css&path=%2Fhome%2Flotushomemade.com%2Fnamecard.lotushomemade.com%2Fwp-includes%2Fblocks%2Ftable HTTP/2" 200 2838 "-" "Mozilla/5.0 AppleWebKit/537.36 (KHTML, like Gecko; compatible; ClaudeBot/1.0; +claudebot@anthropic.com)"
74.7.227.10 - - [31/Mar/2026:05:37:26 +0700] "GET /?fileloc=//usr/bin/mariadb&path=//usr/bin HTTP/2" 200 783331 "https://www.lotushomemade.com/?path=//usr/bin" "Mozilla/5.0 AppleWebKit/537.36 (KHTML, like Gecko; compatible; GPTBot/1.3; +https://openai.com/gptbot)"
216.73.216.24 - - [31/Mar/2026:05:37:26 +0700] "GET /whatsapp:/send?fileloc=%2F%2Fvar%2Fsoftaculous%2Fpurifier%2Finstall.js&path=%2F%2Fvar%2Fsoftaculous%2Fpurifier HTTP/2" 200 2917 "-" "Mozilla/5.0 AppleWebKit/537.36 (KHTML, like Gecko; compatible; ClaudeBot/1.0; +claudebot@anthropic.com)"
57.141.16.72 - - [31/Mar/2026:05:37:26 +0700] "GET /news_sitemap.xml?fileloc=//lib/firmware/rt2870.bin.xz&path=//lib/firmware HTTP/2" 200 17195 "-" "meta-externalagent/1.1 (+https://developers.facebook.com/docs/sharing/webmasters/crawler)"
216.73.216.24 - - [31/Mar/2026:05:37:26 +0700] "GET /product/seaweed-cuttle-fish-l?fileloc=%2F%2Fhome%2Flotushomemade.com%2Fnamecard.lotushomemade.com%2Fwp-includes%2Fcss%2Fwp-pointer.min.css&path=%2F%2Fhome%2Flotushomemade.com%2Fnamecard.lotushomemade.com%2Fwp-includes%2Fcss HTTP/2" 200 3382 "-" "Mozilla/5.0 AppleWebKit/537.36 (KHTML, like Gecko; compatible; ClaudeBot/1.0; +claudebot@anthropic.com)"
57.141.16.91 - - [31/Mar/2026:05:37:26 +0700] "GET /news_sitemap.xml?fileloc=/home/lotushomemade.com/httpdocs/wp-includes/blocks/group/editor-rtl.min.css&path=/home/lotushomemade.com/httpdocs/wp-includes/blocks/group HTTP/2" 200 14079 "-" "meta-externalagent/1.1 (+https://developers.facebook.com/docs/sharing/webmasters/crawler)"
57.141.16.52 - - [31/Mar/2026:05:37:26 +0700] "GET /news_sitemap.xml?path=/home/lotushomemade.com/httpdocs/wp-includes/sodium_compat/src/PHP52 HTTP/2" 200 14813 "-" "meta-externalagent/1.1 (+https://developers.facebook.com/docs/sharing/webmasters/crawler)"
216.73.216.24 - - [31/Mar/2026:05:37:26 +0700] "GET /whatsapp:/bravo?fileloc=%2Fhome%2Flotushomemade.com%2Fhttpdocs%2Fwp-content%2Fuploads%2F2023%2F10%2F1013.png&path=%2Fhome%2Flotushomemade.com%2Fhttpdocs%2Fwp-content%2Fuploads%2F2023%2F10 HTTP/2" 200 747416 "-" "Mozilla/5.0 AppleWebKit/537.36 (KHTML, like Gecko; compatible; ClaudeBot/1.0; +claudebot@anthropic.com)"
216.73.216.24 - - [31/Mar/2026:05:37:26 +0700] "GET /wp-sitemap.xml?fileloc=%2Fhome%2Flotushomemade.com%2Fnamecard.lotushomemade.com%2Fwp-includes%2Fblocks%2Fgroup%2Feditor-rtl.css&path=%2Fhome%2Flotushomemade.com%2Fnamecard.lotushomemade.com%2Fwp-includes%2Fblocks%2Fgroup HTTP/2" 200 2843 "-" "Mozilla/5.0 AppleWebKit/537.36 (KHTML, like Gecko; compatible; ClaudeBot/1.0; +claudebot@anthropic.com)"
216.73.216.24 - - [31/Mar/2026:05:37:27 +0700] "GET /wp-sitemap.xml?fileloc=%2F%2Fvar%2Fsoftaculous%2Fpivotx%2Finstall.js&path=%2F%2Fvar%2Fsoftaculous%2Fpivotx HTTP/2" 200 2907 "-" "Mozilla/5.0 AppleWebKit/537.36 (KHTML, like Gecko; compatible; ClaudeBot/1.0; +claudebot@anthropic.com)"
216.73.216.24 - - [31/Mar/2026:05:37:27 +0700] "GET /product/original-egg-roll-gift-series?fileloc=%2F%2Fvar%2Fsoftaculous%2Focart%2Fphp81%2Fedit.php&path=%2F%2Fvar%2Fsoftaculous%2Focart%2Fphp81 HTTP/2" 200 5910 "-" "Mozilla/5.0 AppleWebKit/537.36 (KHTML, like Gecko; compatible; ClaudeBot/1.0; +claudebot@anthropic.com)"
74.7.227.29 - - [31/Mar/2026:05:37:27 +0700] "GET /wp-sitemap.xml?fileloc=//proc/1354764/root/lib64/xtables/libxt_TEE.so&path=//proc/1354764/root/lib64/xtables HTTP/2" 200 2539 "https://lotushomemade.com/wp-sitemap.xml?path=//proc/1354764/root/lib64/xtables" "Mozilla/5.0 AppleWebKit/537.36 (KHTML, like Gecko; compatible; GPTBot/1.3; +https://openai.com/gptbot)"
216.73.216.24 - - [31/Mar/2026:05:37:27 +0700] "GET /whatsapp:/send?fileloc=%2F%2Fproc%2Fself%2Froot%2Flib%2Ffirmware%2Fueagle-atm%2Fadi930.fw.xz&path=%2F%2Fproc%2Fself%2Froot%2Flib%2Ffirmware%2Fueagle-atm HTTP/2" 200 7920 "-" "Mozilla/5.0 AppleWebKit/537.36 (KHTML, like Gecko; compatible; ClaudeBot/1.0; +claudebot@anthropic.com)"
216.73.216.24 - - [31/Mar/2026:05:37:27 +0700] "GET /sitemap.xml?fileloc=%2F%2Fproc%2Fsys%2Fnet%2Fipv4%2Fconf%2Feno3%2Fdrop_gratuitous_arp&path=%2F%2Fproc%2Fsys%2Fnet%2Fipv4%2Fconf%2Feno3 HTTP/2" 200 2559 "-" "Mozilla/5.0 AppleWebKit/537.36 (KHTML, like Gecko; compatible; ClaudeBot/1.0; +claudebot@anthropic.com)"
216.73.216.24 - - [31/Mar/2026:05:37:27 +0700] "GET /whatsapp:/send?fileloc=%2F%2Fproc%2Fself%2Froot%2Flib%2F.build-id%2Fbf%2Faf2c175a7d426cddc16c31768d0e5bfab30970&path=%2F%2Fproc%2Fself%2Froot%2Flib%2F.build-id%2Fbf HTTP/2" 200 4976 "-" "Mozilla/5.0 AppleWebKit/537.36 (KHTML, like Gecko; compatible; ClaudeBot/1.0; +claudebot@anthropic.com)"
216.73.216.24 - - [31/Mar/2026:05:37:27 +0700] "GET /whatsapp:/send?fileloc=%2F%2Fhome%2Flotushomemade.com%2Fhttpdocs%2Fwp-content%2Fthemes%2Fwoodmart%2Fjs%2Fscripts%2Fwc%2FfiltersArea.min.js&path=%2F%2Fhome%2Flotushomemade.com%2Fhttpdocs%2Fwp-content%2Fthemes%2Fwoodmart%2Fjs%2Fscripts%2Fwc HTTP/2" 200 2934 "-" "Mozilla/5.0 AppleWebKit/537.36 (KHTML, like Gecko; compatible; ClaudeBot/1.0; +claudebot@anthropic.com)"
216.73.216.24 - - [31/Mar/2026:05:37:27 +0700] "GET /whatsapp:/send?fileloc=%2F%2Fvar%2Fsoftaculous%2Fmautic%2Finfo.xml&path=%2F%2Fvar%2Fsoftaculous%2Fmautic HTTP/2" 200 4491 "-" "Mozilla/5.0 AppleWebKit/537.36 (KHTML, like Gecko; compatible; ClaudeBot/1.0; +claudebot@anthropic.com)"
216.73.216.24 - - [31/Mar/2026:05:37:27 +0700] "GET /whatsapp:/bravo?fileloc=%2F%2Flib64%2Flibbrotlienc.so.1&path=%2F%2Flib64 HTTP/2" 200 220537 "-" "Mozilla/5.0 AppleWebKit/537.36 (KHTML, like Gecko; compatible; ClaudeBot/1.0; +claudebot@anthropic.com)"
216.73.216.24 - - [31/Mar/2026:05:37:27 +0700] "GET /wp-sitemap.xml?fileloc=%2F%2Flib%2Fkbd%2Fkeymaps%2Fxkb%2Fdk.map.gz&path=%2F%2Flib%2Fkbd%2Fkeymaps%2Fxkb HTTP/2" 200 6035 "-" "Mozilla/5.0 AppleWebKit/537.36 (KHTML, like Gecko; compatible; ClaudeBot/1.0; +claudebot@anthropic.com)"
74.7.227.29 - - [31/Mar/2026:05:37:27 +0700] "GET /wp-sitemap.xml?fileloc=//lib/firmware/ath11k/QCN9074/hw1.0/Notice.txt.xz&path=//lib/firmware/ath11k/QCN9074/hw1.0 HTTP/2" 200 13394 "https://lotushomemade.com/wp-sitemap.xml?path=//lib/firmware/ath11k/QCN9074/hw1.0" "Mozilla/5.0 AppleWebKit/537.36 (KHTML, like Gecko; compatible; GPTBot/1.3; +https://openai.com/gptbot)"
216.73.216.24 - - [31/Mar/2026:05:37:27 +0700] "GET /whatsapp:/send?fileloc=%2F%2Flib%2Ffirmware%2Fsdca%2F1fa%2F1028%2Fe38%2F3.bin.xz&path=%2F%2Flib%2Ffirmware%2Fsdca%2F1fa%2F1028%2Fe38 HTTP/2" 200 2639 "-" "Mozilla/5.0 AppleWebKit/537.36 (KHTML, like Gecko; compatible; ClaudeBot/1.0; +claudebot@anthropic.com)"
57.141.16.75 - - [31/Mar/2026:05:37:27 +0700] "GET /news_sitemap.xml?fileloc=/home/lotushomemade.com/httpdocs/wp-includes/sodium_compat/src/Compat.php&path=/home/lotushomemade.com/httpdocs/wp-includes/sodium_compat/src HTTP/2" 200 183645 "-" "meta-externalagent/1.1 (+https://developers.facebook.com/docs/sharing/webmasters/crawler)"
216.73.216.24 - - [31/Mar/2026:05:37:27 +0700] "GET /sitemap.xml?fileloc=%2Fhome%2Flotushomemade.com%2Fhttpdocs%2Fwp-content%2Fthemes%2Ftwentytwentythree%2Ftemplates%2Farchive.html&path=%2Fhome%2Flotushomemade.com%2Fhttpdocs%2Fwp-content%2Fthemes%2Ftwentytwentythree%2Ftemplates HTTP/2" 200 3250 "-" "Mozilla/5.0 AppleWebKit/537.36 (KHTML, like Gecko; compatible; ClaudeBot/1.0; +claudebot@anthropic.com)"
216.73.216.24 - - [31/Mar/2026:05:37:28 +0700] "GET /whatsapp:/send?fileloc=%2Fhome%2Flotushomemade.com%2Fnamecard.lotushomemade.com%2Fwp-includes%2Fclass-wp-recovery-mode.php&path=%2Fhome%2Flotushomemade.com%2Fnamecard.lotushomemade.com%2Fwp-includes HTTP/2" 200 5853 "-" "Mozilla/5.0 AppleWebKit/537.36 (KHTML, like Gecko; compatible; ClaudeBot/1.0; +claudebot@anthropic.com)"
74.7.227.10 - - [31/Mar/2026:05:37:28 +0700] "GET /?fileloc=//usr/bin/infocmp&path=//usr/bin HTTP/2" 200 28195 "https://www.lotushomemade.com/?path=//usr/bin" "Mozilla/5.0 AppleWebKit/537.36 (KHTML, like Gecko; compatible; GPTBot/1.3; +https://openai.com/gptbot)"
57.141.16.56 - - [31/Mar/2026:05:37:28 +0700] "GET /news_sitemap.xml?fileloc=/home/lotushomemade.com/httpdocs/wp-includes/blocks/cover/style.css&path=/home/lotushomemade.com/httpdocs/wp-includes/blocks/cover HTTP/2" 200 32330 "-" "meta-externalagent/1.1 (+https://developers.facebook.com/docs/sharing/webmasters/crawler)"
216.73.216.24 - - [31/Mar/2026:05:37:28 +0700] "GET /sitemap.xml?fileloc=%2F%2Fproc%2Fself%2Froot%2Flib%2F.build-id%2Fb9%2F8f39de9bbbbce64a4395154ac3eb38f111d33e&path=%2F%2Fproc%2Fself%2Froot%2Flib%2F.build-id%2Fb9 HTTP/2" 200 5454 "-" "Mozilla/5.0 AppleWebKit/537.36 (KHTML, like Gecko; compatible; ClaudeBot/1.0; +claudebot@anthropic.com)"
216.73.216.24 - - [31/Mar/2026:05:37:28 +0700] "GET /sitemap.xml?fileloc=%2F%2Fhome%2Flotushomemade.com%2Fnamecard.lotushomemade.com%2Fwp-admin%2Fcustom-background.php&path=%2F%2Fhome%2Flotushomemade.com%2Fnamecard.lotushomemade.com%2Fwp-admin HTTP/2" 200 2777 "-" "Mozilla/5.0 AppleWebKit/537.36 (KHTML, like Gecko; compatible; ClaudeBot/1.0; +claudebot@anthropic.com)"
74.7.227.29 - - [31/Mar/2026:05:37:28 +0700] "GET /wp-sitemap.xml?fileloc=//lib/firmware/ath11k/WCN6750/hw1.0/Notice.txt.xz&path=//lib/firmware/ath11k/WCN6750/hw1.0 HTTP/2" 200 16369 "https://lotushomemade.com/wp-sitemap.xml?path=//lib/firmware/ath11k/WCN6750/hw1.0" "Mozilla/5.0 AppleWebKit/537.36 (KHTML, like Gecko; compatible; GPTBot/1.3; +https://openai.com/gptbot)"
216.73.216.24 - - [31/Mar/2026:05:37:28 +0700] "GET /whatsapp:/send?fileloc=%2F%2Fusr%2Flib%2Ffirmware%2Fi915%2Fskl_guc_32.0.3.bin.xz&path=%2F%2Fusr%2Flib%2Ffirmware%2Fi915 HTTP/2" 200 67374 "-" "Mozilla/5.0 AppleWebKit/537.36 (KHTML, like Gecko; compatible; ClaudeBot/1.0; +claudebot@anthropic.com)"
57.141.16.95 - - [31/Mar/2026:05:37:28 +0700] "GET /news_sitemap.xml?path=//lib/udev/hwdb.d HTTP/2" 200 62877 "-" "meta-externalagent/1.1 (+https://developers.facebook.com/docs/sharing/webmasters/crawler)"
216.73.216.24 - - [31/Mar/2026:05:37:28 +0700] "GET /sitemap.xml?fileloc=%2F%2Flib%2Fkbd%2Fconsolefonts%2Fiso06.08.gz&path=%2F%2Flib%2Fkbd%2Fconsolefonts HTTP/2" 200 2634 "-" "Mozilla/5.0 AppleWebKit/537.36 (KHTML, like Gecko; compatible; ClaudeBot/1.0; +claudebot@anthropic.com)"
57.141.16.71 - - [31/Mar/2026:05:37:28 +0700] "GET /news_sitemap.xml?fileloc=/home/lotushomemade.com/httpdocs/wp-includes/rest-api/endpoints/class-wp-rest-widget-types-controller.php&path=/home/lotushomemade.com/httpdocs/wp-includes/rest-api/endpoints HTTP/2" 200 35135 "-" "meta-externalagent/1.1 (+https://developers.facebook.com/docs/sharing/webmasters/crawler)"
216.73.216.24 - - [31/Mar/2026:05:37:28 +0700] "GET /whatsapp:/send?fileloc=%2F%2Flib%2Ffirmware%2Fiwlwifi-so-a0-jf-b0-77.ucode.xz&path=%2F%2Flib%2Ffirmware HTTP/2" 200 409306 "-" "Mozilla/5.0 AppleWebKit/537.36 (KHTML, like Gecko; compatible; ClaudeBot/1.0; +claudebot@anthropic.com)"
57.141.16.44 - - [31/Mar/2026:05:37:28 +0700] "GET /news_sitemap.xml?fileloc=//lib/systemd/systemd-ac-power&path=//lib/systemd HTTP/2" 200 30214 "-" "meta-externalagent/1.1 (+https://developers.facebook.com/docs/sharing/webmasters/crawler)"
216.73.216.24 - - [31/Mar/2026:05:37:28 +0700] "GET /sitemap.xml?fileloc=%2F%2Flib%2Fkbd%2Fconsolefonts%2Fiso01.08.gz&path=%2F%2Flib%2Fkbd%2Fconsolefonts HTTP/2" 200 2641 "-" "Mozilla/5.0 AppleWebKit/537.36 (KHTML, like Gecko; compatible; ClaudeBot/1.0; +claudebot@anthropic.com)"
74.7.227.10 - - [31/Mar/2026:05:37:28 +0700] "GET /?fileloc=//usr/bin/git-shell&path=//usr/bin HTTP/2" 200 353934 "https://www.lotushomemade.com/?path=//usr/bin" "Mozilla/5.0 AppleWebKit/537.36 (KHTML, like Gecko; compatible; GPTBot/1.3; +https://openai.com/gptbot)"
216.73.216.24 - - [31/Mar/2026:05:37:28 +0700] "GET /whatsapp:/send?fileloc=%2F%2Fusr%2Flib%2Ffirmware%2Fnvidia%2Fga102%2Fgsp%2Fbooter_load-535.113.01.bin.xz&path=%2F%2Fusr%2Flib%2Ffirmware%2Fnvidia%2Fga102%2Fgsp HTTP/2" 200 32648 "-" "Mozilla/5.0 AppleWebKit/537.36 (KHTML, like Gecko; compatible; ClaudeBot/1.0; +claudebot@anthropic.com)"
216.73.216.24 - - [31/Mar/2026:05:37:28 +0700] "GET /sitemap.xml?fileloc=%2F%2Fproc%2Fself%2Froot%2Flib%2F.build-id%2Fa7%2F4ae35ecdb77d612dc89e2a1789f3cfe60d57cb&path=%2F%2Fproc%2Fself%2Froot%2Flib%2F.build-id%2Fa7 HTTP/2" 200 22382 "-" "Mozilla/5.0 AppleWebKit/537.36 (KHTML, like Gecko; compatible; ClaudeBot/1.0; +claudebot@anthropic.com)"
57.141.16.26 - - [31/Mar/2026:05:37:28 +0700] "GET /news_sitemap.xml?fileloc=/home/lotushomemade.com/httpdocs/wp-includes/sodium_compat/src/SodiumException.php&path=/home/lotushomemade.com/httpdocs/wp-includes/sodium_compat/src HTTP/2" 200 12864 "-" "meta-externalagent/1.1 (+https://developers.facebook.com/docs/sharing/webmasters/crawler)"
74.7.227.29 - - [31/Mar/2026:05:37:28 +0700] "GET /wp-sitemap.xml?fileloc=//proc/1354764/root/lib64/xtables/libxt_NAT.so&path=//proc/1354764/root/lib64/xtables HTTP/2" 200 2537 "https://lotushomemade.com/wp-sitemap.xml?path=//proc/1354764/root/lib64/xtables" "Mozilla/5.0 AppleWebKit/537.36 (KHTML, like Gecko; compatible; GPTBot/1.3; +https://openai.com/gptbot)"
216.73.216.24 - - [31/Mar/2026:05:37:28 +0700] "GET /sitemap.xml?fileloc=%2F%2Fvar%2Fsoftaculous%2Fcrafty%2Fconfig.php&path=%2F%2Fvar%2Fsoftaculous%2Fcrafty HTTP/2" 200 4177 "-" "Mozilla/5.0 AppleWebKit/537.36 (KHTML, like Gecko; compatible; ClaudeBot/1.0; +claudebot@anthropic.com)"
95.168.190.197 - - [31/Mar/2026:05:37:28 +0700] "GET /robots.txt HTTP/1.1" 200 4163 "-" "Mozilla/5.0 (compatible; ORT/v1.0.0; visit ORTc.me )"
216.73.216.24 - - [31/Mar/2026:05:37:28 +0700] "GET /product/original-egg-roll-gift-series?path=%2Fhome%2Flotushomemade.com%2Fprivate HTTP/2" 200 2905 "-" "Mozilla/5.0 AppleWebKit/537.36 (KHTML, like Gecko; compatible; ClaudeBot/1.0; +claudebot@anthropic.com)"
216.73.216.24 - - [31/Mar/2026:05:37:29 +0700] "GET /whatsapp:/send?fileloc=%2F%2Fproc%2Fself%2Froot%2Flib%2F.build-id%2Fa8%2F1782c067c5736f8a3f78dceff11c2aff9a88d6&path=%2F%2Fproc%2Fself%2Froot%2Flib%2F.build-id%2Fa8 HTTP/2" 200 8282 "-" "Mozilla/5.0 AppleWebKit/537.36 (KHTML, like Gecko; compatible; ClaudeBot/1.0; +claudebot@anthropic.com)"
216.73.216.24 - - [31/Mar/2026:05:37:29 +0700] "GET /product/seaweed-cuttle-fish-l?path=%2F%2Fvar%2Fsoftaculous%2Flibre HTTP/2" 200 3397 "-" "Mozilla/5.0 AppleWebKit/537.36 (KHTML, like Gecko; compatible; ClaudeBot/1.0; +claudebot@anthropic.com)"
74.7.227.10 - - [31/Mar/2026:05:37:29 +0700] "GET /?fileloc=//usr/bin/tzselect&path=//usr/bin HTTP/2" 200 8906 "https://www.lotushomemade.com/?path=//usr/bin" "Mozilla/5.0 AppleWebKit/537.36 (KHTML, like Gecko; compatible; GPTBot/1.3; +https://openai.com/gptbot)"
216.73.216.24 - - [31/Mar/2026:05:37:29 +0700] "GET /whatsapp:/bravo?fileloc=%2Fhome%2Flotushomemade.com%2Fhttpdocs%2Fwp-content%2Fuploads%2F2023%2F10%2F3013.png&path=%2Fhome%2Flotushomemade.com%2Fhttpdocs%2Fwp-content%2Fuploads%2F2023%2F10 HTTP/2" 200 932936 "-" "Mozilla/5.0 AppleWebKit/537.36 (KHTML, like Gecko; compatible; ClaudeBot/1.0; +claudebot@anthropic.com)"
216.73.216.24 - - [31/Mar/2026:05:37:29 +0700] "GET /whatsapp:/send?fileloc=%2F%2Fproc%2Fthread-self%2Froot%2Fvar%2Fsoftaculous%2Fglpi%2Fimages%2Flogo.gif&path=%2F%2Fproc%2Fthread-self%2Froot%2Fvar%2Fsoftaculous%2Fglpi%2Fimages HTTP/2" 200 5812 "-" "Mozilla/5.0 AppleWebKit/537.36 (KHTML, like Gecko; compatible; ClaudeBot/1.0; +claudebot@anthropic.com)"
74.7.227.29 - - [31/Mar/2026:05:37:29 +0700] "GET /wp-sitemap.xml?fileloc=//proc/1354764/root/lib64/xtables/libxt_TRACE.so&path=//proc/1354764/root/lib64/xtables HTTP/2" 200 2542 "https://lotushomemade.com/wp-sitemap.xml?path=//proc/1354764/root/lib64/xtables" "Mozilla/5.0 AppleWebKit/537.36 (KHTML, like Gecko; compatible; GPTBot/1.3; +https://openai.com/gptbot)"
216.73.216.24 - - [31/Mar/2026:05:37:29 +0700] "GET /sitemap.xml?fileloc=%2F%2Fusr%2Flib%2Ffirmware%2Fnvidia%2Ftu106%2Fgsp%2Fbootloader-570.144.bin.xz&path=%2F%2Fusr%2Flib%2Ffirmware%2Fnvidia%2Ftu106%2Fgsp HTTP/2" 200 3500 "-" "Mozilla/5.0 AppleWebKit/537.36 (KHTML, like Gecko; compatible; ClaudeBot/1.0; +claudebot@anthropic.com)"
216.73.216.24 - - [31/Mar/2026:05:37:29 +0700] "GET /sitemap.xml?fileloc=%2F%2Fvar%2Fsoftaculous%2Fwhmcs89%2Fupgrade.php&path=%2F%2Fvar%2Fsoftaculous%2Fwhmcs89 HTTP/2" 200 7668 "-" "Mozilla/5.0 AppleWebKit/537.36 (KHTML, like Gecko; compatible; ClaudeBot/1.0; +claudebot@anthropic.com)"
216.73.216.24 - - [31/Mar/2026:05:37:29 +0700] "GET /sitemap.xml?fileloc=%2F%2Fproc%2Fsys%2Fnet%2Fipv4%2Fconf%2Feno3%2Fsend_redirects&path=%2F%2Fproc%2Fsys%2Fnet%2Fipv4%2Fconf%2Feno3 HTTP/2" 200 2551 "-" "Mozilla/5.0 AppleWebKit/537.36 (KHTML, like Gecko; compatible; ClaudeBot/1.0; +claudebot@anthropic.com)"
57.141.16.88 - - [31/Mar/2026:05:37:29 +0700] "GET /news_sitemap.xml?fileloc=/home/lotushomemade.com/httpdocs/wp-includes/sodium_compat/src/Crypto.php&path=/home/lotushomemade.com/httpdocs/wp-includes/sodium_compat/src HTTP/2" 200 68888 "-" "meta-externalagent/1.1 (+https://developers.facebook.com/docs/sharing/webmasters/crawler)"
74.7.227.10 - - [31/Mar/2026:05:37:29 +0700] "GET /?fileloc=//usr/bin/fc-scan&path=//usr/bin HTTP/2" 200 6771 "https://www.lotushomemade.com/?path=//usr/bin" "Mozilla/5.0 AppleWebKit/537.36 (KHTML, like Gecko; compatible; GPTBot/1.3; +https://openai.com/gptbot)"
216.73.216.24 - - [31/Mar/2026:05:37:29 +0700] "GET /whatsapp:/bravo?fileloc=%2F%2Flib64%2Flibirs-9.16.23-RH.so&path=%2F%2Flib64 HTTP/2" 200 19084 "-" "Mozilla/5.0 AppleWebKit/537.36 (KHTML, like Gecko; compatible; ClaudeBot/1.0; +claudebot@anthropic.com)"
216.73.216.24 - - [31/Mar/2026:05:37:29 +0700] "GET /whatsapp:/send?fileloc=%2F%2Fvar%2Fsoftaculous%2Felgg3%2Finfo.xml&path=%2F%2Fvar%2Fsoftaculous%2Felgg3 HTTP/2" 200 3645 "-" "Mozilla/5.0 AppleWebKit/537.36 (KHTML, like Gecko; compatible; ClaudeBot/1.0; +claudebot@anthropic.com)"
216.73.216.24 - - [31/Mar/2026:05:37:29 +0700] "GET /wp-sitemap.xml?fileloc=%2F%2Fvar%2Fsoftaculous%2Fplikli%2Finstall.js&path=%2F%2Fvar%2Fsoftaculous%2Fplikli HTTP/2" 200 2907 "-" "Mozilla/5.0 AppleWebKit/537.36 (KHTML, like Gecko; compatible; ClaudeBot/1.0; +claudebot@anthropic.com)"
74.7.227.29 - - [31/Mar/2026:05:37:29 +0700] "GET /wp-sitemap.xml?fileloc=//proc/1354764/root/lib64/xtables/libxt_LED.so&path=//proc/1354764/root/lib64/xtables HTTP/2" 200 2537 "https://lotushomemade.com/wp-sitemap.xml?path=//proc/1354764/root/lib64/xtables" "Mozilla/5.0 AppleWebKit/537.36 (KHTML, like Gecko; compatible; GPTBot/1.3; +https://openai.com/gptbot)"
57.141.16.22 - - [31/Mar/2026:05:37:29 +0700] "GET /news_sitemap.xml?fileloc=/home/lotushomemade.com/httpdocs/wp-includes/sodium_compat/src/Crypto32.php&path=/home/lotushomemade.com/httpdocs/wp-includes/sodium_compat/src HTTP/2" 200 69045 "-" "meta-externalagent/1.1 (+https://developers.facebook.com/docs/sharing/webmasters/crawler)"
216.73.216.24 - - [31/Mar/2026:05:37:29 +0700] "GET /whatsapp:/send?fileloc=%2F%2Fusr%2Fshare%2Fzoneinfo%2FAmerica%2FKentucky%2FMonticello&path=%2F%2Fusr%2Fshare%2Fzoneinfo%2FAmerica%2FKentucky HTTP/2" 200 3852 "-" "Mozilla/5.0 AppleWebKit/537.36 (KHTML, like Gecko; compatible; ClaudeBot/1.0; +claudebot@anthropic.com)"
57.141.16.67 - - [31/Mar/2026:05:37:30 +0700] "GET /news_sitemap.xml?path=/home/lotushomemade.com/httpdocs/wp-includes/sodium_compat/src/Core32 HTTP/2" 200 44052 "-" "meta-externalagent/1.1 (+https://developers.facebook.com/docs/sharing/webmasters/crawler)"
216.73.216.24 - - [31/Mar/2026:05:37:30 +0700] "GET /whatsapp:/send?fileloc=%2F%2Fproc%2Fself%2Froot%2Flib%2F.build-id%2Fef%2F931df4f58a0dfbe676b9614f3943ede38df501&path=%2F%2Fproc%2Fself%2Froot%2Flib%2F.build-id%2Fef HTTP/2" 200 17870 "-" "Mozilla/5.0 AppleWebKit/537.36 (KHTML, like Gecko; compatible; ClaudeBot/1.0; +claudebot@anthropic.com)"
216.73.216.24 - - [31/Mar/2026:05:37:30 +0700] "GET /sitemap.xml?fileloc=%2F%2Fusr%2Fshare%2Flocale%2Fka%2FLC_MESSAGES%2Ffirewalld.mo&path=%2F%2Fusr%2Fshare%2Flocale%2Fka%2FLC_MESSAGES HTTP/2" 200 14263 "-" "Mozilla/5.0 AppleWebKit/537.36 (KHTML, like Gecko; compatible; ClaudeBot/1.0; +claudebot@anthropic.com)"
74.7.227.10 - - [31/Mar/2026:05:37:30 +0700] "GET /?fileloc=//usr/bin/zipnote&path=//usr/bin HTTP/2" 200 30489 "https://www.lotushomemade.com/?path=//usr/bin" "Mozilla/5.0 AppleWebKit/537.36 (KHTML, like Gecko; compatible; GPTBot/1.3; +https://openai.com/gptbot)"
216.73.216.24 - - [31/Mar/2026:05:37:30 +0700] "GET /wp-sitemap.xml?fileloc=%2F%2Flib%2Ffirmware%2Fqcom%2Fqdu100%2Fefs3.bin.xz&path=%2F%2Flib%2Ffirmware%2Fqcom%2Fqdu100 HTTP/2" 200 2680 "-" "Mozilla/5.0 AppleWebKit/537.36 (KHTML, like Gecko; compatible; ClaudeBot/1.0; +claudebot@anthropic.com)"
216.73.216.24 - - [31/Mar/2026:05:37:30 +0700] "GET /sitemap.xml?fileloc=%2F%2Flib%2Fdracut%2Fmodules.d%2F10i18n%2FREADME&path=%2F%2Flib%2Fdracut%2Fmodules.d%2F10i18n HTTP/2" 200 4365 "-" "Mozilla/5.0 AppleWebKit/537.36 (KHTML, like Gecko; compatible; ClaudeBot/1.0; +claudebot@anthropic.com)"
216.73.216.24 - - [31/Mar/2026:05:37:30 +0700] "GET /whatsapp:/bravo?fileloc=%2Fhome%2Flotushomemade.com%2Fhttpdocs%2Fwp-content%2Fmaintenance%2Fassets%2Ffonts%2Fopen-sans-regular.woff2&path=%2Fhome%2Flotushomemade.com%2Fhttpdocs%2Fwp-content%2Fmaintenance%2Fassets%2Ffonts HTTP/2" 200 56268 "-" "Mozilla/5.0 AppleWebKit/537.36 (KHTML, like Gecko; compatible; ClaudeBot/1.0; +claudebot@anthropic.com)"
74.7.227.29 - - [31/Mar/2026:05:37:30 +0700] "GET /wp-sitemap.xml?fileloc=//proc/1354764/root/lib64/xtables/libxt_MARK.so&path=//proc/1354764/root/lib64/xtables HTTP/2" 200 2540 "https://lotushomemade.com/wp-sitemap.xml?path=//proc/1354764/root/lib64/xtables" "Mozilla/5.0 AppleWebKit/537.36 (KHTML, like Gecko; compatible; GPTBot/1.3; +https://openai.com/gptbot)"
216.73.216.24 - - [31/Mar/2026:05:37:30 +0700] "GET /sitemap.xml?fileloc=%2F%2Flib64%2Flibgpgme.so.11.24.1&path=%2F%2Flib64 HTTP/2" 200 143780 "-" "Mozilla/5.0 AppleWebKit/537.36 (KHTML, like Gecko; compatible; ClaudeBot/1.0; +claudebot@anthropic.com)"
216.73.216.24 - - [31/Mar/2026:05:37:30 +0700] "GET /wp-sitemap.xml?fileloc=%2F%2Fvar%2Fsoftaculous%2Fegroup%2Finstall.php&path=%2F%2Fvar%2Fsoftaculous%2Fegroup HTTP/2" 200 7090 "-" "Mozilla/5.0 AppleWebKit/537.36 (KHTML, like Gecko; compatible; ClaudeBot/1.0; +claudebot@anthropic.com)"
216.73.216.24 - - [31/Mar/2026:05:37:30 +0700] "GET /wp-sitemap.xml?fileloc=%2Fhome%2Flotushomemade.com%2Fnamecard.lotushomemade.com%2Fwp-includes%2Fblocks%2Ftable%2Feditor-rtl.min.css&path=%2Fhome%2Flotushomemade.com%2Fnamecard.lotushomemade.com%2Fwp-includes%2Fblocks%2Ftable HTTP/2" 200 2882 "-" "Mozilla/5.0 AppleWebKit/537.36 (KHTML, like Gecko; compatible; ClaudeBot/1.0; +claudebot@anthropic.com)"
74.7.227.10 - - [31/Mar/2026:05:37:30 +0700] "GET /?fileloc=//usr/bin/readelf&path=//usr/bin HTTP/2" 200 243764 "https://www.lotushomemade.com/?path=//usr/bin" "Mozilla/5.0 AppleWebKit/537.36 (KHTML, like Gecko; compatible; GPTBot/1.3; +https://openai.com/gptbot)"
57.141.16.38 - - [31/Mar/2026:05:37:30 +0700] "GET /news_sitemap.xml?path=//lib/tuned/powersave HTTP/2" 200 15652 "-" "meta-externalagent/1.1 (+https://developers.facebook.com/docs/sharing/webmasters/crawler)"
216.73.216.24 - - [31/Mar/2026:05:37:30 +0700] "GET /whatsapp:/send?fileloc=%2F%2Fproc%2Fself%2Froot%2Flib%2F.build-id%2F15%2F33aa1ee4d3c3de852b5b3fbdcbfaaad72c377f&path=%2F%2Fproc%2Fself%2Froot%2Flib%2F.build-id%2F15 HTTP/2" 200 22259 "-" "Mozilla/5.0 AppleWebKit/537.36 (KHTML, like Gecko; compatible; ClaudeBot/1.0; +claudebot@anthropic.com)"
216.73.216.24 - - [31/Mar/2026:05:37:30 +0700] "GET /whatsapp:/send?fileloc=%2F%2Fproc%2Fself%2Froot%2Flib%2Fdracut%2Fmodules.d%2F80lvmmerge%2Flvmmerge.sh&path=%2F%2Fproc%2Fself%2Froot%2Flib%2Fdracut%2Fmodules.d%2F80lvmmerge HTTP/2" 200 3586 "-" "Mozilla/5.0 AppleWebKit/537.36 (KHTML, like Gecko; compatible; ClaudeBot/1.0; +claudebot@anthropic.com)"
216.73.216.24 - - [31/Mar/2026:05:37:30 +0700] "GET /wp-sitemap.xml?fileloc=%2F%2Fusr%2Flib%2Ffirmware%2Fi915%2Fxe3lpd_3002_dmc.bin.xz&path=%2F%2Fusr%2Flib%2Ffirmware%2Fi915 HTTP/2" 200 11551 "-" "Mozilla/5.0 AppleWebKit/537.36 (KHTML, like Gecko; compatible; ClaudeBot/1.0; +claudebot@anthropic.com)"
74.7.227.29 - - [31/Mar/2026:05:37:31 +0700] "GET /wp-sitemap.xml?fileloc=//proc/1354764/root/lib64/xtables/libxt_TOS.so&path=//proc/1354764/root/lib64/xtables HTTP/2" 200 2537 "https://lotushomemade.com/wp-sitemap.xml?path=//proc/1354764/root/lib64/xtables" "Mozilla/5.0 AppleWebKit/537.36 (KHTML, like Gecko; compatible; GPTBot/1.3; +https://openai.com/gptbot)"
216.73.216.24 - - [31/Mar/2026:05:37:31 +0700] "GET /whatsapp:/send?fileloc=%2F%2Fproc%2Fself%2Froot%2Flib%2F.build-id%2Fc2%2Fdab6c7640255d8793ac70e970ee164be20b31d&path=%2F%2Fproc%2Fself%2Froot%2Flib%2F.build-id%2Fc2 HTTP/2" 200 84834 "-" "Mozilla/5.0 AppleWebKit/537.36 (KHTML, like Gecko; compatible; ClaudeBot/1.0; +claudebot@anthropic.com)"
57.141.16.36 - - [31/Mar/2026:05:37:31 +0700] "GET /news_sitemap.xml?fileloc=/home/lotushomemade.com/httpdocs/wp-includes/blocks/embed/editor.css&path=/home/lotushomemade.com/httpdocs/wp-includes/blocks/embed HTTP/2" 200 13458 "-" "meta-externalagent/1.1 (+https://developers.facebook.com/docs/sharing/webmasters/crawler)"
216.73.216.24 - - [31/Mar/2026:05:37:31 +0700] "GET /wp-sitemap.xml?fileloc=%2F%2Fopt%2Fimunify360%2Fvenv%2Flib%2Fpython3.11%2Fsite-packages%2Fpyasn1-0.6.1.dist-info%2Fzip-safe&path=%2F%2Fopt%2Fimunify360%2Fvenv%2Flib%2Fpython3.11%2Fsite-packages%2Fpyasn1-0.6.1.dist-info HTTP/2" 200 2585 "-" "Mozilla/5.0 AppleWebKit/537.36 (KHTML, like Gecko; compatible; ClaudeBot/1.0; +claudebot@anthropic.com)"
216.73.216.24 - - [31/Mar/2026:05:37:31 +0700] "GET /whatsapp:/send?fileloc=%2F%2Fproc%2Fself%2Froot%2Flib%2F.build-id%2Fe6%2F640ccd5c2a3fec481099b1bc862fba499ef13a&path=%2F%2Fproc%2Fself%2Froot%2Flib%2F.build-id%2Fe6 HTTP/2" 200 9963 "-" "Mozilla/5.0 AppleWebKit/537.36 (KHTML, like Gecko; compatible; ClaudeBot/1.0; +claudebot@anthropic.com)"
216.73.216.24 - - [31/Mar/2026:05:37:31 +0700] "GET /whatsapp:/send?fileloc=%2F%2Fproc%2Fself%2Froot%2Fopt%2Falt%2Flibicu71%2Fusr%2Flib64%2Flibicutu.so.71.1&path=%2F%2Fproc%2Fself%2Froot%2Fopt%2Falt%2Flibicu71%2Fusr%2Flib64 HTTP/2" 200 88531 "-" "Mozilla/5.0 AppleWebKit/537.36 (KHTML, like Gecko; compatible; ClaudeBot/1.0; +claudebot@anthropic.com)"
57.141.16.92 - - [31/Mar/2026:05:37:31 +0700] "GET /news_sitemap.xml?fileloc=/home/lotushomemade.com/httpdocs/wp-includes/sodium_compat/lib/stream-xchacha20.php&path=/home/lotushomemade.com/httpdocs/wp-includes/sodium_compat/lib HTTP/2" 200 14812 "-" "meta-externalagent/1.1 (+https://developers.facebook.com/docs/sharing/webmasters/crawler)"
216.73.216.24 - - [31/Mar/2026:05:37:31 +0700] "GET /sitemap.xml?fileloc=%2F%2Fusr%2Fshare%2Flocale%2Fbn%2FLC_MESSAGES%2Fdnf.mo&path=%2F%2Fusr%2Fshare%2Flocale%2Fbn%2FLC_MESSAGES HTTP/2" 200 2807 "-" "Mozilla/5.0 AppleWebKit/537.36 (KHTML, like Gecko; compatible; ClaudeBot/1.0; +claudebot@anthropic.com)"
57.141.16.83 - - [31/Mar/2026:05:37:31 +0700] "GET /news_sitemap.xml?fileloc=/home/lotushomemade.com/httpdocs/wp-includes/sodium_compat/namespaced/Crypto.php&path=/home/lotushomemade.com/httpdocs/wp-includes/sodium_compat/namespaced HTTP/2" 200 12794 "-" "meta-externalagent/1.1 (+https://developers.facebook.com/docs/sharing/webmasters/crawler)"
74.7.227.29 - - [31/Mar/2026:05:37:31 +0700] "GET /wp-sitemap.xml?fileloc=//lib/firmware/ath11k/QCA2066/hw2.1/m3.bin.xz&path=//lib/firmware/ath11k/QCA2066/hw2.1 HTTP/2" 200 96319 "https://lotushomemade.com/wp-sitemap.xml?path=//lib/firmware/ath11k/QCA2066/hw2.1" "Mozilla/5.0 AppleWebKit/537.36 (KHTML, like Gecko; compatible; GPTBot/1.3; +https://openai.com/gptbot)"
216.73.216.24 - - [31/Mar/2026:05:37:31 +0700] "GET /whatsapp:/send?fileloc=%2F%2Fhome%2Flotushomemade.com%2Fhttpdocs%2Fwp-content%2Fthemes%2Fwoodmart%2Fjs%2Fscripts%2Fwc%2FproductsTabs.min.js&path=%2F%2Fhome%2Flotushomemade.com%2Fhttpdocs%2Fwp-content%2Fthemes%2Fwoodmart%2Fjs%2Fscripts%2Fwc HTTP/2" 200 3245 "-" "Mozilla/5.0 AppleWebKit/537.36 (KHTML, like Gecko; compatible; ClaudeBot/1.0; +claudebot@anthropic.com)"
57.141.16.22 - - [31/Mar/2026:05:37:31 +0700] "GET /news_sitemap.xml?fileloc=/home/lotushomemade.com/httpdocs/wp-includes/blocks/cover/editor.min.css&path=/home/lotushomemade.com/httpdocs/wp-includes/blocks/cover HTTP/2" 200 14414 "-" "meta-externalagent/1.1 (+https://developers.facebook.com/docs/sharing/webmasters/crawler)"
74.7.227.10 - - [31/Mar/2026:05:37:31 +0700] "GET /?fileloc=//usr/bin/cldetect&path=//usr/bin HTTP/2" 200 5037 "https://www.lotushomemade.com/?path=//usr/bin" "Mozilla/5.0 AppleWebKit/537.36 (KHTML, like Gecko; compatible; GPTBot/1.3; +https://openai.com/gptbot)"
57.141.16.15 - - [31/Mar/2026:05:37:31 +0700] "GET /news_sitemap.xml?fileloc=//lib/kdump/kdump-logger.sh&path=//lib/kdump HTTP/2" 200 23308 "-" "meta-externalagent/1.1 (+https://developers.facebook.com/docs/sharing/webmasters/crawler)"
216.73.216.24 - - [31/Mar/2026:05:37:31 +0700] "GET /sitemap.xml?fileloc=%2F%2Fusr%2Fshare%2Fman%2Fsr%2Fman1%2Fwhatis.1.gz&path=%2F%2Fusr%2Fshare%2Fman%2Fsr%2Fman1 HTTP/2" 200 5928 "-" "Mozilla/5.0 AppleWebKit/537.36 (KHTML, like Gecko; compatible; ClaudeBot/1.0; +claudebot@anthropic.com)"
216.73.216.24 - - [31/Mar/2026:05:37:31 +0700] "GET /sitemap.xml?fileloc=%2F%2Flib%2Ffirmware%2Fxe%2Fptl_huc.bin.xz&path=%2F%2Flib%2Ffirmware%2Fxe HTTP/2" 200 143881 "-" "Mozilla/5.0 AppleWebKit/537.36 (KHTML, like Gecko; compatible; ClaudeBot/1.0; +claudebot@anthropic.com)"
216.73.216.24 - - [31/Mar/2026:05:37:31 +0700] "GET /sitemap.xml?fileloc=%2F%2Fvar%2Fsoftaculous%2Fstripe%2Ferror-500.html&path=%2F%2Fvar%2Fsoftaculous%2Fstripe HTTP/2" 200 4137 "-" "Mozilla/5.0 AppleWebKit/537.36 (KHTML, like Gecko; compatible; ClaudeBot/1.0; +claudebot@anthropic.com)"
216.73.216.24 - - [31/Mar/2026:05:37:31 +0700] "GET /wp-sitemap.xml?fileloc=%2F%2Fusr%2Flib%2Ffirmware%2Fti-connectivity%2FTIInit_7.2.31.bts.xz&path=%2F%2Fusr%2Flib%2Ffirmware%2Fti-connectivity HTTP/2" 200 27201 "-" "Mozilla/5.0 AppleWebKit/537.36 (KHTML, like Gecko; compatible; ClaudeBot/1.0; +claudebot@anthropic.com)"
216.73.216.24 - - [31/Mar/2026:05:37:31 +0700] "GET /whatsapp:/send?fileloc=%2F%2Fvar%2Fsoftaculous%2Fmoodle%2Fmd5&path=%2F%2Fvar%2Fsoftaculous%2Fmoodle HTTP/2" 200 5125 "-" "Mozilla/5.0 AppleWebKit/537.36 (KHTML, like Gecko; compatible; ClaudeBot/1.0; +claudebot@anthropic.com)"
74.7.227.10 - - [31/Mar/2026:05:37:32 +0700] "GET /?fileloc=//usr/bin/unzipsfx&path=//usr/bin HTTP/2" 200 40877 "https://www.lotushomemade.com/?path=//usr/bin" "Mozilla/5.0 AppleWebKit/537.36 (KHTML, like Gecko; compatible; GPTBot/1.3; +https://openai.com/gptbot)"
216.73.216.24 - - [31/Mar/2026:05:37:32 +0700] "GET /whatsapp:/send?fileloc=%2F%2Fvar%2Fsoftaculous%2Fkanboard%2Finstall.js&path=%2F%2Fvar%2Fsoftaculous%2Fkanboard HTTP/2" 200 2916 "-" "Mozilla/5.0 AppleWebKit/537.36 (KHTML, like Gecko; compatible; ClaudeBot/1.0; +claudebot@anthropic.com)"
216.73.216.24 - - [31/Mar/2026:05:37:32 +0700] "GET /whatsapp:/send?fileloc=%2F%2Fproc%2Fself%2Froot%2Flib%2Flocale%2Fen_AU%2FLC_NUMERIC&path=%2F%2Fproc%2Fself%2Froot%2Flib%2Flocale%2Fen_AU HTTP/2" 200 2605 "-" "Mozilla/5.0 AppleWebKit/537.36 (KHTML, like Gecko; compatible; ClaudeBot/1.0; +claudebot@anthropic.com)"
216.73.216.24 - - [31/Mar/2026:05:37:32 +0700] "GET /whatsapp:/send?fileloc=%2F%2Fetc%2Fpki%2Fca-trust%2Fextracted%2Fpem%2Fobjsign-ca-bundle.pem&path=%2F%2Fetc%2Fpki%2Fca-trust%2Fextracted%2Fpem HTTP/2" 200 289820 "-" "Mozilla/5.0 AppleWebKit/537.36 (KHTML, like Gecko; compatible; ClaudeBot/1.0; +claudebot@anthropic.com)"
216.73.216.24 - - [31/Mar/2026:05:37:32 +0700] "GET /sitemap.xml?fileloc=%2F%2Fproc%2Fself%2Froot%2Flib%2F.build-id%2F4d%2Fee5019aefb42e741397c4bd0a0ce30ebd0ee13&path=%2F%2Fproc%2Fself%2Froot%2Flib%2F.build-id%2F4d HTTP/2" 200 577718 "-" "Mozilla/5.0 AppleWebKit/537.36 (KHTML, like Gecko; compatible; ClaudeBot/1.0; +claudebot@anthropic.com)"
216.73.216.24 - - [31/Mar/2026:05:37:32 +0700] "GET /sitemap.xml?fileloc=%2F%2Fproc%2Fself%2Froot%2Flib%2F.build-id%2Fb9%2F0a39238970ed0a91f7d2799e508e3efda4b4e9&path=%2F%2Fproc%2Fself%2Froot%2Flib%2F.build-id%2Fb9 HTTP/2" 200 12868 "-" "Mozilla/5.0 AppleWebKit/537.36 (KHTML, like Gecko; compatible; ClaudeBot/1.0; +claudebot@anthropic.com)"
216.73.216.24 - - [31/Mar/2026:05:37:32 +0700] "GET /sitemap.xml?fileloc=%2F%2Flib64%2Flibpolkit-agent-1.so.0&path=%2F%2Flib64 HTTP/2" 200 17554 "-" "Mozilla/5.0 AppleWebKit/537.36 (KHTML, like Gecko; compatible; ClaudeBot/1.0; +claudebot@anthropic.com)"
74.7.227.29 - - [31/Mar/2026:05:37:32 +0700] "GET /wp-sitemap.xml?fileloc=//proc/1354764/root/lib64/xtables/libipt_ECN.so&path=//proc/1354764/root/lib64/xtables HTTP/2" 200 2539 "https://lotushomemade.com/wp-sitemap.xml?path=//proc/1354764/root/lib64/xtables" "Mozilla/5.0 AppleWebKit/537.36 (KHTML, like Gecko; compatible; GPTBot/1.3; +https://openai.com/gptbot)"
74.7.227.10 - - [31/Mar/2026:05:37:32 +0700] "GET /?fileloc=//usr/bin/xsltproc&path=//usr/bin HTTP/2" 200 12046 "https://www.lotushomemade.com/?path=//usr/bin" "Mozilla/5.0 AppleWebKit/537.36 (KHTML, like Gecko; compatible; GPTBot/1.3; +https://openai.com/gptbot)"
216.73.216.24 - - [31/Mar/2026:05:37:32 +0700] "GET /whatsapp:/send?fileloc=%2F%2Fproc%2Fself%2Froot%2Flib%2F.build-id%2Ff3%2Fbfaf33b1240b09b5e7845aeb34535f2b79f408&path=%2F%2Fproc%2Fself%2Froot%2Flib%2F.build-id%2Ff3 HTTP/2" 200 38729 "-" "Mozilla/5.0 AppleWebKit/537.36 (KHTML, like Gecko; compatible; ClaudeBot/1.0; +claudebot@anthropic.com)"
216.73.216.24 - - [31/Mar/2026:05:37:32 +0700] "GET /sitemap.xml?fileloc=%2Fhome%2Flotushomemade.com%2Fnamecard.lotushomemade.com%2Fwp-includes%2Fjs%2Fjquery%2Fui%2Fspinner.js&path=%2Fhome%2Flotushomemade.com%2Fnamecard.lotushomemade.com%2Fwp-includes%2Fjs%2Fjquery%2Fui HTTP/2" 200 7233 "-" "Mozilla/5.0 AppleWebKit/537.36 (KHTML, like Gecko; compatible; ClaudeBot/1.0; +claudebot@anthropic.com)"
216.73.216.24 - - [31/Mar/2026:05:37:32 +0700] "GET /sitemap.xml?fileloc=%2F%2Fvar%2Fsoftaculous%2Fpresta178%2Ffileindex.php&path=%2F%2Fvar%2Fsoftaculous%2Fpresta178 HTTP/2" 200 2732 "-" "Mozilla/5.0 AppleWebKit/537.36 (KHTML, like Gecko; compatible; ClaudeBot/1.0; +claudebot@anthropic.com)"
216.73.216.24 - - [31/Mar/2026:05:37:32 +0700] "GET /whatsapp:/send?fileloc=%2F%2Flib64%2Fsamba%2Flibkrb5samba-private-samba.so&path=%2F%2Flib64%2Fsamba HTTP/2" 200 23000 "-" "Mozilla/5.0 AppleWebKit/537.36 (KHTML, like Gecko; compatible; ClaudeBot/1.0; +claudebot@anthropic.com)"
216.73.216.24 - - [31/Mar/2026:05:37:32 +0700] "GET /whatsapp:/send?fileloc=%2F%2Fproc%2Fsys%2Fnet%2Fipv4%2Fneigh%2Feno4%2Fproxy_qlen&path=%2F%2Fproc%2Fsys%2Fnet%2Fipv4%2Fneigh%2Feno4 HTTP/2" 200 2547 "-" "Mozilla/5.0 AppleWebKit/537.36 (KHTML, like Gecko; compatible; ClaudeBot/1.0; +claudebot@anthropic.com)"
216.73.216.24 - - [31/Mar/2026:05:37:33 +0700] "GET /whatsapp:/send?fileloc=%2F%2Flib%2Ffirmware%2Fueagle-atm%2FDSPei.bin.xz&path=%2F%2Flib%2Ffirmware%2Fueagle-atm HTTP/2" 200 124827 "-" "Mozilla/5.0 AppleWebKit/537.36 (KHTML, like Gecko; compatible; ClaudeBot/1.0; +claudebot@anthropic.com)"
74.7.227.29 - - [31/Mar/2026:05:37:33 +0700] "GET /wp-sitemap.xml?fileloc=//proc/1354764/root/lib64/xtables/libxt_LOG.so&path=//proc/1354764/root/lib64/xtables HTTP/2" 200 2537 "https://lotushomemade.com/wp-sitemap.xml?path=//proc/1354764/root/lib64/xtables" "Mozilla/5.0 AppleWebKit/537.36 (KHTML, like Gecko; compatible; GPTBot/1.3; +https://openai.com/gptbot)"
57.141.16.60 - - [31/Mar/2026:05:37:33 +0700] "GET /news_sitemap.xml?fileloc=/home/lotushomemade.com/httpdocs/wp-includes/sodium_compat/namespaced/File.php&path=/home/lotushomemade.com/httpdocs/wp-includes/sodium_compat/namespaced HTTP/2" 200 12788 "-" "meta-externalagent/1.1 (+https://developers.facebook.com/docs/sharing/webmasters/crawler)"
74.7.227.10 - - [31/Mar/2026:05:37:33 +0700] "GET /?fileloc=//usr/bin/perldoc&path=//usr/bin HTTP/2" 200 2599 "https://www.lotushomemade.com/?path=//usr/bin" "Mozilla/5.0 AppleWebKit/537.36 (KHTML, like Gecko; compatible; GPTBot/1.3; +https://openai.com/gptbot)"
57.141.16.75 - - [31/Mar/2026:05:37:33 +0700] "GET /news_sitemap.xml?fileloc=/home/lotushomemade.com/httpdocs/wp-includes/sodium_compat/lib/constants.php&path=/home/lotushomemade.com/httpdocs/wp-includes/sodium_compat/lib HTTP/2" 200 16861 "-" "meta-externalagent/1.1 (+https://developers.facebook.com/docs/sharing/webmasters/crawler)"
216.73.216.24 - - [31/Mar/2026:05:37:33 +0700] "GET /sitemap.xml?fileloc=%2F%2Fusr%2Fshare%2Flocale%2Fta%2FLC_MESSAGES%2Flibuser.mo&path=%2F%2Fusr%2Fshare%2Flocale%2Fta%2FLC_MESSAGES HTTP/2" 200 9792 "-" "Mozilla/5.0 AppleWebKit/537.36 (KHTML, like Gecko; compatible; ClaudeBot/1.0; +claudebot@anthropic.com)"
216.73.216.24 - - [31/Mar/2026:05:37:33 +0700] "GET /sitemap.xml?fileloc=%2F%2Fproc%2Fself%2Froot%2Flib%2Flocale%2Fen_IN%2FLC_MONETARY&path=%2F%2Fproc%2Fself%2Froot%2Flib%2Flocale%2Fen_IN HTTP/2" 200 2686 "-" "Mozilla/5.0 AppleWebKit/537.36 (KHTML, like Gecko; compatible; ClaudeBot/1.0; +claudebot@anthropic.com)"
57.141.16.100 - - [31/Mar/2026:05:37:33 +0700] "GET /news_sitemap.xml?fileloc=/home/lotushomemade.com/httpdocs/wp-includes/sodium_compat/lib/php84compat.php&path=/home/lotushomemade.com/httpdocs/wp-includes/sodium_compat/lib HTTP/2" 200 16526 "-" "meta-externalagent/1.1 (+https://developers.facebook.com/docs/sharing/webmasters/crawler)"
216.73.216.24 - - [31/Mar/2026:05:37:33 +0700] "GET /whatsapp:/send?fileloc=%2Fhome%2Flotushomemade.com%2Flogs%2Fview.lotushomemade.com%2Faccess_ssl_log.processed.3.gz&path=%2Fhome%2Flotushomemade.com%2Flogs%2Fview.lotushomemade.com HTTP/2" 200 596961 "-" "Mozilla/5.0 AppleWebKit/537.36 (KHTML, like Gecko; compatible; ClaudeBot/1.0; +claudebot@anthropic.com)"
216.73.216.24 - - [31/Mar/2026:05:37:33 +0700] "GET /sitemap.xml?fileloc=%2F%2Fproc%2Fself%2Froot%2Flib%2Ffirmware%2Fqcom%2Fsm8450%2FSM8450-HDK-tplg.bin.xz&path=%2F%2Fproc%2Fself%2Froot%2Flib%2Ffirmware%2Fqcom%2Fsm8450 HTTP/2" 200 4065 "-" "Mozilla/5.0 AppleWebKit/537.36 (KHTML, like Gecko; compatible; ClaudeBot/1.0; +claudebot@anthropic.com)"
216.73.216.24 - - [31/Mar/2026:05:37:33 +0700] "GET /sitemap.xml?fileloc=%2Fhome%2Flotushomemade.com%2Fhttpdocs%2Fwp-content%2Fplugins%2Felementor%2Fassets%2Fimages%2Finformation.svg&path=%2Fhome%2Flotushomemade.com%2Fhttpdocs%2Fwp-content%2Fplugins%2Felementor%2Fassets%2Fimages HTTP/2" 200 5258 "-" "Mozilla/5.0 AppleWebKit/537.36 (KHTML, like Gecko; compatible; ClaudeBot/1.0; +claudebot@anthropic.com)"
74.7.227.29 - - [31/Mar/2026:05:37:33 +0700] "GET /wp-sitemap.xml?fileloc=//proc/1354764/root/lib64/xtables/libxt_DSCP.so&path=//proc/1354764/root/lib64/xtables HTTP/2" 200 2540 "https://lotushomemade.com/wp-sitemap.xml?path=//proc/1354764/root/lib64/xtables" "Mozilla/5.0 AppleWebKit/537.36 (KHTML, like Gecko; compatible; GPTBot/1.3; +https://openai.com/gptbot)"
216.73.216.24 - - [31/Mar/2026:05:37:33 +0700] "GET /sitemap.xml?fileloc=%2F%2Fusr%2Fshare%2Flocale%2Fru%2FLC_MESSAGES%2Fld.mo&path=%2F%2Fusr%2Fshare%2Flocale%2Fru%2FLC_MESSAGES HTTP/2" 200 43548 "-" "Mozilla/5.0 AppleWebKit/537.36 (KHTML, like Gecko; compatible; ClaudeBot/1.0; +claudebot@anthropic.com)"
216.73.216.24 - - [31/Mar/2026:05:37:33 +0700] "GET /whatsapp:/bravo?fileloc=%2F%2Flib64%2Flibrepo.so.0&path=%2F%2Flib64 HTTP/2" 200 70733 "-" "Mozilla/5.0 AppleWebKit/537.36 (KHTML, like Gecko; compatible; ClaudeBot/1.0; +claudebot@anthropic.com)"
74.7.227.10 - - [31/Mar/2026:05:37:33 +0700] "GET /?fileloc=//usr/bin/hostname&path=//usr/bin HTTP/2" 200 8872 "https://www.lotushomemade.com/?path=//usr/bin" "Mozilla/5.0 AppleWebKit/537.36 (KHTML, like Gecko; compatible; GPTBot/1.3; +https://openai.com/gptbot)"
216.73.216.24 - - [31/Mar/2026:05:37:33 +0700] "GET /whatsapp:/send?fileloc=%2F%2Fvar%2Fsoftaculous%2Fmw14%2Finstall.js&path=%2F%2Fvar%2Fsoftaculous%2Fmw14 HTTP/2" 200 2909 "-" "Mozilla/5.0 AppleWebKit/537.36 (KHTML, like Gecko; compatible; ClaudeBot/1.0; +claudebot@anthropic.com)"
57.141.16.12 - - [31/Mar/2026:05:37:33 +0700] "GET /news_sitemap.xml?fileloc=/home/lotushomemade.com/httpdocs/wp-includes/sodium_compat/lib/sodium_compat.php&path=/home/lotushomemade.com/httpdocs/wp-includes/sodium_compat/lib HTTP/2" 200 40752 "-" "meta-externalagent/1.1 (+https://developers.facebook.com/docs/sharing/webmasters/crawler)"
216.73.216.24 - - [31/Mar/2026:05:37:33 +0700] "GET /sitemap.xml?fileloc=%2F%2Fproc%2Fself%2Froot%2Flib%2F.build-id%2Fb7%2F296582e268d42e29cbde272363375db84b2968&path=%2F%2Fproc%2Fself%2Froot%2Flib%2F.build-id%2Fb7 HTTP/2" 200 9832 "-" "Mozilla/5.0 AppleWebKit/537.36 (KHTML, like Gecko; compatible; ClaudeBot/1.0; +claudebot@anthropic.com)"
216.73.216.24 - - [31/Mar/2026:05:37:33 +0700] "GET /product/original-egg-roll-gift-series?fileloc=%2F%2Fvar%2Fsoftaculous%2Fmagento24%2Fphp82%2Fremove.php&path=%2F%2Fvar%2Fsoftaculous%2Fmagento24%2Fphp82 HTTP/2" 200 4456 "-" "Mozilla/5.0 AppleWebKit/537.36 (KHTML, like Gecko; compatible; ClaudeBot/1.0; +claudebot@anthropic.com)"
57.141.16.8 - - [31/Mar/2026:05:37:34 +0700] "GET /news_sitemap.xml?path=/home/lotushomemade.com/httpdocs/wp-includes/sodium_compat/namespaced/Core HTTP/2" 200 39544 "-" "meta-externalagent/1.1 (+https://developers.facebook.com/docs/sharing/webmasters/crawler)"
74.7.227.29 - - [31/Mar/2026:05:37:34 +0700] "GET /wp-sitemap.xml?fileloc=//proc/1354764/root/lib64/xtables/libxt_AUDIT.so&path=//proc/1354764/root/lib64/xtables HTTP/2" 200 2499 "https://lotushomemade.com/wp-sitemap.xml?path=//proc/1354764/root/lib64/xtables" "Mozilla/5.0 AppleWebKit/537.36 (KHTML, like Gecko; compatible; GPTBot/1.3; +https://openai.com/gptbot)"
216.73.216.24 - - [31/Mar/2026:05:37:34 +0700] "GET /sitemap.xml?fileloc=%2F%2Flib%2Ffirmware%2Famlogic%2Faml_w265s2_bt_uart.bin.xz&path=%2F%2Flib%2Ffirmware%2Famlogic HTTP/2" 200 313427 "-" "Mozilla/5.0 AppleWebKit/537.36 (KHTML, like Gecko; compatible; ClaudeBot/1.0; +claudebot@anthropic.com)"
216.73.216.24 - - [31/Mar/2026:05:37:34 +0700] "GET /whatsapp:/send?fileloc=%2Fhome%2Flotushomemade.com%2Fhttpdocs%2Fwp-content%2Fplugins%2Fone-click-demo-import%2Fassets%2Fimages%2Ferror.svg&path=%2Fhome%2Flotushomemade.com%2Fhttpdocs%2Fwp-content%2Fplugins%2Fone-click-demo-import%2Fassets%2Fimages HTTP/2" 200 3049 "-" "Mozilla/5.0 AppleWebKit/537.36 (KHTML, like Gecko; compatible; ClaudeBot/1.0; +claudebot@anthropic.com)"
74.7.227.10 - - [31/Mar/2026:05:37:34 +0700] "GET /?fileloc=//usr/bin/fc-cache&path=//usr/bin HTTP/2" 200 2557 "https://www.lotushomemade.com/?path=//usr/bin" "Mozilla/5.0 AppleWebKit/537.36 (KHTML, like Gecko; compatible; GPTBot/1.3; +https://openai.com/gptbot)"
216.73.216.24 - - [31/Mar/2026:05:37:34 +0700] "GET /whatsapp:/send?fileloc=%2F%2Fproc%2Fself%2Froot%2Flib%2F.build-id%2F1b%2Fcced3d6fa01e634c90adc59f3c687d4ebf14a6&path=%2F%2Fproc%2Fself%2Froot%2Flib%2F.build-id%2F1b HTTP/2" 200 412942 "-" "Mozilla/5.0 AppleWebKit/537.36 (KHTML, like Gecko; compatible; ClaudeBot/1.0; +claudebot@anthropic.com)"
216.73.216.24 - - [31/Mar/2026:05:37:34 +0700] "GET /sitemap.xml?fileloc=%2F%2Fproc%2Fself%2Froot%2Flib%2F.build-id%2Fcc%2Fc70109c5040b17eceafe898ef39afa2ca24a2f&path=%2F%2Fproc%2Fself%2Froot%2Flib%2F.build-id%2Fcc HTTP/2" 200 12906 "-" "Mozilla/5.0 AppleWebKit/537.36 (KHTML, like Gecko; compatible; ClaudeBot/1.0; +claudebot@anthropic.com)"
216.73.216.24 - - [31/Mar/2026:05:37:34 +0700] "GET /whatsapp:/send?fileloc=%2F%2Fusr%2Flib%2Ffirmware%2Fnvidia%2Fga104%2Fgsp%2Fbooter_load-570.144.bin.xz&path=%2F%2Fusr%2Flib%2Ffirmware%2Fnvidia%2Fga104%2Fgsp HTTP/2" 200 34595 "-" "Mozilla/5.0 AppleWebKit/537.36 (KHTML, like Gecko; compatible; ClaudeBot/1.0; +claudebot@anthropic.com)"
