216.73.216.24 - - [31/Mar/2026:05:37:16 +0700] "GET /product/seaweed-cuttle-fish-l?fileloc=%2F%2Fvar%2Fsoftaculous%2Ftiki%2Fphp56%2Fextend.php&path=%2F%2Fvar%2Fsoftaculous%2Ftiki%2Fphp56 HTTP/2" 200 10653 "-" "Mozilla/5.0 AppleWebKit/537.36 (KHTML, like Gecko; compatible; ClaudeBot/1.0; +claudebot@anthropic.com)"
216.73.216.24 - - [31/Mar/2026:05:37:16 +0700] "GET /whatsapp:/send?fileloc=%2F%2Fvar%2Fsoftaculous%2Fblesta4%2Finstall.xml&path=%2F%2Fvar%2Fsoftaculous%2Fblesta4 HTTP/2" 200 2933 "-" "Mozilla/5.0 AppleWebKit/537.36 (KHTML, like Gecko; compatible; ClaudeBot/1.0; +claudebot@anthropic.com)"
74.7.227.29 - - [31/Mar/2026:05:37:16 +0700] "GET /wp-sitemap.xml?fileloc=//opt/cloudlinux/venv/lib/python3.11/site-packages/clwizard/__pycache__/parser.cpython-311.opt-1.pyc&path=//opt/cloudlinux/venv/lib/python3.11/site-packages/clwizard/__pycache__ HTTP/2" 200 4797 "https://lotushomemade.com/wp-sitemap.xml?path=//opt/cloudlinux/venv/lib/python3.11/site-packages/clwizard/__pycache__" "Mozilla/5.0 AppleWebKit/537.36 (KHTML, like Gecko; compatible; GPTBot/1.3; +https://openai.com/gptbot)"
216.73.216.24 - - [31/Mar/2026:05:37:16 +0700] "GET /sitemap.xml?fileloc=%2F%2Fproc%2Fself%2Froot%2Flib%2Ffirmware%2Fiwlwifi-so-a0-gf4-a0.pnvm.xz&path=%2F%2Fproc%2Fself%2Froot%2Flib%2Ffirmware HTTP/2" 200 6600 "-" "Mozilla/5.0 AppleWebKit/537.36 (KHTML, like Gecko; compatible; ClaudeBot/1.0; +claudebot@anthropic.com)"
57.141.16.105 - - [31/Mar/2026:05:37:16 +0700] "GET /news_sitemap.xml?fileloc=/home/lotushomemade.com/httpdocs/wp-includes/blocks/cover/editor-rtl.min.css&path=/home/lotushomemade.com/httpdocs/wp-includes/blocks/cover HTTP/2" 200 14420 "-" "meta-externalagent/1.1 (+https://developers.facebook.com/docs/sharing/webmasters/crawler)"
216.73.216.24 - - [31/Mar/2026:05:37:16 +0700] "GET /whatsapp:/send?fileloc=%2F%2Fusr%2Flib%2Ffirmware%2Frtlwifi%2Frtl8710bufw_SMIC.bin.xz&path=%2F%2Fusr%2Flib%2Ffirmware%2Frtlwifi HTTP/2" 200 15368 "-" "Mozilla/5.0 AppleWebKit/537.36 (KHTML, like Gecko; compatible; ClaudeBot/1.0; +claudebot@anthropic.com)"
216.73.216.24 - - [31/Mar/2026:05:37:16 +0700] "GET /sitemap.xml?fileloc=%2F%2Flib%2Fudev%2Fhwdb.d%2F20-vmbus-class.hwdb&path=%2F%2Flib%2Fudev%2Fhwdb.d HTTP/2" 200 3200 "-" "Mozilla/5.0 AppleWebKit/537.36 (KHTML, like Gecko; compatible; ClaudeBot/1.0; +claudebot@anthropic.com)"
57.141.16.95 - - [31/Mar/2026:05:37:16 +0700] "GET /news_sitemap.xml?fileloc=//var/lve/lveinfo.ver&path=//var/lve HTTP/2" 200 12292 "-" "meta-externalagent/1.1 (+https://developers.facebook.com/docs/sharing/webmasters/crawler)"
216.73.216.24 - - [31/Mar/2026:05:37:16 +0700] "GET /whatsapp:/send?fileloc=%2F%2Fusr%2Flib%2Ffirmware%2Fqcom%2Fvpu%2Fvpu30_p4_s6_16mb.mbn.xz&path=%2F%2Fusr%2Flib%2Ffirmware%2Fqcom%2Fvpu HTTP/2" 200 653756 "-" "Mozilla/5.0 AppleWebKit/537.36 (KHTML, like Gecko; compatible; ClaudeBot/1.0; +claudebot@anthropic.com)"
57.141.16.59 - - [31/Mar/2026:05:37:16 +0700] "GET /news_sitemap.xml?path=//var/lve/lveinfo.ver.cagefs HTTP/2" 200 14246 "-" "meta-externalagent/1.1 (+https://developers.facebook.com/docs/sharing/webmasters/crawler)"
216.73.216.24 - - [31/Mar/2026:05:37:16 +0700] "GET /sitemap.xml?fileloc=%2F%2Fproc%2Fself%2Froot%2Flib%2Flocale%2Fen_ZA.utf8%2FLC_MONETARY&path=%2F%2Fproc%2Fself%2Froot%2Flib%2Flocale%2Fen_ZA.utf8 HTTP/2" 200 2671 "-" "Mozilla/5.0 AppleWebKit/537.36 (KHTML, like Gecko; compatible; ClaudeBot/1.0; +claudebot@anthropic.com)"
57.141.16.53 - - [31/Mar/2026:05:37:16 +0700] "GET /news_sitemap.xml?fileloc=//lib/firmware/TAS2XXX8F41.bin.xz&path=//lib/firmware HTTP/2" 200 24179 "-" "meta-externalagent/1.1 (+https://developers.facebook.com/docs/sharing/webmasters/crawler)"
74.7.227.10 - - [31/Mar/2026:05:37:16 +0700] "GET /?fileloc=//usr/bin/gprof&path=//usr/bin HTTP/2" 200 43888 "https://www.lotushomemade.com/?path=//usr/bin" "Mozilla/5.0 AppleWebKit/537.36 (KHTML, like Gecko; compatible; GPTBot/1.3; +https://openai.com/gptbot)"
216.73.216.24 - - [31/Mar/2026:05:37:17 +0700] "GET /sitemap.xml?fileloc=%2F%2Fproc%2Fself%2Froot%2Flib%2Ffirmware%2Fiwlwifi-bz-b0-hr-b0-96.ucode.xz&path=%2F%2Fproc%2Fself%2Froot%2Flib%2Ffirmware HTTP/2" 200 420656 "-" "Mozilla/5.0 AppleWebKit/537.36 (KHTML, like Gecko; compatible; ClaudeBot/1.0; +claudebot@anthropic.com)"
74.7.227.29 - - [31/Mar/2026:05:37:17 +0700] "GET /wp-sitemap.xml?fileloc=//opt/cloudlinux/venv/lib/python3.11/site-packages/clveconfig/__pycache__/ve_lock.cpython-311.opt-1.pyc&path=//opt/cloudlinux/venv/lib/python3.11/site-packages/clveconfig/__pycache__ HTTP/2" 200 3923 "https://lotushomemade.com/wp-sitemap.xml?path=//opt/cloudlinux/venv/lib/python3.11/site-packages/clveconfig/__pycache__" "Mozilla/5.0 AppleWebKit/537.36 (KHTML, like Gecko; compatible; GPTBot/1.3; +https://openai.com/gptbot)"
216.73.216.24 - - [31/Mar/2026:05:37:17 +0700] "GET /whatsapp:/send?fileloc=%2F%2Fvar%2Fsoftaculous%2Flivehelper%2Fmd5&path=%2F%2Fvar%2Fsoftaculous%2Flivehelper HTTP/2" 200 3541 "-" "Mozilla/5.0 AppleWebKit/537.36 (KHTML, like Gecko; compatible; ClaudeBot/1.0; +claudebot@anthropic.com)"
216.73.216.24 - - [31/Mar/2026:05:37:17 +0700] "GET /sitemap.xml?fileloc=%2F%2Fusr%2Fshare%2Flocale%2Fnb%2FLC_MESSAGES%2Fshadow.mo&path=%2F%2Fusr%2Fshare%2Flocale%2Fnb%2FLC_MESSAGES HTTP/2" 200 22318 "-" "Mozilla/5.0 AppleWebKit/537.36 (KHTML, like Gecko; compatible; ClaudeBot/1.0; +claudebot@anthropic.com)"
216.73.216.24 - - [31/Mar/2026:05:37:17 +0700] "GET /whatsapp:/send?fileloc=%2F%2Fproc%2Fthread-self%2Froot%2Fvar%2Fsoftaculous%2Flss%2Fimages%2Flss.png&path=%2F%2Fproc%2Fthread-self%2Froot%2Fvar%2Fsoftaculous%2Flss%2Fimages HTTP/2" 200 6383 "-" "Mozilla/5.0 AppleWebKit/537.36 (KHTML, like Gecko; compatible; ClaudeBot/1.0; +claudebot@anthropic.com)"
216.73.216.24 - - [31/Mar/2026:05:37:17 +0700] "GET /sitemap.xml?fileloc=%2F%2Fhome%2Flotushomemade.com%2Fnamecard.lotushomemade.com%2Fwp-admin%2Fwidgets-form-blocks.php&path=%2F%2Fhome%2Flotushomemade.com%2Fnamecard.lotushomemade.com%2Fwp-admin HTTP/2" 200 4451 "-" "Mozilla/5.0 AppleWebKit/537.36 (KHTML, like Gecko; compatible; ClaudeBot/1.0; +claudebot@anthropic.com)"
216.73.216.24 - - [31/Mar/2026:05:37:17 +0700] "GET /whatsapp:/send?fileloc=%2F%2Fusr%2Flib%2Ffirmware%2Fnvidia%2Ftu106%2Fgsp%2Fbooter_unload-570.144.bin.xz&path=%2F%2Fusr%2Flib%2Ffirmware%2Fnvidia%2Ftu106%2Fgsp HTTP/2" 200 20027 "-" "Mozilla/5.0 AppleWebKit/537.36 (KHTML, like Gecko; compatible; ClaudeBot/1.0; +claudebot@anthropic.com)"
216.73.216.24 - - [31/Mar/2026:05:37:17 +0700] "GET /whatsapp:/send?fileloc=%2F%2Fproc%2Fself%2Fcwd%2Fwp-content%2Fplugins%2Felementor%2Fassets%2Fimages%2Finformation.svg&path=%2F%2Fproc%2Fself%2Fcwd%2Fwp-content%2Fplugins%2Felementor%2Fassets%2Fimages HTTP/2" 200 5249 "-" "Mozilla/5.0 AppleWebKit/537.36 (KHTML, like Gecko; compatible; ClaudeBot/1.0; +claudebot@anthropic.com)"
74.7.227.10 - - [31/Mar/2026:05:37:17 +0700] "GET /?fileloc=//usr/bin/gneqn&path=//usr/bin HTTP/2" 200 3047 "https://www.lotushomemade.com/?path=//usr/bin" "Mozilla/5.0 AppleWebKit/537.36 (KHTML, like Gecko; compatible; GPTBot/1.3; +https://openai.com/gptbot)"
57.141.16.103 - - [31/Mar/2026:05:37:17 +0700] "GET /news_sitemap.xml?fileloc=/home/lotushomemade.com/httpdocs/wp-includes/blocks/cover/style.min.css&path=/home/lotushomemade.com/httpdocs/wp-includes/blocks/cover HTTP/2" 200 31810 "-" "meta-externalagent/1.1 (+https://developers.facebook.com/docs/sharing/webmasters/crawler)"
74.7.227.29 - - [31/Mar/2026:05:37:17 +0700] "GET /wp-sitemap.xml?fileloc=//opt/cloudlinux/venv/lib/python3.11/site-packages/clwizard/__pycache__/utils.cpython-311.opt-1.pyc&path=//opt/cloudlinux/venv/lib/python3.11/site-packages/clwizard/__pycache__ HTTP/2" 200 5334 "https://lotushomemade.com/wp-sitemap.xml?path=//opt/cloudlinux/venv/lib/python3.11/site-packages/clwizard/__pycache__" "Mozilla/5.0 AppleWebKit/537.36 (KHTML, like Gecko; compatible; GPTBot/1.3; +https://openai.com/gptbot)"
216.73.216.24 - - [31/Mar/2026:05:37:17 +0700] "GET /whatsapp:/bravo?fileloc=%2F%2Flib64%2Fruby%2Fio%2Fconsole.so&path=%2F%2Flib64%2Fruby%2Fio HTTP/2" 200 12980 "-" "Mozilla/5.0 AppleWebKit/537.36 (KHTML, like Gecko; compatible; ClaudeBot/1.0; +claudebot@anthropic.com)"
216.73.216.24 - - [31/Mar/2026:05:37:17 +0700] "GET /whatsapp:/send?fileloc=%2F%2Fvar%2Fsoftaculous%2Fvtiger72%2Fupgrade.php&path=%2F%2Fvar%2Fsoftaculous%2Fvtiger72 HTTP/2" 200 7201 "-" "Mozilla/5.0 AppleWebKit/537.36 (KHTML, like Gecko; compatible; ClaudeBot/1.0; +claudebot@anthropic.com)"
216.73.216.24 - - [31/Mar/2026:05:37:17 +0700] "GET /wp-sitemap.xml?fileloc=%2F%2Fvar%2Fsoftaculous%2Figalerie%2Fphp82%2Finstall.php&path=%2F%2Fvar%2Fsoftaculous%2Figalerie%2Fphp82 HTTP/2" 200 6906 "-" "Mozilla/5.0 AppleWebKit/537.36 (KHTML, like Gecko; compatible; ClaudeBot/1.0; +claudebot@anthropic.com)"
216.73.216.24 - - [31/Mar/2026:05:37:17 +0700] "GET /sitemap.xml?fileloc=%2F%2Flib%2Ffirmware%2Fairoha%2Fen7581_npu_data.bin.xz&path=%2F%2Flib%2Ffirmware%2Fairoha HTTP/2" 200 3224 "-" "Mozilla/5.0 AppleWebKit/537.36 (KHTML, like Gecko; compatible; ClaudeBot/1.0; +claudebot@anthropic.com)"
216.73.216.24 - - [31/Mar/2026:05:37:18 +0700] "GET /sitemap.xml?fileloc=%2Fhome%2Flotushomemade.com%2Fhttpdocs%2Fwp-content%2Fplugins%2Frevslider%2Fadmin%2Fassets%2Fimages%2Fwarningbg.jpg&path=%2Fhome%2Flotushomemade.com%2Fhttpdocs%2Fwp-content%2Fplugins%2Frevslider%2Fadmin%2Fassets%2Fimages HTTP/2" 200 42533 "-" "Mozilla/5.0 AppleWebKit/537.36 (KHTML, like Gecko; compatible; ClaudeBot/1.0; +claudebot@anthropic.com)"
216.73.216.24 - - [31/Mar/2026:05:37:18 +0700] "GET /whatsapp:/send?fileloc=%2F%2Fproc%2Fthread-self%2Froot%2Flib%2Ffirmware%2Fti%2Faudio%2Ftas2783%2F8EF6-X-9.bin.xz&path=%2F%2Fproc%2Fthread-self%2Froot%2Flib%2Ffirmware%2Fti%2Faudio%2Ftas2783 HTTP/2" 200 8821 "-" "Mozilla/5.0 AppleWebKit/537.36 (KHTML, like Gecko; compatible; ClaudeBot/1.0; +claudebot@anthropic.com)"
74.7.227.10 - - [31/Mar/2026:05:37:18 +0700] "GET /?fileloc=//usr/bin/chgrp&path=//usr/bin HTTP/2" 200 25459 "https://www.lotushomemade.com/?path=//usr/bin" "Mozilla/5.0 AppleWebKit/537.36 (KHTML, like Gecko; compatible; GPTBot/1.3; +https://openai.com/gptbot)"
74.7.227.29 - - [31/Mar/2026:05:37:18 +0700] "GET /wp-sitemap.xml?fileloc=//opt/cloudlinux/venv/lib/python3.11/site-packages/clveconfig/__pycache__/ve_config.cpython-311.opt-1.pyc&path=//opt/cloudlinux/venv/lib/python3.11/site-packages/clveconfig/__pycache__ HTTP/2" 200 5149 "https://lotushomemade.com/wp-sitemap.xml?path=//opt/cloudlinux/venv/lib/python3.11/site-packages/clveconfig/__pycache__" "Mozilla/5.0 AppleWebKit/537.36 (KHTML, like Gecko; compatible; GPTBot/1.3; +https://openai.com/gptbot)"
216.73.216.24 - - [31/Mar/2026:05:37:18 +0700] "GET /sitemap.xml?fileloc=%2F%2Fproc%2Fself%2Froot%2Flib%2F.build-id%2Ff2%2F2a529d48031d8a1b8545f93405639bab4da08f&path=%2F%2Fproc%2Fself%2Froot%2Flib%2F.build-id%2Ff2 HTTP/2" 200 6078 "-" "Mozilla/5.0 AppleWebKit/537.36 (KHTML, like Gecko; compatible; ClaudeBot/1.0; +claudebot@anthropic.com)"
216.73.216.24 - - [31/Mar/2026:05:37:18 +0700] "GET /whatsapp:/send?fileloc=%2Fhome%2Flotushomemade.com%2Fhttpdocs%2Fwp-content%2Fuploads%2F2023%2F11%2F2012-150x150.png&path=%2Fhome%2Flotushomemade.com%2Fhttpdocs%2Fwp-content%2Fuploads%2F2023%2F11 HTTP/2" 200 35033 "-" "Mozilla/5.0 AppleWebKit/537.36 (KHTML, like Gecko; compatible; ClaudeBot/1.0; +claudebot@anthropic.com)"
57.141.16.43 - - [31/Mar/2026:05:37:18 +0700] "GET /news_sitemap.xml?fileloc=/home/lotushomemade.com/httpdocs/wp-includes/blocks/cover/block.json&path=/home/lotushomemade.com/httpdocs/wp-includes/blocks/cover HTTP/2" 200 17367 "-" "meta-externalagent/1.1 (+https://developers.facebook.com/docs/sharing/webmasters/crawler)"
57.141.16.55 - - [31/Mar/2026:05:37:18 +0700] "GET /news_sitemap.xml?path=//lib/modules/5.14.0-503.11.1.el9_5.x86_64 HTTP/2" 200 55501 "-" "meta-externalagent/1.1 (+https://developers.facebook.com/docs/sharing/webmasters/crawler)"
57.141.16.45 - - [31/Mar/2026:05:37:18 +0700] "GET /news_sitemap.xml?path=//lib/modules/5.14.0-570.62.1.el9_6.x86_64 HTTP/2" 200 54097 "-" "meta-externalagent/1.1 (+https://developers.facebook.com/docs/sharing/webmasters/crawler)"
74.7.227.29 - - [31/Mar/2026:05:37:18 +0700] "GET /wp-sitemap.xml?fileloc=//opt/cloudlinux/venv/lib/python3.11/site-packages/clwizard/__pycache__/exceptions.cpython-311.opt-1.pyc&path=//opt/cloudlinux/venv/lib/python3.11/site-packages/clwizard/__pycache__ HTTP/2" 200 3744 "https://lotushomemade.com/wp-sitemap.xml?path=//opt/cloudlinux/venv/lib/python3.11/site-packages/clwizard/__pycache__" "Mozilla/5.0 AppleWebKit/537.36 (KHTML, like Gecko; compatible; GPTBot/1.3; +https://openai.com/gptbot)"
57.141.16.75 - - [31/Mar/2026:05:37:18 +0700] "GET /news_sitemap.xml?fileloc=//lib/tmpfiles.d/systemd-tmp.conf&path=//lib/tmpfiles.d HTTP/2" 200 13133 "-" "meta-externalagent/1.1 (+https://developers.facebook.com/docs/sharing/webmasters/crawler)"
216.73.216.24 - - [31/Mar/2026:05:37:18 +0700] "GET /wp-sitemap.xml?fileloc=%2F%2Fvar%2Fsoftaculous%2Fprado%2Finstall.js&path=%2F%2Fvar%2Fsoftaculous%2Fprado HTTP/2" 200 2908 "-" "Mozilla/5.0 AppleWebKit/537.36 (KHTML, like Gecko; compatible; ClaudeBot/1.0; +claudebot@anthropic.com)"
216.73.216.24 - - [31/Mar/2026:05:37:18 +0700] "GET /whatsapp:/send?fileloc=%2F%2Fproc%2Fthread-self%2Fcwd%2Fwp-content%2Fthemes%2Fwoodmart%2Fstyle.min.css&path=%2F%2Fproc%2Fthread-self%2Fcwd%2Fwp-content%2Fthemes%2Fwoodmart HTTP/2" 200 104418 "-" "Mozilla/5.0 AppleWebKit/537.36 (KHTML, like Gecko; compatible; ClaudeBot/1.0; +claudebot@anthropic.com)"
74.7.227.10 - - [31/Mar/2026:05:37:18 +0700] "GET /?fileloc=//usr/bin/delv&path=//usr/bin HTTP/2" 200 18029 "https://www.lotushomemade.com/?path=//usr/bin" "Mozilla/5.0 AppleWebKit/537.36 (KHTML, like Gecko; compatible; GPTBot/1.3; +https://openai.com/gptbot)"
216.73.216.24 - - [31/Mar/2026:05:37:18 +0700] "GET /whatsapp:/send?fileloc=%2F%2Fproc%2Fself%2Fcwd%2Fwp-content%2Fplugins%2Fwaspthemes-yellow-pencil%2Fadmin%2Fjs%2Fadmin-page.js&path=%2F%2Fproc%2Fself%2Fcwd%2Fwp-content%2Fplugins%2Fwaspthemes-yellow-pencil%2Fadmin%2Fjs HTTP/2" 200 3929 "-" "Mozilla/5.0 AppleWebKit/537.36 (KHTML, like Gecko; compatible; ClaudeBot/1.0; +claudebot@anthropic.com)"
57.141.16.13 - - [31/Mar/2026:05:37:18 +0700] "GET /news_sitemap.xml?fileloc=/home/lotushomemade.com/httpdocs/wp-includes/blocks/nextpage/editor.min.css&path=/home/lotushomemade.com/httpdocs/wp-includes/blocks/nextpage HTTP/2" 200 13290 "-" "meta-externalagent/1.1 (+https://developers.facebook.com/docs/sharing/webmasters/crawler)"
216.73.216.24 - - [31/Mar/2026:05:37:18 +0700] "GET /sitemap.xml?fileloc=%2F%2Fvar%2Fsoftaculous%2Fpresta178%2Freturn_slip.html&path=%2F%2Fvar%2Fsoftaculous%2Fpresta178 HTTP/2" 200 6406 "-" "Mozilla/5.0 AppleWebKit/537.36 (KHTML, like Gecko; compatible; ClaudeBot/1.0; +claudebot@anthropic.com)"
216.73.216.24 - - [31/Mar/2026:05:37:18 +0700] "GET /whatsapp:/send?fileloc=%2F%2Fhome%2Flotushomemade.com%2Fhttpdocs%2Fwp-content%2Fthemes%2Ftwentytwentyfive%2Freadme.txt&path=%2F%2Fhome%2Flotushomemade.com%2Fhttpdocs%2Fwp-content%2Fthemes%2Ftwentytwentyfive HTTP/2" 200 5417 "-" "Mozilla/5.0 AppleWebKit/537.36 (KHTML, like Gecko; compatible; ClaudeBot/1.0; +claudebot@anthropic.com)"
216.73.216.24 - - [31/Mar/2026:05:37:19 +0700] "GET /whatsapp:/send?fileloc=%2F%2Fproc%2Fsys%2Fnet%2Fipv6%2Fconf%2Feno4%2Fmax_addresses&path=%2F%2Fproc%2Fsys%2Fnet%2Fipv6%2Fconf%2Feno4 HTTP/2" 200 2503 "-" "Mozilla/5.0 AppleWebKit/537.36 (KHTML, like Gecko; compatible; ClaudeBot/1.0; +claudebot@anthropic.com)"
216.73.216.24 - - [31/Mar/2026:05:37:18 +0700] "GET /whatsapp:/bravo?fileloc=%2Fhome%2Flotushomemade.com%2Fhttpdocs%2Fwp-content%2Fuploads%2F2023%2F10%2F3105.png&path=%2Fhome%2Flotushomemade.com%2Fhttpdocs%2Fwp-content%2Fuploads%2F2023%2F10 HTTP/2" 200 693754 "-" "Mozilla/5.0 AppleWebKit/537.36 (KHTML, like Gecko; compatible; ClaudeBot/1.0; +claudebot@anthropic.com)"
216.73.216.24 - - [31/Mar/2026:05:37:19 +0700] "GET /whatsapp:/send?fileloc=%2F%2Fproc%2Fthread-self%2Froot%2Fvar%2Fsoftaculous%2Fbuggenie%2Fimages%2Flogo.gif&path=%2F%2Fproc%2Fthread-self%2Froot%2Fvar%2Fsoftaculous%2Fbuggenie%2Fimages HTTP/2" 200 10418 "-" "Mozilla/5.0 AppleWebKit/537.36 (KHTML, like Gecko; compatible; ClaudeBot/1.0; +claudebot@anthropic.com)"
74.7.227.29 - - [31/Mar/2026:05:37:19 +0700] "GET /wp-sitemap.xml?fileloc=//opt/cloudlinux/venv/lib/python3.11/site-packages/clveconfig/__pycache__/__init__.cpython-311.opt-1.pyc&path=//opt/cloudlinux/venv/lib/python3.11/site-packages/clveconfig/__pycache__ HTTP/2" 200 3055 "https://lotushomemade.com/wp-sitemap.xml?path=//opt/cloudlinux/venv/lib/python3.11/site-packages/clveconfig/__pycache__" "Mozilla/5.0 AppleWebKit/537.36 (KHTML, like Gecko; compatible; GPTBot/1.3; +https://openai.com/gptbot)"
216.73.216.24 - - [31/Mar/2026:05:37:19 +0700] "GET /whatsapp:/send?fileloc=%2F%2Fproc%2Fself%2Froot%2Fopt%2Fplesk%2Fphp%2F8.0%2Fetc%2Fphp-fpm.d%2Ftrjrentalbuspariwisatamedan.namlasys.my.id.conf&path=%2F%2Fproc%2Fself%2Froot%2Fopt%2Fplesk%2Fphp%2F8.0%2Fetc%2Fphp-fpm.d HTTP/2" 200 3339 "-" "Mozilla/5.0 AppleWebKit/537.36 (KHTML, like Gecko; compatible; ClaudeBot/1.0; +claudebot@anthropic.com)"
74.7.227.10 - - [31/Mar/2026:05:37:19 +0700] "GET /?fileloc=//usr/bin/comm&path=//usr/bin HTTP/2" 200 16018 "https://www.lotushomemade.com/?path=//usr/bin" "Mozilla/5.0 AppleWebKit/537.36 (KHTML, like Gecko; compatible; GPTBot/1.3; +https://openai.com/gptbot)"
216.73.216.24 - - [31/Mar/2026:05:37:19 +0700] "GET /product/original-egg-roll-gift-series?fileloc=%2F%2Fvar%2Fsoftaculous%2Ftiki%2Fphp56%2Fedit.php&path=%2F%2Fvar%2Fsoftaculous%2Ftiki%2Fphp56 HTTP/2" 200 6038 "-" "Mozilla/5.0 AppleWebKit/537.36 (KHTML, like Gecko; compatible; ClaudeBot/1.0; +claudebot@anthropic.com)"
216.73.216.24 - - [31/Mar/2026:05:37:19 +0700] "GET /sitemap.xml?fileloc=%2F%2Fproc%2Fself%2Froot%2Flib%2F.build-id%2F4b%2F2b865bf228d27d01a3bb45003237f32ffa45fd&path=%2F%2Fproc%2Fself%2Froot%2Flib%2F.build-id%2F4b HTTP/2" 200 6865 "-" "Mozilla/5.0 AppleWebKit/537.36 (KHTML, like Gecko; compatible; ClaudeBot/1.0; +claudebot@anthropic.com)"
216.73.216.24 - - [31/Mar/2026:05:37:19 +0700] "GET /sitemap.xml?fileloc=%2F%2Flib%2Ffirmware%2Fi915%2Fxe2lpd_dmc.bin.xz&path=%2F%2Flib%2Ffirmware%2Fi915 HTTP/2" 200 12629 "-" "Mozilla/5.0 AppleWebKit/537.36 (KHTML, like Gecko; compatible; ClaudeBot/1.0; +claudebot@anthropic.com)"
216.73.216.24 - - [31/Mar/2026:05:37:19 +0700] "GET /sitemap.xml?fileloc=%2F%2Flib64%2Flibtiffxx.so.5&path=%2F%2Flib64 HTTP/2" 200 6870 "-" "Mozilla/5.0 AppleWebKit/537.36 (KHTML, like Gecko; compatible; ClaudeBot/1.0; +claudebot@anthropic.com)"
216.73.216.24 - - [31/Mar/2026:05:37:19 +0700] "GET /product/seaweed-cuttle-fish-l?fileloc=%2F%2Fvar%2Fsoftaculous%2Fxcloner%2Fphp71%2Finstall.php&path=%2F%2Fvar%2Fsoftaculous%2Fxcloner%2Fphp71 HTTP/2" 200 5852 "-" "Mozilla/5.0 AppleWebKit/537.36 (KHTML, like Gecko; compatible; ClaudeBot/1.0; +claudebot@anthropic.com)"
57.141.16.13 - - [31/Mar/2026:05:37:19 +0700] "GET /news_sitemap.xml?fileloc=//lib/firmware/myri10ge_rss_eth_big_z8e.dat.xz&path=//lib/firmware HTTP/2" 200 178881 "-" "meta-externalagent/1.1 (+https://developers.facebook.com/docs/sharing/webmasters/crawler)"
74.7.227.29 - - [31/Mar/2026:05:37:19 +0700] "GET /wp-sitemap.xml?fileloc=//opt/cloudlinux/venv/lib/python3.11/site-packages/clcagefslib/__pycache__/fs.cpython-311.opt-1.pyc&path=//opt/cloudlinux/venv/lib/python3.11/site-packages/clcagefslib/__pycache__ HTTP/2" 200 3739 "https://lotushomemade.com/wp-sitemap.xml?path=//opt/cloudlinux/venv/lib/python3.11/site-packages/clcagefslib/__pycache__" "Mozilla/5.0 AppleWebKit/537.36 (KHTML, like Gecko; compatible; GPTBot/1.3; +https://openai.com/gptbot)"
216.73.216.24 - - [31/Mar/2026:05:37:19 +0700] "GET /whatsapp:/send?fileloc=%2F%2Fproc%2Fthread-self%2Fcwd%2Fwp-content%2Fuploads%2Frevslider%2Fbrutal-projects1%2Ffolio61.jpg&path=%2F%2Fproc%2Fthread-self%2Fcwd%2Fwp-content%2Fuploads%2Frevslider%2Fbrutal-projects1 HTTP/2" 200 134247 "-" "Mozilla/5.0 AppleWebKit/537.36 (KHTML, like Gecko; compatible; ClaudeBot/1.0; +claudebot@anthropic.com)"
216.73.216.24 - - [31/Mar/2026:05:37:19 +0700] "GET /sitemap.xml?fileloc=%2Fhome%2Flotushomemade.com%2Fnamecard.lotushomemade.com%2Fwp-includes%2Fblocks%2Fquery-title%2Fstyle.css&path=%2Fhome%2Flotushomemade.com%2Fnamecard.lotushomemade.com%2Fwp-includes%2Fblocks%2Fquery-title HTTP/2" 200 2577 "-" "Mozilla/5.0 AppleWebKit/537.36 (KHTML, like Gecko; compatible; ClaudeBot/1.0; +claudebot@anthropic.com)"
74.7.227.10 - - [31/Mar/2026:05:37:19 +0700] "GET /?fileloc=//usr/bin/cksum&path=//usr/bin HTTP/2" 200 14713 "https://www.lotushomemade.com/?path=//usr/bin" "Mozilla/5.0 AppleWebKit/537.36 (KHTML, like Gecko; compatible; GPTBot/1.3; +https://openai.com/gptbot)"
216.73.216.24 - - [31/Mar/2026:05:37:18 +0700] "GET /whatsapp:/send?fileloc=%2F%2Fusr%2Flib%2Ffirmware%2Fqcom%2Fkaanapali%2Fadsp.mbn.xz&path=%2F%2Fusr%2Flib%2Ffirmware%2Fqcom%2Fkaanapali HTTP/2" 200 6679107 "-" "Mozilla/5.0 AppleWebKit/537.36 (KHTML, like Gecko; compatible; ClaudeBot/1.0; +claudebot@anthropic.com)"
216.73.216.24 - - [31/Mar/2026:05:37:19 +0700] "GET /wp-sitemap.xml?fileloc=%2Fhome%2Flotushomemade.com%2Fnamecard.lotushomemade.com%2Fwp-includes%2Fblocks%2Fnavigation%2Fview.min.asset.php&path=%2Fhome%2Flotushomemade.com%2Fnamecard.lotushomemade.com%2Fwp-includes%2Fblocks%2Fnavigation HTTP/2" 200 2633 "-" "Mozilla/5.0 AppleWebKit/537.36 (KHTML, like Gecko; compatible; ClaudeBot/1.0; +claudebot@anthropic.com)"
216.73.216.24 - - [31/Mar/2026:05:37:20 +0700] "GET /whatsapp:/bravo?fileloc=%2Fhome%2Flotushomemade.com%2Fhttpdocs%2Fwp-content%2Fuploads%2F2023%2F10%2F1005.png&path=%2Fhome%2Flotushomemade.com%2Fhttpdocs%2Fwp-content%2Fuploads%2F2023%2F10 HTTP/2" 200 771045 "-" "Mozilla/5.0 AppleWebKit/537.36 (KHTML, like Gecko; compatible; ClaudeBot/1.0; +claudebot@anthropic.com)"
216.73.216.24 - - [31/Mar/2026:05:37:20 +0700] "GET /sitemap.xml?fileloc=%2Fhome%2Flotushomemade.com%2Fhttpdocs%2Fwp-content%2Fthemes%2Ftwentytwentytwo%2Ftemplates%2F404.html&path=%2Fhome%2Flotushomemade.com%2Fhttpdocs%2Fwp-content%2Fthemes%2Ftwentytwentytwo%2Ftemplates HTTP/2" 200 2735 "-" "Mozilla/5.0 AppleWebKit/537.36 (KHTML, like Gecko; compatible; ClaudeBot/1.0; +claudebot@anthropic.com)"
74.7.227.29 - - [31/Mar/2026:05:37:20 +0700] "GET /wp-sitemap.xml?fileloc=//opt/cloudlinux/venv/lib/python3.11/site-packages/clcagefslib/__pycache__/const.cpython-311.opt-1.pyc&path=//opt/cloudlinux/venv/lib/python3.11/site-packages/clcagefslib/__pycache__ HTTP/2" 200 3204 "https://lotushomemade.com/wp-sitemap.xml?path=//opt/cloudlinux/venv/lib/python3.11/site-packages/clcagefslib/__pycache__" "Mozilla/5.0 AppleWebKit/537.36 (KHTML, like Gecko; compatible; GPTBot/1.3; +https://openai.com/gptbot)"
57.141.16.63 - - [31/Mar/2026:05:37:20 +0700] "GET /news_sitemap.xml?fileloc=//lib/firmware/TAS2XXX103C8DE80.bin.xz&path=//lib/firmware HTTP/2" 200 24014 "-" "meta-externalagent/1.1 (+https://developers.facebook.com/docs/sharing/webmasters/crawler)"
74.7.227.10 - - [31/Mar/2026:05:37:20 +0700] "GET /?fileloc=//usr/bin/bzcmp&path=//usr/bin HTTP/2" 200 3468 "https://www.lotushomemade.com/?path=//usr/bin" "Mozilla/5.0 AppleWebKit/537.36 (KHTML, like Gecko; compatible; GPTBot/1.3; +https://openai.com/gptbot)"
216.73.216.24 - - [31/Mar/2026:05:37:20 +0700] "GET /wp-sitemap.xml?fileloc=%2Fhome%2Flotushomemade.com%2Fnamecard.lotushomemade.com%2Fwp-includes%2Fblocks%2Fquery-title%2Fstyle.css&path=%2Fhome%2Flotushomemade.com%2Fnamecard.lotushomemade.com%2Fwp-includes%2Fblocks%2Fquery-title HTTP/2" 200 2577 "-" "Mozilla/5.0 AppleWebKit/537.36 (KHTML, like Gecko; compatible; ClaudeBot/1.0; +claudebot@anthropic.com)"
216.73.216.24 - - [31/Mar/2026:05:37:20 +0700] "GET /sitemap.xml?fileloc=%2F%2Flib64%2Fliburcu-bp.so.6&path=%2F%2Flib64 HTTP/2" 200 16948 "-" "Mozilla/5.0 AppleWebKit/537.36 (KHTML, like Gecko; compatible; ClaudeBot/1.0; +claudebot@anthropic.com)"
216.73.216.24 - - [31/Mar/2026:05:37:20 +0700] "GET /product/seaweed-cuttle-fish-l?fileloc=%2F%2Fusr%2Flib%2Fpython3.9%2Fsite-packages%2Frequests-2.25.1.dist-info%2FLICENSE&path=%2F%2Fusr%2Flib%2Fpython3.9%2Fsite-packages%2Frequests-2.25.1.dist-info HTTP/2" 200 6123 "-" "Mozilla/5.0 AppleWebKit/537.36 (KHTML, like Gecko; compatible; ClaudeBot/1.0; +claudebot@anthropic.com)"
57.141.16.101 - - [31/Mar/2026:05:37:19 +0700] "GET /news_sitemap.xml?fileloc=//lib/firmware/iwlwifi-8265-34.ucode.xz&path=//lib/firmware HTTP/2" 200 712099 "-" "meta-externalagent/1.1 (+https://developers.facebook.com/docs/sharing/webmasters/crawler)"
57.141.16.101 - - [31/Mar/2026:05:37:20 +0700] "GET /news_sitemap.xml?fileloc=//lib/kdump/kdump-lib.sh&path=//lib/kdump HTTP/2" 200 48528 "-" "meta-externalagent/1.1 (+https://developers.facebook.com/docs/sharing/webmasters/crawler)"
216.73.216.24 - - [31/Mar/2026:05:37:20 +0700] "GET /whatsapp:/send?fileloc=%2Fhome%2Flotushomemade.com%2Fhttpdocs%2Fwp-content%2Fuploads%2F2023%2F11%2F2061-1.png&path=%2Fhome%2Flotushomemade.com%2Fhttpdocs%2Fwp-content%2Fuploads%2F2023%2F11 HTTP/2" 200 738206 "-" "Mozilla/5.0 AppleWebKit/537.36 (KHTML, like Gecko; compatible; ClaudeBot/1.0; +claudebot@anthropic.com)"
74.7.227.29 - - [31/Mar/2026:05:37:20 +0700] "GET /wp-sitemap.xml?fileloc=//opt/cloudlinux/venv/lib/python3.11/site-packages/clwizard/__pycache__/constants.cpython-311.opt-1.pyc&path=//opt/cloudlinux/venv/lib/python3.11/site-packages/clwizard/__pycache__ HTTP/2" 200 3783 "https://lotushomemade.com/wp-sitemap.xml?path=//opt/cloudlinux/venv/lib/python3.11/site-packages/clwizard/__pycache__" "Mozilla/5.0 AppleWebKit/537.36 (KHTML, like Gecko; compatible; GPTBot/1.3; +https://openai.com/gptbot)"
216.73.216.24 - - [31/Mar/2026:05:37:20 +0700] "GET /whatsapp:/send?fileloc=%2F%2Fvar%2Fsoftaculous%2Fgoffice62%2F.htaccess&path=%2F%2Fvar%2Fsoftaculous%2Fgoffice62 HTTP/2" 200 2781 "-" "Mozilla/5.0 AppleWebKit/537.36 (KHTML, like Gecko; compatible; ClaudeBot/1.0; +claudebot@anthropic.com)"
57.141.16.82 - - [31/Mar/2026:05:37:20 +0700] "GET /news_sitemap.xml?path=//lib/modules/5.14.0-503.40.1.el9_5.x86_64 HTTP/2" 200 54102 "-" "meta-externalagent/1.1 (+https://developers.facebook.com/docs/sharing/webmasters/crawler)"
216.73.216.24 - - [31/Mar/2026:05:37:20 +0700] "GET /whatsapp:/send?fileloc=%2F%2Fvar%2Fsoftaculous%2Fpodcast%2Fconfig.php&path=%2F%2Fvar%2Fsoftaculous%2Fpodcast HTTP/2" 200 3871 "-" "Mozilla/5.0 AppleWebKit/537.36 (KHTML, like Gecko; compatible; ClaudeBot/1.0; +claudebot@anthropic.com)"
74.7.227.10 - - [31/Mar/2026:05:37:20 +0700] "GET /?fileloc=//usr/bin/zgrep&path=//usr/bin HTTP/2" 200 5844 "https://www.lotushomemade.com/?path=//usr/bin" "Mozilla/5.0 AppleWebKit/537.36 (KHTML, like Gecko; compatible; GPTBot/1.3; +https://openai.com/gptbot)"
216.73.216.24 - - [31/Mar/2026:05:37:20 +0700] "GET /product/seaweed-cuttle-fish-l?path=%2F%2Fvar%2Fsoftaculous%2Fblesta HTTP/2" 200 3420 "-" "Mozilla/5.0 AppleWebKit/537.36 (KHTML, like Gecko; compatible; ClaudeBot/1.0; +claudebot@anthropic.com)"
216.73.216.24 - - [31/Mar/2026:05:37:21 +0700] "GET /whatsapp:/send?fileloc=%2F%2Fproc%2Fself%2Froot%2Flib%2F.build-id%2F2f%2F52e1ce42b669e447ce39b2918e713baafb358d&path=%2F%2Fproc%2Fself%2Froot%2Flib%2F.build-id%2F2f HTTP/2" 200 5777 "-" "Mozilla/5.0 AppleWebKit/537.36 (KHTML, like Gecko; compatible; ClaudeBot/1.0; +claudebot@anthropic.com)"
57.141.16.1 - - [31/Mar/2026:05:37:21 +0700] "GET /news_sitemap.xml?fileloc=//lib/firmware/TAS2XXX103C8DE90.bin.xz&path=//lib/firmware HTTP/2" 200 24055 "-" "meta-externalagent/1.1 (+https://developers.facebook.com/docs/sharing/webmasters/crawler)"
216.73.216.24 - - [31/Mar/2026:05:37:21 +0700] "GET /wp-sitemap.xml?fileloc=%2F%2Fvar%2Fsoftaculous%2Fchurchcrm%2Fphp71%2Fimport.php&path=%2F%2Fvar%2Fsoftaculous%2Fchurchcrm%2Fphp71 HTTP/2" 200 5582 "-" "Mozilla/5.0 AppleWebKit/537.36 (KHTML, like Gecko; compatible; ClaudeBot/1.0; +claudebot@anthropic.com)"
216.73.216.24 - - [31/Mar/2026:05:37:21 +0700] "GET /sitemap.xml?fileloc=%2F%2Fusr%2Fshare%2Fman%2Ffr%2Fman8%2Fgrpunconv.8.gz&path=%2F%2Fusr%2Fshare%2Fman%2Ffr%2Fman8 HTTP/2" 200 2608 "-" "Mozilla/5.0 AppleWebKit/537.36 (KHTML, like Gecko; compatible; ClaudeBot/1.0; +claudebot@anthropic.com)"
74.7.227.29 - - [31/Mar/2026:05:37:21 +0700] "GET /wp-sitemap.xml?fileloc=//proc/1354764/root/lib64/dovecot/libdovecot-sieve.so.0.0.0&path=//proc/1354764/root/lib64/dovecot HTTP/2" 200 2544 "https://lotushomemade.com/wp-sitemap.xml?path=//proc/1354764/root/lib64/dovecot" "Mozilla/5.0 AppleWebKit/537.36 (KHTML, like Gecko; compatible; GPTBot/1.3; +https://openai.com/gptbot)"
57.141.16.15 - - [31/Mar/2026:05:37:21 +0700] "GET /news_sitemap.xml?fileloc=//lib/firmware/TAS2XXX3886.bin.xz&path=//lib/firmware HTTP/2" 200 20616 "-" "meta-externalagent/1.1 (+https://developers.facebook.com/docs/sharing/webmasters/crawler)"
216.73.216.24 - - [31/Mar/2026:05:37:21 +0700] "GET /whatsapp:/send?fileloc=%2F%2Fproc%2Fself%2Froot%2Flib%2F.build-id%2Fff%2F346bae8977886530ccfb278597ec7961c9527f&path=%2F%2Fproc%2Fself%2Froot%2Flib%2F.build-id%2Fff HTTP/2" 200 140135 "-" "Mozilla/5.0 AppleWebKit/537.36 (KHTML, like Gecko; compatible; ClaudeBot/1.0; +claudebot@anthropic.com)"
216.73.216.24 - - [31/Mar/2026:05:37:21 +0700] "GET /whatsapp:/send?fileloc=%2F%2Fproc%2Fthread-self%2Fcwd%2Fwp-content%2Fthemes%2Fwoodmart%2Fjs%2Flibs%2Fcountdown-bundle.js&path=%2F%2Fproc%2Fthread-self%2Fcwd%2Fwp-content%2Fthemes%2Fwoodmart%2Fjs%2Flibs HTTP/2" 200 18453 "-" "Mozilla/5.0 AppleWebKit/537.36 (KHTML, like Gecko; compatible; ClaudeBot/1.0; +claudebot@anthropic.com)"
216.73.216.24 - - [31/Mar/2026:05:37:21 +0700] "GET /whatsapp:/send?fileloc=%2F%2Fetc%2Fcrypto-policies%2Fback-ends%2Fopenssl.config&path=%2F%2Fetc%2Fcrypto-policies%2Fback-ends HTTP/2" 200 2646 "-" "Mozilla/5.0 AppleWebKit/537.36 (KHTML, like Gecko; compatible; ClaudeBot/1.0; +claudebot@anthropic.com)"
74.7.227.10 - - [31/Mar/2026:05:37:21 +0700] "GET /?fileloc=//usr/bin/zmore&path=//usr/bin HTTP/2" 200 3450 "https://www.lotushomemade.com/?path=//usr/bin" "Mozilla/5.0 AppleWebKit/537.36 (KHTML, like Gecko; compatible; GPTBot/1.3; +https://openai.com/gptbot)"
216.73.216.24 - - [31/Mar/2026:05:37:21 +0700] "GET /whatsapp:/send?fileloc=%2F%2Fproc%2Fself%2Froot%2Flib%2F.build-id%2F57%2Fb8a5867e5f562f337b5f826c6621df1b3e7cba&path=%2F%2Fproc%2Fself%2Froot%2Flib%2F.build-id%2F57 HTTP/2" 200 8895 "-" "Mozilla/5.0 AppleWebKit/537.36 (KHTML, like Gecko; compatible; ClaudeBot/1.0; +claudebot@anthropic.com)"
216.73.216.24 - - [31/Mar/2026:05:37:21 +0700] "GET /sitemap.xml?fileloc=%2F%2Flib%2Ffirmware%2Fqca%2Fhpnv21g.b10c.xz&path=%2F%2Flib%2Ffirmware%2Fqca HTTP/2" 200 5345 "-" "Mozilla/5.0 AppleWebKit/537.36 (KHTML, like Gecko; compatible; ClaudeBot/1.0; +claudebot@anthropic.com)"
216.73.216.24 - - [31/Mar/2026:05:37:21 +0700] "GET /whatsapp:/send?fileloc=%2F%2Flib64%2Flibboost-plesk-1.88%2Flibboost_thread-plesk.so.1.88.0&path=%2F%2Flib64%2Flibboost-plesk-1.88 HTTP/2" 200 42060 "-" "Mozilla/5.0 AppleWebKit/537.36 (KHTML, like Gecko; compatible; ClaudeBot/1.0; +claudebot@anthropic.com)"
57.141.16.38 - - [31/Mar/2026:05:37:21 +0700] "GET /news_sitemap.xml?fileloc=//lib/systemd/systemd-quotacheck&path=//lib/systemd HTTP/2" 200 30485 "-" "meta-externalagent/1.1 (+https://developers.facebook.com/docs/sharing/webmasters/crawler)"
74.7.227.29 - - [31/Mar/2026:05:37:21 +0700] "GET /wp-sitemap.xml?fileloc=//usr/lib/systemd/system/systemd-sysupdate.timer&path=//usr/lib/systemd/system HTTP/2" 200 3120 "https://lotushomemade.com/wp-sitemap.xml?path=//usr/lib/systemd/system" "Mozilla/5.0 AppleWebKit/537.36 (KHTML, like Gecko; compatible; GPTBot/1.3; +https://openai.com/gptbot)"
74.7.227.10 - - [31/Mar/2026:05:37:21 +0700] "GET /?fileloc=//usr/bin/vdir&path=//usr/bin HTTP/2" 200 57752 "https://www.lotushomemade.com/?path=//usr/bin" "Mozilla/5.0 AppleWebKit/537.36 (KHTML, like Gecko; compatible; GPTBot/1.3; +https://openai.com/gptbot)"
216.73.216.24 - - [31/Mar/2026:05:37:21 +0700] "GET /whatsapp:/send?fileloc=%2F%2Fproc%2Fself%2Froot%2Flib%2F.build-id%2F57%2Fa790ae511e29e92685909d994710b3cf4b818e&path=%2F%2Fproc%2Fself%2Froot%2Flib%2F.build-id%2F57 HTTP/2" 200 418654 "-" "Mozilla/5.0 AppleWebKit/537.36 (KHTML, like Gecko; compatible; ClaudeBot/1.0; +claudebot@anthropic.com)"
216.73.216.24 - - [31/Mar/2026:05:37:21 +0700] "GET /product/original-egg-roll-gift-series?fileloc=%2F%2Fvar%2Fsoftaculous%2Fwhmcs83%2Fphp81%2Fedit.php&path=%2F%2Fvar%2Fsoftaculous%2Fwhmcs83%2Fphp81 HTTP/2" 200 7265 "-" "Mozilla/5.0 AppleWebKit/537.36 (KHTML, like Gecko; compatible; ClaudeBot/1.0; +claudebot@anthropic.com)"
216.73.216.24 - - [31/Mar/2026:05:37:22 +0700] "GET /sitemap.xml?fileloc=%2F%2Fusr%2Fshare%2Flocale%2Feo%2FLC_MESSAGES%2Fkbd.mo&path=%2F%2Fusr%2Fshare%2Flocale%2Feo%2FLC_MESSAGES HTTP/2" 200 8467 "-" "Mozilla/5.0 AppleWebKit/537.36 (KHTML, like Gecko; compatible; ClaudeBot/1.0; +claudebot@anthropic.com)"
57.141.16.43 - - [31/Mar/2026:05:37:22 +0700] "GET /news_sitemap.xml?fileloc=//lib/kdump/kdump-lib-initramfs.sh&path=//lib/kdump HTTP/2" 200 17453 "-" "meta-externalagent/1.1 (+https://developers.facebook.com/docs/sharing/webmasters/crawler)"
216.73.216.24 - - [31/Mar/2026:05:37:22 +0700] "GET /whatsapp:/send?fileloc=%2F%2Fproc%2Fself%2Froot%2Fusr%2Flib%2Ffirmware%2Fcirrus%2Fcs35l56%2FCS35L56_Rev3.11.28B.wmfw.xz&path=%2F%2Fproc%2Fself%2Froot%2Fusr%2Flib%2Ffirmware%2Fcirrus%2Fcs35l56 HTTP/2" 200 19283 "-" "Mozilla/5.0 AppleWebKit/537.36 (KHTML, like Gecko; compatible; ClaudeBot/1.0; +claudebot@anthropic.com)"
216.73.216.24 - - [31/Mar/2026:05:37:22 +0700] "GET /whatsapp:/send?fileloc=%2F%2Fproc%2Fthread-self%2Froot%2Fvar%2Fsoftaculous%2Fsizzle%2Fimages%2Fcatlogo.gif&path=%2F%2Fproc%2Fthread-self%2Froot%2Fvar%2Fsoftaculous%2Fsizzle%2Fimages HTTP/2" 200 4020 "-" "Mozilla/5.0 AppleWebKit/537.36 (KHTML, like Gecko; compatible; ClaudeBot/1.0; +claudebot@anthropic.com)"
216.73.216.24 - - [31/Mar/2026:05:37:22 +0700] "GET /sitemap.xml?fileloc=%2F%2Flib64%2Flibfontconfig.so.1.12.0&path=%2F%2Flib64 HTTP/2" 200 139067 "-" "Mozilla/5.0 AppleWebKit/537.36 (KHTML, like Gecko; compatible; ClaudeBot/1.0; +claudebot@anthropic.com)"
74.7.227.29 - - [31/Mar/2026:05:37:22 +0700] "GET /wp-sitemap.xml?fileloc=//proc/1354764/root/lib64/xtables/libxt_DNAT.so&path=//proc/1354764/root/lib64/xtables HTTP/2" 200 2540 "https://lotushomemade.com/wp-sitemap.xml?path=//proc/1354764/root/lib64/xtables" "Mozilla/5.0 AppleWebKit/537.36 (KHTML, like Gecko; compatible; GPTBot/1.3; +https://openai.com/gptbot)"
216.73.216.24 - - [31/Mar/2026:05:37:22 +0700] "GET /sitemap.xml?fileloc=%2F%2Fusr%2Fshare%2Fman%2Fde%2Fman1%2Fwhatis.1.gz&path=%2F%2Fusr%2Fshare%2Fman%2Fde%2Fman1 HTTP/2" 200 5614 "-" "Mozilla/5.0 AppleWebKit/537.36 (KHTML, like Gecko; compatible; ClaudeBot/1.0; +claudebot@anthropic.com)"
57.141.16.79 - - [31/Mar/2026:05:37:22 +0700] "GET /news_sitemap.xml?fileloc=//lib/systemd/systemd-makefs&path=//lib/systemd HTTP/2" 200 31589 "-" "meta-externalagent/1.1 (+https://developers.facebook.com/docs/sharing/webmasters/crawler)"
216.73.216.24 - - [31/Mar/2026:05:37:22 +0700] "GET /product/seaweed-cuttle-fish-l?path=%2F%2Fvar%2Fsoftaculous%2Ftangobb HTTP/2" 200 3410 "-" "Mozilla/5.0 AppleWebKit/537.36 (KHTML, like Gecko; compatible; ClaudeBot/1.0; +claudebot@anthropic.com)"
216.73.216.24 - - [31/Mar/2026:05:37:22 +0700] "GET /sitemap.xml?fileloc=%2F%2Fusr%2Flib64%2Fperl5%2Fvendor_perl%2Fauto%2FNet%2FSSLeay%2Frandomize.al&path=%2F%2Fusr%2Flib64%2Fperl5%2Fvendor_perl%2Fauto%2FNet%2FSSLeay HTTP/2" 200 3061 "-" "Mozilla/5.0 AppleWebKit/537.36 (KHTML, like Gecko; compatible; ClaudeBot/1.0; +claudebot@anthropic.com)"
216.73.216.24 - - [31/Mar/2026:05:37:22 +0700] "GET /sitemap.xml?fileloc=%2F%2Flib%2Fkbd%2Fconsolefonts%2FUniCyrExt_8x16.psf.gz&path=%2F%2Flib%2Fkbd%2Fconsolefonts HTTP/2" 200 5118 "-" "Mozilla/5.0 AppleWebKit/537.36 (KHTML, like Gecko; compatible; ClaudeBot/1.0; +claudebot@anthropic.com)"
74.7.227.10 - - [31/Mar/2026:05:37:22 +0700] "GET /?fileloc=//usr/bin/mesg&path=//usr/bin HTTP/2" 200 7232 "https://www.lotushomemade.com/?path=//usr/bin" "Mozilla/5.0 AppleWebKit/537.36 (KHTML, like Gecko; compatible; GPTBot/1.3; +https://openai.com/gptbot)"
216.73.216.24 - - [31/Mar/2026:05:37:22 +0700] "GET /sitemap.xml?fileloc=%2F%2Fusr%2Flib64%2Ftc%2Fparetonormal.dist&path=%2F%2Fusr%2Flib64%2Ftc HTTP/2" 200 11181 "-" "Mozilla/5.0 AppleWebKit/537.36 (KHTML, like Gecko; compatible; ClaudeBot/1.0; +claudebot@anthropic.com)"
216.73.216.24 - - [31/Mar/2026:05:37:22 +0700] "GET /whatsapp:/send?fileloc=%2F%2Fproc%2Fself%2Froot%2Flib%2Flocale%2Fen_HK.utf8%2FLC_TELEPHONE&path=%2F%2Fproc%2Fself%2Froot%2Flib%2Flocale%2Fen_HK.utf8 HTTP/2" 200 2613 "-" "Mozilla/5.0 AppleWebKit/537.36 (KHTML, like Gecko; compatible; ClaudeBot/1.0; +claudebot@anthropic.com)"
216.73.216.24 - - [31/Mar/2026:05:37:22 +0700] "GET /whatsapp:/b?fileloc=%2Fhome%2Flotushomemade.com%2Fhttpdocs%2Fwp-content%2Fthemes%2Ftwentytwentyfive%2Freadme.txt&path=%2Fhome%2Flotushomemade.com%2Fhttpdocs%2Fwp-content%2Fthemes%2Ftwentytwentyfive HTTP/2" 200 5454 "-" "Mozilla/5.0 AppleWebKit/537.36 (KHTML, like Gecko; compatible; ClaudeBot/1.0; +claudebot@anthropic.com)"
74.7.227.29 - - [31/Mar/2026:05:37:22 +0700] "GET /wp-sitemap.xml?fileloc=//proc/1354764/root/lib64/xtables/libxt_SNAT.so&path=//proc/1354764/root/lib64/xtables HTTP/2" 200 2540 "https://lotushomemade.com/wp-sitemap.xml?path=//proc/1354764/root/lib64/xtables" "Mozilla/5.0 AppleWebKit/537.36 (KHTML, like Gecko; compatible; GPTBot/1.3; +https://openai.com/gptbot)"
57.141.16.51 - - [31/Mar/2026:05:37:23 +0700] "GET /news_sitemap.xml?path=//lib/tuned/balanced HTTP/2" 200 14196 "-" "meta-externalagent/1.1 (+https://developers.facebook.com/docs/sharing/webmasters/crawler)"
216.73.216.24 - - [31/Mar/2026:05:37:23 +0700] "GET /product/original-egg-roll-gift-series?fileloc=%2F%2Fvar%2Fsoftaculous%2Fwhmcs813%2Fphp82%2Fedit.php&path=%2F%2Fvar%2Fsoftaculous%2Fwhmcs813%2Fphp82 HTTP/2" 200 7249 "-" "Mozilla/5.0 AppleWebKit/537.36 (KHTML, like Gecko; compatible; ClaudeBot/1.0; +claudebot@anthropic.com)"
216.73.216.24 - - [31/Mar/2026:05:37:23 +0700] "GET /whatsapp:/send?fileloc=%2F%2Fproc%2Fself%2Froot%2Flib%2F.build-id%2F62%2F254b5400a4bfc10b841c105378370a81aa6065&path=%2F%2Fproc%2Fself%2Froot%2Flib%2F.build-id%2F62 HTTP/2" 200 18946 "-" "Mozilla/5.0 AppleWebKit/537.36 (KHTML, like Gecko; compatible; ClaudeBot/1.0; +claudebot@anthropic.com)"
74.7.227.10 - - [31/Mar/2026:05:37:23 +0700] "GET /?fileloc=//usr/bin/gsnd&path=//usr/bin HTTP/2" 200 2680 "https://www.lotushomemade.com/?path=//usr/bin" "Mozilla/5.0 AppleWebKit/537.36 (KHTML, like Gecko; compatible; GPTBot/1.3; +https://openai.com/gptbot)"
216.73.216.24 - - [31/Mar/2026:05:37:23 +0700] "GET /sitemap.xml?fileloc=%2F%2Fusr%2Flib%2Ffirmware%2Fqcom%2Fqrb4210%2Fadsps.jsn&path=%2F%2Fusr%2Flib%2Ffirmware%2Fqcom%2Fqrb4210 HTTP/2" 200 2715 "-" "Mozilla/5.0 AppleWebKit/537.36 (KHTML, like Gecko; compatible; ClaudeBot/1.0; +claudebot@anthropic.com)"
57.141.16.11 - - [31/Mar/2026:05:37:23 +0700] "GET /news_sitemap.xml?path=//lib/kdump/dracut.conf.d HTTP/2" 200 14237 "-" "meta-externalagent/1.1 (+https://developers.facebook.com/docs/sharing/webmasters/crawler)"
216.73.216.24 - - [31/Mar/2026:05:37:23 +0700] "GET /sitemap.xml?fileloc=%2F%2Flib%2Ffirmware%2Fradeon%2Fkaveri_mec.bin.xz&path=%2F%2Flib%2Ffirmware%2Fradeon HTTP/2" 200 9966 "-" "Mozilla/5.0 AppleWebKit/537.36 (KHTML, like Gecko; compatible; ClaudeBot/1.0; +claudebot@anthropic.com)"
57.141.16.91 - - [31/Mar/2026:05:37:23 +0700] "GET /news_sitemap.xml?fileloc=/home/lotushomemade.com/httpdocs/wp-includes/blocks/group/editor-rtl.css&path=/home/lotushomemade.com/httpdocs/wp-includes/blocks/group HTTP/2" 200 14157 "-" "meta-externalagent/1.1 (+https://developers.facebook.com/docs/sharing/webmasters/crawler)"
74.7.227.29 - - [31/Mar/2026:05:37:23 +0700] "GET /wp-sitemap.xml?fileloc=//lib/firmware/ath11k/QCA2066/hw2.1/Notice.txt.xz&path=//lib/firmware/ath11k/QCA2066/hw2.1 HTTP/2" 200 13540 "https://lotushomemade.com/wp-sitemap.xml?path=//lib/firmware/ath11k/QCA2066/hw2.1" "Mozilla/5.0 AppleWebKit/537.36 (KHTML, like Gecko; compatible; GPTBot/1.3; +https://openai.com/gptbot)"
216.73.216.24 - - [31/Mar/2026:05:37:23 +0700] "GET /product/original-egg-roll-gift-series?fileloc=%2F%2Fvar%2Fsoftaculous%2Fmagento17%2Fphp53%2Fedit.php&path=%2F%2Fvar%2Fsoftaculous%2Fmagento17%2Fphp53 HTTP/2" 200 5848 "-" "Mozilla/5.0 AppleWebKit/537.36 (KHTML, like Gecko; compatible; ClaudeBot/1.0; +claudebot@anthropic.com)"
216.73.216.24 - - [31/Mar/2026:05:37:23 +0700] "GET /whatsapp:/send?fileloc=%2F%2Fproc%2Fsys%2Fnet%2Fipv6%2Fconf%2Feno4%2Faccept_ra_pinfo&path=%2F%2Fproc%2Fsys%2Fnet%2Fipv6%2Fconf%2Feno4 HTTP/2" 200 2555 "-" "Mozilla/5.0 AppleWebKit/537.36 (KHTML, like Gecko; compatible; ClaudeBot/1.0; +claudebot@anthropic.com)"
216.73.216.24 - - [31/Mar/2026:05:37:23 +0700] "GET /sitemap.xml?fileloc=%2F%2Fproc%2Fself%2Froot%2Flib%2Flocale%2Fen_IN%2FLC_PAPER&path=%2F%2Fproc%2Fself%2Froot%2Flib%2Flocale%2Fen_IN HTTP/2" 200 2595 "-" "Mozilla/5.0 AppleWebKit/537.36 (KHTML, like Gecko; compatible; ClaudeBot/1.0; +claudebot@anthropic.com)"
216.73.216.24 - - [31/Mar/2026:05:37:23 +0700] "GET /sitemap.xml?fileloc=%2F%2Fproc%2Fself%2Froot%2Flib%2F.build-id%2F3f%2Fc20162aa0933fe2c9bdd0c034040fea02aa36e&path=%2F%2Fproc%2Fself%2Froot%2Flib%2F.build-id%2F3f HTTP/2" 200 13311 "-" "Mozilla/5.0 AppleWebKit/537.36 (KHTML, like Gecko; compatible; ClaudeBot/1.0; +claudebot@anthropic.com)"
74.7.227.10 - - [31/Mar/2026:05:37:23 +0700] "GET /?fileloc=//usr/bin/flock&path=//usr/bin HTTP/2" 200 9399 "https://www.lotushomemade.com/?path=//usr/bin" "Mozilla/5.0 AppleWebKit/537.36 (KHTML, like Gecko; compatible; GPTBot/1.3; +https://openai.com/gptbot)"
216.73.216.24 - - [31/Mar/2026:05:37:23 +0700] "GET /sitemap.xml?fileloc=%2F%2Fproc%2Fself%2Fcwd%2Fwp-includes%2Fimages%2Fmedia%2Finteractive.svg&path=%2F%2Fproc%2Fself%2Fcwd%2Fwp-includes%2Fimages%2Fmedia HTTP/2" 200 2765 "-" "Mozilla/5.0 AppleWebKit/537.36 (KHTML, like Gecko; compatible; ClaudeBot/1.0; +claudebot@anthropic.com)"
57.141.16.78 - - [31/Mar/2026:05:37:23 +0700] "GET /news_sitemap.xml?path=//lib/modules/5.14.0-570.12.1.el9_6.x86_64 HTTP/2" 200 14191 "-" "meta-externalagent/1.1 (+https://developers.facebook.com/docs/sharing/webmasters/crawler)"
216.73.216.24 - - [31/Mar/2026:05:37:23 +0700] "GET /wp-sitemap.xml?fileloc=%2F%2Fusr%2Flib%2Ffirmware%2Fqca%2Fnvm_usb_00130200_0104.bin.xz&path=%2F%2Fusr%2Flib%2Ffirmware%2Fqca HTTP/2" 200 5210 "-" "Mozilla/5.0 AppleWebKit/537.36 (KHTML, like Gecko; compatible; ClaudeBot/1.0; +claudebot@anthropic.com)"
74.7.227.29 - - [31/Mar/2026:05:37:23 +0700] "GET /wp-sitemap.xml?fileloc=//proc/1354764/root/lib64/xtables/libipt_LOG.so&path=//proc/1354764/root/lib64/xtables HTTP/2" 200 2539 "https://lotushomemade.com/wp-sitemap.xml?path=//proc/1354764/root/lib64/xtables" "Mozilla/5.0 AppleWebKit/537.36 (KHTML, like Gecko; compatible; GPTBot/1.3; +https://openai.com/gptbot)"
216.73.216.24 - - [31/Mar/2026:05:37:23 +0700] "GET /product/original-egg-roll-gift-series?fileloc=%2F%2Fvar%2Fsoftaculous%2Fricar%2Fphp71%2Finstall.php&path=%2F%2Fvar%2Fsoftaculous%2Fricar%2Fphp71 HTTP/2" 200 6826 "-" "Mozilla/5.0 AppleWebKit/537.36 (KHTML, like Gecko; compatible; ClaudeBot/1.0; +claudebot@anthropic.com)"
216.73.216.24 - - [31/Mar/2026:05:37:24 +0700] "GET /sitemap.xml?fileloc=%2F%2Fproc%2Fself%2Froot%2Flib%2F.build-id%2Fb8%2F3eb955d7612a5963e5affe945c06401a1cfac2&path=%2F%2Fproc%2Fself%2Froot%2Flib%2F.build-id%2Fb8 HTTP/2" 200 7040 "-" "Mozilla/5.0 AppleWebKit/537.36 (KHTML, like Gecko; compatible; ClaudeBot/1.0; +claudebot@anthropic.com)"
216.73.216.24 - - [31/Mar/2026:05:37:24 +0700] "GET /product/original-egg-roll-gift-series?fileloc=%2F%2Fvar%2Fsoftaculous%2Fopensis%2Fphp56%2Fedit.php&path=%2F%2Fvar%2Fsoftaculous%2Fopensis%2Fphp56 HTTP/2" 200 5873 "-" "Mozilla/5.0 AppleWebKit/537.36 (KHTML, like Gecko; compatible; ClaudeBot/1.0; +claudebot@anthropic.com)"
216.73.216.24 - - [31/Mar/2026:05:37:24 +0700] "GET /whatsapp:/send?fileloc=%2F%2Fvar%2Fsoftaculous%2Felgg%2F.htaccess&path=%2F%2Fvar%2Fsoftaculous%2Felgg HTTP/2" 200 4773 "-" "Mozilla/5.0 AppleWebKit/537.36 (KHTML, like Gecko; compatible; ClaudeBot/1.0; +claudebot@anthropic.com)"
74.7.227.10 - - [31/Mar/2026:05:37:24 +0700] "GET /?fileloc=//usr/bin/tload&path=//usr/bin HTTP/2" 200 8196 "https://www.lotushomemade.com/?path=//usr/bin" "Mozilla/5.0 AppleWebKit/537.36 (KHTML, like Gecko; compatible; GPTBot/1.3; +https://openai.com/gptbot)"
216.73.216.24 - - [31/Mar/2026:05:37:24 +0700] "GET /whatsapp:/send?fileloc=%2F%2Flib%2Ffirmware%2Fsdca%2F1fa%2F1028%2Fe23%2F3.bin.xz&path=%2F%2Flib%2Ffirmware%2Fsdca%2F1fa%2F1028%2Fe23 HTTP/2" 200 2641 "-" "Mozilla/5.0 AppleWebKit/537.36 (KHTML, like Gecko; compatible; ClaudeBot/1.0; +claudebot@anthropic.com)"
216.73.216.24 - - [31/Mar/2026:05:37:24 +0700] "GET /wp-sitemap.xml?fileloc=%2F%2Fvar%2Fsoftaculous%2Fplikli%2Finfo.xml&path=%2F%2Fvar%2Fsoftaculous%2Fplikli HTTP/2" 200 3821 "-" "Mozilla/5.0 AppleWebKit/537.36 (KHTML, like Gecko; compatible; ClaudeBot/1.0; +claudebot@anthropic.com)"
57.141.16.86 - - [31/Mar/2026:05:37:24 +0700] "GET /news_sitemap.xml?fileloc=//lib/firmware/qat_895xcc_mmp.bin.xz&path=//lib/firmware HTTP/2" 200 87050 "-" "meta-externalagent/1.1 (+https://developers.facebook.com/docs/sharing/webmasters/crawler)"
216.73.216.24 - - [31/Mar/2026:05:37:24 +0700] "GET /sitemap.xml?fileloc=%2F%2Fproc%2Fself%2Froot%2Flib%2Flocale%2Fen_AU%2FLC_ADDRESS&path=%2F%2Fproc%2Fself%2Froot%2Flib%2Flocale%2Fen_AU HTTP/2" 200 2670 "-" "Mozilla/5.0 AppleWebKit/537.36 (KHTML, like Gecko; compatible; ClaudeBot/1.0; +claudebot@anthropic.com)"
216.73.216.24 - - [31/Mar/2026:05:37:24 +0700] "GET /whatsapp:/send?fileloc=%2F%2Fvar%2Fsoftaculous%2Fsuitecrm7%2Ffileindex.php&path=%2F%2Fvar%2Fsoftaculous%2Fsuitecrm7 HTTP/2" 200 2886 "-" "Mozilla/5.0 AppleWebKit/537.36 (KHTML, like Gecko; compatible; ClaudeBot/1.0; +claudebot@anthropic.com)"
74.7.227.29 - - [31/Mar/2026:05:37:24 +0700] "GET /wp-sitemap.xml?fileloc=//proc/1354764/root/lib64/xtables/libxt_SET.so&path=//proc/1354764/root/lib64/xtables HTTP/2" 200 2537 "https://lotushomemade.com/wp-sitemap.xml?path=//proc/1354764/root/lib64/xtables" "Mozilla/5.0 AppleWebKit/537.36 (KHTML, like Gecko; compatible; GPTBot/1.3; +https://openai.com/gptbot)"
216.73.216.24 - - [31/Mar/2026:05:37:24 +0700] "GET /sitemap.xml?fileloc=%2F%2Fvar%2Fsoftaculous%2Fsofawiki%2Fimages%2Fsofawiki.png&path=%2F%2Fvar%2Fsoftaculous%2Fsofawiki%2Fimages HTTP/2" 200 6391 "-" "Mozilla/5.0 AppleWebKit/537.36 (KHTML, like Gecko; compatible; ClaudeBot/1.0; +claudebot@anthropic.com)"
74.7.227.10 - - [31/Mar/2026:05:37:24 +0700] "GET /?fileloc=//usr/bin/zcat&path=//usr/bin HTTP/2" 200 3494 "https://www.lotushomemade.com/?path=//usr/bin" "Mozilla/5.0 AppleWebKit/537.36 (KHTML, like Gecko; compatible; GPTBot/1.3; +https://openai.com/gptbot)"
216.73.216.24 - - [31/Mar/2026:05:37:24 +0700] "GET /wp-sitemap.xml?fileloc=%2F%2Fusr%2Flib%2Ffirmware%2Fcypress%2Fcyfmac4354-sdio.clm_blob.xz&path=%2F%2Fusr%2Flib%2Ffirmware%2Fcypress HTTP/2" 200 4458 "-" "Mozilla/5.0 AppleWebKit/537.36 (KHTML, like Gecko; compatible; ClaudeBot/1.0; +claudebot@anthropic.com)"
216.73.216.24 - - [31/Mar/2026:05:37:24 +0700] "GET /sitemap.xml?fileloc=%2F%2Fproc%2Fself%2Froot%2Flib%2F.build-id%2Fc9%2Fbe431d1f1c5f446c8be36fee02f4d36ebd24a4&path=%2F%2Fproc%2Fself%2Froot%2Flib%2F.build-id%2Fc9 HTTP/2" 200 14414 "-" "Mozilla/5.0 AppleWebKit/537.36 (KHTML, like Gecko; compatible; ClaudeBot/1.0; +claudebot@anthropic.com)"
216.73.216.24 - - [31/Mar/2026:05:37:24 +0700] "GET /whatsapp:/send?fileloc=%2F%2Fproc%2Fself%2Froot%2Flib%2F.build-id%2F3d%2F37884697775d9021dc23610499ebdf2b1e13ca&path=%2F%2Fproc%2Fself%2Froot%2Flib%2F.build-id%2F3d HTTP/2" 200 16528 "-" "Mozilla/5.0 AppleWebKit/537.36 (KHTML, like Gecko; compatible; ClaudeBot/1.0; +claudebot@anthropic.com)"
74.7.227.29 - - [31/Mar/2026:05:37:25 +0700] "GET /wp-sitemap.xml?fileloc=//proc/1354764/root/lib64/xtables/libxt_HMARK.so&path=//proc/1354764/root/lib64/xtables HTTP/2" 200 2542 "https://lotushomemade.com/wp-sitemap.xml?path=//proc/1354764/root/lib64/xtables" "Mozilla/5.0 AppleWebKit/537.36 (KHTML, like Gecko; compatible; GPTBot/1.3; +https://openai.com/gptbot)"
216.73.216.24 - - [31/Mar/2026:05:37:25 +0700] "GET /sitemap.xml?fileloc=%2F%2Fusr%2Flocal%2Flsws%2FLICENSE.OpenSSL&path=%2F%2Fusr%2Flocal%2Flsws HTTP/2" 200 4617 "-" "Mozilla/5.0 AppleWebKit/537.36 (KHTML, like Gecko; compatible; ClaudeBot/1.0; +claudebot@anthropic.com)"
57.141.16.67 - - [31/Mar/2026:05:37:25 +0700] "GET /news_sitemap.xml?path=/home/lotushomemade.com/httpdocs/wp-includes/sodium_compat/src/Core HTTP/2" 200 51675 "-" "meta-externalagent/1.1 (+https://developers.facebook.com/docs/sharing/webmasters/crawler)"
216.73.216.24 - - [31/Mar/2026:05:37:25 +0700] "GET /sitemap.xml?fileloc=%2Fhome%2Flotushomemade.com%2Fhttpdocs%2Fwp-content%2Fthemes%2Ftwentytwentythree%2Ftemplates%2Findex.html&path=%2Fhome%2Flotushomemade.com%2Fhttpdocs%2Fwp-content%2Fthemes%2Ftwentytwentythree%2Ftemplates HTTP/2" 200 3154 "-" "Mozilla/5.0 AppleWebKit/537.36 (KHTML, like Gecko; compatible; ClaudeBot/1.0; +claudebot@anthropic.com)"
57.141.16.38 - - [31/Mar/2026:05:37:25 +0700] "GET /news_sitemap.xml?fileloc=//lib/firmware/TAS2XXX387E.bin.xz&path=//lib/firmware HTTP/2" 200 21027 "-" "meta-externalagent/1.1 (+https://developers.facebook.com/docs/sharing/webmasters/crawler)"
216.73.216.24 - - [31/Mar/2026:05:37:25 +0700] "GET /sitemap.xml?fileloc=%2F%2Fproc%2Fself%2Froot%2Flib%2F.build-id%2F5c%2Fd487411bb321bfa407bf13a329aaaddad3f4e6&path=%2F%2Fproc%2Fself%2Froot%2Flib%2F.build-id%2F5c HTTP/2" 200 9770 "-" "Mozilla/5.0 AppleWebKit/537.36 (KHTML, like Gecko; compatible; ClaudeBot/1.0; +claudebot@anthropic.com)"
74.7.227.10 - - [31/Mar/2026:05:37:25 +0700] "GET /?fileloc=//usr/bin/chown&path=//usr/bin HTTP/2" 200 26789 "https://www.lotushomemade.com/?path=//usr/bin" "Mozilla/5.0 AppleWebKit/537.36 (KHTML, like Gecko; compatible; GPTBot/1.3; +https://openai.com/gptbot)"
