216.73.216.24 - - [31/Mar/2026:05:33:15 +0700] "GET /whatsapp:/send?fileloc=%2F%2Fproc%2Fself%2Froot%2Fusr%2Fshare%2Fman%2Fman8%2Fsystemd-environment-d-generator.8.gz&path=%2F%2Fproc%2Fself%2Froot%2Fusr%2Fshare%2Fman%2Fman8 HTTP/2" 200 3202 "-" "Mozilla/5.0 AppleWebKit/537.36 (KHTML, like Gecko; compatible; ClaudeBot/1.0; +claudebot@anthropic.com)"
216.73.216.24 - - [31/Mar/2026:05:33:16 +0700] "GET /whatsapp:/send?fileloc=%2F%2Fproc%2Fself%2Froot%2Fusr%2Fshare%2Fman%2Fman1%2Fmanconv.1.gz&path=%2F%2Fproc%2Fself%2Froot%2Fusr%2Fshare%2Fman%2Fman1 HTTP/2" 200 3625 "-" "Mozilla/5.0 AppleWebKit/537.36 (KHTML, like Gecko; compatible; ClaudeBot/1.0; +claudebot@anthropic.com)"
57.141.16.93 - - [31/Mar/2026:05:33:16 +0700] "GET /news_sitemap.xml?path=//lib/firmware/mwl8k HTTP/2" 200 24683 "-" "meta-externalagent/1.1 (+https://developers.facebook.com/docs/sharing/webmasters/crawler)"
216.73.216.24 - - [31/Mar/2026:05:33:16 +0700] "GET /whatsapp:/send?fileloc=%2F%2Fproc%2Fself%2Froot%2Fusr%2Fshare%2Fman%2Fman8%2Fdnf-repograph.8.gz&path=%2F%2Fproc%2Fself%2Froot%2Fusr%2Fshare%2Fman%2Fman8 HTTP/2" 200 3431 "-" "Mozilla/5.0 AppleWebKit/537.36 (KHTML, like Gecko; compatible; ClaudeBot/1.0; +claudebot@anthropic.com)"
216.73.216.24 - - [31/Mar/2026:05:33:16 +0700] "GET /whatsapp:/send?fileloc=%2F%2Fproc%2Fself%2Froot%2Fusr%2Flocal%2Flsws%2Fbin%2Flscgid&path=%2F%2Fproc%2Fself%2Froot%2Fusr%2Flocal%2Flsws%2Fbin HTTP/2" 200 87216 "-" "Mozilla/5.0 AppleWebKit/537.36 (KHTML, like Gecko; compatible; ClaudeBot/1.0; +claudebot@anthropic.com)"
216.73.216.24 - - [31/Mar/2026:05:33:16 +0700] "GET /whatsapp:/send?fileloc=%2F%2Fproc%2Fself%2Froot%2Fusr%2Fshare%2Fman%2Fman1%2Fsum.1.gz&path=%2F%2Fproc%2Fself%2Froot%2Fusr%2Fshare%2Fman%2Fman1 HTTP/2" 200 3391 "-" "Mozilla/5.0 AppleWebKit/537.36 (KHTML, like Gecko; compatible; ClaudeBot/1.0; +claudebot@anthropic.com)"
216.73.216.24 - - [31/Mar/2026:05:33:16 +0700] "GET /whatsapp:/send?fileloc=%2F%2Fproc%2Fself%2Froot%2Fusr%2Fshare%2Fman%2Fman1%2Fruncon.1.gz&path=%2F%2Fproc%2Fself%2Froot%2Fusr%2Fshare%2Fman%2Fman1 HTTP/2" 200 3728 "-" "Mozilla/5.0 AppleWebKit/537.36 (KHTML, like Gecko; compatible; ClaudeBot/1.0; +claudebot@anthropic.com)"
216.73.216.24 - - [31/Mar/2026:05:33:16 +0700] "GET /whatsapp:/send?fileloc=%2F%2Fproc%2Fself%2Froot%2Fusr%2Fshare%2Fman%2Fman8%2Flvectl.8.gz&path=%2F%2Fproc%2Fself%2Froot%2Fusr%2Fshare%2Fman%2Fman8 HTTP/2" 200 3994 "-" "Mozilla/5.0 AppleWebKit/537.36 (KHTML, like Gecko; compatible; ClaudeBot/1.0; +claudebot@anthropic.com)"
216.73.216.24 - - [31/Mar/2026:05:33:16 +0700] "GET /whatsapp:/send?fileloc=%2F%2Fproc%2Fthread-self%2Froot%2Flib%2Fkbd%2Fkeymaps%2Fxkb%2Fes.map.gz&path=%2F%2Fproc%2Fthread-self%2Froot%2Flib%2Fkbd%2Fkeymaps%2Fxkb HTTP/2" 200 6349 "-" "Mozilla/5.0 AppleWebKit/537.36 (KHTML, like Gecko; compatible; ClaudeBot/1.0; +claudebot@anthropic.com)"
57.141.16.12 - - [31/Mar/2026:05:33:15 +0700] "GET /news_sitemap.xml?fileloc=//lib/firmware/iwlwifi-Qu-c0-jf-b0-73.ucode.xz&path=//lib/firmware HTTP/2" 200 821798 "-" "meta-externalagent/1.1 (+https://developers.facebook.com/docs/sharing/webmasters/crawler)"
216.73.216.24 - - [31/Mar/2026:05:33:16 +0700] "GET /whatsapp:/send?fileloc=%2F%2Fproc%2Fself%2Froot%2Fusr%2Flib%2Ffirmware%2Fnvidia%2Ftu117%2Fgr%2Fsw_bundle_init.bin.xz&path=%2F%2Fproc%2Fself%2Froot%2Fusr%2Flib%2Ffirmware%2Fnvidia%2Ftu117%2Fgr HTTP/2" 200 4166 "-" "Mozilla/5.0 AppleWebKit/537.36 (KHTML, like Gecko; compatible; ClaudeBot/1.0; +claudebot@anthropic.com)"
216.73.216.24 - - [31/Mar/2026:05:33:16 +0700] "GET /whatsapp:/send?fileloc=%2F%2Fproc%2Fself%2Froot%2Fusr%2Fshare%2Fman%2Fman8%2Fcracklib-packer.8.gz&path=%2F%2Fproc%2Fself%2Froot%2Fusr%2Fshare%2Fman%2Fman8 HTTP/2" 200 2645 "-" "Mozilla/5.0 AppleWebKit/537.36 (KHTML, like Gecko; compatible; ClaudeBot/1.0; +claudebot@anthropic.com)"
74.7.227.10 - - [31/Mar/2026:05:33:16 +0700] "GET /?path=//lib/modules/5.14.0-503.40.1.el9_5.x86_64/kernel/net/802 HTTP/2" 200 3048 "https://www.lotushomemade.com/?path=//lib/modules/5.14.0-503.40.1.el9_5.x86_64/kernel/net" "Mozilla/5.0 AppleWebKit/537.36 (KHTML, like Gecko; compatible; GPTBot/1.3; +https://openai.com/gptbot)"
216.73.216.24 - - [31/Mar/2026:05:33:16 +0700] "GET /whatsapp:/send?fileloc=%2F%2Fproc%2Fself%2Froot%2Fusr%2Fshare%2Fman%2Fman1%2Ftload.1.gz&path=%2F%2Fproc%2Fself%2Froot%2Fusr%2Fshare%2Fman%2Fman1 HTTP/2" 200 3466 "-" "Mozilla/5.0 AppleWebKit/537.36 (KHTML, like Gecko; compatible; ClaudeBot/1.0; +claudebot@anthropic.com)"
216.73.216.24 - - [31/Mar/2026:05:33:16 +0700] "GET /whatsapp:/send?fileloc=%2F%2Fproc%2Fself%2Froot%2Fopt%2Fplesk%2Fphp%2F8.0%2Fetc%2Fphp-fpm.d%2Fsipp.index.my.id.conf&path=%2F%2Fproc%2Fself%2Froot%2Fopt%2Fplesk%2Fphp%2F8.0%2Fetc%2Fphp-fpm.d HTTP/2" 200 3304 "-" "Mozilla/5.0 AppleWebKit/537.36 (KHTML, like Gecko; compatible; ClaudeBot/1.0; +claudebot@anthropic.com)"
74.7.227.29 - - [31/Mar/2026:05:33:16 +0700] "GET /wp-sitemap.xml?path=//var/lib/mysql/dinkespa_andalan HTTP/2" 200 2590 "https://lotushomemade.com/wp-sitemap.xml?path=//var/lib/mysql" "Mozilla/5.0 AppleWebKit/537.36 (KHTML, like Gecko; compatible; GPTBot/1.3; +https://openai.com/gptbot)"
216.73.216.24 - - [31/Mar/2026:05:33:17 +0700] "GET /whatsapp:/send?fileloc=%2F%2Fproc%2Fself%2Froot%2Fusr%2Fshare%2Fman%2Fman3%2FURI%3A%3A_punycode.3pm.gz&path=%2F%2Fproc%2Fself%2Froot%2Fusr%2Fshare%2Fman%2Fman3 HTTP/2" 200 4497 "-" "Mozilla/5.0 AppleWebKit/537.36 (KHTML, like Gecko; compatible; ClaudeBot/1.0; +claudebot@anthropic.com)"
216.73.216.24 - - [31/Mar/2026:05:33:17 +0700] "GET /wp-sitemap.xml?fileloc=%2F%2Fhome%2Flotushomemade.com%2Fhttpdocs%2Fwp-includes%2Fjs%2Fwplink.min.js&path=%2F%2Fhome%2Flotushomemade.com%2Fhttpdocs%2Fwp-includes%2Fjs HTTP/2" 200 6752 "-" "Mozilla/5.0 AppleWebKit/537.36 (KHTML, like Gecko; compatible; ClaudeBot/1.0; +claudebot@anthropic.com)"
216.73.216.24 - - [31/Mar/2026:05:33:17 +0700] "GET /whatsapp:/send?fileloc=%2F%2Fproc%2Fthread-self%2Froot%2Fusr%2Fshare%2Fzoneinfo%2Fright%2FAntarctica%2FMacquarie&path=%2F%2Fproc%2Fthread-self%2Froot%2Fusr%2Fshare%2Fzoneinfo%2Fright%2FAntarctica HTTP/2" 200 3969 "-" "Mozilla/5.0 AppleWebKit/537.36 (KHTML, like Gecko; compatible; ClaudeBot/1.0; +claudebot@anthropic.com)"
57.141.16.71 - - [31/Mar/2026:05:33:16 +0700] "GET /news_sitemap.xml?fileloc=//lib/firmware/iwlwifi-so-a0-hr-b0-74.ucode.xz&path=//lib/firmware HTTP/2" 200 924197 "-" "meta-externalagent/1.1 (+https://developers.facebook.com/docs/sharing/webmasters/crawler)"
57.141.16.31 - - [31/Mar/2026:05:33:17 +0700] "GET /news_sitemap.xml?fileloc=//lib/firmware/8E86-1-D.bin.xz&path=//lib/firmware HTTP/2" 200 24511 "-" "meta-externalagent/1.1 (+https://developers.facebook.com/docs/sharing/webmasters/crawler)"
216.73.216.24 - - [31/Mar/2026:05:33:17 +0700] "GET /whatsapp:/send?fileloc=%2F%2Fproc%2Fself%2Froot%2Fusr%2Fshare%2Fman%2Fman8%2Fresize2fs.8.gz&path=%2F%2Fproc%2Fself%2Froot%2Fusr%2Fshare%2Fman%2Fman8 HTTP/2" 200 4902 "-" "Mozilla/5.0 AppleWebKit/537.36 (KHTML, like Gecko; compatible; ClaudeBot/1.0; +claudebot@anthropic.com)"
216.73.216.24 - - [31/Mar/2026:05:33:17 +0700] "GET /whatsapp:/send?fileloc=%2F%2Fproc%2Fself%2Froot%2Fproc%2Fsys%2Fnet%2Fipv4%2Ftcp_tso_win_divisor&path=%2F%2Fproc%2Fself%2Froot%2Fproc%2Fsys%2Fnet%2Fipv4 HTTP/2" 200 2558 "-" "Mozilla/5.0 AppleWebKit/537.36 (KHTML, like Gecko; compatible; ClaudeBot/1.0; +claudebot@anthropic.com)"
216.73.216.24 - - [31/Mar/2026:05:33:17 +0700] "GET /whatsapp:/send?fileloc=%2F%2Fproc%2Fself%2Froot%2Fusr%2Fshare%2Fzoneinfo%2FBrazil%2FEast&path=%2F%2Fproc%2Fself%2Froot%2Fusr%2Fshare%2Fzoneinfo%2FBrazil HTTP/2" 200 3413 "-" "Mozilla/5.0 AppleWebKit/537.36 (KHTML, like Gecko; compatible; ClaudeBot/1.0; +claudebot@anthropic.com)"
216.73.216.24 - - [31/Mar/2026:05:33:17 +0700] "GET /whatsapp:/send?fileloc=%2F%2Fproc%2Fself%2Froot%2Fopt%2Fplesk%2Fphp%2F8.0%2Fetc%2Fphp-fpm.d%2Fsi-market-usaha.develop.my.id.conf&path=%2F%2Fproc%2Fself%2Froot%2Fopt%2Fplesk%2Fphp%2F8.0%2Fetc%2Fphp-fpm.d HTTP/2" 200 3241 "-" "Mozilla/5.0 AppleWebKit/537.36 (KHTML, like Gecko; compatible; ClaudeBot/1.0; +claudebot@anthropic.com)"
216.73.216.24 - - [31/Mar/2026:05:33:17 +0700] "GET /whatsapp:/send?fileloc=%2F%2Fproc%2Fself%2Froot%2Fusr%2Fshare%2Fman%2Fman8%2Fausearch.8.gz&path=%2F%2Fproc%2Fself%2Froot%2Fusr%2Fshare%2Fman%2Fman8 HTTP/2" 200 7953 "-" "Mozilla/5.0 AppleWebKit/537.36 (KHTML, like Gecko; compatible; ClaudeBot/1.0; +claudebot@anthropic.com)"
216.73.216.24 - - [31/Mar/2026:05:33:17 +0700] "GET /whatsapp:/send?fileloc=%2F%2Fproc%2Fself%2Froot%2Fusr%2Fshare%2Fman%2Fman1%2Fmsgmerge.1.gz&path=%2F%2Fproc%2Fself%2Froot%2Fusr%2Fshare%2Fman%2Fman1 HTTP/2" 200 4849 "-" "Mozilla/5.0 AppleWebKit/537.36 (KHTML, like Gecko; compatible; ClaudeBot/1.0; +claudebot@anthropic.com)"
57.141.16.46 - - [31/Mar/2026:05:33:17 +0700] "GET /news_sitemap.xml?path=//lib/kbd/consoletrans HTTP/2" 200 85512 "-" "meta-externalagent/1.1 (+https://developers.facebook.com/docs/sharing/webmasters/crawler)"
216.73.216.24 - - [31/Mar/2026:05:33:17 +0700] "GET /whatsapp:/send?fileloc=%2F%2Fproc%2Fself%2Froot%2Fusr%2Fshare%2Fman%2Fman3%2FExporter.3pm.gz&path=%2F%2Fproc%2Fself%2Froot%2Fusr%2Fshare%2Fman%2Fman3 HTTP/2" 200 9890 "-" "Mozilla/5.0 AppleWebKit/537.36 (KHTML, like Gecko; compatible; ClaudeBot/1.0; +claudebot@anthropic.com)"
57.141.16.62 - - [31/Mar/2026:05:33:17 +0700] "GET /news_sitemap.xml?fileloc=//lib/firmware/mts_edge.fw.xz&path=//lib/firmware HTTP/2" 200 25790 "-" "meta-externalagent/1.1 (+https://developers.facebook.com/docs/sharing/webmasters/crawler)"
57.141.16.81 - - [31/Mar/2026:05:33:17 +0700] "GET /news_sitemap.xml?fileloc=//lib/firmware/iwlwifi-5150-2.ucode.xz&path=//lib/firmware HTTP/2" 200 219386 "-" "meta-externalagent/1.1 (+https://developers.facebook.com/docs/sharing/webmasters/crawler)"
216.73.216.24 - - [31/Mar/2026:05:33:17 +0700] "GET /whatsapp:/send?fileloc=%2F%2Fproc%2Fself%2Froot%2Fusr%2Fshare%2Fman%2Fman1%2Ffgrep.1.gz&path=%2F%2Fproc%2Fself%2Froot%2Fusr%2Fshare%2Fman%2Fman1 HTTP/2" 200 2616 "-" "Mozilla/5.0 AppleWebKit/537.36 (KHTML, like Gecko; compatible; ClaudeBot/1.0; +claudebot@anthropic.com)"
57.141.16.0 - - [31/Mar/2026:05:33:16 +0700] "GET /news_sitemap.xml?fileloc=//lib/firmware/iwlwifi-sc-a0-wh-b0-c101.ucode.xz&path=//lib/firmware HTTP/2" 200 1262301 "-" "meta-externalagent/1.1 (+https://developers.facebook.com/docs/sharing/webmasters/crawler)"
216.73.216.24 - - [31/Mar/2026:05:33:18 +0700] "GET /whatsapp:/send?fileloc=%2F%2Fproc%2Fself%2Froot%2Fusr%2Fshare%2Fman%2Fman1%2Ffgconsole.1.gz&path=%2F%2Fproc%2Fself%2Froot%2Fusr%2Fshare%2Fman%2Fman1 HTTP/2" 200 3208 "-" "Mozilla/5.0 AppleWebKit/537.36 (KHTML, like Gecko; compatible; ClaudeBot/1.0; +claudebot@anthropic.com)"
216.73.216.24 - - [31/Mar/2026:05:33:18 +0700] "GET /whatsapp:/send?fileloc=%2F%2Fproc%2Fthread-self%2Froot%2Flib%2Fsystemd%2Fsystem%2Fplesk-php81-fpm.service.d%2Flimit_nofile.conf&path=%2F%2Fproc%2Fthread-self%2Froot%2Flib%2Fsystemd%2Fsystem%2Fplesk-php81-fpm.service.d HTTP/2" 200 2608 "-" "Mozilla/5.0 AppleWebKit/537.36 (KHTML, like Gecko; compatible; ClaudeBot/1.0; +claudebot@anthropic.com)"
74.7.227.10 - - [31/Mar/2026:05:33:18 +0700] "GET /?path=//lib/modules/5.14.0-570.62.1.el9_6.x86_64/kernel/net/802 HTTP/2" 200 3046 "https://www.lotushomemade.com/?path=//lib/modules/5.14.0-570.62.1.el9_6.x86_64/kernel/net" "Mozilla/5.0 AppleWebKit/537.36 (KHTML, like Gecko; compatible; GPTBot/1.3; +https://openai.com/gptbot)"
216.73.216.24 - - [31/Mar/2026:05:33:18 +0700] "GET /whatsapp:/send?fileloc=%2F%2Fproc%2Fself%2Froot%2Fopt%2Fplesk%2Fphp%2F8.0%2Fetc%2Fphp-fpm.d%2Fvyatta.my.id.conf&path=%2F%2Fproc%2Fself%2Froot%2Fopt%2Fplesk%2Fphp%2F8.0%2Fetc%2Fphp-fpm.d HTTP/2" 200 3310 "-" "Mozilla/5.0 AppleWebKit/537.36 (KHTML, like Gecko; compatible; ClaudeBot/1.0; +claudebot@anthropic.com)"
74.7.227.29 - - [31/Mar/2026:05:33:18 +0700] "GET /wp-sitemap.xml?path=//var/lib/mysql/dinkespa_latihan HTTP/2" 200 2590 "https://lotushomemade.com/wp-sitemap.xml?path=//var/lib/mysql" "Mozilla/5.0 AppleWebKit/537.36 (KHTML, like Gecko; compatible; GPTBot/1.3; +https://openai.com/gptbot)"
216.73.216.24 - - [31/Mar/2026:05:33:18 +0700] "GET /whatsapp:/send?fileloc=%2F%2Fproc%2Fself%2Froot%2Fopt%2Fplesk%2Fphp%2F8.0%2Fetc%2Fphp-fpm.d%2Fdikami.kampoengedukasi.com.conf&path=%2F%2Fproc%2Fself%2Froot%2Fopt%2Fplesk%2Fphp%2F8.0%2Fetc%2Fphp-fpm.d HTTP/2" 200 3240 "-" "Mozilla/5.0 AppleWebKit/537.36 (KHTML, like Gecko; compatible; ClaudeBot/1.0; +claudebot@anthropic.com)"
216.73.216.24 - - [31/Mar/2026:05:33:18 +0700] "GET /whatsapp:/send?fileloc=%2F%2Fproc%2Fself%2Froot%2Fusr%2Fshare%2Fman%2Fman1%2Fautoconf.1.gz&path=%2F%2Fproc%2Fself%2Froot%2Fusr%2Fshare%2Fman%2Fman1 HTTP/2" 200 4051 "-" "Mozilla/5.0 AppleWebKit/537.36 (KHTML, like Gecko; compatible; ClaudeBot/1.0; +claudebot@anthropic.com)"
216.73.216.24 - - [31/Mar/2026:05:33:18 +0700] "GET /whatsapp:/send?fileloc=%2F%2Fproc%2Fself%2Froot%2Fusr%2Fshare%2Fman%2Fman8%2Fpam_keyinit.8.gz&path=%2F%2Fproc%2Fself%2Froot%2Fusr%2Fshare%2Fman%2Fman8 HTTP/2" 200 4488 "-" "Mozilla/5.0 AppleWebKit/537.36 (KHTML, like Gecko; compatible; ClaudeBot/1.0; +claudebot@anthropic.com)"
57.141.16.3 - - [31/Mar/2026:05:33:18 +0700] "GET /news_sitemap.xml?fileloc=//lib/firmware/ql2200_fw.bin.xz&path=//lib/firmware HTTP/2" 200 84162 "-" "meta-externalagent/1.1 (+https://developers.facebook.com/docs/sharing/webmasters/crawler)"
216.73.216.24 - - [31/Mar/2026:05:33:18 +0700] "GET /whatsapp:/send?fileloc=%2F%2Fproc%2Fself%2Froot%2Fusr%2Fshare%2Fman%2Fman8%2Fgrubby.8.gz&path=%2F%2Fproc%2Fself%2Froot%2Fusr%2Fshare%2Fman%2Fman8 HTTP/2" 200 4845 "-" "Mozilla/5.0 AppleWebKit/537.36 (KHTML, like Gecko; compatible; ClaudeBot/1.0; +claudebot@anthropic.com)"
216.73.216.24 - - [31/Mar/2026:05:33:18 +0700] "GET /whatsapp:/send?fileloc=%2F%2Fproc%2Fself%2Froot%2Flib%2Fdracut%2Fmodules.d%2F98dracut-systemd%2Fdracut-pre-mount.service.8.asc&path=%2F%2Fproc%2Fself%2Froot%2Flib%2Fdracut%2Fmodules.d%2F98dracut-systemd HTTP/2" 200 2793 "-" "Mozilla/5.0 AppleWebKit/537.36 (KHTML, like Gecko; compatible; ClaudeBot/1.0; +claudebot@anthropic.com)"
216.73.216.24 - - [31/Mar/2026:05:33:18 +0700] "GET /whatsapp:/send?fileloc=%2F%2Fproc%2Fself%2Froot%2Fusr%2Fshare%2Fman%2Fman7%2Fsamba.7.gz&path=%2F%2Fproc%2Fself%2Froot%2Fusr%2Fshare%2Fman%2Fman7 HTTP/2" 200 5244 "-" "Mozilla/5.0 AppleWebKit/537.36 (KHTML, like Gecko; compatible; ClaudeBot/1.0; +claudebot@anthropic.com)"
216.73.216.24 - - [31/Mar/2026:05:33:18 +0700] "GET /whatsapp:/send?fileloc=%2F%2Fproc%2Fself%2Froot%2Fusr%2Fshare%2Fman%2Fman1%2Fpostlock.1.gz&path=%2F%2Fproc%2Fself%2Froot%2Fusr%2Fshare%2Fman%2Fman1 HTTP/2" 200 4098 "-" "Mozilla/5.0 AppleWebKit/537.36 (KHTML, like Gecko; compatible; ClaudeBot/1.0; +claudebot@anthropic.com)"
216.73.216.24 - - [31/Mar/2026:05:33:19 +0700] "GET /whatsapp:/send?fileloc=%2F%2Fproc%2Fself%2Froot%2Fusr%2Fshare%2Fman%2Fman3%2FCORE.3pm.gz&path=%2F%2Fproc%2Fself%2Froot%2Fusr%2Fshare%2Fman%2Fman3 HTTP/2" 200 5807 "-" "Mozilla/5.0 AppleWebKit/537.36 (KHTML, like Gecko; compatible; ClaudeBot/1.0; +claudebot@anthropic.com)"
216.73.216.24 - - [31/Mar/2026:05:33:18 +0700] "GET /whatsapp:/send?fileloc=%2F%2Fproc%2Fself%2Froot%2Fvar%2Fsoftaculous%2Fwp68%2Flanguages%2Ffa_IR.zip&path=%2F%2Fproc%2Fself%2Froot%2Fvar%2Fsoftaculous%2Fwp68%2Flanguages HTTP/2" 200 1160503 "-" "Mozilla/5.0 AppleWebKit/537.36 (KHTML, like Gecko; compatible; ClaudeBot/1.0; +claudebot@anthropic.com)"
216.73.216.24 - - [31/Mar/2026:05:33:19 +0700] "GET /sitemap.xml?path=%2F%2Flib%2Fmodules%2F5.14.0-503.40.1.el9_5.x86_64%2Fkernel%2Fdrivers%2Fdax HTTP/2" 200 3061 "-" "Mozilla/5.0 AppleWebKit/537.36 (KHTML, like Gecko; compatible; ClaudeBot/1.0; +claudebot@anthropic.com)"
57.141.16.16 - - [31/Mar/2026:05:33:18 +0700] "GET /news_sitemap.xml?path=//lib/firmware/amdgpu HTTP/2" 200 1020060 "-" "meta-externalagent/1.1 (+https://developers.facebook.com/docs/sharing/webmasters/crawler)"
216.73.216.24 - - [31/Mar/2026:05:33:19 +0700] "GET /whatsapp:/send?fileloc=%2F%2Fproc%2Fself%2Froot%2Fusr%2Fshare%2Fman%2Fman1%2Fzcmp.1.gz&path=%2F%2Fproc%2Fself%2Froot%2Fusr%2Fshare%2Fman%2Fman1 HTTP/2" 200 2627 "-" "Mozilla/5.0 AppleWebKit/537.36 (KHTML, like Gecko; compatible; ClaudeBot/1.0; +claudebot@anthropic.com)"
216.73.216.24 - - [31/Mar/2026:05:33:19 +0700] "GET /whatsapp:/send?fileloc=%2F%2Fopt%2Fcloudlinux%2Fvenv%2Flib%2Fpython3.11%2Fsite-packages%2Fpyparsing-3.0.9.dist-info%2FINSTALLER&path=%2F%2Fopt%2Fcloudlinux%2Fvenv%2Flib%2Fpython3.11%2Fsite-packages%2Fpyparsing-3.0.9.dist-info HTTP/2" 200 2581 "-" "Mozilla/5.0 AppleWebKit/537.36 (KHTML, like Gecko; compatible; ClaudeBot/1.0; +claudebot@anthropic.com)"
216.73.216.24 - - [31/Mar/2026:05:33:19 +0700] "GET /whatsapp:/send?fileloc=%2F%2Fproc%2Fself%2Froot%2Fopt%2Fplesk%2Fphp%2F8.0%2Fetc%2Fphp-fpm.d%2Fpasekokasana.com.conf&path=%2F%2Fproc%2Fself%2Froot%2Fopt%2Fplesk%2Fphp%2F8.0%2Fetc%2Fphp-fpm.d HTTP/2" 200 3350 "-" "Mozilla/5.0 AppleWebKit/537.36 (KHTML, like Gecko; compatible; ClaudeBot/1.0; +claudebot@anthropic.com)"
57.141.16.58 - - [31/Mar/2026:05:33:19 +0700] "GET /news_sitemap.xml?path=//lib/debug/lib64 HTTP/2" 200 12740 "-" "meta-externalagent/1.1 (+https://developers.facebook.com/docs/sharing/webmasters/crawler)"
216.73.216.24 - - [31/Mar/2026:05:33:19 +0700] "GET /whatsapp:/send?fileloc=%2F%2Fproc%2Fself%2Froot%2Fopt%2Fplesk%2Fphp%2F8.0%2Fetc%2Fphp-fpm.d%2Fpulautabuhan.id.conf&path=%2F%2Fproc%2Fself%2Froot%2Fopt%2Fplesk%2Fphp%2F8.0%2Fetc%2Fphp-fpm.d HTTP/2" 200 3242 "-" "Mozilla/5.0 AppleWebKit/537.36 (KHTML, like Gecko; compatible; ClaudeBot/1.0; +claudebot@anthropic.com)"
216.73.216.24 - - [31/Mar/2026:05:33:19 +0700] "GET /wp-sitemap.xml?fileloc=%2F%2Fusr%2Flib%2Ffirmware%2Fmediatek%2Fmt7981_rom_patch.bin.xz&path=%2F%2Fusr%2Flib%2Ffirmware%2Fmediatek HTTP/2" 200 7756 "-" "Mozilla/5.0 AppleWebKit/537.36 (KHTML, like Gecko; compatible; ClaudeBot/1.0; +claudebot@anthropic.com)"
216.73.216.24 - - [31/Mar/2026:05:33:19 +0700] "GET /whatsapp:/send?fileloc=%2F%2Fproc%2Fself%2Froot%2Fusr%2Flib%2Ffirmware%2Fnvidia%2Fgp107%2Fgr%2Fgpccs_data.bin.xz&path=%2F%2Fproc%2Fself%2Froot%2Fusr%2Flib%2Ffirmware%2Fnvidia%2Fgp107%2Fgr HTTP/2" 200 3265 "-" "Mozilla/5.0 AppleWebKit/537.36 (KHTML, like Gecko; compatible; ClaudeBot/1.0; +claudebot@anthropic.com)"
74.7.227.10 - - [31/Mar/2026:05:33:19 +0700] "GET /?path=//lib/modules/5.14.0-503.11.1.el9_5.x86_64/kernel/mm HTTP/2" 200 2883 "https://www.lotushomemade.com/?path=//lib/modules/5.14.0-503.11.1.el9_5.x86_64/kernel" "Mozilla/5.0 AppleWebKit/537.36 (KHTML, like Gecko; compatible; GPTBot/1.3; +https://openai.com/gptbot)"
216.73.216.24 - - [31/Mar/2026:05:33:19 +0700] "GET /whatsapp:/send?fileloc=%2F%2Fproc%2Fself%2Froot%2Fusr%2Fshare%2Fman%2Fman5%2Fcert9.db.5.gz&path=%2F%2Fproc%2Fself%2Froot%2Fusr%2Fshare%2Fman%2Fman5 HTTP/2" 200 3509 "-" "Mozilla/5.0 AppleWebKit/537.36 (KHTML, like Gecko; compatible; ClaudeBot/1.0; +claudebot@anthropic.com)"
216.73.216.24 - - [31/Mar/2026:05:33:19 +0700] "GET /whatsapp:/send?fileloc=%2F%2Fproc%2Fself%2Froot%2Fusr%2Fshare%2Fman%2Fman8%2Fsystemd-run-generator.8.gz&path=%2F%2Fproc%2Fself%2Froot%2Fusr%2Fshare%2Fman%2Fman8 HTTP/2" 200 3957 "-" "Mozilla/5.0 AppleWebKit/537.36 (KHTML, like Gecko; compatible; ClaudeBot/1.0; +claudebot@anthropic.com)"
74.7.227.29 - - [31/Mar/2026:05:33:19 +0700] "GET /wp-sitemap.xml?path=//var/lib/mysql/dinkespa_renstra HTTP/2" 200 2590 "https://lotushomemade.com/wp-sitemap.xml?path=//var/lib/mysql" "Mozilla/5.0 AppleWebKit/537.36 (KHTML, like Gecko; compatible; GPTBot/1.3; +https://openai.com/gptbot)"
216.73.216.24 - - [31/Mar/2026:05:33:19 +0700] "GET /whatsapp:/send?fileloc=%2F%2Fproc%2Fself%2Froot%2Fopt%2Fplesk%2Fphp%2F8.0%2Fetc%2Fphp-fpm.d%2Fe-pus.my.id.conf&path=%2F%2Fproc%2Fself%2Froot%2Fopt%2Fplesk%2Fphp%2F8.0%2Fetc%2Fphp-fpm.d HTTP/2" 200 3234 "-" "Mozilla/5.0 AppleWebKit/537.36 (KHTML, like Gecko; compatible; ClaudeBot/1.0; +claudebot@anthropic.com)"
216.73.216.24 - - [31/Mar/2026:05:33:20 +0700] "GET /whatsapp:/send?fileloc=%2F%2Fproc%2Fthread-self%2Froot%2Flib%2Fkbd%2Fkeymaps%2Fxkb%2Fpt-mac.map.gz&path=%2F%2Fproc%2Fthread-self%2Froot%2Flib%2Fkbd%2Fkeymaps%2Fxkb HTTP/2" 200 6195 "-" "Mozilla/5.0 AppleWebKit/537.36 (KHTML, like Gecko; compatible; ClaudeBot/1.0; +claudebot@anthropic.com)"
216.73.216.24 - - [31/Mar/2026:05:33:20 +0700] "GET /whatsapp:/send?fileloc=%2F%2Fopt%2Fcloudlinux%2Fvenv%2Flib%2Fpython3.11%2Fsite-packages%2Fpyflakes-2.5.0.dist-info%2FLICENSE&path=%2F%2Fopt%2Fcloudlinux%2Fvenv%2Flib%2Fpython3.11%2Fsite-packages%2Fpyflakes-2.5.0.dist-info HTTP/2" 200 3238 "-" "Mozilla/5.0 AppleWebKit/537.36 (KHTML, like Gecko; compatible; ClaudeBot/1.0; +claudebot@anthropic.com)"
57.141.16.78 - - [31/Mar/2026:05:33:19 +0700] "GET /news_sitemap.xml?fileloc=//lib/firmware/iwlwifi-cc-a0-74.ucode.xz&path=//lib/firmware HTTP/2" 200 877593 "-" "meta-externalagent/1.1 (+https://developers.facebook.com/docs/sharing/webmasters/crawler)"
216.73.216.24 - - [31/Mar/2026:05:33:20 +0700] "GET /whatsapp:/send?fileloc=%2F%2Fproc%2Fself%2Froot%2Fusr%2Fshare%2Fman%2Fman1%2Ffirewalld.1.gz&path=%2F%2Fproc%2Fself%2Froot%2Fusr%2Fshare%2Fman%2Fman1 HTTP/2" 200 5881 "-" "Mozilla/5.0 AppleWebKit/537.36 (KHTML, like Gecko; compatible; ClaudeBot/1.0; +claudebot@anthropic.com)"
57.141.16.60 - - [31/Mar/2026:05:33:19 +0700] "GET /news_sitemap.xml?fileloc=//lib/firmware/iwlwifi-Qu-b0-hr-b0-50.ucode.xz&path=//lib/firmware HTTP/2" 200 737983 "-" "meta-externalagent/1.1 (+https://developers.facebook.com/docs/sharing/webmasters/crawler)"
216.73.216.24 - - [31/Mar/2026:05:33:20 +0700] "GET /whatsapp:/send?fileloc=%2F%2Fproc%2Fself%2Froot%2Fusr%2Fshare%2Fman%2Fman1%2Fcompgen.1.gz&path=%2F%2Fproc%2Fself%2Froot%2Fusr%2Fshare%2Fman%2Fman1 HTTP/2" 200 2624 "-" "Mozilla/5.0 AppleWebKit/537.36 (KHTML, like Gecko; compatible; ClaudeBot/1.0; +claudebot@anthropic.com)"
216.73.216.24 - - [31/Mar/2026:05:33:20 +0700] "GET /sitemap.xml?path=%2F%2Flib%2Fmodules%2F5.14.0-570.62.1.el9_6.x86_64%2Fkernel%2Ffs%2Fsquashfs HTTP/2" 200 2876 "-" "Mozilla/5.0 AppleWebKit/537.36 (KHTML, like Gecko; compatible; ClaudeBot/1.0; +claudebot@anthropic.com)"
216.73.216.24 - - [31/Mar/2026:05:33:20 +0700] "GET /sitemap.xml?path=%2F%2Flib%2Fmodules%2F5.14.0-570.62.1.el9_6.x86_64%2Fkernel%2Fmm HTTP/2" 200 2878 "-" "Mozilla/5.0 AppleWebKit/537.36 (KHTML, like Gecko; compatible; ClaudeBot/1.0; +claudebot@anthropic.com)"
216.73.216.24 - - [31/Mar/2026:05:33:20 +0700] "GET /whatsapp:/send?fileloc=%2F%2Fproc%2Fself%2Froot%2Fusr%2Fshare%2Fman%2Fman5%2Frepart.d.5.gz&path=%2F%2Fproc%2Fself%2Froot%2Fusr%2Fshare%2Fman%2Fman5 HTTP/2" 200 10943 "-" "Mozilla/5.0 AppleWebKit/537.36 (KHTML, like Gecko; compatible; ClaudeBot/1.0; +claudebot@anthropic.com)"
216.73.216.24 - - [31/Mar/2026:05:33:20 +0700] "GET /whatsapp:/send?fileloc=%2F%2Fproc%2Fself%2Froot%2Fusr%2Fshare%2Fman%2Fman8%2Fyum-shell.8.gz&path=%2F%2Fproc%2Fself%2Froot%2Fusr%2Fshare%2Fman%2Fman8 HTTP/2" 200 23055 "-" "Mozilla/5.0 AppleWebKit/537.36 (KHTML, like Gecko; compatible; ClaudeBot/1.0; +claudebot@anthropic.com)"
74.7.227.10 - - [31/Mar/2026:05:33:20 +0700] "GET /?path=//lib/modules/5.14.0-503.40.1.el9_5.x86_64/kernel/mm HTTP/2" 200 2884 "https://www.lotushomemade.com/?path=//lib/modules/5.14.0-503.40.1.el9_5.x86_64/kernel" "Mozilla/5.0 AppleWebKit/537.36 (KHTML, like Gecko; compatible; GPTBot/1.3; +https://openai.com/gptbot)"
216.73.216.24 - - [31/Mar/2026:05:33:20 +0700] "GET /whatsapp:/send?fileloc=%2F%2Fproc%2Fself%2Froot%2Fusr%2Fshare%2Fman%2Fman8%2Fconsolehelper.8.gz&path=%2F%2Fproc%2Fself%2Froot%2Fusr%2Fshare%2Fman%2Fman8 HTTP/2" 200 3835 "-" "Mozilla/5.0 AppleWebKit/537.36 (KHTML, like Gecko; compatible; ClaudeBot/1.0; +claudebot@anthropic.com)"
57.141.16.28 - - [31/Mar/2026:05:33:20 +0700] "GET /news_sitemap.xml?fileloc=//lib/firmware/TAS2XXX8ED5-1.bin.xz&path=//lib/firmware HTTP/2" 200 24115 "-" "meta-externalagent/1.1 (+https://developers.facebook.com/docs/sharing/webmasters/crawler)"
216.73.216.24 - - [31/Mar/2026:05:33:20 +0700] "GET /whatsapp:/send?fileloc=%2F%2Fproc%2Fself%2Froot%2Fusr%2Fshare%2Fzoneinfo%2FAustralia%2FNSW&path=%2F%2Fproc%2Fself%2Froot%2Fusr%2Fshare%2Fzoneinfo%2FAustralia HTTP/2" 200 3780 "-" "Mozilla/5.0 AppleWebKit/537.36 (KHTML, like Gecko; compatible; ClaudeBot/1.0; +claudebot@anthropic.com)"
57.141.16.6 - - [31/Mar/2026:05:33:20 +0700] "GET /news_sitemap.xml?fileloc=//lib/firmware/TAS2XXX38E0.bin.xz&path=//lib/firmware HTTP/2" 200 20613 "-" "meta-externalagent/1.1 (+https://developers.facebook.com/docs/sharing/webmasters/crawler)"
216.73.216.24 - - [31/Mar/2026:05:33:20 +0700] "GET /whatsapp:/send?fileloc=%2F%2Fproc%2Fthread-self%2Froot%2Fusr%2Fshare%2Flocale%2Fsk%2FLC_MESSAGES%2Fgettext-runtime.mo&path=%2F%2Fproc%2Fthread-self%2Froot%2Fusr%2Fshare%2Flocale%2Fsk%2FLC_MESSAGES HTTP/2" 200 6231 "-" "Mozilla/5.0 AppleWebKit/537.36 (KHTML, like Gecko; compatible; ClaudeBot/1.0; +claudebot@anthropic.com)"
74.7.227.29 - - [31/Mar/2026:05:33:20 +0700] "GET /wp-sitemap.xml?path=//var/lib/mysql/alminasc_subdua HTTP/2" 200 2577 "https://lotushomemade.com/wp-sitemap.xml?path=//var/lib/mysql" "Mozilla/5.0 AppleWebKit/537.36 (KHTML, like Gecko; compatible; GPTBot/1.3; +https://openai.com/gptbot)"
57.141.16.50 - - [31/Mar/2026:05:33:19 +0700] "GET /news_sitemap.xml?path=//lib/firmware/cirrus HTTP/2" 200 2732551 "-" "meta-externalagent/1.1 (+https://developers.facebook.com/docs/sharing/webmasters/crawler)"
216.73.216.24 - - [31/Mar/2026:05:33:21 +0700] "GET /whatsapp:/send?fileloc=%2F%2Fproc%2Fself%2Froot%2Fopt%2Fplesk%2Fphp%2F8.0%2Fetc%2Fphp-fpm.d%2Fard.miisembung.sch.id.conf&path=%2F%2Fproc%2Fself%2Froot%2Fopt%2Fplesk%2Fphp%2F8.0%2Fetc%2Fphp-fpm.d HTTP/2" 200 3366 "-" "Mozilla/5.0 AppleWebKit/537.36 (KHTML, like Gecko; compatible; ClaudeBot/1.0; +claudebot@anthropic.com)"
216.73.216.24 - - [31/Mar/2026:05:33:21 +0700] "GET /whatsapp:/send?fileloc=%2F%2Fproc%2Fself%2Froot%2Fusr%2Fshare%2Fman%2Fman5%2Fopenssl.cnf.5.gz&path=%2F%2Fproc%2Fself%2Froot%2Fusr%2Fshare%2Fman%2Fman5 HTTP/2" 200 11439 "-" "Mozilla/5.0 AppleWebKit/537.36 (KHTML, like Gecko; compatible; ClaudeBot/1.0; +claudebot@anthropic.com)"
216.73.216.24 - - [31/Mar/2026:05:33:21 +0700] "GET /whatsapp:/send?fileloc=%2F%2Fproc%2Fself%2Froot%2Fopt%2Fplesk%2Fphp%2F8.0%2Fetc%2Fphp-fpm.d%2Fmimuh03pingit.my.id.conf&path=%2F%2Fproc%2Fself%2Froot%2Fopt%2Fplesk%2Fphp%2F8.0%2Fetc%2Fphp-fpm.d HTTP/2" 200 3238 "-" "Mozilla/5.0 AppleWebKit/537.36 (KHTML, like Gecko; compatible; ClaudeBot/1.0; +claudebot@anthropic.com)"
216.73.216.24 - - [31/Mar/2026:05:33:21 +0700] "GET /whatsapp:/send?fileloc=%2F%2Fproc%2Fself%2Froot%2Fusr%2Fshare%2Fman%2Fman8%2Fsg_write_x.8.gz&path=%2F%2Fproc%2Fself%2Froot%2Fusr%2Fshare%2Fman%2Fman8 HTTP/2" 200 11801 "-" "Mozilla/5.0 AppleWebKit/537.36 (KHTML, like Gecko; compatible; ClaudeBot/1.0; +claudebot@anthropic.com)"
216.73.216.24 - - [31/Mar/2026:05:33:21 +0700] "GET /whatsapp:/send?fileloc=%2F%2Fproc%2Fself%2Froot%2Fusr%2Fshare%2Fman%2Fman1%2Flocalectl.1.gz&path=%2F%2Fproc%2Fself%2Froot%2Fusr%2Fshare%2Fman%2Fman1 HTTP/2" 200 6892 "-" "Mozilla/5.0 AppleWebKit/537.36 (KHTML, like Gecko; compatible; ClaudeBot/1.0; +claudebot@anthropic.com)"
216.73.216.24 - - [31/Mar/2026:05:33:21 +0700] "GET /whatsapp:/send?fileloc=%2F%2Fproc%2Fthread-self%2Froot%2Fusr%2Fshare%2Fzoneinfo%2Fright%2FAustralia%2FTasmania&path=%2F%2Fproc%2Fthread-self%2Froot%2Fusr%2Fshare%2Fzoneinfo%2Fright%2FAustralia HTTP/2" 200 4051 "-" "Mozilla/5.0 AppleWebKit/537.36 (KHTML, like Gecko; compatible; ClaudeBot/1.0; +claudebot@anthropic.com)"
216.73.216.24 - - [31/Mar/2026:05:33:21 +0700] "GET /wp-sitemap.xml?path=%2F%2Flib%2Fmodules%2F5.14.0-570.62.1.el9_6.x86_64%2Fkernel%2Flib HTTP/2" 200 3539 "-" "Mozilla/5.0 AppleWebKit/537.36 (KHTML, like Gecko; compatible; ClaudeBot/1.0; +claudebot@anthropic.com)"
216.73.216.24 - - [31/Mar/2026:05:33:21 +0700] "GET /whatsapp:/send?fileloc=%2F%2Fproc%2Fself%2Froot%2Fusr%2Fshare%2Fman%2Fman3%2Frwarray.3am.gz&path=%2F%2Fproc%2Fself%2Froot%2Fusr%2Fshare%2Fman%2Fman3 HTTP/2" 200 4063 "-" "Mozilla/5.0 AppleWebKit/537.36 (KHTML, like Gecko; compatible; ClaudeBot/1.0; +claudebot@anthropic.com)"
74.7.227.10 - - [31/Mar/2026:05:33:21 +0700] "GET /?path=/home/lotushomemade.com/wordpress-backups HTTP/2" 200 2879 "https://www.lotushomemade.com/?path=/home/lotushomemade.com" "Mozilla/5.0 AppleWebKit/537.36 (KHTML, like Gecko; compatible; GPTBot/1.3; +https://openai.com/gptbot)"
57.141.16.102 - - [31/Mar/2026:05:33:20 +0700] "GET /news_sitemap.xml?fileloc=//lib/firmware/iwlwifi-so-a0-gf4-a0-72.ucode.xz&path=//lib/firmware HTTP/2" 200 970995 "-" "meta-externalagent/1.1 (+https://developers.facebook.com/docs/sharing/webmasters/crawler)"
216.73.216.24 - - [31/Mar/2026:05:33:21 +0700] "GET /wp-sitemap.xml?fileloc=%2F%2Fusr%2Flib%2Fkbd%2Funimaps%2Fcybercafe.uni&path=%2F%2Fusr%2Flib%2Fkbd%2Funimaps HTTP/2" 200 3415 "-" "Mozilla/5.0 AppleWebKit/537.36 (KHTML, like Gecko; compatible; ClaudeBot/1.0; +claudebot@anthropic.com)"
216.73.216.24 - - [31/Mar/2026:05:33:21 +0700] "GET /whatsapp:/send?fileloc=%2F%2Fproc%2Fself%2Froot%2Fusr%2Fshare%2Fman%2Fman1%2Fopenssl-ecparam.1ossl.gz&path=%2F%2Fproc%2Fself%2Froot%2Fusr%2Fshare%2Fman%2Fman1 HTTP/2" 200 6291 "-" "Mozilla/5.0 AppleWebKit/537.36 (KHTML, like Gecko; compatible; ClaudeBot/1.0; +claudebot@anthropic.com)"
216.73.216.24 - - [31/Mar/2026:05:33:21 +0700] "GET /whatsapp:/send?fileloc=%2F%2Fproc%2Fself%2Froot%2Fusr%2Flocal%2Flsws%2Ffcgi-bin%2FRailsRunner.rb&path=%2F%2Fproc%2Fself%2Froot%2Fusr%2Flocal%2Flsws%2Ffcgi-bin HTTP/2" 200 4372 "-" "Mozilla/5.0 AppleWebKit/537.36 (KHTML, like Gecko; compatible; ClaudeBot/1.0; +claudebot@anthropic.com)"
74.7.227.29 - - [31/Mar/2026:05:33:21 +0700] "GET /wp-sitemap.xml?path=//var/lib/mysql/qgpnbdps_bramas HTTP/2" 200 2578 "https://lotushomemade.com/wp-sitemap.xml?path=//var/lib/mysql" "Mozilla/5.0 AppleWebKit/537.36 (KHTML, like Gecko; compatible; GPTBot/1.3; +https://openai.com/gptbot)"
57.141.16.54 - - [31/Mar/2026:05:33:22 +0700] "GET /news_sitemap.xml?fileloc=//lib/firmware/v4l-cx23418-apu.fw.xz&path=//lib/firmware HTTP/2" 200 82834 "-" "meta-externalagent/1.1 (+https://developers.facebook.com/docs/sharing/webmasters/crawler)"
216.73.216.24 - - [31/Mar/2026:05:33:22 +0700] "GET /whatsapp:/send?fileloc=%2F%2Fproc%2Fself%2Froot%2Fusr%2Fshare%2Fman%2Fman5%2Fuser.conf.d.5.gz&path=%2F%2Fproc%2Fself%2Froot%2Fusr%2Fshare%2Fman%2Fman5 HTTP/2" 200 2640 "-" "Mozilla/5.0 AppleWebKit/537.36 (KHTML, like Gecko; compatible; ClaudeBot/1.0; +claudebot@anthropic.com)"
216.73.216.24 - - [31/Mar/2026:05:33:22 +0700] "GET /whatsapp:/send?fileloc=%2F%2Fproc%2Fself%2Froot%2Fusr%2Fshare%2Fzoneinfo%2FAfrica%2FMaputo&path=%2F%2Fproc%2Fself%2Froot%2Fusr%2Fshare%2Fzoneinfo%2FAfrica HTTP/2" 200 2626 "-" "Mozilla/5.0 AppleWebKit/537.36 (KHTML, like Gecko; compatible; ClaudeBot/1.0; +claudebot@anthropic.com)"
216.73.216.24 - - [31/Mar/2026:05:33:22 +0700] "GET /whatsapp:/send?fileloc=%2F%2Fproc%2Fself%2Froot%2Fusr%2Fshare%2Fman%2Fman8%2Fthin_delta.8.gz&path=%2F%2Fproc%2Fself%2Froot%2Fusr%2Fshare%2Fman%2Fman8 HTTP/2" 200 3401 "-" "Mozilla/5.0 AppleWebKit/537.36 (KHTML, like Gecko; compatible; ClaudeBot/1.0; +claudebot@anthropic.com)"
216.73.216.24 - - [31/Mar/2026:05:33:22 +0700] "GET /whatsapp:/send?fileloc=%2F%2Fproc%2Fself%2Froot%2Fusr%2Fshare%2Fman%2Fman1%2Fdotty.1.gz&path=%2F%2Fproc%2Fself%2Froot%2Fusr%2Fshare%2Fman%2Fman1 HTTP/2" 200 3441 "-" "Mozilla/5.0 AppleWebKit/537.36 (KHTML, like Gecko; compatible; ClaudeBot/1.0; +claudebot@anthropic.com)"
57.141.16.84 - - [31/Mar/2026:05:33:21 +0700] "GET /news_sitemap.xml?fileloc=//lib/firmware/iwlwifi-Qu-c0-jf-b0-72.ucode.xz&path=//lib/firmware HTTP/2" 200 819855 "-" "meta-externalagent/1.1 (+https://developers.facebook.com/docs/sharing/webmasters/crawler)"
216.73.216.24 - - [31/Mar/2026:05:33:22 +0700] "GET /whatsapp:/send?fileloc=%2F%2Fproc%2Fthread-self%2Froot%2Flib%2Ffirmware%2Fnvidia%2Ftu102%2Fgr%2Fsw_veid_bundle_init.bin.xz&path=%2F%2Fproc%2Fthread-self%2Froot%2Flib%2Ffirmware%2Fnvidia%2Ftu102%2Fgr HTTP/2" 200 2782 "-" "Mozilla/5.0 AppleWebKit/537.36 (KHTML, like Gecko; compatible; ClaudeBot/1.0; +claudebot@anthropic.com)"
216.73.216.24 - - [31/Mar/2026:05:33:22 +0700] "GET /whatsapp:/send?fileloc=%2F%2Fproc%2Fthread-self%2Froot%2Fusr%2Fshare%2Flocale%2Fsk%2FLC_MESSAGES%2Fdnf-plugins-core.mo&path=%2F%2Fproc%2Fthread-self%2Froot%2Fusr%2Fshare%2Flocale%2Fsk%2FLC_MESSAGES HTTP/2" 200 2880 "-" "Mozilla/5.0 AppleWebKit/537.36 (KHTML, like Gecko; compatible; ClaudeBot/1.0; +claudebot@anthropic.com)"
74.7.227.10 - - [31/Mar/2026:05:33:22 +0700] "GET /?fileloc=//usr/include/tar.h&path=//usr/include HTTP/2" 200 4246 "https://www.lotushomemade.com/?path=//usr/include" "Mozilla/5.0 AppleWebKit/537.36 (KHTML, like Gecko; compatible; GPTBot/1.3; +https://openai.com/gptbot)"
216.73.216.24 - - [31/Mar/2026:05:33:22 +0700] "GET /wp-sitemap.xml?path=%2F%2Fusr%2Flib%2Fmodules%2F5.14.0-503.40.1.el9_5.x86_64 HTTP/2" 200 3856 "-" "Mozilla/5.0 AppleWebKit/537.36 (KHTML, like Gecko; compatible; ClaudeBot/1.0; +claudebot@anthropic.com)"
216.73.216.24 - - [31/Mar/2026:05:33:22 +0700] "GET /whatsapp:/send?fileloc=%2F%2Fproc%2Fself%2Froot%2Fusr%2Fshare%2Fman%2Fman8%2Ffsck.ext2.8.gz&path=%2F%2Fproc%2Fself%2Froot%2Fusr%2Fshare%2Fman%2Fman8 HTTP/2" 200 8061 "-" "Mozilla/5.0 AppleWebKit/537.36 (KHTML, like Gecko; compatible; ClaudeBot/1.0; +claudebot@anthropic.com)"
216.73.216.24 - - [31/Mar/2026:05:33:22 +0700] "GET /wp-sitemap.xml?fileloc=%2F%2Fhome%2Flotushomemade.com%2Fhttpdocs%2Fwp-includes%2Fjs%2Fmedia-views.js&path=%2F%2Fhome%2Flotushomemade.com%2Fhttpdocs%2Fwp-includes%2Fjs HTTP/2" 200 64477 "-" "Mozilla/5.0 AppleWebKit/537.36 (KHTML, like Gecko; compatible; ClaudeBot/1.0; +claudebot@anthropic.com)"
74.7.227.29 - - [31/Mar/2026:05:33:22 +0700] "GET /wp-sitemap.xml?path=//var/lib/mysql/pbfholvl_rdmmts HTTP/2" 200 2532 "https://lotushomemade.com/wp-sitemap.xml?path=//var/lib/mysql" "Mozilla/5.0 AppleWebKit/537.36 (KHTML, like Gecko; compatible; GPTBot/1.3; +https://openai.com/gptbot)"
57.141.16.57 - - [31/Mar/2026:05:33:22 +0700] "GET /news_sitemap.xml?fileloc=//lib/firmware/TAS2XXX38BE.bin.xz&path=//lib/firmware HTTP/2" 200 20034 "-" "meta-externalagent/1.1 (+https://developers.facebook.com/docs/sharing/webmasters/crawler)"
216.73.216.24 - - [31/Mar/2026:05:33:22 +0700] "GET /whatsapp:/send?fileloc=%2F%2Fproc%2Fself%2Froot%2Fusr%2Fshare%2Fman%2Fman1%2Ffail2ban-server.1.gz&path=%2F%2Fproc%2Fself%2Froot%2Fusr%2Fshare%2Fman%2Fman1 HTTP/2" 200 3578 "-" "Mozilla/5.0 AppleWebKit/537.36 (KHTML, like Gecko; compatible; ClaudeBot/1.0; +claudebot@anthropic.com)"
57.141.16.38 - - [31/Mar/2026:05:33:22 +0700] "GET /news_sitemap.xml?fileloc=//lib/firmware/mts_mt9234mu.fw.xz&path=//lib/firmware HTTP/2" 200 25675 "-" "meta-externalagent/1.1 (+https://developers.facebook.com/docs/sharing/webmasters/crawler)"
216.73.216.24 - - [31/Mar/2026:05:33:22 +0700] "GET /whatsapp:/send?fileloc=%2F%2Fopt%2Fcloudlinux%2Fvenv%2Flib%2Fpython3.11%2Fsite-packages%2Fpyfakefs-5.10.2.dist-info%2FINSTALLER&path=%2F%2Fopt%2Fcloudlinux%2Fvenv%2Flib%2Fpython3.11%2Fsite-packages%2Fpyfakefs-5.10.2.dist-info HTTP/2" 200 2582 "-" "Mozilla/5.0 AppleWebKit/537.36 (KHTML, like Gecko; compatible; ClaudeBot/1.0; +claudebot@anthropic.com)"
216.73.216.24 - - [31/Mar/2026:05:33:23 +0700] "GET /whatsapp:/send?fileloc=%2F%2Fproc%2Fself%2Froot%2Fusr%2Fshare%2Fman%2Fman1%2Fgit-pack-redundant.1.gz&path=%2F%2Fproc%2Fself%2Froot%2Fusr%2Fshare%2Fman%2Fman1 HTTP/2" 200 4085 "-" "Mozilla/5.0 AppleWebKit/537.36 (KHTML, like Gecko; compatible; ClaudeBot/1.0; +claudebot@anthropic.com)"
216.73.216.24 - - [31/Mar/2026:05:33:23 +0700] "GET /whatsapp:/send?fileloc=%2F%2Fproc%2Fself%2Froot%2Fopt%2Fplesk%2Fphp%2F8.0%2Fetc%2Fphp-fpm.d%2Frdmhosting.my.id.conf&path=%2F%2Fproc%2Fself%2Froot%2Fopt%2Fplesk%2Fphp%2F8.0%2Fetc%2Fphp-fpm.d HTTP/2" 200 3287 "-" "Mozilla/5.0 AppleWebKit/537.36 (KHTML, like Gecko; compatible; ClaudeBot/1.0; +claudebot@anthropic.com)"
216.73.216.24 - - [31/Mar/2026:05:33:23 +0700] "GET /whatsapp:/send?fileloc=%2F%2Fproc%2Fself%2Froot%2Fopt%2Fplesk%2Fphp%2F8.0%2Fetc%2Fphp-fpm.d%2Fes.index.my.id.conf&path=%2F%2Fproc%2Fself%2Froot%2Fopt%2Fplesk%2Fphp%2F8.0%2Fetc%2Fphp-fpm.d HTTP/2" 200 3305 "-" "Mozilla/5.0 AppleWebKit/537.36 (KHTML, like Gecko; compatible; ClaudeBot/1.0; +claudebot@anthropic.com)"
216.73.216.24 - - [31/Mar/2026:05:33:23 +0700] "GET /whatsapp:/send?fileloc=%2F%2Fproc%2Fself%2Froot%2Fusr%2Fshare%2Fman%2Fman8%2Fsg_read_block_limits.8.gz&path=%2F%2Fproc%2Fself%2Froot%2Fusr%2Fshare%2Fman%2Fman8 HTTP/2" 200 3665 "-" "Mozilla/5.0 AppleWebKit/537.36 (KHTML, like Gecko; compatible; ClaudeBot/1.0; +claudebot@anthropic.com)"
216.73.216.24 - - [31/Mar/2026:05:33:23 +0700] "GET /whatsapp:/send?fileloc=%2F%2Fproc%2Fself%2Froot%2Fusr%2Fshare%2Fman%2Fman8%2Fgroupadd.8.gz&path=%2F%2Fproc%2Fself%2Froot%2Fusr%2Fshare%2Fman%2Fman8 HTTP/2" 200 5207 "-" "Mozilla/5.0 AppleWebKit/537.36 (KHTML, like Gecko; compatible; ClaudeBot/1.0; +claudebot@anthropic.com)"
74.7.227.10 - - [31/Mar/2026:05:33:23 +0700] "GET /?fileloc=//usr/include/fts.h&path=//usr/include HTTP/2" 200 5608 "https://www.lotushomemade.com/?path=//usr/include" "Mozilla/5.0 AppleWebKit/537.36 (KHTML, like Gecko; compatible; GPTBot/1.3; +https://openai.com/gptbot)"
57.141.16.79 - - [31/Mar/2026:05:33:22 +0700] "GET /news_sitemap.xml?fileloc=//lib/firmware/iwlwifi-so-a0-gf4-a0-84.ucode.xz&path=//lib/firmware HTTP/2" 200 1012322 "-" "meta-externalagent/1.1 (+https://developers.facebook.com/docs/sharing/webmasters/crawler)"
216.73.216.24 - - [31/Mar/2026:05:33:23 +0700] "GET /whatsapp:/send?fileloc=%2F%2Fproc%2Fself%2Froot%2Fusr%2Fshare%2Fman%2Fman8%2Frpm.8.gz&path=%2F%2Fproc%2Fself%2Froot%2Fusr%2Fshare%2Fman%2Fman8 HTTP/2" 200 10641 "-" "Mozilla/5.0 AppleWebKit/537.36 (KHTML, like Gecko; compatible; ClaudeBot/1.0; +claudebot@anthropic.com)"
74.7.227.29 - - [31/Mar/2026:05:33:23 +0700] "GET /wp-sitemap.xml?path=//var/lib/mysql/tkamlyen_nhmart HTTP/2" 200 2576 "https://lotushomemade.com/wp-sitemap.xml?path=//var/lib/mysql" "Mozilla/5.0 AppleWebKit/537.36 (KHTML, like Gecko; compatible; GPTBot/1.3; +https://openai.com/gptbot)"
57.141.16.12 - - [31/Mar/2026:05:33:22 +0700] "GET /news_sitemap.xml?fileloc=//lib/firmware/iwlwifi-ma-b0-gf-a0-89.ucode.xz&path=//lib/firmware HTTP/2" 200 1074130 "-" "meta-externalagent/1.1 (+https://developers.facebook.com/docs/sharing/webmasters/crawler)"
216.73.216.24 - - [31/Mar/2026:05:33:23 +0700] "GET /wp-sitemap.xml?fileloc=%2F%2Fusr%2Flib%2Ffirmware%2Fmediatek%2Fmt7915_rom_patch.bin.xz&path=%2F%2Fusr%2Flib%2Ffirmware%2Fmediatek HTTP/2" 200 49678 "-" "Mozilla/5.0 AppleWebKit/537.36 (KHTML, like Gecko; compatible; ClaudeBot/1.0; +claudebot@anthropic.com)"
216.73.216.24 - - [31/Mar/2026:05:33:23 +0700] "GET /whatsapp:/send?fileloc=%2F%2Fproc%2Fthread-self%2Froot%2Flib%2Fkbd%2Fkeymaps%2Fxkb%2Fkr.map.gz&path=%2F%2Fproc%2Fthread-self%2Froot%2Flib%2Fkbd%2Fkeymaps%2Fxkb HTTP/2" 200 5665 "-" "Mozilla/5.0 AppleWebKit/537.36 (KHTML, like Gecko; compatible; ClaudeBot/1.0; +claudebot@anthropic.com)"
216.73.216.24 - - [31/Mar/2026:05:33:23 +0700] "GET /whatsapp:/send?fileloc=%2F%2Fproc%2Fself%2Froot%2Fusr%2Fshare%2Fman%2Fman1%2Fdf.1.gz&path=%2F%2Fproc%2Fself%2Froot%2Fusr%2Fshare%2Fman%2Fman1 HTTP/2" 200 4446 "-" "Mozilla/5.0 AppleWebKit/537.36 (KHTML, like Gecko; compatible; ClaudeBot/1.0; +claudebot@anthropic.com)"
216.73.216.24 - - [31/Mar/2026:05:33:23 +0700] "GET /whatsapp:/send?fileloc=%2F%2Fproc%2Fself%2Froot%2Fusr%2Fshare%2Fman%2Fman1%2Ftty.1.gz&path=%2F%2Fproc%2Fself%2Froot%2Fusr%2Fshare%2Fman%2Fman1 HTTP/2" 200 3335 "-" "Mozilla/5.0 AppleWebKit/537.36 (KHTML, like Gecko; compatible; ClaudeBot/1.0; +claudebot@anthropic.com)"
57.141.16.28 - - [31/Mar/2026:05:33:23 +0700] "GET /news_sitemap.xml?fileloc=//lib/firmware/TAS2XXX8DE8-1.bin.xz&path=//lib/firmware HTTP/2" 200 24011 "-" "meta-externalagent/1.1 (+https://developers.facebook.com/docs/sharing/webmasters/crawler)"
74.7.227.10 - - [31/Mar/2026:05:33:23 +0700] "GET /?fileloc=//usr/include/aio.h&path=//usr/include HTTP/2" 200 4742 "https://www.lotushomemade.com/?path=//usr/include" "Mozilla/5.0 AppleWebKit/537.36 (KHTML, like Gecko; compatible; GPTBot/1.3; +https://openai.com/gptbot)"
216.73.216.24 - - [31/Mar/2026:05:33:23 +0700] "GET /whatsapp:/send?fileloc=%2F%2Fproc%2Fself%2Froot%2Fusr%2Fshare%2Fman%2Fman3%2Ffilefuncs.3am.gz&path=%2F%2Fproc%2Fself%2Froot%2Fusr%2Fshare%2Fman%2Fman3 HTTP/2" 200 5976 "-" "Mozilla/5.0 AppleWebKit/537.36 (KHTML, like Gecko; compatible; ClaudeBot/1.0; +claudebot@anthropic.com)"
216.73.216.24 - - [31/Mar/2026:05:33:24 +0700] "GET /whatsapp:/send?fileloc=%2F%2Fproc%2Fself%2Froot%2Fusr%2Fshare%2Fman%2Fman8%2Fsystemd-update-done.8.gz&path=%2F%2Fproc%2Fself%2Froot%2Fusr%2Fshare%2Fman%2Fman8 HTTP/2" 200 2666 "-" "Mozilla/5.0 AppleWebKit/537.36 (KHTML, like Gecko; compatible; ClaudeBot/1.0; +claudebot@anthropic.com)"
57.141.16.96 - - [31/Mar/2026:05:33:24 +0700] "GET /news_sitemap.xml?path=//lib/firmware/moxa HTTP/2" 200 33279 "-" "meta-externalagent/1.1 (+https://developers.facebook.com/docs/sharing/webmasters/crawler)"
74.7.227.29 - - [31/Mar/2026:05:33:24 +0700] "GET /wp-sitemap.xml?path=//var/lib/mysql/iddtavix_donasi HTTP/2" 200 2576 "https://lotushomemade.com/wp-sitemap.xml?path=//var/lib/mysql" "Mozilla/5.0 AppleWebKit/537.36 (KHTML, like Gecko; compatible; GPTBot/1.3; +https://openai.com/gptbot)"
216.73.216.24 - - [31/Mar/2026:05:33:24 +0700] "GET /whatsapp:/send?fileloc=%2F%2Fproc%2Fself%2Froot%2Fusr%2Flib%2Fdracut%2Fmodules.d%2F90btrfs%2F80-btrfs.rules&path=%2F%2Fproc%2Fself%2Froot%2Fusr%2Flib%2Fdracut%2Fmodules.d%2F90btrfs HTTP/2" 200 2731 "-" "Mozilla/5.0 AppleWebKit/537.36 (KHTML, like Gecko; compatible; ClaudeBot/1.0; +claudebot@anthropic.com)"
216.73.216.24 - - [31/Mar/2026:05:33:24 +0700] "GET /whatsapp:/send?fileloc=%2F%2Fproc%2Fself%2Froot%2Fusr%2Fshare%2Fman%2Fman8%2Flnstat.8.gz&path=%2F%2Fproc%2Fself%2Froot%2Fusr%2Fshare%2Fman%2Fman8 HTTP/2" 200 5170 "-" "Mozilla/5.0 AppleWebKit/537.36 (KHTML, like Gecko; compatible; ClaudeBot/1.0; +claudebot@anthropic.com)"
57.141.16.60 - - [31/Mar/2026:05:33:24 +0700] "GET /news_sitemap.xml?fileloc=//lib/firmware/TAS2XXX38CB.bin.xz&path=//lib/firmware HTTP/2" 200 20541 "-" "meta-externalagent/1.1 (+https://developers.facebook.com/docs/sharing/webmasters/crawler)"
216.73.216.24 - - [31/Mar/2026:05:33:24 +0700] "GET /whatsapp:/send?fileloc=%2F%2Fproc%2Fself%2Froot%2Fusr%2Fshare%2Fman%2Fman1%2Fgetopt.1.gz&path=%2F%2Fproc%2Fself%2Froot%2Fusr%2Fshare%2Fman%2Fman1 HTTP/2" 200 7085 "-" "Mozilla/5.0 AppleWebKit/537.36 (KHTML, like Gecko; compatible; ClaudeBot/1.0; +claudebot@anthropic.com)"
216.73.216.24 - - [31/Mar/2026:05:33:24 +0700] "GET /whatsapp:/send?fileloc=%2F%2Fproc%2Fthread-self%2Froot%2Flib%2Ffirmware%2Fnvidia%2Fgp100%2Fgr%2Fgpccs_bl.bin.xz&path=%2F%2Fproc%2Fthread-self%2Froot%2Flib%2Ffirmware%2Fnvidia%2Fgp100%2Fgr HTTP/2" 200 2890 "-" "Mozilla/5.0 AppleWebKit/537.36 (KHTML, like Gecko; compatible; ClaudeBot/1.0; +claudebot@anthropic.com)"
216.73.216.24 - - [31/Mar/2026:05:33:24 +0700] "GET /whatsapp:/send?fileloc=%2F%2Fproc%2Fthread-self%2Froot%2Fusr%2Fshare%2Fzoneinfo%2Fposix%2FEurope%2FSan_Marino&path=%2F%2Fproc%2Fthread-self%2Froot%2Fusr%2Fshare%2Fzoneinfo%2Fposix%2FEurope HTTP/2" 200 4087 "-" "Mozilla/5.0 AppleWebKit/537.36 (KHTML, like Gecko; compatible; ClaudeBot/1.0; +claudebot@anthropic.com)"
216.73.216.24 - - [31/Mar/2026:05:33:24 +0700] "GET /whatsapp:/send?fileloc=%2F%2Fproc%2Fself%2Froot%2Fusr%2Fshare%2Fman%2Fman7%2Flinuxx64.efi.stub.7.gz&path=%2F%2Fproc%2Fself%2Froot%2Fusr%2Fshare%2Fman%2Fman7 HTTP/2" 200 2636 "-" "Mozilla/5.0 AppleWebKit/537.36 (KHTML, like Gecko; compatible; ClaudeBot/1.0; +claudebot@anthropic.com)"
216.73.216.24 - - [31/Mar/2026:05:33:24 +0700] "GET /whatsapp:/send?fileloc=%2F%2Fproc%2Fself%2Froot%2Fusr%2Fshare%2Fman%2Fman3%2FHTTP%3A%3AResponse.3pm.gz&path=%2F%2Fproc%2Fself%2Froot%2Fusr%2Fshare%2Fman%2Fman3 HTTP/2" 200 7269 "-" "Mozilla/5.0 AppleWebKit/537.36 (KHTML, like Gecko; compatible; ClaudeBot/1.0; +claudebot@anthropic.com)"
74.7.227.10 - - [31/Mar/2026:05:33:24 +0700] "GET /?fileloc=//usr/local/softaculous/includes56/main/index.html&path=//usr/local/softaculous/includes56/main HTTP/2" 200 2613 "https://www.lotushomemade.com/?path=//usr/local/softaculous/includes56/main" "Mozilla/5.0 AppleWebKit/537.36 (KHTML, like Gecko; compatible; GPTBot/1.3; +https://openai.com/gptbot)"
216.73.216.24 - - [31/Mar/2026:05:33:24 +0700] "GET /whatsapp:/send?fileloc=%2F%2Fproc%2Fthread-self%2Froot%2Fusr%2Fshare%2Fzoneinfo%2Fposix%2FAmerica%2FCoyhaique&path=%2F%2Fproc%2Fthread-self%2Froot%2Fusr%2Fshare%2Fzoneinfo%2Fposix%2FAmerica HTTP/2" 200 3775 "-" "Mozilla/5.0 AppleWebKit/537.36 (KHTML, like Gecko; compatible; ClaudeBot/1.0; +claudebot@anthropic.com)"
74.7.227.29 - - [31/Mar/2026:05:33:24 +0700] "GET /wp-sitemap.xml?path=//var/lib/mysql/qweumumy_myppdb HTTP/2" 200 2578 "https://lotushomemade.com/wp-sitemap.xml?path=//var/lib/mysql" "Mozilla/5.0 AppleWebKit/537.36 (KHTML, like Gecko; compatible; GPTBot/1.3; +https://openai.com/gptbot)"
216.73.216.24 - - [31/Mar/2026:05:33:24 +0700] "GET /whatsapp:/send?fileloc=%2F%2Fproc%2Fthread-self%2Froot%2Flib%2Ffirmware%2Fnvidia%2Fgm20b%2Fgr%2Ffecs_data.bin.xz&path=%2F%2Fproc%2Fthread-self%2Froot%2Flib%2Ffirmware%2Fnvidia%2Fgm20b%2Fgr HTTP/2" 200 3131 "-" "Mozilla/5.0 AppleWebKit/537.36 (KHTML, like Gecko; compatible; ClaudeBot/1.0; +claudebot@anthropic.com)"
216.73.216.24 - - [31/Mar/2026:05:33:24 +0700] "GET /whatsapp:/send?fileloc=%2F%2Fproc%2Fself%2Froot%2Fusr%2Fshare%2Fman%2Fman5%2Fmodules.dep.bin.5.gz&path=%2F%2Fproc%2Fself%2Froot%2Fusr%2Fshare%2Fman%2Fman5 HTTP/2" 200 2634 "-" "Mozilla/5.0 AppleWebKit/537.36 (KHTML, like Gecko; compatible; ClaudeBot/1.0; +claudebot@anthropic.com)"
57.141.16.38 - - [31/Mar/2026:05:33:24 +0700] "GET /news_sitemap.xml?fileloc=//lib/firmware/8EF5-0-D.bin.xz&path=//lib/firmware HTTP/2" 200 24511 "-" "meta-externalagent/1.1 (+https://developers.facebook.com/docs/sharing/webmasters/crawler)"
216.73.216.24 - - [31/Mar/2026:05:33:25 +0700] "GET /sitemap.xml?path=%2F%2Flib%2Fmodules%2F5.14.0-503.40.1.el9_5.x86_64%2Fkernel%2Fnet%2Fcan HTTP/2" 200 3127 "-" "Mozilla/5.0 AppleWebKit/537.36 (KHTML, like Gecko; compatible; ClaudeBot/1.0; +claudebot@anthropic.com)"
216.73.216.24 - - [31/Mar/2026:05:33:25 +0700] "GET /whatsapp:/send?fileloc=%2F%2Fproc%2Fself%2Froot%2Fusr%2Fshare%2Fman%2Fman5%2Fgshadow.5.gz&path=%2F%2Fproc%2Fself%2Froot%2Fusr%2Fshare%2Fman%2Fman5 HTTP/2" 200 3869 "-" "Mozilla/5.0 AppleWebKit/537.36 (KHTML, like Gecko; compatible; ClaudeBot/1.0; +claudebot@anthropic.com)"
216.73.216.24 - - [31/Mar/2026:05:33:25 +0700] "GET /whatsapp:/send?fileloc=%2F%2Fproc%2Fself%2Froot%2Fusr%2Fshare%2Fman%2Fman3%2FNet%3A%3ADNS.3pm.gz&path=%2F%2Fproc%2Fself%2Froot%2Fusr%2Fshare%2Fman%2Fman3 HTTP/2" 200 7857 "-" "Mozilla/5.0 AppleWebKit/537.36 (KHTML, like Gecko; compatible; ClaudeBot/1.0; +claudebot@anthropic.com)"
57.141.16.52 - - [31/Mar/2026:05:33:24 +0700] "GET /news_sitemap.xml?fileloc=//lib/firmware/iwlwifi-Qu-c0-hr-b0-66.ucode.xz&path=//lib/firmware HTTP/2" 200 859417 "-" "meta-externalagent/1.1 (+https://developers.facebook.com/docs/sharing/webmasters/crawler)"
57.141.16.6 - - [31/Mar/2026:05:33:25 +0700] "GET /news_sitemap.xml?path=//lib/firmware/cpia2 HTTP/2" 200 14231 "-" "meta-externalagent/1.1 (+https://developers.facebook.com/docs/sharing/webmasters/crawler)"
216.73.216.24 - - [31/Mar/2026:05:33:25 +0700] "GET /whatsapp:/send?fileloc=%2F%2Fproc%2Fthread-self%2Froot%2Fusr%2Fshare%2Fzoneinfo%2Fposix%2FAmerica%2FTortola&path=%2F%2Fproc%2Fthread-self%2Froot%2Fusr%2Fshare%2Fzoneinfo%2Fposix%2FAmerica HTTP/2" 200 2712 "-" "Mozilla/5.0 AppleWebKit/537.36 (KHTML, like Gecko; compatible; ClaudeBot/1.0; +claudebot@anthropic.com)"
216.73.216.24 - - [31/Mar/2026:05:33:25 +0700] "GET /whatsapp:/send?fileloc=%2F%2Fproc%2Fself%2Froot%2Fusr%2Fshare%2Fman%2Fman8%2Fsg_stream_ctl.8.gz&path=%2F%2Fproc%2Fself%2Froot%2Fusr%2Fshare%2Fman%2Fman8 HTTP/2" 200 4970 "-" "Mozilla/5.0 AppleWebKit/537.36 (KHTML, like Gecko; compatible; ClaudeBot/1.0; +claudebot@anthropic.com)"
74.7.227.10 - - [31/Mar/2026:05:33:25 +0700] "GET /?path=//lib64/python3.9/urllib/__pycache__ HTTP/2" 200 3315 "https://www.lotushomemade.com/?path=//lib64/python3.9/urllib" "Mozilla/5.0 AppleWebKit/537.36 (KHTML, like Gecko; compatible; GPTBot/1.3; +https://openai.com/gptbot)"
216.73.216.24 - - [31/Mar/2026:05:33:25 +0700] "GET /wp-sitemap.xml?fileloc=%2F%2Fusr%2Flib%2Ftuned%2Fpowersave%2Fscript.sh&path=%2F%2Fusr%2Flib%2Ftuned%2Fpowersave HTTP/2" 200 2651 "-" "Mozilla/5.0 AppleWebKit/537.36 (KHTML, like Gecko; compatible; ClaudeBot/1.0; +claudebot@anthropic.com)"
74.7.227.29 - - [31/Mar/2026:05:33:25 +0700] "GET /wp-sitemap.xml?path=//var/lib/mysql/qthbaibc_seleksi HTTP/2" 200 2591 "https://lotushomemade.com/wp-sitemap.xml?path=//var/lib/mysql" "Mozilla/5.0 AppleWebKit/537.36 (KHTML, like Gecko; compatible; GPTBot/1.3; +https://openai.com/gptbot)"
216.73.216.24 - - [31/Mar/2026:05:33:25 +0700] "GET /whatsapp:/send?fileloc=%2F%2Fproc%2Fself%2Froot%2Fusr%2Fshare%2Fman%2Fman1%2Fsystemd-dissect.1.gz&path=%2F%2Fproc%2Fself%2Froot%2Fusr%2Fshare%2Fman%2Fman1 HTTP/2" 200 6365 "-" "Mozilla/5.0 AppleWebKit/537.36 (KHTML, like Gecko; compatible; ClaudeBot/1.0; +claudebot@anthropic.com)"
57.141.16.80 - - [31/Mar/2026:05:33:25 +0700] "GET /news_sitemap.xml?path=//lib/firmware/tigon HTTP/2" 200 18605 "-" "meta-externalagent/1.1 (+https://developers.facebook.com/docs/sharing/webmasters/crawler)"
216.73.216.24 - - [31/Mar/2026:05:33:25 +0700] "GET /whatsapp:/send?fileloc=%2F%2Fproc%2Fthread-self%2Froot%2Flib%2Fkbd%2Fkeymaps%2Fxkb%2Ffo.map.gz&path=%2F%2Fproc%2Fthread-self%2Froot%2Flib%2Fkbd%2Fkeymaps%2Fxkb HTTP/2" 200 6132 "-" "Mozilla/5.0 AppleWebKit/537.36 (KHTML, like Gecko; compatible; ClaudeBot/1.0; +claudebot@anthropic.com)"
57.141.16.4 - - [31/Mar/2026:05:33:25 +0700] "GET /news_sitemap.xml?path=//lib/firmware/ene-ub6250 HTTP/2" 200 21687 "-" "meta-externalagent/1.1 (+https://developers.facebook.com/docs/sharing/webmasters/crawler)"
