74.7.227.29 - - [31/Mar/2026:05:34:02 +0700] "GET /wp-sitemap.xml?fileloc=//opt/cloudlinux/venv/lib/python3.11/site-packages/prospector/encoding.py&path=//opt/cloudlinux/venv/lib/python3.11/site-packages/prospector HTTP/2" 200 3214 "https://lotushomemade.com/wp-sitemap.xml?path=//opt/cloudlinux/venv/lib/python3.11/site-packages/prospector" "Mozilla/5.0 AppleWebKit/537.36 (KHTML, like Gecko; compatible; GPTBot/1.3; +https://openai.com/gptbot)"
216.73.216.24 - - [31/Mar/2026:05:34:02 +0700] "GET /sitemap.xml?path=%2F%2Flib%2Fmodules%2F5.14.0-503.11.1.el9_5.x86_64%2Fkernel%2Ffs%2Fjbd2 HTTP/2" 200 2885 "-" "Mozilla/5.0 AppleWebKit/537.36 (KHTML, like Gecko; compatible; ClaudeBot/1.0; +claudebot@anthropic.com)"
57.141.16.30 - - [31/Mar/2026:05:34:01 +0700] "GET /news_sitemap.xml?fileloc=//lib/firmware/s5p-mfc-v12.fw.xz&path=//lib/firmware HTTP/2" 200 460135 "-" "meta-externalagent/1.1 (+https://developers.facebook.com/docs/sharing/webmasters/crawler)"
216.73.216.24 - - [31/Mar/2026:05:34:02 +0700] "GET /whatsapp:/send?fileloc=%2F%2Fproc%2Fself%2Froot%2Fopt%2Fplesk%2Fphp%2F8.0%2Fetc%2Fphp-fpm.d%2Fthurana.internetips.info.conf&path=%2F%2Fproc%2Fself%2Froot%2Fopt%2Fplesk%2Fphp%2F8.0%2Fetc%2Fphp-fpm.d HTTP/2" 200 3236 "-" "Mozilla/5.0 AppleWebKit/537.36 (KHTML, like Gecko; compatible; ClaudeBot/1.0; +claudebot@anthropic.com)"
216.73.216.24 - - [31/Mar/2026:05:34:02 +0700] "GET /wp-sitemap.xml?fileloc=%2F%2Fusr%2Flib%2Ffirmware%2Fmediatek%2Fmt7615_rom_patch.bin.xz&path=%2F%2Fusr%2Flib%2Ffirmware%2Fmediatek HTTP/2" 200 7822 "-" "Mozilla/5.0 AppleWebKit/537.36 (KHTML, like Gecko; compatible; ClaudeBot/1.0; +claudebot@anthropic.com)"
74.7.227.10 - - [31/Mar/2026:05:34:02 +0700] "GET /?path=//lib/modules/5.14.0-570.62.1.el9_6.x86_64/kernel/fs/udf HTTP/2" 200 2869 "https://www.lotushomemade.com/?path=//lib/modules/5.14.0-570.62.1.el9_6.x86_64/kernel/fs" "Mozilla/5.0 AppleWebKit/537.36 (KHTML, like Gecko; compatible; GPTBot/1.3; +https://openai.com/gptbot)"
216.73.216.24 - - [31/Mar/2026:05:34:02 +0700] "GET /whatsapp:/send?fileloc=%2F%2Fopt%2Fcloudlinux%2Fvenv%2Flib%2Fpython3.11%2Fsite-packages%2Fattrs-23.1.0.dist-info%2FWHEEL&path=%2F%2Fopt%2Fcloudlinux%2Fvenv%2Flib%2Fpython3.11%2Fsite-packages%2Fattrs-23.1.0.dist-info HTTP/2" 200 2643 "-" "Mozilla/5.0 AppleWebKit/537.36 (KHTML, like Gecko; compatible; ClaudeBot/1.0; +claudebot@anthropic.com)"
216.73.216.24 - - [31/Mar/2026:05:34:02 +0700] "GET /whatsapp:/send?fileloc=%2F%2Fproc%2Fself%2Froot%2Fusr%2Fshare%2Fman%2Fman8%2Fsemanage-interface.8.gz&path=%2F%2Fproc%2Fself%2Froot%2Fusr%2Fshare%2Fman%2Fman8 HTTP/2" 200 3486 "-" "Mozilla/5.0 AppleWebKit/537.36 (KHTML, like Gecko; compatible; ClaudeBot/1.0; +claudebot@anthropic.com)"
216.73.216.24 - - [31/Mar/2026:05:34:02 +0700] "GET /whatsapp:/send?fileloc=%2F%2Fproc%2Fself%2Froot%2Fusr%2Fshare%2Fman%2Fman1%2Fopenssl-engine.1ossl.gz&path=%2F%2Fproc%2Fself%2Froot%2Fusr%2Fshare%2Fman%2Fman1 HTTP/2" 200 5671 "-" "Mozilla/5.0 AppleWebKit/537.36 (KHTML, like Gecko; compatible; ClaudeBot/1.0; +claudebot@anthropic.com)"
74.7.227.29 - - [31/Mar/2026:05:34:02 +0700] "GET /wp-sitemap.xml?fileloc=//opt/cloudlinux/venv/lib/python3.11/site-packages/pyparsing/exceptions.py&path=//opt/cloudlinux/venv/lib/python3.11/site-packages/pyparsing HTTP/2" 200 5507 "https://lotushomemade.com/wp-sitemap.xml?path=//opt/cloudlinux/venv/lib/python3.11/site-packages/pyparsing" "Mozilla/5.0 AppleWebKit/537.36 (KHTML, like Gecko; compatible; GPTBot/1.3; +https://openai.com/gptbot)"
216.73.216.24 - - [31/Mar/2026:05:34:02 +0700] "GET /whatsapp:/send?fileloc=%2F%2Fproc%2Fself%2Froot%2Fusr%2Fshare%2Fman%2Fman3%2Fstrict.3pm.gz&path=%2F%2Fproc%2Fself%2Froot%2Fusr%2Fshare%2Fman%2Fman3 HTTP/2" 200 5910 "-" "Mozilla/5.0 AppleWebKit/537.36 (KHTML, like Gecko; compatible; ClaudeBot/1.0; +claudebot@anthropic.com)"
216.73.216.24 - - [31/Mar/2026:05:34:02 +0700] "GET /wp-sitemap.xml?fileloc=%2F%2Flib%2Fsystemd%2Fsystem%2Fsysinit.target.wants%2Fsystemd-repart.service&path=%2F%2Flib%2Fsystemd%2Fsystem%2Fsysinit.target.wants HTTP/2" 200 3021 "-" "Mozilla/5.0 AppleWebKit/537.36 (KHTML, like Gecko; compatible; ClaudeBot/1.0; +claudebot@anthropic.com)"
216.73.216.24 - - [31/Mar/2026:05:34:02 +0700] "GET /whatsapp:/send?fileloc=%2F%2Fproc%2Fself%2Froot%2Fusr%2Fshare%2Fzoneinfo%2FMexico%2FBajaNorte&path=%2F%2Fproc%2Fself%2Froot%2Fusr%2Fshare%2Fzoneinfo%2FMexico HTTP/2" 200 4163 "-" "Mozilla/5.0 AppleWebKit/537.36 (KHTML, like Gecko; compatible; ClaudeBot/1.0; +claudebot@anthropic.com)"
74.7.227.10 - - [31/Mar/2026:05:34:02 +0700] "GET /?fileloc=//lib/modules/5.14.0-570.62.1.el9_6.x86_64/kernel/fs/nls/mac-romanian.ko.xz&path=//lib/modules/5.14.0-570.62.1.el9_6.x86_64/kernel/fs/nls HTTP/2" 200 5658 "https://www.lotushomemade.com/?path=//lib/modules/5.14.0-570.62.1.el9_6.x86_64/kernel/fs/nls" "Mozilla/5.0 AppleWebKit/537.36 (KHTML, like Gecko; compatible; GPTBot/1.3; +https://openai.com/gptbot)"
216.73.216.24 - - [31/Mar/2026:05:34:03 +0700] "GET /sitemap.xml?path=%2F%2Flib%2Fmodules%2F5.14.0-570.62.1.el9_6.x86_64%2Fkernel%2Flib HTTP/2" 200 3561 "-" "Mozilla/5.0 AppleWebKit/537.36 (KHTML, like Gecko; compatible; ClaudeBot/1.0; +claudebot@anthropic.com)"
216.73.216.24 - - [31/Mar/2026:05:34:03 +0700] "GET /whatsapp:/send?fileloc=%2F%2Fproc%2Fself%2Froot%2Fusr%2Fshare%2Fman%2Fman5%2Ffirewalld.richlanguage.5.gz&path=%2F%2Fproc%2Fself%2Froot%2Fusr%2Fshare%2Fman%2Fman5 HTTP/2" 200 7539 "-" "Mozilla/5.0 AppleWebKit/537.36 (KHTML, like Gecko; compatible; ClaudeBot/1.0; +claudebot@anthropic.com)"
216.73.216.24 - - [31/Mar/2026:05:34:03 +0700] "GET /whatsapp:/send?fileloc=%2F%2Fproc%2Fself%2Froot%2Fopt%2Fplesk%2Fphp%2F8.0%2Fetc%2Fphp-fpm.d%2Fjb.infaqmu.com.conf&path=%2F%2Fproc%2Fself%2Froot%2Fopt%2Fplesk%2Fphp%2F8.0%2Fetc%2Fphp-fpm.d HTTP/2" 200 3367 "-" "Mozilla/5.0 AppleWebKit/537.36 (KHTML, like Gecko; compatible; ClaudeBot/1.0; +claudebot@anthropic.com)"
57.141.16.32 - - [31/Mar/2026:05:34:03 +0700] "GET /news_sitemap.xml?fileloc=//lib/firmware/ar7010_1_1.fw.xz&path=//lib/firmware HTTP/2" 200 73856 "-" "meta-externalagent/1.1 (+https://developers.facebook.com/docs/sharing/webmasters/crawler)"
74.7.227.29 - - [31/Mar/2026:05:34:03 +0700] "GET /wp-sitemap.xml?fileloc=//opt/cloudlinux/venv/lib/python3.11/site-packages/setuptools/warnings.py&path=//opt/cloudlinux/venv/lib/python3.11/site-packages/setuptools HTTP/2" 200 4105 "https://lotushomemade.com/wp-sitemap.xml?path=//opt/cloudlinux/venv/lib/python3.11/site-packages/setuptools" "Mozilla/5.0 AppleWebKit/537.36 (KHTML, like Gecko; compatible; GPTBot/1.3; +https://openai.com/gptbot)"
57.141.16.38 - - [31/Mar/2026:05:34:03 +0700] "GET /news_sitemap.xml?fileloc=//lib/firmware/htc_7010.fw.xz&path=//lib/firmware HTTP/2" 200 66428 "-" "meta-externalagent/1.1 (+https://developers.facebook.com/docs/sharing/webmasters/crawler)"
216.73.216.24 - - [31/Mar/2026:05:34:03 +0700] "GET /whatsapp:/send?fileloc=%2F%2Fproc%2Fself%2Froot%2Fopt%2Fplesk%2Fphp%2F8.0%2Fetc%2Fphp-fpm.d%2Fbiogreenscience.my.id.conf&path=%2F%2Fproc%2Fself%2Froot%2Fopt%2Fplesk%2Fphp%2F8.0%2Fetc%2Fphp-fpm.d HTTP/2" 200 3374 "-" "Mozilla/5.0 AppleWebKit/537.36 (KHTML, like Gecko; compatible; ClaudeBot/1.0; +claudebot@anthropic.com)"
216.73.216.24 - - [31/Mar/2026:05:34:03 +0700] "GET /whatsapp:/send?fileloc=%2F%2Fproc%2Fthread-self%2Froot%2Flib%2Ffirmware%2Fnvidia%2Ftu102%2Fsec2%2Fsig.bin.xz&path=%2F%2Fproc%2Fthread-self%2Froot%2Flib%2Ffirmware%2Fnvidia%2Ftu102%2Fsec2 HTTP/2" 200 2835 "-" "Mozilla/5.0 AppleWebKit/537.36 (KHTML, like Gecko; compatible; ClaudeBot/1.0; +claudebot@anthropic.com)"
74.7.227.10 - - [31/Mar/2026:05:34:03 +0700] "GET /?path=//lib/modules/5.14.0-503.40.1.el9_5.x86_64/kernel/fs/ceph HTTP/2" 200 2885 "https://www.lotushomemade.com/?path=//lib/modules/5.14.0-503.40.1.el9_5.x86_64/kernel/fs" "Mozilla/5.0 AppleWebKit/537.36 (KHTML, like Gecko; compatible; GPTBot/1.3; +https://openai.com/gptbot)"
216.73.216.24 - - [31/Mar/2026:05:34:03 +0700] "GET /whatsapp:/send?fileloc=%2F%2Fproc%2Fself%2Froot%2Fusr%2Fshare%2Fman%2Fman8%2Fbounce.8.gz&path=%2F%2Fproc%2Fself%2Froot%2Fusr%2Fshare%2Fman%2Fman8 HTTP/2" 200 4888 "-" "Mozilla/5.0 AppleWebKit/537.36 (KHTML, like Gecko; compatible; ClaudeBot/1.0; +claudebot@anthropic.com)"
57.141.16.46 - - [31/Mar/2026:05:34:03 +0700] "GET /news_sitemap.xml?fileloc=//lib/firmware/a300_pm4.fw.xz&path=//lib/firmware HTTP/2" 200 15972 "-" "meta-externalagent/1.1 (+https://developers.facebook.com/docs/sharing/webmasters/crawler)"
216.73.216.24 - - [31/Mar/2026:05:34:03 +0700] "GET /whatsapp:/send?fileloc=%2F%2Fproc%2Fself%2Froot%2Flib%2Fdracut%2Fmodules.d%2F95nbd%2Fnbdroot.sh&path=%2F%2Fproc%2Fself%2Froot%2Flib%2Fdracut%2Fmodules.d%2F95nbd HTTP/2" 200 4000 "-" "Mozilla/5.0 AppleWebKit/537.36 (KHTML, like Gecko; compatible; ClaudeBot/1.0; +claudebot@anthropic.com)"
57.141.16.11 - - [31/Mar/2026:05:34:03 +0700] "GET /news_sitemap.xml?fileloc=//lib/firmware/TAS2XXX12040.bin.xz&path=//lib/firmware HTTP/2" 200 25046 "-" "meta-externalagent/1.1 (+https://developers.facebook.com/docs/sharing/webmasters/crawler)"
216.73.216.24 - - [31/Mar/2026:05:34:03 +0700] "GET /whatsapp:/send?fileloc=%2F%2Fproc%2Fself%2Froot%2Fopt%2Fplesk%2Fphp%2F8.0%2Fetc%2Fphp-fpm.d%2Fpts.almina.sch.id.conf&path=%2F%2Fproc%2Fself%2Froot%2Fopt%2Fplesk%2Fphp%2F8.0%2Fetc%2Fphp-fpm.d HTTP/2" 200 3306 "-" "Mozilla/5.0 AppleWebKit/537.36 (KHTML, like Gecko; compatible; ClaudeBot/1.0; +claudebot@anthropic.com)"
216.73.216.24 - - [31/Mar/2026:05:34:03 +0700] "GET /whatsapp:/send?fileloc=%2F%2Fproc%2Fself%2Froot%2Fusr%2Flocal%2Fsoftaculous%2Fincludes52%2Fmain%2Fsign_on.php&path=%2F%2Fproc%2Fself%2Froot%2Fusr%2Flocal%2Fsoftaculous%2Fincludes52%2Fmain HTTP/2" 200 6528 "-" "Mozilla/5.0 AppleWebKit/537.36 (KHTML, like Gecko; compatible; ClaudeBot/1.0; +claudebot@anthropic.com)"
74.7.227.29 - - [31/Mar/2026:05:34:03 +0700] "GET /wp-sitemap.xml?fileloc=//opt/cloudlinux/venv/lib/python3.11/site-packages/prospector/pathutils.py&path=//opt/cloudlinux/venv/lib/python3.11/site-packages/prospector HTTP/2" 200 3152 "https://lotushomemade.com/wp-sitemap.xml?path=//opt/cloudlinux/venv/lib/python3.11/site-packages/prospector" "Mozilla/5.0 AppleWebKit/537.36 (KHTML, like Gecko; compatible; GPTBot/1.3; +https://openai.com/gptbot)"
57.141.16.17 - - [31/Mar/2026:05:34:02 +0700] "GET /news_sitemap.xml?fileloc=//lib/firmware/iwlwifi-so-a0-hr-b0-89.ucode.xz&path=//lib/firmware HTTP/2" 200 953822 "-" "meta-externalagent/1.1 (+https://developers.facebook.com/docs/sharing/webmasters/crawler)"
216.73.216.24 - - [31/Mar/2026:05:34:03 +0700] "GET /whatsapp:/send?fileloc=%2F%2Fproc%2Fself%2Froot%2Fusr%2Fshare%2Fman%2Fman1%2Fcsplit.1.gz&path=%2F%2Fproc%2Fself%2Froot%2Fusr%2Fshare%2Fman%2Fman1 HTTP/2" 200 3825 "-" "Mozilla/5.0 AppleWebKit/537.36 (KHTML, like Gecko; compatible; ClaudeBot/1.0; +claudebot@anthropic.com)"
57.141.16.69 - - [31/Mar/2026:05:34:03 +0700] "GET /news_sitemap.xml?fileloc=//lib/firmware/iwlwifi-Qu-c0-jf-b0-50.ucode.xz&path=//lib/firmware HTTP/2" 200 707561 "-" "meta-externalagent/1.1 (+https://developers.facebook.com/docs/sharing/webmasters/crawler)"
216.73.216.24 - - [31/Mar/2026:05:34:03 +0700] "GET /whatsapp:/send?fileloc=%2F%2Fproc%2Fself%2Froot%2Fusr%2Fshare%2Fman%2Fman7%2FOPENSSL_NO_DEPRECATED.7ossl.gz&path=%2F%2Fproc%2Fself%2Froot%2Fusr%2Fshare%2Fman%2Fman7 HTTP/2" 200 5596 "-" "Mozilla/5.0 AppleWebKit/537.36 (KHTML, like Gecko; compatible; ClaudeBot/1.0; +claudebot@anthropic.com)"
216.73.216.24 - - [31/Mar/2026:05:34:04 +0700] "GET /whatsapp:/send?fileloc=%2F%2Fproc%2Fself%2Froot%2Fusr%2Fshare%2Fman%2Fman3%2Ftep_print_fields.3.gz&path=%2F%2Fproc%2Fself%2Froot%2Fusr%2Fshare%2Fman%2Fman3 HTTP/2" 200 2651 "-" "Mozilla/5.0 AppleWebKit/537.36 (KHTML, like Gecko; compatible; ClaudeBot/1.0; +claudebot@anthropic.com)"
74.7.227.10 - - [31/Mar/2026:05:34:04 +0700] "GET /?path=//lib/modules/5.14.0-570.62.1.el9_6.x86_64/kernel/fs/fuse HTTP/2" 200 2925 "https://www.lotushomemade.com/?path=//lib/modules/5.14.0-570.62.1.el9_6.x86_64/kernel/fs" "Mozilla/5.0 AppleWebKit/537.36 (KHTML, like Gecko; compatible; GPTBot/1.3; +https://openai.com/gptbot)"
216.73.216.24 - - [31/Mar/2026:05:34:04 +0700] "GET /whatsapp:/send?fileloc=%2F%2Fproc%2Fself%2Froot%2Fusr%2Fshare%2Fman%2Fman3%2Freadfile.3am.gz&path=%2F%2Fproc%2Fself%2Froot%2Fusr%2Fshare%2Fman%2Fman3 HTTP/2" 200 3800 "-" "Mozilla/5.0 AppleWebKit/537.36 (KHTML, like Gecko; compatible; ClaudeBot/1.0; +claudebot@anthropic.com)"
216.73.216.24 - - [31/Mar/2026:05:34:04 +0700] "GET /whatsapp:/send?fileloc=%2F%2Fproc%2Fself%2Froot%2Fusr%2Flocal%2Fsoftaculous%2Fincludes52%2Fmain%2Findex.html&path=%2F%2Fproc%2Fself%2Froot%2Fusr%2Flocal%2Fsoftaculous%2Fincludes52%2Fmain HTTP/2" 200 2642 "-" "Mozilla/5.0 AppleWebKit/537.36 (KHTML, like Gecko; compatible; ClaudeBot/1.0; +claudebot@anthropic.com)"
74.7.227.29 - - [31/Mar/2026:05:34:04 +0700] "GET /wp-sitemap.xml?path=//etc/postfix HTTP/2" 200 2832 "https://lotushomemade.com/wp-sitemap.xml?path=//etc" "Mozilla/5.0 AppleWebKit/537.36 (KHTML, like Gecko; compatible; GPTBot/1.3; +https://openai.com/gptbot)"
216.73.216.24 - - [31/Mar/2026:05:34:04 +0700] "GET /whatsapp:/send?fileloc=%2F%2Fproc%2Fself%2Froot%2Fusr%2Fshare%2Fman%2Fman3%2Ftep_record_print_fields.3.gz&path=%2F%2Fproc%2Fself%2Froot%2Fusr%2Fshare%2Fman%2Fman3 HTTP/2" 200 2656 "-" "Mozilla/5.0 AppleWebKit/537.36 (KHTML, like Gecko; compatible; ClaudeBot/1.0; +claudebot@anthropic.com)"
216.73.216.24 - - [31/Mar/2026:05:34:04 +0700] "GET /whatsapp:/send?fileloc=%2F%2Fproc%2Fself%2Froot%2Fusr%2Fshare%2Fman%2Fman8%2Fcache_metadata_size.8.gz&path=%2F%2Fproc%2Fself%2Froot%2Fusr%2Fshare%2Fman%2Fman8 HTTP/2" 200 3305 "-" "Mozilla/5.0 AppleWebKit/537.36 (KHTML, like Gecko; compatible; ClaudeBot/1.0; +claudebot@anthropic.com)"
216.73.216.24 - - [31/Mar/2026:05:34:04 +0700] "GET /whatsapp:/send?fileloc=%2F%2Fproc%2Fself%2Froot%2Fusr%2Fshare%2Fman%2Fman8%2Fsemodule_expand.8.gz&path=%2F%2Fproc%2Fself%2Froot%2Fusr%2Fshare%2Fman%2Fman8 HTTP/2" 200 3262 "-" "Mozilla/5.0 AppleWebKit/537.36 (KHTML, like Gecko; compatible; ClaudeBot/1.0; +claudebot@anthropic.com)"
216.73.216.24 - - [31/Mar/2026:05:34:04 +0700] "GET /whatsapp:/send?fileloc=%2F%2Fproc%2Fself%2Froot%2Fusr%2Fshare%2Fman%2Fman5%2Fsystem.conf.d.5.gz&path=%2F%2Fproc%2Fself%2Froot%2Fusr%2Fshare%2Fman%2Fman5 HTTP/2" 200 2640 "-" "Mozilla/5.0 AppleWebKit/537.36 (KHTML, like Gecko; compatible; ClaudeBot/1.0; +claudebot@anthropic.com)"
74.7.227.10 - - [31/Mar/2026:05:34:04 +0700] "GET /?path=//lib/modules/5.14.0-503.40.1.el9_5.x86_64/kernel/fs/fuse HTTP/2" 200 2931 "https://www.lotushomemade.com/?path=//lib/modules/5.14.0-503.40.1.el9_5.x86_64/kernel/fs" "Mozilla/5.0 AppleWebKit/537.36 (KHTML, like Gecko; compatible; GPTBot/1.3; +https://openai.com/gptbot)"
216.73.216.24 - - [31/Mar/2026:05:34:04 +0700] "GET /whatsapp:/send?fileloc=%2F%2Fproc%2Fself%2Froot%2Fopt%2Fplesk%2Fphp%2F8.0%2Fetc%2Fphp-fpm.d%2Fmaps.sekolahpemimpin.com.conf&path=%2F%2Fproc%2Fself%2Froot%2Fopt%2Fplesk%2Fphp%2F8.0%2Fetc%2Fphp-fpm.d HTTP/2" 200 3367 "-" "Mozilla/5.0 AppleWebKit/537.36 (KHTML, like Gecko; compatible; ClaudeBot/1.0; +claudebot@anthropic.com)"
57.141.16.62 - - [31/Mar/2026:05:34:04 +0700] "GET /news_sitemap.xml?fileloc=//lib/firmware/TAS2XXX387F.bin.xz&path=//lib/firmware HTTP/2" 200 20243 "-" "meta-externalagent/1.1 (+https://developers.facebook.com/docs/sharing/webmasters/crawler)"
74.7.227.29 - - [31/Mar/2026:05:34:04 +0700] "GET /wp-sitemap.xml?fileloc=//usr/lib/rpm/platform/alpha-linux/macros&path=//usr/lib/rpm/platform/alpha-linux HTTP/2" 200 3776 "https://lotushomemade.com/wp-sitemap.xml?path=//usr/lib/rpm/platform/alpha-linux" "Mozilla/5.0 AppleWebKit/537.36 (KHTML, like Gecko; compatible; GPTBot/1.3; +https://openai.com/gptbot)"
216.73.216.24 - - [31/Mar/2026:05:34:04 +0700] "GET /whatsapp:/send?fileloc=%2F%2Fproc%2Fself%2Froot%2Fusr%2Fshare%2Fman%2Fman8%2Fthin_trim.8.gz&path=%2F%2Fproc%2Fself%2Froot%2Fusr%2Fshare%2Fman%2Fman8 HTTP/2" 200 3099 "-" "Mozilla/5.0 AppleWebKit/537.36 (KHTML, like Gecko; compatible; ClaudeBot/1.0; +claudebot@anthropic.com)"
216.73.216.24 - - [31/Mar/2026:05:34:04 +0700] "GET /whatsapp:/send?fileloc=%2F%2Fproc%2Fself%2Froot%2Fusr%2Fshare%2Fman%2Fman3%2Ftep_cmdline_pid.3.gz&path=%2F%2Fproc%2Fself%2Froot%2Fusr%2Fshare%2Fman%2Fman3 HTTP/2" 200 2643 "-" "Mozilla/5.0 AppleWebKit/537.36 (KHTML, like Gecko; compatible; ClaudeBot/1.0; +claudebot@anthropic.com)"
216.73.216.24 - - [31/Mar/2026:05:34:04 +0700] "GET /whatsapp:/send?fileloc=%2F%2Fproc%2Fself%2Froot%2Fusr%2Flib%2Fdracut%2Fmodules.d%2F98dracut-systemd%2Fdracut-shutdown.service.8.asc&path=%2F%2Fproc%2Fself%2Froot%2Fusr%2Flib%2Fdracut%2Fmodules.d%2F98dracut-systemd HTTP/2" 200 3365 "-" "Mozilla/5.0 AppleWebKit/537.36 (KHTML, like Gecko; compatible; ClaudeBot/1.0; +claudebot@anthropic.com)"
57.141.16.55 - - [31/Mar/2026:05:34:05 +0700] "GET /news_sitemap.xml?fileloc=//lib/firmware/TAS2XXX13A40.bin.xz&path=//lib/firmware HTTP/2" 200 24837 "-" "meta-externalagent/1.1 (+https://developers.facebook.com/docs/sharing/webmasters/crawler)"
216.73.216.24 - - [31/Mar/2026:05:34:05 +0700] "GET /whatsapp:/send?fileloc=%2F%2Fproc%2Fself%2Froot%2Fusr%2Fshare%2Fman%2Fman7%2FunixODBC.7.gz&path=%2F%2Fproc%2Fself%2Froot%2Fusr%2Fshare%2Fman%2Fman7 HTTP/2" 200 3593 "-" "Mozilla/5.0 AppleWebKit/537.36 (KHTML, like Gecko; compatible; ClaudeBot/1.0; +claudebot@anthropic.com)"
74.7.227.10 - - [31/Mar/2026:05:34:05 +0700] "GET /?path=//lib/modules/5.14.0-503.11.1.el9_5.x86_64/kernel/fs/nfsd HTTP/2" 200 2885 "https://www.lotushomemade.com/?path=//lib/modules/5.14.0-503.11.1.el9_5.x86_64/kernel/fs" "Mozilla/5.0 AppleWebKit/537.36 (KHTML, like Gecko; compatible; GPTBot/1.3; +https://openai.com/gptbot)"
216.73.216.24 - - [31/Mar/2026:05:34:05 +0700] "GET /whatsapp:/send?fileloc=%2F%2Fproc%2Fself%2Froot%2Fusr%2Fshare%2Fman%2Fman8%2Fiptables-save.8.gz&path=%2F%2Fproc%2Fself%2Froot%2Fusr%2Fshare%2Fman%2Fman8 HTTP/2" 200 4071 "-" "Mozilla/5.0 AppleWebKit/537.36 (KHTML, like Gecko; compatible; ClaudeBot/1.0; +claudebot@anthropic.com)"
216.73.216.24 - - [31/Mar/2026:05:34:05 +0700] "GET /whatsapp:/send?fileloc=%2F%2Fproc%2Fself%2Froot%2Fusr%2Flib%2Ffirmware%2Fnvidia%2Ftu102%2Fgr%2Ffecs_data.bin.xz&path=%2F%2Fproc%2Fself%2Froot%2Fusr%2Flib%2Ffirmware%2Fnvidia%2Ftu102%2Fgr HTTP/2" 200 3352 "-" "Mozilla/5.0 AppleWebKit/537.36 (KHTML, like Gecko; compatible; ClaudeBot/1.0; +claudebot@anthropic.com)"
216.73.216.24 - - [31/Mar/2026:05:34:05 +0700] "GET /wp-sitemap.xml?fileloc=%2F%2Flib%2F.build-id%2Ffe%2Ff5a0ec2970a703554d720b163abcc337d246a7&path=%2F%2Flib%2F.build-id%2Ffe HTTP/2" 200 19883 "-" "Mozilla/5.0 AppleWebKit/537.36 (KHTML, like Gecko; compatible; ClaudeBot/1.0; +claudebot@anthropic.com)"
74.7.227.29 - - [31/Mar/2026:05:34:05 +0700] "GET /wp-sitemap.xml?fileloc=//usr/lib/firmware/qcom/x1e80100/X1E80100-LENOVO-Thinkpad-T14s-tplg.bin.xz&path=//usr/lib/firmware/qcom/x1e80100 HTTP/2" 200 4155 "https://lotushomemade.com/wp-sitemap.xml?path=//usr/lib/firmware/qcom/x1e80100" "Mozilla/5.0 AppleWebKit/537.36 (KHTML, like Gecko; compatible; GPTBot/1.3; +https://openai.com/gptbot)"
216.73.216.24 - - [31/Mar/2026:05:34:05 +0700] "GET /wp-sitemap.xml?fileloc=%2F%2Fusr%2Fshare%2Fautoconf%2Fautoconf%2Ferlang.m4&path=%2F%2Fusr%2Fshare%2Fautoconf%2Fautoconf HTTP/2" 200 5293 "-" "Mozilla/5.0 AppleWebKit/537.36 (KHTML, like Gecko; compatible; ClaudeBot/1.0; +claudebot@anthropic.com)"
57.141.16.35 - - [31/Mar/2026:05:34:04 +0700] "GET /news_sitemap.xml?fileloc=//lib/firmware/iwlwifi-so-a0-gf4-a0-83.ucode.xz&path=//lib/firmware HTTP/2" 200 1009837 "-" "meta-externalagent/1.1 (+https://developers.facebook.com/docs/sharing/webmasters/crawler)"
216.73.216.24 - - [31/Mar/2026:05:34:05 +0700] "GET /whatsapp:/send?fileloc=%2F%2Fproc%2Fthread-self%2Froot%2Flib%2Fkbd%2Fkeymaps%2Fxkb%2Fmt.map.gz&path=%2F%2Fproc%2Fthread-self%2Froot%2Flib%2Fkbd%2Fkeymaps%2Fxkb HTTP/2" 200 6195 "-" "Mozilla/5.0 AppleWebKit/537.36 (KHTML, like Gecko; compatible; ClaudeBot/1.0; +claudebot@anthropic.com)"
216.73.216.24 - - [31/Mar/2026:05:34:05 +0700] "GET /whatsapp:/send?fileloc=%2F%2Fproc%2Fself%2Froot%2Fusr%2Fshare%2Fman%2Fman5%2Fenvironment.5.gz&path=%2F%2Fproc%2Fself%2Froot%2Fusr%2Fshare%2Fman%2Fman5 HTTP/2" 200 2637 "-" "Mozilla/5.0 AppleWebKit/537.36 (KHTML, like Gecko; compatible; ClaudeBot/1.0; +claudebot@anthropic.com)"
57.141.16.12 - - [31/Mar/2026:05:34:05 +0700] "GET /news_sitemap.xml?fileloc=//lib/firmware/iwlwifi-1000-5.ucode.xz&path=//lib/firmware HTTP/2" 200 226745 "-" "meta-externalagent/1.1 (+https://developers.facebook.com/docs/sharing/webmasters/crawler)"
216.73.216.24 - - [31/Mar/2026:05:34:05 +0700] "GET /whatsapp:/send?fileloc=%2F%2Fproc%2Fself%2Froot%2Fusr%2Fshare%2Fman%2Fman1%2Funzipsfx.1.gz&path=%2F%2Fproc%2Fself%2Froot%2Fusr%2Fshare%2Fman%2Fman1 HTTP/2" 200 7753 "-" "Mozilla/5.0 AppleWebKit/537.36 (KHTML, like Gecko; compatible; ClaudeBot/1.0; +claudebot@anthropic.com)"
74.7.227.10 - - [31/Mar/2026:05:34:05 +0700] "GET /?path=//lib/modules/5.14.0-570.62.1.el9_6.x86_64/kernel/fs/nfsd HTTP/2" 200 2877 "https://www.lotushomemade.com/?path=//lib/modules/5.14.0-570.62.1.el9_6.x86_64/kernel/fs" "Mozilla/5.0 AppleWebKit/537.36 (KHTML, like Gecko; compatible; GPTBot/1.3; +https://openai.com/gptbot)"
216.73.216.24 - - [31/Mar/2026:05:34:05 +0700] "GET /whatsapp:/send?fileloc=%2F%2Fproc%2Fthread-self%2Froot%2Flib%2Fkbd%2Fkeymaps%2Fxkb%2Fal.map.gz&path=%2F%2Fproc%2Fthread-self%2Froot%2Flib%2Fkbd%2Fkeymaps%2Fxkb HTTP/2" 200 6310 "-" "Mozilla/5.0 AppleWebKit/537.36 (KHTML, like Gecko; compatible; ClaudeBot/1.0; +claudebot@anthropic.com)"
74.7.227.29 - - [31/Mar/2026:05:34:05 +0700] "GET /wp-sitemap.xml?fileloc=//usr/lib/systemd/system/container-getty@.service&path=//usr/lib/systemd/system HTTP/2" 200 3215 "https://lotushomemade.com/wp-sitemap.xml?path=//usr/lib/systemd/system" "Mozilla/5.0 AppleWebKit/537.36 (KHTML, like Gecko; compatible; GPTBot/1.3; +https://openai.com/gptbot)"
216.73.216.24 - - [31/Mar/2026:05:34:05 +0700] "GET /whatsapp:/send?fileloc=%2F%2Fproc%2Fthread-self%2Froot%2Fusr%2Fshare%2Fzoneinfo%2Fposix%2FEurope%2FJersey&path=%2F%2Fproc%2Fthread-self%2Froot%2Fusr%2Fshare%2Fzoneinfo%2Fposix%2FEurope HTTP/2" 200 4541 "-" "Mozilla/5.0 AppleWebKit/537.36 (KHTML, like Gecko; compatible; ClaudeBot/1.0; +claudebot@anthropic.com)"
57.141.16.20 - - [31/Mar/2026:05:34:05 +0700] "GET /news_sitemap.xml?fileloc=//lib/firmware/qat_420xx.bin.xz&path=//lib/firmware HTTP/2" 200 182684 "-" "meta-externalagent/1.1 (+https://developers.facebook.com/docs/sharing/webmasters/crawler)"
216.73.216.24 - - [31/Mar/2026:05:34:05 +0700] "GET /whatsapp:/send?fileloc=%2F%2Fproc%2Fthread-self%2Froot%2Fusr%2Flib64%2Fruby%2Fenc%2Futf_16le.so&path=%2F%2Fproc%2Fthread-self%2Froot%2Fusr%2Flib64%2Fruby%2Fenc HTTP/2" 200 5731 "-" "Mozilla/5.0 AppleWebKit/537.36 (KHTML, like Gecko; compatible; ClaudeBot/1.0; +claudebot@anthropic.com)"
216.73.216.24 - - [31/Mar/2026:05:34:06 +0700] "GET /wp-sitemap.xml?fileloc=%2F%2Fhome%2Flotushomemade.com%2Fhttpdocs%2Fwp-includes%2Fjs%2Fimagesloaded.min.js&path=%2F%2Fhome%2Flotushomemade.com%2Fhttpdocs%2Fwp-includes%2Fjs HTTP/2" 200 4446 "-" "Mozilla/5.0 AppleWebKit/537.36 (KHTML, like Gecko; compatible; ClaudeBot/1.0; +claudebot@anthropic.com)"
216.73.216.24 - - [31/Mar/2026:05:34:06 +0700] "GET /wp-sitemap.xml?fileloc=%2F%2Fusr%2Fshare%2Fautoconf%2FAutom4te%2FXFile.pm&path=%2F%2Fusr%2Fshare%2Fautoconf%2FAutom4te HTTP/2" 200 5995 "-" "Mozilla/5.0 AppleWebKit/537.36 (KHTML, like Gecko; compatible; ClaudeBot/1.0; +claudebot@anthropic.com)"
74.7.227.10 - - [31/Mar/2026:05:34:06 +0700] "GET /?path=//lib/modules/5.14.0-570.62.1.el9_6.x86_64/kernel/fs/ceph HTTP/2" 200 2877 "https://www.lotushomemade.com/?path=//lib/modules/5.14.0-570.62.1.el9_6.x86_64/kernel/fs" "Mozilla/5.0 AppleWebKit/537.36 (KHTML, like Gecko; compatible; GPTBot/1.3; +https://openai.com/gptbot)"
216.73.216.24 - - [31/Mar/2026:05:34:06 +0700] "GET /whatsapp:/send?fileloc=%2F%2Fproc%2Fthread-self%2Froot%2Fusr%2Fshare%2Fzoneinfo%2Fposix%2FPacific%2FTahiti&path=%2F%2Fproc%2Fthread-self%2Froot%2Fusr%2Fshare%2Fzoneinfo%2Fposix%2FPacific HTTP/2" 200 2666 "-" "Mozilla/5.0 AppleWebKit/537.36 (KHTML, like Gecko; compatible; ClaudeBot/1.0; +claudebot@anthropic.com)"
216.73.216.24 - - [31/Mar/2026:05:34:06 +0700] "GET /whatsapp:/send?fileloc=%2F%2Fproc%2Fself%2Froot%2Fusr%2Fshare%2Fman%2Fman8%2Fsystemd-sysupdate-reboot.service.8.gz&path=%2F%2Fproc%2Fself%2Froot%2Fusr%2Fshare%2Fman%2Fman8 HTTP/2" 200 2664 "-" "Mozilla/5.0 AppleWebKit/537.36 (KHTML, like Gecko; compatible; ClaudeBot/1.0; +claudebot@anthropic.com)"
74.7.227.29 - - [31/Mar/2026:05:34:06 +0700] "GET /wp-sitemap.xml?fileloc=//usr/lib/systemd/system/imunify-agent-proxy.service&path=//usr/lib/systemd/system HTTP/2" 200 2789 "https://lotushomemade.com/wp-sitemap.xml?path=//usr/lib/systemd/system" "Mozilla/5.0 AppleWebKit/537.36 (KHTML, like Gecko; compatible; GPTBot/1.3; +https://openai.com/gptbot)"
216.73.216.24 - - [31/Mar/2026:05:34:06 +0700] "GET /sitemap.xml?path=%2F%2Flib%2Fmodules%2F5.14.0-503.40.1.el9_5.x86_64%2Fkernel%2Fdrivers%2Fusb%2Fserial HTTP/2" 200 4708 "-" "Mozilla/5.0 AppleWebKit/537.36 (KHTML, like Gecko; compatible; ClaudeBot/1.0; +claudebot@anthropic.com)"
216.73.216.24 - - [31/Mar/2026:05:34:06 +0700] "GET /whatsapp:/send?fileloc=%2F%2Fproc%2Fself%2Froot%2Fopt%2Fplesk%2Fphp%2F8.0%2Fetc%2Fphp-fpm.d%2Fniaga.ads.pangeranserver.com.conf&path=%2F%2Fproc%2Fself%2Froot%2Fopt%2Fplesk%2Fphp%2F8.0%2Fetc%2Fphp-fpm.d HTTP/2" 200 3240 "-" "Mozilla/5.0 AppleWebKit/537.36 (KHTML, like Gecko; compatible; ClaudeBot/1.0; +claudebot@anthropic.com)"
216.73.216.24 - - [31/Mar/2026:05:34:06 +0700] "GET /whatsapp:/send?fileloc=%2F%2Fproc%2Fself%2Froot%2Fopt%2Fplesk%2Fphp%2F8.0%2Fetc%2Fphp-fpm.d%2Fmumtaza.net.conf&path=%2F%2Fproc%2Fself%2Froot%2Fopt%2Fplesk%2Fphp%2F8.0%2Fetc%2Fphp-fpm.d HTTP/2" 200 3350 "-" "Mozilla/5.0 AppleWebKit/537.36 (KHTML, like Gecko; compatible; ClaudeBot/1.0; +claudebot@anthropic.com)"
216.73.216.24 - - [31/Mar/2026:05:34:06 +0700] "GET /whatsapp:/send?fileloc=%2F%2Fopt%2Fcloudlinux%2Fvenv%2Flib%2Fpython3.11%2Fsite-packages%2Fcl_dom_collector%2Fdom_collector.py&path=%2F%2Fopt%2Fcloudlinux%2Fvenv%2Flib%2Fpython3.11%2Fsite-packages%2Fcl_dom_collector HTTP/2" 200 4082 "-" "Mozilla/5.0 AppleWebKit/537.36 (KHTML, like Gecko; compatible; ClaudeBot/1.0; +claudebot@anthropic.com)"
74.7.227.10 - - [31/Mar/2026:05:34:06 +0700] "GET /?path=//lib/modules/5.14.0-503.40.1.el9_5.x86_64/kernel/fs/nfsd HTTP/2" 200 2885 "https://www.lotushomemade.com/?path=//lib/modules/5.14.0-503.40.1.el9_5.x86_64/kernel/fs" "Mozilla/5.0 AppleWebKit/537.36 (KHTML, like Gecko; compatible; GPTBot/1.3; +https://openai.com/gptbot)"
216.73.216.24 - - [31/Mar/2026:05:34:06 +0700] "GET /whatsapp:/send?fileloc=%2F%2Fproc%2Fself%2Froot%2Flib%2Fdracut%2Fmodules.d%2F01fips%2Ffips-noboot.sh&path=%2F%2Fproc%2Fself%2Froot%2Flib%2Fdracut%2Fmodules.d%2F01fips HTTP/2" 200 2848 "-" "Mozilla/5.0 AppleWebKit/537.36 (KHTML, like Gecko; compatible; ClaudeBot/1.0; +claudebot@anthropic.com)"
216.73.216.24 - - [31/Mar/2026:05:34:06 +0700] "GET /whatsapp:/send?fileloc=%2F%2Fproc%2Fself%2Froot%2Fusr%2Fshare%2Fman%2Fman8%2Fupdate-cracklib.8.gz&path=%2F%2Fproc%2Fself%2Froot%2Fusr%2Fshare%2Fman%2Fman8 HTTP/2" 200 3278 "-" "Mozilla/5.0 AppleWebKit/537.36 (KHTML, like Gecko; compatible; ClaudeBot/1.0; +claudebot@anthropic.com)"
57.141.16.30 - - [31/Mar/2026:05:34:05 +0700] "GET /news_sitemap.xml?fileloc=//lib/firmware/iwlwifi-QuZ-a0-jf-b0-77.ucode.xz&path=//lib/firmware HTTP/2" 200 843114 "-" "meta-externalagent/1.1 (+https://developers.facebook.com/docs/sharing/webmasters/crawler)"
216.73.216.24 - - [31/Mar/2026:05:34:06 +0700] "GET /wp-sitemap.xml?fileloc=%2F%2Fusr%2Flib%2Fudev%2Frules.d%2F60-sensor.rules&path=%2F%2Fusr%2Flib%2Fudev%2Frules.d HTTP/2" 200 2970 "-" "Mozilla/5.0 AppleWebKit/537.36 (KHTML, like Gecko; compatible; ClaudeBot/1.0; +claudebot@anthropic.com)"
216.73.216.24 - - [31/Mar/2026:05:34:07 +0700] "GET /whatsapp:/send?fileloc=%2F%2Fproc%2Fthread-self%2Froot%2Fusr%2Fshare%2Fzoneinfo%2Fposix%2FAustralia%2FEucla&path=%2F%2Fproc%2Fthread-self%2Froot%2Fusr%2Fshare%2Fzoneinfo%2Fposix%2FAustralia HTTP/2" 200 2880 "-" "Mozilla/5.0 AppleWebKit/537.36 (KHTML, like Gecko; compatible; ClaudeBot/1.0; +claudebot@anthropic.com)"
74.7.227.29 - - [31/Mar/2026:05:34:07 +0700] "GET /wp-sitemap.xml?fileloc=//proc/net/dev_mcast&path=//proc/net HTTP/2" 200 2504 "https://lotushomemade.com/wp-sitemap.xml?path=//proc/net" "Mozilla/5.0 AppleWebKit/537.36 (KHTML, like Gecko; compatible; GPTBot/1.3; +https://openai.com/gptbot)"
216.73.216.24 - - [31/Mar/2026:05:34:07 +0700] "GET /whatsapp:/send?fileloc=%2F%2Fproc%2Fself%2Froot%2Fusr%2Fshare%2Fman%2Fman1%2Fnumfmt.1.gz&path=%2F%2Fproc%2Fself%2Froot%2Fusr%2Fshare%2Fman%2Fman1 HTTP/2" 200 4730 "-" "Mozilla/5.0 AppleWebKit/537.36 (KHTML, like Gecko; compatible; ClaudeBot/1.0; +claudebot@anthropic.com)"
216.73.216.24 - - [31/Mar/2026:05:34:07 +0700] "GET /whatsapp:/send?fileloc=%2F%2Fproc%2Fthread-self%2Froot%2Fusr%2Fshare%2Fzoneinfo%2Fposix%2FEurope%2FVaduz&path=%2F%2Fproc%2Fthread-self%2Froot%2Fusr%2Fshare%2Fzoneinfo%2Fposix%2FEurope HTTP/2" 200 3688 "-" "Mozilla/5.0 AppleWebKit/537.36 (KHTML, like Gecko; compatible; ClaudeBot/1.0; +claudebot@anthropic.com)"
216.73.216.24 - - [31/Mar/2026:05:34:07 +0700] "GET /product/seaweed-cuttle-fish-l?fileloc=%2F%2Fusr%2Flib%2Fpython3.9%2Fsite-packages%2Fsepolgen%2Fdefaults.py&path=%2F%2Fusr%2Flib%2Fpython3.9%2Fsite-packages%2Fsepolgen HTTP/2" 200 3802 "-" "Mozilla/5.0 AppleWebKit/537.36 (KHTML, like Gecko; compatible; ClaudeBot/1.0; +claudebot@anthropic.com)"
57.141.16.60 - - [31/Mar/2026:05:34:07 +0700] "GET /news_sitemap.xml?fileloc=//lib/firmware/TAS2XXX3884.bin.xz&path=//lib/firmware HTTP/2" 200 20654 "-" "meta-externalagent/1.1 (+https://developers.facebook.com/docs/sharing/webmasters/crawler)"
216.73.216.24 - - [31/Mar/2026:05:34:07 +0700] "GET /whatsapp:/send?fileloc=%2F%2Fproc%2Fself%2Froot%2Fusr%2Fshare%2Fman%2Fman5%2Flimits.conf.5.gz&path=%2F%2Fproc%2Fself%2Froot%2Fusr%2Fshare%2Fman%2Fman5 HTTP/2" 200 5441 "-" "Mozilla/5.0 AppleWebKit/537.36 (KHTML, like Gecko; compatible; ClaudeBot/1.0; +claudebot@anthropic.com)"
74.7.227.10 - - [31/Mar/2026:05:34:07 +0700] "GET /?path=//lib/modules/5.14.0-503.11.1.el9_5.x86_64/kernel/fs/ceph HTTP/2" 200 2885 "https://www.lotushomemade.com/?path=//lib/modules/5.14.0-503.11.1.el9_5.x86_64/kernel/fs" "Mozilla/5.0 AppleWebKit/537.36 (KHTML, like Gecko; compatible; GPTBot/1.3; +https://openai.com/gptbot)"
57.141.16.66 - - [31/Mar/2026:05:34:06 +0700] "GET /news_sitemap.xml?fileloc=//lib/firmware/iwlwifi-so-a0-jf-b0-72.ucode.xz&path=//lib/firmware HTTP/2" 200 847816 "-" "meta-externalagent/1.1 (+https://developers.facebook.com/docs/sharing/webmasters/crawler)"
216.73.216.24 - - [31/Mar/2026:05:34:07 +0700] "GET /whatsapp:/send?fileloc=%2F%2Fproc%2Fself%2Froot%2Fopt%2Fplesk%2Fphp%2F8.0%2Fetc%2Fphp-fpm.d%2Fspp-sdperadaban.my.id.conf&path=%2F%2Fproc%2Fself%2Froot%2Fopt%2Fplesk%2Fphp%2F8.0%2Fetc%2Fphp-fpm.d HTTP/2" 200 3248 "-" "Mozilla/5.0 AppleWebKit/537.36 (KHTML, like Gecko; compatible; ClaudeBot/1.0; +claudebot@anthropic.com)"
57.141.16.92 - - [31/Mar/2026:05:34:06 +0700] "GET /news_sitemap.xml?fileloc=//lib/firmware/iwlwifi-9000-pu-b0-jf-b0-34.ucode.xz&path=//lib/firmware HTTP/2" 200 779725 "-" "meta-externalagent/1.1 (+https://developers.facebook.com/docs/sharing/webmasters/crawler)"
216.73.216.24 - - [31/Mar/2026:05:34:07 +0700] "GET /wp-sitemap.xml?fileloc=%2F%2Fusr%2Flib%2Fkbd%2Funimaps%2Fiso03.uni&path=%2F%2Fusr%2Flib%2Fkbd%2Funimaps HTTP/2" 200 3177 "-" "Mozilla/5.0 AppleWebKit/537.36 (KHTML, like Gecko; compatible; ClaudeBot/1.0; +claudebot@anthropic.com)"
74.7.227.29 - - [31/Mar/2026:05:34:07 +0700] "GET /wp-sitemap.xml?fileloc=//proc/1354764/root/lib64/libprotobuf-c.so.1&path=//proc/1354764/root/lib64 HTTP/2" 200 2536 "https://lotushomemade.com/wp-sitemap.xml?path=//proc/1354764/root/lib64" "Mozilla/5.0 AppleWebKit/537.36 (KHTML, like Gecko; compatible; GPTBot/1.3; +https://openai.com/gptbot)"
216.73.216.24 - - [31/Mar/2026:05:34:07 +0700] "GET /whatsapp:/send?fileloc=%2F%2Fproc%2Fself%2Froot%2Fusr%2Fshare%2Fzoneinfo%2FAustralia%2FMelbourne&path=%2F%2Fproc%2Fself%2Froot%2Fusr%2Fshare%2Fzoneinfo%2FAustralia HTTP/2" 200 3797 "-" "Mozilla/5.0 AppleWebKit/537.36 (KHTML, like Gecko; compatible; ClaudeBot/1.0; +claudebot@anthropic.com)"
216.73.216.24 - - [31/Mar/2026:05:34:07 +0700] "GET /whatsapp:/send?fileloc=%2F%2Fproc%2Fself%2Froot%2Fusr%2Fshare%2Fman%2Fman1%2Fzstdcat.1.gz&path=%2F%2Fproc%2Fself%2Froot%2Fusr%2Fshare%2Fman%2Fman1 HTTP/2" 200 12382 "-" "Mozilla/5.0 AppleWebKit/537.36 (KHTML, like Gecko; compatible; ClaudeBot/1.0; +claudebot@anthropic.com)"
57.141.16.32 - - [31/Mar/2026:05:34:06 +0700] "GET /news_sitemap.xml?fileloc=//lib/firmware/iwlwifi-ty-a0-gf-a0-77.ucode.xz&path=//lib/firmware HTTP/2" 200 987986 "-" "meta-externalagent/1.1 (+https://developers.facebook.com/docs/sharing/webmasters/crawler)"
74.7.227.10 - - [31/Mar/2026:05:34:07 +0700] "GET /?path=//lib/modules/5.14.0-503.11.1.el9_5.x86_64/kernel/net/can HTTP/2" 200 3127 "https://www.lotushomemade.com/?path=//lib/modules/5.14.0-503.11.1.el9_5.x86_64/kernel/net" "Mozilla/5.0 AppleWebKit/537.36 (KHTML, like Gecko; compatible; GPTBot/1.3; +https://openai.com/gptbot)"
216.73.216.24 - - [31/Mar/2026:05:34:07 +0700] "GET /whatsapp:/send?fileloc=%2F%2Fproc%2Fself%2Froot%2Fusr%2Fshare%2Fman%2Fman1%2Fecparam.1ossl.gz&path=%2F%2Fproc%2Fself%2Froot%2Fusr%2Fshare%2Fman%2Fman1 HTTP/2" 200 5391 "-" "Mozilla/5.0 AppleWebKit/537.36 (KHTML, like Gecko; compatible; ClaudeBot/1.0; +claudebot@anthropic.com)"
216.73.216.24 - - [31/Mar/2026:05:34:07 +0700] "GET /sitemap.xml?path=%2F%2Flib%2Fmodules%2F5.14.0-503.11.1.el9_5.x86_64%2Fkernel%2Fnet%2Fvmw_vsock HTTP/2" 200 3090 "-" "Mozilla/5.0 AppleWebKit/537.36 (KHTML, like Gecko; compatible; ClaudeBot/1.0; +claudebot@anthropic.com)"
216.73.216.24 - - [31/Mar/2026:05:34:08 +0700] "GET /whatsapp:/send?fileloc=%2F%2Fproc%2Fself%2Froot%2Fusr%2Fshare%2Fman%2Fman1%2Fnice.1.gz&path=%2F%2Fproc%2Fself%2Froot%2Fusr%2Fshare%2Fman%2Fman1 HTTP/2" 200 3577 "-" "Mozilla/5.0 AppleWebKit/537.36 (KHTML, like Gecko; compatible; ClaudeBot/1.0; +claudebot@anthropic.com)"
74.7.227.29 - - [31/Mar/2026:05:34:08 +0700] "GET /wp-sitemap.xml?fileloc=//proc/1354764/root/lib64/aspell-0.60/email-filter.info&path=//proc/1354764/root/lib64/aspell-0.60 HTTP/2" 200 2502 "https://lotushomemade.com/wp-sitemap.xml?path=//proc/1354764/root/lib64/aspell-0.60" "Mozilla/5.0 AppleWebKit/537.36 (KHTML, like Gecko; compatible; GPTBot/1.3; +https://openai.com/gptbot)"
216.73.216.24 - - [31/Mar/2026:05:34:08 +0700] "GET /whatsapp:/send?fileloc=%2F%2Fproc%2Fthread-self%2Froot%2Flib%2Fkbd%2Fkeymaps%2Fxkb%2Fde-mac.map.gz&path=%2F%2Fproc%2Fthread-self%2Froot%2Flib%2Fkbd%2Fkeymaps%2Fxkb HTTP/2" 200 6122 "-" "Mozilla/5.0 AppleWebKit/537.36 (KHTML, like Gecko; compatible; ClaudeBot/1.0; +claudebot@anthropic.com)"
216.73.216.24 - - [31/Mar/2026:05:34:08 +0700] "GET /whatsapp:/send?fileloc=%2F%2Fproc%2Fself%2Froot%2Fusr%2Flib%2Ffirmware%2Fnvidia%2Fgp107%2Fgr%2Ffecs_data.bin.xz&path=%2F%2Fproc%2Fself%2Froot%2Fusr%2Flib%2Ffirmware%2Fnvidia%2Fgp107%2Fgr HTTP/2" 200 3240 "-" "Mozilla/5.0 AppleWebKit/537.36 (KHTML, like Gecko; compatible; ClaudeBot/1.0; +claudebot@anthropic.com)"
216.73.216.24 - - [31/Mar/2026:05:34:08 +0700] "GET /whatsapp:/send?fileloc=%2F%2Fproc%2Fthread-self%2Froot%2Flib%2Ffirmware%2Fnvidia%2Fgp107%2Fsec2%2Fsig.bin.xz&path=%2F%2Fproc%2Fthread-self%2Froot%2Flib%2Ffirmware%2Fnvidia%2Fgp107%2Fsec2 HTTP/2" 200 2830 "-" "Mozilla/5.0 AppleWebKit/537.36 (KHTML, like Gecko; compatible; ClaudeBot/1.0; +claudebot@anthropic.com)"
57.141.16.18 - - [31/Mar/2026:05:34:07 +0700] "GET /news_sitemap.xml?fileloc=//lib/firmware/iwlwifi-bz-b0-gf-a0-96.ucode.xz&path=//lib/firmware HTTP/2" 200 996328 "-" "meta-externalagent/1.1 (+https://developers.facebook.com/docs/sharing/webmasters/crawler)"
57.141.16.83 - - [31/Mar/2026:05:34:08 +0700] "GET /news_sitemap.xml?fileloc=//lib/firmware/dvb-usb-it9135-02.fw.xz&path=//lib/firmware HTTP/2" 200 19208 "-" "meta-externalagent/1.1 (+https://developers.facebook.com/docs/sharing/webmasters/crawler)"
74.7.227.10 - - [31/Mar/2026:05:34:08 +0700] "GET /?path=//lib/modules/5.14.0-503.40.1.el9_5.x86_64/kernel/net/hsr HTTP/2" 200 2884 "https://www.lotushomemade.com/?path=//lib/modules/5.14.0-503.40.1.el9_5.x86_64/kernel/net" "Mozilla/5.0 AppleWebKit/537.36 (KHTML, like Gecko; compatible; GPTBot/1.3; +https://openai.com/gptbot)"
216.73.216.24 - - [31/Mar/2026:05:34:08 +0700] "GET /whatsapp:/send?fileloc=%2F%2Fproc%2Fself%2Froot%2Fusr%2Fshare%2Fman%2Fman3%2Ftep_unregister_event_handler.3.gz&path=%2F%2Fproc%2Fself%2Froot%2Fusr%2Fshare%2Fman%2Fman3 HTTP/2" 200 2661 "-" "Mozilla/5.0 AppleWebKit/537.36 (KHTML, like Gecko; compatible; ClaudeBot/1.0; +claudebot@anthropic.com)"
216.73.216.24 - - [31/Mar/2026:05:34:08 +0700] "GET /whatsapp:/send?fileloc=%2F%2Fproc%2Fself%2Froot%2Fusr%2Fshare%2Fman%2Fman1%2Fgapplication.1.gz&path=%2F%2Fproc%2Fself%2Froot%2Fusr%2Fshare%2Fman%2Fman1 HTTP/2" 200 4964 "-" "Mozilla/5.0 AppleWebKit/537.36 (KHTML, like Gecko; compatible; ClaudeBot/1.0; +claudebot@anthropic.com)"
216.73.216.24 - - [31/Mar/2026:05:34:08 +0700] "GET /whatsapp:/send?fileloc=%2F%2Fopt%2Fcloudlinux%2Fvenv%2Flib%2Fpython3.11%2Fsite-packages%2Fattrs-23.1.0.dist-info%2FRECORD&path=%2F%2Fopt%2Fcloudlinux%2Fvenv%2Flib%2Fpython3.11%2Fsite-packages%2Fattrs-23.1.0.dist-info HTTP/2" 200 4262 "-" "Mozilla/5.0 AppleWebKit/537.36 (KHTML, like Gecko; compatible; ClaudeBot/1.0; +claudebot@anthropic.com)"
74.7.227.29 - - [31/Mar/2026:05:34:08 +0700] "GET /wp-sitemap.xml?fileloc=//lib/firmware/amdgpu/dimgrey_cavefish_mec2.bin.xz&path=//lib/firmware/amdgpu HTTP/2" 200 33108 "https://lotushomemade.com/wp-sitemap.xml?path=//lib/firmware/amdgpu" "Mozilla/5.0 AppleWebKit/537.36 (KHTML, like Gecko; compatible; GPTBot/1.3; +https://openai.com/gptbot)"
216.73.216.24 - - [31/Mar/2026:05:34:08 +0700] "GET /whatsapp:/send?fileloc=%2F%2Fproc%2Fself%2Froot%2Fusr%2Fshare%2Fterminfo%2Fn%2Fnsterm&path=%2F%2Fproc%2Fself%2Froot%2Fusr%2Fshare%2Fterminfo%2Fn HTTP/2" 200 3551 "-" "Mozilla/5.0 AppleWebKit/537.36 (KHTML, like Gecko; compatible; ClaudeBot/1.0; +claudebot@anthropic.com)"
216.73.216.24 - - [31/Mar/2026:05:34:08 +0700] "GET /whatsapp:/send?fileloc=%2F%2Fproc%2Fself%2Froot%2Fusr%2Fshare%2Fman%2Fman1%2Ftoe.1m.gz&path=%2F%2Fproc%2Fself%2Froot%2Fusr%2Fshare%2Fman%2Fman1 HTTP/2" 200 5401 "-" "Mozilla/5.0 AppleWebKit/537.36 (KHTML, like Gecko; compatible; ClaudeBot/1.0; +claudebot@anthropic.com)"
74.7.227.10 - - [31/Mar/2026:05:34:08 +0700] "GET /?path=//lib/modules/5.14.0-570.62.1.el9_6.x86_64/kernel/net/can HTTP/2" 200 3124 "https://www.lotushomemade.com/?path=//lib/modules/5.14.0-570.62.1.el9_6.x86_64/kernel/net" "Mozilla/5.0 AppleWebKit/537.36 (KHTML, like Gecko; compatible; GPTBot/1.3; +https://openai.com/gptbot)"
216.73.216.24 - - [31/Mar/2026:05:34:08 +0700] "GET /whatsapp:/send?fileloc=%2F%2Fproc%2Fself%2Froot%2Fopt%2Fplesk%2Fphp%2F8.0%2Fetc%2Fphp-fpm.d%2Fhsse.neutradc.id.conf&path=%2F%2Fproc%2Fself%2Froot%2Fopt%2Fplesk%2Fphp%2F8.0%2Fetc%2Fphp-fpm.d HTTP/2" 200 3305 "-" "Mozilla/5.0 AppleWebKit/537.36 (KHTML, like Gecko; compatible; ClaudeBot/1.0; +claudebot@anthropic.com)"
57.141.16.19 - - [31/Mar/2026:05:34:08 +0700] "GET /news_sitemap.xml?fileloc=//lib/firmware/TAS2XXX1EB30.bin.xz&path=//lib/firmware HTTP/2" 200 19883 "-" "meta-externalagent/1.1 (+https://developers.facebook.com/docs/sharing/webmasters/crawler)"
216.73.216.24 - - [31/Mar/2026:05:34:08 +0700] "GET /whatsapp:/send?fileloc=%2F%2Fproc%2Fself%2Froot%2Fusr%2Fshare%2Fman%2Fman5%2Fmtools.conf.5.gz&path=%2F%2Fproc%2Fself%2Froot%2Fusr%2Fshare%2Fman%2Fman5 HTTP/2" 200 8880 "-" "Mozilla/5.0 AppleWebKit/537.36 (KHTML, like Gecko; compatible; ClaudeBot/1.0; +claudebot@anthropic.com)"
216.73.216.24 - - [31/Mar/2026:05:34:09 +0700] "GET /wp-sitemap.xml?fileloc=%2F%2Fusr%2Flib%2Ffirmware%2Fmediatek%2Fmt7986_rom_patch.bin.xz&path=%2F%2Fusr%2Flib%2Ffirmware%2Fmediatek HTTP/2" 200 9515 "-" "Mozilla/5.0 AppleWebKit/537.36 (KHTML, like Gecko; compatible; ClaudeBot/1.0; +claudebot@anthropic.com)"
57.141.16.51 - - [31/Mar/2026:05:34:08 +0700] "GET /news_sitemap.xml?fileloc=//lib/firmware/iwlwifi-bz-b0-gf-a0-92.ucode.xz&path=//lib/firmware HTTP/2" 200 983087 "-" "meta-externalagent/1.1 (+https://developers.facebook.com/docs/sharing/webmasters/crawler)"
216.73.216.24 - - [31/Mar/2026:05:34:09 +0700] "GET /whatsapp:/send?fileloc=%2F%2Fproc%2Fself%2Froot%2Fusr%2Fshare%2Fman%2Fman1%2Fpzstd.1.gz&path=%2F%2Fproc%2Fself%2Froot%2Fusr%2Fshare%2Fman%2Fman1 HTTP/2" 200 12393 "-" "Mozilla/5.0 AppleWebKit/537.36 (KHTML, like Gecko; compatible; ClaudeBot/1.0; +claudebot@anthropic.com)"
74.7.227.29 - - [31/Mar/2026:05:34:09 +0700] "GET /wp-sitemap.xml?path=//usr/lib/firmware/qcom/venus-6.0 HTTP/2" 200 2870 "https://lotushomemade.com/wp-sitemap.xml?path=//usr/lib/firmware/qcom" "Mozilla/5.0 AppleWebKit/537.36 (KHTML, like Gecko; compatible; GPTBot/1.3; +https://openai.com/gptbot)"
216.73.216.24 - - [31/Mar/2026:05:34:09 +0700] "GET /whatsapp:/send?fileloc=%2F%2Fproc%2Fself%2Froot%2Fusr%2Fshare%2Fman%2Fman1%2Fmtype.1.gz&path=%2F%2Fproc%2Fself%2Froot%2Fusr%2Fshare%2Fman%2Fman1 HTTP/2" 200 3827 "-" "Mozilla/5.0 AppleWebKit/537.36 (KHTML, like Gecko; compatible; ClaudeBot/1.0; +claudebot@anthropic.com)"
216.73.216.24 - - [31/Mar/2026:05:34:09 +0700] "GET /whatsapp:/send?fileloc=%2F%2Fproc%2Fthread-self%2Froot%2Fusr%2Fshare%2Fzoneinfo%2Fposix%2FAmerica%2FMendoza&path=%2F%2Fproc%2Fthread-self%2Froot%2Fusr%2Fshare%2Fzoneinfo%2Fposix%2FAmerica HTTP/2" 200 3204 "-" "Mozilla/5.0 AppleWebKit/537.36 (KHTML, like Gecko; compatible; ClaudeBot/1.0; +claudebot@anthropic.com)"
216.73.216.24 - - [31/Mar/2026:05:34:09 +0700] "GET /whatsapp:/send?fileloc=%2F%2Fproc%2Fself%2Froot%2Fusr%2Fshare%2Fman%2Fman5%2Ffirewalld.direct.5.gz&path=%2F%2Fproc%2Fself%2Froot%2Fusr%2Fshare%2Fman%2Fman5 HTTP/2" 200 5993 "-" "Mozilla/5.0 AppleWebKit/537.36 (KHTML, like Gecko; compatible; ClaudeBot/1.0; +claudebot@anthropic.com)"
74.7.227.10 - - [31/Mar/2026:05:34:09 +0700] "GET /?path=//lib/modules/5.14.0-570.62.1.el9_6.x86_64/kernel/net/hsr HTTP/2" 200 2877 "https://www.lotushomemade.com/?path=//lib/modules/5.14.0-570.62.1.el9_6.x86_64/kernel/net" "Mozilla/5.0 AppleWebKit/537.36 (KHTML, like Gecko; compatible; GPTBot/1.3; +https://openai.com/gptbot)"
57.141.16.46 - - [31/Mar/2026:05:34:08 +0700] "GET /news_sitemap.xml?fileloc=//lib/firmware/iwlwifi-QuZ-a0-jf-b0-50.ucode.xz&path=//lib/firmware HTTP/2" 200 707043 "-" "meta-externalagent/1.1 (+https://developers.facebook.com/docs/sharing/webmasters/crawler)"
216.73.216.24 - - [31/Mar/2026:05:34:09 +0700] "GET /whatsapp:/send?fileloc=%2F%2Fproc%2Fself%2Froot%2Fproc%2Fsys%2Fnet%2Fipv4%2Figmp_max_memberships&path=%2F%2Fproc%2Fself%2Froot%2Fproc%2Fsys%2Fnet%2Fipv4 HTTP/2" 200 2559 "-" "Mozilla/5.0 AppleWebKit/537.36 (KHTML, like Gecko; compatible; ClaudeBot/1.0; +claudebot@anthropic.com)"
216.73.216.24 - - [31/Mar/2026:05:34:09 +0700] "GET /whatsapp:/send?fileloc=%2F%2Fproc%2Fself%2Froot%2Fusr%2Fshare%2Fman%2Fman1%2Fgit-quiltimport.1.gz&path=%2F%2Fproc%2Fself%2Froot%2Fusr%2Fshare%2Fman%2Fman1 HTTP/2" 200 3846 "-" "Mozilla/5.0 AppleWebKit/537.36 (KHTML, like Gecko; compatible; ClaudeBot/1.0; +claudebot@anthropic.com)"
57.141.16.94 - - [31/Mar/2026:05:34:09 +0700] "GET /news_sitemap.xml?fileloc=//lib/firmware/mts_gsm.fw.xz&path=//lib/firmware HTTP/2" 200 25610 "-" "meta-externalagent/1.1 (+https://developers.facebook.com/docs/sharing/webmasters/crawler)"
216.73.216.24 - - [31/Mar/2026:05:34:09 +0700] "GET /whatsapp:/send?fileloc=%2F%2Fproc%2Fself%2Froot%2Fusr%2Fshare%2Fman%2Fman5%2Faccess.5.gz&path=%2F%2Fproc%2Fself%2Froot%2Fusr%2Fshare%2Fman%2Fman5 HTTP/2" 200 7802 "-" "Mozilla/5.0 AppleWebKit/537.36 (KHTML, like Gecko; compatible; ClaudeBot/1.0; +claudebot@anthropic.com)"
74.7.227.29 - - [31/Mar/2026:05:34:09 +0700] "GET /wp-sitemap.xml?path=//usr/lib/firmware/qcom/venus-4.2 HTTP/2" 200 2900 "https://lotushomemade.com/wp-sitemap.xml?path=//usr/lib/firmware/qcom" "Mozilla/5.0 AppleWebKit/537.36 (KHTML, like Gecko; compatible; GPTBot/1.3; +https://openai.com/gptbot)"
216.73.216.24 - - [31/Mar/2026:05:34:09 +0700] "GET /whatsapp:/send?fileloc=%2F%2Fproc%2Fthread-self%2Froot%2Fusr%2Fshare%2Flocale%2Fbg%2FLC_MESSAGES%2FNetworkManager.mo&path=%2F%2Fproc%2Fthread-self%2Froot%2Fusr%2Fshare%2Flocale%2Fbg%2FLC_MESSAGES HTTP/2" 200 7413 "-" "Mozilla/5.0 AppleWebKit/537.36 (KHTML, like Gecko; compatible; ClaudeBot/1.0; +claudebot@anthropic.com)"
57.141.16.49 - - [31/Mar/2026:05:34:09 +0700] "GET /news_sitemap.xml?fileloc=//lib/firmware/TAS2XXX8DE81.bin.xz&path=//lib/firmware HTTP/2" 200 24010 "-" "meta-externalagent/1.1 (+https://developers.facebook.com/docs/sharing/webmasters/crawler)"
57.141.16.71 - - [31/Mar/2026:05:34:09 +0700] "GET /news_sitemap.xml?fileloc=//lib/sysusers.d/basic.conf&path=//lib/sysusers.d HTTP/2" 200 13574 "-" "meta-externalagent/1.1 (+https://developers.facebook.com/docs/sharing/webmasters/crawler)"
216.73.216.24 - - [31/Mar/2026:05:34:09 +0700] "GET /whatsapp:/send?fileloc=%2F%2Fproc%2Fself%2Froot%2Fusr%2Fshare%2Fman%2Fman5%2Fhttpd.conf.5.gz&path=%2F%2Fproc%2Fself%2Froot%2Fusr%2Fshare%2Fman%2Fman5 HTTP/2" 200 4963 "-" "Mozilla/5.0 AppleWebKit/537.36 (KHTML, like Gecko; compatible; ClaudeBot/1.0; +claudebot@anthropic.com)"
74.7.227.10 - - [31/Mar/2026:05:34:09 +0700] "GET /?path=//lib/modules/5.14.0-503.11.1.el9_5.x86_64/kernel/net/atm HTTP/2" 200 2882 "https://www.lotushomemade.com/?path=//lib/modules/5.14.0-503.11.1.el9_5.x86_64/kernel/net" "Mozilla/5.0 AppleWebKit/537.36 (KHTML, like Gecko; compatible; GPTBot/1.3; +https://openai.com/gptbot)"
216.73.216.24 - - [31/Mar/2026:05:34:09 +0700] "GET /whatsapp:/send?fileloc=%2F%2Fproc%2Fthread-self%2Froot%2Fusr%2Fshare%2Fzoneinfo%2Fposix%2FAmerica%2FSao_Paulo&path=%2F%2Fproc%2Fthread-self%2Froot%2Fusr%2Fshare%2Fzoneinfo%2Fposix%2FAmerica HTTP/2" 200 3422 "-" "Mozilla/5.0 AppleWebKit/537.36 (KHTML, like Gecko; compatible; ClaudeBot/1.0; +claudebot@anthropic.com)"
216.73.216.24 - - [31/Mar/2026:05:34:10 +0700] "GET /whatsapp:/send?fileloc=%2F%2Fproc%2Fself%2Froot%2Fopt%2Fplesk%2Fphp%2F8.0%2Fetc%2Fphp-fpm.d%2Fnuonline.or.id.conf&path=%2F%2Fproc%2Fself%2Froot%2Fopt%2Fplesk%2Fphp%2F8.0%2Fetc%2Fphp-fpm.d HTTP/2" 200 3239 "-" "Mozilla/5.0 AppleWebKit/537.36 (KHTML, like Gecko; compatible; ClaudeBot/1.0; +claudebot@anthropic.com)"
216.73.216.24 - - [31/Mar/2026:05:34:10 +0700] "GET /whatsapp:/send?fileloc=%2F%2Fproc%2Fself%2Froot%2Fusr%2Fshare%2Fman%2Fman1%2Ftest.1.gz&path=%2F%2Fproc%2Fself%2Froot%2Fusr%2Fshare%2Fman%2Fman1 HTTP/2" 200 4356 "-" "Mozilla/5.0 AppleWebKit/537.36 (KHTML, like Gecko; compatible; ClaudeBot/1.0; +claudebot@anthropic.com)"
216.73.216.24 - - [31/Mar/2026:05:34:10 +0700] "GET /whatsapp:/send?fileloc=%2F%2Fopt%2Fcloudlinux%2Fvenv%2Flib%2Fpython3.11%2Fsite-packages%2Fsmmap-5.0.0.dist-info%2FMETADATA&path=%2F%2Fopt%2Fcloudlinux%2Fvenv%2Flib%2Fpython3.11%2Fsite-packages%2Fsmmap-5.0.0.dist-info HTTP/2" 200 4313 "-" "Mozilla/5.0 AppleWebKit/537.36 (KHTML, like Gecko; compatible; ClaudeBot/1.0; +claudebot@anthropic.com)"
74.7.227.29 - - [31/Mar/2026:05:34:10 +0700] "GET /wp-sitemap.xml?path=//usr/lib/firmware/qcom/venus-5.4 HTTP/2" 200 2899 "https://lotushomemade.com/wp-sitemap.xml?path=//usr/lib/firmware/qcom" "Mozilla/5.0 AppleWebKit/537.36 (KHTML, like Gecko; compatible; GPTBot/1.3; +https://openai.com/gptbot)"
57.141.16.55 - - [31/Mar/2026:05:34:09 +0700] "GET /news_sitemap.xml?fileloc=//lib/firmware/iwlwifi-so-a0-gf4-a0-86.ucode.xz&path=//lib/firmware HTTP/2" 200 1019066 "-" "meta-externalagent/1.1 (+https://developers.facebook.com/docs/sharing/webmasters/crawler)"
216.73.216.24 - - [31/Mar/2026:05:34:10 +0700] "GET /whatsapp:/send?fileloc=%2F%2Fproc%2Fthread-self%2Froot%2Flib%2Fkbd%2Fkeymaps%2Fxkb%2Fde.map.gz&path=%2F%2Fproc%2Fthread-self%2Froot%2Flib%2Fkbd%2Fkeymaps%2Fxkb HTTP/2" 200 6153 "-" "Mozilla/5.0 AppleWebKit/537.36 (KHTML, like Gecko; compatible; ClaudeBot/1.0; +claudebot@anthropic.com)"
216.73.216.24 - - [31/Mar/2026:05:34:10 +0700] "GET /sitemap.xml?path=%2F%2Fproc%2Fself%2Froot%2Flib%2Fmodules%2F5.14.0-570.12.1.el9_6.x86_64%2Fextra HTTP/2" 200 2871 "-" "Mozilla/5.0 AppleWebKit/537.36 (KHTML, like Gecko; compatible; ClaudeBot/1.0; +claudebot@anthropic.com)"
74.7.227.10 - - [31/Mar/2026:05:34:10 +0700] "GET /?path=//lib/modules/5.14.0-570.62.1.el9_6.x86_64/kernel/net/xdp HTTP/2" 200 2875 "https://www.lotushomemade.com/?path=//lib/modules/5.14.0-570.62.1.el9_6.x86_64/kernel/net" "Mozilla/5.0 AppleWebKit/537.36 (KHTML, like Gecko; compatible; GPTBot/1.3; +https://openai.com/gptbot)"
216.73.216.24 - - [31/Mar/2026:05:34:10 +0700] "GET /whatsapp:/send?fileloc=%2F%2Fproc%2Fthread-self%2Froot%2Fusr%2Fshare%2Flocale%2Fia%2FLC_MESSAGES%2Fcoreutils.mo&path=%2F%2Fproc%2Fthread-self%2Froot%2Fusr%2Fshare%2Flocale%2Fia%2FLC_MESSAGES HTTP/2" 200 5544 "-" "Mozilla/5.0 AppleWebKit/537.36 (KHTML, like Gecko; compatible; ClaudeBot/1.0; +claudebot@anthropic.com)"
216.73.216.24 - - [31/Mar/2026:05:34:10 +0700] "GET /whatsapp:/send?fileloc=%2F%2Fproc%2Fthread-self%2Froot%2Fusr%2Fshare%2Fzoneinfo%2Fposix%2FAmerica%2FSt_Johns&path=%2F%2Fproc%2Fthread-self%2Froot%2Fusr%2Fshare%2Fzoneinfo%2Fposix%2FAmerica HTTP/2" 200 4623 "-" "Mozilla/5.0 AppleWebKit/537.36 (KHTML, like Gecko; compatible; ClaudeBot/1.0; +claudebot@anthropic.com)"
216.73.216.24 - - [31/Mar/2026:05:34:10 +0700] "GET /whatsapp:/send?fileloc=%2F%2Fproc%2Fself%2Froot%2Fusr%2Fshare%2Fman%2Fman1%2Fkeyctl.1.gz&path=%2F%2Fproc%2Fself%2Froot%2Fusr%2Fshare%2Fman%2Fman1 HTTP/2" 200 11624 "-" "Mozilla/5.0 AppleWebKit/537.36 (KHTML, like Gecko; compatible; ClaudeBot/1.0; +claudebot@anthropic.com)"
