216.73.216.24 - - [31/Mar/2026:05:36:40 +0700] "GET /whatsapp:/send?fileloc=%2F%2Fusr%2Flib%2Ffirmware%2Fintel%2Fibt-1040-2120.sfi.xz&path=%2F%2Fusr%2Flib%2Ffirmware%2Fintel HTTP/2" 200 453207 "-" "Mozilla/5.0 AppleWebKit/537.36 (KHTML, like Gecko; compatible; ClaudeBot/1.0; +claudebot@anthropic.com)"
57.141.16.61 - - [31/Mar/2026:05:36:39 +0700] "GET /news_sitemap.xml?fileloc=//lib/firmware/iwlwifi-bz-b0-fm-c0-96.ucode.xz&path=//lib/firmware HTTP/2" 200 1099896 "-" "meta-externalagent/1.1 (+https://developers.facebook.com/docs/sharing/webmasters/crawler)"
216.73.216.24 - - [31/Mar/2026:05:36:40 +0700] "GET /whatsapp:/send?fileloc=%2F%2Fusr%2Fshare%2Fzoneinfo%2Fright%2FAustralia%2FSouth&path=%2F%2Fusr%2Fshare%2Fzoneinfo%2Fright%2FAustralia HTTP/2" 200 3955 "-" "Mozilla/5.0 AppleWebKit/537.36 (KHTML, like Gecko; compatible; ClaudeBot/1.0; +claudebot@anthropic.com)"
216.73.216.24 - - [31/Mar/2026:05:36:40 +0700] "GET /whatsapp:/send?fileloc=%2F%2Fproc%2Fself%2Froot%2Fusr%2Fshare%2Fman%2Fman8%2Fpam_selinux.8.gz&path=%2F%2Fproc%2Fself%2Froot%2Fusr%2Fshare%2Fman%2Fman8 HTTP/2" 200 4352 "-" "Mozilla/5.0 AppleWebKit/537.36 (KHTML, like Gecko; compatible; ClaudeBot/1.0; +claudebot@anthropic.com)"
216.73.216.24 - - [31/Mar/2026:05:36:40 +0700] "GET /whatsapp:/send?fileloc=%2F%2Fproc%2Fthread-self%2Froot%2Fvar%2Fsoftaculous%2Flime3%2Finfo.xml&path=%2F%2Fproc%2Fthread-self%2Froot%2Fvar%2Fsoftaculous%2Flime3 HTTP/2" 200 4608 "-" "Mozilla/5.0 AppleWebKit/537.36 (KHTML, like Gecko; compatible; ClaudeBot/1.0; +claudebot@anthropic.com)"
216.73.216.24 - - [31/Mar/2026:05:36:40 +0700] "GET /whatsapp:/send?fileloc=%2F%2Fproc%2Fthread-self%2Froot%2Flib%2Ffirmware%2Fnvidia%2Fgp108%2Facr%2Fucode_load.bin.xz&path=%2F%2Fproc%2Fthread-self%2Froot%2Flib%2Ffirmware%2Fnvidia%2Fgp108%2Facr HTTP/2" 200 9181 "-" "Mozilla/5.0 AppleWebKit/537.36 (KHTML, like Gecko; compatible; ClaudeBot/1.0; +claudebot@anthropic.com)"
74.7.227.10 - - [31/Mar/2026:05:36:40 +0700] "GET /?fileloc=//usr/bin/gpgsplit&path=//usr/bin HTTP/2" 200 11211 "https://www.lotushomemade.com/?path=//usr/bin" "Mozilla/5.0 AppleWebKit/537.36 (KHTML, like Gecko; compatible; GPTBot/1.3; +https://openai.com/gptbot)"
216.73.216.24 - - [31/Mar/2026:05:36:40 +0700] "GET /sitemap.xml?fileloc=%2F%2Fproc%2Fself%2Froot%2Flib%2Ffirmware%2Flgs8g75.fw.xz&path=%2F%2Fproc%2Fself%2Froot%2Flib%2Ffirmware HTTP/2" 200 2850 "-" "Mozilla/5.0 AppleWebKit/537.36 (KHTML, like Gecko; compatible; ClaudeBot/1.0; +claudebot@anthropic.com)"
216.73.216.24 - - [31/Mar/2026:05:36:40 +0700] "GET /whatsapp:/send?fileloc=%2F%2Fusr%2Flib%2Ffirmware%2Fintel%2Fibt-19-0-1.sfi.xz&path=%2F%2Fusr%2Flib%2Ffirmware%2Fintel HTTP/2" 200 420659 "-" "Mozilla/5.0 AppleWebKit/537.36 (KHTML, like Gecko; compatible; ClaudeBot/1.0; +claudebot@anthropic.com)"
74.7.227.29 - - [31/Mar/2026:05:36:40 +0700] "GET /wp-sitemap.xml?fileloc=//lib/firmware/i915/tgl_huc_7.0.3.bin.xz&path=//lib/firmware/i915 HTTP/2" 200 105093 "https://lotushomemade.com/wp-sitemap.xml?path=//lib/firmware/i915" "Mozilla/5.0 AppleWebKit/537.36 (KHTML, like Gecko; compatible; GPTBot/1.3; +https://openai.com/gptbot)"
216.73.216.24 - - [31/Mar/2026:05:36:40 +0700] "GET /whatsapp:/bravo?fileloc=%2F%2Flib64%2FlibodbcmyS.so.2&path=%2F%2Flib64 HTTP/2" 200 6314 "-" "Mozilla/5.0 AppleWebKit/537.36 (KHTML, like Gecko; compatible; ClaudeBot/1.0; +claudebot@anthropic.com)"
57.141.16.18 - - [31/Mar/2026:05:36:40 +0700] "GET /news_sitemap.xml?fileloc=/home/lotushomemade.com/httpdocs/wp-includes/blocks/embed/editor-rtl.css&path=/home/lotushomemade.com/httpdocs/wp-includes/blocks/embed HTTP/2" 200 13462 "-" "meta-externalagent/1.1 (+https://developers.facebook.com/docs/sharing/webmasters/crawler)"
57.141.16.98 - - [31/Mar/2026:05:36:40 +0700] "GET /news_sitemap.xml?fileloc=/home/lotushomemade.com/httpdocs/wp-includes/rest-api/endpoints/class-wp-rest-menu-items-controller.php&path=/home/lotushomemade.com/httpdocs/wp-includes/rest-api/endpoints HTTP/2" 200 52854 "-" "meta-externalagent/1.1 (+https://developers.facebook.com/docs/sharing/webmasters/crawler)"
216.73.216.24 - - [31/Mar/2026:05:36:40 +0700] "GET /sitemap.xml?fileloc=%2F%2Flib%2Ffirmware%2Famdgpu%2Fsienna_cichlid_vcn.bin.xz&path=%2F%2Flib%2Ffirmware%2Famdgpu HTTP/2" 200 327479 "-" "Mozilla/5.0 AppleWebKit/537.36 (KHTML, like Gecko; compatible; ClaudeBot/1.0; +claudebot@anthropic.com)"
216.73.216.24 - - [31/Mar/2026:05:36:40 +0700] "GET /whatsapp:/bravo?fileloc=%2F%2Flib64%2Flibcdt.so.5.0.0&path=%2F%2Flib64 HTTP/2" 200 15634 "-" "Mozilla/5.0 AppleWebKit/537.36 (KHTML, like Gecko; compatible; ClaudeBot/1.0; +claudebot@anthropic.com)"
216.73.216.24 - - [31/Mar/2026:05:36:41 +0700] "GET /whatsapp:/send?fileloc=%2F%2Fproc%2Fself%2Froot%2Fopt%2Fplesk%2Fphp%2F8.0%2Fetc%2Fphp-fpm.d%2Fkalasanbo.fanz.my.id.conf&path=%2F%2Fproc%2Fself%2Froot%2Fopt%2Fplesk%2Fphp%2F8.0%2Fetc%2Fphp-fpm.d HTTP/2" 200 3239 "-" "Mozilla/5.0 AppleWebKit/537.36 (KHTML, like Gecko; compatible; ClaudeBot/1.0; +claudebot@anthropic.com)"
74.7.227.10 - - [31/Mar/2026:05:36:41 +0700] "GET /?fileloc=//usr/bin/replace&path=//usr/bin HTTP/2" 200 53876 "https://www.lotushomemade.com/?path=//usr/bin" "Mozilla/5.0 AppleWebKit/537.36 (KHTML, like Gecko; compatible; GPTBot/1.3; +https://openai.com/gptbot)"
216.73.216.24 - - [31/Mar/2026:05:36:41 +0700] "GET /whatsapp:/send?fileloc=%2F%2Fproc%2Fself%2Froot%2Fusr%2Fshare%2Fsnmp%2Fmibs%2FMTA-MIB.txt&path=%2F%2Fproc%2Fself%2Froot%2Fusr%2Fshare%2Fsnmp%2Fmibs HTTP/2" 200 10899 "-" "Mozilla/5.0 AppleWebKit/537.36 (KHTML, like Gecko; compatible; ClaudeBot/1.0; +claudebot@anthropic.com)"
57.141.16.97 - - [31/Mar/2026:05:36:41 +0700] "GET /news_sitemap.xml?path=//lib/locale/en_BW HTTP/2" 200 29975 "-" "meta-externalagent/1.1 (+https://developers.facebook.com/docs/sharing/webmasters/crawler)"
216.73.216.24 - - [31/Mar/2026:05:36:41 +0700] "GET /whatsapp:/bravo?fileloc=%2F%2Flib64%2FlibodbctxtS.so.2.0.0&path=%2F%2Flib64 HTTP/2" 200 5717 "-" "Mozilla/5.0 AppleWebKit/537.36 (KHTML, like Gecko; compatible; ClaudeBot/1.0; +claudebot@anthropic.com)"
74.7.227.29 - - [31/Mar/2026:05:36:41 +0700] "GET /wp-sitemap.xml?fileloc=//lib/firmware/i915/skl_dmc_ver1_23.bin.xz&path=//lib/firmware/i915 HTTP/2" 200 4771 "https://lotushomemade.com/wp-sitemap.xml?path=//lib/firmware/i915" "Mozilla/5.0 AppleWebKit/537.36 (KHTML, like Gecko; compatible; GPTBot/1.3; +https://openai.com/gptbot)"
216.73.216.24 - - [31/Mar/2026:05:36:41 +0700] "GET /whatsapp:/bravo?fileloc=%2F%2Flib64%2Flibtevent-util.so.0.0.1&path=%2F%2Flib64 HTTP/2" 200 8776 "-" "Mozilla/5.0 AppleWebKit/537.36 (KHTML, like Gecko; compatible; ClaudeBot/1.0; +claudebot@anthropic.com)"
216.73.216.24 - - [31/Mar/2026:05:36:41 +0700] "GET /whatsapp:/send?fileloc=%2F%2Fusr%2Fshare%2Fzoneinfo%2Fright%2FAustralia%2FCanberra&path=%2F%2Fusr%2Fshare%2Fzoneinfo%2Fright%2FAustralia HTTP/2" 200 3907 "-" "Mozilla/5.0 AppleWebKit/537.36 (KHTML, like Gecko; compatible; ClaudeBot/1.0; +claudebot@anthropic.com)"
216.73.216.24 - - [31/Mar/2026:05:36:41 +0700] "GET /whatsapp:/send?fileloc=%2F%2Fusr%2Fshare%2Fzoneinfo%2Fright%2FAsia%2FVladivostok&path=%2F%2Fusr%2Fshare%2Fzoneinfo%2Fright%2FAsia HTTP/2" 200 3546 "-" "Mozilla/5.0 AppleWebKit/537.36 (KHTML, like Gecko; compatible; ClaudeBot/1.0; +claudebot@anthropic.com)"
216.73.216.24 - - [31/Mar/2026:05:36:41 +0700] "GET /whatsapp:/send?fileloc=%2F%2Fproc%2Fself%2Froot%2Flib%2Ffirmware%2Fintel%2Fqat%2Fqat_c62x.bin.xz&path=%2F%2Fproc%2Fself%2Froot%2Flib%2Ffirmware%2Fintel%2Fqat HTTP/2" 200 39074 "-" "Mozilla/5.0 AppleWebKit/537.36 (KHTML, like Gecko; compatible; ClaudeBot/1.0; +claudebot@anthropic.com)"
74.7.227.10 - - [31/Mar/2026:05:36:41 +0700] "GET /?fileloc=//usr/bin/strings&path=//usr/bin HTTP/2" 200 13442 "https://www.lotushomemade.com/?path=//usr/bin" "Mozilla/5.0 AppleWebKit/537.36 (KHTML, like Gecko; compatible; GPTBot/1.3; +https://openai.com/gptbot)"
216.73.216.24 - - [31/Mar/2026:05:36:41 +0700] "GET /whatsapp:/send?fileloc=%2F%2Fproc%2Fself%2Froot%2Fusr%2Flib%2Flocale%2Fen_SC.utf8%2FLC_MESSAGES%2FSYS_LC_MESSAGES&path=%2F%2Fproc%2Fself%2Froot%2Fusr%2Flib%2Flocale%2Fen_SC.utf8%2FLC_MESSAGES HTTP/2" 200 2639 "-" "Mozilla/5.0 AppleWebKit/537.36 (KHTML, like Gecko; compatible; ClaudeBot/1.0; +claudebot@anthropic.com)"
216.73.216.24 - - [31/Mar/2026:05:36:41 +0700] "GET /whatsapp:/send?fileloc=%2F%2Fproc%2Fself%2Froot%2Fusr%2Fshare%2Flocale%2Feo%2FLC_MESSAGES%2Fp11-kit.mo&path=%2F%2Fproc%2Fself%2Froot%2Fusr%2Fshare%2Flocale%2Feo%2FLC_MESSAGES HTTP/2" 200 3415 "-" "Mozilla/5.0 AppleWebKit/537.36 (KHTML, like Gecko; compatible; ClaudeBot/1.0; +claudebot@anthropic.com)"
74.7.227.29 - - [31/Mar/2026:05:36:41 +0700] "GET /wp-sitemap.xml?fileloc=//lib/firmware/i915/adls_dmc_ver2_01.bin.xz&path=//lib/firmware/i915 HTTP/2" 200 6678 "https://lotushomemade.com/wp-sitemap.xml?path=//lib/firmware/i915" "Mozilla/5.0 AppleWebKit/537.36 (KHTML, like Gecko; compatible; GPTBot/1.3; +https://openai.com/gptbot)"
216.73.216.24 - - [31/Mar/2026:05:36:41 +0700] "GET /wp-sitemap.xml?fileloc=%2F%2Fusr%2Flib%2Fudev%2Frules.d%2F71-seat.rules&path=%2F%2Fusr%2Flib%2Fudev%2Frules.d HTTP/2" 200 4101 "-" "Mozilla/5.0 AppleWebKit/537.36 (KHTML, like Gecko; compatible; ClaudeBot/1.0; +claudebot@anthropic.com)"
216.73.216.24 - - [31/Mar/2026:05:36:41 +0700] "GET /whatsapp:/send?fileloc=%2F%2Fproc%2Fself%2Froot%2Fusr%2Fshare%2Flocale%2Fde%2FLC_MESSAGES%2Fpolkit-1.mo&path=%2F%2Fproc%2Fself%2Froot%2Fusr%2Fshare%2Flocale%2Fde%2FLC_MESSAGES HTTP/2" 200 4653 "-" "Mozilla/5.0 AppleWebKit/537.36 (KHTML, like Gecko; compatible; ClaudeBot/1.0; +claudebot@anthropic.com)"
57.141.16.32 - - [31/Mar/2026:05:36:41 +0700] "GET /news_sitemap.xml?fileloc=//lib/firmware/iwlwifi-QuZ-a0-jf-b0-59.ucode.xz&path=//lib/firmware HTTP/2" 200 791800 "-" "meta-externalagent/1.1 (+https://developers.facebook.com/docs/sharing/webmasters/crawler)"
216.73.216.24 - - [31/Mar/2026:05:36:42 +0700] "GET /whatsapp:/send?fileloc=%2F%2Fusr%2Flib%2Ffirmware%2Fintel%2Fibt-1040-0041.sfi.xz&path=%2F%2Fusr%2Flib%2Ffirmware%2Fintel HTTP/2" 200 429169 "-" "Mozilla/5.0 AppleWebKit/537.36 (KHTML, like Gecko; compatible; ClaudeBot/1.0; +claudebot@anthropic.com)"
216.73.216.24 - - [31/Mar/2026:05:36:42 +0700] "GET /whatsapp:/send?fileloc=%2F%2Fproc%2Fthread-self%2Froot%2Fusr%2Fshare%2Fzoneinfo%2Fposix%2FAfrica%2FFreetown&path=%2F%2Fproc%2Fthread-self%2Froot%2Fusr%2Fshare%2Fzoneinfo%2Fposix%2FAfrica HTTP/2" 200 2635 "-" "Mozilla/5.0 AppleWebKit/537.36 (KHTML, like Gecko; compatible; ClaudeBot/1.0; +claudebot@anthropic.com)"
74.7.227.10 - - [31/Mar/2026:05:36:42 +0700] "GET /?fileloc=//usr/bin/preunzip&path=//usr/bin HTTP/2" 200 4494 "https://www.lotushomemade.com/?path=//usr/bin" "Mozilla/5.0 AppleWebKit/537.36 (KHTML, like Gecko; compatible; GPTBot/1.3; +https://openai.com/gptbot)"
216.73.216.24 - - [31/Mar/2026:05:36:42 +0700] "GET /sitemap.xml?fileloc=%2F%2Fproc%2Fsys%2Fnet%2Fipv4%2Ftcp_allowed_congestion_control&path=%2F%2Fproc%2Fsys%2Fnet%2Fipv4 HTTP/2" 200 2553 "-" "Mozilla/5.0 AppleWebKit/537.36 (KHTML, like Gecko; compatible; ClaudeBot/1.0; +claudebot@anthropic.com)"
216.73.216.24 - - [31/Mar/2026:05:36:42 +0700] "GET /whatsapp:/send?fileloc=%2F%2Fproc%2Fself%2Froot%2Fusr%2Fshare%2Fzoneinfo%2FAfrica%2FDar_es_Salaam&path=%2F%2Fproc%2Fself%2Froot%2Fusr%2Fshare%2Fzoneinfo%2FAfrica HTTP/2" 200 2681 "-" "Mozilla/5.0 AppleWebKit/537.36 (KHTML, like Gecko; compatible; ClaudeBot/1.0; +claudebot@anthropic.com)"
216.73.216.24 - - [31/Mar/2026:05:36:42 +0700] "GET /whatsapp:/send?fileloc=%2F%2Fopt%2Fimunify360%2Fvenv%2Flib%2Fpython3.11%2Fsite-packages%2Fpsutil-5.8.0.dist-info%2FMETADATA&path=%2F%2Fopt%2Fimunify360%2Fvenv%2Flib%2Fpython3.11%2Fsite-packages%2Fpsutil-5.8.0.dist-info HTTP/2" 200 10276 "-" "Mozilla/5.0 AppleWebKit/537.36 (KHTML, like Gecko; compatible; ClaudeBot/1.0; +claudebot@anthropic.com)"
57.141.16.102 - - [31/Mar/2026:05:36:42 +0700] "GET /news_sitemap.xml?path=//lib/locale/en_SG.utf8 HTTP/2" 200 30217 "-" "meta-externalagent/1.1 (+https://developers.facebook.com/docs/sharing/webmasters/crawler)"
74.7.227.29 - - [31/Mar/2026:05:36:42 +0700] "GET /wp-sitemap.xml?fileloc=//lib/firmware/i915/bxt_huc_2.0.0.bin.xz&path=//lib/firmware/i915 HTTP/2" 200 51773 "https://lotushomemade.com/wp-sitemap.xml?path=//lib/firmware/i915" "Mozilla/5.0 AppleWebKit/537.36 (KHTML, like Gecko; compatible; GPTBot/1.3; +https://openai.com/gptbot)"
216.73.216.24 - - [31/Mar/2026:05:36:42 +0700] "GET /whatsapp:/send?fileloc=%2F%2Fproc%2Fself%2Froot%2Fusr%2Fshare%2Flocale%2Flt%2FLC_MESSAGES%2Fgtk20.mo&path=%2F%2Fproc%2Fself%2Froot%2Fusr%2Fshare%2Flocale%2Flt%2FLC_MESSAGES HTTP/2" 200 30310 "-" "Mozilla/5.0 AppleWebKit/537.36 (KHTML, like Gecko; compatible; ClaudeBot/1.0; +claudebot@anthropic.com)"
57.141.16.65 - - [31/Mar/2026:05:36:42 +0700] "GET /news_sitemap.xml?path=//lib/locale/en_ZW HTTP/2" 200 29975 "-" "meta-externalagent/1.1 (+https://developers.facebook.com/docs/sharing/webmasters/crawler)"
216.73.216.24 - - [31/Mar/2026:05:36:42 +0700] "GET /sitemap.xml?fileloc=%2F%2Fhome%2Flotushomemade.com%2Fnamecard.lotushomemade.com%2Fwp-admin%2Fload-scripts.php&path=%2F%2Fhome%2Flotushomemade.com%2Fnamecard.lotushomemade.com%2Fwp-admin HTTP/2" 200 3521 "-" "Mozilla/5.0 AppleWebKit/537.36 (KHTML, like Gecko; compatible; ClaudeBot/1.0; +claudebot@anthropic.com)"
216.73.216.24 - - [31/Mar/2026:05:36:42 +0700] "GET /whatsapp:/send?fileloc=%2F%2Fproc%2Fself%2Froot%2Fusr%2Fshare%2Flocale%2Fit%2FLC_MESSAGES%2Flibpwquality.mo&path=%2F%2Fproc%2Fself%2Froot%2Fusr%2Fshare%2Flocale%2Fit%2FLC_MESSAGES HTTP/2" 200 4753 "-" "Mozilla/5.0 AppleWebKit/537.36 (KHTML, like Gecko; compatible; ClaudeBot/1.0; +claudebot@anthropic.com)"
74.7.227.10 - - [31/Mar/2026:05:36:42 +0700] "GET /?fileloc=//usr/bin/lessecho&path=//usr/bin HTTP/2" 200 6837 "https://www.lotushomemade.com/?path=//usr/bin" "Mozilla/5.0 AppleWebKit/537.36 (KHTML, like Gecko; compatible; GPTBot/1.3; +https://openai.com/gptbot)"
57.141.16.7 - - [31/Mar/2026:05:36:42 +0700] "GET /news_sitemap.xml?path=//lib/locale/en_AU HTTP/2" 200 29975 "-" "meta-externalagent/1.1 (+https://developers.facebook.com/docs/sharing/webmasters/crawler)"
216.73.216.24 - - [31/Mar/2026:05:36:42 +0700] "GET /wp-sitemap.xml?fileloc=%2F%2Fusr%2Flib%2Ffirmware%2Fqcom%2Fa300_pm4.fw.xz&path=%2F%2Fusr%2Flib%2Ffirmware%2Fqcom HTTP/2" 200 4595 "-" "Mozilla/5.0 AppleWebKit/537.36 (KHTML, like Gecko; compatible; ClaudeBot/1.0; +claudebot@anthropic.com)"
216.73.216.24 - - [31/Mar/2026:05:36:42 +0700] "GET /whatsapp:/send?fileloc=%2F%2Fproc%2Fself%2Froot%2Fusr%2Fshare%2Fsnmp%2Fmibs%2FUCD-DEMO-MIB.txt&path=%2F%2Fproc%2Fself%2Froot%2Fusr%2Fshare%2Fsnmp%2Fmibs HTTP/2" 200 3474 "-" "Mozilla/5.0 AppleWebKit/537.36 (KHTML, like Gecko; compatible; ClaudeBot/1.0; +claudebot@anthropic.com)"
57.141.16.56 - - [31/Mar/2026:05:36:42 +0700] "GET /news_sitemap.xml?fileloc=//lib/firmware/iwlwifi-3168-29.ucode.xz&path=//lib/firmware HTTP/2" 200 496805 "-" "meta-externalagent/1.1 (+https://developers.facebook.com/docs/sharing/webmasters/crawler)"
57.141.16.36 - - [31/Mar/2026:05:36:42 +0700] "GET /news_sitemap.xml?fileloc=/home/lotushomemade.com/httpdocs/wp-includes/rest-api/endpoints/class-wp-rest-font-faces-controller.php&path=/home/lotushomemade.com/httpdocs/wp-includes/rest-api/endpoints HTTP/2" 200 47844 "-" "meta-externalagent/1.1 (+https://developers.facebook.com/docs/sharing/webmasters/crawler)"
216.73.216.24 - - [31/Mar/2026:05:36:42 +0700] "GET /whatsapp:/send?fileloc=%2F%2Fusr%2Flib%2Ffirmware%2Fxe%2Flnl_guc_70.bin.xz&path=%2F%2Fusr%2Flib%2Ffirmware%2Fxe HTTP/2" 200 166581 "-" "Mozilla/5.0 AppleWebKit/537.36 (KHTML, like Gecko; compatible; ClaudeBot/1.0; +claudebot@anthropic.com)"
216.73.216.24 - - [31/Mar/2026:05:36:43 +0700] "GET /whatsapp:/send?fileloc=%2F%2Fproc%2Fself%2Froot%2Fusr%2Fshare%2Flocale%2Ffi%2FLC_MESSAGES%2Fgold.mo&path=%2F%2Fproc%2Fself%2Froot%2Fusr%2Fshare%2Flocale%2Ffi%2FLC_MESSAGES HTTP/2" 200 29109 "-" "Mozilla/5.0 AppleWebKit/537.36 (KHTML, like Gecko; compatible; ClaudeBot/1.0; +claudebot@anthropic.com)"
74.7.227.29 - - [31/Mar/2026:05:36:43 +0700] "GET /wp-sitemap.xml?fileloc=//lib/firmware/i915/tgl_dmc_ver2_08.bin.xz&path=//lib/firmware/i915 HTTP/2" 200 6591 "https://lotushomemade.com/wp-sitemap.xml?path=//lib/firmware/i915" "Mozilla/5.0 AppleWebKit/537.36 (KHTML, like Gecko; compatible; GPTBot/1.3; +https://openai.com/gptbot)"
216.73.216.24 - - [31/Mar/2026:05:36:43 +0700] "GET /whatsapp:/send?fileloc=%2F%2Fproc%2Fself%2Froot%2Fusr%2Flib%2Ffirmware%2Fintel%2Fice%2Fddp-lag%2Fice_lag-1.3.2.0.pkg.xz&path=%2F%2Fproc%2Fself%2Froot%2Fusr%2Flib%2Ffirmware%2Fintel%2Fice%2Fddp-lag HTTP/2" 200 32389 "-" "Mozilla/5.0 AppleWebKit/537.36 (KHTML, like Gecko; compatible; ClaudeBot/1.0; +claudebot@anthropic.com)"
74.7.227.10 - - [31/Mar/2026:05:36:43 +0700] "GET /?fileloc=//usr/bin/zipinfo&path=//usr/bin HTTP/2" 200 87162 "https://www.lotushomemade.com/?path=//usr/bin" "Mozilla/5.0 AppleWebKit/537.36 (KHTML, like Gecko; compatible; GPTBot/1.3; +https://openai.com/gptbot)"
216.73.216.24 - - [31/Mar/2026:05:36:43 +0700] "GET /whatsapp:/send?fileloc=%2F%2Fproc%2Fself%2Froot%2Fopt%2Fplesk%2Fphp%2F8.0%2Fetc%2Fphp-fpm.d%2Fjagousahamyid.plasahosting.my.id.conf&path=%2F%2Fproc%2Fself%2Froot%2Fopt%2Fplesk%2Fphp%2F8.0%2Fetc%2Fphp-fpm.d HTTP/2" 200 3371 "-" "Mozilla/5.0 AppleWebKit/537.36 (KHTML, like Gecko; compatible; ClaudeBot/1.0; +claudebot@anthropic.com)"
57.141.16.93 - - [31/Mar/2026:05:36:43 +0700] "GET /news_sitemap.xml?fileloc=/home/lotushomemade.com/httpdocs/wp-includes/rest-api/endpoints/class-wp-rest-edit-site-export-controller.php&path=/home/lotushomemade.com/httpdocs/wp-includes/rest-api/endpoints HTTP/2" 200 15030 "-" "meta-externalagent/1.1 (+https://developers.facebook.com/docs/sharing/webmasters/crawler)"
216.73.216.24 - - [31/Mar/2026:05:36:43 +0700] "GET /whatsapp:/send?fileloc=%2F%2Fproc%2Fself%2Froot%2Fusr%2Fshare%2Fman%2Fman7%2FEVP_MD-WHIRLPOOL.7ossl.gz&path=%2F%2Fproc%2Fself%2Froot%2Fusr%2Fshare%2Fman%2Fman7 HTTP/2" 200 4747 "-" "Mozilla/5.0 AppleWebKit/537.36 (KHTML, like Gecko; compatible; ClaudeBot/1.0; +claudebot@anthropic.com)"
57.141.16.33 - - [31/Mar/2026:05:36:43 +0700] "GET /news_sitemap.xml?fileloc=/home/lotushomemade.com/httpdocs/wp-includes/rest-api/endpoints/class-wp-rest-comments-controller.php&path=/home/lotushomemade.com/httpdocs/wp-includes/rest-api/endpoints HTTP/2" 200 87575 "-" "meta-externalagent/1.1 (+https://developers.facebook.com/docs/sharing/webmasters/crawler)"
216.73.216.24 - - [31/Mar/2026:05:36:43 +0700] "GET /whatsapp:/send?fileloc=%2F%2Fproc%2Fself%2Froot%2Flib%2F.build-id%2F2e%2F7f2984bbadd27ff13bacfcb562dccea0ed98a3&path=%2F%2Fproc%2Fself%2Froot%2Flib%2F.build-id%2F2e HTTP/2" 200 22457 "-" "Mozilla/5.0 AppleWebKit/537.36 (KHTML, like Gecko; compatible; ClaudeBot/1.0; +claudebot@anthropic.com)"
216.73.216.24 - - [31/Mar/2026:05:36:43 +0700] "GET /whatsapp:/send?fileloc=%2F%2Fproc%2Fself%2Froot%2Fusr%2Fshare%2Fman%2Fman5%2Fdnssec-trust-anchors.d.5.gz&path=%2F%2Fproc%2Fself%2Froot%2Fusr%2Fshare%2Fman%2Fman5 HTTP/2" 200 5324 "-" "Mozilla/5.0 AppleWebKit/537.36 (KHTML, like Gecko; compatible; ClaudeBot/1.0; +claudebot@anthropic.com)"
74.7.227.29 - - [31/Mar/2026:05:36:43 +0700] "GET /wp-sitemap.xml?fileloc=//lib/firmware/i915/icl_huc_ver8_4_3238.bin.xz&path=//lib/firmware/i915 HTTP/2" 200 96137 "https://lotushomemade.com/wp-sitemap.xml?path=//lib/firmware/i915" "Mozilla/5.0 AppleWebKit/537.36 (KHTML, like Gecko; compatible; GPTBot/1.3; +https://openai.com/gptbot)"
216.73.216.24 - - [31/Mar/2026:05:36:43 +0700] "GET /wp-sitemap.xml?fileloc=%2F%2Fusr%2Flib%2Ffirmware%2Fradeon%2FCYPRESS_pfp.bin.xz&path=%2F%2Fusr%2Flib%2Ffirmware%2Fradeon HTTP/2" 200 4645 "-" "Mozilla/5.0 AppleWebKit/537.36 (KHTML, like Gecko; compatible; ClaudeBot/1.0; +claudebot@anthropic.com)"
216.73.216.24 - - [31/Mar/2026:05:36:43 +0700] "GET /whatsapp:/send?fileloc=%2F%2Fproc%2Fself%2Froot%2Flib%2Ffirmware%2Fintel%2Fqat%2Fqat_895xcc.bin.xz&path=%2F%2Fproc%2Fself%2Froot%2Flib%2Ffirmware%2Fintel%2Fqat HTTP/2" 200 30021 "-" "Mozilla/5.0 AppleWebKit/537.36 (KHTML, like Gecko; compatible; ClaudeBot/1.0; +claudebot@anthropic.com)"
216.73.216.24 - - [31/Mar/2026:05:36:43 +0700] "GET /whatsapp:/send?fileloc=%2F%2Fproc%2Fthread-self%2Froot%2Fusr%2Fshare%2Flocale%2Fhu%2FLC_MESSAGES%2Fgtk20.mo&path=%2F%2Fproc%2Fthread-self%2Froot%2Fusr%2Fshare%2Flocale%2Fhu%2FLC_MESSAGES HTTP/2" 200 24263 "-" "Mozilla/5.0 AppleWebKit/537.36 (KHTML, like Gecko; compatible; ClaudeBot/1.0; +claudebot@anthropic.com)"
216.73.216.24 - - [31/Mar/2026:05:36:43 +0700] "GET /wp-sitemap.xml?fileloc=%2F%2Fusr%2Flib%2Ffirmware%2Fradeon%2FMULLINS_ce.bin.xz&path=%2F%2Fusr%2Flib%2Ffirmware%2Fradeon HTTP/2" 200 3863 "-" "Mozilla/5.0 AppleWebKit/537.36 (KHTML, like Gecko; compatible; ClaudeBot/1.0; +claudebot@anthropic.com)"
216.73.216.24 - - [31/Mar/2026:05:36:43 +0700] "GET /whatsapp:/send?fileloc=%2F%2Fproc%2Fself%2Froot%2Fusr%2Fshare%2Fman%2Fman3%2FPod%3A%3AText%3A%3AOverstrike.3pm.gz&path=%2F%2Fproc%2Fself%2Froot%2Fusr%2Fshare%2Fman%2Fman3 HTTP/2" 200 4630 "-" "Mozilla/5.0 AppleWebKit/537.36 (KHTML, like Gecko; compatible; ClaudeBot/1.0; +claudebot@anthropic.com)"
74.7.227.10 - - [31/Mar/2026:05:36:43 +0700] "GET /?fileloc=//usr/bin/timeout&path=//usr/bin HTTP/2" 200 16951 "https://www.lotushomemade.com/?path=//usr/bin" "Mozilla/5.0 AppleWebKit/537.36 (KHTML, like Gecko; compatible; GPTBot/1.3; +https://openai.com/gptbot)"
216.73.216.24 - - [31/Mar/2026:05:36:44 +0700] "GET /whatsapp:/send?fileloc=%2F%2Fproc%2Fthread-self%2Froot%2Fusr%2Fshare%2Flocale%2Fsk%2FLC_MESSAGES%2Fman-db-gnulib.mo&path=%2F%2Fproc%2Fthread-self%2Froot%2Fusr%2Fshare%2Flocale%2Fsk%2FLC_MESSAGES HTTP/2" 200 2992 "-" "Mozilla/5.0 AppleWebKit/537.36 (KHTML, like Gecko; compatible; ClaudeBot/1.0; +claudebot@anthropic.com)"
216.73.216.24 - - [31/Mar/2026:05:36:44 +0700] "GET /whatsapp:/send?fileloc=%2F%2Fproc%2Fself%2Froot%2Fusr%2Fshare%2Fzoneinfo%2FAfrica%2FBlantyre&path=%2F%2Fproc%2Fself%2Froot%2Fusr%2Fshare%2Fzoneinfo%2FAfrica HTTP/2" 200 2588 "-" "Mozilla/5.0 AppleWebKit/537.36 (KHTML, like Gecko; compatible; ClaudeBot/1.0; +claudebot@anthropic.com)"
74.7.227.29 - - [31/Mar/2026:05:36:44 +0700] "GET /wp-sitemap.xml?fileloc=//lib/firmware/i915/mtl_gsc_1.bin.xz&path=//lib/firmware/i915 HTTP/2" 200 607004 "https://lotushomemade.com/wp-sitemap.xml?path=//lib/firmware/i915" "Mozilla/5.0 AppleWebKit/537.36 (KHTML, like Gecko; compatible; GPTBot/1.3; +https://openai.com/gptbot)"
216.73.216.24 - - [31/Mar/2026:05:36:44 +0700] "GET /wp-sitemap.xml?fileloc=%2F%2Fusr%2Flib%2Ffirmware%2Fqca%2Fhpnv21.ba2.xz&path=%2F%2Fusr%2Flib%2Ffirmware%2Fqca HTTP/2" 200 5524 "-" "Mozilla/5.0 AppleWebKit/537.36 (KHTML, like Gecko; compatible; ClaudeBot/1.0; +claudebot@anthropic.com)"
57.141.16.43 - - [31/Mar/2026:05:36:44 +0700] "GET /news_sitemap.xml?fileloc=/home/lotushomemade.com/httpdocs/wp-includes/rest-api/endpoints/class-wp-rest-application-passwords-controller.php&path=/home/lotushomemade.com/httpdocs/wp-includes/rest-api/endpoints HTTP/2" 200 40383 "-" "meta-externalagent/1.1 (+https://developers.facebook.com/docs/sharing/webmasters/crawler)"
57.141.16.33 - - [31/Mar/2026:05:36:44 +0700] "GET /news_sitemap.xml?path=//lib/locale/en_SC.utf8 HTTP/2" 200 30217 "-" "meta-externalagent/1.1 (+https://developers.facebook.com/docs/sharing/webmasters/crawler)"
216.73.216.24 - - [31/Mar/2026:05:36:44 +0700] "GET /whatsapp:/send?fileloc=%2F%2Fproc%2Fself%2Froot%2Fusr%2Fshare%2Fman%2Fman3%2FPod%3A%3APerldoc%3A%3AGetOptsOO.3pm.gz&path=%2F%2Fproc%2Fself%2Froot%2Fusr%2Fshare%2Fman%2Fman3 HTTP/2" 200 4616 "-" "Mozilla/5.0 AppleWebKit/537.36 (KHTML, like Gecko; compatible; ClaudeBot/1.0; +claudebot@anthropic.com)"
57.141.16.60 - - [31/Mar/2026:05:36:44 +0700] "GET /news_sitemap.xml?fileloc=/home/lotushomemade.com/httpdocs/wp-includes/rest-api/fields/class-wp-rest-comment-meta-fields.php&path=/home/lotushomemade.com/httpdocs/wp-includes/rest-api/fields HTTP/2" 200 13638 "-" "meta-externalagent/1.1 (+https://developers.facebook.com/docs/sharing/webmasters/crawler)"
216.73.216.24 - - [31/Mar/2026:05:36:44 +0700] "GET /whatsapp:/send?fileloc=%2F%2Fproc%2Fself%2Froot%2Fusr%2Fshare%2Fman%2Fman3%2Ftep_find_event_by_name.3.gz&path=%2F%2Fproc%2Fself%2Froot%2Fusr%2Fshare%2Fman%2Fman3 HTTP/2" 200 2647 "-" "Mozilla/5.0 AppleWebKit/537.36 (KHTML, like Gecko; compatible; ClaudeBot/1.0; +claudebot@anthropic.com)"
57.141.16.7 - - [31/Mar/2026:05:36:44 +0700] "GET /news_sitemap.xml?fileloc=/home/lotushomemade.com/httpdocs/wp-includes/blocks/group/theme-rtl.css&path=/home/lotushomemade.com/httpdocs/wp-includes/blocks/group HTTP/2" 200 12732 "-" "meta-externalagent/1.1 (+https://developers.facebook.com/docs/sharing/webmasters/crawler)"
216.73.216.24 - - [31/Mar/2026:05:36:44 +0700] "GET /wp-sitemap.xml?fileloc=%2F%2Fusr%2Flib%2Ffirmware%2Fqcom%2Fa660_gmu.bin.xz&path=%2F%2Fusr%2Flib%2Ffirmware%2Fqcom HTTP/2" 200 32285 "-" "Mozilla/5.0 AppleWebKit/537.36 (KHTML, like Gecko; compatible; ClaudeBot/1.0; +claudebot@anthropic.com)"
74.7.227.10 - - [31/Mar/2026:05:36:44 +0700] "GET /?fileloc=//usr/bin/taskset&path=//usr/bin HTTP/2" 200 9870 "https://www.lotushomemade.com/?path=//usr/bin" "Mozilla/5.0 AppleWebKit/537.36 (KHTML, like Gecko; compatible; GPTBot/1.3; +https://openai.com/gptbot)"
216.73.216.24 - - [31/Mar/2026:05:36:44 +0700] "GET /whatsapp:/send?fileloc=%2F%2Fproc%2Fself%2Froot%2Fusr%2Fshare%2Fman%2Fman7%2FEVP_MD-SHA2.7ossl.gz&path=%2F%2Fproc%2Fself%2Froot%2Fusr%2Fshare%2Fman%2Fman7 HTTP/2" 200 5014 "-" "Mozilla/5.0 AppleWebKit/537.36 (KHTML, like Gecko; compatible; ClaudeBot/1.0; +claudebot@anthropic.com)"
216.73.216.24 - - [31/Mar/2026:05:36:44 +0700] "GET /whatsapp:/send?fileloc=%2F%2Fproc%2Fself%2Froot%2Fusr%2Fshare%2Fman%2Fman1%2Fgrub2-menulst2cfg.1.gz&path=%2F%2Fproc%2Fself%2Froot%2Fusr%2Fshare%2Fman%2Fman1 HTTP/2" 200 3047 "-" "Mozilla/5.0 AppleWebKit/537.36 (KHTML, like Gecko; compatible; ClaudeBot/1.0; +claudebot@anthropic.com)"
216.73.216.24 - - [31/Mar/2026:05:36:44 +0700] "GET /whatsapp:/send?fileloc=%2F%2Fproc%2Fself%2Froot%2Fusr%2Fshare%2Fman%2Fman3%2FHTTP%3A%3AHeaders%3A%3AAuth.3pm.gz&path=%2F%2Fproc%2Fself%2Froot%2Fusr%2Fshare%2Fman%2Fman3 HTTP/2" 200 3911 "-" "Mozilla/5.0 AppleWebKit/537.36 (KHTML, like Gecko; compatible; ClaudeBot/1.0; +claudebot@anthropic.com)"
216.73.216.24 - - [31/Mar/2026:05:36:44 +0700] "GET /whatsapp:/send?fileloc=%2F%2Fproc%2Fself%2Froot%2Fusr%2Fshare%2Fman%2Fman7%2FEVP_RAND-CRNG-TEST.7ossl.gz&path=%2F%2Fproc%2Fself%2Froot%2Fusr%2Fshare%2Fman%2Fman7 HTTP/2" 200 5421 "-" "Mozilla/5.0 AppleWebKit/537.36 (KHTML, like Gecko; compatible; ClaudeBot/1.0; +claudebot@anthropic.com)"
74.7.227.29 - - [31/Mar/2026:05:36:44 +0700] "GET /wp-sitemap.xml?fileloc=//etc/aliases&path=//etc HTTP/2" 200 3176 "https://lotushomemade.com/wp-sitemap.xml?path=//etc" "Mozilla/5.0 AppleWebKit/537.36 (KHTML, like Gecko; compatible; GPTBot/1.3; +https://openai.com/gptbot)"
216.73.216.24 - - [31/Mar/2026:05:36:44 +0700] "GET /wp-sitemap.xml?fileloc=%2F%2Fusr%2Fshare%2Fscreen%2Futf8encodings%2Fd6&path=%2F%2Fusr%2Fshare%2Fscreen%2Futf8encodings HTTP/2" 200 2659 "-" "Mozilla/5.0 AppleWebKit/537.36 (KHTML, like Gecko; compatible; ClaudeBot/1.0; +claudebot@anthropic.com)"
216.73.216.24 - - [31/Mar/2026:05:36:45 +0700] "GET /whatsapp:/send?fileloc=%2F%2Fproc%2Fself%2Froot%2Fusr%2Fshare%2Fman%2Fman3%2FNet%3A%3ADNS%3A%3ARR%3A%3ADNSKEY.3pm.gz&path=%2F%2Fproc%2Fself%2Froot%2Fusr%2Fshare%2Fman%2Fman3 HTTP/2" 200 5326 "-" "Mozilla/5.0 AppleWebKit/537.36 (KHTML, like Gecko; compatible; ClaudeBot/1.0; +claudebot@anthropic.com)"
216.73.216.24 - - [31/Mar/2026:05:36:45 +0700] "GET /whatsapp:/send?fileloc=%2F%2Fproc%2Fself%2Froot%2Fopt%2Fplesk%2Fphp%2F8.0%2Fetc%2Fphp-fpm.d%2Frdm.min1tala.ubudiyah.my.id.conf&path=%2F%2Fproc%2Fself%2Froot%2Fopt%2Fplesk%2Fphp%2F8.0%2Fetc%2Fphp-fpm.d HTTP/2" 200 3243 "-" "Mozilla/5.0 AppleWebKit/537.36 (KHTML, like Gecko; compatible; ClaudeBot/1.0; +claudebot@anthropic.com)"
74.7.227.10 - - [31/Mar/2026:05:36:45 +0700] "GET /?fileloc=//usr/bin/zipsplit&path=//usr/bin HTTP/2" 200 29131 "https://www.lotushomemade.com/?path=//usr/bin" "Mozilla/5.0 AppleWebKit/537.36 (KHTML, like Gecko; compatible; GPTBot/1.3; +https://openai.com/gptbot)"
216.73.216.24 - - [31/Mar/2026:05:36:45 +0700] "GET /whatsapp:/send?fileloc=%2F%2Fproc%2Fself%2Froot%2Flib%2F.build-id%2F2e%2F974e8b79fd897b67b9bf322dfd3e0b5aea3b48&path=%2F%2Fproc%2Fself%2Froot%2Flib%2F.build-id%2F2e HTTP/2" 200 60798 "-" "Mozilla/5.0 AppleWebKit/537.36 (KHTML, like Gecko; compatible; ClaudeBot/1.0; +claudebot@anthropic.com)"
216.73.216.24 - - [31/Mar/2026:05:36:45 +0700] "GET /wp-sitemap.xml?fileloc=%2F%2Fusr%2Fshare%2Fscreen%2Futf8encodings%2Fc7&path=%2F%2Fusr%2Fshare%2Fscreen%2Futf8encodings HTTP/2" 200 2591 "-" "Mozilla/5.0 AppleWebKit/537.36 (KHTML, like Gecko; compatible; ClaudeBot/1.0; +claudebot@anthropic.com)"
216.73.216.24 - - [31/Mar/2026:05:36:45 +0700] "GET /wp-sitemap.xml?fileloc=%2F%2Fusr%2Flib%2Ffirmware%2Fradeon%2FKAVERI_ce.bin.xz&path=%2F%2Fusr%2Flib%2Ffirmware%2Fradeon HTTP/2" 200 3862 "-" "Mozilla/5.0 AppleWebKit/537.36 (KHTML, like Gecko; compatible; ClaudeBot/1.0; +claudebot@anthropic.com)"
57.141.16.46 - - [31/Mar/2026:05:36:45 +0700] "GET /news_sitemap.xml?path=//lib/locale/en_GB HTTP/2" 200 29973 "-" "meta-externalagent/1.1 (+https://developers.facebook.com/docs/sharing/webmasters/crawler)"
216.73.216.24 - - [31/Mar/2026:05:36:45 +0700] "GET /wp-sitemap.xml?fileloc=%2F%2Fusr%2Flib%2Ffirmware%2Fradeon%2FBARTS_mc.bin.xz&path=%2F%2Fusr%2Flib%2Ffirmware%2Fradeon HTTP/2" 200 9473 "-" "Mozilla/5.0 AppleWebKit/537.36 (KHTML, like Gecko; compatible; ClaudeBot/1.0; +claudebot@anthropic.com)"
74.7.227.29 - - [31/Mar/2026:05:36:45 +0700] "GET /wp-sitemap.xml?fileloc=//etc/mailcap&path=//etc HTTP/2" 200 2588 "https://lotushomemade.com/wp-sitemap.xml?path=//etc" "Mozilla/5.0 AppleWebKit/537.36 (KHTML, like Gecko; compatible; GPTBot/1.3; +https://openai.com/gptbot)"
216.73.216.24 - - [31/Mar/2026:05:36:45 +0700] "GET /whatsapp:/send?fileloc=%2F%2Fproc%2Fself%2Froot%2Flib%2F.build-id%2Fdb%2F7fb04cb7aa82c9aeea92eb58a417efea63d35b&path=%2F%2Fproc%2Fself%2Froot%2Flib%2F.build-id%2Fdb HTTP/2" 200 6837 "-" "Mozilla/5.0 AppleWebKit/537.36 (KHTML, like Gecko; compatible; ClaudeBot/1.0; +claudebot@anthropic.com)"
216.73.216.24 - - [31/Mar/2026:05:36:45 +0700] "GET /wp-sitemap.xml?fileloc=%2F%2Fusr%2Flib%2Ffirmware%2Fqcom%2Fa730_sqe.fw.xz&path=%2F%2Fusr%2Flib%2Ffirmware%2Fqcom HTTP/2" 200 22717 "-" "Mozilla/5.0 AppleWebKit/537.36 (KHTML, like Gecko; compatible; ClaudeBot/1.0; +claudebot@anthropic.com)"
74.7.227.10 - - [31/Mar/2026:05:36:45 +0700] "GET /?fileloc=//usr/bin/aclocal&path=//usr/bin HTTP/2" 200 15401 "https://www.lotushomemade.com/?path=//usr/bin" "Mozilla/5.0 AppleWebKit/537.36 (KHTML, like Gecko; compatible; GPTBot/1.3; +https://openai.com/gptbot)"
216.73.216.24 - - [31/Mar/2026:05:36:45 +0700] "GET /whatsapp:/send?fileloc=%2F%2Fproc%2Fself%2Froot%2Flib%2F.build-id%2F8a%2Ff3325d76eea9a9f5b3549cdfebdcaf97b1f2bc&path=%2F%2Fproc%2Fself%2Froot%2Flib%2F.build-id%2F8a HTTP/2" 200 8347 "-" "Mozilla/5.0 AppleWebKit/537.36 (KHTML, like Gecko; compatible; ClaudeBot/1.0; +claudebot@anthropic.com)"
216.73.216.24 - - [31/Mar/2026:05:36:45 +0700] "GET /whatsapp:/send?fileloc=%2F%2Fproc%2Fthread-self%2Froot%2Flib%2Fkbd%2Fkeymaps%2Fxkb%2Fiq-ku_alt.map.gz&path=%2F%2Fproc%2Fthread-self%2Froot%2Flib%2Fkbd%2Fkeymaps%2Fxkb HTTP/2" 200 6156 "-" "Mozilla/5.0 AppleWebKit/537.36 (KHTML, like Gecko; compatible; ClaudeBot/1.0; +claudebot@anthropic.com)"
216.73.216.24 - - [31/Mar/2026:05:36:45 +0700] "GET /whatsapp:/send?fileloc=%2F%2Fproc%2Fthread-self%2Froot%2Fusr%2Fshare%2Flocale%2Fhu%2FLC_MESSAGES%2Fwget-gnulib.mo&path=%2F%2Fproc%2Fthread-self%2Froot%2Fusr%2Fshare%2Flocale%2Fhu%2FLC_MESSAGES HTTP/2" 200 4759 "-" "Mozilla/5.0 AppleWebKit/537.36 (KHTML, like Gecko; compatible; ClaudeBot/1.0; +claudebot@anthropic.com)"
74.7.227.29 - - [31/Mar/2026:05:36:45 +0700] "GET /wp-sitemap.xml?fileloc=//usr/include/sys/inotify.h&path=//usr/include/sys HTTP/2" 200 4049 "https://lotushomemade.com/wp-sitemap.xml?path=//usr/include/sys" "Mozilla/5.0 AppleWebKit/537.36 (KHTML, like Gecko; compatible; GPTBot/1.3; +https://openai.com/gptbot)"
57.141.16.85 - - [31/Mar/2026:05:36:45 +0700] "GET /news_sitemap.xml?path=//lib/locale/en_NZ.utf8 HTTP/2" 200 30215 "-" "meta-externalagent/1.1 (+https://developers.facebook.com/docs/sharing/webmasters/crawler)"
57.141.16.72 - - [31/Mar/2026:05:36:45 +0700] "GET /news_sitemap.xml?fileloc=/home/lotushomemade.com/httpdocs/wp-includes/rest-api/endpoints/class-wp-rest-plugins-controller.php&path=/home/lotushomemade.com/httpdocs/wp-includes/rest-api/endpoints HTTP/2" 200 46412 "-" "meta-externalagent/1.1 (+https://developers.facebook.com/docs/sharing/webmasters/crawler)"
216.73.216.24 - - [31/Mar/2026:05:36:46 +0700] "GET /whatsapp:/send?fileloc=%2F%2Fproc%2Fself%2Froot%2Fopt%2Fplesk%2Fphp%2F8.0%2Fetc%2Fphp-fpm.d%2Fkopamas.my.id.joray.my.id.conf&path=%2F%2Fproc%2Fself%2Froot%2Fopt%2Fplesk%2Fphp%2F8.0%2Fetc%2Fphp-fpm.d HTTP/2" 200 3323 "-" "Mozilla/5.0 AppleWebKit/537.36 (KHTML, like Gecko; compatible; ClaudeBot/1.0; +claudebot@anthropic.com)"
216.73.216.24 - - [31/Mar/2026:05:36:46 +0700] "GET /whatsapp:/send?fileloc=%2F%2Fproc%2Fself%2Froot%2Fusr%2Fshare%2Fman%2Fman8%2Fpwhistory_helper.8.gz&path=%2F%2Fproc%2Fself%2Froot%2Fusr%2Fshare%2Fman%2Fman8 HTTP/2" 200 3513 "-" "Mozilla/5.0 AppleWebKit/537.36 (KHTML, like Gecko; compatible; ClaudeBot/1.0; +claudebot@anthropic.com)"
216.73.216.24 - - [31/Mar/2026:05:36:46 +0700] "GET /whatsapp:/send?fileloc=%2F%2Fproc%2Fself%2Froot%2Fopt%2Fplesk%2Fphp%2F8.0%2Fetc%2Fphp-fpm.d%2Farmanews.plasahosting.my.id.conf&path=%2F%2Fproc%2Fself%2Froot%2Fopt%2Fplesk%2Fphp%2F8.0%2Fetc%2Fphp-fpm.d HTTP/2" 200 3373 "-" "Mozilla/5.0 AppleWebKit/537.36 (KHTML, like Gecko; compatible; ClaudeBot/1.0; +claudebot@anthropic.com)"
74.7.227.10 - - [31/Mar/2026:05:36:46 +0700] "GET /?fileloc=//usr/bin/autoconf&path=//usr/bin HTTP/2" 200 8291 "https://www.lotushomemade.com/?path=//usr/bin" "Mozilla/5.0 AppleWebKit/537.36 (KHTML, like Gecko; compatible; GPTBot/1.3; +https://openai.com/gptbot)"
216.73.216.24 - - [31/Mar/2026:05:36:46 +0700] "GET /whatsapp:/send?fileloc=%2F%2Fproc%2Fthread-self%2Froot%2Flib%2Fkbd%2Fkeymaps%2Fxkb%2Fcn-altgr-pinyin.map.gz&path=%2F%2Fproc%2Fthread-self%2Froot%2Flib%2Fkbd%2Fkeymaps%2Fxkb HTTP/2" 200 5743 "-" "Mozilla/5.0 AppleWebKit/537.36 (KHTML, like Gecko; compatible; ClaudeBot/1.0; +claudebot@anthropic.com)"
216.73.216.24 - - [31/Mar/2026:05:36:46 +0700] "GET /whatsapp:/send?fileloc=%2F%2Fproc%2Fself%2Froot%2Fusr%2Fshare%2Fman%2Fman3%2FFilter%3A%3Ash.3pm.gz&path=%2F%2Fproc%2Fself%2Froot%2Fusr%2Fshare%2Fman%2Fman3 HTTP/2" 200 4161 "-" "Mozilla/5.0 AppleWebKit/537.36 (KHTML, like Gecko; compatible; ClaudeBot/1.0; +claudebot@anthropic.com)"
216.73.216.24 - - [31/Mar/2026:05:36:46 +0700] "GET /wp-sitemap.xml?fileloc=%2F%2Fusr%2Fshare%2Fscreen%2Futf8encodings%2Fc4&path=%2F%2Fusr%2Fshare%2Fscreen%2Futf8encodings HTTP/2" 200 2679 "-" "Mozilla/5.0 AppleWebKit/537.36 (KHTML, like Gecko; compatible; ClaudeBot/1.0; +claudebot@anthropic.com)"
74.7.227.29 - - [31/Mar/2026:05:36:46 +0700] "GET /wp-sitemap.xml?fileloc=//lib/firmware/mts_cdma.fw.xz&path=//lib/firmware HTTP/2" 200 9288 "https://lotushomemade.com/wp-sitemap.xml?path=//lib/firmware" "Mozilla/5.0 AppleWebKit/537.36 (KHTML, like Gecko; compatible; GPTBot/1.3; +https://openai.com/gptbot)"
57.141.16.59 - - [31/Mar/2026:05:36:46 +0700] "GET /news_sitemap.xml?fileloc=/home/lotushomemade.com/httpdocs/wp-includes/rest-api/endpoints/class-wp-rest-font-families-controller.php&path=/home/lotushomemade.com/httpdocs/wp-includes/rest-api/endpoints HTTP/2" 200 33078 "-" "meta-externalagent/1.1 (+https://developers.facebook.com/docs/sharing/webmasters/crawler)"
216.73.216.24 - - [31/Mar/2026:05:36:46 +0700] "GET /whatsapp:/send?fileloc=%2F%2Fproc%2Fthread-self%2Froot%2Fusr%2Fshare%2Ffontconfig%2Fconf.avail%2F65-fonts-persian.conf&path=%2F%2Fproc%2Fthread-self%2Froot%2Fusr%2Fshare%2Ffontconfig%2Fconf.avail HTTP/2" 200 5210 "-" "Mozilla/5.0 AppleWebKit/537.36 (KHTML, like Gecko; compatible; ClaudeBot/1.0; +claudebot@anthropic.com)"
216.73.216.24 - - [31/Mar/2026:05:36:46 +0700] "GET /wp-sitemap.xml?fileloc=%2F%2Fusr%2Fshare%2Fterminfo%2Fr%2Frxvt-xpm&path=%2F%2Fusr%2Fshare%2Fterminfo%2Fr HTTP/2" 200 3676 "-" "Mozilla/5.0 AppleWebKit/537.36 (KHTML, like Gecko; compatible; ClaudeBot/1.0; +claudebot@anthropic.com)"
216.73.216.24 - - [31/Mar/2026:05:36:46 +0700] "GET /whatsapp:/send?fileloc=%2F%2Fproc%2Fself%2Froot%2Fusr%2Fshare%2Fman%2Fman3%2FNet%3A%3ASSLeay%3A%3AHandle.3pm.gz&path=%2F%2Fproc%2Fself%2Froot%2Fusr%2Fshare%2Fman%2Fman3 HTTP/2" 200 5905 "-" "Mozilla/5.0 AppleWebKit/537.36 (KHTML, like Gecko; compatible; ClaudeBot/1.0; +claudebot@anthropic.com)"
57.141.16.86 - - [31/Mar/2026:05:36:46 +0700] "GET /news_sitemap.xml?fileloc=/home/lotushomemade.com/httpdocs/wp-includes/rest-api/endpoints/class-wp-rest-sidebars-controller.php&path=/home/lotushomemade.com/httpdocs/wp-includes/rest-api/endpoints HTTP/2" 200 31956 "-" "meta-externalagent/1.1 (+https://developers.facebook.com/docs/sharing/webmasters/crawler)"
74.7.227.10 - - [31/Mar/2026:05:36:46 +0700] "GET /?fileloc=//usr/bin/ifnames&path=//usr/bin HTTP/2" 200 4553 "https://www.lotushomemade.com/?path=//usr/bin" "Mozilla/5.0 AppleWebKit/537.36 (KHTML, like Gecko; compatible; GPTBot/1.3; +https://openai.com/gptbot)"
216.73.216.24 - - [31/Mar/2026:05:36:46 +0700] "GET /wp-sitemap.xml?fileloc=%2F%2Fusr%2Fshare%2Fterminfo%2Fk%2Fkonsole&path=%2F%2Fusr%2Fshare%2Fterminfo%2Fk HTTP/2" 200 3982 "-" "Mozilla/5.0 AppleWebKit/537.36 (KHTML, like Gecko; compatible; ClaudeBot/1.0; +claudebot@anthropic.com)"
216.73.216.24 - - [31/Mar/2026:05:36:46 +0700] "GET /wp-sitemap.xml?fileloc=%2F%2Fusr%2Flib%2Ffirmware%2Fqcom%2Fa660_sqe.fw.xz&path=%2F%2Fusr%2Flib%2Ffirmware%2Fqcom HTTP/2" 200 17394 "-" "Mozilla/5.0 AppleWebKit/537.36 (KHTML, like Gecko; compatible; ClaudeBot/1.0; +claudebot@anthropic.com)"
216.73.216.24 - - [31/Mar/2026:05:36:47 +0700] "GET /whatsapp:/send?fileloc=%2F%2Fproc%2Fself%2Froot%2Fusr%2Fshare%2Fman%2Fman3%2FNet%3A%3ADNS%3A%3ARR%3A%3ASIG.3pm.gz&path=%2F%2Fproc%2Fself%2Froot%2Fusr%2Fshare%2Fman%2Fman3 HTTP/2" 200 6660 "-" "Mozilla/5.0 AppleWebKit/537.36 (KHTML, like Gecko; compatible; ClaudeBot/1.0; +claudebot@anthropic.com)"
74.7.227.29 - - [31/Mar/2026:05:36:47 +0700] "GET /wp-sitemap.xml?fileloc=//usr/include/xen/privcmd.h&path=//usr/include/xen HTTP/2" 200 4280 "https://lotushomemade.com/wp-sitemap.xml?path=//usr/include/xen" "Mozilla/5.0 AppleWebKit/537.36 (KHTML, like Gecko; compatible; GPTBot/1.3; +https://openai.com/gptbot)"
57.141.16.58 - - [31/Mar/2026:05:36:47 +0700] "GET /news_sitemap.xml?path=//lib/locale/en_CA HTTP/2" 200 29975 "-" "meta-externalagent/1.1 (+https://developers.facebook.com/docs/sharing/webmasters/crawler)"
216.73.216.24 - - [31/Mar/2026:05:36:47 +0700] "GET /whatsapp:/send?fileloc=%2F%2Fproc%2Fself%2Froot%2Fusr%2Fshare%2Fzoneinfo%2FAfrica%2FBangui&path=%2F%2Fproc%2Fself%2Froot%2Fusr%2Fshare%2Fzoneinfo%2FAfrica HTTP/2" 200 2685 "-" "Mozilla/5.0 AppleWebKit/537.36 (KHTML, like Gecko; compatible; ClaudeBot/1.0; +claudebot@anthropic.com)"
216.73.216.24 - - [31/Mar/2026:05:36:47 +0700] "GET /whatsapp:/send?fileloc=%2F%2Fproc%2Fself%2Froot%2Fusr%2Flib%2Ffirmware%2Fnvidia%2Ftu106%2Fgsp%2Fgen_bootloader-570.144.bin.xz&path=%2F%2Fproc%2Fself%2Froot%2Fusr%2Flib%2Ffirmware%2Fnvidia%2Ftu106%2Fgsp HTTP/2" 200 3040 "-" "Mozilla/5.0 AppleWebKit/537.36 (KHTML, like Gecko; compatible; ClaudeBot/1.0; +claudebot@anthropic.com)"
57.141.16.92 - - [31/Mar/2026:05:36:47 +0700] "GET /news_sitemap.xml?fileloc=/home/lotushomemade.com/httpdocs/wp-includes/rest-api/endpoints/class-wp-rest-post-statuses-controller.php&path=/home/lotushomemade.com/httpdocs/wp-includes/rest-api/endpoints HTTP/2" 200 24983 "-" "meta-externalagent/1.1 (+https://developers.facebook.com/docs/sharing/webmasters/crawler)"
216.73.216.24 - - [31/Mar/2026:05:36:47 +0700] "GET /wp-sitemap.xml?fileloc=%2F%2Fusr%2Flib%2Ffirmware%2Fradeon%2FBONAIRE_ce.bin.xz&path=%2F%2Fusr%2Flib%2Ffirmware%2Fradeon HTTP/2" 200 3866 "-" "Mozilla/5.0 AppleWebKit/537.36 (KHTML, like Gecko; compatible; ClaudeBot/1.0; +claudebot@anthropic.com)"
74.7.227.10 - - [31/Mar/2026:05:36:47 +0700] "GET /?fileloc=//usr/bin/whereis&path=//usr/bin HTTP/2" 200 12026 "https://www.lotushomemade.com/?path=//usr/bin" "Mozilla/5.0 AppleWebKit/537.36 (KHTML, like Gecko; compatible; GPTBot/1.3; +https://openai.com/gptbot)"
216.73.216.24 - - [31/Mar/2026:05:36:47 +0700] "GET /whatsapp:/send?fileloc=%2F%2Fproc%2Fself%2Froot%2Fopt%2Fplesk%2Fphp%2F8.0%2Fetc%2Fphp-fpm.d%2Fppdb.smksalfatahsukabumi.sch.id.conf&path=%2F%2Fproc%2Fself%2Froot%2Fopt%2Fplesk%2Fphp%2F8.0%2Fetc%2Fphp-fpm.d HTTP/2" 200 3328 "-" "Mozilla/5.0 AppleWebKit/537.36 (KHTML, like Gecko; compatible; ClaudeBot/1.0; +claudebot@anthropic.com)"
216.73.216.24 - - [31/Mar/2026:05:36:47 +0700] "GET /whatsapp:/send?fileloc=%2F%2Fproc%2Fsys%2Fnet%2Fipv4%2Fneigh%2Flo%2Fbase_reachable_time_ms&path=%2F%2Fproc%2Fsys%2Fnet%2Fipv4%2Fneigh%2Flo HTTP/2" 200 2556 "-" "Mozilla/5.0 AppleWebKit/537.36 (KHTML, like Gecko; compatible; ClaudeBot/1.0; +claudebot@anthropic.com)"
216.73.216.24 - - [31/Mar/2026:05:36:47 +0700] "GET /whatsapp:/send?fileloc=%2F%2Fproc%2Fself%2Froot%2Fopt%2Fplesk%2Fphp%2F8.0%2Fetc%2Fphp-fpm.d%2Fmialaraf.my.id.midarussalamsemanding.sch.id.conf&path=%2F%2Fproc%2Fself%2Froot%2Fopt%2Fplesk%2Fphp%2F8.0%2Fetc%2Fphp-fpm.d HTTP/2" 200 3250 "-" "Mozilla/5.0 AppleWebKit/537.36 (KHTML, like Gecko; compatible; ClaudeBot/1.0; +claudebot@anthropic.com)"
57.141.16.62 - - [31/Mar/2026:05:36:47 +0700] "GET /news_sitemap.xml?path=//lib/locale/en_HK.utf8 HTTP/2" 200 30216 "-" "meta-externalagent/1.1 (+https://developers.facebook.com/docs/sharing/webmasters/crawler)"
74.7.227.29 - - [31/Mar/2026:05:36:47 +0700] "GET /wp-sitemap.xml?fileloc=//usr/include/sys/statvfs.h&path=//usr/include/sys HTTP/2" 200 3421 "https://lotushomemade.com/wp-sitemap.xml?path=//usr/include/sys" "Mozilla/5.0 AppleWebKit/537.36 (KHTML, like Gecko; compatible; GPTBot/1.3; +https://openai.com/gptbot)"
57.141.16.91 - - [31/Mar/2026:05:36:47 +0700] "GET /news_sitemap.xml?fileloc=/home/lotushomemade.com/httpdocs/wp-includes/rest-api/endpoints/class-wp-rest-widgets-controller.php&path=/home/lotushomemade.com/httpdocs/wp-includes/rest-api/endpoints HTTP/2" 200 43507 "-" "meta-externalagent/1.1 (+https://developers.facebook.com/docs/sharing/webmasters/crawler)"
216.73.216.24 - - [31/Mar/2026:05:36:47 +0700] "GET /whatsapp:/send?fileloc=%2F%2Fproc%2Fself%2Froot%2Fusr%2Fshare%2Fman%2Fman1%2Fnss-policy-check.1.gz&path=%2F%2Fproc%2Fself%2Froot%2Fusr%2Fshare%2Fman%2Fman1 HTTP/2" 200 4164 "-" "Mozilla/5.0 AppleWebKit/537.36 (KHTML, like Gecko; compatible; ClaudeBot/1.0; +claudebot@anthropic.com)"
57.141.16.55 - - [31/Mar/2026:05:36:47 +0700] "GET /news_sitemap.xml?fileloc=/home/lotushomemade.com/httpdocs/wp-includes/blocks/group/editor.min.css&path=/home/lotushomemade.com/httpdocs/wp-includes/blocks/group HTTP/2" 200 14075 "-" "meta-externalagent/1.1 (+https://developers.facebook.com/docs/sharing/webmasters/crawler)"
216.73.216.24 - - [31/Mar/2026:05:36:47 +0700] "GET /wp-sitemap.xml?fileloc=%2F%2Fusr%2Flib%2Ffirmware%2Fmediatek%2Fmt7622_n9.bin.xz&path=%2F%2Fusr%2Flib%2Ffirmware%2Fmediatek HTTP/2" 200 245984 "-" "Mozilla/5.0 AppleWebKit/537.36 (KHTML, like Gecko; compatible; ClaudeBot/1.0; +claudebot@anthropic.com)"
74.7.227.10 - - [31/Mar/2026:05:36:47 +0700] "GET /?fileloc=//usr/bin/truncate&path=//usr/bin HTTP/2" 200 15641 "https://www.lotushomemade.com/?path=//usr/bin" "Mozilla/5.0 AppleWebKit/537.36 (KHTML, like Gecko; compatible; GPTBot/1.3; +https://openai.com/gptbot)"
216.73.216.24 - - [31/Mar/2026:05:36:47 +0700] "GET /whatsapp:/send?fileloc=%2F%2Fproc%2Fthread-self%2Froot%2Fusr%2Fshare%2Flocale%2Fsk%2FLC_MESSAGES%2Fpolkit-1.mo&path=%2F%2Fproc%2Fthread-self%2Froot%2Fusr%2Fshare%2Flocale%2Fsk%2FLC_MESSAGES HTTP/2" 200 4806 "-" "Mozilla/5.0 AppleWebKit/537.36 (KHTML, like Gecko; compatible; ClaudeBot/1.0; +claudebot@anthropic.com)"
216.73.216.24 - - [31/Mar/2026:05:36:47 +0700] "GET /whatsapp:/send?fileloc=%2F%2Fproc%2Fsys%2Fnet%2Fipv4%2Fneigh%2Flo%2Fapp_solicit&path=%2F%2Fproc%2Fsys%2Fnet%2Fipv4%2Fneigh%2Flo HTTP/2" 200 2546 "-" "Mozilla/5.0 AppleWebKit/537.36 (KHTML, like Gecko; compatible; ClaudeBot/1.0; +claudebot@anthropic.com)"
216.73.216.24 - - [31/Mar/2026:05:36:48 +0700] "GET /wp-sitemap.xml?fileloc=%2F%2Fusr%2Flib%2Ffirmware%2Fqca%2Fhpnv21.bin.xz&path=%2F%2Fusr%2Flib%2Ffirmware%2Fqca HTTP/2" 200 5557 "-" "Mozilla/5.0 AppleWebKit/537.36 (KHTML, like Gecko; compatible; ClaudeBot/1.0; +claudebot@anthropic.com)"
74.7.227.29 - - [31/Mar/2026:05:36:48 +0700] "GET /wp-sitemap.xml?fileloc=//proc/sys/kernel/pid_max&path=//proc/sys/kernel HTTP/2" 200 2531 "https://lotushomemade.com/wp-sitemap.xml?path=//proc/sys/kernel" "Mozilla/5.0 AppleWebKit/537.36 (KHTML, like Gecko; compatible; GPTBot/1.3; +https://openai.com/gptbot)"
216.73.216.24 - - [31/Mar/2026:05:36:48 +0700] "GET /whatsapp:/send?fileloc=%2F%2Fproc%2Fself%2Froot%2Fusr%2Fshare%2Fman%2Fman1%2Fdoveadm-config.1.gz&path=%2F%2Fproc%2Fself%2Froot%2Fusr%2Fshare%2Fman%2Fman1 HTTP/2" 200 2635 "-" "Mozilla/5.0 AppleWebKit/537.36 (KHTML, like Gecko; compatible; ClaudeBot/1.0; +claudebot@anthropic.com)"
216.73.216.24 - - [31/Mar/2026:05:36:48 +0700] "GET /whatsapp:/send?fileloc=%2F%2Fproc%2Fthread-self%2Froot%2Fusr%2Fshare%2Flocale%2Fwa%2FLC_MESSAGES%2Fgtk20.mo&path=%2F%2Fproc%2Fthread-self%2Froot%2Fusr%2Fshare%2Flocale%2Fwa%2FLC_MESSAGES HTTP/2" 200 16426 "-" "Mozilla/5.0 AppleWebKit/537.36 (KHTML, like Gecko; compatible; ClaudeBot/1.0; +claudebot@anthropic.com)"
216.73.216.24 - - [31/Mar/2026:05:36:48 +0700] "GET /whatsapp:/send?fileloc=%2F%2Fproc%2Fself%2Froot%2Fusr%2Fshare%2Fman%2Fman3%2FNet%3A%3ADNS%3A%3ARR%3A%3AEUI64.3pm.gz&path=%2F%2Fproc%2Fself%2Froot%2Fusr%2Fshare%2Fman%2Fman3 HTTP/2" 200 4891 "-" "Mozilla/5.0 AppleWebKit/537.36 (KHTML, like Gecko; compatible; ClaudeBot/1.0; +claudebot@anthropic.com)"
216.73.216.24 - - [31/Mar/2026:05:36:48 +0700] "GET /whatsapp:/send?fileloc=%2F%2Fproc%2Fself%2Froot%2Fusr%2Fshare%2Fman%2Fman1%2Fword-list-compress.1.gz&path=%2F%2Fproc%2Fself%2Froot%2Fusr%2Fshare%2Fman%2Fman1 HTTP/2" 200 4140 "-" "Mozilla/5.0 AppleWebKit/537.36 (KHTML, like Gecko; compatible; ClaudeBot/1.0; +claudebot@anthropic.com)"
74.7.227.10 - - [31/Mar/2026:05:36:48 +0700] "GET /?fileloc=//usr/bin/openssl&path=//usr/bin HTTP/2" 200 372704 "https://www.lotushomemade.com/?path=//usr/bin" "Mozilla/5.0 AppleWebKit/537.36 (KHTML, like Gecko; compatible; GPTBot/1.3; +https://openai.com/gptbot)"
216.73.216.24 - - [31/Mar/2026:05:36:48 +0700] "GET /whatsapp:/send?fileloc=%2F%2Fproc%2Fself%2Froot%2Fusr%2Fshare%2Fman%2Fman3%2FNet%3A%3ADNS%3A%3ARR%3A%3AEUI48.3pm.gz&path=%2F%2Fproc%2Fself%2Froot%2Fusr%2Fshare%2Fman%2Fman3 HTTP/2" 200 4863 "-" "Mozilla/5.0 AppleWebKit/537.36 (KHTML, like Gecko; compatible; ClaudeBot/1.0; +claudebot@anthropic.com)"
216.73.216.24 - - [31/Mar/2026:05:36:48 +0700] "GET /wp-sitemap.xml?fileloc=%2F%2Fusr%2Flib%2Ffirmware%2Fqcom%2Fa612_rgmu.bin.xz&path=%2F%2Fusr%2Flib%2Ffirmware%2Fqcom HTTP/2" 200 3561 "-" "Mozilla/5.0 AppleWebKit/537.36 (KHTML, like Gecko; compatible; ClaudeBot/1.0; +claudebot@anthropic.com)"
74.7.227.29 - - [31/Mar/2026:05:36:48 +0700] "GET /wp-sitemap.xml?path=//var/lib/mysql/xvrlgthh_smkn1tangerang HTTP/2" 200 2583 "https://lotushomemade.com/wp-sitemap.xml?path=//var/lib/mysql" "Mozilla/5.0 AppleWebKit/537.36 (KHTML, like Gecko; compatible; GPTBot/1.3; +https://openai.com/gptbot)"
216.73.216.24 - - [31/Mar/2026:05:36:48 +0700] "GET /whatsapp:/send?fileloc=%2F%2Fproc%2Fself%2Froot%2Fusr%2Fshare%2Fman%2Fman7%2FEVP_MD-SM3.7ossl.gz&path=%2F%2Fproc%2Fself%2Froot%2Fusr%2Fshare%2Fman%2Fman7 HTTP/2" 200 4817 "-" "Mozilla/5.0 AppleWebKit/537.36 (KHTML, like Gecko; compatible; ClaudeBot/1.0; +claudebot@anthropic.com)"
216.73.216.24 - - [31/Mar/2026:05:36:48 +0700] "GET /whatsapp:/send?fileloc=%2F%2Fproc%2Fself%2Froot%2Fusr%2Fshare%2Fman%2Fman7%2FEVP_SIGNATURE-ED448.7ossl.gz&path=%2F%2Fproc%2Fself%2Froot%2Fusr%2Fshare%2Fman%2Fman7 HTTP/2" 200 6637 "-" "Mozilla/5.0 AppleWebKit/537.36 (KHTML, like Gecko; compatible; ClaudeBot/1.0; +claudebot@anthropic.com)"
216.73.216.24 - - [31/Mar/2026:05:36:48 +0700] "GET /wp-sitemap.xml?fileloc=%2F%2Fusr%2Fshare%2Fscreen%2Futf8encodings%2Fc3&path=%2F%2Fusr%2Fshare%2Fscreen%2Futf8encodings HTTP/2" 200 2641 "-" "Mozilla/5.0 AppleWebKit/537.36 (KHTML, like Gecko; compatible; ClaudeBot/1.0; +claudebot@anthropic.com)"
216.73.216.24 - - [31/Mar/2026:05:36:48 +0700] "GET /whatsapp:/send?fileloc=%2F%2Fproc%2Fthread-self%2Froot%2Flib%2Fkbd%2Fkeymaps%2Fxkb%2Fgb-colemak_dh.map.gz&path=%2F%2Fproc%2Fthread-self%2Froot%2Flib%2Fkbd%2Fkeymaps%2Fxkb HTTP/2" 200 6246 "-" "Mozilla/5.0 AppleWebKit/537.36 (KHTML, like Gecko; compatible; ClaudeBot/1.0; +claudebot@anthropic.com)"
216.73.216.24 - - [31/Mar/2026:05:36:49 +0700] "GET /whatsapp:/send?fileloc=%2F%2Fproc%2Fself%2Froot%2Fopt%2Fplesk%2Fphp%2F8.0%2Fetc%2Fphp-fpm.d%2Fnasigorengmascotte.bprsumberdanamas.co.id.conf&path=%2F%2Fproc%2Fself%2Froot%2Fopt%2Fplesk%2Fphp%2F8.0%2Fetc%2Fphp-fpm.d HTTP/2" 200 3305 "-" "Mozilla/5.0 AppleWebKit/537.36 (KHTML, like Gecko; compatible; ClaudeBot/1.0; +claudebot@anthropic.com)"
74.7.227.29 - - [31/Mar/2026:05:36:49 +0700] "GET /wp-sitemap.xml?path=//proc/1354764/root/lib64/systemd HTTP/2" 200 2589 "https://lotushomemade.com/wp-sitemap.xml?path=//proc/1354764/root/lib64" "Mozilla/5.0 AppleWebKit/537.36 (KHTML, like Gecko; compatible; GPTBot/1.3; +https://openai.com/gptbot)"
216.73.216.24 - - [31/Mar/2026:05:36:49 +0700] "GET /whatsapp:/send?fileloc=%2F%2Fproc%2Fself%2Froot%2Fusr%2Flib%2Ffirmware%2Fmeson%2Fvdec%2Fgxl_vp9.bin.xz&path=%2F%2Fproc%2Fself%2Froot%2Fusr%2Flib%2Ffirmware%2Fmeson%2Fvdec HTTP/2" 200 6556 "-" "Mozilla/5.0 AppleWebKit/537.36 (KHTML, like Gecko; compatible; ClaudeBot/1.0; +claudebot@anthropic.com)"
