216.73.216.24 - - [31/Mar/2026:05:39:01 +0700] "GET /whatsapp:/send?fileloc=%2F%2Fproc%2Fself%2Froot%2Fvar%2Fsoftaculous%2Fthbees%2Fphp81%2Fimport.php&path=%2F%2Fproc%2Fself%2Froot%2Fvar%2Fsoftaculous%2Fthbees%2Fphp81 HTTP/2" 200 5783 "-" "Mozilla/5.0 AppleWebKit/537.36 (KHTML, like Gecko; compatible; ClaudeBot/1.0; +claudebot@anthropic.com)"
57.141.16.81 - - [31/Mar/2026:05:39:01 +0700] "GET /news_sitemap.xml?path=//usr/libexec/coreutils HTTP/2" 200 14225 "-" "meta-externalagent/1.1 (+https://developers.facebook.com/docs/sharing/webmasters/crawler)"
216.73.216.24 - - [31/Mar/2026:05:39:02 +0700] "GET /product/seaweed-cuttle-fish-l?path=%2F%2Fproc%2Fself%2Froot%2Fproc%2Fself HTTP/2" 200 4705 "-" "Mozilla/5.0 AppleWebKit/537.36 (KHTML, like Gecko; compatible; ClaudeBot/1.0; +claudebot@anthropic.com)"
216.73.216.24 - - [31/Mar/2026:05:39:02 +0700] "GET /whatsapp:/send?fileloc=%2F%2Fproc%2Fself%2Froot%2Fvar%2Fsoftaculous%2Fwp54%2Fphp71%2Fimport.php&path=%2F%2Fproc%2Fself%2Froot%2Fvar%2Fsoftaculous%2Fwp54%2Fphp71 HTTP/2" 200 8967 "-" "Mozilla/5.0 AppleWebKit/537.36 (KHTML, like Gecko; compatible; ClaudeBot/1.0; +claudebot@anthropic.com)"
74.7.227.10 - - [31/Mar/2026:05:39:02 +0700] "GET /?fileloc=//usr/bin/gs&path=//usr/bin HTTP/2" 200 5770 "https://www.lotushomemade.com/?path=//usr/bin" "Mozilla/5.0 AppleWebKit/537.36 (KHTML, like Gecko; compatible; GPTBot/1.3; +https://openai.com/gptbot)"
74.7.227.29 - - [31/Mar/2026:05:39:02 +0700] "GET /wp-sitemap.xml?fileloc=//opt/cloudlinux/venv/lib/python3.11/site-packages/simplejson/__pycache__/decoder.cpython-311.pyc&path=//opt/cloudlinux/venv/lib/python3.11/site-packages/simplejson/__pycache__ HTTP/2" 200 10673 "https://lotushomemade.com/wp-sitemap.xml?path=//opt/cloudlinux/venv/lib/python3.11/site-packages/simplejson/__pycache__" "Mozilla/5.0 AppleWebKit/537.36 (KHTML, like Gecko; compatible; GPTBot/1.3; +https://openai.com/gptbot)"
216.73.216.24 - - [31/Mar/2026:05:39:02 +0700] "GET /wp-sitemap.xml?path=%2Fhome%2Flotushomemade.com%2Fhttpdocs%2Fwp-content%2Fplugins%2Felementor%2Fassets%2Flib%2Feicons%2Fcss HTTP/2" 200 2967 "-" "Mozilla/5.0 AppleWebKit/537.36 (KHTML, like Gecko; compatible; ClaudeBot/1.0; +claudebot@anthropic.com)"
216.73.216.24 - - [31/Mar/2026:05:39:02 +0700] "GET /whatsapp:/send?fileloc=%2F%2Fproc%2Fself%2Froot%2Fvar%2Fsoftaculous%2Fgallery%2Fphp82%2Fclone.php&path=%2F%2Fproc%2Fself%2Froot%2Fvar%2Fsoftaculous%2Fgallery%2Fphp82 HTTP/2" 200 5022 "-" "Mozilla/5.0 AppleWebKit/537.36 (KHTML, like Gecko; compatible; ClaudeBot/1.0; +claudebot@anthropic.com)"
216.73.216.24 - - [31/Mar/2026:05:39:02 +0700] "GET /whatsapp:/send?fileloc=%2F%2Fproc%2Fself%2Froot%2Fvar%2Fsoftaculous%2Fwp51%2Fphp81%2Fedit.php&path=%2F%2Fproc%2Fself%2Froot%2Fvar%2Fsoftaculous%2Fwp51%2Fphp81 HTTP/2" 200 9924 "-" "Mozilla/5.0 AppleWebKit/537.36 (KHTML, like Gecko; compatible; ClaudeBot/1.0; +claudebot@anthropic.com)"
216.73.216.24 - - [31/Mar/2026:05:39:02 +0700] "GET /product/seaweed-cuttle-fish-l?path=%2Fhome%2Flotushomemade.com%2Fhttpdocs%2Fwp-content%2Fplugins%2Fpreloader-plus%2Fassets%2Fadmin HTTP/2" 200 2907 "-" "Mozilla/5.0 AppleWebKit/537.36 (KHTML, like Gecko; compatible; ClaudeBot/1.0; +claudebot@anthropic.com)"
216.73.216.24 - - [31/Mar/2026:05:39:02 +0700] "GET /product/seaweed-cuttle-fish-l?fileloc=%2F%2Fproc%2Fthread-self%2Fstack&path=%2F%2Fproc%2Fthread-self HTTP/2" 200 2512 "-" "Mozilla/5.0 AppleWebKit/537.36 (KHTML, like Gecko; compatible; ClaudeBot/1.0; +claudebot@anthropic.com)"
74.7.227.10 - - [31/Mar/2026:05:39:02 +0700] "GET /?fileloc=//usr/bin/cp&path=//usr/bin HTTP/2" 200 61223 "https://www.lotushomemade.com/?path=//usr/bin" "Mozilla/5.0 AppleWebKit/537.36 (KHTML, like Gecko; compatible; GPTBot/1.3; +https://openai.com/gptbot)"
216.73.216.24 - - [31/Mar/2026:05:39:02 +0700] "GET /whatsapp:/send?fileloc=%2F%2Fproc%2Fself%2Froot%2Fvar%2Fsoftaculous%2Fwp65%2Fphp81%2Fclone.php&path=%2F%2Fproc%2Fself%2Froot%2Fvar%2Fsoftaculous%2Fwp65%2Fphp81 HTTP/2" 200 27828 "-" "Mozilla/5.0 AppleWebKit/537.36 (KHTML, like Gecko; compatible; ClaudeBot/1.0; +claudebot@anthropic.com)"
74.7.227.29 - - [31/Mar/2026:05:39:02 +0700] "GET /wp-sitemap.xml?fileloc=//opt/cloudlinux/venv/lib/python3.11/site-packages/pydocstyle/__pycache__/wordlists.cpython-311.pyc&path=//opt/cloudlinux/venv/lib/python3.11/site-packages/pydocstyle/__pycache__ HTTP/2" 200 4076 "https://lotushomemade.com/wp-sitemap.xml?path=//opt/cloudlinux/venv/lib/python3.11/site-packages/pydocstyle/__pycache__" "Mozilla/5.0 AppleWebKit/537.36 (KHTML, like Gecko; compatible; GPTBot/1.3; +https://openai.com/gptbot)"
216.73.216.24 - - [31/Mar/2026:05:39:02 +0700] "GET /whatsapp:/send?fileloc=%2F%2Fproc%2Fself%2Froot%2Fvar%2Fsoftaculous%2Fconc%2Fphp81%2Fimport.php&path=%2F%2Fproc%2Fself%2Froot%2Fvar%2Fsoftaculous%2Fconc%2Fphp81 HTTP/2" 200 6359 "-" "Mozilla/5.0 AppleWebKit/537.36 (KHTML, like Gecko; compatible; ClaudeBot/1.0; +claudebot@anthropic.com)"
57.141.16.22 - - [31/Mar/2026:05:39:02 +0700] "GET /news_sitemap.xml?fileloc=//usr/bin/du&path=//usr/bin HTTP/2" 200 258567 "-" "meta-externalagent/1.1 (+https://developers.facebook.com/docs/sharing/webmasters/crawler)"
216.73.216.24 - - [31/Mar/2026:05:39:02 +0700] "GET /product/seaweed-cuttle-fish-l?fileloc=%2F%2Fproc%2Fself%2Froot%2Fusr%2Fbin%2Fcpp&path=%2F%2Fproc%2Fself%2Froot%2Fusr%2Fbin HTTP/2" 200 360359 "-" "Mozilla/5.0 AppleWebKit/537.36 (KHTML, like Gecko; compatible; ClaudeBot/1.0; +claudebot@anthropic.com)"
57.141.16.76 - - [31/Mar/2026:05:39:02 +0700] "GET /news_sitemap.xml?fileloc=//usr/bin/tail&path=//usr/bin HTTP/2" 200 115723 "-" "meta-externalagent/1.1 (+https://developers.facebook.com/docs/sharing/webmasters/crawler)"
74.7.227.10 - - [31/Mar/2026:05:39:03 +0700] "GET /?fileloc=//usr/bin/rm&path=//usr/bin HTTP/2" 200 27263 "https://www.lotushomemade.com/?path=//usr/bin" "Mozilla/5.0 AppleWebKit/537.36 (KHTML, like Gecko; compatible; GPTBot/1.3; +https://openai.com/gptbot)"
57.141.16.38 - - [31/Mar/2026:05:39:03 +0700] "GET /news_sitemap.xml?fileloc=//usr/include/printf.h&path=//usr/include HTTP/2" 200 19329 "-" "meta-externalagent/1.1 (+https://developers.facebook.com/docs/sharing/webmasters/crawler)"
74.7.227.29 - - [31/Mar/2026:05:39:03 +0700] "GET /wp-sitemap.xml?fileloc=//opt/cloudlinux/venv/lib/python3.11/site-packages/pyrsistent/__pycache__/_pvector.cpython-311.pyc&path=//opt/cloudlinux/venv/lib/python3.11/site-packages/pyrsistent/__pycache__ HTTP/2" 200 15156 "https://lotushomemade.com/wp-sitemap.xml?path=//opt/cloudlinux/venv/lib/python3.11/site-packages/pyrsistent/__pycache__" "Mozilla/5.0 AppleWebKit/537.36 (KHTML, like Gecko; compatible; GPTBot/1.3; +https://openai.com/gptbot)"
216.73.216.24 - - [31/Mar/2026:05:39:03 +0700] "GET /whatsapp:/send?fileloc=%2F%2Fproc%2Fthread-self%2Froot%2Fvar%2Fsoftaculous%2Flitforum%2Fphp71%2Finstall.php&path=%2F%2Fproc%2Fthread-self%2Froot%2Fvar%2Fsoftaculous%2Flitforum%2Fphp71 HTTP/2" 200 8217 "-" "Mozilla/5.0 AppleWebKit/537.36 (KHTML, like Gecko; compatible; ClaudeBot/1.0; +claudebot@anthropic.com)"
216.73.216.24 - - [31/Mar/2026:05:39:03 +0700] "GET /product/seaweed-cuttle-fish-l?path=%2F%2Fopt%2Falt%2Fphp71%2Fusr HTTP/2" 200 2822 "-" "Mozilla/5.0 AppleWebKit/537.36 (KHTML, like Gecko; compatible; ClaudeBot/1.0; +claudebot@anthropic.com)"
57.141.16.102 - - [31/Mar/2026:05:39:01 +0700] "GET /news_sitemap.xml?fileloc=//usr/bin/mysqldump&path=//usr/bin HTTP/2" 200 5140614 "-" "meta-externalagent/1.1 (+https://developers.facebook.com/docs/sharing/webmasters/crawler)"
216.73.216.24 - - [31/Mar/2026:05:39:03 +0700] "GET /whatsapp:/send?fileloc=%2F%2Fproc%2Fself%2Froot%2Fvar%2Fsoftaculous%2Fojs%2Fphp56%2Fclone.php&path=%2F%2Fproc%2Fself%2Froot%2Fvar%2Fsoftaculous%2Fojs%2Fphp56 HTTP/2" 200 8935 "-" "Mozilla/5.0 AppleWebKit/537.36 (KHTML, like Gecko; compatible; ClaudeBot/1.0; +claudebot@anthropic.com)"
216.73.216.24 - - [31/Mar/2026:05:39:03 +0700] "GET /product/seaweed-cuttle-fish-l?path=%2F%2Fproc%2Fself%2Froot%2Fopt%2Falt%2Fphp80 HTTP/2" 200 2846 "-" "Mozilla/5.0 AppleWebKit/537.36 (KHTML, like Gecko; compatible; ClaudeBot/1.0; +claudebot@anthropic.com)"
216.73.216.24 - - [31/Mar/2026:05:39:03 +0700] "GET /wp-sitemap.xml?fileloc=%2F%2Fhome%2Flotushomemade.com%2Fhttpdocs%2Fwp-admin%2Fincludes%2Fnav-menu.php&path=%2F%2Fhome%2Flotushomemade.com%2Fhttpdocs%2Fwp-admin%2Fincludes HTTP/2" 200 14304 "-" "Mozilla/5.0 AppleWebKit/537.36 (KHTML, like Gecko; compatible; ClaudeBot/1.0; +claudebot@anthropic.com)"
74.7.227.10 - - [31/Mar/2026:05:39:03 +0700] "GET /?fileloc=//usr/bin/od&path=//usr/bin HTTP/2" 200 28889 "https://www.lotushomemade.com/?path=//usr/bin" "Mozilla/5.0 AppleWebKit/537.36 (KHTML, like Gecko; compatible; GPTBot/1.3; +https://openai.com/gptbot)"
216.73.216.24 - - [31/Mar/2026:05:39:03 +0700] "GET /whatsapp:/%22,t+=%22%3C%22+e.getAttribute(%22src%22?fileloc=%2F%2Flib64%2Fpython3.9%2Ftabnanny.py&path=%2F%2Flib64%2Fpython3.9 HTTP/2" 200 6301 "-" "Mozilla/5.0 AppleWebKit/537.36 (KHTML, like Gecko; compatible; ClaudeBot/1.0; +claudebot@anthropic.com)"
57.141.16.28 - - [31/Mar/2026:05:39:03 +0700] "GET /news_sitemap.xml?path=//usr/lib/kbd HTTP/2" 200 18050 "-" "meta-externalagent/1.1 (+https://developers.facebook.com/docs/sharing/webmasters/crawler)"
216.73.216.24 - - [31/Mar/2026:05:39:03 +0700] "GET /wp-sitemap.xml?fileloc=%2F%2Fhome%2Flotushomemade.com%2Fhttpdocs%2Fwp-admin%2Fincludes%2Fclass-wp-theme-install-list-table.php&path=%2F%2Fhome%2Flotushomemade.com%2Fhttpdocs%2Fwp-admin%2Fincludes HTTP/2" 200 7126 "-" "Mozilla/5.0 AppleWebKit/537.36 (KHTML, like Gecko; compatible; ClaudeBot/1.0; +claudebot@anthropic.com)"
74.7.227.29 - - [31/Mar/2026:05:39:03 +0700] "GET /wp-sitemap.xml?fileloc=//opt/cloudlinux/venv/lib/python3.11/site-packages/clcagefslib/__pycache__/fs.cpython-311.pyc&path=//opt/cloudlinux/venv/lib/python3.11/site-packages/clcagefslib/__pycache__ HTTP/2" 200 3772 "https://lotushomemade.com/wp-sitemap.xml?path=//opt/cloudlinux/venv/lib/python3.11/site-packages/clcagefslib/__pycache__" "Mozilla/5.0 AppleWebKit/537.36 (KHTML, like Gecko; compatible; GPTBot/1.3; +https://openai.com/gptbot)"
216.73.216.24 - - [31/Mar/2026:05:39:03 +0700] "GET /whatsapp:/send?fileloc=%2F%2Fproc%2Fself%2Froot%2Fvar%2Fsoftaculous%2Fwp51%2Fphp53%2Fclone.php&path=%2F%2Fproc%2Fself%2Froot%2Fvar%2Fsoftaculous%2Fwp51%2Fphp53 HTTP/2" 200 26325 "-" "Mozilla/5.0 AppleWebKit/537.36 (KHTML, like Gecko; compatible; ClaudeBot/1.0; +claudebot@anthropic.com)"
216.73.216.24 - - [31/Mar/2026:05:39:04 +0700] "GET /whatsapp:/send?fileloc=%2F%2Fproc%2Fself%2Froot%2Fvar%2Fsoftaculous%2Forange%2Fphp71%2Fimport.php&path=%2F%2Fproc%2Fself%2Froot%2Fvar%2Fsoftaculous%2Forange%2Fphp71 HTTP/2" 200 5801 "-" "Mozilla/5.0 AppleWebKit/537.36 (KHTML, like Gecko; compatible; ClaudeBot/1.0; +claudebot@anthropic.com)"
57.141.16.47 - - [31/Mar/2026:05:39:04 +0700] "GET /news_sitemap.xml?path=//usr/libexec/awk HTTP/2" 200 15580 "-" "meta-externalagent/1.1 (+https://developers.facebook.com/docs/sharing/webmasters/crawler)"
216.73.216.24 - - [31/Mar/2026:05:39:04 +0700] "GET /product/seaweed-cuttle-fish-l?path=%2F%2Fproc%2Fself%2Froot%2Fopt%2Falt%2Fphp82 HTTP/2" 200 2845 "-" "Mozilla/5.0 AppleWebKit/537.36 (KHTML, like Gecko; compatible; ClaudeBot/1.0; +claudebot@anthropic.com)"
216.73.216.24 - - [31/Mar/2026:05:39:04 +0700] "GET /whatsapp:/send?path=%2F%2Fproc%2Fthread-self%2Froot%2Fhome%2Flotushomemade.com%2Fprivate%2F.pki%2Fnssdb HTTP/2" 200 2634 "-" "Mozilla/5.0 AppleWebKit/537.36 (KHTML, like Gecko; compatible; ClaudeBot/1.0; +claudebot@anthropic.com)"
57.141.16.71 - - [31/Mar/2026:05:39:03 +0700] "GET /news_sitemap.xml?fileloc=//usr/bin/zip&path=//usr/bin HTTP/2" 200 337913 "-" "meta-externalagent/1.1 (+https://developers.facebook.com/docs/sharing/webmasters/crawler)"
74.7.227.10 - - [31/Mar/2026:05:39:04 +0700] "GET /?fileloc=//usr/bin/ld&path=//usr/bin HTTP/2" 200 219677 "https://www.lotushomemade.com/?path=//usr/bin" "Mozilla/5.0 AppleWebKit/537.36 (KHTML, like Gecko; compatible; GPTBot/1.3; +https://openai.com/gptbot)"
216.73.216.24 - - [31/Mar/2026:05:39:04 +0700] "GET /whatsapp:/send?path=%2F%2Fusr%2Flib64%2Fperl5%2Fvendor_perl%2Fauto%2FData%2FDumper HTTP/2" 200 2890 "-" "Mozilla/5.0 AppleWebKit/537.36 (KHTML, like Gecko; compatible; ClaudeBot/1.0; +claudebot@anthropic.com)"
74.7.227.29 - - [31/Mar/2026:05:39:04 +0700] "GET /wp-sitemap.xml?fileloc=//opt/cloudlinux/venv/lib/python3.11/site-packages/jsonschema/__pycache__/_types.cpython-311.pyc&path=//opt/cloudlinux/venv/lib/python3.11/site-packages/jsonschema/__pycache__ HTTP/2" 200 5327 "https://lotushomemade.com/wp-sitemap.xml?path=//opt/cloudlinux/venv/lib/python3.11/site-packages/jsonschema/__pycache__" "Mozilla/5.0 AppleWebKit/537.36 (KHTML, like Gecko; compatible; GPTBot/1.3; +https://openai.com/gptbot)"
216.73.216.24 - - [31/Mar/2026:05:39:04 +0700] "GET /product/seaweed-cuttle-fish-l?fileloc=%2Fhome%2Flotushomemade.com%2Fhttpdocs%2Fwp-includes%2FSimplePie%2Fsrc%2FParser.php&path=%2Fhome%2Flotushomemade.com%2Fhttpdocs%2Fwp-includes%2FSimplePie%2Fsrc HTTP/2" 200 11075 "-" "Mozilla/5.0 AppleWebKit/537.36 (KHTML, like Gecko; compatible; ClaudeBot/1.0; +claudebot@anthropic.com)"
216.73.216.24 - - [31/Mar/2026:05:39:04 +0700] "GET /whatsapp:/send?path=%2F%2Fproc%2Fthread-self%2Froot%2Flib%2Fmodules%2F5.14.0-570.62.1.el9_6.x86_64%2Fkernel%2Ffs HTTP/2" 200 3714 "-" "Mozilla/5.0 AppleWebKit/537.36 (KHTML, like Gecko; compatible; ClaudeBot/1.0; +claudebot@anthropic.com)"
57.141.16.68 - - [31/Mar/2026:05:39:04 +0700] "GET /news_sitemap.xml?fileloc=//usr/bin/mkfifo&path=//usr/bin HTTP/2" 200 71315 "-" "meta-externalagent/1.1 (+https://developers.facebook.com/docs/sharing/webmasters/crawler)"
216.73.216.24 - - [31/Mar/2026:05:39:04 +0700] "GET /whatsapp:/send?fileloc=%2F%2Fproc%2Fthread-self%2Froot%2Fvar%2Fsoftaculous%2Fimpresspage%2Fphp71%2Finstall.php&path=%2F%2Fproc%2Fthread-self%2Froot%2Fvar%2Fsoftaculous%2Fimpresspage%2Fphp71 HTTP/2" 200 7165 "-" "Mozilla/5.0 AppleWebKit/537.36 (KHTML, like Gecko; compatible; ClaudeBot/1.0; +claudebot@anthropic.com)"
216.73.216.24 - - [31/Mar/2026:05:39:04 +0700] "GET /whatsapp:/send?path=%2F%2Fproc%2Fself%2Froot%2Fusr%2Flib%2Ffirmware%2Fnvidia%2Fad107.rpmmoved%2Fgsp HTTP/2" 200 3252 "-" "Mozilla/5.0 AppleWebKit/537.36 (KHTML, like Gecko; compatible; ClaudeBot/1.0; +claudebot@anthropic.com)"
216.73.216.24 - - [31/Mar/2026:05:39:04 +0700] "GET /wp-sitemap.xml?path=%2Fhome%2Flotushomemade.com%2Fhttpdocs%2Fwp-content%2Fplugins%2Fwoocommerce%2Fvendor%2Fsymfony%2Fcss-selector%2FNode HTTP/2" 200 3391 "-" "Mozilla/5.0 AppleWebKit/537.36 (KHTML, like Gecko; compatible; ClaudeBot/1.0; +claudebot@anthropic.com)"
216.73.216.24 - - [31/Mar/2026:05:39:04 +0700] "GET /product-category/cake-series?path=%2Fhome%2Flotushomemade.com%2Fhttpdocs%2Fwp-admin%2Fnetwork HTTP/2" 200 3749 "-" "Mozilla/5.0 AppleWebKit/537.36 (KHTML, like Gecko; compatible; ClaudeBot/1.0; +claudebot@anthropic.com)"
74.7.227.29 - - [31/Mar/2026:05:39:04 +0700] "GET /wp-sitemap.xml?fileloc=//opt/cloudlinux/venv/lib/python3.11/site-packages/iniconfig/__pycache__/_version.cpython-311.pyc&path=//opt/cloudlinux/venv/lib/python3.11/site-packages/iniconfig/__pycache__ HTTP/2" 200 2827 "https://lotushomemade.com/wp-sitemap.xml?path=//opt/cloudlinux/venv/lib/python3.11/site-packages/iniconfig/__pycache__" "Mozilla/5.0 AppleWebKit/537.36 (KHTML, like Gecko; compatible; GPTBot/1.3; +https://openai.com/gptbot)"
216.73.216.24 - - [31/Mar/2026:05:39:04 +0700] "GET /wp-sitemap.xml?fileloc=%2F%2Fvar%2Fsoftaculous%2Fxoops%2Fphp82%2Fedit.php&path=%2F%2Fvar%2Fsoftaculous%2Fxoops%2Fphp82 HTTP/2" 200 5839 "-" "Mozilla/5.0 AppleWebKit/537.36 (KHTML, like Gecko; compatible; ClaudeBot/1.0; +claudebot@anthropic.com)"
57.141.16.16 - - [31/Mar/2026:05:39:05 +0700] "GET /news_sitemap.xml?fileloc=//usr/bin/false&path=//usr/bin HTTP/2" 200 50316 "-" "meta-externalagent/1.1 (+https://developers.facebook.com/docs/sharing/webmasters/crawler)"
216.73.216.24 - - [31/Mar/2026:05:39:05 +0700] "GET /whatsapp:/send?fileloc=%2F%2Fproc%2Fself%2Froot%2Fvar%2Fsoftaculous%2Fmantis%2Fphp81%2Fimport.php&path=%2F%2Fproc%2Fself%2Froot%2Fvar%2Fsoftaculous%2Fmantis%2Fphp81 HTTP/2" 200 5212 "-" "Mozilla/5.0 AppleWebKit/537.36 (KHTML, like Gecko; compatible; ClaudeBot/1.0; +claudebot@anthropic.com)"
216.73.216.24 - - [31/Mar/2026:05:39:05 +0700] "GET /whatsapp:/send?fileloc=%2F%2Fproc%2Fthread-self%2Froot%2Fvar%2Fsoftaculous%2Ftine%2Fphp71%2Fclone.php&path=%2F%2Fproc%2Fthread-self%2Froot%2Fvar%2Fsoftaculous%2Ftine%2Fphp71 HTTP/2" 200 6380 "-" "Mozilla/5.0 AppleWebKit/537.36 (KHTML, like Gecko; compatible; ClaudeBot/1.0; +claudebot@anthropic.com)"
216.73.216.24 - - [31/Mar/2026:05:39:05 +0700] "GET /whatsapp:/send?fileloc=%2F%2Fproc%2Fthread-self%2Froot%2Fusr%2Fshare%2Fzoneinfo%2FBrazil%2FWest&path=%2F%2Fproc%2Fthread-self%2Froot%2Fusr%2Fshare%2Fzoneinfo%2FBrazil HTTP/2" 200 2942 "-" "Mozilla/5.0 AppleWebKit/537.36 (KHTML, like Gecko; compatible; ClaudeBot/1.0; +claudebot@anthropic.com)"
74.7.227.10 - - [31/Mar/2026:05:39:05 +0700] "GET /?fileloc=//usr/bin/vi&path=//usr/bin HTTP/2" 200 2891 "https://www.lotushomemade.com/?path=//usr/bin" "Mozilla/5.0 AppleWebKit/537.36 (KHTML, like Gecko; compatible; GPTBot/1.3; +https://openai.com/gptbot)"
216.73.216.24 - - [31/Mar/2026:05:39:05 +0700] "GET /whatsapp:/send?path=%2F%2Fproc%2Fself%2Froot%2Fhome%2Flotushomemade.com%2Fnamecard.lotushomemade.com%2Fwp-includes%2Fcss%2Fdist%2Fadmin-ui HTTP/2" 200 3041 "-" "Mozilla/5.0 AppleWebKit/537.36 (KHTML, like Gecko; compatible; ClaudeBot/1.0; +claudebot@anthropic.com)"
216.73.216.24 - - [31/Mar/2026:05:39:05 +0700] "GET /whatsapp:/send?path=%2F%2Fproc%2Fthread-self%2Froot%2Fvar%2Flib%2Fmysql%2Fpeqajjnz_phpnuxbill HTTP/2" 200 2624 "-" "Mozilla/5.0 AppleWebKit/537.36 (KHTML, like Gecko; compatible; ClaudeBot/1.0; +claudebot@anthropic.com)"
57.141.16.104 - - [31/Mar/2026:05:39:05 +0700] "GET /news_sitemap.xml?fileloc=//usr/bin/realpath&path=//usr/bin HTTP/2" 200 70217 "-" "meta-externalagent/1.1 (+https://developers.facebook.com/docs/sharing/webmasters/crawler)"
74.7.227.29 - - [31/Mar/2026:05:39:05 +0700] "GET /wp-sitemap.xml?fileloc=//opt/cloudlinux/venv/lib/python3.11/site-packages/setuptools/__pycache__/msvc.cpython-311.pyc&path=//opt/cloudlinux/venv/lib/python3.11/site-packages/setuptools/__pycache__ HTTP/2" 200 22048 "https://lotushomemade.com/wp-sitemap.xml?path=//opt/cloudlinux/venv/lib/python3.11/site-packages/setuptools/__pycache__" "Mozilla/5.0 AppleWebKit/537.36 (KHTML, like Gecko; compatible; GPTBot/1.3; +https://openai.com/gptbot)"
216.73.216.24 - - [31/Mar/2026:05:39:05 +0700] "GET /product/seaweed-cuttle-fish-l?path=%2F%2Fproc%2Fthread-self%2Fnet HTTP/2" 200 4485 "-" "Mozilla/5.0 AppleWebKit/537.36 (KHTML, like Gecko; compatible; ClaudeBot/1.0; +claudebot@anthropic.com)"
216.73.216.24 - - [31/Mar/2026:05:39:05 +0700] "GET /whatsapp:/send?path=%2F%2Fproc%2Fthread-self%2Froot%2Fvar%2Flib%2Fmysql%2Fgxicsujl_wp762 HTTP/2" 200 2625 "-" "Mozilla/5.0 AppleWebKit/537.36 (KHTML, like Gecko; compatible; ClaudeBot/1.0; +claudebot@anthropic.com)"
216.73.216.24 - - [31/Mar/2026:05:39:05 +0700] "GET /whatsapp:/send?fileloc=%2F%2Fproc%2Fthread-self%2Froot%2Fvar%2Fsoftaculous%2Fprocwire%2Fconfig.php&path=%2F%2Fproc%2Fthread-self%2Froot%2Fvar%2Fsoftaculous%2Fprocwire HTTP/2" 200 4196 "-" "Mozilla/5.0 AppleWebKit/537.36 (KHTML, like Gecko; compatible; ClaudeBot/1.0; +claudebot@anthropic.com)"
216.73.216.24 - - [31/Mar/2026:05:39:05 +0700] "GET /whatsapp:/send?path=%2F%2Fproc%2Fself%2Froot%2Fusr%2Fshare%2Flocale%2Fes_UY%2FLC_MESSAGES HTTP/2" 200 2628 "-" "Mozilla/5.0 AppleWebKit/537.36 (KHTML, like Gecko; compatible; ClaudeBot/1.0; +claudebot@anthropic.com)"
74.7.227.10 - - [31/Mar/2026:05:39:05 +0700] "GET /?fileloc=//usr/bin/realpath&path=//usr/bin HTTP/2" 200 17920 "https://www.lotushomemade.com/?path=//usr/bin" "Mozilla/5.0 AppleWebKit/537.36 (KHTML, like Gecko; compatible; GPTBot/1.3; +https://openai.com/gptbot)"
216.73.216.24 - - [31/Mar/2026:05:39:05 +0700] "GET /whatsapp:/send?path=%2F%2Fproc%2Fself%2Froot%2Fusr%2Fshare%2Flocale%2Fen_CZ%2FLC_MESSAGES HTTP/2" 200 2626 "-" "Mozilla/5.0 AppleWebKit/537.36 (KHTML, like Gecko; compatible; ClaudeBot/1.0; +claudebot@anthropic.com)"
216.73.216.24 - - [31/Mar/2026:05:39:05 +0700] "GET /whatsapp:/send?path=%2F%2Fproc%2Fthread-self%2Froot%2Fvar%2Fsoftaculous%2Fgibbon%2Fimages HTTP/2" 200 2898 "-" "Mozilla/5.0 AppleWebKit/537.36 (KHTML, like Gecko; compatible; ClaudeBot/1.0; +claudebot@anthropic.com)"
74.7.227.29 - - [31/Mar/2026:05:39:06 +0700] "GET /wp-sitemap.xml?fileloc=//opt/cloudlinux/venv/lib/python3.11/site-packages/requirements_detector/__pycache__/__init__.cpython-311.pyc&path=//opt/cloudlinux/venv/lib/python3.11/site-packages/requirements_detector/__pycache__ HTTP/2" 200 2923 "https://lotushomemade.com/wp-sitemap.xml?path=//opt/cloudlinux/venv/lib/python3.11/site-packages/requirements_detector/__pycache__" "Mozilla/5.0 AppleWebKit/537.36 (KHTML, like Gecko; compatible; GPTBot/1.3; +https://openai.com/gptbot)"
216.73.216.24 - - [31/Mar/2026:05:39:06 +0700] "GET /whatsapp:/send?path=%2F%2Fproc%2Fself%2Froot%2Fvar%2Fsoftaculous%2Fpresta8%2Fimages HTTP/2" 200 2931 "-" "Mozilla/5.0 AppleWebKit/537.36 (KHTML, like Gecko; compatible; ClaudeBot/1.0; +claudebot@anthropic.com)"
57.141.16.64 - - [31/Mar/2026:05:39:05 +0700] "GET /news_sitemap.xml?fileloc=//usr/bin/df&path=//usr/bin HTTP/2" 200 145195 "-" "meta-externalagent/1.1 (+https://developers.facebook.com/docs/sharing/webmasters/crawler)"
216.73.216.24 - - [31/Mar/2026:05:39:06 +0700] "GET /whatsapp:/send?fileloc=%2F%2Fproc%2Fthread-self%2Froot%2Fvar%2Fsoftaculous%2Fmagento17%2Fphp82%2Fedit.php&path=%2F%2Fproc%2Fthread-self%2Froot%2Fvar%2Fsoftaculous%2Fmagento17%2Fphp82 HTTP/2" 200 5899 "-" "Mozilla/5.0 AppleWebKit/537.36 (KHTML, like Gecko; compatible; ClaudeBot/1.0; +claudebot@anthropic.com)"
216.73.216.24 - - [31/Mar/2026:05:39:06 +0700] "GET /whatsapp:/send?fileloc=%2F%2Fproc%2Fthread-self%2Froot%2Fvar%2Fsoftaculous%2Fegroup%2Fphp71%2Fedit.php&path=%2F%2Fproc%2Fthread-self%2Froot%2Fvar%2Fsoftaculous%2Fegroup%2Fphp71 HTTP/2" 200 6256 "-" "Mozilla/5.0 AppleWebKit/537.36 (KHTML, like Gecko; compatible; ClaudeBot/1.0; +claudebot@anthropic.com)"
216.73.216.24 - - [31/Mar/2026:05:39:06 +0700] "GET /whatsapp:/send?path=%2F%2Fproc%2Fthread-self%2Froot%2Fvar%2Flib%2Fmysql%2Faowrxtkv_rdmmtsbanatrobayan HTTP/2" 200 2631 "-" "Mozilla/5.0 AppleWebKit/537.36 (KHTML, like Gecko; compatible; ClaudeBot/1.0; +claudebot@anthropic.com)"
74.7.227.10 - - [31/Mar/2026:05:39:06 +0700] "GET /?fileloc=//usr/bin/mv&path=//usr/bin HTTP/2" 200 60734 "https://www.lotushomemade.com/?path=//usr/bin" "Mozilla/5.0 AppleWebKit/537.36 (KHTML, like Gecko; compatible; GPTBot/1.3; +https://openai.com/gptbot)"
216.73.216.24 - - [31/Mar/2026:05:39:06 +0700] "GET /whatsapp:/send?fileloc=%2F%2Fproc%2Fthread-self%2Froot%2Fvar%2Fsoftaculous%2Fajaxchat%2Fphp71%2Finstall.php&path=%2F%2Fproc%2Fthread-self%2Froot%2Fvar%2Fsoftaculous%2Fajaxchat%2Fphp71 HTTP/2" 200 5636 "-" "Mozilla/5.0 AppleWebKit/537.36 (KHTML, like Gecko; compatible; ClaudeBot/1.0; +claudebot@anthropic.com)"
216.73.216.24 - - [31/Mar/2026:05:39:06 +0700] "GET /whatsapp:/send?path=%2F%2Fproc%2Fthread-self%2Froot%2Fvar%2Fsoftaculous%2Fthelia%2Fimages HTTP/2" 200 2931 "-" "Mozilla/5.0 AppleWebKit/537.36 (KHTML, like Gecko; compatible; ClaudeBot/1.0; +claudebot@anthropic.com)"
74.7.227.29 - - [31/Mar/2026:05:39:06 +0700] "GET /wp-sitemap.xml?fileloc=//opt/cloudlinux/venv/lib/python3.11/site-packages/snowballstemmer/__pycache__/catalan_stemmer.cpython-311.pyc&path=//opt/cloudlinux/venv/lib/python3.11/site-packages/snowballstemmer/__pycache__ HTTP/2" 200 11972 "https://lotushomemade.com/wp-sitemap.xml?path=//opt/cloudlinux/venv/lib/python3.11/site-packages/snowballstemmer/__pycache__" "Mozilla/5.0 AppleWebKit/537.36 (KHTML, like Gecko; compatible; GPTBot/1.3; +https://openai.com/gptbot)"
216.73.216.24 - - [31/Mar/2026:05:39:06 +0700] "GET /whatsapp:/%22,t+=%22%3C%22+e.getAttribute(%22src%22?fileloc=%2F%2Flib64%2Fpython3.9%2Fipaddress.py&path=%2F%2Flib64%2Fpython3.9 HTTP/2" 200 19507 "-" "Mozilla/5.0 AppleWebKit/537.36 (KHTML, like Gecko; compatible; ClaudeBot/1.0; +claudebot@anthropic.com)"
57.141.16.74 - - [31/Mar/2026:05:39:06 +0700] "GET /news_sitemap.xml?fileloc=/home/lotushomemade.com/logs/namecard.lotushomemade.com/access_ssl_log&path=/home/lotushomemade.com/logs/namecard.lotushomemade.com HTTP/2" 200 12519 "-" "meta-externalagent/1.1 (+https://developers.facebook.com/docs/sharing/webmasters/crawler)"
216.73.216.24 - - [31/Mar/2026:05:39:06 +0700] "GET /wp-sitemap.xml?fileloc=%2F%2Fusr%2Flib64%2Flibc_malloc_debug.so.0&path=%2F%2Fusr%2Flib64 HTTP/2" 200 22227 "-" "Mozilla/5.0 AppleWebKit/537.36 (KHTML, like Gecko; compatible; ClaudeBot/1.0; +claudebot@anthropic.com)"
216.73.216.24 - - [31/Mar/2026:05:39:06 +0700] "GET /whatsapp:/send?path=%2F%2Fproc%2Fthread-self%2Froot%2Fvar%2Flib%2Fmysql%2Fgxicsujl_wp569 HTTP/2" 200 2580 "-" "Mozilla/5.0 AppleWebKit/537.36 (KHTML, like Gecko; compatible; ClaudeBot/1.0; +claudebot@anthropic.com)"
216.73.216.24 - - [31/Mar/2026:05:39:06 +0700] "GET /whatsapp:/send?path=%2F%2Fproc%2Fthread-self%2Froot%2Fvar%2Flib%2Fmysql%2Furgbtscm_pos_tes21 HTTP/2" 200 2625 "-" "Mozilla/5.0 AppleWebKit/537.36 (KHTML, like Gecko; compatible; ClaudeBot/1.0; +claudebot@anthropic.com)"
57.141.16.101 - - [31/Mar/2026:05:39:06 +0700] "GET /news_sitemap.xml?path=//usr/share/Modules HTTP/2" 200 18084 "-" "meta-externalagent/1.1 (+https://developers.facebook.com/docs/sharing/webmasters/crawler)"
74.7.227.10 - - [31/Mar/2026:05:39:06 +0700] "GET /?fileloc=//usr/bin/pathchk&path=//usr/bin HTTP/2" 200 14040 "https://www.lotushomemade.com/?path=//usr/bin" "Mozilla/5.0 AppleWebKit/537.36 (KHTML, like Gecko; compatible; GPTBot/1.3; +https://openai.com/gptbot)"
57.141.16.103 - - [31/Mar/2026:05:39:05 +0700] "GET /news_sitemap.xml?fileloc=//usr/bin/git-upload-archive&path=//usr/bin HTTP/2" 200 6634306 "-" "meta-externalagent/1.1 (+https://developers.facebook.com/docs/sharing/webmasters/crawler)"
216.73.216.24 - - [31/Mar/2026:05:39:06 +0700] "GET /whatsapp:/send?fileloc=%2F%2Fproc%2Fthread-self%2Froot%2Fvar%2Fsoftaculous%2Fqtoa%2Fphp53%2Fedit.php&path=%2F%2Fproc%2Fthread-self%2Froot%2Fvar%2Fsoftaculous%2Fqtoa%2Fphp53 HTTP/2" 200 5861 "-" "Mozilla/5.0 AppleWebKit/537.36 (KHTML, like Gecko; compatible; ClaudeBot/1.0; +claudebot@anthropic.com)"
74.7.227.29 - - [31/Mar/2026:05:39:07 +0700] "GET /wp-sitemap.xml?fileloc=//opt/cloudlinux/venv/lib/python3.11/site-packages/setuptools/__pycache__/version.cpython-311.pyc&path=//opt/cloudlinux/venv/lib/python3.11/site-packages/setuptools/__pycache__ HTTP/2" 200 2935 "https://lotushomemade.com/wp-sitemap.xml?path=//opt/cloudlinux/venv/lib/python3.11/site-packages/setuptools/__pycache__" "Mozilla/5.0 AppleWebKit/537.36 (KHTML, like Gecko; compatible; GPTBot/1.3; +https://openai.com/gptbot)"
57.141.16.53 - - [31/Mar/2026:05:39:07 +0700] "GET /news_sitemap.xml?fileloc=//usr/bin/scl&path=//usr/bin HTTP/2" 200 68257 "-" "meta-externalagent/1.1 (+https://developers.facebook.com/docs/sharing/webmasters/crawler)"
216.73.216.24 - - [31/Mar/2026:05:39:07 +0700] "GET /whatsapp:/send?fileloc=%2F%2Fproc%2Fself%2Froot%2Fvar%2Fsoftaculous%2Fomp%2Fphp81%2Fupgrade.php&path=%2F%2Fproc%2Fself%2Froot%2Fvar%2Fsoftaculous%2Fomp%2Fphp81 HTTP/2" 200 11865 "-" "Mozilla/5.0 AppleWebKit/537.36 (KHTML, like Gecko; compatible; ClaudeBot/1.0; +claudebot@anthropic.com)"
216.73.216.24 - - [31/Mar/2026:05:39:07 +0700] "GET /whatsapp:/send?path=%2Fhome%2Flotushomemade.com%2Fhttpdocs%2Fwp-content%2Fthemes%2Ftwentytwentyone%2Fassets%2Fsass%2F05-blocks%2Fcode HTTP/2" 200 2979 "-" "Mozilla/5.0 AppleWebKit/537.36 (KHTML, like Gecko; compatible; ClaudeBot/1.0; +claudebot@anthropic.com)"
216.73.216.24 - - [31/Mar/2026:05:39:07 +0700] "GET /whatsapp:/send?fileloc=%2F%2Fproc%2Fthread-self%2Froot%2Fvar%2Fsoftaculous%2Ftiki%2Fphp82%2Fclone.php&path=%2F%2Fproc%2Fthread-self%2Froot%2Fvar%2Fsoftaculous%2Ftiki%2Fphp82 HTTP/2" 200 8043 "-" "Mozilla/5.0 AppleWebKit/537.36 (KHTML, like Gecko; compatible; ClaudeBot/1.0; +claudebot@anthropic.com)"
216.73.216.24 - - [31/Mar/2026:05:39:07 +0700] "GET /whatsapp:/send?fileloc=%2F%2Fproc%2Fself%2Froot%2Fvar%2Fsoftaculous%2Fops%2Fphp71%2Fupgrade.php&path=%2F%2Fproc%2Fself%2Froot%2Fvar%2Fsoftaculous%2Fops%2Fphp71 HTTP/2" 200 11748 "-" "Mozilla/5.0 AppleWebKit/537.36 (KHTML, like Gecko; compatible; ClaudeBot/1.0; +claudebot@anthropic.com)"
216.73.216.24 - - [31/Mar/2026:05:39:07 +0700] "GET /whatsapp:/send?path=%2F%2Flib%2Fmodules%2F5.14.0-570.62.1.el9_6.x86_64%2Fkernel%2Fdrivers%2Fgpu HTTP/2" 200 2851 "-" "Mozilla/5.0 AppleWebKit/537.36 (KHTML, like Gecko; compatible; ClaudeBot/1.0; +claudebot@anthropic.com)"
74.7.227.10 - - [31/Mar/2026:05:39:07 +0700] "GET /?fileloc=//usr/bin/pod2usage&path=//usr/bin HTTP/2" 200 4346 "https://www.lotushomemade.com/?path=//usr/bin" "Mozilla/5.0 AppleWebKit/537.36 (KHTML, like Gecko; compatible; GPTBot/1.3; +https://openai.com/gptbot)"
216.73.216.24 - - [31/Mar/2026:05:39:07 +0700] "GET /wp-sitemap.xml?fileloc=%2F%2Fvar%2Fsoftaculous%2Fsofawiki%2Fedit.php&path=%2F%2Fvar%2Fsoftaculous%2Fsofawiki HTTP/2" 200 5362 "-" "Mozilla/5.0 AppleWebKit/537.36 (KHTML, like Gecko; compatible; ClaudeBot/1.0; +claudebot@anthropic.com)"
57.141.16.83 - - [31/Mar/2026:05:39:07 +0700] "GET /news_sitemap.xml?fileloc=//usr/bin/nl&path=//usr/bin HTTP/2" 200 175826 "-" "meta-externalagent/1.1 (+https://developers.facebook.com/docs/sharing/webmasters/crawler)"
216.73.216.24 - - [31/Mar/2026:05:39:07 +0700] "GET /whatsapp:/send?fileloc=%2F%2Fproc%2Fthread-self%2Froot%2Fvar%2Fsoftaculous%2Fxcloner%2Fphp82%2Fedit.php&path=%2F%2Fproc%2Fthread-self%2Froot%2Fvar%2Fsoftaculous%2Fxcloner%2Fphp82 HTTP/2" 200 5118 "-" "Mozilla/5.0 AppleWebKit/537.36 (KHTML, like Gecko; compatible; ClaudeBot/1.0; +claudebot@anthropic.com)"
74.7.227.29 - - [31/Mar/2026:05:39:07 +0700] "GET /wp-sitemap.xml?fileloc=//opt/cloudlinux/venv/lib/python3.11/site-packages/setuptools/__pycache__/_discovery.cpython-311.pyc&path=//opt/cloudlinux/venv/lib/python3.11/site-packages/setuptools/__pycache__ HTTP/2" 200 3597 "https://lotushomemade.com/wp-sitemap.xml?path=//opt/cloudlinux/venv/lib/python3.11/site-packages/setuptools/__pycache__" "Mozilla/5.0 AppleWebKit/537.36 (KHTML, like Gecko; compatible; GPTBot/1.3; +https://openai.com/gptbot)"
216.73.216.24 - - [31/Mar/2026:05:39:07 +0700] "GET /whatsapp:/send?fileloc=%2F%2Fproc%2Fself%2Froot%2Fusr%2Flib%2Fsystemd%2Fsystem%2Fldconfig.service&path=%2F%2Fproc%2Fself%2Froot%2Fusr%2Flib%2Fsystemd%2Fsystem HTTP/2" 200 2936 "-" "Mozilla/5.0 AppleWebKit/537.36 (KHTML, like Gecko; compatible; ClaudeBot/1.0; +claudebot@anthropic.com)"
216.73.216.24 - - [31/Mar/2026:05:39:07 +0700] "GET /product/seaweed-cuttle-fish-l?fileloc=%2F%2Fusr%2Flibexec%2Fgit-core%2Fgit-show-ref&path=%2F%2Fusr%2Flibexec%2Fgit-core HTTP/2" 200 1946936 "-" "Mozilla/5.0 AppleWebKit/537.36 (KHTML, like Gecko; compatible; ClaudeBot/1.0; +claudebot@anthropic.com)"
216.73.216.24 - - [31/Mar/2026:05:39:07 +0700] "GET /whatsapp:/send?path=%2F%2Fproc%2Fthread-self%2Froot%2Fvar%2Flib%2Fmysql%2Fdarululu_rdmnew HTTP/2" 200 2619 "-" "Mozilla/5.0 AppleWebKit/537.36 (KHTML, like Gecko; compatible; ClaudeBot/1.0; +claudebot@anthropic.com)"
57.141.16.28 - - [31/Mar/2026:05:39:07 +0700] "GET /news_sitemap.xml?fileloc=//usr/bin/autom4te&path=//usr/bin HTTP/2" 200 47818 "-" "meta-externalagent/1.1 (+https://developers.facebook.com/docs/sharing/webmasters/crawler)"
74.7.227.10 - - [31/Mar/2026:05:39:07 +0700] "GET /?fileloc=//usr/bin/ps2pdf13&path=//usr/bin HTTP/2" 200 2649 "https://www.lotushomemade.com/?path=//usr/bin" "Mozilla/5.0 AppleWebKit/537.36 (KHTML, like Gecko; compatible; GPTBot/1.3; +https://openai.com/gptbot)"
216.73.216.24 - - [31/Mar/2026:05:39:07 +0700] "GET /whatsapp:/send?path=%2F%2Fproc%2Fthread-self%2Froot%2Fvar%2Flib%2Fmysql%2Fzwnaunoh_wp268 HTTP/2" 200 2623 "-" "Mozilla/5.0 AppleWebKit/537.36 (KHTML, like Gecko; compatible; ClaudeBot/1.0; +claudebot@anthropic.com)"
216.73.216.24 - - [31/Mar/2026:05:39:08 +0700] "GET /whatsapp:/send?path=%2F%2Fproc%2Fthread-self%2Froot%2Fvar%2Flib%2Fmysql%2Fqxohlzqg_datakost HTTP/2" 200 2573 "-" "Mozilla/5.0 AppleWebKit/537.36 (KHTML, like Gecko; compatible; ClaudeBot/1.0; +claudebot@anthropic.com)"
74.7.227.29 - - [31/Mar/2026:05:39:08 +0700] "GET /wp-sitemap.xml?fileloc=//opt/cloudlinux/venv/lib/python3.11/site-packages/setuptools/__pycache__/archive_util.cpython-311.pyc&path=//opt/cloudlinux/venv/lib/python3.11/site-packages/setuptools/__pycache__ HTTP/2" 200 7537 "https://lotushomemade.com/wp-sitemap.xml?path=//opt/cloudlinux/venv/lib/python3.11/site-packages/setuptools/__pycache__" "Mozilla/5.0 AppleWebKit/537.36 (KHTML, like Gecko; compatible; GPTBot/1.3; +https://openai.com/gptbot)"
216.73.216.24 - - [31/Mar/2026:05:39:08 +0700] "GET /whatsapp:/send?fileloc=%2F%2Fproc%2Fthread-self%2Froot%2Fvar%2Fsoftaculous%2Fkimai%2Fphp82%2Fedit.php&path=%2F%2Fproc%2Fthread-self%2Froot%2Fvar%2Fsoftaculous%2Fkimai%2Fphp82 HTTP/2" 200 8220 "-" "Mozilla/5.0 AppleWebKit/537.36 (KHTML, like Gecko; compatible; ClaudeBot/1.0; +claudebot@anthropic.com)"
216.73.216.24 - - [31/Mar/2026:05:39:08 +0700] "GET /whatsapp:/send?fileloc=%2F%2Fproc%2Fthread-self%2Froot%2Fvar%2Fsoftaculous%2Fdolibarr%2Fphp56%2Fedit.php&path=%2F%2Fproc%2Fthread-self%2Froot%2Fvar%2Fsoftaculous%2Fdolibarr%2Fphp56 HTTP/2" 200 7968 "-" "Mozilla/5.0 AppleWebKit/537.36 (KHTML, like Gecko; compatible; ClaudeBot/1.0; +claudebot@anthropic.com)"
216.73.216.24 - - [31/Mar/2026:05:39:08 +0700] "GET /whatsapp:/send?path=%2F%2Fproc%2Fthread-self%2Froot%2Fvar%2Flib%2Fmysql%2Fvjhbkbnw_wp768 HTTP/2" 200 2625 "-" "Mozilla/5.0 AppleWebKit/537.36 (KHTML, like Gecko; compatible; ClaudeBot/1.0; +claudebot@anthropic.com)"
216.73.216.24 - - [31/Mar/2026:05:39:08 +0700] "GET /whatsapp:/send?fileloc=%2F%2Fproc%2Fthread-self%2Froot%2Fvar%2Fsoftaculous%2Fsoplanning%2Fphp81%2Fedit.php&path=%2F%2Fproc%2Fthread-self%2Froot%2Fvar%2Fsoftaculous%2Fsoplanning%2Fphp81 HTTP/2" 200 5796 "-" "Mozilla/5.0 AppleWebKit/537.36 (KHTML, like Gecko; compatible; ClaudeBot/1.0; +claudebot@anthropic.com)"
57.141.16.42 - - [31/Mar/2026:05:39:07 +0700] "GET /news_sitemap.xml?fileloc=//usr/bin/gpg&path=//usr/bin HTTP/2" 200 1779653 "-" "meta-externalagent/1.1 (+https://developers.facebook.com/docs/sharing/webmasters/crawler)"
216.73.216.24 - - [31/Mar/2026:05:39:08 +0700] "GET /whatsapp:/send?path=%2F%2Fproc%2Fself%2Froot%2Flib%2Fmodules%2F5.14.0-503.40.1.el9_5.x86_64%2Fkernel HTTP/2" 200 3174 "-" "Mozilla/5.0 AppleWebKit/537.36 (KHTML, like Gecko; compatible; ClaudeBot/1.0; +claudebot@anthropic.com)"
57.141.16.95 - - [31/Mar/2026:05:39:08 +0700] "GET /news_sitemap.xml?fileloc=//usr/bin/gpg-error&path=//usr/bin HTTP/2" 200 55988 "-" "meta-externalagent/1.1 (+https://developers.facebook.com/docs/sharing/webmasters/crawler)"
74.7.227.10 - - [31/Mar/2026:05:39:08 +0700] "GET /?fileloc=//usr/bin/ps2pdf14&path=//usr/bin HTTP/2" 200 2649 "https://www.lotushomemade.com/?path=//usr/bin" "Mozilla/5.0 AppleWebKit/537.36 (KHTML, like Gecko; compatible; GPTBot/1.3; +https://openai.com/gptbot)"
57.141.16.53 - - [31/Mar/2026:05:39:08 +0700] "GET /news_sitemap.xml?fileloc=//usr/bin/tput&path=//usr/bin HTTP/2" 200 47241 "-" "meta-externalagent/1.1 (+https://developers.facebook.com/docs/sharing/webmasters/crawler)"
216.73.216.24 - - [31/Mar/2026:05:39:08 +0700] "GET /whatsapp:/send?fileloc=%2F%2Fproc%2Fself%2Froot%2Fusr%2Flib%2Fsystemd%2Fsystem%2Ftuned.service&path=%2F%2Fproc%2Fself%2Froot%2Fusr%2Flib%2Fsystemd%2Fsystem HTTP/2" 200 2796 "-" "Mozilla/5.0 AppleWebKit/537.36 (KHTML, like Gecko; compatible; ClaudeBot/1.0; +claudebot@anthropic.com)"
216.73.216.24 - - [31/Mar/2026:05:39:08 +0700] "GET /whatsapp:/send?fileloc=%2F%2Fproc%2Fself%2Froot%2Fvar%2Fsoftaculous%2Fwp65%2Fphp71%2Fimport.php&path=%2F%2Fproc%2Fself%2Froot%2Fvar%2Fsoftaculous%2Fwp65%2Fphp71 HTTP/2" 200 8941 "-" "Mozilla/5.0 AppleWebKit/537.36 (KHTML, like Gecko; compatible; ClaudeBot/1.0; +claudebot@anthropic.com)"
57.141.16.78 - - [31/Mar/2026:05:39:08 +0700] "GET /news_sitemap.xml?fileloc=//usr/bin/wc&path=//usr/bin HTTP/2" 200 76109 "-" "meta-externalagent/1.1 (+https://developers.facebook.com/docs/sharing/webmasters/crawler)"
216.73.216.24 - - [31/Mar/2026:05:39:08 +0700] "GET /product/seaweed-cuttle-fish-l?path=%2F%2Fproc%2Fself%2Froot%2Fopt%2Falt%2Fphp83 HTTP/2" 200 2846 "-" "Mozilla/5.0 AppleWebKit/537.36 (KHTML, like Gecko; compatible; ClaudeBot/1.0; +claudebot@anthropic.com)"
74.7.227.29 - - [31/Mar/2026:05:39:08 +0700] "GET /wp-sitemap.xml?fileloc=//opt/cloudlinux/venv/lib/python3.11/site-packages/simplejson/tests/__pycache__/test_pass2.cpython-311.pyc&path=//opt/cloudlinux/venv/lib/python3.11/site-packages/simplejson/tests/__pycache__ HTTP/2" 200 3159 "https://lotushomemade.com/wp-sitemap.xml?path=//opt/cloudlinux/venv/lib/python3.11/site-packages/simplejson/tests/__pycache__" "Mozilla/5.0 AppleWebKit/537.36 (KHTML, like Gecko; compatible; GPTBot/1.3; +https://openai.com/gptbot)"
216.73.216.24 - - [31/Mar/2026:05:39:08 +0700] "GET /whatsapp:/send?fileloc=%2F%2Fproc%2Fthread-self%2Froot%2Fvar%2Fsoftaculous%2Fomeka%2Fphp82%2Fclone.php&path=%2F%2Fproc%2Fthread-self%2Froot%2Fvar%2Fsoftaculous%2Fomeka%2Fphp82 HTTP/2" 200 6652 "-" "Mozilla/5.0 AppleWebKit/537.36 (KHTML, like Gecko; compatible; ClaudeBot/1.0; +claudebot@anthropic.com)"
216.73.216.24 - - [31/Mar/2026:05:39:08 +0700] "GET /whatsapp:/send?path=%2F%2Fproc%2Fthread-self%2Froot%2Fvar%2Fsoftaculous%2Fcroogo%2Fimages HTTP/2" 200 2899 "-" "Mozilla/5.0 AppleWebKit/537.36 (KHTML, like Gecko; compatible; ClaudeBot/1.0; +claudebot@anthropic.com)"
74.7.227.10 - - [31/Mar/2026:05:39:09 +0700] "GET /?fileloc=//usr/lib/os-release&path=//usr/lib HTTP/2" 200 2780 "https://www.lotushomemade.com/?path=//usr/lib" "Mozilla/5.0 AppleWebKit/537.36 (KHTML, like Gecko; compatible; GPTBot/1.3; +https://openai.com/gptbot)"
216.73.216.24 - - [31/Mar/2026:05:39:09 +0700] "GET /whatsapp:/send?fileloc=%2F%2Fproc%2Fthread-self%2Froot%2Fvar%2Fsoftaculous%2Fmoodle44%2Fphp71%2Fclone.php&path=%2F%2Fproc%2Fthread-self%2Froot%2Fvar%2Fsoftaculous%2Fmoodle44%2Fphp71 HTTP/2" 200 7494 "-" "Mozilla/5.0 AppleWebKit/537.36 (KHTML, like Gecko; compatible; ClaudeBot/1.0; +claudebot@anthropic.com)"
216.73.216.24 - - [31/Mar/2026:05:39:09 +0700] "GET /whatsapp:/send?path=%2F%2Fproc%2Fthread-self%2Froot%2Fvar%2Flib%2Fmysql%2Fyrnyjvuh_wpga HTTP/2" 200 2613 "-" "Mozilla/5.0 AppleWebKit/537.36 (KHTML, like Gecko; compatible; ClaudeBot/1.0; +claudebot@anthropic.com)"
74.7.227.29 - - [31/Mar/2026:05:39:09 +0700] "GET /wp-sitemap.xml?fileloc=//opt/cloudlinux/venv/lib/python3.11/site-packages/setuptools/__pycache__/_normalization.cpython-311.pyc&path=//opt/cloudlinux/venv/lib/python3.11/site-packages/setuptools/__pycache__ HTTP/2" 200 6102 "https://lotushomemade.com/wp-sitemap.xml?path=//opt/cloudlinux/venv/lib/python3.11/site-packages/setuptools/__pycache__" "Mozilla/5.0 AppleWebKit/537.36 (KHTML, like Gecko; compatible; GPTBot/1.3; +https://openai.com/gptbot)"
216.73.216.24 - - [31/Mar/2026:05:39:09 +0700] "GET /whatsapp:/send?fileloc=%2F%2Fproc%2Fthread-self%2Froot%2Flib%2Ffirewalld%2Fservices%2Felasticsearch.xml&path=%2F%2Fproc%2Fthread-self%2Froot%2Flib%2Ffirewalld%2Fservices HTTP/2" 200 2754 "-" "Mozilla/5.0 AppleWebKit/537.36 (KHTML, like Gecko; compatible; ClaudeBot/1.0; +claudebot@anthropic.com)"
216.73.216.24 - - [31/Mar/2026:05:39:09 +0700] "GET /whatsapp:/send?path=%2F%2Fproc%2Fthread-self%2Froot%2Fvar%2Flib%2Fmysql%2Fnbkiohbi_activity HTTP/2" 200 2613 "-" "Mozilla/5.0 AppleWebKit/537.36 (KHTML, like Gecko; compatible; ClaudeBot/1.0; +claudebot@anthropic.com)"
216.73.216.24 - - [31/Mar/2026:05:39:09 +0700] "GET /whatsapp:/send?fileloc=%2F%2Fproc%2Fthread-self%2Froot%2Fvar%2Fsoftaculous%2Fmoodle41%2Fphp82%2Fclone.php&path=%2F%2Fproc%2Fthread-self%2Froot%2Fvar%2Fsoftaculous%2Fmoodle41%2Fphp82 HTTP/2" 200 6982 "-" "Mozilla/5.0 AppleWebKit/537.36 (KHTML, like Gecko; compatible; ClaudeBot/1.0; +claudebot@anthropic.com)"
216.73.216.24 - - [31/Mar/2026:05:39:09 +0700] "GET /whatsapp:/send?fileloc=%2F%2Fproc%2Fself%2Froot%2Fusr%2Flib64%2Fsecurity%2Fpam_chroot.so&path=%2F%2Fproc%2Fself%2Froot%2Fusr%2Flib64%2Fsecurity HTTP/2" 200 6213 "-" "Mozilla/5.0 AppleWebKit/537.36 (KHTML, like Gecko; compatible; ClaudeBot/1.0; +claudebot@anthropic.com)"
216.73.216.24 - - [31/Mar/2026:05:39:09 +0700] "GET /whatsapp:/send?path=%2F%2Fproc%2Fthread-self%2Froot%2Fvar%2Flib%2Fmysql%2Fqalpqkkc_MPKS HTTP/2" 200 2577 "-" "Mozilla/5.0 AppleWebKit/537.36 (KHTML, like Gecko; compatible; ClaudeBot/1.0; +claudebot@anthropic.com)"
74.7.227.10 - - [31/Mar/2026:05:39:09 +0700] "GET /?fileloc=//usr/bin/cyrusbdb2current&path=//usr/bin HTTP/2" 200 707246 "https://www.lotushomemade.com/?path=//usr/bin" "Mozilla/5.0 AppleWebKit/537.36 (KHTML, like Gecko; compatible; GPTBot/1.3; +https://openai.com/gptbot)"
216.73.216.24 - - [31/Mar/2026:05:39:09 +0700] "GET /whatsapp:/send?path=%2F%2Fproc%2Fthread-self%2Froot%2Fvar%2Flib%2Fmysql%2Fskcepqpu_aldfg HTTP/2" 200 2580 "-" "Mozilla/5.0 AppleWebKit/537.36 (KHTML, like Gecko; compatible; ClaudeBot/1.0; +claudebot@anthropic.com)"
74.7.227.29 - - [31/Mar/2026:05:39:09 +0700] "GET /wp-sitemap.xml?fileloc=//opt/cloudlinux/venv/lib/python3.11/site-packages/sqlalchemy/__pycache__/exc.cpython-311.pyc&path=//opt/cloudlinux/venv/lib/python3.11/site-packages/sqlalchemy/__pycache__ HTTP/2" 200 11934 "https://lotushomemade.com/wp-sitemap.xml?path=//opt/cloudlinux/venv/lib/python3.11/site-packages/sqlalchemy/__pycache__" "Mozilla/5.0 AppleWebKit/537.36 (KHTML, like Gecko; compatible; GPTBot/1.3; +https://openai.com/gptbot)"
216.73.216.24 - - [31/Mar/2026:05:39:09 +0700] "GET /whatsapp:/send?fileloc=%2F%2Fproc%2Fthread-self%2Froot%2Fvar%2Fsoftaculous%2Fnukeviet%2Fphp56%2Fedit.php&path=%2F%2Fproc%2Fthread-self%2Froot%2Fvar%2Fsoftaculous%2Fnukeviet%2Fphp56 HTTP/2" 200 6057 "-" "Mozilla/5.0 AppleWebKit/537.36 (KHTML, like Gecko; compatible; ClaudeBot/1.0; +claudebot@anthropic.com)"
216.73.216.24 - - [31/Mar/2026:05:39:09 +0700] "GET /wp-sitemap.xml?path=%2F%2Fvar%2Fsoftaculous%2Fclicshop%2Fphp82 HTTP/2" 200 2997 "-" "Mozilla/5.0 AppleWebKit/537.36 (KHTML, like Gecko; compatible; ClaudeBot/1.0; +claudebot@anthropic.com)"
216.73.216.24 - - [31/Mar/2026:05:39:09 +0700] "GET /whatsapp:/send?fileloc=%2F%2Fproc%2Fthread-self%2Froot%2Fvar%2Fsoftaculous%2Fmoodle45%2Fphp82%2Fclone.php&path=%2F%2Fproc%2Fthread-self%2Froot%2Fvar%2Fsoftaculous%2Fmoodle45%2Fphp82 HTTP/2" 200 6977 "-" "Mozilla/5.0 AppleWebKit/537.36 (KHTML, like Gecko; compatible; ClaudeBot/1.0; +claudebot@anthropic.com)"
216.73.216.24 - - [31/Mar/2026:05:39:10 +0700] "GET /whatsapp:/send?fileloc=%2F%2Fproc%2Fthread-self%2Froot%2Fusr%2Flib64%2Fxtables%2Flibxt_length.so&path=%2F%2Fproc%2Fthread-self%2Froot%2Fusr%2Flib64%2Fxtables HTTP/2" 200 5668 "-" "Mozilla/5.0 AppleWebKit/537.36 (KHTML, like Gecko; compatible; ClaudeBot/1.0; +claudebot@anthropic.com)"
216.73.216.24 - - [31/Mar/2026:05:39:10 +0700] "GET /whatsapp:/send?path=%2F%2Fproc%2Fthread-self%2Froot%2Fvar%2Flib%2Fmysql%2Fjxhhdmau_wp284 HTTP/2" 200 2624 "-" "Mozilla/5.0 AppleWebKit/537.36 (KHTML, like Gecko; compatible; ClaudeBot/1.0; +claudebot@anthropic.com)"
57.141.16.32 - - [31/Mar/2026:05:39:10 +0700] "GET /news_sitemap.xml?fileloc=//usr/bin/spell&path=//usr/bin HTTP/2" 200 12413 "-" "meta-externalagent/1.1 (+https://developers.facebook.com/docs/sharing/webmasters/crawler)"
74.7.227.29 - - [31/Mar/2026:05:39:10 +0700] "GET /wp-sitemap.xml?fileloc=//opt/cloudlinux/venv/lib/python3.11/site-packages/simplejson/tests/__pycache__/test_decode.cpython-311.pyc&path=//opt/cloudlinux/venv/lib/python3.11/site-packages/simplejson/tests/__pycache__ HTTP/2" 200 6648 "https://lotushomemade.com/wp-sitemap.xml?path=//opt/cloudlinux/venv/lib/python3.11/site-packages/simplejson/tests/__pycache__" "Mozilla/5.0 AppleWebKit/537.36 (KHTML, like Gecko; compatible; GPTBot/1.3; +https://openai.com/gptbot)"
216.73.216.24 - - [31/Mar/2026:05:39:10 +0700] "GET /whatsapp:/send?path=%2F%2Fproc%2Fthread-self%2Froot%2Fvar%2Flib%2Fmysql%2Fzdjenxjt_project HTTP/2" 200 2617 "-" "Mozilla/5.0 AppleWebKit/537.36 (KHTML, like Gecko; compatible; ClaudeBot/1.0; +claudebot@anthropic.com)"
216.73.216.24 - - [31/Mar/2026:05:39:10 +0700] "GET /whatsapp:/send?fileloc=%2F%2Fproc%2Fthread-self%2Froot%2Fusr%2Flib64%2Fnss%2Funsupported-tools%2Ffbectest&path=%2F%2Fproc%2Fthread-self%2Froot%2Fusr%2Flib64%2Fnss%2Funsupported-tools HTTP/2" 200 37128 "-" "Mozilla/5.0 AppleWebKit/537.36 (KHTML, like Gecko; compatible; ClaudeBot/1.0; +claudebot@anthropic.com)"
216.73.216.24 - - [31/Mar/2026:05:39:10 +0700] "GET /wp-sitemap.xml?path=%2F%2Fvar%2Fsoftaculous%2Fbaker%2Fimages HTTP/2" 200 2898 "-" "Mozilla/5.0 AppleWebKit/537.36 (KHTML, like Gecko; compatible; ClaudeBot/1.0; +claudebot@anthropic.com)"
57.141.16.90 - - [31/Mar/2026:05:39:10 +0700] "GET /news_sitemap.xml?fileloc=//usr/bin/pwdx&path=//usr/bin HTTP/2" 200 31256 "-" "meta-externalagent/1.1 (+https://developers.facebook.com/docs/sharing/webmasters/crawler)"
216.73.216.24 - - [31/Mar/2026:05:39:10 +0700] "GET /whatsapp:/send?path=%2F%2Fproc%2Fself%2Froot%2Fhome%2Flotushomemade.com%2Fnamecard.lotushomemade.com%2Fwp-includes%2Fblocks%2Fembed HTTP/2" 200 3314 "-" "Mozilla/5.0 AppleWebKit/537.36 (KHTML, like Gecko; compatible; ClaudeBot/1.0; +claudebot@anthropic.com)"
57.141.16.48 - - [31/Mar/2026:05:39:09 +0700] "GET /news_sitemap.xml?fileloc=//usr/bin/tar&path=//usr/bin HTTP/2" 200 859164 "-" "meta-externalagent/1.1 (+https://developers.facebook.com/docs/sharing/webmasters/crawler)"
216.73.216.24 - - [31/Mar/2026:05:39:10 +0700] "GET /whatsapp:/send?fileloc=%2F%2Fproc%2Fself%2Froot%2Fusr%2Flib64%2Fsecurity%2Fpam_keyinit.so&path=%2F%2Fproc%2Fself%2Froot%2Fusr%2Flib64%2Fsecurity HTTP/2" 200 7143 "-" "Mozilla/5.0 AppleWebKit/537.36 (KHTML, like Gecko; compatible; ClaudeBot/1.0; +claudebot@anthropic.com)"
216.73.216.24 - - [31/Mar/2026:05:39:10 +0700] "GET /sitemap.xml?path=%2F%2Fvar%2Fsoftaculous%2Fkohana%2Fphp53 HTTP/2" 200 2821 "-" "Mozilla/5.0 AppleWebKit/537.36 (KHTML, like Gecko; compatible; ClaudeBot/1.0; +claudebot@anthropic.com)"
74.7.227.29 - - [31/Mar/2026:05:39:10 +0700] "GET /wp-sitemap.xml?fileloc=//opt/cloudlinux/venv/lib/python3.11/site-packages/pyfakefs/__pycache__/fake_legacy_modules.cpython-311.pyc&path=//opt/cloudlinux/venv/lib/python3.11/site-packages/pyfakefs/__pycache__ HTTP/2" 200 4870 "https://lotushomemade.com/wp-sitemap.xml?path=//opt/cloudlinux/venv/lib/python3.11/site-packages/pyfakefs/__pycache__" "Mozilla/5.0 AppleWebKit/537.36 (KHTML, like Gecko; compatible; GPTBot/1.3; +https://openai.com/gptbot)"
216.73.216.24 - - [31/Mar/2026:05:39:10 +0700] "GET /whatsapp:/send?path=%2F%2Fproc%2Fthread-self%2Froot%2Fvar%2Flib%2Fmysql%2Fqweumumy_pba HTTP/2" 200 2617 "-" "Mozilla/5.0 AppleWebKit/537.36 (KHTML, like Gecko; compatible; ClaudeBot/1.0; +claudebot@anthropic.com)"
216.73.216.24 - - [31/Mar/2026:05:39:10 +0700] "GET /whatsapp:/send?path=%2F%2Fproc%2Fthread-self%2Froot%2Fvar%2Flib%2Fmysql%2Fzwnaunoh_wp393 HTTP/2" 200 2623 "-" "Mozilla/5.0 AppleWebKit/537.36 (KHTML, like Gecko; compatible; ClaudeBot/1.0; +claudebot@anthropic.com)"
216.73.216.24 - - [31/Mar/2026:05:39:10 +0700] "GET /whatsapp:/send?path=%2F%2Flib%2Fmodules%2F5.14.0-570.62.1.el9_6.x86_64%2Fkernel%2Fdrivers%2Finput%2Ftouchscreen HTTP/2" 200 3009 "-" "Mozilla/5.0 AppleWebKit/537.36 (KHTML, like Gecko; compatible; ClaudeBot/1.0; +claudebot@anthropic.com)"
57.141.16.86 - - [31/Mar/2026:05:39:10 +0700] "GET /news_sitemap.xml?fileloc=//usr/bin/install&path=//usr/bin HTTP/2" 200 255974 "-" "meta-externalagent/1.1 (+https://developers.facebook.com/docs/sharing/webmasters/crawler)"
216.73.216.24 - - [31/Mar/2026:05:39:11 +0700] "GET /whatsapp:/send?fileloc=%2F%2Fproc%2Fself%2Froot%2Fvar%2Fsoftaculous%2Fphpsch%2Fphp56%2Fclone.php&path=%2F%2Fproc%2Fself%2Froot%2Fvar%2Fsoftaculous%2Fphpsch%2Fphp56 HTTP/2" 200 5233 "-" "Mozilla/5.0 AppleWebKit/537.36 (KHTML, like Gecko; compatible; ClaudeBot/1.0; +claudebot@anthropic.com)"
74.7.227.10 - - [31/Mar/2026:05:39:11 +0700] "GET /?fileloc=//usr/bin/c++filt&path=//usr/bin HTTP/2" 200 2507 "https://www.lotushomemade.com/?path=//usr/bin" "Mozilla/5.0 AppleWebKit/537.36 (KHTML, like Gecko; compatible; GPTBot/1.3; +https://openai.com/gptbot)"
216.73.216.24 - - [31/Mar/2026:05:39:11 +0700] "GET /product/seaweed-cuttle-fish-l?path=%2F%2Fopt%2Falt%2Fsqlite%2Fusr%2Fshare HTTP/2" 200 2863 "-" "Mozilla/5.0 AppleWebKit/537.36 (KHTML, like Gecko; compatible; ClaudeBot/1.0; +claudebot@anthropic.com)"
74.7.227.29 - - [31/Mar/2026:05:39:11 +0700] "GET /wp-sitemap.xml?fileloc=//opt/cloudlinux/venv/lib/python3.11/site-packages/pyrsistent/__pycache__/_pmap.cpython-311.pyc&path=//opt/cloudlinux/venv/lib/python3.11/site-packages/pyrsistent/__pycache__ HTTP/2" 200 13581 "https://lotushomemade.com/wp-sitemap.xml?path=//opt/cloudlinux/venv/lib/python3.11/site-packages/pyrsistent/__pycache__" "Mozilla/5.0 AppleWebKit/537.36 (KHTML, like Gecko; compatible; GPTBot/1.3; +https://openai.com/gptbot)"
216.73.216.24 - - [31/Mar/2026:05:39:11 +0700] "GET /whatsapp:/send?fileloc=%2F%2Fproc%2Fthread-self%2Froot%2Fvar%2Fsoftaculous%2Ftcexam%2Fphp71%2Fedit.php&path=%2F%2Fproc%2Fthread-self%2Froot%2Fvar%2Fsoftaculous%2Ftcexam%2Fphp71 HTTP/2" 200 6870 "-" "Mozilla/5.0 AppleWebKit/537.36 (KHTML, like Gecko; compatible; ClaudeBot/1.0; +claudebot@anthropic.com)"
57.141.16.21 - - [31/Mar/2026:05:39:11 +0700] "GET /news_sitemap.xml?fileloc=//usr/bin/renice&path=//usr/bin HTTP/2" 200 31696 "-" "meta-externalagent/1.1 (+https://developers.facebook.com/docs/sharing/webmasters/crawler)"
