216.73.216.24 - - [31/Mar/2026:05:38:02 +0700] "GET /whatsapp:/send?fileloc=%2F%2Fproc%2Fself%2Froot%2Flib%2Ffirmware%2Fcirrus%2Fcs35l41-dsp1-spk-prot-103c8a2e-spkid1-r0.bin.xz&path=%2F%2Fproc%2Fself%2Froot%2Flib%2Ffirmware%2Fcirrus HTTP/2" 200 4616 "-" "Mozilla/5.0 AppleWebKit/537.36 (KHTML, like Gecko; compatible; ClaudeBot/1.0; +claudebot@anthropic.com)"
74.7.227.29 - - [31/Mar/2026:05:38:02 +0700] "GET /wp-sitemap.xml?fileloc=//opt/cloudlinux/venv/lib/python3.11/site-packages/snowballstemmer/__pycache__/french_stemmer.cpython-311.pyc&path=//opt/cloudlinux/venv/lib/python3.11/site-packages/snowballstemmer/__pycache__ HTTP/2" 200 12828 "https://lotushomemade.com/wp-sitemap.xml?path=//opt/cloudlinux/venv/lib/python3.11/site-packages/snowballstemmer/__pycache__" "Mozilla/5.0 AppleWebKit/537.36 (KHTML, like Gecko; compatible; GPTBot/1.3; +https://openai.com/gptbot)"
216.73.216.24 - - [31/Mar/2026:05:38:02 +0700] "GET /sitemap.xml?fileloc=%2F%2Fusr%2Fshare%2Flocale%2Fnb%2FLC_MESSAGES%2Fgettext-tools.mo&path=%2F%2Fusr%2Fshare%2Flocale%2Fnb%2FLC_MESSAGES HTTP/2" 200 9066 "-" "Mozilla/5.0 AppleWebKit/537.36 (KHTML, like Gecko; compatible; ClaudeBot/1.0; +claudebot@anthropic.com)"
216.73.216.24 - - [31/Mar/2026:05:38:02 +0700] "GET /whatsapp:/send?fileloc=%2F%2Fproc%2Fthread-self%2Fcwd%2Fwp-content%2Fuploads%2Frevslider%2Flight1-860x573.jpg&path=%2F%2Fproc%2Fthread-self%2Fcwd%2Fwp-content%2Fuploads%2Frevslider HTTP/2" 200 22793 "-" "Mozilla/5.0 AppleWebKit/537.36 (KHTML, like Gecko; compatible; ClaudeBot/1.0; +claudebot@anthropic.com)"
74.7.227.10 - - [31/Mar/2026:05:38:02 +0700] "GET /?fileloc=//usr/bin/zfgrep&path=//usr/bin HTTP/2" 200 2482 "https://www.lotushomemade.com/?path=//usr/bin" "Mozilla/5.0 AppleWebKit/537.36 (KHTML, like Gecko; compatible; GPTBot/1.3; +https://openai.com/gptbot)"
216.73.216.24 - - [31/Mar/2026:05:38:02 +0700] "GET /whatsapp:/bravo?fileloc=%2F%2Flib64%2Faspell-0.60%2Fmarkdown.amf&path=%2F%2Flib64%2Faspell-0.60 HTTP/2" 200 2646 "-" "Mozilla/5.0 AppleWebKit/537.36 (KHTML, like Gecko; compatible; ClaudeBot/1.0; +claudebot@anthropic.com)"
216.73.216.24 - - [31/Mar/2026:05:38:02 +0700] "GET /whatsapp:/send?fileloc=%2F%2Fusr%2Flib%2Ffirmware%2Fi915%2Ficl_guc_62.0.0.bin.xz&path=%2F%2Fusr%2Flib%2Ffirmware%2Fi915 HTTP/2" 200 101694 "-" "Mozilla/5.0 AppleWebKit/537.36 (KHTML, like Gecko; compatible; ClaudeBot/1.0; +claudebot@anthropic.com)"
216.73.216.24 - - [31/Mar/2026:05:38:02 +0700] "GET /product/original-egg-roll-gift-series?fileloc=%2F%2Fvar%2Fsoftaculous%2Fcarbon%2Fphp56%2Fedit.php&path=%2F%2Fvar%2Fsoftaculous%2Fcarbon%2Fphp56 HTTP/2" 200 5927 "-" "Mozilla/5.0 AppleWebKit/537.36 (KHTML, like Gecko; compatible; ClaudeBot/1.0; +claudebot@anthropic.com)"
216.73.216.24 - - [31/Mar/2026:05:38:03 +0700] "GET /sitemap.xml?fileloc=%2F%2Fproc%2Fself%2Froot%2Fetc%2Falternatives%2Fmkisofs-mkhybridman&path=%2F%2Fproc%2Fself%2Froot%2Fetc%2Falternatives HTTP/2" 200 28877 "-" "Mozilla/5.0 AppleWebKit/537.36 (KHTML, like Gecko; compatible; ClaudeBot/1.0; +claudebot@anthropic.com)"
216.73.216.24 - - [31/Mar/2026:05:38:03 +0700] "GET /whatsapp:/send?fileloc=%2F%2Fproc%2Fself%2Froot%2Flib%2F.build-id%2F40%2Ff0a2a2a6562e68e4329af1e1420bd3e20b7fdb&path=%2F%2Fproc%2Fself%2Froot%2Flib%2F.build-id%2F40 HTTP/2" 200 6158 "-" "Mozilla/5.0 AppleWebKit/537.36 (KHTML, like Gecko; compatible; ClaudeBot/1.0; +claudebot@anthropic.com)"
74.7.227.29 - - [31/Mar/2026:05:38:03 +0700] "GET /wp-sitemap.xml?fileloc=//opt/cloudlinux/venv/lib/python3.11/site-packages/snowballstemmer/__pycache__/basque_stemmer.cpython-311.pyc&path=//opt/cloudlinux/venv/lib/python3.11/site-packages/snowballstemmer/__pycache__ HTTP/2" 200 10595 "https://lotushomemade.com/wp-sitemap.xml?path=//opt/cloudlinux/venv/lib/python3.11/site-packages/snowballstemmer/__pycache__" "Mozilla/5.0 AppleWebKit/537.36 (KHTML, like Gecko; compatible; GPTBot/1.3; +https://openai.com/gptbot)"
57.141.16.34 - - [31/Mar/2026:05:38:03 +0700] "GET /news_sitemap.xml?fileloc=/home/lotushomemade.com/httpdocs/wp-includes/images/smilies/frownie.png&path=/home/lotushomemade.com/httpdocs/wp-includes/images/smilies HTTP/2" 200 14463 "-" "meta-externalagent/1.1 (+https://developers.facebook.com/docs/sharing/webmasters/crawler)"
216.73.216.24 - - [31/Mar/2026:05:38:03 +0700] "GET /whatsapp:/send?fileloc=%2F%2Fproc%2Fself%2Froot%2Fusr%2Flib%2Ffirmware%2Fcirrus%2Fcs35l56%2FCS35L56_Rev3.11.16.wmfw.xz&path=%2F%2Fproc%2Fself%2Froot%2Fusr%2Flib%2Ffirmware%2Fcirrus%2Fcs35l56 HTTP/2" 200 16632 "-" "Mozilla/5.0 AppleWebKit/537.36 (KHTML, like Gecko; compatible; ClaudeBot/1.0; +claudebot@anthropic.com)"
57.141.16.12 - - [31/Mar/2026:05:38:03 +0700] "GET /news_sitemap.xml?fileloc=/home/lotushomemade.com/httpdocs/wp-includes/images/smilies/icon_surprised.gif&path=/home/lotushomemade.com/httpdocs/wp-includes/images/smilies HTTP/2" 200 12982 "-" "meta-externalagent/1.1 (+https://developers.facebook.com/docs/sharing/webmasters/crawler)"
74.7.227.10 - - [31/Mar/2026:05:38:03 +0700] "GET /?fileloc=//usr/bin/whoami&path=//usr/bin HTTP/2" 200 12888 "https://www.lotushomemade.com/?path=//usr/bin" "Mozilla/5.0 AppleWebKit/537.36 (KHTML, like Gecko; compatible; GPTBot/1.3; +https://openai.com/gptbot)"
216.73.216.24 - - [31/Mar/2026:05:38:03 +0700] "GET /whatsapp:/send?fileloc=%2F%2Fproc%2Fself%2Froot%2Flib%2Ffirmware%2Fcirrus%2Fcs35l41-dsp1-spk-prot-10431ee2-l0.bin.xz&path=%2F%2Fproc%2Fself%2Froot%2Flib%2Ffirmware%2Fcirrus HTTP/2" 200 5111 "-" "Mozilla/5.0 AppleWebKit/537.36 (KHTML, like Gecko; compatible; ClaudeBot/1.0; +claudebot@anthropic.com)"
216.73.216.24 - - [31/Mar/2026:05:38:03 +0700] "GET /sitemap.xml?fileloc=%2F%2Fproc%2Fself%2Froot%2Flib%2F.build-id%2Fa7%2Ffbd3a71b5b18aeed5e7f242538ce5fecf54204&path=%2F%2Fproc%2Fself%2Froot%2Flib%2F.build-id%2Fa7 HTTP/2" 200 8727 "-" "Mozilla/5.0 AppleWebKit/537.36 (KHTML, like Gecko; compatible; ClaudeBot/1.0; +claudebot@anthropic.com)"
216.73.216.24 - - [31/Mar/2026:05:38:03 +0700] "GET /sitemap.xml?fileloc=%2F%2Fproc%2Fself%2Froot%2Flib%2Fudev%2Fhwdb.d%2F70-sound-card.hwdb&path=%2F%2Fproc%2Fself%2Froot%2Flib%2Fudev%2Fhwdb.d HTTP/2" 200 3107 "-" "Mozilla/5.0 AppleWebKit/537.36 (KHTML, like Gecko; compatible; ClaudeBot/1.0; +claudebot@anthropic.com)"
216.73.216.24 - - [31/Mar/2026:05:38:03 +0700] "GET /whatsapp:/b?fileloc=%2Fhome%2Flotushomemade.com%2Fnamecard.lotushomemade.com%2Fwp-admin%2Fmedia-upload.php&path=%2Fhome%2Flotushomemade.com%2Fnamecard.lotushomemade.com%2Fwp-admin HTTP/2" 200 3996 "-" "Mozilla/5.0 AppleWebKit/537.36 (KHTML, like Gecko; compatible; ClaudeBot/1.0; +claudebot@anthropic.com)"
74.7.227.29 - - [31/Mar/2026:05:38:03 +0700] "GET /wp-sitemap.xml?fileloc=//opt/cloudlinux/venv/lib/python3.11/site-packages/packaging/__pycache__/_manylinux.cpython-311.pyc&path=//opt/cloudlinux/venv/lib/python3.11/site-packages/packaging/__pycache__ HTTP/2" 200 7606 "https://lotushomemade.com/wp-sitemap.xml?path=//opt/cloudlinux/venv/lib/python3.11/site-packages/packaging/__pycache__" "Mozilla/5.0 AppleWebKit/537.36 (KHTML, like Gecko; compatible; GPTBot/1.3; +https://openai.com/gptbot)"
216.73.216.24 - - [31/Mar/2026:05:38:03 +0700] "GET /whatsapp:/send?fileloc=%2F%2Fproc%2Fself%2Froot%2Flib%2F.build-id%2F3e%2Fcb4c20472b89af7545edfc9d2603314fba74d8&path=%2F%2Fproc%2Fself%2Froot%2Flib%2F.build-id%2F3e HTTP/2" 200 17336 "-" "Mozilla/5.0 AppleWebKit/537.36 (KHTML, like Gecko; compatible; ClaudeBot/1.0; +claudebot@anthropic.com)"
74.7.227.10 - - [31/Mar/2026:05:38:03 +0700] "GET /?path=//var/lib/net-snmp/cert_indexes HTTP/2" 200 2586 "https://www.lotushomemade.com/?path=//var/lib/net-snmp" "Mozilla/5.0 AppleWebKit/537.36 (KHTML, like Gecko; compatible; GPTBot/1.3; +https://openai.com/gptbot)"
216.73.216.24 - - [31/Mar/2026:05:38:03 +0700] "GET /wp-sitemap.xml?fileloc=%2F%2Fusr%2Flib%2Ffirmware%2Fi915%2Frkl_dmc_ver2_03.bin.xz&path=%2F%2Fusr%2Flib%2Ffirmware%2Fi915 HTTP/2" 200 6618 "-" "Mozilla/5.0 AppleWebKit/537.36 (KHTML, like Gecko; compatible; ClaudeBot/1.0; +claudebot@anthropic.com)"
216.73.216.24 - - [31/Mar/2026:05:38:03 +0700] "GET /sitemap.xml?fileloc=%2F%2Fusr%2Fshare%2Fman%2Fit%2Fman8%2Fgrpck.8.gz&path=%2F%2Fusr%2Fshare%2Fman%2Fit%2Fman8 HTTP/2" 200 4483 "-" "Mozilla/5.0 AppleWebKit/537.36 (KHTML, like Gecko; compatible; ClaudeBot/1.0; +claudebot@anthropic.com)"
216.73.216.24 - - [31/Mar/2026:05:38:03 +0700] "GET /sitemap.xml?fileloc=%2F%2Fusr%2Fshare%2Fman%2Fman7%2FEVP_PKEY-ML-KEM.7ossl.gz&path=%2F%2Fusr%2Fshare%2Fman%2Fman7 HTTP/2" 200 8231 "-" "Mozilla/5.0 AppleWebKit/537.36 (KHTML, like Gecko; compatible; ClaudeBot/1.0; +claudebot@anthropic.com)"
216.73.216.24 - - [31/Mar/2026:05:38:04 +0700] "GET /sitemap.xml?fileloc=%2F%2Fproc%2Fself%2Froot%2Flib%2Flocale%2Fen_BW.utf8%2FLC_NUMERIC&path=%2F%2Fproc%2Fself%2Froot%2Flib%2Flocale%2Fen_BW.utf8 HTTP/2" 200 2609 "-" "Mozilla/5.0 AppleWebKit/537.36 (KHTML, like Gecko; compatible; ClaudeBot/1.0; +claudebot@anthropic.com)"
57.141.16.25 - - [31/Mar/2026:05:38:04 +0700] "GET /news_sitemap.xml?path=/home/lotushomemade.com/httpdocs/wp-includes/SimplePie/src/Parse HTTP/2" 200 14746 "-" "meta-externalagent/1.1 (+https://developers.facebook.com/docs/sharing/webmasters/crawler)"
216.73.216.24 - - [31/Mar/2026:05:38:04 +0700] "GET /whatsapp:/send?fileloc=%2F%2Fproc%2Fself%2Froot%2Fusr%2Flib%2Ffirmware%2Fcirrus%2Fcs35l56%2FCS35L56_Rev3.11.20.wmfw.xz&path=%2F%2Fproc%2Fself%2Froot%2Fusr%2Flib%2Ffirmware%2Fcirrus%2Fcs35l56 HTTP/2" 200 17070 "-" "Mozilla/5.0 AppleWebKit/537.36 (KHTML, like Gecko; compatible; ClaudeBot/1.0; +claudebot@anthropic.com)"
74.7.227.29 - - [31/Mar/2026:05:38:04 +0700] "GET /wp-sitemap.xml?fileloc=//opt/cloudlinux/venv/lib/python3.11/site-packages/snowballstemmer/__pycache__/hindi_stemmer.cpython-311.pyc&path=//opt/cloudlinux/venv/lib/python3.11/site-packages/snowballstemmer/__pycache__ HTTP/2" 200 5588 "https://lotushomemade.com/wp-sitemap.xml?path=//opt/cloudlinux/venv/lib/python3.11/site-packages/snowballstemmer/__pycache__" "Mozilla/5.0 AppleWebKit/537.36 (KHTML, like Gecko; compatible; GPTBot/1.3; +https://openai.com/gptbot)"
216.73.216.24 - - [31/Mar/2026:05:38:04 +0700] "GET /sitemap.xml?fileloc=%2F%2Fusr%2Fshare%2Flocale%2Fnb%2FLC_MESSAGES%2Fpsmisc.mo&path=%2F%2Fusr%2Fshare%2Flocale%2Fnb%2FLC_MESSAGES HTTP/2" 200 4546 "-" "Mozilla/5.0 AppleWebKit/537.36 (KHTML, like Gecko; compatible; ClaudeBot/1.0; +claudebot@anthropic.com)"
74.7.227.10 - - [31/Mar/2026:05:38:04 +0700] "GET /?fileloc=//usr/bin/pod2man&path=//usr/bin HTTP/2" 200 8670 "https://www.lotushomemade.com/?path=//usr/bin" "Mozilla/5.0 AppleWebKit/537.36 (KHTML, like Gecko; compatible; GPTBot/1.3; +https://openai.com/gptbot)"
57.141.16.15 - - [31/Mar/2026:05:38:04 +0700] "GET /news_sitemap.xml?fileloc=/home/lotushomemade.com/httpdocs/wp-includes/SimplePie/src/Cache.php&path=/home/lotushomemade.com/httpdocs/wp-includes/SimplePie/src HTTP/2" 200 16112 "-" "meta-externalagent/1.1 (+https://developers.facebook.com/docs/sharing/webmasters/crawler)"
57.141.16.65 - - [31/Mar/2026:05:38:04 +0700] "GET /news_sitemap.xml?fileloc=/home/lotushomemade.com/httpdocs/wp-includes/SimplePie/src/Restriction.php&path=/home/lotushomemade.com/httpdocs/wp-includes/SimplePie/src HTTP/2" 200 15141 "-" "meta-externalagent/1.1 (+https://developers.facebook.com/docs/sharing/webmasters/crawler)"
216.73.216.24 - - [31/Mar/2026:05:38:04 +0700] "GET /wp-sitemap.xml?fileloc=%2F%2Fusr%2Flib%2Ffirmware%2Fradeon%2Fhainan_me.bin.xz&path=%2F%2Fusr%2Flib%2Ffirmware%2Fradeon HTTP/2" 200 5896 "-" "Mozilla/5.0 AppleWebKit/537.36 (KHTML, like Gecko; compatible; ClaudeBot/1.0; +claudebot@anthropic.com)"
216.73.216.24 - - [31/Mar/2026:05:38:04 +0700] "GET /product/original-egg-roll-gift-series?fileloc=%2F%2Fvar%2Fsoftaculous%2Fkimai%2Fphp82%2Fedit.php&path=%2F%2Fvar%2Fsoftaculous%2Fkimai%2Fphp82 HTTP/2" 200 8176 "-" "Mozilla/5.0 AppleWebKit/537.36 (KHTML, like Gecko; compatible; ClaudeBot/1.0; +claudebot@anthropic.com)"
216.73.216.24 - - [31/Mar/2026:05:38:04 +0700] "GET /sitemap.xml?fileloc=%2F%2Fusr%2Fshare%2Fman%2Fman7%2Fossl-guide-introduction.7ossl.gz&path=%2F%2Fusr%2Fshare%2Fman%2Fman7 HTTP/2" 200 6198 "-" "Mozilla/5.0 AppleWebKit/537.36 (KHTML, like Gecko; compatible; ClaudeBot/1.0; +claudebot@anthropic.com)"
57.141.16.83 - - [31/Mar/2026:05:38:04 +0700] "GET /news_sitemap.xml?fileloc=/home/lotushomemade.com/httpdocs/wp-includes/SimplePie/src/Rating.php&path=/home/lotushomemade.com/httpdocs/wp-includes/SimplePie/src HTTP/2" 200 14518 "-" "meta-externalagent/1.1 (+https://developers.facebook.com/docs/sharing/webmasters/crawler)"
216.73.216.24 - - [31/Mar/2026:05:38:04 +0700] "GET /whatsapp:/send?fileloc=%2F%2Fproc%2Fself%2Froot%2Flib%2F.build-id%2F17%2F9fa0384dab77fe54e92b6ac37df2f80c0d0c0b&path=%2F%2Fproc%2Fself%2Froot%2Flib%2F.build-id%2F17 HTTP/2" 200 215051 "-" "Mozilla/5.0 AppleWebKit/537.36 (KHTML, like Gecko; compatible; ClaudeBot/1.0; +claudebot@anthropic.com)"
216.73.216.24 - - [31/Mar/2026:05:38:04 +0700] "GET /sitemap.xml?fileloc=%2F%2Fusr%2Fshare%2Fman%2Fman5%2Fpkcs11.conf.5.gz&path=%2F%2Fusr%2Fshare%2Fman%2Fman5 HTTP/2" 200 5480 "-" "Mozilla/5.0 AppleWebKit/537.36 (KHTML, like Gecko; compatible; ClaudeBot/1.0; +claudebot@anthropic.com)"
74.7.227.29 - - [31/Mar/2026:05:38:04 +0700] "GET /wp-sitemap.xml?fileloc=//opt/cloudlinux/venv/lib/python3.11/site-packages/snowballstemmer/__pycache__/danish_stemmer.cpython-311.pyc&path=//opt/cloudlinux/venv/lib/python3.11/site-packages/snowballstemmer/__pycache__ HTTP/2" 200 5991 "https://lotushomemade.com/wp-sitemap.xml?path=//opt/cloudlinux/venv/lib/python3.11/site-packages/snowballstemmer/__pycache__" "Mozilla/5.0 AppleWebKit/537.36 (KHTML, like Gecko; compatible; GPTBot/1.3; +https://openai.com/gptbot)"
216.73.216.24 - - [31/Mar/2026:05:38:04 +0700] "GET /sitemap.xml?fileloc=%2F%2Fproc%2Fself%2Froot%2Flib%2F.build-id%2Fd3%2F09e9dbcb6fad48f5e255dec19307c9842ea35d&path=%2F%2Fproc%2Fself%2Froot%2Flib%2F.build-id%2Fd3 HTTP/2" 200 8454 "-" "Mozilla/5.0 AppleWebKit/537.36 (KHTML, like Gecko; compatible; ClaudeBot/1.0; +claudebot@anthropic.com)"
74.7.227.10 - - [31/Mar/2026:05:38:04 +0700] "GET /?fileloc=//usr/bin/ps2pdfwr&path=//usr/bin HTTP/2" 200 3099 "https://www.lotushomemade.com/?path=//usr/bin" "Mozilla/5.0 AppleWebKit/537.36 (KHTML, like Gecko; compatible; GPTBot/1.3; +https://openai.com/gptbot)"
216.73.216.24 - - [31/Mar/2026:05:38:04 +0700] "GET /wp-sitemap.xml?fileloc=%2F%2Fusr%2Flib%2Ffirmware%2Fqca%2Fnvm_usb_00190200_0112.bin.xz&path=%2F%2Fusr%2Flib%2Ffirmware%2Fqca HTTP/2" 200 6355 "-" "Mozilla/5.0 AppleWebKit/537.36 (KHTML, like Gecko; compatible; ClaudeBot/1.0; +claudebot@anthropic.com)"
216.73.216.24 - - [31/Mar/2026:05:38:04 +0700] "GET /sitemap.xml?fileloc=%2F%2Fusr%2Flib%2Ffirmware%2Fmeson%2Fvdec%2Fg12a_vp9.bin.xz&path=%2F%2Fusr%2Flib%2Ffirmware%2Fmeson%2Fvdec HTTP/2" 200 6507 "-" "Mozilla/5.0 AppleWebKit/537.36 (KHTML, like Gecko; compatible; ClaudeBot/1.0; +claudebot@anthropic.com)"
216.73.216.24 - - [31/Mar/2026:05:38:05 +0700] "GET /sitemap.xml?fileloc=%2F%2Fhome%2Flotushomemade.com%2Fnamecard.lotushomemade.com%2Fwp-admin%2Fcss%2Fcolor-picker.css&path=%2F%2Fhome%2Flotushomemade.com%2Fnamecard.lotushomemade.com%2Fwp-admin%2Fcss HTTP/2" 200 3470 "-" "Mozilla/5.0 AppleWebKit/537.36 (KHTML, like Gecko; compatible; ClaudeBot/1.0; +claudebot@anthropic.com)"
216.73.216.24 - - [31/Mar/2026:05:38:05 +0700] "GET /sitemap.xml?fileloc=%2F%2Fproc%2Fthread-self%2Fcwd%2Fwp-admin%2Fimages%2Ficons32-vs.png&path=%2F%2Fproc%2Fthread-self%2Fcwd%2Fwp-admin%2Fimages HTTP/2" 200 9553 "-" "Mozilla/5.0 AppleWebKit/537.36 (KHTML, like Gecko; compatible; ClaudeBot/1.0; +claudebot@anthropic.com)"
74.7.227.29 - - [31/Mar/2026:05:38:05 +0700] "GET /wp-sitemap.xml?fileloc=//opt/cloudlinux/venv/lib/python3.11/site-packages/snowballstemmer/__pycache__/german_stemmer.cpython-311.pyc&path=//opt/cloudlinux/venv/lib/python3.11/site-packages/snowballstemmer/__pycache__ HTTP/2" 200 7725 "https://lotushomemade.com/wp-sitemap.xml?path=//opt/cloudlinux/venv/lib/python3.11/site-packages/snowballstemmer/__pycache__" "Mozilla/5.0 AppleWebKit/537.36 (KHTML, like Gecko; compatible; GPTBot/1.3; +https://openai.com/gptbot)"
216.73.216.24 - - [31/Mar/2026:05:38:05 +0700] "GET /whatsapp:/send?fileloc=%2F%2Fproc%2Fthread-self%2Froot%2Fvar%2Fsoftaculous%2Fconc56%2Fimages%2Fconc56.png&path=%2F%2Fproc%2Fthread-self%2Froot%2Fvar%2Fsoftaculous%2Fconc56%2Fimages HTTP/2" 200 10405 "-" "Mozilla/5.0 AppleWebKit/537.36 (KHTML, like Gecko; compatible; ClaudeBot/1.0; +claudebot@anthropic.com)"
57.141.16.11 - - [31/Mar/2026:05:38:05 +0700] "GET /news_sitemap.xml?fileloc=/home/lotushomemade.com/httpdocs/wp-includes/SimplePie/src/Misc.php&path=/home/lotushomemade.com/httpdocs/wp-includes/SimplePie/src HTTP/2" 200 100111 "-" "meta-externalagent/1.1 (+https://developers.facebook.com/docs/sharing/webmasters/crawler)"
74.7.227.10 - - [31/Mar/2026:05:38:05 +0700] "GET /?fileloc=//usr/bin/pod2text&path=//usr/bin HTTP/2" 200 7111 "https://www.lotushomemade.com/?path=//usr/bin" "Mozilla/5.0 AppleWebKit/537.36 (KHTML, like Gecko; compatible; GPTBot/1.3; +https://openai.com/gptbot)"
216.73.216.24 - - [31/Mar/2026:05:38:05 +0700] "GET /sitemap.xml?fileloc=%2F%2Fusr%2Fshare%2Fman%2Fman8%2Fpam_wheel.8.gz&path=%2F%2Fusr%2Fshare%2Fman%2Fman8 HTTP/2" 200 4182 "-" "Mozilla/5.0 AppleWebKit/537.36 (KHTML, like Gecko; compatible; ClaudeBot/1.0; +claudebot@anthropic.com)"
57.141.16.20 - - [31/Mar/2026:05:38:05 +0700] "GET /news_sitemap.xml?path=/home/lotushomemade.com/httpdocs/wp-includes/SimplePie/src/Content HTTP/2" 200 14598 "-" "meta-externalagent/1.1 (+https://developers.facebook.com/docs/sharing/webmasters/crawler)"
216.73.216.24 - - [31/Mar/2026:05:38:05 +0700] "GET /whatsapp:/send?fileloc=%2F%2Fproc%2Fself%2Froot%2Flib%2Ffirmware%2Fcirrus%2Fcs35l41-dsp1-spk-prot-103c8bde.wmfw.xz&path=%2F%2Fproc%2Fself%2Froot%2Flib%2Ffirmware%2Fcirrus HTTP/2" 200 18372 "-" "Mozilla/5.0 AppleWebKit/537.36 (KHTML, like Gecko; compatible; ClaudeBot/1.0; +claudebot@anthropic.com)"
216.73.216.24 - - [31/Mar/2026:05:38:05 +0700] "GET /sitemap.xml?fileloc=%2F%2Flib%2Ffirmware%2Fnvidia%2Fgp10b%2Fgr%2Fsw_ctx.bin.xz&path=%2F%2Flib%2Ffirmware%2Fnvidia%2Fgp10b%2Fgr HTTP/2" 200 3767 "-" "Mozilla/5.0 AppleWebKit/537.36 (KHTML, like Gecko; compatible; ClaudeBot/1.0; +claudebot@anthropic.com)"
216.73.216.24 - - [31/Mar/2026:05:38:05 +0700] "GET /whatsapp:/send?fileloc=%2F%2Fproc%2Fthread-self%2Froot%2Fvar%2Fsoftaculous%2Fmonstra%2Fimages%2Fmonstra.png&path=%2F%2Fproc%2Fthread-self%2Froot%2Fvar%2Fsoftaculous%2Fmonstra%2Fimages HTTP/2" 200 6088 "-" "Mozilla/5.0 AppleWebKit/537.36 (KHTML, like Gecko; compatible; ClaudeBot/1.0; +claudebot@anthropic.com)"
216.73.216.24 - - [31/Mar/2026:05:38:05 +0700] "GET /sitemap.xml?fileloc=%2F%2Fusr%2Flib%2Ffirmware%2Fi915%2Frkl_dmc_ver2_03.bin.xz&path=%2F%2Fusr%2Flib%2Ffirmware%2Fi915 HTTP/2" 200 6603 "-" "Mozilla/5.0 AppleWebKit/537.36 (KHTML, like Gecko; compatible; ClaudeBot/1.0; +claudebot@anthropic.com)"
74.7.227.29 - - [31/Mar/2026:05:38:05 +0700] "GET /wp-sitemap.xml?fileloc=//opt/cloudlinux/venv/lib/python3.11/site-packages/prospector/__pycache__/autodetect.cpython-311.pyc&path=//opt/cloudlinux/venv/lib/python3.11/site-packages/prospector/__pycache__ HTTP/2" 200 5209 "https://lotushomemade.com/wp-sitemap.xml?path=//opt/cloudlinux/venv/lib/python3.11/site-packages/prospector/__pycache__" "Mozilla/5.0 AppleWebKit/537.36 (KHTML, like Gecko; compatible; GPTBot/1.3; +https://openai.com/gptbot)"
216.73.216.24 - - [31/Mar/2026:05:38:05 +0700] "GET /whatsapp:/send?fileloc=%2F%2Flib%2Ffirmware%2Fsdca%2F1fa%2F1028%2Fe1a%2F4.bin.xz&path=%2F%2Flib%2Ffirmware%2Fsdca%2F1fa%2F1028%2Fe1a HTTP/2" 200 2640 "-" "Mozilla/5.0 AppleWebKit/537.36 (KHTML, like Gecko; compatible; ClaudeBot/1.0; +claudebot@anthropic.com)"
216.73.216.24 - - [31/Mar/2026:05:38:05 +0700] "GET /whatsapp:/send?fileloc=%2F%2Fproc%2Fself%2Froot%2Flib%2Ffirmware%2Fcirrus%2Fcs35l41-dsp1-spk-prot-103c8e37-spkid0.bin.xz&path=%2F%2Fproc%2Fself%2Froot%2Flib%2Ffirmware%2Fcirrus HTTP/2" 200 4949 "-" "Mozilla/5.0 AppleWebKit/537.36 (KHTML, like Gecko; compatible; ClaudeBot/1.0; +claudebot@anthropic.com)"
74.7.227.10 - - [31/Mar/2026:05:38:05 +0700] "GET /?fileloc=//usr/bin/gcc-nm&path=//usr/bin HTTP/2" 200 12123 "https://www.lotushomemade.com/?path=//usr/bin" "Mozilla/5.0 AppleWebKit/537.36 (KHTML, like Gecko; compatible; GPTBot/1.3; +https://openai.com/gptbot)"
216.73.216.24 - - [31/Mar/2026:05:38:05 +0700] "GET /whatsapp:/send?fileloc=%2F%2Fproc%2Fthread-self%2Fcwd%2Fwp-content%2Fthemes%2Fwoodmart%2Fwoocommerce%2Fglobal%2Fquantity-input.php&path=%2F%2Fproc%2Fthread-self%2Fcwd%2Fwp-content%2Fthemes%2Fwoodmart%2Fwoocommerce%2Fglobal HTTP/2" 200 3627 "-" "Mozilla/5.0 AppleWebKit/537.36 (KHTML, like Gecko; compatible; ClaudeBot/1.0; +claudebot@anthropic.com)"
216.73.216.24 - - [31/Mar/2026:05:38:06 +0700] "GET /whatsapp:/send?fileloc=%2F%2Fproc%2Fself%2Froot%2Flib%2F.build-id%2F03%2Fd22532561ce09229cdf5831afbcf2bdbfcdf37&path=%2F%2Fproc%2Fself%2Froot%2Flib%2F.build-id%2F03 HTTP/2" 200 12454 "-" "Mozilla/5.0 AppleWebKit/537.36 (KHTML, like Gecko; compatible; ClaudeBot/1.0; +claudebot@anthropic.com)"
216.73.216.24 - - [31/Mar/2026:05:38:06 +0700] "GET /sitemap.xml?fileloc=%2F%2Fusr%2Fshare%2Fman%2Fman7%2Fproperty.7ossl.gz&path=%2F%2Fusr%2Fshare%2Fman%2Fman7 HTTP/2" 200 6763 "-" "Mozilla/5.0 AppleWebKit/537.36 (KHTML, like Gecko; compatible; ClaudeBot/1.0; +claudebot@anthropic.com)"
216.73.216.24 - - [31/Mar/2026:05:38:06 +0700] "GET /whatsapp:/send?fileloc=%2F%2Fusr%2Fshare%2Fzoneinfo%2Fright%2FAfrica%2FJuba&path=%2F%2Fusr%2Fshare%2Fzoneinfo%2Fright%2FAfrica HTTP/2" 200 3224 "-" "Mozilla/5.0 AppleWebKit/537.36 (KHTML, like Gecko; compatible; ClaudeBot/1.0; +claudebot@anthropic.com)"
74.7.227.29 - - [31/Mar/2026:05:38:06 +0700] "GET /wp-sitemap.xml?fileloc=//opt/cloudlinux/venv/lib/python3.11/site-packages/snowballstemmer/__pycache__/among.cpython-311.pyc&path=//opt/cloudlinux/venv/lib/python3.11/site-packages/snowballstemmer/__pycache__ HTTP/2" 200 3121 "https://lotushomemade.com/wp-sitemap.xml?path=//opt/cloudlinux/venv/lib/python3.11/site-packages/snowballstemmer/__pycache__" "Mozilla/5.0 AppleWebKit/537.36 (KHTML, like Gecko; compatible; GPTBot/1.3; +https://openai.com/gptbot)"
216.73.216.24 - - [31/Mar/2026:05:38:06 +0700] "GET /sitemap.xml?fileloc=%2F%2Fproc%2Fself%2Froot%2Flib%2Ffirmware%2Fiwlwifi-9260-th-b0-jf-b0-34.ucode.xz&path=%2F%2Fproc%2Fself%2Froot%2Flib%2Ffirmware HTTP/2" 200 369193 "-" "Mozilla/5.0 AppleWebKit/537.36 (KHTML, like Gecko; compatible; ClaudeBot/1.0; +claudebot@anthropic.com)"
57.141.16.66 - - [31/Mar/2026:05:38:06 +0700] "GET /news_sitemap.xml?fileloc=/home/lotushomemade.com/httpdocs/wp-includes/SimplePie/src/Caption.php&path=/home/lotushomemade.com/httpdocs/wp-includes/SimplePie/src HTTP/2" 200 15885 "-" "meta-externalagent/1.1 (+https://developers.facebook.com/docs/sharing/webmasters/crawler)"
216.73.216.24 - - [31/Mar/2026:05:38:06 +0700] "GET /sitemap.xml?fileloc=%2F%2Fusr%2Fshare%2Fman%2Fman8%2Ftc-gact.8.gz&path=%2F%2Fusr%2Fshare%2Fman%2Fman8 HTTP/2" 200 3462 "-" "Mozilla/5.0 AppleWebKit/537.36 (KHTML, like Gecko; compatible; ClaudeBot/1.0; +claudebot@anthropic.com)"
74.7.227.10 - - [31/Mar/2026:05:38:06 +0700] "GET /?fileloc=//usr/bin/tclsh8.6&path=//usr/bin HTTP/2" 200 5679 "https://www.lotushomemade.com/?path=//usr/bin" "Mozilla/5.0 AppleWebKit/537.36 (KHTML, like Gecko; compatible; GPTBot/1.3; +https://openai.com/gptbot)"
216.73.216.24 - - [31/Mar/2026:05:38:06 +0700] "GET /sitemap.xml?fileloc=%2F%2Fvar%2Fsoftaculous%2Fluxcal%2Fedit.xml&path=%2F%2Fvar%2Fsoftaculous%2Fluxcal HTTP/2" 200 2720 "-" "Mozilla/5.0 AppleWebKit/537.36 (KHTML, like Gecko; compatible; ClaudeBot/1.0; +claudebot@anthropic.com)"
57.141.16.42 - - [31/Mar/2026:05:38:06 +0700] "GET /news_sitemap.xml?fileloc=/home/lotushomemade.com/httpdocs/wp-includes/SimplePie/src/SimplePie.php&path=/home/lotushomemade.com/httpdocs/wp-includes/SimplePie/src HTTP/2" 200 153050 "-" "meta-externalagent/1.1 (+https://developers.facebook.com/docs/sharing/webmasters/crawler)"
57.141.16.80 - - [31/Mar/2026:05:38:06 +0700] "GET /news_sitemap.xml?fileloc=/home/lotushomemade.com/httpdocs/wp-includes/SimplePie/src/Category.php&path=/home/lotushomemade.com/httpdocs/wp-includes/SimplePie/src HTTP/2" 200 15218 "-" "meta-externalagent/1.1 (+https://developers.facebook.com/docs/sharing/webmasters/crawler)"
216.73.216.24 - - [31/Mar/2026:05:38:06 +0700] "GET /whatsapp:/send?fileloc=%2F%2Fproc%2Fself%2Froot%2Flib%2Ffirmware%2Fcirrus%2Fcs35l41-dsp1-spk-prot-103c8d9b.wmfw.xz&path=%2F%2Fproc%2Fself%2Froot%2Flib%2Ffirmware%2Fcirrus HTTP/2" 200 18349 "-" "Mozilla/5.0 AppleWebKit/537.36 (KHTML, like Gecko; compatible; ClaudeBot/1.0; +claudebot@anthropic.com)"
216.73.216.24 - - [31/Mar/2026:05:38:06 +0700] "GET /whatsapp:/send?fileloc=%2F%2Fproc%2Fself%2Froot%2Flib%2Ffirmware%2Fcirrus%2Fcs35l41-dsp1-spk-prot-103c8a2b-spkid1-l0.bin.xz&path=%2F%2Fproc%2Fself%2Froot%2Flib%2Ffirmware%2Fcirrus HTTP/2" 200 4589 "-" "Mozilla/5.0 AppleWebKit/537.36 (KHTML, like Gecko; compatible; ClaudeBot/1.0; +claudebot@anthropic.com)"
57.141.16.31 - - [31/Mar/2026:05:38:06 +0700] "GET /news_sitemap.xml?fileloc=/home/lotushomemade.com/httpdocs/wp-includes/SimplePie/src/RegistryAware.php&path=/home/lotushomemade.com/httpdocs/wp-includes/SimplePie/src HTTP/2" 200 13125 "-" "meta-externalagent/1.1 (+https://developers.facebook.com/docs/sharing/webmasters/crawler)"
216.73.216.24 - - [31/Mar/2026:05:38:06 +0700] "GET /whatsapp:/send?fileloc=%2F%2Flib%2Ffirmware%2Fsdca%2F1fa%2F1028%2Fe22%2F3.bin.xz&path=%2F%2Flib%2Ffirmware%2Fsdca%2F1fa%2F1028%2Fe22 HTTP/2" 200 2640 "-" "Mozilla/5.0 AppleWebKit/537.36 (KHTML, like Gecko; compatible; ClaudeBot/1.0; +claudebot@anthropic.com)"
74.7.227.29 - - [31/Mar/2026:05:38:06 +0700] "GET /wp-sitemap.xml?fileloc=//opt/cloudlinux/venv/lib/python3.11/site-packages/future/types/__pycache__/newint.cpython-311.pyc&path=//opt/cloudlinux/venv/lib/python3.11/site-packages/future/types/__pycache__ HTTP/2" 200 9180 "https://lotushomemade.com/wp-sitemap.xml?path=//opt/cloudlinux/venv/lib/python3.11/site-packages/future/types/__pycache__" "Mozilla/5.0 AppleWebKit/537.36 (KHTML, like Gecko; compatible; GPTBot/1.3; +https://openai.com/gptbot)"
216.73.216.24 - - [31/Mar/2026:05:38:06 +0700] "GET /sitemap.xml?fileloc=%2Fhome%2Flotushomemade.com%2Fnamecard.lotushomemade.com%2Fwp-includes%2Fblocks%2Fcomments%2Fstyle.min.css&path=%2Fhome%2Flotushomemade.com%2Fnamecard.lotushomemade.com%2Fwp-includes%2Fblocks%2Fcomments HTTP/2" 200 3105 "-" "Mozilla/5.0 AppleWebKit/537.36 (KHTML, like Gecko; compatible; ClaudeBot/1.0; +claudebot@anthropic.com)"
216.73.216.24 - - [31/Mar/2026:05:38:06 +0700] "GET /sitemap.xml?fileloc=%2F%2Fproc%2Fself%2Froot%2Flib%2Flocale%2Fen_IN%2FLC_NAME&path=%2F%2Fproc%2Fself%2Froot%2Flib%2Flocale%2Fen_IN HTTP/2" 200 2621 "-" "Mozilla/5.0 AppleWebKit/537.36 (KHTML, like Gecko; compatible; ClaudeBot/1.0; +claudebot@anthropic.com)"
74.7.227.10 - - [31/Mar/2026:05:38:06 +0700] "GET /?fileloc=//usr/bin/sha224sum&path=//usr/bin HTTP/2" 200 17327 "https://www.lotushomemade.com/?path=//usr/bin" "Mozilla/5.0 AppleWebKit/537.36 (KHTML, like Gecko; compatible; GPTBot/1.3; +https://openai.com/gptbot)"
216.73.216.24 - - [31/Mar/2026:05:38:07 +0700] "GET /sitemap.xml?fileloc=%2F%2Flib%2Ffirmware%2Fnvidia%2Fgp104%2Fgr%2Ffecs_inst.bin.xz&path=%2F%2Flib%2Ffirmware%2Fnvidia%2Fgp104%2Fgr HTTP/2" 200 12901 "-" "Mozilla/5.0 AppleWebKit/537.36 (KHTML, like Gecko; compatible; ClaudeBot/1.0; +claudebot@anthropic.com)"
57.141.16.8 - - [31/Mar/2026:05:38:07 +0700] "GET /news_sitemap.xml?fileloc=/home/lotushomemade.com/httpdocs/wp-includes/SimplePie/src/Copyright.php&path=/home/lotushomemade.com/httpdocs/wp-includes/SimplePie/src HTTP/2" 200 14435 "-" "meta-externalagent/1.1 (+https://developers.facebook.com/docs/sharing/webmasters/crawler)"
216.73.216.24 - - [31/Mar/2026:05:38:07 +0700] "GET /whatsapp:/send?fileloc=%2F%2Fproc%2Fself%2Froot%2Flib%2Ffirmware%2Fcirrus%2Fcs35l41-dsp1-spk-prot-103c8e60-spkid1.bin.xz&path=%2F%2Fproc%2Fself%2Froot%2Flib%2Ffirmware%2Fcirrus HTTP/2" 200 5091 "-" "Mozilla/5.0 AppleWebKit/537.36 (KHTML, like Gecko; compatible; ClaudeBot/1.0; +claudebot@anthropic.com)"
216.73.216.24 - - [31/Mar/2026:05:38:07 +0700] "GET /whatsapp:/send?fileloc=%2F%2Fproc%2Fself%2Froot%2Flib%2Ffirmware%2Fcirrus%2Fcs35l41-dsp1-spk-prot-103c8981-l1.bin.xz&path=%2F%2Fproc%2Fself%2Froot%2Flib%2Ffirmware%2Fcirrus HTTP/2" 200 5308 "-" "Mozilla/5.0 AppleWebKit/537.36 (KHTML, like Gecko; compatible; ClaudeBot/1.0; +claudebot@anthropic.com)"
216.73.216.24 - - [31/Mar/2026:05:38:07 +0700] "GET /sitemap.xml?fileloc=%2F%2Fusr%2Flib%2Ffirmware%2Fintel%2Fibt-hw-37.7.10-fw-1.80.1.2d.d.bseq.xz&path=%2F%2Fusr%2Flib%2Ffirmware%2Fintel HTTP/2" 200 15467 "-" "Mozilla/5.0 AppleWebKit/537.36 (KHTML, like Gecko; compatible; ClaudeBot/1.0; +claudebot@anthropic.com)"
74.7.227.29 - - [31/Mar/2026:05:38:07 +0700] "GET /wp-sitemap.xml?fileloc=//opt/cloudlinux/venv/lib/python3.11/site-packages/prospector/__pycache__/__init__.cpython-311.pyc&path=//opt/cloudlinux/venv/lib/python3.11/site-packages/prospector/__pycache__ HTTP/2" 200 2735 "https://lotushomemade.com/wp-sitemap.xml?path=//opt/cloudlinux/venv/lib/python3.11/site-packages/prospector/__pycache__" "Mozilla/5.0 AppleWebKit/537.36 (KHTML, like Gecko; compatible; GPTBot/1.3; +https://openai.com/gptbot)"
57.141.16.24 - - [31/Mar/2026:05:38:07 +0700] "GET /news_sitemap.xml?path=//run/systemd/journal HTTP/2" 200 14122 "-" "meta-externalagent/1.1 (+https://developers.facebook.com/docs/sharing/webmasters/crawler)"
216.73.216.24 - - [31/Mar/2026:05:38:07 +0700] "GET /product/seaweed-cuttle-fish-l?fileloc=%2F%2Fvar%2Fsoftaculous%2Fchevereto%2Fphp71%2Finstall.php&path=%2F%2Fvar%2Fsoftaculous%2Fchevereto%2Fphp71 HTTP/2" 200 10712 "-" "Mozilla/5.0 AppleWebKit/537.36 (KHTML, like Gecko; compatible; ClaudeBot/1.0; +claudebot@anthropic.com)"
74.7.227.10 - - [31/Mar/2026:05:38:07 +0700] "GET /?fileloc=//usr/bin/ps2ascii&path=//usr/bin HTTP/2" 200 2860 "https://www.lotushomemade.com/?path=//usr/bin" "Mozilla/5.0 AppleWebKit/537.36 (KHTML, like Gecko; compatible; GPTBot/1.3; +https://openai.com/gptbot)"
216.73.216.24 - - [31/Mar/2026:05:38:07 +0700] "GET /sitemap.xml?fileloc=%2F%2Fusr%2Fshare%2Fman%2Fman8%2Ftc-skbmod.8.gz&path=%2F%2Fusr%2Fshare%2Fman%2Fman8 HTTP/2" 200 4036 "-" "Mozilla/5.0 AppleWebKit/537.36 (KHTML, like Gecko; compatible; ClaudeBot/1.0; +claudebot@anthropic.com)"
216.73.216.24 - - [31/Mar/2026:05:38:07 +0700] "GET /wp-sitemap.xml?fileloc=%2F%2Fusr%2Flib%2Ffirmware%2Fqca%2Fcmbtfw12.tlv.xz&path=%2F%2Fusr%2Flib%2Ffirmware%2Fqca HTTP/2" 200 30216 "-" "Mozilla/5.0 AppleWebKit/537.36 (KHTML, like Gecko; compatible; ClaudeBot/1.0; +claudebot@anthropic.com)"
216.73.216.24 - - [31/Mar/2026:05:38:07 +0700] "GET /sitemap.xml?fileloc=%2F%2Fproc%2Fself%2Froot%2Flib%2F.build-id%2Fee%2F16e34d67e9bb65fcd14978b875b13397a7f0ea&path=%2F%2Fproc%2Fself%2Froot%2Flib%2F.build-id%2Fee HTTP/2" 200 9111 "-" "Mozilla/5.0 AppleWebKit/537.36 (KHTML, like Gecko; compatible; ClaudeBot/1.0; +claudebot@anthropic.com)"
216.73.216.24 - - [31/Mar/2026:05:38:07 +0700] "GET /whatsapp:/b?fileloc=%2Fhome%2Flotushomemade.com%2Fnamecard.lotushomemade.com%2Fwp-includes%2Fjs%2Fjson2.js&path=%2Fhome%2Flotushomemade.com%2Fnamecard.lotushomemade.com%2Fwp-includes%2Fjs HTTP/2" 200 2567 "-" "Mozilla/5.0 AppleWebKit/537.36 (KHTML, like Gecko; compatible; ClaudeBot/1.0; +claudebot@anthropic.com)"
216.73.216.24 - - [31/Mar/2026:05:38:07 +0700] "GET /wp-sitemap.xml?fileloc=%2F%2Fvar%2Fsoftaculous%2Fmoodle39%2Fimport.php&path=%2F%2Fvar%2Fsoftaculous%2Fmoodle39 HTTP/2" 200 8314 "-" "Mozilla/5.0 AppleWebKit/537.36 (KHTML, like Gecko; compatible; ClaudeBot/1.0; +claudebot@anthropic.com)"
74.7.227.29 - - [31/Mar/2026:05:38:07 +0700] "GET /wp-sitemap.xml?fileloc=//opt/cloudlinux/venv/lib/python3.11/site-packages/clveconfig/__pycache__/ve_config_reader.cpython-311.opt-1.pyc&path=//opt/cloudlinux/venv/lib/python3.11/site-packages/clveconfig/__pycache__ HTTP/2" 200 6071 "https://lotushomemade.com/wp-sitemap.xml?path=//opt/cloudlinux/venv/lib/python3.11/site-packages/clveconfig/__pycache__" "Mozilla/5.0 AppleWebKit/537.36 (KHTML, like Gecko; compatible; GPTBot/1.3; +https://openai.com/gptbot)"
216.73.216.24 - - [31/Mar/2026:05:38:07 +0700] "GET /sitemap.xml?fileloc=%2F%2Fvar%2Fsoftaculous%2Fjoomla30%2Frestore.php&path=%2F%2Fvar%2Fsoftaculous%2Fjoomla30 HTTP/2" 200 4136 "-" "Mozilla/5.0 AppleWebKit/537.36 (KHTML, like Gecko; compatible; ClaudeBot/1.0; +claudebot@anthropic.com)"
57.141.16.47 - - [31/Mar/2026:05:38:08 +0700] "GET /news_sitemap.xml?fileloc=/home/lotushomemade.com/httpdocs/wp-includes/SimplePie/src/File.php&path=/home/lotushomemade.com/httpdocs/wp-includes/SimplePie/src HTTP/2" 200 33514 "-" "meta-externalagent/1.1 (+https://developers.facebook.com/docs/sharing/webmasters/crawler)"
216.73.216.24 - - [31/Mar/2026:05:38:08 +0700] "GET /wp-sitemap.xml?fileloc=%2F%2Fvar%2Fsoftaculous%2Ftiki%2Fimport.php&path=%2F%2Fvar%2Fsoftaculous%2Ftiki HTTP/2" 200 5717 "-" "Mozilla/5.0 AppleWebKit/537.36 (KHTML, like Gecko; compatible; ClaudeBot/1.0; +claudebot@anthropic.com)"
57.141.16.72 - - [31/Mar/2026:05:38:08 +0700] "GET /news_sitemap.xml?fileloc=/home/lotushomemade.com/httpdocs/wp-includes/SimplePie/src/Credit.php&path=/home/lotushomemade.com/httpdocs/wp-includes/SimplePie/src HTTP/2" 200 14876 "-" "meta-externalagent/1.1 (+https://developers.facebook.com/docs/sharing/webmasters/crawler)"
74.7.227.10 - - [31/Mar/2026:05:38:08 +0700] "GET /?fileloc=//usr/bin/eps2eps&path=//usr/bin HTTP/2" 200 2923 "https://www.lotushomemade.com/?path=//usr/bin" "Mozilla/5.0 AppleWebKit/537.36 (KHTML, like Gecko; compatible; GPTBot/1.3; +https://openai.com/gptbot)"
57.141.16.9 - - [31/Mar/2026:05:38:08 +0700] "GET /news_sitemap.xml?fileloc=/home/lotushomemade.com/httpdocs/wp-includes/SimplePie/src/Exception.php&path=/home/lotushomemade.com/httpdocs/wp-includes/SimplePie/src HTTP/2" 200 13049 "-" "meta-externalagent/1.1 (+https://developers.facebook.com/docs/sharing/webmasters/crawler)"
216.73.216.24 - - [31/Mar/2026:05:38:08 +0700] "GET /whatsapp:/send?fileloc=%2F%2Fusr%2Flib%2Ffirmware%2Frtlwifi%2Frtl8812aefw.bin.xz&path=%2F%2Fusr%2Flib%2Ffirmware%2Frtlwifi HTTP/2" 200 14921 "-" "Mozilla/5.0 AppleWebKit/537.36 (KHTML, like Gecko; compatible; ClaudeBot/1.0; +claudebot@anthropic.com)"
216.73.216.24 - - [31/Mar/2026:05:38:08 +0700] "GET /sitemap.xml?fileloc=%2F%2Fproc%2Fself%2Froot%2Flib%2Flocale%2Fen_NZ.utf8%2FLC_TELEPHONE&path=%2F%2Fproc%2Fself%2Froot%2Flib%2Flocale%2Fen_NZ.utf8 HTTP/2" 200 2618 "-" "Mozilla/5.0 AppleWebKit/537.36 (KHTML, like Gecko; compatible; ClaudeBot/1.0; +claudebot@anthropic.com)"
216.73.216.24 - - [31/Mar/2026:05:38:08 +0700] "GET /sitemap.xml?fileloc=%2F%2Fvar%2Fsoftaculous%2Fowa%2Finstall.php&path=%2F%2Fvar%2Fsoftaculous%2Fowa HTTP/2" 200 6723 "-" "Mozilla/5.0 AppleWebKit/537.36 (KHTML, like Gecko; compatible; ClaudeBot/1.0; +claudebot@anthropic.com)"
57.141.16.95 - - [31/Mar/2026:05:38:08 +0700] "GET /news_sitemap.xml?path=/home/lotushomemade.com/httpdocs/wp-includes/SimplePie/src/XML HTTP/2" 200 14606 "-" "meta-externalagent/1.1 (+https://developers.facebook.com/docs/sharing/webmasters/crawler)"
74.7.227.29 - - [31/Mar/2026:05:38:08 +0700] "GET /wp-sitemap.xml?fileloc=//opt/cloudlinux/venv/lib/python3.11/site-packages/setuptools/__pycache__/modified.cpython-311.pyc&path=//opt/cloudlinux/venv/lib/python3.11/site-packages/setuptools/__pycache__ HTTP/2" 200 2969 "https://lotushomemade.com/wp-sitemap.xml?path=//opt/cloudlinux/venv/lib/python3.11/site-packages/setuptools/__pycache__" "Mozilla/5.0 AppleWebKit/537.36 (KHTML, like Gecko; compatible; GPTBot/1.3; +https://openai.com/gptbot)"
216.73.216.24 - - [31/Mar/2026:05:38:08 +0700] "GET /product/seaweed-cuttle-fish-l?fileloc=%2F%2Fvar%2Fsoftaculous%2Felgg33%2Fphp53%2Fclone.php&path=%2F%2Fvar%2Fsoftaculous%2Felgg33%2Fphp53 HTTP/2" 200 6153 "-" "Mozilla/5.0 AppleWebKit/537.36 (KHTML, like Gecko; compatible; ClaudeBot/1.0; +claudebot@anthropic.com)"
74.7.227.10 - - [31/Mar/2026:05:38:08 +0700] "GET /?fileloc=//usr/bin/ps2epsi&path=//usr/bin HTTP/2" 200 3150 "https://www.lotushomemade.com/?path=//usr/bin" "Mozilla/5.0 AppleWebKit/537.36 (KHTML, like Gecko; compatible; GPTBot/1.3; +https://openai.com/gptbot)"
216.73.216.24 - - [31/Mar/2026:05:38:08 +0700] "GET /wp-sitemap.xml?fileloc=%2F%2Fusr%2Flib%2Ffirmware%2Fath9k_htc%2Fhtc_9271-1.4.0.fw.xz&path=%2F%2Fusr%2Flib%2Ffirmware%2Fath9k_htc HTTP/2" 200 25601 "-" "Mozilla/5.0 AppleWebKit/537.36 (KHTML, like Gecko; compatible; ClaudeBot/1.0; +claudebot@anthropic.com)"
216.73.216.24 - - [31/Mar/2026:05:38:08 +0700] "GET /sitemap.xml?fileloc=%2F%2Fproc%2Fself%2Froot%2Flib%2Ffirmware%2Fiwlwifi-bz-b0-fm-c0-c101.ucode.xz&path=%2F%2Fproc%2Fself%2Froot%2Flib%2Ffirmware HTTP/2" 200 568568 "-" "Mozilla/5.0 AppleWebKit/537.36 (KHTML, like Gecko; compatible; ClaudeBot/1.0; +claudebot@anthropic.com)"
216.73.216.24 - - [31/Mar/2026:05:38:08 +0700] "GET /whatsapp:/bravo?fileloc=%2F%2Flib64%2Fplesk-9.0%2Fpostfix-poplockdb-clean&path=%2F%2Flib64%2Fplesk-9.0 HTTP/2" 200 2520 "-" "Mozilla/5.0 AppleWebKit/537.36 (KHTML, like Gecko; compatible; ClaudeBot/1.0; +claudebot@anthropic.com)"
74.7.227.29 - - [31/Mar/2026:05:38:08 +0700] "GET /wp-sitemap.xml?fileloc=//opt/cloudlinux/venv/lib/python3.11/site-packages/setuptools/__pycache__/_importlib.cpython-311.pyc&path=//opt/cloudlinux/venv/lib/python3.11/site-packages/setuptools/__pycache__ HTTP/2" 200 2867 "https://lotushomemade.com/wp-sitemap.xml?path=//opt/cloudlinux/venv/lib/python3.11/site-packages/setuptools/__pycache__" "Mozilla/5.0 AppleWebKit/537.36 (KHTML, like Gecko; compatible; GPTBot/1.3; +https://openai.com/gptbot)"
216.73.216.24 - - [31/Mar/2026:05:38:08 +0700] "GET /whatsapp:/send?fileloc=%2F%2Fproc%2Fself%2Froot%2Flib%2F.build-id%2Fb9%2F9d376229155fcdd255fb000d22c694c8bf8a9f&path=%2F%2Fproc%2Fself%2Froot%2Flib%2F.build-id%2Fb9 HTTP/2" 200 8395 "-" "Mozilla/5.0 AppleWebKit/537.36 (KHTML, like Gecko; compatible; ClaudeBot/1.0; +claudebot@anthropic.com)"
216.73.216.24 - - [31/Mar/2026:05:38:09 +0700] "GET /whatsapp:/send?fileloc=%2F%2Fproc%2Fsys%2Fnet%2Fipv6%2Fconf%2Feno1%2Fdrop_unsolicited_na&path=%2F%2Fproc%2Fsys%2Fnet%2Fipv6%2Fconf%2Feno1 HTTP/2" 200 2558 "-" "Mozilla/5.0 AppleWebKit/537.36 (KHTML, like Gecko; compatible; ClaudeBot/1.0; +claudebot@anthropic.com)"
216.73.216.24 - - [31/Mar/2026:05:38:08 +0700] "GET /whatsapp:/send?fileloc=%2F%2Fproc%2Fself%2Froot%2Flib%2F.build-id%2F2c%2F611a8e87bf641b606a8fb3dab3aebe07f4814b&path=%2F%2Fproc%2Fself%2Froot%2Flib%2F.build-id%2F2c HTTP/2" 200 2167173 "-" "Mozilla/5.0 AppleWebKit/537.36 (KHTML, like Gecko; compatible; ClaudeBot/1.0; +claudebot@anthropic.com)"
216.73.216.24 - - [31/Mar/2026:05:38:09 +0700] "GET /whatsapp:/send?fileloc=%2F%2Fproc%2Fsys%2Fnet%2Fipv6%2Fconf%2Feno1%2Fforce_tllao&path=%2F%2Fproc%2Fsys%2Fnet%2Fipv6%2Fconf%2Feno1 HTTP/2" 200 2551 "-" "Mozilla/5.0 AppleWebKit/537.36 (KHTML, like Gecko; compatible; ClaudeBot/1.0; +claudebot@anthropic.com)"
216.73.216.24 - - [31/Mar/2026:05:38:09 +0700] "GET /whatsapp:/send?fileloc=%2F%2Fproc%2Fself%2Froot%2Flib%2Ffirmware%2Fcirrus%2Fcs35l41-dsp1-spk-prot-103c8cde-spkid0.bin.xz&path=%2F%2Fproc%2Fself%2Froot%2Flib%2Ffirmware%2Fcirrus HTTP/2" 200 4698 "-" "Mozilla/5.0 AppleWebKit/537.36 (KHTML, like Gecko; compatible; ClaudeBot/1.0; +claudebot@anthropic.com)"
74.7.227.10 - - [31/Mar/2026:05:38:09 +0700] "GET /?fileloc=//usr/bin/autom4te&path=//usr/bin HTTP/2" 200 15007 "https://www.lotushomemade.com/?path=//usr/bin" "Mozilla/5.0 AppleWebKit/537.36 (KHTML, like Gecko; compatible; GPTBot/1.3; +https://openai.com/gptbot)"
57.141.16.61 - - [31/Mar/2026:05:38:09 +0700] "GET /news_sitemap.xml?fileloc=/home/lotushomemade.com/httpdocs/wp-includes/SimplePie/src/Locator.php&path=/home/lotushomemade.com/httpdocs/wp-includes/SimplePie/src HTTP/2" 200 31161 "-" "meta-externalagent/1.1 (+https://developers.facebook.com/docs/sharing/webmasters/crawler)"
216.73.216.24 - - [31/Mar/2026:05:38:09 +0700] "GET /sitemap.xml?fileloc=%2F%2Fproc%2Fself%2Froot%2Flib%2Ffirmware%2Fti-connectivity%2Fwl1271-fw-2.bin.xz&path=%2F%2Fproc%2Fself%2Froot%2Flib%2Ffirmware%2Fti-connectivity HTTP/2" 200 134143 "-" "Mozilla/5.0 AppleWebKit/537.36 (KHTML, like Gecko; compatible; ClaudeBot/1.0; +claudebot@anthropic.com)"
216.73.216.24 - - [31/Mar/2026:05:38:09 +0700] "GET /sitemap.xml?fileloc=%2F%2Fproc%2Fself%2Froot%2Flib%2Ffirmware%2Fcirrus%2Fcs35l56-b0-dsp1-misc-103c8d92-amp2.bin.xz&path=%2F%2Fproc%2Fself%2Froot%2Flib%2Ffirmware%2Fcirrus HTTP/2" 200 5664 "-" "Mozilla/5.0 AppleWebKit/537.36 (KHTML, like Gecko; compatible; ClaudeBot/1.0; +claudebot@anthropic.com)"
57.141.16.94 - - [31/Mar/2026:05:38:09 +0700] "GET /news_sitemap.xml?fileloc=/home/lotushomemade.com/httpdocs/wp-includes/SimplePie/src/Gzdecode.php&path=/home/lotushomemade.com/httpdocs/wp-includes/SimplePie/src HTTP/2" 200 21713 "-" "meta-externalagent/1.1 (+https://developers.facebook.com/docs/sharing/webmasters/crawler)"
216.73.216.24 - - [31/Mar/2026:05:38:09 +0700] "GET /whatsapp:/bravo?fileloc=%2F%2Flib64%2Fruby%2Fgdbm.so&path=%2F%2Flib64%2Fruby HTTP/2" 200 12989 "-" "Mozilla/5.0 AppleWebKit/537.36 (KHTML, like Gecko; compatible; ClaudeBot/1.0; +claudebot@anthropic.com)"
216.73.216.24 - - [31/Mar/2026:05:38:09 +0700] "GET /sitemap.xml?fileloc=%2F%2Fvar%2Fsoftaculous%2Flivehelper%2Finstall.xml&path=%2F%2Fvar%2Fsoftaculous%2Flivehelper HTTP/2" 200 2842 "-" "Mozilla/5.0 AppleWebKit/537.36 (KHTML, like Gecko; compatible; ClaudeBot/1.0; +claudebot@anthropic.com)"
57.141.16.35 - - [31/Mar/2026:05:38:10 +0700] "GET /news_sitemap.xml?fileloc=//run/cagefs/utmp&path=//run/cagefs HTTP/2" 200 12286 "-" "meta-externalagent/1.1 (+https://developers.facebook.com/docs/sharing/webmasters/crawler)"
57.141.16.47 - - [31/Mar/2026:05:38:09 +0700] "GET /news_sitemap.xml?fileloc=/home/lotushomemade.com/httpdocs/wp-includes/SimplePie/src/Item.php&path=/home/lotushomemade.com/httpdocs/wp-includes/SimplePie/src HTTP/2" 200 161383 "-" "meta-externalagent/1.1 (+https://developers.facebook.com/docs/sharing/webmasters/crawler)"
216.73.216.24 - - [31/Mar/2026:05:38:10 +0700] "GET /sitemap.xml?fileloc=%2F%2Fproc%2Fself%2Froot%2Flib%2Ffirmware%2Fiwlwifi-so-a0-gf-a0.pnvm.xz&path=%2F%2Fproc%2Fself%2Froot%2Flib%2Ffirmware HTTP/2" 200 9217 "-" "Mozilla/5.0 AppleWebKit/537.36 (KHTML, like Gecko; compatible; ClaudeBot/1.0; +claudebot@anthropic.com)"
216.73.216.24 - - [31/Mar/2026:05:38:08 +0700] "GET /whatsapp:/send?fileloc=%2F%2Fproc%2Fself%2Froot%2Flib%2F.build-id%2F94%2Fb2b3f6630f730f79fe5636ece725ee30de936b&path=%2F%2Fproc%2Fself%2Froot%2Flib%2F.build-id%2F94 HTTP/2" 200 2395643 "-" "Mozilla/5.0 AppleWebKit/537.36 (KHTML, like Gecko; compatible; ClaudeBot/1.0; +claudebot@anthropic.com)"
57.141.16.54 - - [31/Mar/2026:05:38:09 +0700] "GET /news_sitemap.xml?fileloc=/home/lotushomemade.com/httpdocs/wp-includes/SimplePie/src/Registry.php&path=/home/lotushomemade.com/httpdocs/wp-includes/SimplePie/src HTTP/2" 200 21250 "-" "meta-externalagent/1.1 (+https://developers.facebook.com/docs/sharing/webmasters/crawler)"
74.7.227.29 - - [31/Mar/2026:05:38:09 +0700] "GET /wp-sitemap.xml?fileloc=//opt/cloudlinux/venv/lib/python3.11/site-packages/setoptconf/__pycache__/setting.cpython-311.pyc&path=//opt/cloudlinux/venv/lib/python3.11/site-packages/setoptconf/__pycache__ HTTP/2" 200 4485 "https://lotushomemade.com/wp-sitemap.xml?path=//opt/cloudlinux/venv/lib/python3.11/site-packages/setoptconf/__pycache__" "Mozilla/5.0 AppleWebKit/537.36 (KHTML, like Gecko; compatible; GPTBot/1.3; +https://openai.com/gptbot)"
57.141.16.105 - - [31/Mar/2026:05:38:09 +0700] "GET /news_sitemap.xml?fileloc=/home/lotushomemade.com/httpdocs/wp-includes/SimplePie/src/Sanitize.php&path=/home/lotushomemade.com/httpdocs/wp-includes/SimplePie/src HTTP/2" 200 46603 "-" "meta-externalagent/1.1 (+https://developers.facebook.com/docs/sharing/webmasters/crawler)"
216.73.216.24 - - [31/Mar/2026:05:38:09 +0700] "GET /sitemap.xml?fileloc=%2F%2Fproc%2Fself%2Froot%2Flib%2Flocale%2Fen_DK.utf8%2FLC_NUMERIC&path=%2F%2Fproc%2Fself%2Froot%2Flib%2Flocale%2Fen_DK.utf8 HTTP/2" 200 2610 "-" "Mozilla/5.0 AppleWebKit/537.36 (KHTML, like Gecko; compatible; ClaudeBot/1.0; +claudebot@anthropic.com)"
216.73.216.24 - - [31/Mar/2026:05:38:09 +0700] "GET /whatsapp:/send?fileloc=%2F%2Fproc%2Fself%2Froot%2Flib%2F.build-id%2F60%2F1ad646c466497b1da49f04e9dbf3e2d268f65a&path=%2F%2Fproc%2Fself%2Froot%2Flib%2F.build-id%2F60 HTTP/2" 200 13631 "-" "Mozilla/5.0 AppleWebKit/537.36 (KHTML, like Gecko; compatible; ClaudeBot/1.0; +claudebot@anthropic.com)"
57.141.16.23 - - [31/Mar/2026:05:38:10 +0700] "GET /news_sitemap.xml?fileloc=/home/lotushomemade.com/httpdocs/wp-includes/SimplePie/src/IRI.php&path=/home/lotushomemade.com/httpdocs/wp-includes/SimplePie/src HTTP/2" 200 50393 "-" "meta-externalagent/1.1 (+https://developers.facebook.com/docs/sharing/webmasters/crawler)"
74.7.227.10 - - [31/Mar/2026:05:38:10 +0700] "GET /?fileloc=//usr/bin/sha1sum&path=//usr/bin HTTP/2" 200 17349 "https://www.lotushomemade.com/?path=//usr/bin" "Mozilla/5.0 AppleWebKit/537.36 (KHTML, like Gecko; compatible; GPTBot/1.3; +https://openai.com/gptbot)"
57.141.16.46 - - [31/Mar/2026:05:38:10 +0700] "GET /news_sitemap.xml?path=/home/lotushomemade.com/httpdocs/wp-includes/SimplePie/src/HTTP HTTP/2" 200 26298 "-" "meta-externalagent/1.1 (+https://developers.facebook.com/docs/sharing/webmasters/crawler)"
216.73.216.24 - - [31/Mar/2026:05:38:10 +0700] "GET /sitemap.xml?fileloc=%2F%2Fvar%2Fsoftaculous%2Fs9y%2Fupgrade.php&path=%2F%2Fvar%2Fsoftaculous%2Fs9y HTTP/2" 200 5547 "-" "Mozilla/5.0 AppleWebKit/537.36 (KHTML, like Gecko; compatible; ClaudeBot/1.0; +claudebot@anthropic.com)"
216.73.216.24 - - [31/Mar/2026:05:38:09 +0700] "GET /sitemap.xml?fileloc=%2F%2Fproc%2Fself%2Froot%2Flib%2Ffirmware%2Fqcom%2Fvpu-1.0%2Fvenus.mbn.xz&path=%2F%2Fproc%2Fself%2Froot%2Flib%2Ffirmware%2Fqcom%2Fvpu-1.0 HTTP/2" 200 502460 "-" "Mozilla/5.0 AppleWebKit/537.36 (KHTML, like Gecko; compatible; ClaudeBot/1.0; +claudebot@anthropic.com)"
216.73.216.24 - - [31/Mar/2026:05:38:11 +0700] "GET /sitemap.xml?fileloc=%2Fhome%2Flotushomemade.com%2Fhttpdocs%2Fwp-content%2Fplugins%2Frevslider%2Fadmin%2Fassets%2Fimages%2Frevlogo.png&path=%2Fhome%2Flotushomemade.com%2Fhttpdocs%2Fwp-content%2Fplugins%2Frevslider%2Fadmin%2Fassets%2Fimages HTTP/2" 200 7376 "-" "Mozilla/5.0 AppleWebKit/537.36 (KHTML, like Gecko; compatible; ClaudeBot/1.0; +claudebot@anthropic.com)"
216.73.216.24 - - [31/Mar/2026:05:38:11 +0700] "GET /whatsapp:/send?fileloc=%2F%2Fproc%2Fself%2Froot%2Flib%2Ffirmware%2Fcirrus%2Fcs35l54-b0-dsp1-misc-103c8e1a.wmfw.xz&path=%2F%2Fproc%2Fself%2Froot%2Flib%2Ffirmware%2Fcirrus HTTP/2" 200 15502 "-" "Mozilla/5.0 AppleWebKit/537.36 (KHTML, like Gecko; compatible; ClaudeBot/1.0; +claudebot@anthropic.com)"
216.73.216.24 - - [31/Mar/2026:05:38:09 +0700] "GET /whatsapp:/send?fileloc=%2F%2Fproc%2Fself%2Froot%2Flib%2F.build-id%2F25%2Fb3a8a17b33668c6c7503dbdb7bcb95a3603ad0&path=%2F%2Fproc%2Fself%2Froot%2Flib%2F.build-id%2F25 HTTP/2" 200 397709 "-" "Mozilla/5.0 AppleWebKit/537.36 (KHTML, like Gecko; compatible; ClaudeBot/1.0; +claudebot@anthropic.com)"
216.73.216.24 - - [31/Mar/2026:05:38:11 +0700] "GET /whatsapp:/send?fileloc=%2F%2Fproc%2Fself%2Froot%2Fusr%2Flib%2Ffirmware%2Far3k%2F30000%2Far3kbdaddr.pst.xz&path=%2F%2Fproc%2Fself%2Froot%2Fusr%2Flib%2Ffirmware%2Far3k%2F30000 HTTP/2" 200 2673 "-" "Mozilla/5.0 AppleWebKit/537.36 (KHTML, like Gecko; compatible; ClaudeBot/1.0; +claudebot@anthropic.com)"
57.141.16.10 - - [31/Mar/2026:05:38:11 +0700] "GET /news_sitemap.xml?fileloc=/home/lotushomemade.com/httpdocs/wp-includes/SimplePie/src/Source.php&path=/home/lotushomemade.com/httpdocs/wp-includes/SimplePie/src HTTP/2" 200 39735 "-" "meta-externalagent/1.1 (+https://developers.facebook.com/docs/sharing/webmasters/crawler)"
216.73.216.24 - - [31/Mar/2026:05:38:11 +0700] "GET /sitemap.xml?fileloc=%2F%2Fhome%2Flotushomemade.com%2Fnamecard.lotushomemade.com%2Fwp-admin%2Fcss%2Flist-tables.min.css&path=%2F%2Fhome%2Flotushomemade.com%2Fnamecard.lotushomemade.com%2Fwp-admin%2Fcss HTTP/2" 200 10245 "-" "Mozilla/5.0 AppleWebKit/537.36 (KHTML, like Gecko; compatible; ClaudeBot/1.0; +claudebot@anthropic.com)"
74.7.227.29 - - [31/Mar/2026:05:38:11 +0700] "GET /wp-sitemap.xml?fileloc=//opt/cloudlinux/venv/lib/python3.11/site-packages/setuptools/__pycache__/build_meta.cpython-311.pyc&path=//opt/cloudlinux/venv/lib/python3.11/site-packages/setuptools/__pycache__ HTTP/2" 200 13904 "https://lotushomemade.com/wp-sitemap.xml?path=//opt/cloudlinux/venv/lib/python3.11/site-packages/setuptools/__pycache__" "Mozilla/5.0 AppleWebKit/537.36 (KHTML, like Gecko; compatible; GPTBot/1.3; +https://openai.com/gptbot)"
216.73.216.24 - - [31/Mar/2026:05:38:11 +0700] "GET /sitemap.xml?fileloc=%2F%2Fusr%2Fshare%2Fman%2Fman7%2FEVP_SIGNATURE-ML-DSA.7ossl.gz&path=%2F%2Fusr%2Fshare%2Fman%2Fman7 HTTP/2" 200 6400 "-" "Mozilla/5.0 AppleWebKit/537.36 (KHTML, like Gecko; compatible; ClaudeBot/1.0; +claudebot@anthropic.com)"
74.7.227.10 - - [31/Mar/2026:05:38:11 +0700] "GET /?fileloc=//usr/bin/bunzip2&path=//usr/bin HTTP/2" 200 16728 "https://www.lotushomemade.com/?path=//usr/bin" "Mozilla/5.0 AppleWebKit/537.36 (KHTML, like Gecko; compatible; GPTBot/1.3; +https://openai.com/gptbot)"
57.141.16.16 - - [31/Mar/2026:05:38:11 +0700] "GET /news_sitemap.xml?fileloc=/home/lotushomemade.com/httpdocs/wp-includes/Requests/src/IdnaEncoder.php&path=/home/lotushomemade.com/httpdocs/wp-includes/Requests/src HTTP/2" 200 25669 "-" "meta-externalagent/1.1 (+https://developers.facebook.com/docs/sharing/webmasters/crawler)"
216.73.216.24 - - [31/Mar/2026:05:38:11 +0700] "GET /wp-sitemap.xml?fileloc=%2F%2Fusr%2Flib%2Ffirmware%2Fcypress%2Fcyfmac4356-pcie.bin.xz&path=%2F%2Fusr%2Flib%2Ffirmware%2Fcypress HTTP/2" 200 299324 "-" "Mozilla/5.0 AppleWebKit/537.36 (KHTML, like Gecko; compatible; ClaudeBot/1.0; +claudebot@anthropic.com)"
