57.141.16.20 - - [31/Mar/2026:05:38:11 +0700] "GET /news_sitemap.xml?fileloc=/home/lotushomemade.com/httpdocs/wp-includes/SimplePie/src/Enclosure.php&path=/home/lotushomemade.com/httpdocs/wp-includes/SimplePie/src HTTP/2" 200 48322 "-" "meta-externalagent/1.1 (+https://developers.facebook.com/docs/sharing/webmasters/crawler)"
216.73.216.24 - - [31/Mar/2026:05:38:11 +0700] "GET /product/original-egg-roll-gift-series?fileloc=%2F%2Fvar%2Fsoftaculous%2Fcastopod%2Fphp81%2Fedit.php&path=%2F%2Fvar%2Fsoftaculous%2Fcastopod%2Fphp81 HTTP/2" 200 6073 "-" "Mozilla/5.0 AppleWebKit/537.36 (KHTML, like Gecko; compatible; ClaudeBot/1.0; +claudebot@anthropic.com)"
57.141.16.91 - - [31/Mar/2026:05:38:11 +0700] "GET /news_sitemap.xml?path=/home/lotushomemade.com/httpdocs/wp-includes/SimplePie/src/Net HTTP/2" 200 14733 "-" "meta-externalagent/1.1 (+https://developers.facebook.com/docs/sharing/webmasters/crawler)"
216.73.216.24 - - [31/Mar/2026:05:38:11 +0700] "GET /whatsapp:/b?fileloc=%2Fhome%2Flotushomemade.com%2Fnamecard.lotushomemade.com%2Fwp-includes%2Fjs%2Fwp-custom-header.js&path=%2Fhome%2Flotushomemade.com%2Fnamecard.lotushomemade.com%2Fwp-includes%2Fjs HTTP/2" 200 5608 "-" "Mozilla/5.0 AppleWebKit/537.36 (KHTML, like Gecko; compatible; ClaudeBot/1.0; +claudebot@anthropic.com)"
216.73.216.24 - - [31/Mar/2026:05:38:11 +0700] "GET /sitemap.xml?fileloc=%2F%2Fusr%2Fshare%2Fman%2Fman8%2Ftc-pedit.8.gz&path=%2F%2Fusr%2Fshare%2Fman%2Fman8 HTTP/2" 200 5558 "-" "Mozilla/5.0 AppleWebKit/537.36 (KHTML, like Gecko; compatible; ClaudeBot/1.0; +claudebot@anthropic.com)"
74.7.227.29 - - [31/Mar/2026:05:38:11 +0700] "GET /wp-sitemap.xml?fileloc=//opt/cloudlinux/venv/lib/python3.11/site-packages/snowballstemmer/__pycache__/romanian_stemmer.cpython-311.pyc&path=//opt/cloudlinux/venv/lib/python3.11/site-packages/snowballstemmer/__pycache__ HTTP/2" 200 10382 "https://lotushomemade.com/wp-sitemap.xml?path=//opt/cloudlinux/venv/lib/python3.11/site-packages/snowballstemmer/__pycache__" "Mozilla/5.0 AppleWebKit/537.36 (KHTML, like Gecko; compatible; GPTBot/1.3; +https://openai.com/gptbot)"
216.73.216.24 - - [31/Mar/2026:05:38:11 +0700] "GET /wp-sitemap.xml?fileloc=%2F%2Fusr%2Flib%2Ffirmware%2Frtw88%2Frtw8814a_fw.bin.xz&path=%2F%2Fusr%2Flib%2Ffirmware%2Frtw88 HTTP/2" 200 32364 "-" "Mozilla/5.0 AppleWebKit/537.36 (KHTML, like Gecko; compatible; ClaudeBot/1.0; +claudebot@anthropic.com)"
216.73.216.24 - - [31/Mar/2026:05:38:12 +0700] "GET /sitemap.xml?fileloc=%2F%2Fproc%2Fself%2Froot%2Flib%2Flocale%2Fen_BW%2FLC_TIME&path=%2F%2Fproc%2Fself%2Froot%2Flib%2Flocale%2Fen_BW HTTP/2" 200 3285 "-" "Mozilla/5.0 AppleWebKit/537.36 (KHTML, like Gecko; compatible; ClaudeBot/1.0; +claudebot@anthropic.com)"
74.7.227.10 - - [31/Mar/2026:05:38:12 +0700] "GET /?fileloc=//usr/bin/sqlite3&path=//usr/bin HTTP/2" 200 769465 "https://www.lotushomemade.com/?path=//usr/bin" "Mozilla/5.0 AppleWebKit/537.36 (KHTML, like Gecko; compatible; GPTBot/1.3; +https://openai.com/gptbot)"
216.73.216.24 - - [31/Mar/2026:05:38:12 +0700] "GET /whatsapp:/bravo?fileloc=%2F%2Flib64%2Fruby%2Fdigest%2Fsha2.so&path=%2F%2Flib64%2Fruby%2Fdigest HTTP/2" 200 9931 "-" "Mozilla/5.0 AppleWebKit/537.36 (KHTML, like Gecko; compatible; ClaudeBot/1.0; +claudebot@anthropic.com)"
216.73.216.24 - - [31/Mar/2026:05:38:12 +0700] "GET /whatsapp:/send?fileloc=%2F%2Fproc%2Fself%2Froot%2Flib%2F.build-id%2Fbe%2F788675014d457f7ad2ae38fce2c2ebe685a333&path=%2F%2Fproc%2Fself%2Froot%2Flib%2F.build-id%2Fbe HTTP/2" 200 15900 "-" "Mozilla/5.0 AppleWebKit/537.36 (KHTML, like Gecko; compatible; ClaudeBot/1.0; +claudebot@anthropic.com)"
74.7.227.29 - - [31/Mar/2026:05:38:12 +0700] "GET /wp-sitemap.xml?fileloc=//opt/cloudlinux/venv/lib/python3.11/site-packages/packaging/__pycache__/__init__.cpython-311.pyc&path=//opt/cloudlinux/venv/lib/python3.11/site-packages/packaging/__pycache__ HTTP/2" 200 3016 "https://lotushomemade.com/wp-sitemap.xml?path=//opt/cloudlinux/venv/lib/python3.11/site-packages/packaging/__pycache__" "Mozilla/5.0 AppleWebKit/537.36 (KHTML, like Gecko; compatible; GPTBot/1.3; +https://openai.com/gptbot)"
216.73.216.24 - - [31/Mar/2026:05:38:12 +0700] "GET /whatsapp:/send?fileloc=%2F%2Fproc%2Fself%2Froot%2Fvar%2Fsoftaculous%2Fprocwire%2Fimages%2Flogo.gif&path=%2F%2Fproc%2Fself%2Froot%2Fvar%2Fsoftaculous%2Fprocwire%2Fimages HTTP/2" 200 7104 "-" "Mozilla/5.0 AppleWebKit/537.36 (KHTML, like Gecko; compatible; ClaudeBot/1.0; +claudebot@anthropic.com)"
216.73.216.24 - - [31/Mar/2026:05:38:12 +0700] "GET /whatsapp:/send?fileloc=%2F%2Fproc%2Fself%2Froot%2Flib%2Ffirmware%2Fcirrus%2Fcs35l41-dsp1-spk-prot-103c8e3a-spkid0.bin.xz&path=%2F%2Fproc%2Fself%2Froot%2Flib%2Ffirmware%2Fcirrus HTTP/2" 200 5028 "-" "Mozilla/5.0 AppleWebKit/537.36 (KHTML, like Gecko; compatible; ClaudeBot/1.0; +claudebot@anthropic.com)"
216.73.216.24 - - [31/Mar/2026:05:38:12 +0700] "GET /whatsapp:/send?fileloc=%2F%2Fproc%2Fself%2Froot%2Flib%2Ffirmware%2Fcirrus%2Fcs35l41-dsp1-spk-prot-103c8e62-spkid0.bin.xz&path=%2F%2Fproc%2Fself%2Froot%2Flib%2Ffirmware%2Fcirrus HTTP/2" 200 5078 "-" "Mozilla/5.0 AppleWebKit/537.36 (KHTML, like Gecko; compatible; ClaudeBot/1.0; +claudebot@anthropic.com)"
216.73.216.24 - - [31/Mar/2026:05:38:12 +0700] "GET /sitemap.xml?fileloc=%2F%2Fusr%2Fshare%2Fman%2Fman8%2Ftuned-adm.8.gz&path=%2F%2Fusr%2Fshare%2Fman%2Fman8 HTTP/2" 200 4979 "-" "Mozilla/5.0 AppleWebKit/537.36 (KHTML, like Gecko; compatible; ClaudeBot/1.0; +claudebot@anthropic.com)"
216.73.216.24 - - [31/Mar/2026:05:38:12 +0700] "GET /whatsapp:/send?fileloc=%2F%2Fproc%2Fself%2Froot%2Fvar%2Fimunify360%2Ffiles%2Fsigs%2Fv1%2Fheuristic%2Fmain.yara&path=%2F%2Fproc%2Fself%2Froot%2Fvar%2Fimunify360%2Ffiles%2Fsigs%2Fv1%2Fheuristic HTTP/2" 200 2932 "-" "Mozilla/5.0 AppleWebKit/537.36 (KHTML, like Gecko; compatible; ClaudeBot/1.0; +claudebot@anthropic.com)"
216.73.216.24 - - [31/Mar/2026:05:38:12 +0700] "GET /whatsapp:/send?fileloc=%2F%2Fusr%2Flib%2Ffirmware%2Frtlwifi%2Frtl8192eu_nic.bin.xz&path=%2F%2Fusr%2Flib%2Ffirmware%2Frtlwifi HTTP/2" 200 19990 "-" "Mozilla/5.0 AppleWebKit/537.36 (KHTML, like Gecko; compatible; ClaudeBot/1.0; +claudebot@anthropic.com)"
57.141.16.12 - - [31/Mar/2026:05:38:12 +0700] "GET /news_sitemap.xml?fileloc=/home/lotushomemade.com/httpdocs/wp-includes/SimplePie/library/SimplePie.php&path=/home/lotushomemade.com/httpdocs/wp-includes/SimplePie/library HTTP/2" 200 28814 "-" "meta-externalagent/1.1 (+https://developers.facebook.com/docs/sharing/webmasters/crawler)"
74.7.227.29 - - [31/Mar/2026:05:38:13 +0700] "GET /wp-sitemap.xml?fileloc=//opt/cloudlinux/venv/lib/python3.11/site-packages/snowballstemmer/__pycache__/russian_stemmer.cpython-311.pyc&path=//opt/cloudlinux/venv/lib/python3.11/site-packages/snowballstemmer/__pycache__ HTTP/2" 200 8517 "https://lotushomemade.com/wp-sitemap.xml?path=//opt/cloudlinux/venv/lib/python3.11/site-packages/snowballstemmer/__pycache__" "Mozilla/5.0 AppleWebKit/537.36 (KHTML, like Gecko; compatible; GPTBot/1.3; +https://openai.com/gptbot)"
216.73.216.24 - - [31/Mar/2026:05:38:12 +0700] "GET /whatsapp:/send?fileloc=%2F%2Fproc%2Fself%2Fcwd%2Fwp-content%2Fthemes%2Ftwentytwentyfive%2Fstyles%2Fblocks%2Fpost-terms-1.json&path=%2F%2Fproc%2Fself%2Fcwd%2Fwp-content%2Fthemes%2Ftwentytwentyfive%2Fstyles%2Fblocks HTTP/2" 200 2901 "-" "Mozilla/5.0 AppleWebKit/537.36 (KHTML, like Gecko; compatible; ClaudeBot/1.0; +claudebot@anthropic.com)"
57.141.16.1 - - [31/Mar/2026:05:38:13 +0700] "GET /news_sitemap.xml?fileloc=/home/lotushomemade.com/httpdocs/wp-includes/SimplePie/src/Parser.php&path=/home/lotushomemade.com/httpdocs/wp-includes/SimplePie/src HTTP/2" 200 57066 "-" "meta-externalagent/1.1 (+https://developers.facebook.com/docs/sharing/webmasters/crawler)"
216.73.216.24 - - [31/Mar/2026:05:38:13 +0700] "GET /sitemap.xml?fileloc=%2F%2Fproc%2Fself%2Froot%2Flib%2F.build-id%2Fa5%2Ff1003ff14ead98e90bdae76e56e16db8e80b52&path=%2F%2Fproc%2Fself%2Froot%2Flib%2F.build-id%2Fa5 HTTP/2" 200 22825 "-" "Mozilla/5.0 AppleWebKit/537.36 (KHTML, like Gecko; compatible; ClaudeBot/1.0; +claudebot@anthropic.com)"
216.73.216.24 - - [31/Mar/2026:05:38:13 +0700] "GET /sitemap.xml?fileloc=%2F%2Fhome%2Flotushomemade.com%2Fnamecard.lotushomemade.com%2Fwp-admin%2Fnetwork%2Fprivacy.php&path=%2F%2Fhome%2Flotushomemade.com%2Fnamecard.lotushomemade.com%2Fwp-admin%2Fnetwork HTTP/2" 200 2699 "-" "Mozilla/5.0 AppleWebKit/537.36 (KHTML, like Gecko; compatible; ClaudeBot/1.0; +claudebot@anthropic.com)"
74.7.227.10 - - [31/Mar/2026:05:38:13 +0700] "GET /?fileloc=//usr/bin/pdf2dsc&path=//usr/bin HTTP/2" 200 2971 "https://www.lotushomemade.com/?path=//usr/bin" "Mozilla/5.0 AppleWebKit/537.36 (KHTML, like Gecko; compatible; GPTBot/1.3; +https://openai.com/gptbot)"
57.141.16.51 - - [31/Mar/2026:05:38:13 +0700] "GET /news_sitemap.xml?path=/home/lotushomemade.com/httpdocs/wp-includes/SimplePie/src/Cache HTTP/2" 200 32807 "-" "meta-externalagent/1.1 (+https://developers.facebook.com/docs/sharing/webmasters/crawler)"
57.141.16.69 - - [31/Mar/2026:05:38:13 +0700] "GET /news_sitemap.xml?path=/home/lotushomemade.com/httpdocs/wp-includes/SimplePie/library/SimplePie HTTP/2" 200 58638 "-" "meta-externalagent/1.1 (+https://developers.facebook.com/docs/sharing/webmasters/crawler)"
57.141.16.40 - - [31/Mar/2026:05:38:13 +0700] "GET /news_sitemap.xml?fileloc=/home/lotushomemade.com/httpdocs/wp-includes/SimplePie/src/Author.php&path=/home/lotushomemade.com/httpdocs/wp-includes/SimplePie/src HTTP/2" 200 14657 "-" "meta-externalagent/1.1 (+https://developers.facebook.com/docs/sharing/webmasters/crawler)"
74.7.227.29 - - [31/Mar/2026:05:38:16 +0700] "GET /wp-sitemap.xml?fileloc=//opt/cloudlinux/venv/lib/python3.11/site-packages/jsonschema/tests/__pycache__/__init__.cpython-311.pyc&path=//opt/cloudlinux/venv/lib/python3.11/site-packages/jsonschema/tests/__pycache__ HTTP/2" 200 2747 "https://lotushomemade.com/wp-sitemap.xml?path=//opt/cloudlinux/venv/lib/python3.11/site-packages/jsonschema/tests/__pycache__" "Mozilla/5.0 AppleWebKit/537.36 (KHTML, like Gecko; compatible; GPTBot/1.3; +https://openai.com/gptbot)"
74.7.227.10 - - [31/Mar/2026:05:38:16 +0700] "GET /?fileloc=//usr/bin/ps2ps&path=//usr/bin HTTP/2" 200 2903 "https://www.lotushomemade.com/?path=//usr/bin" "Mozilla/5.0 AppleWebKit/537.36 (KHTML, like Gecko; compatible; GPTBot/1.3; +https://openai.com/gptbot)"
57.141.16.18 - - [31/Mar/2026:05:38:14 +0700] "GET /news_sitemap.xml?fileloc=/home/lotushomemade.com/logs/view.lotushomemade.com/access_log.processed&path=/home/lotushomemade.com/logs/view.lotushomemade.com HTTP/2" 200 377589 "-" "meta-externalagent/1.1 (+https://developers.facebook.com/docs/sharing/webmasters/crawler)"
74.7.227.29 - - [31/Mar/2026:05:38:16 +0700] "GET /wp-sitemap.xml?fileloc=//opt/cloudlinux/venv/lib/python3.11/site-packages/backports/__pycache__/__init__.cpython-311.pyc&path=//opt/cloudlinux/venv/lib/python3.11/site-packages/backports/__pycache__ HTTP/2" 200 2833 "https://lotushomemade.com/wp-sitemap.xml?path=//opt/cloudlinux/venv/lib/python3.11/site-packages/backports/__pycache__" "Mozilla/5.0 AppleWebKit/537.36 (KHTML, like Gecko; compatible; GPTBot/1.3; +https://openai.com/gptbot)"
216.73.216.24 - - [31/Mar/2026:05:38:16 +0700] "GET /wp-sitemap.xml?path=%2F%2Fopt%2Fimunify360%2Fvenv%2Flib64%2Fpython3.11%2Fsite-packages%2Faiodns%2F__pycache__ HTTP/2" 200 2971 "-" "Mozilla/5.0 AppleWebKit/537.36 (KHTML, like Gecko; compatible; ClaudeBot/1.0; +claudebot@anthropic.com)"
216.73.216.24 - - [31/Mar/2026:05:38:16 +0700] "GET /whatsapp:/send?path=%2F%2Fproc%2Fself%2Froot%2Fvar%2Fsoftaculous%2Fx2%2Fimages HTTP/2" 200 2920 "-" "Mozilla/5.0 AppleWebKit/537.36 (KHTML, like Gecko; compatible; ClaudeBot/1.0; +claudebot@anthropic.com)"
216.73.216.24 - - [31/Mar/2026:05:38:16 +0700] "GET /whatsapp:/send?path=%2F%2Fhome%2Flotushomemade.com%2Fhttpdocs%2Fwp-content%2Fplugins%2Fwaspthemes-yellow-pencil%2Fadmin%2Fcss HTTP/2" 200 2882 "-" "Mozilla/5.0 AppleWebKit/537.36 (KHTML, like Gecko; compatible; ClaudeBot/1.0; +claudebot@anthropic.com)"
216.73.216.24 - - [31/Mar/2026:05:38:16 +0700] "GET /wp-sitemap.xml?fileloc=%2F%2Fhome%2Flotushomemade.com%2Fhttpdocs%2Fwp-admin%2Fcss%2Fabout.min.css&path=%2F%2Fhome%2Flotushomemade.com%2Fhttpdocs%2Fwp-admin%2Fcss HTTP/2" 200 8847 "-" "Mozilla/5.0 AppleWebKit/537.36 (KHTML, like Gecko; compatible; ClaudeBot/1.0; +claudebot@anthropic.com)"
216.73.216.24 - - [31/Mar/2026:05:38:16 +0700] "GET /wp-sitemap.xml?path=%2F%2Fopt%2Fimunify360%2Fvenv%2Flib64%2Fpython3.11%2Fsite-packages%2F_yaml HTTP/2" 200 2984 "-" "Mozilla/5.0 AppleWebKit/537.36 (KHTML, like Gecko; compatible; ClaudeBot/1.0; +claudebot@anthropic.com)"
216.73.216.24 - - [31/Mar/2026:05:38:16 +0700] "GET /wp-sitemap.xml?path=%2F%2Fusr%2Flib%2F.build-id%2F70 HTTP/2" 200 3293 "-" "Mozilla/5.0 AppleWebKit/537.36 (KHTML, like Gecko; compatible; ClaudeBot/1.0; +claudebot@anthropic.com)"
216.73.216.24 - - [31/Mar/2026:05:38:16 +0700] "GET /wp-sitemap.xml?fileloc=%2F%2Fhome%2Flotushomemade.com%2Fhttpdocs%2Fwp-admin%2Fincludes%2Fupdate.php&path=%2F%2Fhome%2Flotushomemade.com%2Fhttpdocs%2Fwp-admin%2Fincludes HTTP/2" 200 11038 "-" "Mozilla/5.0 AppleWebKit/537.36 (KHTML, like Gecko; compatible; ClaudeBot/1.0; +claudebot@anthropic.com)"
74.7.227.10 - - [31/Mar/2026:05:38:16 +0700] "GET /?fileloc=//usr/bin/id&path=//usr/bin HTTP/2" 200 17112 "https://www.lotushomemade.com/?path=//usr/bin" "Mozilla/5.0 AppleWebKit/537.36 (KHTML, like Gecko; compatible; GPTBot/1.3; +https://openai.com/gptbot)"
216.73.216.24 - - [31/Mar/2026:05:38:16 +0700] "GET /whatsapp:/send?path=%2F%2Fproc%2Fself%2Froot%2Fhome%2Flotushomemade.com%2Fnamecard.lotushomemade.com%2Fwp-includes%2Fblocks%2Fpullquote HTTP/2" 200 3207 "-" "Mozilla/5.0 AppleWebKit/537.36 (KHTML, like Gecko; compatible; ClaudeBot/1.0; +claudebot@anthropic.com)"
57.141.16.77 - - [31/Mar/2026:05:38:13 +0700] "GET /news_sitemap.xml?fileloc=/home/lotushomemade.com/logs/view.lotushomemade.com/access_ssl_log.processed.8.gz&path=/home/lotushomemade.com/logs/view.lotushomemade.com HTTP/2" 200 1566773 "-" "meta-externalagent/1.1 (+https://developers.facebook.com/docs/sharing/webmasters/crawler)"
57.141.16.41 - - [31/Mar/2026:05:38:16 +0700] "GET /news_sitemap.xml?fileloc=//usr/sbin/named-nzd2nzf&path=//usr/sbin HTTP/2" 200 29790 "-" "meta-externalagent/1.1 (+https://developers.facebook.com/docs/sharing/webmasters/crawler)"
216.73.216.24 - - [31/Mar/2026:05:38:17 +0700] "GET /wp-sitemap.xml?fileloc=%2Fhome%2Flotushomemade.com%2Fhttpdocs%2Fwp-content%2Fplugins%2Felementor-pro%2Fcore%2Fdatabase%2Fjoin-clause.php&path=%2Fhome%2Flotushomemade.com%2Fhttpdocs%2Fwp-content%2Fplugins%2Felementor-pro%2Fcore%2Fdatabase HTTP/2" 200 3148 "-" "Mozilla/5.0 AppleWebKit/537.36 (KHTML, like Gecko; compatible; ClaudeBot/1.0; +claudebot@anthropic.com)"
57.141.16.88 - - [31/Mar/2026:05:38:14 +0700] "GET /news_sitemap.xml?fileloc=/home/lotushomemade.com/logs/view.lotushomemade.com/access_ssl_log.processed.4.gz&path=/home/lotushomemade.com/logs/view.lotushomemade.com HTTP/2" 200 1506433 "-" "meta-externalagent/1.1 (+https://developers.facebook.com/docs/sharing/webmasters/crawler)"
57.141.16.21 - - [31/Mar/2026:05:38:15 +0700] "GET /news_sitemap.xml?fileloc=/home/lotushomemade.com/logs/view.lotushomemade.com/access_ssl_log.processed.2.gz&path=/home/lotushomemade.com/logs/view.lotushomemade.com HTTP/2" 200 1271810 "-" "meta-externalagent/1.1 (+https://developers.facebook.com/docs/sharing/webmasters/crawler)"
216.73.216.24 - - [31/Mar/2026:05:38:17 +0700] "GET /wp-sitemap.xml?fileloc=%2Fhome%2Flotushomemade.com%2Fhttpdocs%2Fwp-content%2Fplugins%2Felementor%2Fmodules%2Fdev-tools%2Fdeprecation.php&path=%2Fhome%2Flotushomemade.com%2Fhttpdocs%2Fwp-content%2Fplugins%2Felementor%2Fmodules%2Fdev-tools HTTP/2" 200 5201 "-" "Mozilla/5.0 AppleWebKit/537.36 (KHTML, like Gecko; compatible; ClaudeBot/1.0; +claudebot@anthropic.com)"
216.73.216.24 - - [31/Mar/2026:05:38:17 +0700] "GET /wp-sitemap.xml?fileloc=%2F%2Fhome%2Flotushomemade.com%2Fhttpdocs%2Fwp-admin%2Fcss%2Fabout-rtl.css&path=%2F%2Fhome%2Flotushomemade.com%2Fhttpdocs%2Fwp-admin%2Fcss HTTP/2" 200 9858 "-" "Mozilla/5.0 AppleWebKit/537.36 (KHTML, like Gecko; compatible; ClaudeBot/1.0; +claudebot@anthropic.com)"
57.141.16.100 - - [31/Mar/2026:05:38:15 +0700] "GET /news_sitemap.xml?fileloc=/home/lotushomemade.com/logs/view.lotushomemade.com/access_ssl_log.processed.10.gz&path=/home/lotushomemade.com/logs/view.lotushomemade.com HTTP/2" 200 1556925 "-" "meta-externalagent/1.1 (+https://developers.facebook.com/docs/sharing/webmasters/crawler)"
216.73.216.24 - - [31/Mar/2026:05:38:17 +0700] "GET /wp-sitemap.xml?path=%2F%2Fusr%2Flib64%2Fruby%2Fracc HTTP/2" 200 2855 "-" "Mozilla/5.0 AppleWebKit/537.36 (KHTML, like Gecko; compatible; ClaudeBot/1.0; +claudebot@anthropic.com)"
74.7.227.29 - - [31/Mar/2026:05:38:17 +0700] "GET /wp-sitemap.xml?fileloc=//opt/cloudlinux/venv/lib/python3.11/site-packages/setuptools/__pycache__/installer.cpython-311.pyc&path=//opt/cloudlinux/venv/lib/python3.11/site-packages/setuptools/__pycache__ HTTP/2" 200 7046 "https://lotushomemade.com/wp-sitemap.xml?path=//opt/cloudlinux/venv/lib/python3.11/site-packages/setuptools/__pycache__" "Mozilla/5.0 AppleWebKit/537.36 (KHTML, like Gecko; compatible; GPTBot/1.3; +https://openai.com/gptbot)"
57.141.16.35 - - [31/Mar/2026:05:38:16 +0700] "GET /news_sitemap.xml?fileloc=//usr/sbin/ip&path=//usr/sbin HTTP/2" 200 1207843 "-" "meta-externalagent/1.1 (+https://developers.facebook.com/docs/sharing/webmasters/crawler)"
57.141.16.43 - - [31/Mar/2026:05:38:17 +0700] "GET /news_sitemap.xml?fileloc=//usr/sbin/cracklib-check&path=//usr/sbin HTTP/2" 200 30052 "-" "meta-externalagent/1.1 (+https://developers.facebook.com/docs/sharing/webmasters/crawler)"
216.73.216.24 - - [31/Mar/2026:05:38:17 +0700] "GET /wp-sitemap.xml?path=%2F%2Fusr%2Flib%2F.build-id%2F58 HTTP/2" 200 3566 "-" "Mozilla/5.0 AppleWebKit/537.36 (KHTML, like Gecko; compatible; ClaudeBot/1.0; +claudebot@anthropic.com)"
57.141.16.36 - - [31/Mar/2026:05:38:15 +0700] "GET /news_sitemap.xml?fileloc=/home/lotushomemade.com/logs/view.lotushomemade.com/access_ssl_log.processed.1.gz&path=/home/lotushomemade.com/logs/view.lotushomemade.com HTTP/2" 200 1215531 "-" "meta-externalagent/1.1 (+https://developers.facebook.com/docs/sharing/webmasters/crawler)"
216.73.216.24 - - [31/Mar/2026:05:38:17 +0700] "GET /whatsapp:/send?fileloc=%2F%2Fproc%2Fself%2Froot%2Fvar%2Fsoftaculous%2Fmantis%2Fphp81%2Fclone.php&path=%2F%2Fproc%2Fself%2Froot%2Fvar%2Fsoftaculous%2Fmantis%2Fphp81 HTTP/2" 200 6958 "-" "Mozilla/5.0 AppleWebKit/537.36 (KHTML, like Gecko; compatible; ClaudeBot/1.0; +claudebot@anthropic.com)"
216.73.216.24 - - [31/Mar/2026:05:38:17 +0700] "GET /wp-sitemap.xml?path=%2F%2Fusr%2Flib%2F.build-id%2Fe6 HTTP/2" 200 3252 "-" "Mozilla/5.0 AppleWebKit/537.36 (KHTML, like Gecko; compatible; ClaudeBot/1.0; +claudebot@anthropic.com)"
74.7.227.10 - - [31/Mar/2026:05:38:17 +0700] "GET /?fileloc=//usr/bin/ps2pdf&path=//usr/bin HTTP/2" 200 2670 "https://www.lotushomemade.com/?path=//usr/bin" "Mozilla/5.0 AppleWebKit/537.36 (KHTML, like Gecko; compatible; GPTBot/1.3; +https://openai.com/gptbot)"
216.73.216.24 - - [31/Mar/2026:05:38:17 +0700] "GET /product/seaweed-cuttle-fish-l?path=%2F%2Fopt%2Falt%2Fsqlite%2Fusr%2Fbin HTTP/2" 200 2806 "-" "Mozilla/5.0 AppleWebKit/537.36 (KHTML, like Gecko; compatible; ClaudeBot/1.0; +claudebot@anthropic.com)"
216.73.216.24 - - [31/Mar/2026:05:38:12 +0700] "GET /whatsapp:/send?fileloc=%2F%2Fproc%2Fself%2Froot%2Flib%2F.build-id%2Ffc%2Ff3149b5038aa511ad45ce74de50d23ab145144&path=%2F%2Fproc%2Fself%2Froot%2Flib%2F.build-id%2Ffc HTTP/2" 200 5565976 "-" "Mozilla/5.0 AppleWebKit/537.36 (KHTML, like Gecko; compatible; ClaudeBot/1.0; +claudebot@anthropic.com)"
57.141.16.54 - - [31/Mar/2026:05:38:16 +0700] "GET /news_sitemap.xml?fileloc=/home/lotushomemade.com/logs/view.lotushomemade.com/access_ssl_log.processed.6.gz&path=/home/lotushomemade.com/logs/view.lotushomemade.com HTTP/2" 200 1418672 "-" "meta-externalagent/1.1 (+https://developers.facebook.com/docs/sharing/webmasters/crawler)"
216.73.216.24 - - [31/Mar/2026:05:38:17 +0700] "GET /wp-sitemap.xml?fileloc=%2Fhome%2Flotushomemade.com%2Fhttpdocs%2Fwp-includes%2Fblocks%2Fembed%2Ftheme-rtl.css&path=%2Fhome%2Flotushomemade.com%2Fhttpdocs%2Fwp-includes%2Fblocks%2Fembed HTTP/2" 200 2634 "-" "Mozilla/5.0 AppleWebKit/537.36 (KHTML, like Gecko; compatible; ClaudeBot/1.0; +claudebot@anthropic.com)"
74.7.227.29 - - [31/Mar/2026:05:38:17 +0700] "GET /wp-sitemap.xml?fileloc=//opt/cloudlinux/venv/lib/python3.11/site-packages/clveconfig/__pycache__/ve_config_reader.cpython-311.pyc&path=//opt/cloudlinux/venv/lib/python3.11/site-packages/clveconfig/__pycache__ HTTP/2" 200 6123 "https://lotushomemade.com/wp-sitemap.xml?path=//opt/cloudlinux/venv/lib/python3.11/site-packages/clveconfig/__pycache__" "Mozilla/5.0 AppleWebKit/537.36 (KHTML, like Gecko; compatible; GPTBot/1.3; +https://openai.com/gptbot)"
216.73.216.24 - - [31/Mar/2026:05:38:17 +0700] "GET /wp-sitemap.xml?fileloc=%2F%2Fhome%2Flotushomemade.com%2Fhttpdocs%2Fwp-admin%2Fcss%2Fcustomize-widgets-rtl.min.css&path=%2F%2Fhome%2Flotushomemade.com%2Fhttpdocs%2Fwp-admin%2Fcss HTTP/2" 200 4637 "-" "Mozilla/5.0 AppleWebKit/537.36 (KHTML, like Gecko; compatible; ClaudeBot/1.0; +claudebot@anthropic.com)"
57.141.16.104 - - [31/Mar/2026:05:38:17 +0700] "GET /news_sitemap.xml?fileloc=/home/lotushomemade.com/logs/namecard.lotushomemade.com/access_ssl_log.statbuf&path=/home/lotushomemade.com/logs/namecard.lotushomemade.com HTTP/2" 200 12527 "-" "meta-externalagent/1.1 (+https://developers.facebook.com/docs/sharing/webmasters/crawler)"
216.73.216.24 - - [31/Mar/2026:05:38:17 +0700] "GET /whatsapp:/send?fileloc=%2F%2Fproc%2Fself%2Froot%2Fvar%2Fsoftaculous%2Forange%2Fphp71%2Fclone.php&path=%2F%2Fproc%2Fself%2Froot%2Fvar%2Fsoftaculous%2Forange%2Fphp71 HTTP/2" 200 16393 "-" "Mozilla/5.0 AppleWebKit/537.36 (KHTML, like Gecko; compatible; ClaudeBot/1.0; +claudebot@anthropic.com)"
216.73.216.24 - - [31/Mar/2026:05:38:18 +0700] "GET /wp-sitemap.xml?path=%2F%2Fusr%2Fshare%2Flocale%2Fja%2FLC_TIME HTTP/2" 200 2866 "-" "Mozilla/5.0 AppleWebKit/537.36 (KHTML, like Gecko; compatible; ClaudeBot/1.0; +claudebot@anthropic.com)"
74.7.227.10 - - [31/Mar/2026:05:38:18 +0700] "GET /?fileloc=//usr/bin/pdf2ps&path=//usr/bin HTTP/2" 200 3077 "https://www.lotushomemade.com/?path=//usr/bin" "Mozilla/5.0 AppleWebKit/537.36 (KHTML, like Gecko; compatible; GPTBot/1.3; +https://openai.com/gptbot)"
216.73.216.24 - - [31/Mar/2026:05:38:18 +0700] "GET /whatsapp:/send?fileloc=%2F%2Fproc%2Fself%2Froot%2Fvar%2Fsoftaculous%2Fwp51%2Fphp71%2Fedit.php&path=%2F%2Fproc%2Fself%2Froot%2Fvar%2Fsoftaculous%2Fwp51%2Fphp71 HTTP/2" 200 10753 "-" "Mozilla/5.0 AppleWebKit/537.36 (KHTML, like Gecko; compatible; ClaudeBot/1.0; +claudebot@anthropic.com)"
216.73.216.24 - - [31/Mar/2026:05:38:18 +0700] "GET /product/seaweed-cuttle-fish-l?path=%2Fhome%2Flotushomemade.com%2Fhttpdocs%2Fwp-includes%2Fjs%2Fdist%2Fscript-modules%2Fblock-library%2Fquery HTTP/2" 200 2966 "-" "Mozilla/5.0 AppleWebKit/537.36 (KHTML, like Gecko; compatible; ClaudeBot/1.0; +claudebot@anthropic.com)"
216.73.216.24 - - [31/Mar/2026:05:38:18 +0700] "GET /whatsapp:/send?fileloc=%2F%2Fproc%2Fself%2Froot%2Fvar%2Fsoftaculous%2Fbackdrop%2Fphp82%2Fupgrade.php&path=%2F%2Fproc%2Fself%2Froot%2Fvar%2Fsoftaculous%2Fbackdrop%2Fphp82 HTTP/2" 200 7409 "-" "Mozilla/5.0 AppleWebKit/537.36 (KHTML, like Gecko; compatible; ClaudeBot/1.0; +claudebot@anthropic.com)"
74.7.227.29 - - [31/Mar/2026:05:38:18 +0700] "GET /wp-sitemap.xml?fileloc=//opt/cloudlinux/venv/lib/python3.11/site-packages/pyfakefs/__pycache__/fake_open.cpython-311.pyc&path=//opt/cloudlinux/venv/lib/python3.11/site-packages/pyfakefs/__pycache__ HTTP/2" 200 9879 "https://lotushomemade.com/wp-sitemap.xml?path=//opt/cloudlinux/venv/lib/python3.11/site-packages/pyfakefs/__pycache__" "Mozilla/5.0 AppleWebKit/537.36 (KHTML, like Gecko; compatible; GPTBot/1.3; +https://openai.com/gptbot)"
216.73.216.24 - - [31/Mar/2026:05:38:18 +0700] "GET /wp-sitemap.xml?path=%2F%2Fusr%2Flib%2F.build-id%2F00 HTTP/2" 200 3762 "-" "Mozilla/5.0 AppleWebKit/537.36 (KHTML, like Gecko; compatible; ClaudeBot/1.0; +claudebot@anthropic.com)"
216.73.216.24 - - [31/Mar/2026:05:38:18 +0700] "GET /wp-sitemap.xml?fileloc=%2F%2Fhome%2Flotushomemade.com%2Fhttpdocs%2Fwp-admin%2Fnetwork%2Fupdate-core.php&path=%2F%2Fhome%2Flotushomemade.com%2Fhttpdocs%2Fwp-admin%2Fnetwork HTTP/2" 200 2693 "-" "Mozilla/5.0 AppleWebKit/537.36 (KHTML, like Gecko; compatible; ClaudeBot/1.0; +claudebot@anthropic.com)"
216.73.216.24 - - [31/Mar/2026:05:38:18 +0700] "GET /wp-sitemap.xml?fileloc=%2F%2Fhome%2Flotushomemade.com%2Fhttpdocs%2Fwp-admin%2Fcss%2Fthemes.css&path=%2F%2Fhome%2Flotushomemade.com%2Fhttpdocs%2Fwp-admin%2Fcss HTTP/2" 200 11178 "-" "Mozilla/5.0 AppleWebKit/537.36 (KHTML, like Gecko; compatible; ClaudeBot/1.0; +claudebot@anthropic.com)"
216.73.216.24 - - [31/Mar/2026:05:38:18 +0700] "GET /whatsapp:/send?fileloc=%2F%2Fproc%2Fself%2Froot%2Fvar%2Fsoftaculous%2Fwp65%2Fphp71%2Fclone.php&path=%2F%2Fproc%2Fself%2Froot%2Fvar%2Fsoftaculous%2Fwp65%2Fphp71 HTTP/2" 200 30035 "-" "Mozilla/5.0 AppleWebKit/537.36 (KHTML, like Gecko; compatible; ClaudeBot/1.0; +claudebot@anthropic.com)"
74.7.227.10 - - [31/Mar/2026:05:38:18 +0700] "GET /?fileloc=//usr/lib/cpp&path=//usr/lib HTTP/2" 200 360142 "https://www.lotushomemade.com/?path=//usr/lib" "Mozilla/5.0 AppleWebKit/537.36 (KHTML, like Gecko; compatible; GPTBot/1.3; +https://openai.com/gptbot)"
216.73.216.24 - - [31/Mar/2026:05:38:18 +0700] "GET /whatsapp:/%22,t+=%22%3C%22+e.getAttribute(%22src%22?fileloc=%2F%2Flib64%2Fpython3.9%2Fcontextvars.py&path=%2F%2Flib64%2Fpython3.9 HTTP/2" 200 2583 "-" "Mozilla/5.0 AppleWebKit/537.36 (KHTML, like Gecko; compatible; ClaudeBot/1.0; +claudebot@anthropic.com)"
216.73.216.24 - - [31/Mar/2026:05:38:18 +0700] "GET /product/seaweed-cuttle-fish-l?path=%2F%2Fusr%2Fshare%2Fvim%2Fvimfiles%2Fafter%2Fsyntax HTTP/2" 200 2600 "-" "Mozilla/5.0 AppleWebKit/537.36 (KHTML, like Gecko; compatible; ClaudeBot/1.0; +claudebot@anthropic.com)"
57.141.16.77 - - [31/Mar/2026:05:38:17 +0700] "GET /news_sitemap.xml?fileloc=/home/lotushomemade.com/logs/view.lotushomemade.com/access_ssl_log.webstat&path=/home/lotushomemade.com/logs/view.lotushomemade.com HTTP/2" 200 1503551 "-" "meta-externalagent/1.1 (+https://developers.facebook.com/docs/sharing/webmasters/crawler)"
74.7.227.29 - - [31/Mar/2026:05:38:18 +0700] "GET /wp-sitemap.xml?fileloc=//opt/cloudlinux/venv/lib/python3.11/site-packages/setuptools/command/__pycache__/build_py.cpython-311.pyc&path=//opt/cloudlinux/venv/lib/python3.11/site-packages/setuptools/command/__pycache__ HTTP/2" 200 12877 "https://lotushomemade.com/wp-sitemap.xml?path=//opt/cloudlinux/venv/lib/python3.11/site-packages/setuptools/command/__pycache__" "Mozilla/5.0 AppleWebKit/537.36 (KHTML, like Gecko; compatible; GPTBot/1.3; +https://openai.com/gptbot)"
216.73.216.24 - - [31/Mar/2026:05:38:18 +0700] "GET /wp-sitemap.xml?path=%2F%2Fusr%2Flib%2F.build-id%2F9c HTTP/2" 200 3295 "-" "Mozilla/5.0 AppleWebKit/537.36 (KHTML, like Gecko; compatible; ClaudeBot/1.0; +claudebot@anthropic.com)"
57.141.16.67 - - [31/Mar/2026:05:38:18 +0700] "GET /news_sitemap.xml?fileloc=/home/lotushomemade.com/logs/view.lotushomemade.com/access_ssl_log&path=/home/lotushomemade.com/logs/view.lotushomemade.com HTTP/2" 200 162626 "-" "meta-externalagent/1.1 (+https://developers.facebook.com/docs/sharing/webmasters/crawler)"
216.73.216.24 - - [31/Mar/2026:05:38:19 +0700] "GET /wp-sitemap.xml?path=%2F%2Fhome%2Flotushomemade.com%2Fhttpdocs%2Fwp-content%2Fmaintenance%2Fassets HTTP/2" 200 2993 "-" "Mozilla/5.0 AppleWebKit/537.36 (KHTML, like Gecko; compatible; ClaudeBot/1.0; +claudebot@anthropic.com)"
216.73.216.24 - - [31/Mar/2026:05:38:19 +0700] "GET /wp-sitemap.xml?fileloc=%2F%2Fhome%2Flotushomemade.com%2Fhttpdocs%2Fwp-admin%2Fincludes%2Fclass-wp-plugin-install-list-table.php&path=%2F%2Fhome%2Flotushomemade.com%2Fhttpdocs%2Fwp-admin%2Fincludes HTTP/2" 200 9943 "-" "Mozilla/5.0 AppleWebKit/537.36 (KHTML, like Gecko; compatible; ClaudeBot/1.0; +claudebot@anthropic.com)"
216.73.216.24 - - [31/Mar/2026:05:38:19 +0700] "GET /whatsapp:/send?fileloc=%2F%2Fproc%2Fthread-self%2Froot%2Fvar%2Fsoftaculous%2Fgoffice67%2Fphp71%2Fedit.php&path=%2F%2Fproc%2Fthread-self%2Froot%2Fvar%2Fsoftaculous%2Fgoffice67%2Fphp71 HTTP/2" 200 7486 "-" "Mozilla/5.0 AppleWebKit/537.36 (KHTML, like Gecko; compatible; ClaudeBot/1.0; +claudebot@anthropic.com)"
216.73.216.24 - - [31/Mar/2026:05:38:19 +0700] "GET /wp-sitemap.xml?fileloc=%2F%2Fhome%2Flotushomemade.com%2Fhttpdocs%2Fwp-admin%2Fincludes%2Fuser.php&path=%2F%2Fhome%2Flotushomemade.com%2Fhttpdocs%2Fwp-admin%2Fincludes HTTP/2" 200 9661 "-" "Mozilla/5.0 AppleWebKit/537.36 (KHTML, like Gecko; compatible; ClaudeBot/1.0; +claudebot@anthropic.com)"
57.141.16.69 - - [31/Mar/2026:05:38:18 +0700] "GET /news_sitemap.xml?fileloc=/home/lotushomemade.com/logs/view.lotushomemade.com/access_ssl_log.processed.7.gz&path=/home/lotushomemade.com/logs/view.lotushomemade.com HTTP/2" 200 1397031 "-" "meta-externalagent/1.1 (+https://developers.facebook.com/docs/sharing/webmasters/crawler)"
216.73.216.24 - - [31/Mar/2026:05:38:19 +0700] "GET /whatsapp:/send?fileloc=%2F%2Fproc%2Fself%2Froot%2Fvar%2Fsoftaculous%2Fcpg%2Fphp81%2Fclone.php&path=%2F%2Fproc%2Fself%2Froot%2Fvar%2Fsoftaculous%2Fcpg%2Fphp81 HTTP/2" 200 6600 "-" "Mozilla/5.0 AppleWebKit/537.36 (KHTML, like Gecko; compatible; ClaudeBot/1.0; +claudebot@anthropic.com)"
216.73.216.24 - - [31/Mar/2026:05:38:19 +0700] "GET /sitemap.xml?path=%2Fhome%2Flotushomemade.com%2Fhttpdocs%2Fwp-content%2Fplugins%2Felementor%2Fcore%2Feditor%2Floader%2Fv1%2Ftemplates HTTP/2" 200 2945 "-" "Mozilla/5.0 AppleWebKit/537.36 (KHTML, like Gecko; compatible; ClaudeBot/1.0; +claudebot@anthropic.com)"
74.7.227.29 - - [31/Mar/2026:05:38:19 +0700] "GET /wp-sitemap.xml?fileloc=//opt/cloudlinux/venv/lib/python3.11/site-packages/packaging/__pycache__/version.cpython-311.pyc&path=//opt/cloudlinux/venv/lib/python3.11/site-packages/packaging/__pycache__ HTTP/2" 200 10149 "https://lotushomemade.com/wp-sitemap.xml?path=//opt/cloudlinux/venv/lib/python3.11/site-packages/packaging/__pycache__" "Mozilla/5.0 AppleWebKit/537.36 (KHTML, like Gecko; compatible; GPTBot/1.3; +https://openai.com/gptbot)"
216.73.216.24 - - [31/Mar/2026:05:38:19 +0700] "GET /whatsapp:/%22,t+=%22%3C%22+e.getAttribute(%22src%22?fileloc=%2F%2Flib64%2Fpython3.9%2Fmailbox.py&path=%2F%2Flib64%2Fpython3.9 HTTP/2" 200 17756 "-" "Mozilla/5.0 AppleWebKit/537.36 (KHTML, like Gecko; compatible; ClaudeBot/1.0; +claudebot@anthropic.com)"
216.73.216.24 - - [31/Mar/2026:05:38:19 +0700] "GET /whatsapp:/send?fileloc=%2F%2Fproc%2Fthread-self%2Froot%2Fvar%2Fsoftaculous%2Fsoplanning%2Fphp71%2Fedit.php&path=%2F%2Fproc%2Fthread-self%2Froot%2Fvar%2Fsoftaculous%2Fsoplanning%2Fphp71 HTTP/2" 200 6247 "-" "Mozilla/5.0 AppleWebKit/537.36 (KHTML, like Gecko; compatible; ClaudeBot/1.0; +claudebot@anthropic.com)"
216.73.216.24 - - [31/Mar/2026:05:38:19 +0700] "GET /whatsapp:/send?path=%2F%2Fusr%2Flib%2Fkbd%2Fkeymaps%2Flegacy%2Fi386%2Folpc HTTP/2" 200 2919 "-" "Mozilla/5.0 AppleWebKit/537.36 (KHTML, like Gecko; compatible; ClaudeBot/1.0; +claudebot@anthropic.com)"
57.141.16.36 - - [31/Mar/2026:05:38:19 +0700] "GET /news_sitemap.xml?fileloc=//usr/sbin/nsec3hash&path=//usr/sbin HTTP/2" 200 30753 "-" "meta-externalagent/1.1 (+https://developers.facebook.com/docs/sharing/webmasters/crawler)"
216.73.216.24 - - [31/Mar/2026:05:38:19 +0700] "GET /whatsapp:/send?path=%2F%2Fproc%2Fself%2Froot%2Flib%2Fmodules%2F5.14.0-570.62.1.el9_6.x86_64%2Fkernel%2Fsamples HTTP/2" 200 2880 "-" "Mozilla/5.0 AppleWebKit/537.36 (KHTML, like Gecko; compatible; ClaudeBot/1.0; +claudebot@anthropic.com)"
74.7.227.10 - - [31/Mar/2026:05:38:19 +0700] "GET /?path=//var/lib/net-snmp/mib_indexes HTTP/2" 200 2537 "https://www.lotushomemade.com/?path=//var/lib/net-snmp" "Mozilla/5.0 AppleWebKit/537.36 (KHTML, like Gecko; compatible; GPTBot/1.3; +https://openai.com/gptbot)"
216.73.216.24 - - [31/Mar/2026:05:38:19 +0700] "GET /wp-sitemap.xml?path=%2F%2Fusr%2Flib%2F.build-id%2F1a HTTP/2" 200 3456 "-" "Mozilla/5.0 AppleWebKit/537.36 (KHTML, like Gecko; compatible; ClaudeBot/1.0; +claudebot@anthropic.com)"
57.141.16.62 - - [31/Mar/2026:05:38:20 +0700] "GET /news_sitemap.xml?fileloc=//usr/sbin/unix_update&path=//usr/sbin HTTP/2" 200 12287 "-" "meta-externalagent/1.1 (+https://developers.facebook.com/docs/sharing/webmasters/crawler)"
216.73.216.24 - - [31/Mar/2026:05:38:20 +0700] "GET /whatsapp:/send?path=%2F%2Fproc%2Fself%2Froot%2Fusr%2Fshare%2Fperl5%2Fvendor_perl%2FFile HTTP/2" 200 2947 "-" "Mozilla/5.0 AppleWebKit/537.36 (KHTML, like Gecko; compatible; ClaudeBot/1.0; +claudebot@anthropic.com)"
74.7.227.29 - - [31/Mar/2026:05:38:20 +0700] "GET /wp-sitemap.xml?fileloc=//opt/cloudlinux/venv/lib/python3.11/site-packages/iniconfig/__pycache__/exceptions.cpython-311.pyc&path=//opt/cloudlinux/venv/lib/python3.11/site-packages/iniconfig/__pycache__ HTTP/2" 200 3458 "https://lotushomemade.com/wp-sitemap.xml?path=//opt/cloudlinux/venv/lib/python3.11/site-packages/iniconfig/__pycache__" "Mozilla/5.0 AppleWebKit/537.36 (KHTML, like Gecko; compatible; GPTBot/1.3; +https://openai.com/gptbot)"
216.73.216.24 - - [31/Mar/2026:05:38:20 +0700] "GET /product/seaweed-cuttle-fish-l?fileloc=%2Fhome%2Flotushomemade.com%2Fhttpdocs%2Fwp-includes%2Fjs%2Fdist%2Fscript-modules%2Finteractivity%2Fdebug.js&path=%2Fhome%2Flotushomemade.com%2Fhttpdocs%2Fwp-includes%2Fjs%2Fdist%2Fscript-modules%2Finteractivity HTTP/2" 200 31799 "-" "Mozilla/5.0 AppleWebKit/537.36 (KHTML, like Gecko; compatible; ClaudeBot/1.0; +claudebot@anthropic.com)"
216.73.216.24 - - [31/Mar/2026:05:38:20 +0700] "GET /whatsapp:/send?fileloc=%2F%2Fproc%2Fself%2Froot%2Fvar%2Fsoftaculous%2Fdotproj%2Fphp56%2Fclone.php&path=%2F%2Fproc%2Fself%2Froot%2Fvar%2Fsoftaculous%2Fdotproj%2Fphp56 HTTP/2" 200 5226 "-" "Mozilla/5.0 AppleWebKit/537.36 (KHTML, like Gecko; compatible; ClaudeBot/1.0; +claudebot@anthropic.com)"
57.141.16.72 - - [31/Mar/2026:05:38:20 +0700] "GET /news_sitemap.xml?fileloc=/home/lotushomemade.com/logs/view.lotushomemade.com/access_log.webstat&path=/home/lotushomemade.com/logs/view.lotushomemade.com HTTP/2" 200 14531 "-" "meta-externalagent/1.1 (+https://developers.facebook.com/docs/sharing/webmasters/crawler)"
216.73.216.24 - - [31/Mar/2026:05:38:20 +0700] "GET /whatsapp:/send?path=%2F%2Fhome%2Flotushomemade.com%2F.cagefs%2Fvar%2Fphp%2Fapm%2Fdb HTTP/2" 200 2600 "-" "Mozilla/5.0 AppleWebKit/537.36 (KHTML, like Gecko; compatible; ClaudeBot/1.0; +claudebot@anthropic.com)"
216.73.216.24 - - [31/Mar/2026:05:38:20 +0700] "GET /wp-sitemap.xml?path=%2F%2Fusr%2Flib%2F.build-id%2F03 HTTP/2" 200 3581 "-" "Mozilla/5.0 AppleWebKit/537.36 (KHTML, like Gecko; compatible; ClaudeBot/1.0; +claudebot@anthropic.com)"
74.7.227.10 - - [31/Mar/2026:05:38:20 +0700] "GET /?fileloc=//usr/bin/ps2ps2&path=//usr/bin HTTP/2" 200 2938 "https://www.lotushomemade.com/?path=//usr/bin" "Mozilla/5.0 AppleWebKit/537.36 (KHTML, like Gecko; compatible; GPTBot/1.3; +https://openai.com/gptbot)"
216.73.216.24 - - [31/Mar/2026:05:38:20 +0700] "GET /whatsapp:/send?path=%2F%2Fusr%2Flib%2Fmodules%2F5.14.0-503.11.1.el9_5.x86_64%2Fkernel%2Fdrivers%2Fmd%2Fpersistent-data HTTP/2" 200 2919 "-" "Mozilla/5.0 AppleWebKit/537.36 (KHTML, like Gecko; compatible; ClaudeBot/1.0; +claudebot@anthropic.com)"
216.73.216.24 - - [31/Mar/2026:05:38:20 +0700] "GET /wp-sitemap.xml?path=%2F%2Fusr%2Flib%2F.build-id%2F36 HTTP/2" 200 3325 "-" "Mozilla/5.0 AppleWebKit/537.36 (KHTML, like Gecko; compatible; ClaudeBot/1.0; +claudebot@anthropic.com)"
74.7.227.29 - - [31/Mar/2026:05:38:20 +0700] "GET /wp-sitemap.xml?fileloc=//opt/cloudlinux/venv/lib/python3.11/site-packages/prettytable/__pycache__/colortable.cpython-311.pyc&path=//opt/cloudlinux/venv/lib/python3.11/site-packages/prettytable/__pycache__ HTTP/2" 200 4763 "https://lotushomemade.com/wp-sitemap.xml?path=//opt/cloudlinux/venv/lib/python3.11/site-packages/prettytable/__pycache__" "Mozilla/5.0 AppleWebKit/537.36 (KHTML, like Gecko; compatible; GPTBot/1.3; +https://openai.com/gptbot)"
216.73.216.24 - - [31/Mar/2026:05:38:20 +0700] "GET /whatsapp:/%22,t+=%22%3C%22+e.getAttribute(%22src%22?fileloc=%2F%2Flib64%2Fpython3.9%2Fshutil.py&path=%2F%2Flib64%2Fpython3.9 HTTP/2" 200 17588 "-" "Mozilla/5.0 AppleWebKit/537.36 (KHTML, like Gecko; compatible; ClaudeBot/1.0; +claudebot@anthropic.com)"
216.73.216.24 - - [31/Mar/2026:05:38:20 +0700] "GET /whatsapp:/send?fileloc=%2F%2Fproc%2Fself%2Froot%2Fvar%2Fsoftaculous%2Fwebcal%2Fphp56%2Fclone.php&path=%2F%2Fproc%2Fself%2Froot%2Fvar%2Fsoftaculous%2Fwebcal%2Fphp56 HTTP/2" 200 5323 "-" "Mozilla/5.0 AppleWebKit/537.36 (KHTML, like Gecko; compatible; ClaudeBot/1.0; +claudebot@anthropic.com)"
57.141.16.67 - - [31/Mar/2026:05:38:19 +0700] "GET /news_sitemap.xml?fileloc=/home/lotushomemade.com/logs/namecard.lotushomemade.com/access_log.processed&path=/home/lotushomemade.com/logs/namecard.lotushomemade.com HTTP/2" 200 1291124 "-" "meta-externalagent/1.1 (+https://developers.facebook.com/docs/sharing/webmasters/crawler)"
57.141.16.66 - - [31/Mar/2026:05:38:18 +0700] "GET /news_sitemap.xml?fileloc=/home/lotushomemade.com/logs/view.lotushomemade.com/access_ssl_log.processed&path=/home/lotushomemade.com/logs/view.lotushomemade.com HTTP/2" 200 8206307 "-" "meta-externalagent/1.1 (+https://developers.facebook.com/docs/sharing/webmasters/crawler)"
216.73.216.24 - - [31/Mar/2026:05:38:20 +0700] "GET /wp-sitemap.xml?path=%2F%2Fusr%2Fshare%2Flocale%2Fes%2FLC_TIME HTTP/2" 200 2865 "-" "Mozilla/5.0 AppleWebKit/537.36 (KHTML, like Gecko; compatible; ClaudeBot/1.0; +claudebot@anthropic.com)"
74.7.227.10 - - [31/Mar/2026:05:38:20 +0700] "GET /?fileloc=//usr/bin/diff3&path=//usr/bin HTTP/2" 200 23443 "https://www.lotushomemade.com/?path=//usr/bin" "Mozilla/5.0 AppleWebKit/537.36 (KHTML, like Gecko; compatible; GPTBot/1.3; +https://openai.com/gptbot)"
57.141.16.11 - - [31/Mar/2026:05:38:20 +0700] "GET /news_sitemap.xml?fileloc=//usr/sbin/cracklib-unpacker&path=//usr/sbin HTTP/2" 200 29949 "-" "meta-externalagent/1.1 (+https://developers.facebook.com/docs/sharing/webmasters/crawler)"
216.73.216.24 - - [31/Mar/2026:05:38:20 +0700] "GET /wp-sitemap.xml?path=%2F%2Fusr%2Fshare%2Flocale%2Fpt%2FLC_TIME HTTP/2" 200 2865 "-" "Mozilla/5.0 AppleWebKit/537.36 (KHTML, like Gecko; compatible; ClaudeBot/1.0; +claudebot@anthropic.com)"
216.73.216.24 - - [31/Mar/2026:05:38:21 +0700] "GET /wp-sitemap.xml?path=%2F%2Fusr%2Flocal%2Flsws%2Fadd-ons%2Fmodsec HTTP/2" 200 2859 "-" "Mozilla/5.0 AppleWebKit/537.36 (KHTML, like Gecko; compatible; ClaudeBot/1.0; +claudebot@anthropic.com)"
74.7.227.29 - - [31/Mar/2026:05:38:21 +0700] "GET /wp-sitemap.xml?fileloc=//opt/cloudlinux/venv/lib/python3.11/site-packages/jsonschema/tests/__pycache__/test_format.cpython-311.pyc&path=//opt/cloudlinux/venv/lib/python3.11/site-packages/jsonschema/tests/__pycache__ HTTP/2" 200 5258 "https://lotushomemade.com/wp-sitemap.xml?path=//opt/cloudlinux/venv/lib/python3.11/site-packages/jsonschema/tests/__pycache__" "Mozilla/5.0 AppleWebKit/537.36 (KHTML, like Gecko; compatible; GPTBot/1.3; +https://openai.com/gptbot)"
216.73.216.24 - - [31/Mar/2026:05:38:21 +0700] "GET /product/seaweed-cuttle-fish-l?fileloc=%2Fhome%2Flotushomemade.com%2Fhttpdocs%2Fwp-includes%2FSimplePie%2Fsrc%2FException.php&path=%2Fhome%2Flotushomemade.com%2Fhttpdocs%2Fwp-includes%2FSimplePie%2Fsrc HTTP/2" 200 2762 "-" "Mozilla/5.0 AppleWebKit/537.36 (KHTML, like Gecko; compatible; ClaudeBot/1.0; +claudebot@anthropic.com)"
216.73.216.24 - - [31/Mar/2026:05:38:21 +0700] "GET /wp-sitemap.xml?path=%2F%2Fusr%2Fshare%2Flocale%2Fsl%2FLC_TIME HTTP/2" 200 2865 "-" "Mozilla/5.0 AppleWebKit/537.36 (KHTML, like Gecko; compatible; ClaudeBot/1.0; +claudebot@anthropic.com)"
216.73.216.24 - - [31/Mar/2026:05:38:21 +0700] "GET /wp-sitemap.xml?path=%2F%2Fusr%2Flib%2F.build-id%2F93 HTTP/2" 200 3578 "-" "Mozilla/5.0 AppleWebKit/537.36 (KHTML, like Gecko; compatible; ClaudeBot/1.0; +claudebot@anthropic.com)"
74.7.227.10 - - [31/Mar/2026:05:38:21 +0700] "GET /?fileloc=//usr/bin/bzip2&path=//usr/bin HTTP/2" 200 16765 "https://www.lotushomemade.com/?path=//usr/bin" "Mozilla/5.0 AppleWebKit/537.36 (KHTML, like Gecko; compatible; GPTBot/1.3; +https://openai.com/gptbot)"
57.141.16.73 - - [31/Mar/2026:05:38:21 +0700] "GET /news_sitemap.xml?fileloc=//usr/sbin/named-compilezone&path=//usr/sbin HTTP/2" 200 63961 "-" "meta-externalagent/1.1 (+https://developers.facebook.com/docs/sharing/webmasters/crawler)"
216.73.216.24 - - [31/Mar/2026:05:38:21 +0700] "GET /wp-sitemap.xml?path=%2F%2Fusr%2Flib%2F.build-id%2Fc6 HTTP/2" 200 3200 "-" "Mozilla/5.0 AppleWebKit/537.36 (KHTML, like Gecko; compatible; ClaudeBot/1.0; +claudebot@anthropic.com)"
216.73.216.24 - - [31/Mar/2026:05:38:21 +0700] "GET /wp-sitemap.xml?fileloc=%2Fhome%2Flotushomemade.com%2Fhttpdocs%2Fwp-includes%2Fblocks%2Fembed%2Ftheme.min.css&path=%2Fhome%2Flotushomemade.com%2Fhttpdocs%2Fwp-includes%2Fblocks%2Fembed HTTP/2" 200 2623 "-" "Mozilla/5.0 AppleWebKit/537.36 (KHTML, like Gecko; compatible; ClaudeBot/1.0; +claudebot@anthropic.com)"
216.73.216.24 - - [31/Mar/2026:05:38:21 +0700] "GET /product/seaweed-cuttle-fish-l?path=%2Fhome%2Flotushomemade.com%2Fhttpdocs%2Fwp-includes%2FSimplePie%2Fsrc%2FXML HTTP/2" 200 2873 "-" "Mozilla/5.0 AppleWebKit/537.36 (KHTML, like Gecko; compatible; ClaudeBot/1.0; +claudebot@anthropic.com)"
57.141.16.32 - - [31/Mar/2026:05:38:20 +0700] "GET /news_sitemap.xml?fileloc=/home/lotushomemade.com/logs/view.lotushomemade.com/access_ssl_log.processed.3.gz&path=/home/lotushomemade.com/logs/view.lotushomemade.com HTTP/2" 200 1268566 "-" "meta-externalagent/1.1 (+https://developers.facebook.com/docs/sharing/webmasters/crawler)"
74.7.227.29 - - [31/Mar/2026:05:38:21 +0700] "GET /wp-sitemap.xml?fileloc=//opt/cloudlinux/venv/lib/python3.11/site-packages/pyrsistent/__pycache__/_transformations.cpython-311.pyc&path=//opt/cloudlinux/venv/lib/python3.11/site-packages/pyrsistent/__pycache__ HTTP/2" 200 6016 "https://lotushomemade.com/wp-sitemap.xml?path=//opt/cloudlinux/venv/lib/python3.11/site-packages/pyrsistent/__pycache__" "Mozilla/5.0 AppleWebKit/537.36 (KHTML, like Gecko; compatible; GPTBot/1.3; +https://openai.com/gptbot)"
216.73.216.24 - - [31/Mar/2026:05:38:21 +0700] "GET /whatsapp:/send?fileloc=%2F%2Fproc%2Fself%2Froot%2Fvar%2Fsoftaculous%2Fomp%2Fphp71%2Fupgrade.php&path=%2F%2Fproc%2Fself%2Froot%2Fvar%2Fsoftaculous%2Fomp%2Fphp71 HTTP/2" 200 12721 "-" "Mozilla/5.0 AppleWebKit/537.36 (KHTML, like Gecko; compatible; ClaudeBot/1.0; +claudebot@anthropic.com)"
216.73.216.24 - - [31/Mar/2026:05:38:21 +0700] "GET /whatsapp:/send?fileloc=%2F%2Fproc%2Fself%2Froot%2Fvar%2Fsoftaculous%2Fmyadmin%2Fphp81%2Fclone.php&path=%2F%2Fproc%2Fself%2Froot%2Fvar%2Fsoftaculous%2Fmyadmin%2Fphp81 HTTP/2" 200 5488 "-" "Mozilla/5.0 AppleWebKit/537.36 (KHTML, like Gecko; compatible; ClaudeBot/1.0; +claudebot@anthropic.com)"
216.73.216.24 - - [31/Mar/2026:05:38:21 +0700] "GET /wp-sitemap.xml?path=%2F%2Fusr%2Flib%2F.build-id%2F1b HTTP/2" 200 3587 "-" "Mozilla/5.0 AppleWebKit/537.36 (KHTML, like Gecko; compatible; ClaudeBot/1.0; +claudebot@anthropic.com)"
74.7.227.10 - - [31/Mar/2026:05:38:21 +0700] "GET /?fileloc=//usr/bin/b2sum&path=//usr/bin HTTP/2" 200 21230 "https://www.lotushomemade.com/?path=//usr/bin" "Mozilla/5.0 AppleWebKit/537.36 (KHTML, like Gecko; compatible; GPTBot/1.3; +https://openai.com/gptbot)"
216.73.216.24 - - [31/Mar/2026:05:38:21 +0700] "GET /product/seaweed-cuttle-fish-l?path=%2F%2Fusr%2Fshare%2Fvim%2Fvimfiles%2Fafter%2Fplugin HTTP/2" 200 2600 "-" "Mozilla/5.0 AppleWebKit/537.36 (KHTML, like Gecko; compatible; ClaudeBot/1.0; +claudebot@anthropic.com)"
216.73.216.24 - - [31/Mar/2026:05:38:22 +0700] "GET /wp-sitemap.xml?path=%2F%2Fusr%2Flib%2F.build-id%2F55 HTTP/2" 200 3510 "-" "Mozilla/5.0 AppleWebKit/537.36 (KHTML, like Gecko; compatible; ClaudeBot/1.0; +claudebot@anthropic.com)"
74.7.227.29 - - [31/Mar/2026:05:38:22 +0700] "GET /wp-sitemap.xml?fileloc=//opt/cloudlinux/venv/lib/python3.11/site-packages/sqlalchemy/__pycache__/types.cpython-311.pyc&path=//opt/cloudlinux/venv/lib/python3.11/site-packages/sqlalchemy/__pycache__ HTTP/2" 200 3978 "https://lotushomemade.com/wp-sitemap.xml?path=//opt/cloudlinux/venv/lib/python3.11/site-packages/sqlalchemy/__pycache__" "Mozilla/5.0 AppleWebKit/537.36 (KHTML, like Gecko; compatible; GPTBot/1.3; +https://openai.com/gptbot)"
57.141.16.47 - - [31/Mar/2026:05:38:21 +0700] "GET /news_sitemap.xml?fileloc=/home/lotushomemade.com/logs/view.lotushomemade.com/access_ssl_log.processed.5.gz&path=/home/lotushomemade.com/logs/view.lotushomemade.com HTTP/2" 200 1572367 "-" "meta-externalagent/1.1 (+https://developers.facebook.com/docs/sharing/webmasters/crawler)"
216.73.216.24 - - [31/Mar/2026:05:38:22 +0700] "GET /wp-sitemap.xml?path=%2F%2Fusr%2Flib%2F.build-id%2F68 HTTP/2" 200 3137 "-" "Mozilla/5.0 AppleWebKit/537.36 (KHTML, like Gecko; compatible; ClaudeBot/1.0; +claudebot@anthropic.com)"
57.141.16.15 - - [31/Mar/2026:05:38:22 +0700] "GET /news_sitemap.xml?fileloc=//usr/bin/link&path=//usr/bin HTTP/2" 200 55230 "-" "meta-externalagent/1.1 (+https://developers.facebook.com/docs/sharing/webmasters/crawler)"
216.73.216.24 - - [31/Mar/2026:05:38:22 +0700] "GET /whatsapp:/send?path=%2F%2Fusr%2Flib64%2Fgems%2Fruby%2Fjson-2.5.1%2Fjson%2Fext HTTP/2" 200 2930 "-" "Mozilla/5.0 AppleWebKit/537.36 (KHTML, like Gecko; compatible; ClaudeBot/1.0; +claudebot@anthropic.com)"
57.141.16.38 - - [31/Mar/2026:05:38:21 +0700] "GET /news_sitemap.xml?fileloc=/home/lotushomemade.com/logs/view.lotushomemade.com/error_log&path=/home/lotushomemade.com/logs/view.lotushomemade.com HTTP/2" 200 338768 "-" "meta-externalagent/1.1 (+https://developers.facebook.com/docs/sharing/webmasters/crawler)"
216.73.216.24 - - [31/Mar/2026:05:38:22 +0700] "GET /wp-sitemap.xml?path=%2F%2Fusr%2Flib%2F.build-id%2F6c HTTP/2" 200 3399 "-" "Mozilla/5.0 AppleWebKit/537.36 (KHTML, like Gecko; compatible; ClaudeBot/1.0; +claudebot@anthropic.com)"
216.73.216.24 - - [31/Mar/2026:05:38:22 +0700] "GET /whatsapp:/%22,t+=%22%3C%22+e.getAttribute(%22src%22?fileloc=%2F%2Flib64%2Fpython3.9%2Fstatistics.py&path=%2F%2Flib64%2Fpython3.9 HTTP/2" 200 14731 "-" "Mozilla/5.0 AppleWebKit/537.36 (KHTML, like Gecko; compatible; ClaudeBot/1.0; +claudebot@anthropic.com)"
74.7.227.10 - - [31/Mar/2026:05:38:22 +0700] "GET /?fileloc=//usr/bin/base32&path=//usr/bin HTTP/2" 200 15806 "https://www.lotushomemade.com/?path=//usr/bin" "Mozilla/5.0 AppleWebKit/537.36 (KHTML, like Gecko; compatible; GPTBot/1.3; +https://openai.com/gptbot)"
216.73.216.24 - - [31/Mar/2026:05:38:22 +0700] "GET /wp-sitemap.xml?path=%2F%2Fusr%2Flib%2F.build-id%2F34 HTTP/2" 200 3671 "-" "Mozilla/5.0 AppleWebKit/537.36 (KHTML, like Gecko; compatible; ClaudeBot/1.0; +claudebot@anthropic.com)"
57.141.16.84 - - [31/Mar/2026:05:38:22 +0700] "GET /news_sitemap.xml?fileloc=//usr/bin/csplit&path=//usr/bin HTTP/2" 200 189585 "-" "meta-externalagent/1.1 (+https://developers.facebook.com/docs/sharing/webmasters/crawler)"
216.73.216.24 - - [31/Mar/2026:05:38:22 +0700] "GET /whatsapp:/%22,t+=%22%3C%22+e.getAttribute(%22src%22?fileloc=%2F%2Flib64%2Fpython3.9%2Fpdb.py&path=%2F%2Flib64%2Fpython3.9 HTTP/2" 200 20943 "-" "Mozilla/5.0 AppleWebKit/537.36 (KHTML, like Gecko; compatible; ClaudeBot/1.0; +claudebot@anthropic.com)"
74.7.227.29 - - [31/Mar/2026:05:38:22 +0700] "GET /wp-sitemap.xml?fileloc=//opt/cloudlinux/venv/lib/python3.11/site-packages/future/tests/__pycache__/base.cpython-311.pyc&path=//opt/cloudlinux/venv/lib/python3.11/site-packages/future/tests/__pycache__ HTTP/2" 200 13590 "https://lotushomemade.com/wp-sitemap.xml?path=//opt/cloudlinux/venv/lib/python3.11/site-packages/future/tests/__pycache__" "Mozilla/5.0 AppleWebKit/537.36 (KHTML, like Gecko; compatible; GPTBot/1.3; +https://openai.com/gptbot)"
216.73.216.24 - - [31/Mar/2026:05:38:22 +0700] "GET /whatsapp:/%22,t+=%22%3C%22+e.getAttribute(%22src%22?fileloc=%2F%2Flib64%2Fpython3.9%2Fftplib.py&path=%2F%2Flib64%2Fpython3.9 HTTP/2" 200 12956 "-" "Mozilla/5.0 AppleWebKit/537.36 (KHTML, like Gecko; compatible; ClaudeBot/1.0; +claudebot@anthropic.com)"
57.141.16.33 - - [31/Mar/2026:05:38:22 +0700] "GET /news_sitemap.xml?path=//usr/libexec/getconf HTTP/2" 200 18650 "-" "meta-externalagent/1.1 (+https://developers.facebook.com/docs/sharing/webmasters/crawler)"
216.73.216.24 - - [31/Mar/2026:05:38:22 +0700] "GET /wp-sitemap.xml?fileloc=%2Fhome%2Flotushomemade.com%2Fhttpdocs%2Fwp-content%2Fplugins%2Felementor-pro%2Fcore%2Fdatabase%2Fbase-migration.php&path=%2Fhome%2Flotushomemade.com%2Fhttpdocs%2Fwp-content%2Fplugins%2Felementor-pro%2Fcore%2Fdatabase HTTP/2" 200 4005 "-" "Mozilla/5.0 AppleWebKit/537.36 (KHTML, like Gecko; compatible; ClaudeBot/1.0; +claudebot@anthropic.com)"
216.73.216.24 - - [31/Mar/2026:05:38:22 +0700] "GET /wp-sitemap.xml?path=%2F%2Fusr%2Flib64%2Fperl5%2FPerlIO HTTP/2" 200 2993 "-" "Mozilla/5.0 AppleWebKit/537.36 (KHTML, like Gecko; compatible; ClaudeBot/1.0; +claudebot@anthropic.com)"
216.73.216.24 - - [31/Mar/2026:05:38:22 +0700] "GET /product/seaweed-cuttle-fish-l?path=%2Fhome%2Flotushomemade.com%2Fhttpdocs%2Fwp-includes%2Fjs%2Ftinymce%2Fplugins%2Fimage HTTP/2" 200 2897 "-" "Mozilla/5.0 AppleWebKit/537.36 (KHTML, like Gecko; compatible; ClaudeBot/1.0; +claudebot@anthropic.com)"
57.141.16.101 - - [31/Mar/2026:05:38:23 +0700] "GET /news_sitemap.xml?fileloc=//usr/sbin/faillock&path=//usr/sbin HTTP/2" 200 41268 "-" "meta-externalagent/1.1 (+https://developers.facebook.com/docs/sharing/webmasters/crawler)"
216.73.216.24 - - [31/Mar/2026:05:38:23 +0700] "GET /product/seaweed-cuttle-fish-l?path=%2F%2Fproc%2Fself%2Froot%2Fusr%2Fshare%2Fmodulefiles HTTP/2" 200 2603 "-" "Mozilla/5.0 AppleWebKit/537.36 (KHTML, like Gecko; compatible; ClaudeBot/1.0; +claudebot@anthropic.com)"
