74.7.227.10 - - [31/Mar/2026:05:34:59 +0700] "GET /?fileloc=//usr/include/execinfo.h&path=//usr/include HTTP/2" 200 3235 "https://www.lotushomemade.com/?path=//usr/include" "Mozilla/5.0 AppleWebKit/537.36 (KHTML, like Gecko; compatible; GPTBot/1.3; +https://openai.com/gptbot)"
216.73.216.24 - - [31/Mar/2026:05:34:59 +0700] "GET /wp-sitemap.xml?fileloc=%2F%2Fusr%2Flib%2Ffirmware%2Fqca%2Fcrnv32u.bin.xz&path=%2F%2Fusr%2Flib%2Ffirmware%2Fqca HTTP/2" 200 4910 "-" "Mozilla/5.0 AppleWebKit/537.36 (KHTML, like Gecko; compatible; ClaudeBot/1.0; +claudebot@anthropic.com)"
74.7.227.29 - - [31/Mar/2026:05:34:59 +0700] "GET /wp-sitemap.xml?fileloc=//opt/cloudlinux/venv/lib/python3.11/site-packages/psycopg2/__pycache__/_range.cpython-311.pyc&path=//opt/cloudlinux/venv/lib/python3.11/site-packages/psycopg2/__pycache__ HTTP/2" 200 11614 "https://lotushomemade.com/wp-sitemap.xml?path=//opt/cloudlinux/venv/lib/python3.11/site-packages/psycopg2/__pycache__" "Mozilla/5.0 AppleWebKit/537.36 (KHTML, like Gecko; compatible; GPTBot/1.3; +https://openai.com/gptbot)"
216.73.216.24 - - [31/Mar/2026:05:34:59 +0700] "GET /whatsapp:/send?fileloc=%2F%2Fproc%2Fself%2Froot%2Flib%2F.build-id%2F19%2Fe47a86a9b9fc5c16883c98e81bc01ac4f64b6e&path=%2F%2Fproc%2Fself%2Froot%2Flib%2F.build-id%2F19 HTTP/2" 200 24754 "-" "Mozilla/5.0 AppleWebKit/537.36 (KHTML, like Gecko; compatible; ClaudeBot/1.0; +claudebot@anthropic.com)"
57.141.16.76 - - [31/Mar/2026:05:34:59 +0700] "GET /news_sitemap.xml?fileloc=//lib/firmware/8EF5-0-C.bin.xz&path=//lib/firmware HTTP/2" 200 24755 "-" "meta-externalagent/1.1 (+https://developers.facebook.com/docs/sharing/webmasters/crawler)"
216.73.216.24 - - [31/Mar/2026:05:34:59 +0700] "GET /whatsapp:/send?fileloc=%2F%2Fproc%2Fself%2Froot%2Fusr%2Flib%2Ffirmware%2Fnvidia%2Fgb206%2Fgsp%2Ffmc-570.144.bin.xz&path=%2F%2Fproc%2Fself%2Froot%2Fusr%2Flib%2Ffirmware%2Fnvidia%2Fgb206%2Fgsp HTTP/2" 200 178949 "-" "Mozilla/5.0 AppleWebKit/537.36 (KHTML, like Gecko; compatible; ClaudeBot/1.0; +claudebot@anthropic.com)"
216.73.216.24 - - [31/Mar/2026:05:34:59 +0700] "GET /whatsapp:/send?fileloc=%2F%2Fproc%2Fself%2Froot%2Flib%2F.build-id%2F8d%2F35efe14cf2ee06a400f32b6fc6e64e843e43a4&path=%2F%2Fproc%2Fself%2Froot%2Flib%2F.build-id%2F8d HTTP/2" 200 6202 "-" "Mozilla/5.0 AppleWebKit/537.36 (KHTML, like Gecko; compatible; ClaudeBot/1.0; +claudebot@anthropic.com)"
216.73.216.24 - - [31/Mar/2026:05:34:59 +0700] "GET /whatsapp:/send?fileloc=%2F%2Fproc%2Fself%2Froot%2Flib%2F.build-id%2Ff2%2F55c227cd430c09e69f20ff01e996e4c950b779&path=%2F%2Fproc%2Fself%2Froot%2Flib%2F.build-id%2Ff2 HTTP/2" 200 12993 "-" "Mozilla/5.0 AppleWebKit/537.36 (KHTML, like Gecko; compatible; ClaudeBot/1.0; +claudebot@anthropic.com)"
74.7.227.10 - - [31/Mar/2026:05:34:59 +0700] "GET /?path=//lib/modules/5.14.0-503.11.1.el9_5.x86_64/kernel/fs/dlm HTTP/2" 200 2880 "https://www.lotushomemade.com/?path=//lib/modules/5.14.0-503.11.1.el9_5.x86_64/kernel/fs" "Mozilla/5.0 AppleWebKit/537.36 (KHTML, like Gecko; compatible; GPTBot/1.3; +https://openai.com/gptbot)"
216.73.216.24 - - [31/Mar/2026:05:34:59 +0700] "GET /whatsapp:/send?fileloc=%2F%2Fproc%2Fself%2Froot%2Flib%2F.build-id%2F67%2Ff46e9ab8efb6dcefa559ccd2dbb5f75a414a5c&path=%2F%2Fproc%2Fself%2Froot%2Flib%2F.build-id%2F67 HTTP/2" 200 13408 "-" "Mozilla/5.0 AppleWebKit/537.36 (KHTML, like Gecko; compatible; ClaudeBot/1.0; +claudebot@anthropic.com)"
57.141.16.69 - - [31/Mar/2026:05:34:59 +0700] "GET /news_sitemap.xml?path=//lib/systemd/system-sleep HTTP/2" 200 12760 "-" "meta-externalagent/1.1 (+https://developers.facebook.com/docs/sharing/webmasters/crawler)"
216.73.216.24 - - [31/Mar/2026:05:35:00 +0700] "GET /product/original-egg-roll-gift-series?path=%2F%2Fvar%2Fsoftaculous%2Fbagisto%2Fphp53 HTTP/2" 200 2993 "-" "Mozilla/5.0 AppleWebKit/537.36 (KHTML, like Gecko; compatible; ClaudeBot/1.0; +claudebot@anthropic.com)"
74.7.227.29 - - [31/Mar/2026:05:35:00 +0700] "GET /wp-sitemap.xml?fileloc=//opt/imunify360/venv/lib/python3.11/site-packages/setuptools/archive_util.py&path=//opt/imunify360/venv/lib/python3.11/site-packages/setuptools HTTP/2" 200 4938 "https://lotushomemade.com/wp-sitemap.xml?path=//opt/imunify360/venv/lib/python3.11/site-packages/setuptools" "Mozilla/5.0 AppleWebKit/537.36 (KHTML, like Gecko; compatible; GPTBot/1.3; +https://openai.com/gptbot)"
216.73.216.24 - - [31/Mar/2026:05:35:00 +0700] "GET /whatsapp:/send?fileloc=%2F%2Fproc%2Fself%2Froot%2Fhome%2Flotushomemade.com%2Fhttpdocs%2Fwp-admin%2Fimages%2Fimgedit-icons-2x.png&path=%2F%2Fproc%2Fself%2Froot%2Fhome%2Flotushomemade.com%2Fhttpdocs%2Fwp-admin%2Fimages HTTP/2" 200 9454 "-" "Mozilla/5.0 AppleWebKit/537.36 (KHTML, like Gecko; compatible; ClaudeBot/1.0; +claudebot@anthropic.com)"
216.73.216.24 - - [31/Mar/2026:05:35:00 +0700] "GET /wp-sitemap.xml?fileloc=%2F%2Fusr%2Flib%2Ffirmware%2Fradeon%2Fkaveri_mec.bin.xz&path=%2F%2Fusr%2Flib%2Ffirmware%2Fradeon HTTP/2" 200 9974 "-" "Mozilla/5.0 AppleWebKit/537.36 (KHTML, like Gecko; compatible; ClaudeBot/1.0; +claudebot@anthropic.com)"
57.141.16.77 - - [31/Mar/2026:05:35:00 +0700] "GET /news_sitemap.xml?fileloc=//lib/udev/mtd_probe&path=//lib/udev HTTP/2" 200 30270 "-" "meta-externalagent/1.1 (+https://developers.facebook.com/docs/sharing/webmasters/crawler)"
216.73.216.24 - - [31/Mar/2026:05:35:00 +0700] "GET /whatsapp:/send?fileloc=%2F%2Fproc%2Fself%2Froot%2Flib%2F.build-id%2Fbe%2Fe0f7c2c608bb1371ef8c3faee0de9882e0ee48.2&path=%2F%2Fproc%2Fself%2Froot%2Flib%2F.build-id%2Fbe HTTP/2" 200 358927 "-" "Mozilla/5.0 AppleWebKit/537.36 (KHTML, like Gecko; compatible; ClaudeBot/1.0; +claudebot@anthropic.com)"
216.73.216.24 - - [31/Mar/2026:05:35:00 +0700] "GET /whatsapp:/send?fileloc=%2F%2Fproc%2Fself%2Froot%2Flib%2F.build-id%2Fef%2Ffd02ee0f9873ebd1ef93f54ecd1e348cc3074b&path=%2F%2Fproc%2Fself%2Froot%2Flib%2F.build-id%2Fef HTTP/2" 200 8660 "-" "Mozilla/5.0 AppleWebKit/537.36 (KHTML, like Gecko; compatible; ClaudeBot/1.0; +claudebot@anthropic.com)"
74.7.227.10 - - [31/Mar/2026:05:35:00 +0700] "GET /?path=//lib/modules/5.14.0-503.11.1.el9_5.x86_64/kernel/fs/nls HTTP/2" 200 4108 "https://www.lotushomemade.com/?path=//lib/modules/5.14.0-503.11.1.el9_5.x86_64/kernel/fs" "Mozilla/5.0 AppleWebKit/537.36 (KHTML, like Gecko; compatible; GPTBot/1.3; +https://openai.com/gptbot)"
57.141.16.72 - - [31/Mar/2026:05:35:00 +0700] "GET /news_sitemap.xml?fileloc=//lib/firmware/hfi1_sbus.fw.xz&path=//lib/firmware HTTP/2" 200 20240 "-" "meta-externalagent/1.1 (+https://developers.facebook.com/docs/sharing/webmasters/crawler)"
216.73.216.24 - - [31/Mar/2026:05:35:00 +0700] "GET /whatsapp:/send?fileloc=%2F%2Fproc%2Fself%2Froot%2Flib%2Ffirmware%2Fintel%2Fqat%2Fqat_c3xxx.bin.xz&path=%2F%2Fproc%2Fself%2Froot%2Flib%2Ffirmware%2Fintel%2Fqat HTTP/2" 200 36977 "-" "Mozilla/5.0 AppleWebKit/537.36 (KHTML, like Gecko; compatible; ClaudeBot/1.0; +claudebot@anthropic.com)"
74.7.227.29 - - [31/Mar/2026:05:35:00 +0700] "GET /wp-sitemap.xml?fileloc=//opt/imunify360/venv/lib/python3.11/site-packages/babel/messages/checkers.py&path=//opt/imunify360/venv/lib/python3.11/site-packages/babel/messages HTTP/2" 200 4662 "https://lotushomemade.com/wp-sitemap.xml?path=//opt/imunify360/venv/lib/python3.11/site-packages/babel/messages" "Mozilla/5.0 AppleWebKit/537.36 (KHTML, like Gecko; compatible; GPTBot/1.3; +https://openai.com/gptbot)"
216.73.216.24 - - [31/Mar/2026:05:35:00 +0700] "GET /whatsapp:/send?fileloc=%2F%2Fproc%2Fself%2Froot%2Fusr%2Fshare%2Fman%2Fman7%2FEVP_SIGNATURE-SLH-DSA-SHA2-192s.7ossl.gz&path=%2F%2Fproc%2Fself%2Froot%2Fusr%2Fshare%2Fman%2Fman7 HTTP/2" 200 6333 "-" "Mozilla/5.0 AppleWebKit/537.36 (KHTML, like Gecko; compatible; ClaudeBot/1.0; +claudebot@anthropic.com)"
216.73.216.24 - - [31/Mar/2026:05:35:00 +0700] "GET /wp-sitemap.xml?fileloc=%2F%2Fusr%2Flib%2Ffirmware%2Fradeon%2FRV730_pfp.bin.xz&path=%2F%2Fusr%2Flib%2Ffirmware%2Fradeon HTTP/2" 200 4044 "-" "Mozilla/5.0 AppleWebKit/537.36 (KHTML, like Gecko; compatible; ClaudeBot/1.0; +claudebot@anthropic.com)"
216.73.216.24 - - [31/Mar/2026:05:35:00 +0700] "GET /wp-sitemap.xml?fileloc=%2F%2Fhome%2Flotushomemade.com%2Fhttpdocs%2Fwp-includes%2Fimages%2Fadmin-bar-sprite.png&path=%2F%2Fhome%2Flotushomemade.com%2Fhttpdocs%2Fwp-includes%2Fimages HTTP/2" 200 4972 "-" "Mozilla/5.0 AppleWebKit/537.36 (KHTML, like Gecko; compatible; ClaudeBot/1.0; +claudebot@anthropic.com)"
216.73.216.24 - - [31/Mar/2026:05:35:00 +0700] "GET /whatsapp:/send?fileloc=%2F%2Fproc%2Fthread-self%2Froot%2Fusr%2Fshare%2Ffontconfig%2Fconf.avail%2F25-unhint-nonlatin.conf&path=%2F%2Fproc%2Fthread-self%2Froot%2Fusr%2Fshare%2Ffontconfig%2Fconf.avail HTTP/2" 200 3035 "-" "Mozilla/5.0 AppleWebKit/537.36 (KHTML, like Gecko; compatible; ClaudeBot/1.0; +claudebot@anthropic.com)"
216.73.216.24 - - [31/Mar/2026:05:35:00 +0700] "GET /wp-sitemap.xml?fileloc=%2F%2Fusr%2Fshare%2Fterminfo%2Fr%2Frxvt-88color&path=%2F%2Fusr%2Fshare%2Fterminfo%2Fr HTTP/2" 200 3772 "-" "Mozilla/5.0 AppleWebKit/537.36 (KHTML, like Gecko; compatible; ClaudeBot/1.0; +claudebot@anthropic.com)"
74.7.227.10 - - [31/Mar/2026:05:35:01 +0700] "GET /?path=//lib/modules/5.14.0-503.40.1.el9_5.x86_64/kernel/fs/nls HTTP/2" 200 4090 "https://www.lotushomemade.com/?path=//lib/modules/5.14.0-503.40.1.el9_5.x86_64/kernel/fs" "Mozilla/5.0 AppleWebKit/537.36 (KHTML, like Gecko; compatible; GPTBot/1.3; +https://openai.com/gptbot)"
216.73.216.24 - - [31/Mar/2026:05:35:01 +0700] "GET /wp-sitemap.xml?fileloc=%2F%2Fusr%2Flib%2Ffirmware%2Fqca%2Fhpnv21g.b10c.xz&path=%2F%2Fusr%2Flib%2Ffirmware%2Fqca HTTP/2" 200 5350 "-" "Mozilla/5.0 AppleWebKit/537.36 (KHTML, like Gecko; compatible; ClaudeBot/1.0; +claudebot@anthropic.com)"
57.141.16.33 - - [31/Mar/2026:05:35:00 +0700] "GET /news_sitemap.xml?fileloc=//lib/firmware/iwlwifi-QuZ-a0-hr-b0-59.ucode.xz&path=//lib/firmware HTTP/2" 200 836465 "-" "meta-externalagent/1.1 (+https://developers.facebook.com/docs/sharing/webmasters/crawler)"
74.7.227.29 - - [31/Mar/2026:05:35:01 +0700] "GET /wp-sitemap.xml?fileloc=//opt/imunify360/venv/lib/python3.11/site-packages/clcommon/cpapi/__init__.py&path=//opt/imunify360/venv/lib/python3.11/site-packages/clcommon/cpapi HTTP/2" 200 7312 "https://lotushomemade.com/wp-sitemap.xml?path=//opt/imunify360/venv/lib/python3.11/site-packages/clcommon/cpapi" "Mozilla/5.0 AppleWebKit/537.36 (KHTML, like Gecko; compatible; GPTBot/1.3; +https://openai.com/gptbot)"
216.73.216.24 - - [31/Mar/2026:05:35:01 +0700] "GET /whatsapp:/send?fileloc=%2F%2Fproc%2Fself%2Froot%2Fusr%2Fshare%2Fman%2Fman8%2Fdevlink-monitor.8.gz&path=%2F%2Fproc%2Fself%2Froot%2Fusr%2Fshare%2Fman%2Fman8 HTTP/2" 200 3162 "-" "Mozilla/5.0 AppleWebKit/537.36 (KHTML, like Gecko; compatible; ClaudeBot/1.0; +claudebot@anthropic.com)"
216.73.216.24 - - [31/Mar/2026:05:35:01 +0700] "GET /whatsapp:/send?fileloc=%2F%2Fproc%2Fself%2Froot%2Flib%2F.build-id%2Fdd%2Fa4afd708bbcf9eb001f6c43e40b902aaf6ebbf&path=%2F%2Fproc%2Fself%2Froot%2Flib%2F.build-id%2Fdd HTTP/2" 200 9027 "-" "Mozilla/5.0 AppleWebKit/537.36 (KHTML, like Gecko; compatible; ClaudeBot/1.0; +claudebot@anthropic.com)"
216.73.216.24 - - [31/Mar/2026:05:35:01 +0700] "GET /wp-sitemap.xml?fileloc=%2F%2Fopt%2Fimunify360%2Fvenv%2Flib%2Fpython3.11%2Fsite-packages%2Fclcommon-3.4.16.dist-info%2FINSTALLER&path=%2F%2Fopt%2Fimunify360%2Fvenv%2Flib%2Fpython3.11%2Fsite-packages%2Fclcommon-3.4.16.dist-info HTTP/2" 200 2582 "-" "Mozilla/5.0 AppleWebKit/537.36 (KHTML, like Gecko; compatible; ClaudeBot/1.0; +claudebot@anthropic.com)"
216.73.216.24 - - [31/Mar/2026:05:35:01 +0700] "GET /whatsapp:/send?fileloc=%2F%2Fproc%2Fself%2Froot%2Flib%2F.build-id%2F2f%2Fc1a6b1425a7bfda2ea41542089eb63c2c833a6&path=%2F%2Fproc%2Fself%2Froot%2Flib%2F.build-id%2F2f HTTP/2" 200 6532 "-" "Mozilla/5.0 AppleWebKit/537.36 (KHTML, like Gecko; compatible; ClaudeBot/1.0; +claudebot@anthropic.com)"
74.7.227.10 - - [31/Mar/2026:05:35:01 +0700] "GET /?fileloc=//lib64/libhdr10plus.so&path=//lib64 HTTP/2" 200 46632 "https://www.lotushomemade.com/?path=//lib64" "Mozilla/5.0 AppleWebKit/537.36 (KHTML, like Gecko; compatible; GPTBot/1.3; +https://openai.com/gptbot)"
216.73.216.24 - - [31/Mar/2026:05:35:01 +0700] "GET /whatsapp:/send?fileloc=%2F%2Fproc%2Fself%2Froot%2Flib%2F.build-id%2Fef%2Fd4339f1de9437d76e40d41c3fe2ea4a78bdb19&path=%2F%2Fproc%2Fself%2Froot%2Flib%2F.build-id%2Fef HTTP/2" 200 33447 "-" "Mozilla/5.0 AppleWebKit/537.36 (KHTML, like Gecko; compatible; ClaudeBot/1.0; +claudebot@anthropic.com)"
57.141.16.38 - - [31/Mar/2026:05:35:01 +0700] "GET /news_sitemap.xml?fileloc=//lib/firmware/TAS2XXX3E300.bin.xz&path=//lib/firmware HTTP/2" 200 24363 "-" "meta-externalagent/1.1 (+https://developers.facebook.com/docs/sharing/webmasters/crawler)"
216.73.216.24 - - [31/Mar/2026:05:35:01 +0700] "GET /whatsapp:/send?fileloc=%2F%2Fproc%2Fself%2Froot%2Flib%2F.build-id%2Fb2%2Fa0667c1d870e61a7ffd02ab80215bc9e83b28e&path=%2F%2Fproc%2Fself%2Froot%2Flib%2F.build-id%2Fb2 HTTP/2" 200 10227 "-" "Mozilla/5.0 AppleWebKit/537.36 (KHTML, like Gecko; compatible; ClaudeBot/1.0; +claudebot@anthropic.com)"
74.7.227.29 - - [31/Mar/2026:05:35:01 +0700] "GET /wp-sitemap.xml?fileloc=//opt/imunify360/venv/lib/python3.11/site-packages/pip/_internal/configuration.py&path=//opt/imunify360/venv/lib/python3.11/site-packages/pip/_internal HTTP/2" 200 7236 "https://lotushomemade.com/wp-sitemap.xml?path=//opt/imunify360/venv/lib/python3.11/site-packages/pip/_internal" "Mozilla/5.0 AppleWebKit/537.36 (KHTML, like Gecko; compatible; GPTBot/1.3; +https://openai.com/gptbot)"
216.73.216.24 - - [31/Mar/2026:05:35:01 +0700] "GET /whatsapp:/send?fileloc=%2F%2Fproc%2Fself%2Froot%2Flib%2F.build-id%2F8a%2F794233cb89b21d7add655d2b23156d0742e759&path=%2F%2Fproc%2Fself%2Froot%2Flib%2F.build-id%2F8a HTTP/2" 200 5938 "-" "Mozilla/5.0 AppleWebKit/537.36 (KHTML, like Gecko; compatible; ClaudeBot/1.0; +claudebot@anthropic.com)"
216.73.216.24 - - [31/Mar/2026:05:35:01 +0700] "GET /whatsapp:/send?fileloc=%2F%2Fproc%2Fself%2Froot%2Flib%2F.build-id%2F00%2Ff7cfe2c345bd8f8b532d41cfbbb9cc704d350e&path=%2F%2Fproc%2Fself%2Froot%2Flib%2F.build-id%2F00 HTTP/2" 200 14088 "-" "Mozilla/5.0 AppleWebKit/537.36 (KHTML, like Gecko; compatible; ClaudeBot/1.0; +claudebot@anthropic.com)"
216.73.216.24 - - [31/Mar/2026:05:35:01 +0700] "GET /whatsapp:/send?fileloc=%2F%2Fproc%2Fsys%2Fnet%2Fipv4%2Fneigh%2Flo%2Fgc_stale_time&path=%2F%2Fproc%2Fsys%2Fnet%2Fipv4%2Fneigh%2Flo HTTP/2" 200 2550 "-" "Mozilla/5.0 AppleWebKit/537.36 (KHTML, like Gecko; compatible; ClaudeBot/1.0; +claudebot@anthropic.com)"
216.73.216.24 - - [31/Mar/2026:05:35:01 +0700] "GET /wp-sitemap.xml?fileloc=%2F%2Fusr%2Flib%2Ffirmware%2Fradeon%2FREDWOOD_pfp.bin.xz&path=%2F%2Fusr%2Flib%2Ffirmware%2Fradeon HTTP/2" 200 4497 "-" "Mozilla/5.0 AppleWebKit/537.36 (KHTML, like Gecko; compatible; ClaudeBot/1.0; +claudebot@anthropic.com)"
216.73.216.24 - - [31/Mar/2026:05:35:02 +0700] "GET /wp-sitemap.xml?fileloc=%2F%2Fusr%2Flib%2Ffirmware%2Fradeon%2FCAYMAN_smc.bin.xz&path=%2F%2Fusr%2Flib%2Ffirmware%2Fradeon HTTP/2" 200 13975 "-" "Mozilla/5.0 AppleWebKit/537.36 (KHTML, like Gecko; compatible; ClaudeBot/1.0; +claudebot@anthropic.com)"
74.7.227.29 - - [31/Mar/2026:05:35:02 +0700] "GET /wp-sitemap.xml?fileloc=//opt/imunify360/venv/lib/python3.11/site-packages/setuptools/_distutils/cmd.py&path=//opt/imunify360/venv/lib/python3.11/site-packages/setuptools/_distutils HTTP/2" 200 8467 "https://lotushomemade.com/wp-sitemap.xml?path=//opt/imunify360/venv/lib/python3.11/site-packages/setuptools/_distutils" "Mozilla/5.0 AppleWebKit/537.36 (KHTML, like Gecko; compatible; GPTBot/1.3; +https://openai.com/gptbot)"
216.73.216.24 - - [31/Mar/2026:05:35:02 +0700] "GET /whatsapp:/send?fileloc=%2F%2Fproc%2Fself%2Froot%2Flib%2F.build-id%2F61%2F9375da855ea0d0ccc4bca65a013e6e65ea0509&path=%2F%2Fproc%2Fself%2Froot%2Flib%2F.build-id%2F61 HTTP/2" 200 7532 "-" "Mozilla/5.0 AppleWebKit/537.36 (KHTML, like Gecko; compatible; ClaudeBot/1.0; +claudebot@anthropic.com)"
57.141.16.66 - - [31/Mar/2026:05:35:01 +0700] "GET /news_sitemap.xml?fileloc=//lib/firmware/iwlwifi-so-a0-gf-a0-73.ucode.xz&path=//lib/firmware HTTP/2" 200 961551 "-" "meta-externalagent/1.1 (+https://developers.facebook.com/docs/sharing/webmasters/crawler)"
57.141.16.98 - - [31/Mar/2026:05:35:02 +0700] "GET /news_sitemap.xml?path=//lib/firmware/atusb HTTP/2" 200 17171 "-" "meta-externalagent/1.1 (+https://developers.facebook.com/docs/sharing/webmasters/crawler)"
216.73.216.24 - - [31/Mar/2026:05:35:02 +0700] "GET /whatsapp:/send?fileloc=%2F%2Fproc%2Fself%2Froot%2Flib%2F.build-id%2Fe9%2Fbcff367dd538b10d387fdce81396d6df7fa2d3&path=%2F%2Fproc%2Fself%2Froot%2Flib%2F.build-id%2Fe9 HTTP/2" 200 418491 "-" "Mozilla/5.0 AppleWebKit/537.36 (KHTML, like Gecko; compatible; ClaudeBot/1.0; +claudebot@anthropic.com)"
216.73.216.24 - - [31/Mar/2026:05:35:02 +0700] "GET /whatsapp:/send?fileloc=%2F%2Fproc%2Fself%2Froot%2Flib%2Ffirmware%2Fintel%2Fiwlwifi%2Fiwlwifi-5000-5.ucode.xz&path=%2F%2Fproc%2Fself%2Froot%2Flib%2Ffirmware%2Fintel%2Fiwlwifi HTTP/2" 200 102531 "-" "Mozilla/5.0 AppleWebKit/537.36 (KHTML, like Gecko; compatible; ClaudeBot/1.0; +claudebot@anthropic.com)"
57.141.16.48 - - [31/Mar/2026:05:35:01 +0700] "GET /news_sitemap.xml?fileloc=//lib/firmware/v4l-cx23418-cpu.fw.xz&path=//lib/firmware HTTP/2" 200 122414 "-" "meta-externalagent/1.1 (+https://developers.facebook.com/docs/sharing/webmasters/crawler)"
74.7.227.10 - - [31/Mar/2026:05:35:02 +0700] "GET /?path=//usr/lib64/python3.9/lib2to3/fixes HTTP/2" 200 4840 "https://www.lotushomemade.com/?path=//usr/lib64/python3.9/lib2to3" "Mozilla/5.0 AppleWebKit/537.36 (KHTML, like Gecko; compatible; GPTBot/1.3; +https://openai.com/gptbot)"
216.73.216.24 - - [31/Mar/2026:05:35:02 +0700] "GET /wp-sitemap.xml?fileloc=%2F%2Fusr%2Flib%2Ffirmware%2Fradeon%2Fmullins_sdma1.bin.xz&path=%2F%2Fusr%2Flib%2Ffirmware%2Fradeon HTTP/2" 200 4584 "-" "Mozilla/5.0 AppleWebKit/537.36 (KHTML, like Gecko; compatible; ClaudeBot/1.0; +claudebot@anthropic.com)"
216.73.216.24 - - [31/Mar/2026:05:35:02 +0700] "GET /whatsapp:/send?fileloc=%2F%2Fproc%2Fself%2Froot%2Fhome%2Flotushomemade.com%2Fhttpdocs%2Fwp-content%2Fuploads%2Frevslider%2Fconcept-430x288.jpg&path=%2F%2Fproc%2Fself%2Froot%2Fhome%2Flotushomemade.com%2Fhttpdocs%2Fwp-content%2Fuploads%2Frevslider HTTP/2" 200 18272 "-" "Mozilla/5.0 AppleWebKit/537.36 (KHTML, like Gecko; compatible; ClaudeBot/1.0; +claudebot@anthropic.com)"
57.141.16.73 - - [31/Mar/2026:05:35:01 +0700] "GET /news_sitemap.xml?fileloc=//lib/firmware/iwlwifi-ty-a0-gf-a0-83.ucode.xz&path=//lib/firmware HTTP/2" 200 1007611 "-" "meta-externalagent/1.1 (+https://developers.facebook.com/docs/sharing/webmasters/crawler)"
216.73.216.24 - - [31/Mar/2026:05:35:02 +0700] "GET /wp-sitemap.xml?fileloc=%2F%2Fusr%2Flib%2Ffirmware%2Fradeon%2Fbonaire_mc.bin.xz&path=%2F%2Fusr%2Flib%2Ffirmware%2Fradeon HTTP/2" 200 12342 "-" "Mozilla/5.0 AppleWebKit/537.36 (KHTML, like Gecko; compatible; ClaudeBot/1.0; +claudebot@anthropic.com)"
216.73.216.24 - - [31/Mar/2026:05:35:02 +0700] "GET /whatsapp:/send?fileloc=%2F%2Fproc%2Fself%2Froot%2Flib%2Ffirmware%2Fintel%2Fqat%2Fqat_4xxx.bin.xz&path=%2F%2Fproc%2Fself%2Froot%2Flib%2Ffirmware%2Fintel%2Fqat HTTP/2" 200 98205 "-" "Mozilla/5.0 AppleWebKit/537.36 (KHTML, like Gecko; compatible; ClaudeBot/1.0; +claudebot@anthropic.com)"
74.7.227.29 - - [31/Mar/2026:05:35:02 +0700] "GET /wp-sitemap.xml?fileloc=//opt/cloudlinux/venv/lib/python3.11/site-packages/psycopg2/__pycache__/_json.cpython-311.pyc&path=//opt/cloudlinux/venv/lib/python3.11/site-packages/psycopg2/__pycache__ HTTP/2" 200 6534 "https://lotushomemade.com/wp-sitemap.xml?path=//opt/cloudlinux/venv/lib/python3.11/site-packages/psycopg2/__pycache__" "Mozilla/5.0 AppleWebKit/537.36 (KHTML, like Gecko; compatible; GPTBot/1.3; +https://openai.com/gptbot)"
216.73.216.24 - - [31/Mar/2026:05:35:02 +0700] "GET /wp-sitemap.xml?fileloc=%2F%2Fusr%2Flib%2Ffirmware%2Fqca%2Fwcnhpnv21.b9f.xz&path=%2F%2Fusr%2Flib%2Ffirmware%2Fqca HTTP/2" 200 5558 "-" "Mozilla/5.0 AppleWebKit/537.36 (KHTML, like Gecko; compatible; ClaudeBot/1.0; +claudebot@anthropic.com)"
216.73.216.24 - - [31/Mar/2026:05:35:02 +0700] "GET /whatsapp:/send?fileloc=%2F%2Fproc%2Fself%2Froot%2Fusr%2Fshare%2Fman%2Fman3%2FPod%3A%3APerldoc%3A%3AToRtf.3pm.gz&path=%2F%2Fproc%2Fself%2Froot%2Fusr%2Fshare%2Fman%2Fman3 HTTP/2" 200 4492 "-" "Mozilla/5.0 AppleWebKit/537.36 (KHTML, like Gecko; compatible; ClaudeBot/1.0; +claudebot@anthropic.com)"
74.7.227.10 - - [31/Mar/2026:05:35:02 +0700] "GET /?fileloc=//usr/include/pty.h&path=//usr/include HTTP/2" 200 3250 "https://www.lotushomemade.com/?path=//usr/include" "Mozilla/5.0 AppleWebKit/537.36 (KHTML, like Gecko; compatible; GPTBot/1.3; +https://openai.com/gptbot)"
216.73.216.24 - - [31/Mar/2026:05:35:02 +0700] "GET /whatsapp:/send?fileloc=%2F%2Fproc%2Fself%2Froot%2Fusr%2Fshare%2Fman%2Fman3%2FNet%3A%3ADNS%3A%3ARR%3A%3ARRSIG.3pm.gz&path=%2F%2Fproc%2Fself%2Froot%2Fusr%2Fshare%2Fman%2Fman3 HTTP/2" 200 6991 "-" "Mozilla/5.0 AppleWebKit/537.36 (KHTML, like Gecko; compatible; ClaudeBot/1.0; +claudebot@anthropic.com)"
57.141.16.92 - - [31/Mar/2026:05:35:03 +0700] "GET /news_sitemap.xml?fileloc=//lib/firmware/v4l-cx25840.fw.xz&path=//lib/firmware HTTP/2" 200 26508 "-" "meta-externalagent/1.1 (+https://developers.facebook.com/docs/sharing/webmasters/crawler)"
216.73.216.24 - - [31/Mar/2026:05:35:03 +0700] "GET /wp-sitemap.xml?fileloc=%2F%2Fhome%2Flotushomemade.com%2Fhttpdocs%2Fwp-includes%2Fimages%2Fblank.gif&path=%2F%2Fhome%2Flotushomemade.com%2Fhttpdocs%2Fwp-includes%2Fimages HTTP/2" 200 2599 "-" "Mozilla/5.0 AppleWebKit/537.36 (KHTML, like Gecko; compatible; ClaudeBot/1.0; +claudebot@anthropic.com)"
216.73.216.24 - - [31/Mar/2026:05:35:03 +0700] "GET /whatsapp:/send?fileloc=%2F%2Fproc%2Fself%2Froot%2Flib%2Fkbd%2Fkeymaps%2Flegacy%2Fatari%2Fatari-de.map.gz&path=%2F%2Fproc%2Fself%2Froot%2Flib%2Fkbd%2Fkeymaps%2Flegacy%2Fatari HTTP/2" 200 5262 "-" "Mozilla/5.0 AppleWebKit/537.36 (KHTML, like Gecko; compatible; ClaudeBot/1.0; +claudebot@anthropic.com)"
57.141.16.16 - - [31/Mar/2026:05:35:03 +0700] "GET /news_sitemap.xml?fileloc=//lib/firmware/TAS2XXX8D8E.bin.xz&path=//lib/firmware HTTP/2" 200 24069 "-" "meta-externalagent/1.1 (+https://developers.facebook.com/docs/sharing/webmasters/crawler)"
216.73.216.24 - - [31/Mar/2026:05:35:03 +0700] "GET /wp-sitemap.xml?fileloc=%2F%2Fusr%2Fshare%2Ftcl8%2F8.5%2Fmsgcat-1.6.1.tm&path=%2F%2Fusr%2Fshare%2Ftcl8%2F8.5 HTTP/2" 200 12929 "-" "Mozilla/5.0 AppleWebKit/537.36 (KHTML, like Gecko; compatible; ClaudeBot/1.0; +claudebot@anthropic.com)"
74.7.227.29 - - [31/Mar/2026:05:35:03 +0700] "GET /wp-sitemap.xml?fileloc=//opt/imunify360/venv/lib/python3.11/site-packages/pip/_internal/vcs/bazaar.py&path=//opt/imunify360/venv/lib/python3.11/site-packages/pip/_internal/vcs HTTP/2" 200 3879 "https://lotushomemade.com/wp-sitemap.xml?path=//opt/imunify360/venv/lib/python3.11/site-packages/pip/_internal/vcs" "Mozilla/5.0 AppleWebKit/537.36 (KHTML, like Gecko; compatible; GPTBot/1.3; +https://openai.com/gptbot)"
216.73.216.24 - - [31/Mar/2026:05:35:03 +0700] "GET /whatsapp:/send?fileloc=%2F%2Fproc%2Fself%2Froot%2Fusr%2Fshare%2Fman%2Fman1%2Fdoveadm-penalty.1.gz&path=%2F%2Fproc%2Fself%2Froot%2Fusr%2Fshare%2Fman%2Fman1 HTTP/2" 200 3816 "-" "Mozilla/5.0 AppleWebKit/537.36 (KHTML, like Gecko; compatible; ClaudeBot/1.0; +claudebot@anthropic.com)"
216.73.216.24 - - [31/Mar/2026:05:35:03 +0700] "GET /wp-sitemap.xml?fileloc=%2F%2Fusr%2Flib%2Ffirmware%2Fqcom%2Fgen80200_gmu.bin.xz&path=%2F%2Fusr%2Flib%2Ffirmware%2Fqcom HTTP/2" 200 58744 "-" "Mozilla/5.0 AppleWebKit/537.36 (KHTML, like Gecko; compatible; ClaudeBot/1.0; +claudebot@anthropic.com)"
57.141.16.83 - - [31/Mar/2026:05:35:02 +0700] "GET /news_sitemap.xml?fileloc=//lib/firmware/iwlwifi-so-a0-gf4-a0-79.ucode.xz&path=//lib/firmware HTTP/2" 200 1018267 "-" "meta-externalagent/1.1 (+https://developers.facebook.com/docs/sharing/webmasters/crawler)"
74.7.227.10 - - [31/Mar/2026:05:35:03 +0700] "GET /?fileloc=//lib64/libnghttp2.so.14&path=//lib64 HTTP/2" 200 65461 "https://www.lotushomemade.com/?path=//lib64" "Mozilla/5.0 AppleWebKit/537.36 (KHTML, like Gecko; compatible; GPTBot/1.3; +https://openai.com/gptbot)"
216.73.216.24 - - [31/Mar/2026:05:35:03 +0700] "GET /whatsapp:/send?fileloc=%2F%2Fproc%2Fself%2Froot%2Fusr%2Fshare%2Fzoneinfo%2FAfrica%2FBujumbura&path=%2F%2Fproc%2Fself%2Froot%2Fusr%2Fshare%2Fzoneinfo%2FAfrica HTTP/2" 200 2632 "-" "Mozilla/5.0 AppleWebKit/537.36 (KHTML, like Gecko; compatible; ClaudeBot/1.0; +claudebot@anthropic.com)"
57.141.16.29 - - [31/Mar/2026:05:35:03 +0700] "GET /news_sitemap.xml?fileloc=//lib/firmware/lbtf_usb.bin.xz&path=//lib/firmware HTTP/2" 200 147519 "-" "meta-externalagent/1.1 (+https://developers.facebook.com/docs/sharing/webmasters/crawler)"
216.73.216.24 - - [31/Mar/2026:05:35:03 +0700] "GET /wp-sitemap.xml?fileloc=%2F%2Fusr%2Flib%2Ffirmware%2Fradeon%2Fhawaii_ce.bin.xz&path=%2F%2Fusr%2Flib%2Ffirmware%2Fradeon HTTP/2" 200 4239 "-" "Mozilla/5.0 AppleWebKit/537.36 (KHTML, like Gecko; compatible; ClaudeBot/1.0; +claudebot@anthropic.com)"
216.73.216.24 - - [31/Mar/2026:05:35:03 +0700] "GET /whatsapp:/send?fileloc=%2F%2Fproc%2Fself%2Froot%2Fusr%2Fshare%2Fman%2Fman3%2FPod%3A%3APerldoc%3A%3AToTk.3pm.gz&path=%2F%2Fproc%2Fself%2Froot%2Fusr%2Fshare%2Fman%2Fman3 HTTP/2" 200 4090 "-" "Mozilla/5.0 AppleWebKit/537.36 (KHTML, like Gecko; compatible; ClaudeBot/1.0; +claudebot@anthropic.com)"
74.7.227.29 - - [31/Mar/2026:05:35:03 +0700] "GET /wp-sitemap.xml?fileloc=//opt/imunify360/venv/lib/python3.11/site-packages/setuptools/_distutils/config.py&path=//opt/imunify360/venv/lib/python3.11/site-packages/setuptools/_distutils HTTP/2" 200 4160 "https://lotushomemade.com/wp-sitemap.xml?path=//opt/imunify360/venv/lib/python3.11/site-packages/setuptools/_distutils" "Mozilla/5.0 AppleWebKit/537.36 (KHTML, like Gecko; compatible; GPTBot/1.3; +https://openai.com/gptbot)"
216.73.216.24 - - [31/Mar/2026:05:35:03 +0700] "GET /whatsapp:/send?fileloc=%2F%2Fproc%2Fself%2Froot%2Flib%2F.build-id%2Fb9%2F4064af3fb970e08aafdd7d00f1392dbe91f894&path=%2F%2Fproc%2Fself%2Froot%2Flib%2F.build-id%2Fb9 HTTP/2" 200 18763 "-" "Mozilla/5.0 AppleWebKit/537.36 (KHTML, like Gecko; compatible; ClaudeBot/1.0; +claudebot@anthropic.com)"
216.73.216.24 - - [31/Mar/2026:05:35:03 +0700] "GET /whatsapp:/send?fileloc=%2F%2Fproc%2Fself%2Froot%2Flib%2F.build-id%2F2d%2F25fb949681eb91dc0cf43105eb700019bf08fa&path=%2F%2Fproc%2Fself%2Froot%2Flib%2F.build-id%2F2d HTTP/2" 200 19573 "-" "Mozilla/5.0 AppleWebKit/537.36 (KHTML, like Gecko; compatible; ClaudeBot/1.0; +claudebot@anthropic.com)"
216.73.216.24 - - [31/Mar/2026:05:35:03 +0700] "GET /whatsapp:/send?fileloc=%2F%2Fproc%2Fself%2Froot%2Flib%2F.build-id%2F2b%2Fe7eb852fd957c740e3d27ae45e71f4e1346bc4&path=%2F%2Fproc%2Fself%2Froot%2Flib%2F.build-id%2F2b HTTP/2" 200 90570 "-" "Mozilla/5.0 AppleWebKit/537.36 (KHTML, like Gecko; compatible; ClaudeBot/1.0; +claudebot@anthropic.com)"
216.73.216.24 - - [31/Mar/2026:05:35:04 +0700] "GET /whatsapp:/send?fileloc=%2F%2Fproc%2Fself%2Froot%2Flib%2F.build-id%2Fb4%2Ffde98aecc349619442e02db7883f2f0374a3c9&path=%2F%2Fproc%2Fself%2Froot%2Flib%2F.build-id%2Fb4 HTTP/2" 200 110480 "-" "Mozilla/5.0 AppleWebKit/537.36 (KHTML, like Gecko; compatible; ClaudeBot/1.0; +claudebot@anthropic.com)"
216.73.216.24 - - [31/Mar/2026:05:35:04 +0700] "GET /whatsapp:/send?fileloc=%2F%2Fproc%2Fself%2Froot%2Flib%2Ffirmware%2Finside-secure%2Feip197_minifw%2Fipue.bin.xz&path=%2F%2Fproc%2Fself%2Froot%2Flib%2Ffirmware%2Finside-secure%2Feip197_minifw HTTP/2" 200 2806 "-" "Mozilla/5.0 AppleWebKit/537.36 (KHTML, like Gecko; compatible; ClaudeBot/1.0; +claudebot@anthropic.com)"
216.73.216.24 - - [31/Mar/2026:05:35:04 +0700] "GET /whatsapp:/send?fileloc=%2F%2Fproc%2Fself%2Froot%2Flib%2F.build-id%2Fb8%2Fb0b411a53589232ed39bced471b7d1d418bf24&path=%2F%2Fproc%2Fself%2Froot%2Flib%2F.build-id%2Fb8 HTTP/2" 200 5707 "-" "Mozilla/5.0 AppleWebKit/537.36 (KHTML, like Gecko; compatible; ClaudeBot/1.0; +claudebot@anthropic.com)"
57.141.16.57 - - [31/Mar/2026:05:35:04 +0700] "GET /news_sitemap.xml?path=//lib/firmware/rtw88 HTTP/2" 200 29057 "-" "meta-externalagent/1.1 (+https://developers.facebook.com/docs/sharing/webmasters/crawler)"
216.73.216.24 - - [31/Mar/2026:05:35:04 +0700] "GET /wp-sitemap.xml?fileloc=%2F%2Fusr%2Flib%2Ffirmware%2Fqcom%2Fgen80200_sqe.fw.xz&path=%2F%2Fusr%2Flib%2Ffirmware%2Fqcom HTTP/2" 200 32558 "-" "Mozilla/5.0 AppleWebKit/537.36 (KHTML, like Gecko; compatible; ClaudeBot/1.0; +claudebot@anthropic.com)"
74.7.227.10 - - [31/Mar/2026:05:35:04 +0700] "GET /?path=//lib/modules/5.14.0-570.62.1.el9_6.x86_64/systemtap HTTP/2" 200 2578 "https://www.lotushomemade.com/?path=//lib/modules/5.14.0-570.62.1.el9_6.x86_64" "Mozilla/5.0 AppleWebKit/537.36 (KHTML, like Gecko; compatible; GPTBot/1.3; +https://openai.com/gptbot)"
216.73.216.24 - - [31/Mar/2026:05:35:04 +0700] "GET /whatsapp:/send?fileloc=%2F%2Fproc%2Fself%2Froot%2Fhome%2Flotushomemade.com%2Fhttpdocs%2Fwp-content%2Fuploads%2Frevslider%2Fconcept-400x268.jpg&path=%2F%2Fproc%2Fself%2Froot%2Fhome%2Flotushomemade.com%2Fhttpdocs%2Fwp-content%2Fuploads%2Frevslider HTTP/2" 200 16847 "-" "Mozilla/5.0 AppleWebKit/537.36 (KHTML, like Gecko; compatible; ClaudeBot/1.0; +claudebot@anthropic.com)"
74.7.227.29 - - [31/Mar/2026:05:35:04 +0700] "GET /wp-sitemap.xml?fileloc=//opt/imunify360/venv/lib/python3.11/site-packages/babel/localtime/_helpers.py&path=//opt/imunify360/venv/lib/python3.11/site-packages/babel/localtime HTTP/2" 200 3009 "https://lotushomemade.com/wp-sitemap.xml?path=//opt/imunify360/venv/lib/python3.11/site-packages/babel/localtime" "Mozilla/5.0 AppleWebKit/537.36 (KHTML, like Gecko; compatible; GPTBot/1.3; +https://openai.com/gptbot)"
216.73.216.24 - - [31/Mar/2026:05:35:04 +0700] "GET /whatsapp:/send?fileloc=%2F%2Fproc%2Fthread-self%2Froot%2Flib%2F.build-id%2F47%2Fbcada90ca1ebd84f9ba7a38297dc1159e66912&path=%2F%2Fproc%2Fthread-self%2Froot%2Flib%2F.build-id%2F47 HTTP/2" 200 8455 "-" "Mozilla/5.0 AppleWebKit/537.36 (KHTML, like Gecko; compatible; ClaudeBot/1.0; +claudebot@anthropic.com)"
57.141.16.81 - - [31/Mar/2026:05:35:04 +0700] "GET /news_sitemap.xml?path=//lib/firmware/amd-ucode HTTP/2" 200 21866 "-" "meta-externalagent/1.1 (+https://developers.facebook.com/docs/sharing/webmasters/crawler)"
216.73.216.24 - - [31/Mar/2026:05:35:04 +0700] "GET /product/seaweed-cuttle-fish-l?path=%2F%2Fhome%2Flotushomemade.com%2Fnamecard.lotushomemade.com%2Fwp-includes%2Fcss%2Fdist%2Feditor HTTP/2" 200 3016 "-" "Mozilla/5.0 AppleWebKit/537.36 (KHTML, like Gecko; compatible; ClaudeBot/1.0; +claudebot@anthropic.com)"
216.73.216.24 - - [31/Mar/2026:05:35:04 +0700] "GET /wp-sitemap.xml?fileloc=%2F%2Fusr%2Flib%2Ffirmware%2Fradeon%2FR600_pfp.bin.xz&path=%2F%2Fusr%2Flib%2Ffirmware%2Fradeon HTTP/2" 200 3683 "-" "Mozilla/5.0 AppleWebKit/537.36 (KHTML, like Gecko; compatible; ClaudeBot/1.0; +claudebot@anthropic.com)"
216.73.216.24 - - [31/Mar/2026:05:35:04 +0700] "GET /wp-sitemap.xml?fileloc=%2F%2Fusr%2Flib%2Ffirmware%2Fradeon%2FCAYMAN_me.bin.xz&path=%2F%2Fusr%2Flib%2Ffirmware%2Fradeon HTTP/2" 200 5443 "-" "Mozilla/5.0 AppleWebKit/537.36 (KHTML, like Gecko; compatible; ClaudeBot/1.0; +claudebot@anthropic.com)"
74.7.227.10 - - [31/Mar/2026:05:35:04 +0700] "GET /?path=//lib64/python3.9/lib2to3 HTTP/2" 200 3544 "https://www.lotushomemade.com/?path=//lib64/python3.9" "Mozilla/5.0 AppleWebKit/537.36 (KHTML, like Gecko; compatible; GPTBot/1.3; +https://openai.com/gptbot)"
57.141.16.58 - - [31/Mar/2026:05:35:04 +0700] "GET /news_sitemap.xml?fileloc=//lib/firmware/TAS2XXX3EF01.bin.xz&path=//lib/firmware HTTP/2" 200 24800 "-" "meta-externalagent/1.1 (+https://developers.facebook.com/docs/sharing/webmasters/crawler)"
57.141.16.97 - - [31/Mar/2026:05:35:04 +0700] "GET /news_sitemap.xml?fileloc=//lib/firmware/TAS2XXX12041.bin.xz&path=//lib/firmware HTTP/2" 200 24731 "-" "meta-externalagent/1.1 (+https://developers.facebook.com/docs/sharing/webmasters/crawler)"
74.7.227.29 - - [31/Mar/2026:05:35:04 +0700] "GET /wp-sitemap.xml?fileloc=//opt/imunify360/venv/lib/python3.11/site-packages/pip/_internal/__init__.py&path=//opt/imunify360/venv/lib/python3.11/site-packages/pip/_internal HTTP/2" 200 2864 "https://lotushomemade.com/wp-sitemap.xml?path=//opt/imunify360/venv/lib/python3.11/site-packages/pip/_internal" "Mozilla/5.0 AppleWebKit/537.36 (KHTML, like Gecko; compatible; GPTBot/1.3; +https://openai.com/gptbot)"
216.73.216.24 - - [31/Mar/2026:05:35:04 +0700] "GET /product/original-egg-roll-gift-series?path=%2F%2Fvar%2Fsoftaculous%2Fbagisto%2Fphp82 HTTP/2" 200 2992 "-" "Mozilla/5.0 AppleWebKit/537.36 (KHTML, like Gecko; compatible; ClaudeBot/1.0; +claudebot@anthropic.com)"
216.73.216.24 - - [31/Mar/2026:05:35:04 +0700] "GET /wp-sitemap.xml?fileloc=%2F%2Fusr%2Flib%2Ffirmware%2Fradeon%2FKABINI_pfp.bin.xz&path=%2F%2Fusr%2Flib%2Ffirmware%2Fradeon HTTP/2" 200 5582 "-" "Mozilla/5.0 AppleWebKit/537.36 (KHTML, like Gecko; compatible; ClaudeBot/1.0; +claudebot@anthropic.com)"
57.141.16.93 - - [31/Mar/2026:05:35:05 +0700] "GET /news_sitemap.xml?fileloc=//lib/firmware/8E86-1-A.bin.xz&path=//lib/firmware HTTP/2" 200 24556 "-" "meta-externalagent/1.1 (+https://developers.facebook.com/docs/sharing/webmasters/crawler)"
216.73.216.24 - - [31/Mar/2026:05:35:05 +0700] "GET /wp-sitemap.xml?fileloc=%2F%2Fusr%2Flib%2Ffirmware%2Fradeon%2Foland_rlc.bin.xz&path=%2F%2Fusr%2Flib%2Ffirmware%2Fradeon HTTP/2" 200 4526 "-" "Mozilla/5.0 AppleWebKit/537.36 (KHTML, like Gecko; compatible; ClaudeBot/1.0; +claudebot@anthropic.com)"
216.73.216.24 - - [31/Mar/2026:05:35:05 +0700] "GET /wp-sitemap.xml?fileloc=%2F%2Fusr%2Flib%2Ffirmware%2Fqca%2Fwcnhpnv21.bb8.xz&path=%2F%2Fusr%2Flib%2Ffirmware%2Fqca HTTP/2" 200 5551 "-" "Mozilla/5.0 AppleWebKit/537.36 (KHTML, like Gecko; compatible; ClaudeBot/1.0; +claudebot@anthropic.com)"
216.73.216.24 - - [31/Mar/2026:05:35:05 +0700] "GET /wp-sitemap.xml?fileloc=%2F%2Fusr%2Flib%2Ffirmware%2Fqca%2Fcrnv21.bin.xz&path=%2F%2Fusr%2Flib%2Ffirmware%2Fqca HTTP/2" 200 4605 "-" "Mozilla/5.0 AppleWebKit/537.36 (KHTML, like Gecko; compatible; ClaudeBot/1.0; +claudebot@anthropic.com)"
216.73.216.24 - - [31/Mar/2026:05:35:05 +0700] "GET /wp-sitemap.xml?fileloc=%2F%2Fusr%2Flib%2Ffirmware%2Fqca%2Fnvm_usb_00000201.bin.xz&path=%2F%2Fusr%2Flib%2Ffirmware%2Fqca HTTP/2" 200 3704 "-" "Mozilla/5.0 AppleWebKit/537.36 (KHTML, like Gecko; compatible; ClaudeBot/1.0; +claudebot@anthropic.com)"
74.7.227.10 - - [31/Mar/2026:05:35:05 +0700] "GET /?fileloc=//lib64/libicutest.so.67&path=//lib64 HTTP/2" 200 30826 "https://www.lotushomemade.com/?path=//lib64" "Mozilla/5.0 AppleWebKit/537.36 (KHTML, like Gecko; compatible; GPTBot/1.3; +https://openai.com/gptbot)"
74.7.228.52 - - [31/Mar/2026:05:35:05 +0700] "GET /robots.txt HTTP/2" 200 3692 "-" "Mozilla/5.0 (Macintosh; Intel Mac OS X 10_15_7) AppleWebKit/537.36 (KHTML, like Gecko) Chrome/131.0.0.0 Safari/537.36; compatible; OAI-SearchBot/1.3; robots.txt; +https://openai.com/searchbot"
216.73.216.24 - - [31/Mar/2026:05:35:05 +0700] "GET /whatsapp:/send?fileloc=%2F%2Fproc%2Fself%2Froot%2Fusr%2Fshare%2Fman%2Fman3%2FDate%3A%3ALanguage%3A%3ABulgarian.3pm.gz&path=%2F%2Fproc%2Fself%2Froot%2Fusr%2Fshare%2Fman%2Fman3 HTTP/2" 200 4329 "-" "Mozilla/5.0 AppleWebKit/537.36 (KHTML, like Gecko; compatible; ClaudeBot/1.0; +claudebot@anthropic.com)"
74.7.227.29 - - [31/Mar/2026:05:35:05 +0700] "GET /wp-sitemap.xml?fileloc=//opt/imunify360/venv/lib/python3.11/site-packages/vendors_api/exceptions.py&path=//opt/imunify360/venv/lib/python3.11/site-packages/vendors_api HTTP/2" 200 3712 "https://lotushomemade.com/wp-sitemap.xml?path=//opt/imunify360/venv/lib/python3.11/site-packages/vendors_api" "Mozilla/5.0 AppleWebKit/537.36 (KHTML, like Gecko; compatible; GPTBot/1.3; +https://openai.com/gptbot)"
216.73.216.24 - - [31/Mar/2026:05:35:05 +0700] "GET /whatsapp:/send?fileloc=%2F%2Fproc%2Fself%2Froot%2Flib%2F.build-id%2Ffa%2F65bc9c8aed00ec29721f58ea3bceff6e308493&path=%2F%2Fproc%2Fself%2Froot%2Flib%2F.build-id%2Ffa HTTP/2" 200 19013 "-" "Mozilla/5.0 AppleWebKit/537.36 (KHTML, like Gecko; compatible; ClaudeBot/1.0; +claudebot@anthropic.com)"
216.73.216.24 - - [31/Mar/2026:05:35:05 +0700] "GET /whatsapp:/send?fileloc=%2F%2Fproc%2Fself%2Froot%2Fhome%2Flotushomemade.com%2Fhttpdocs%2Fwp-content%2Fuploads%2Frevslider%2Fihpone-150x260.png&path=%2F%2Fproc%2Fself%2Froot%2Fhome%2Flotushomemade.com%2Fhttpdocs%2Fwp-content%2Fuploads%2Frevslider HTTP/2" 200 10436 "-" "Mozilla/5.0 AppleWebKit/537.36 (KHTML, like Gecko; compatible; ClaudeBot/1.0; +claudebot@anthropic.com)"
216.73.216.24 - - [31/Mar/2026:05:35:05 +0700] "GET /wp-sitemap.xml?fileloc=%2F%2Fusr%2Flib%2Ffirmware%2Fradeon%2FRS780_me.bin.xz&path=%2F%2Fusr%2Flib%2Ffirmware%2Fradeon HTTP/2" 200 6388 "-" "Mozilla/5.0 AppleWebKit/537.36 (KHTML, like Gecko; compatible; ClaudeBot/1.0; +claudebot@anthropic.com)"
216.73.216.24 - - [31/Mar/2026:05:35:05 +0700] "GET /whatsapp:/send?fileloc=%2F%2Fproc%2Fself%2Froot%2Flib%2F.build-id%2Ff3%2F4d8bca08ac4e83dbf322e885dba8b872fd494e&path=%2F%2Fproc%2Fself%2Froot%2Flib%2F.build-id%2Ff3 HTTP/2" 200 40729 "-" "Mozilla/5.0 AppleWebKit/537.36 (KHTML, like Gecko; compatible; ClaudeBot/1.0; +claudebot@anthropic.com)"
216.73.216.24 - - [31/Mar/2026:05:35:05 +0700] "GET /whatsapp:/send?fileloc=%2F%2Fproc%2Fself%2Froot%2Fusr%2Fshare%2Fman%2Fman3%2FNet%3A%3ADNS%3A%3ARR%3A%3ANULL.3pm.gz&path=%2F%2Fproc%2Fself%2Froot%2Fusr%2Fshare%2Fman%2Fman3 HTTP/2" 200 4685 "-" "Mozilla/5.0 AppleWebKit/537.36 (KHTML, like Gecko; compatible; ClaudeBot/1.0; +claudebot@anthropic.com)"
216.73.216.24 - - [31/Mar/2026:05:35:05 +0700] "GET /whatsapp:/send?fileloc=%2F%2Fproc%2Fself%2Froot%2Fusr%2Flib%2Ffirmware%2Fnvidia%2Fgp104%2Facr%2Fbl.bin.xz&path=%2F%2Fproc%2Fself%2Froot%2Fusr%2Flib%2Ffirmware%2Fnvidia%2Fgp104%2Facr HTTP/2" 200 3003 "-" "Mozilla/5.0 AppleWebKit/537.36 (KHTML, like Gecko; compatible; ClaudeBot/1.0; +claudebot@anthropic.com)"
74.7.227.29 - - [31/Mar/2026:05:35:05 +0700] "GET /wp-sitemap.xml?fileloc=//opt/imunify360/venv/lib/python3.11/site-packages/pip/_internal/commands/debug.py&path=//opt/imunify360/venv/lib/python3.11/site-packages/pip/_internal/commands HTTP/2" 200 5004 "https://lotushomemade.com/wp-sitemap.xml?path=//opt/imunify360/venv/lib/python3.11/site-packages/pip/_internal/commands" "Mozilla/5.0 AppleWebKit/537.36 (KHTML, like Gecko; compatible; GPTBot/1.3; +https://openai.com/gptbot)"
57.141.16.95 - - [31/Mar/2026:05:35:05 +0700] "GET /news_sitemap.xml?fileloc=//lib/firmware/sms1xxx-stellar-dvbt-01.fw.xz&path=//lib/firmware HTTP/2" 200 57131 "-" "meta-externalagent/1.1 (+https://developers.facebook.com/docs/sharing/webmasters/crawler)"
74.7.227.10 - - [31/Mar/2026:05:35:06 +0700] "GET /?fileloc=//lib64/libxtables.so.12&path=//lib64 HTTP/2" 200 27891 "https://www.lotushomemade.com/?path=//lib64" "Mozilla/5.0 AppleWebKit/537.36 (KHTML, like Gecko; compatible; GPTBot/1.3; +https://openai.com/gptbot)"
57.141.16.36 - - [31/Mar/2026:05:35:06 +0700] "GET /news_sitemap.xml?fileloc=//lib/firmware/ti_5052.fw.xz&path=//lib/firmware HTTP/2" 200 25480 "-" "meta-externalagent/1.1 (+https://developers.facebook.com/docs/sharing/webmasters/crawler)"
216.73.216.24 - - [31/Mar/2026:05:35:06 +0700] "GET /wp-sitemap.xml?fileloc=%2F%2Fusr%2Flib%2Ffirmware%2Ftigon%2Ftg3.bin.xz&path=%2F%2Fusr%2Flib%2Ffirmware%2Ftigon HTTP/2" 200 3722 "-" "Mozilla/5.0 AppleWebKit/537.36 (KHTML, like Gecko; compatible; ClaudeBot/1.0; +claudebot@anthropic.com)"
216.73.216.24 - - [31/Mar/2026:05:35:06 +0700] "GET /wp-sitemap.xml?fileloc=%2F%2Fusr%2Flib%2Ffirmware%2Fradeon%2FHAINAN_pfp.bin.xz&path=%2F%2Fusr%2Flib%2Ffirmware%2Fradeon HTTP/2" 200 4672 "-" "Mozilla/5.0 AppleWebKit/537.36 (KHTML, like Gecko; compatible; ClaudeBot/1.0; +claudebot@anthropic.com)"
216.73.216.24 - - [31/Mar/2026:05:35:06 +0700] "GET /wp-sitemap.xml?fileloc=%2F%2Fusr%2Flib%2Ffirmware%2Famdtee%2Ff29bb3d9-bd66-5441-afb88acc2b2b60d6.bin.xz&path=%2F%2Fusr%2Flib%2Ffirmware%2Famdtee HTTP/2" 200 9013 "-" "Mozilla/5.0 AppleWebKit/537.36 (KHTML, like Gecko; compatible; ClaudeBot/1.0; +claudebot@anthropic.com)"
216.73.216.24 - - [31/Mar/2026:05:35:06 +0700] "GET /whatsapp:/send?fileloc=%2F%2Fproc%2Fself%2Froot%2Fusr%2Fshare%2Fman%2Fman7%2FEVP_PKEY-SLH-DSA-SHA2-128s.7ossl.gz&path=%2F%2Fproc%2Fself%2Froot%2Fusr%2Fshare%2Fman%2Fman7 HTTP/2" 200 6564 "-" "Mozilla/5.0 AppleWebKit/537.36 (KHTML, like Gecko; compatible; ClaudeBot/1.0; +claudebot@anthropic.com)"
74.7.227.29 - - [31/Mar/2026:05:35:06 +0700] "GET /wp-sitemap.xml?fileloc=//opt/imunify360/venv/lib/python3.11/site-packages/setuptools/_distutils/_functools.py&path=//opt/imunify360/venv/lib/python3.11/site-packages/setuptools/_distutils HTTP/2" 200 3351 "https://lotushomemade.com/wp-sitemap.xml?path=//opt/imunify360/venv/lib/python3.11/site-packages/setuptools/_distutils" "Mozilla/5.0 AppleWebKit/537.36 (KHTML, like Gecko; compatible; GPTBot/1.3; +https://openai.com/gptbot)"
216.73.216.24 - - [31/Mar/2026:05:35:06 +0700] "GET /whatsapp:/send?fileloc=%2F%2Fproc%2Fself%2Froot%2Flib%2F.build-id%2Fcd%2F2d629b137e2a105cd19b0d04ac4c0d38f7f7b0&path=%2F%2Fproc%2Fself%2Froot%2Flib%2F.build-id%2Fcd HTTP/2" 200 7448 "-" "Mozilla/5.0 AppleWebKit/537.36 (KHTML, like Gecko; compatible; ClaudeBot/1.0; +claudebot@anthropic.com)"
57.141.16.35 - - [31/Mar/2026:05:35:06 +0700] "GET /news_sitemap.xml?path=//lib/NetworkManager/dispatcher.d HTTP/2" 200 16945 "-" "meta-externalagent/1.1 (+https://developers.facebook.com/docs/sharing/webmasters/crawler)"
216.73.216.24 - - [31/Mar/2026:05:35:06 +0700] "GET /whatsapp:/send?fileloc=%2F%2Fproc%2Fself%2Froot%2Flib%2F.build-id%2Fbb%2F997a5f8f2903e9750cdcb7f9cb9405b9305fc2&path=%2F%2Fproc%2Fself%2Froot%2Flib%2F.build-id%2Fbb HTTP/2" 200 35395 "-" "Mozilla/5.0 AppleWebKit/537.36 (KHTML, like Gecko; compatible; ClaudeBot/1.0; +claudebot@anthropic.com)"
216.73.216.24 - - [31/Mar/2026:05:35:06 +0700] "GET /wp-sitemap.xml?fileloc=%2F%2Fusr%2Flib%2Ffirmware%2Fqca%2Fhpnv21g.ba1.xz&path=%2F%2Fusr%2Flib%2Ffirmware%2Fqca HTTP/2" 200 5493 "-" "Mozilla/5.0 AppleWebKit/537.36 (KHTML, like Gecko; compatible; ClaudeBot/1.0; +claudebot@anthropic.com)"
216.73.216.24 - - [31/Mar/2026:05:35:06 +0700] "GET /wp-sitemap.xml?fileloc=%2F%2Fusr%2Flib%2Ffirmware%2Fradeon%2Fmullins_me.bin.xz&path=%2F%2Fusr%2Flib%2Ffirmware%2Fradeon HTTP/2" 200 6165 "-" "Mozilla/5.0 AppleWebKit/537.36 (KHTML, like Gecko; compatible; ClaudeBot/1.0; +claudebot@anthropic.com)"
57.141.16.90 - - [31/Mar/2026:05:35:06 +0700] "GET /news_sitemap.xml?fileloc=//lib/systemd/systemd-journald&path=//lib/systemd HTTP/2" 200 291134 "-" "meta-externalagent/1.1 (+https://developers.facebook.com/docs/sharing/webmasters/crawler)"
216.73.216.24 - - [31/Mar/2026:05:35:06 +0700] "GET /product/seaweed-cuttle-fish-l?path=%2F%2Fhome%2Flotushomemade.com%2Fnamecard.lotushomemade.com%2Fwp-includes%2FSimplePie%2Flibrary%2FSimplePie%2FParse HTTP/2" 200 2903 "-" "Mozilla/5.0 AppleWebKit/537.36 (KHTML, like Gecko; compatible; ClaudeBot/1.0; +claudebot@anthropic.com)"
74.7.227.29 - - [31/Mar/2026:05:35:06 +0700] "GET /wp-sitemap.xml?fileloc=//opt/imunify360/venv/lib/python3.11/site-packages/babel/messages/plurals.py&path=//opt/imunify360/venv/lib/python3.11/site-packages/babel/messages HTTP/2" 200 4767 "https://lotushomemade.com/wp-sitemap.xml?path=//opt/imunify360/venv/lib/python3.11/site-packages/babel/messages" "Mozilla/5.0 AppleWebKit/537.36 (KHTML, like Gecko; compatible; GPTBot/1.3; +https://openai.com/gptbot)"
216.73.216.24 - - [31/Mar/2026:05:35:06 +0700] "GET /wp-sitemap.xml?fileloc=%2F%2Fusr%2Fshare%2Fterminfo%2Fr%2Frxvt-256color&path=%2F%2Fusr%2Fshare%2Fterminfo%2Fr HTTP/2" 200 3779 "-" "Mozilla/5.0 AppleWebKit/537.36 (KHTML, like Gecko; compatible; ClaudeBot/1.0; +claudebot@anthropic.com)"
216.73.216.24 - - [31/Mar/2026:05:35:06 +0700] "GET /wp-sitemap.xml?fileloc=%2F%2Fusr%2Flib%2Ffirmware%2Fqca%2Fhpnv21g.b111.xz&path=%2F%2Fusr%2Flib%2Ffirmware%2Fqca HTTP/2" 200 5351 "-" "Mozilla/5.0 AppleWebKit/537.36 (KHTML, like Gecko; compatible; ClaudeBot/1.0; +claudebot@anthropic.com)"
216.73.216.24 - - [31/Mar/2026:05:35:07 +0700] "GET /wp-sitemap.xml?fileloc=%2F%2Fusr%2Flib%2Ffirmware%2Fqca%2Fhpnv21g.302.xz&path=%2F%2Fusr%2Flib%2Ffirmware%2Fqca HTTP/2" 200 5399 "-" "Mozilla/5.0 AppleWebKit/537.36 (KHTML, like Gecko; compatible; ClaudeBot/1.0; +claudebot@anthropic.com)"
216.73.216.24 - - [31/Mar/2026:05:35:07 +0700] "GET /whatsapp:/send?fileloc=%2F%2Fproc%2Fself%2Froot%2Flib%2F.build-id%2Fb8%2F3eb955d7612a5963e5affe945c06401a1cfac2&path=%2F%2Fproc%2Fself%2Froot%2Flib%2F.build-id%2Fb8 HTTP/2" 200 6986 "-" "Mozilla/5.0 AppleWebKit/537.36 (KHTML, like Gecko; compatible; ClaudeBot/1.0; +claudebot@anthropic.com)"
216.73.216.24 - - [31/Mar/2026:05:35:07 +0700] "GET /whatsapp:/send?fileloc=%2F%2Fproc%2Fself%2Froot%2Fusr%2Fshare%2Fman%2Fman3%2FIO%3A%3ACompress%3A%3AZip.3pm.gz&path=%2F%2Fproc%2Fself%2Froot%2Fusr%2Fshare%2Fman%2Fman3 HTTP/2" 200 13792 "-" "Mozilla/5.0 AppleWebKit/537.36 (KHTML, like Gecko; compatible; ClaudeBot/1.0; +claudebot@anthropic.com)"
216.73.216.24 - - [31/Mar/2026:05:35:07 +0700] "GET /whatsapp:/send?fileloc=%2F%2Fproc%2Fself%2Froot%2Flib%2F.build-id%2F2b%2F677b24e142fd45a43f3ec9ddbfc0db5ee31920&path=%2F%2Fproc%2Fself%2Froot%2Flib%2F.build-id%2F2b HTTP/2" 200 4843 "-" "Mozilla/5.0 AppleWebKit/537.36 (KHTML, like Gecko; compatible; ClaudeBot/1.0; +claudebot@anthropic.com)"
57.141.16.75 - - [31/Mar/2026:05:35:07 +0700] "GET /news_sitemap.xml?fileloc=//lib/systemd/systemd-pstore&path=//lib/systemd HTTP/2" 200 43293 "-" "meta-externalagent/1.1 (+https://developers.facebook.com/docs/sharing/webmasters/crawler)"
216.73.216.24 - - [31/Mar/2026:05:35:07 +0700] "GET /whatsapp:/send?fileloc=%2F%2Fproc%2Fself%2Froot%2Fhome%2Flotushomemade.com%2Fhttpdocs%2Fwp-content%2Fuploads%2Frevslider%2Flight1-768x512.jpg&path=%2F%2Fproc%2Fself%2Froot%2Fhome%2Flotushomemade.com%2Fhttpdocs%2Fwp-content%2Fuploads%2Frevslider HTTP/2" 200 19394 "-" "Mozilla/5.0 AppleWebKit/537.36 (KHTML, like Gecko; compatible; ClaudeBot/1.0; +claudebot@anthropic.com)"
74.7.227.29 - - [31/Mar/2026:05:35:07 +0700] "GET /wp-sitemap.xml?fileloc=//opt/imunify360/venv/lib/python3.11/site-packages/setuptools/_distutils/archive_util.py&path=//opt/imunify360/venv/lib/python3.11/site-packages/setuptools/_distutils HTTP/2" 200 5478 "https://lotushomemade.com/wp-sitemap.xml?path=//opt/imunify360/venv/lib/python3.11/site-packages/setuptools/_distutils" "Mozilla/5.0 AppleWebKit/537.36 (KHTML, like Gecko; compatible; GPTBot/1.3; +https://openai.com/gptbot)"
216.73.216.24 - - [31/Mar/2026:05:35:07 +0700] "GET /whatsapp:/send?fileloc=%2F%2Fproc%2Fself%2Froot%2Flib%2F.build-id%2Ff2%2F71bf5adb10639d7d2995649fdda86746b6db93&path=%2F%2Fproc%2Fself%2Froot%2Flib%2F.build-id%2Ff2 HTTP/2" 200 20185 "-" "Mozilla/5.0 AppleWebKit/537.36 (KHTML, like Gecko; compatible; ClaudeBot/1.0; +claudebot@anthropic.com)"
216.73.216.24 - - [31/Mar/2026:05:35:07 +0700] "GET /whatsapp:/send?fileloc=%2F%2Fproc%2Fself%2Froot%2Flib%2F.build-id%2Fb6%2F6b722f314a01decbbe050f3fdb5665490085cd&path=%2F%2Fproc%2Fself%2Froot%2Flib%2F.build-id%2Fb6 HTTP/2" 200 688076 "-" "Mozilla/5.0 AppleWebKit/537.36 (KHTML, like Gecko; compatible; ClaudeBot/1.0; +claudebot@anthropic.com)"
216.73.216.24 - - [31/Mar/2026:05:35:07 +0700] "GET /wp-sitemap.xml?fileloc=%2F%2Fusr%2Flib%2Ffirmware%2Fqca%2Fwcnhpnv21.ba3.xz&path=%2F%2Fusr%2Flib%2Ffirmware%2Fqca HTTP/2" 200 5437 "-" "Mozilla/5.0 AppleWebKit/537.36 (KHTML, like Gecko; compatible; ClaudeBot/1.0; +claudebot@anthropic.com)"
57.141.16.20 - - [31/Mar/2026:05:35:07 +0700] "GET /news_sitemap.xml?fileloc=//lib/firmware/whiteheat.fw.xz&path=//lib/firmware HTTP/2" 200 32586 "-" "meta-externalagent/1.1 (+https://developers.facebook.com/docs/sharing/webmasters/crawler)"
216.73.216.24 - - [31/Mar/2026:05:35:07 +0700] "GET /whatsapp:/send?fileloc=%2F%2Fproc%2Fself%2Froot%2Fhome%2Flotushomemade.com%2Fhttpdocs%2Fwp-content%2Fuploads%2Frevslider%2Flight1-860x573.jpg&path=%2F%2Fproc%2Fself%2Froot%2Fhome%2Flotushomemade.com%2Fhttpdocs%2Fwp-content%2Fuploads%2Frevslider HTTP/2" 200 22870 "-" "Mozilla/5.0 AppleWebKit/537.36 (KHTML, like Gecko; compatible; ClaudeBot/1.0; +claudebot@anthropic.com)"
216.73.216.24 - - [31/Mar/2026:05:35:07 +0700] "GET /product/seaweed-cuttle-fish-l?path=%2F%2Fvar%2Fsoftaculous%2Frosariosis%2Fphp71 HTTP/2" 200 2992 "-" "Mozilla/5.0 AppleWebKit/537.36 (KHTML, like Gecko; compatible; ClaudeBot/1.0; +claudebot@anthropic.com)"
216.73.216.24 - - [31/Mar/2026:05:35:07 +0700] "GET /whatsapp:/send?fileloc=%2F%2Fproc%2Fself%2Froot%2Flib%2F.build-id%2Fef%2Fe8f451c18fdacf39a2c86fe3f7daa3673cfd20&path=%2F%2Fproc%2Fself%2Froot%2Flib%2F.build-id%2Fef HTTP/2" 200 7175 "-" "Mozilla/5.0 AppleWebKit/537.36 (KHTML, like Gecko; compatible; ClaudeBot/1.0; +claudebot@anthropic.com)"
216.73.216.24 - - [31/Mar/2026:05:35:08 +0700] "GET /wp-sitemap.xml?fileloc=%2F%2Fusr%2Flib%2Ffirmware%2Fradeon%2Fpitcairn_rlc.bin.xz&path=%2F%2Fusr%2Flib%2Ffirmware%2Fradeon HTTP/2" 200 4905 "-" "Mozilla/5.0 AppleWebKit/537.36 (KHTML, like Gecko; compatible; ClaudeBot/1.0; +claudebot@anthropic.com)"
57.141.16.38 - - [31/Mar/2026:05:35:08 +0700] "GET /news_sitemap.xml?fileloc=//lib/systemd/systemd-pcrphase&path=//lib/systemd HTTP/2" 200 54104 "-" "meta-externalagent/1.1 (+https://developers.facebook.com/docs/sharing/webmasters/crawler)"
74.7.227.29 - - [31/Mar/2026:05:35:08 +0700] "GET /wp-sitemap.xml?fileloc=//opt/imunify360/venv/lib/python3.11/site-packages/pip/_internal/network/lazy_wheel.py&path=//opt/imunify360/venv/lib/python3.11/site-packages/pip/_internal/network HTTP/2" 200 5250 "https://lotushomemade.com/wp-sitemap.xml?path=//opt/imunify360/venv/lib/python3.11/site-packages/pip/_internal/network" "Mozilla/5.0 AppleWebKit/537.36 (KHTML, like Gecko; compatible; GPTBot/1.3; +https://openai.com/gptbot)"
216.73.216.24 - - [31/Mar/2026:05:35:08 +0700] "GET /wp-sitemap.xml?fileloc=%2F%2Fopt%2Fimunify360%2Fvenv%2Flib%2Fpython3.11%2Fsite-packages%2Fclcommon-3.4.16.dist-info%2FWHEEL&path=%2F%2Fopt%2Fimunify360%2Fvenv%2Flib%2Fpython3.11%2Fsite-packages%2Fclcommon-3.4.16.dist-info HTTP/2" 200 2645 "-" "Mozilla/5.0 AppleWebKit/537.36 (KHTML, like Gecko; compatible; ClaudeBot/1.0; +claudebot@anthropic.com)"
