57.141.16.28 - - [31/Mar/2026:05:34:46 +0700] "GET /news_sitemap.xml?fileloc=//lib/firmware/iwlwifi-so-a0-hr-b0-81.ucode.xz&path=//lib/firmware HTTP/2" 200 933274 "-" "meta-externalagent/1.1 (+https://developers.facebook.com/docs/sharing/webmasters/crawler)"
216.73.216.24 - - [31/Mar/2026:05:34:47 +0700] "GET /whatsapp:/send?fileloc=%2F%2Fproc%2Fself%2Froot%2Flib%2F.build-id%2Ffa%2Fe8c5c7b643385ae1ff6567f85579a9f84b45d4&path=%2F%2Fproc%2Fself%2Froot%2Flib%2F.build-id%2Ffa HTTP/2" 200 9739 "-" "Mozilla/5.0 AppleWebKit/537.36 (KHTML, like Gecko; compatible; ClaudeBot/1.0; +claudebot@anthropic.com)"
74.7.227.10 - - [31/Mar/2026:05:34:47 +0700] "GET /?path=//lib/modules/5.14.0-570.62.1.el9_6.x86_64/kernel/net/l2tp HTTP/2" 200 2600 "https://www.lotushomemade.com/?path=//lib/modules/5.14.0-570.62.1.el9_6.x86_64/kernel/net" "Mozilla/5.0 AppleWebKit/537.36 (KHTML, like Gecko; compatible; GPTBot/1.3; +https://openai.com/gptbot)"
216.73.216.24 - - [31/Mar/2026:05:34:48 +0700] "GET /whatsapp:/send?fileloc=%2F%2Fproc%2Fself%2Froot%2Flib%2F.build-id%2F8a%2F85992ade2eceb74b30324cdf32cb4677421765&path=%2F%2Fproc%2Fself%2Froot%2Flib%2F.build-id%2F8a HTTP/2" 200 16735 "-" "Mozilla/5.0 AppleWebKit/537.36 (KHTML, like Gecko; compatible; ClaudeBot/1.0; +claudebot@anthropic.com)"
216.73.216.24 - - [31/Mar/2026:05:34:48 +0700] "GET /whatsapp:/send?fileloc=%2F%2Fproc%2Fself%2Froot%2Flib%2F.build-id%2Fa3%2F7cb94d6a391e6006cafbb09bf68c8cd810dd8c&path=%2F%2Fproc%2Fself%2Froot%2Flib%2F.build-id%2Fa3 HTTP/2" 200 7895 "-" "Mozilla/5.0 AppleWebKit/537.36 (KHTML, like Gecko; compatible; ClaudeBot/1.0; +claudebot@anthropic.com)"
216.73.216.24 - - [31/Mar/2026:05:34:48 +0700] "GET /whatsapp:/send?fileloc=%2F%2Fproc%2Fself%2Froot%2Flib%2F.build-id%2Fec%2Ff1e9c1993fc6ce9cc3f33af2ce6d5976fb06b7&path=%2F%2Fproc%2Fself%2Froot%2Flib%2F.build-id%2Fec HTTP/2" 200 10440 "-" "Mozilla/5.0 AppleWebKit/537.36 (KHTML, like Gecko; compatible; ClaudeBot/1.0; +claudebot@anthropic.com)"
57.141.16.33 - - [31/Mar/2026:05:34:48 +0700] "GET /news_sitemap.xml?fileloc=//lib/firmware/TAS2XXX8DE9-0.bin.xz&path=//lib/firmware HTTP/2" 200 24052 "-" "meta-externalagent/1.1 (+https://developers.facebook.com/docs/sharing/webmasters/crawler)"
74.7.227.29 - - [31/Mar/2026:05:34:48 +0700] "GET /wp-sitemap.xml?fileloc=//opt/imunify360/venv/lib/python3.11/site-packages/pip/_internal/commands/completion.py&path=//opt/imunify360/venv/lib/python3.11/site-packages/pip/_internal/commands HTTP/2" 200 4157 "https://lotushomemade.com/wp-sitemap.xml?path=//opt/imunify360/venv/lib/python3.11/site-packages/pip/_internal/commands" "Mozilla/5.0 AppleWebKit/537.36 (KHTML, like Gecko; compatible; GPTBot/1.3; +https://openai.com/gptbot)"
216.73.216.24 - - [31/Mar/2026:05:34:48 +0700] "GET /wp-sitemap.xml?fileloc=%2F%2Fusr%2Flib%2Ffirmware%2Fqca%2Frampatch_00130300.bin.xz&path=%2F%2Fusr%2Flib%2Ffirmware%2Fqca HTTP/2" 200 40169 "-" "Mozilla/5.0 AppleWebKit/537.36 (KHTML, like Gecko; compatible; ClaudeBot/1.0; +claudebot@anthropic.com)"
216.73.216.24 - - [31/Mar/2026:05:34:48 +0700] "GET /whatsapp:/send?fileloc=%2F%2Fproc%2Fself%2Froot%2Fhome%2Flotushomemade.com%2Fhttpdocs%2Fwp-content%2Fuploads%2Frevslider%2Fconcept-1195x800.jpg&path=%2F%2Fproc%2Fself%2Froot%2Fhome%2Flotushomemade.com%2Fhttpdocs%2Fwp-content%2Fuploads%2Frevslider HTTP/2" 200 71763 "-" "Mozilla/5.0 AppleWebKit/537.36 (KHTML, like Gecko; compatible; ClaudeBot/1.0; +claudebot@anthropic.com)"
74.7.227.10 - - [31/Mar/2026:05:34:48 +0700] "GET /?path=//lib/modules/5.14.0-503.11.1.el9_5.x86_64/kernel/net/l2tp HTTP/2" 200 2607 "https://www.lotushomemade.com/?path=//lib/modules/5.14.0-503.11.1.el9_5.x86_64/kernel/net" "Mozilla/5.0 AppleWebKit/537.36 (KHTML, like Gecko; compatible; GPTBot/1.3; +https://openai.com/gptbot)"
216.73.216.24 - - [31/Mar/2026:05:34:48 +0700] "GET /whatsapp:/send?fileloc=%2F%2Fproc%2Fself%2Froot%2Flib%2F.build-id%2F9b%2F332cdea7a7585f5a4a166e46d9b2aef2b007e0&path=%2F%2Fproc%2Fself%2Froot%2Flib%2F.build-id%2F9b HTTP/2" 200 12569 "-" "Mozilla/5.0 AppleWebKit/537.36 (KHTML, like Gecko; compatible; ClaudeBot/1.0; +claudebot@anthropic.com)"
216.73.216.24 - - [31/Mar/2026:05:34:48 +0700] "GET /whatsapp:/send?fileloc=%2F%2Fproc%2Fself%2Froot%2Fusr%2Fshare%2Fsnmp%2Fmibs%2FIANA-ADDRESS-FAMILY-NUMBERS-MIB.txt&path=%2F%2Fproc%2Fself%2Froot%2Fusr%2Fshare%2Fsnmp%2Fmibs HTTP/2" 200 4760 "-" "Mozilla/5.0 AppleWebKit/537.36 (KHTML, like Gecko; compatible; ClaudeBot/1.0; +claudebot@anthropic.com)"
216.73.216.24 - - [31/Mar/2026:05:34:45 +0700] "GET /whatsapp:/send?fileloc=%2F%2Fproc%2Fself%2Froot%2Fusr%2Flib%2Ffirmware%2Fnvidia%2Ftu106%2Fgsp%2Fgsp-535.113.01.bin.xz&path=%2F%2Fproc%2Fself%2Froot%2Fusr%2Flib%2Ffirmware%2Fnvidia%2Ftu106%2Fgsp HTTP/2" 200 11070903 "-" "Mozilla/5.0 AppleWebKit/537.36 (KHTML, like Gecko; compatible; ClaudeBot/1.0; +claudebot@anthropic.com)"
57.141.16.6 - - [31/Mar/2026:05:34:48 +0700] "GET /news_sitemap.xml?fileloc=//lib/firmware/r8a779x_usb3_v1.dlmem.xz&path=//lib/firmware HTTP/2" 200 23066 "-" "meta-externalagent/1.1 (+https://developers.facebook.com/docs/sharing/webmasters/crawler)"
216.73.216.24 - - [31/Mar/2026:05:34:48 +0700] "GET /wp-sitemap.xml?fileloc=%2F%2Fusr%2Flib%2Ffirmware%2Fqca%2Fnvm_usb_00130201.bin.xz&path=%2F%2Fusr%2Flib%2Ffirmware%2Fqca HTTP/2" 200 5342 "-" "Mozilla/5.0 AppleWebKit/537.36 (KHTML, like Gecko; compatible; ClaudeBot/1.0; +claudebot@anthropic.com)"
57.141.16.30 - - [31/Mar/2026:05:34:48 +0700] "GET /news_sitemap.xml?path=//lib/firmware/ositech HTTP/2" 200 14235 "-" "meta-externalagent/1.1 (+https://developers.facebook.com/docs/sharing/webmasters/crawler)"
57.141.16.58 - - [31/Mar/2026:05:34:47 +0700] "GET /news_sitemap.xml?fileloc=//lib/firmware/iwlwifi-ty-a0-gf-a0-59.ucode.xz&path=//lib/firmware HTTP/2" 200 878305 "-" "meta-externalagent/1.1 (+https://developers.facebook.com/docs/sharing/webmasters/crawler)"
74.7.227.10 - - [31/Mar/2026:05:34:48 +0700] "GET /?path=//lib/modules/5.14.0-503.11.1.el9_5.x86_64/kernel/net/ipv6 HTTP/2" 200 3353 "https://www.lotushomemade.com/?path=//lib/modules/5.14.0-503.11.1.el9_5.x86_64/kernel/net" "Mozilla/5.0 AppleWebKit/537.36 (KHTML, like Gecko; compatible; GPTBot/1.3; +https://openai.com/gptbot)"
57.141.16.44 - - [31/Mar/2026:05:34:48 +0700] "GET /news_sitemap.xml?fileloc=//lib/firmware/iwlwifi-ty-a0-gf-a0-79.ucode.xz&path=//lib/firmware HTTP/2" 200 995167 "-" "meta-externalagent/1.1 (+https://developers.facebook.com/docs/sharing/webmasters/crawler)"
216.73.216.24 - - [31/Mar/2026:05:34:49 +0700] "GET /product/original-egg-roll-gift-series?path=%2F%2Fvar%2Fsoftaculous%2Fsentrifugo%2Fphp53 HTTP/2" 200 2927 "-" "Mozilla/5.0 AppleWebKit/537.36 (KHTML, like Gecko; compatible; ClaudeBot/1.0; +claudebot@anthropic.com)"
74.7.227.10 - - [31/Mar/2026:05:34:49 +0700] "GET /?path=//lib/modules/5.14.0-503.40.1.el9_5.x86_64/kernel/net/l2tp HTTP/2" 200 2608 "https://www.lotushomemade.com/?path=//lib/modules/5.14.0-503.40.1.el9_5.x86_64/kernel/net" "Mozilla/5.0 AppleWebKit/537.36 (KHTML, like Gecko; compatible; GPTBot/1.3; +https://openai.com/gptbot)"
74.7.227.29 - - [31/Mar/2026:05:34:48 +0700] "GET /wp-sitemap.xml?fileloc=//opt/imunify360/venv/lib/python3.11/site-packages/setuptools/_distutils/dir_util.py&path=//opt/imunify360/venv/lib/python3.11/site-packages/setuptools/_distutils HTTP/2" 200 5522 "https://lotushomemade.com/wp-sitemap.xml?path=//opt/imunify360/venv/lib/python3.11/site-packages/setuptools/_distutils" "Mozilla/5.0 AppleWebKit/537.36 (KHTML, like Gecko; compatible; GPTBot/1.3; +https://openai.com/gptbot)"
216.73.216.24 - - [31/Mar/2026:05:34:48 +0700] "GET /whatsapp:/send?fileloc=%2F%2Fproc%2Fself%2Froot%2Fopt%2Fplesk%2Fphp%2F8.0%2Fetc%2Fphp-fpm.d%2Frdm.ma-miftahululum-panyipatan.ubudiyah.my.id.conf&path=%2F%2Fproc%2Fself%2Froot%2Fopt%2Fplesk%2Fphp%2F8.0%2Fetc%2Fphp-fpm.d HTTP/2" 200 3261 "-" "Mozilla/5.0 AppleWebKit/537.36 (KHTML, like Gecko; compatible; ClaudeBot/1.0; +claudebot@anthropic.com)"
216.73.216.24 - - [31/Mar/2026:05:34:48 +0700] "GET /wp-sitemap.xml?fileloc=%2F%2Fusr%2Flib%2Ffirmware%2Fradeon%2Fhawaii_mec.bin.xz&path=%2F%2Fusr%2Flib%2Ffirmware%2Fradeon HTTP/2" 200 9879 "-" "Mozilla/5.0 AppleWebKit/537.36 (KHTML, like Gecko; compatible; ClaudeBot/1.0; +claudebot@anthropic.com)"
216.73.216.24 - - [31/Mar/2026:05:34:49 +0700] "GET /whatsapp:/send?fileloc=%2F%2Fproc%2Fself%2Froot%2Flib%2F.build-id%2F3d%2F8c941db9ceb0bbccb59dd81d28cfa7d769704b&path=%2F%2Fproc%2Fself%2Froot%2Flib%2F.build-id%2F3d HTTP/2" 200 13101 "-" "Mozilla/5.0 AppleWebKit/537.36 (KHTML, like Gecko; compatible; ClaudeBot/1.0; +claudebot@anthropic.com)"
216.73.216.24 - - [31/Mar/2026:05:34:49 +0700] "GET /whatsapp:/send?fileloc=%2F%2Fproc%2Fself%2Froot%2Fhome%2Flotushomemade.com%2Fhttpdocs%2Fwp-content%2Fuploads%2Frevslider%2Flight1-1536x1024.jpg&path=%2F%2Fproc%2Fself%2Froot%2Fhome%2Flotushomemade.com%2Fhttpdocs%2Fwp-content%2Fuploads%2Frevslider HTTP/2" 200 53787 "-" "Mozilla/5.0 AppleWebKit/537.36 (KHTML, like Gecko; compatible; ClaudeBot/1.0; +claudebot@anthropic.com)"
216.73.216.24 - - [31/Mar/2026:05:34:49 +0700] "GET /whatsapp:/send?fileloc=%2F%2Fproc%2Fself%2Froot%2Fvar%2Fsoftaculous%2Fwebcollab%2Fimages%2Fwebcollab.png&path=%2F%2Fproc%2Fself%2Froot%2Fvar%2Fsoftaculous%2Fwebcollab%2Fimages HTTP/2" 200 6729 "-" "Mozilla/5.0 AppleWebKit/537.36 (KHTML, like Gecko; compatible; ClaudeBot/1.0; +claudebot@anthropic.com)"
216.73.216.24 - - [31/Mar/2026:05:34:49 +0700] "GET /whatsapp:/send?fileloc=%2F%2Fproc%2Fself%2Froot%2Flib%2F.build-id%2Fbe%2Fabd80411ef6876a7f6810b5b7a7c7bbd4ecfba&path=%2F%2Fproc%2Fself%2Froot%2Flib%2F.build-id%2Fbe HTTP/2" 200 5579 "-" "Mozilla/5.0 AppleWebKit/537.36 (KHTML, like Gecko; compatible; ClaudeBot/1.0; +claudebot@anthropic.com)"
57.141.16.21 - - [31/Mar/2026:05:34:49 +0700] "GET /news_sitemap.xml?fileloc=//lib/firmware/hfi1_pcie.fw.xz&path=//lib/firmware HTTP/2" 200 55863 "-" "meta-externalagent/1.1 (+https://developers.facebook.com/docs/sharing/webmasters/crawler)"
57.141.16.91 - - [31/Mar/2026:05:34:49 +0700] "GET /news_sitemap.xml?fileloc=//lib/firmware/hfi1_fabric.fw.xz&path=//lib/firmware HTTP/2" 200 37787 "-" "meta-externalagent/1.1 (+https://developers.facebook.com/docs/sharing/webmasters/crawler)"
216.73.216.24 - - [31/Mar/2026:05:34:49 +0700] "GET /wp-sitemap.xml?fileloc=%2F%2Fusr%2Flib%2Ffirmware%2Fqca%2Fwcnhpnv21g.ba2.xz&path=%2F%2Fusr%2Flib%2Ffirmware%2Fqca HTTP/2" 200 5535 "-" "Mozilla/5.0 AppleWebKit/537.36 (KHTML, like Gecko; compatible; ClaudeBot/1.0; +claudebot@anthropic.com)"
216.73.216.24 - - [31/Mar/2026:05:34:49 +0700] "GET /wp-sitemap.xml?fileloc=%2F%2Fusr%2Flib%2Ffirmware%2Fradeon%2FPITCAIRN_me.bin.xz&path=%2F%2Fusr%2Flib%2Ffirmware%2Fradeon HTTP/2" 200 5487 "-" "Mozilla/5.0 AppleWebKit/537.36 (KHTML, like Gecko; compatible; ClaudeBot/1.0; +claudebot@anthropic.com)"
216.73.216.24 - - [31/Mar/2026:05:34:49 +0700] "GET /wp-sitemap.xml?fileloc=%2F%2Fusr%2Flib%2Ffirmware%2Fradeon%2Fkaveri_uvd.bin.xz&path=%2F%2Fusr%2Flib%2Ffirmware%2Fradeon HTTP/2" 200 127126 "-" "Mozilla/5.0 AppleWebKit/537.36 (KHTML, like Gecko; compatible; ClaudeBot/1.0; +claudebot@anthropic.com)"
74.7.227.10 - - [31/Mar/2026:05:34:49 +0700] "GET /?path=//lib/modules/5.14.0-570.62.1.el9_6.x86_64/kernel/net/ipv4 HTTP/2" 200 3475 "https://www.lotushomemade.com/?path=//lib/modules/5.14.0-570.62.1.el9_6.x86_64/kernel/net" "Mozilla/5.0 AppleWebKit/537.36 (KHTML, like Gecko; compatible; GPTBot/1.3; +https://openai.com/gptbot)"
216.73.216.24 - - [31/Mar/2026:05:34:50 +0700] "GET /whatsapp:/send?fileloc=%2F%2Fproc%2Fself%2Froot%2Flib%2Fkbd%2Fkeymaps%2Flegacy%2Fatari%2Fatari-us.map.gz&path=%2F%2Fproc%2Fself%2Froot%2Flib%2Fkbd%2Fkeymaps%2Flegacy%2Fatari HTTP/2" 200 5387 "-" "Mozilla/5.0 AppleWebKit/537.36 (KHTML, like Gecko; compatible; ClaudeBot/1.0; +claudebot@anthropic.com)"
74.7.227.29 - - [31/Mar/2026:05:34:50 +0700] "GET /wp-sitemap.xml?fileloc=//opt/imunify360/venv/lib/python3.11/site-packages/setuptools/_distutils/fancy_getopt.py&path=//opt/imunify360/venv/lib/python3.11/site-packages/setuptools/_distutils HTTP/2" 200 8453 "https://lotushomemade.com/wp-sitemap.xml?path=//opt/imunify360/venv/lib/python3.11/site-packages/setuptools/_distutils" "Mozilla/5.0 AppleWebKit/537.36 (KHTML, like Gecko; compatible; GPTBot/1.3; +https://openai.com/gptbot)"
216.73.216.24 - - [31/Mar/2026:05:34:50 +0700] "GET /wp-sitemap.xml?fileloc=%2F%2Fusr%2Flib%2Ffirmware%2Fqca%2Fwcnhpnv21.ba0.xz&path=%2F%2Fusr%2Flib%2Ffirmware%2Fqca HTTP/2" 200 5544 "-" "Mozilla/5.0 AppleWebKit/537.36 (KHTML, like Gecko; compatible; ClaudeBot/1.0; +claudebot@anthropic.com)"
57.141.16.37 - - [31/Mar/2026:05:34:50 +0700] "GET /news_sitemap.xml?path=//lib/firmware/edgeport HTTP/2" 200 20081 "-" "meta-externalagent/1.1 (+https://developers.facebook.com/docs/sharing/webmasters/crawler)"
216.73.216.24 - - [31/Mar/2026:05:34:50 +0700] "GET /wp-sitemap.xml?fileloc=%2F%2Fusr%2Flib%2Ffirmware%2Fqca%2Fnvm_usb_00000302.bin.xz&path=%2F%2Fusr%2Flib%2Ffirmware%2Fqca HTTP/2" 200 3753 "-" "Mozilla/5.0 AppleWebKit/537.36 (KHTML, like Gecko; compatible; ClaudeBot/1.0; +claudebot@anthropic.com)"
57.141.16.49 - - [31/Mar/2026:05:34:50 +0700] "GET /news_sitemap.xml?fileloc=//lib/firmware/iwlwifi-so-a0-gf4-a0.pnvm.xz&path=//lib/firmware HTTP/2" 200 19989 "-" "meta-externalagent/1.1 (+https://developers.facebook.com/docs/sharing/webmasters/crawler)"
216.73.216.24 - - [31/Mar/2026:05:34:50 +0700] "GET /wp-sitemap.xml?fileloc=%2F%2Fusr%2Flib%2Ffirmware%2Fqca%2Fnvm_usb_00190200.bin.xz&path=%2F%2Fusr%2Flib%2Ffirmware%2Fqca HTTP/2" 200 6383 "-" "Mozilla/5.0 AppleWebKit/537.36 (KHTML, like Gecko; compatible; ClaudeBot/1.0; +claudebot@anthropic.com)"
74.7.227.10 - - [31/Mar/2026:05:34:50 +0700] "GET /?path=//lib/modules/5.14.0-503.11.1.el9_5.x86_64/kernel/net/ipv4 HTTP/2" 200 3494 "https://www.lotushomemade.com/?path=//lib/modules/5.14.0-503.11.1.el9_5.x86_64/kernel/net" "Mozilla/5.0 AppleWebKit/537.36 (KHTML, like Gecko; compatible; GPTBot/1.3; +https://openai.com/gptbot)"
216.73.216.24 - - [31/Mar/2026:05:34:50 +0700] "GET /whatsapp:/send?fileloc=%2F%2Fproc%2Fself%2Froot%2Fusr%2Fshare%2Fman%2Fman7%2FEVP_SIGNATURE-SLH-DSA-SHA2-128s.7ossl.gz&path=%2F%2Fproc%2Fself%2Froot%2Fusr%2Fshare%2Fman%2Fman7 HTTP/2" 200 6350 "-" "Mozilla/5.0 AppleWebKit/537.36 (KHTML, like Gecko; compatible; ClaudeBot/1.0; +claudebot@anthropic.com)"
216.73.216.24 - - [31/Mar/2026:05:34:50 +0700] "GET /whatsapp:/send?fileloc=%2F%2Fproc%2Fself%2Froot%2Fusr%2Flib%2Ffirmware%2Fnvidia%2Fgp106%2Facr%2Fbl.bin.xz&path=%2F%2Fproc%2Fself%2Froot%2Fusr%2Flib%2Ffirmware%2Fnvidia%2Fgp106%2Facr HTTP/2" 200 3003 "-" "Mozilla/5.0 AppleWebKit/537.36 (KHTML, like Gecko; compatible; ClaudeBot/1.0; +claudebot@anthropic.com)"
216.73.216.24 - - [31/Mar/2026:05:34:50 +0700] "GET /wp-sitemap.xml?fileloc=%2F%2Fusr%2Flib%2Ffirmware%2Fradeon%2FRV770_pfp.bin.xz&path=%2F%2Fusr%2Flib%2Ffirmware%2Fradeon HTTP/2" 200 4082 "-" "Mozilla/5.0 AppleWebKit/537.36 (KHTML, like Gecko; compatible; ClaudeBot/1.0; +claudebot@anthropic.com)"
74.7.227.29 - - [31/Mar/2026:05:34:50 +0700] "GET /wp-sitemap.xml?fileloc=//opt/imunify360/venv/lib/python3.11/site-packages/setuptools/extern/__init__.py&path=//opt/imunify360/venv/lib/python3.11/site-packages/setuptools/extern HTTP/2" 200 3550 "https://lotushomemade.com/wp-sitemap.xml?path=//opt/imunify360/venv/lib/python3.11/site-packages/setuptools/extern" "Mozilla/5.0 AppleWebKit/537.36 (KHTML, like Gecko; compatible; GPTBot/1.3; +https://openai.com/gptbot)"
57.141.16.53 - - [31/Mar/2026:05:34:48 +0700] "GET /news_sitemap.xml?fileloc=//lib/firmware/iwlwifi-ma-b0-gf4-a0-83.ucode.xz&path=//lib/firmware HTTP/2" 200 1018133 "-" "meta-externalagent/1.1 (+https://developers.facebook.com/docs/sharing/webmasters/crawler)"
216.73.216.24 - - [31/Mar/2026:05:34:48 +0700] "GET /whatsapp:/send?fileloc=%2F%2Fproc%2Fself%2Froot%2Fusr%2Flib%2Ffirmware%2Fnvidia%2Ftu106%2Fgsp%2Fgsp-570.144.bin.xz&path=%2F%2Fproc%2Fself%2Froot%2Fusr%2Flib%2Ffirmware%2Fnvidia%2Ftu106%2Fgsp HTTP/2" 200 11730875 "-" "Mozilla/5.0 AppleWebKit/537.36 (KHTML, like Gecko; compatible; ClaudeBot/1.0; +claudebot@anthropic.com)"
216.73.216.24 - - [31/Mar/2026:05:34:50 +0700] "GET /wp-sitemap.xml?fileloc=%2F%2Fusr%2Flib%2Ffirmware%2Fradeon%2Fkabini_rlc.bin.xz&path=%2F%2Fusr%2Flib%2Ffirmware%2Fradeon HTTP/2" 200 7104 "-" "Mozilla/5.0 AppleWebKit/537.36 (KHTML, like Gecko; compatible; ClaudeBot/1.0; +claudebot@anthropic.com)"
216.73.216.24 - - [31/Mar/2026:05:34:51 +0700] "GET /wp-sitemap.xml?fileloc=%2F%2Fusr%2Flib%2Ffirmware%2Fqca%2Fwcnhpnv21.ba4.xz&path=%2F%2Fusr%2Flib%2Ffirmware%2Fqca HTTP/2" 200 5423 "-" "Mozilla/5.0 AppleWebKit/537.36 (KHTML, like Gecko; compatible; ClaudeBot/1.0; +claudebot@anthropic.com)"
216.73.216.24 - - [31/Mar/2026:05:34:51 +0700] "GET /whatsapp:/send?fileloc=%2F%2Fproc%2Fself%2Froot%2Flib%2F.build-id%2Fcb%2F88bd55a018e32addfc714479e5bf7c8de7f101&path=%2F%2Fproc%2Fself%2Froot%2Flib%2F.build-id%2Fcb HTTP/2" 200 6509 "-" "Mozilla/5.0 AppleWebKit/537.36 (KHTML, like Gecko; compatible; ClaudeBot/1.0; +claudebot@anthropic.com)"
216.73.216.24 - - [31/Mar/2026:05:34:51 +0700] "GET /whatsapp:/send?fileloc=%2F%2Fproc%2Fself%2Froot%2Fhome%2Flotushomemade.com%2Fhttpdocs%2Fwp-content%2Fuploads%2Frevslider%2Flight1-400x267.jpg&path=%2F%2Fproc%2Fself%2Froot%2Fhome%2Flotushomemade.com%2Fhttpdocs%2Fwp-content%2Fuploads%2Frevslider HTTP/2" 200 8948 "-" "Mozilla/5.0 AppleWebKit/537.36 (KHTML, like Gecko; compatible; ClaudeBot/1.0; +claudebot@anthropic.com)"
216.73.216.24 - - [31/Mar/2026:05:34:51 +0700] "GET /wp-sitemap.xml?fileloc=%2F%2Fusr%2Flib%2Ffirmware%2Fradeon%2Fpitcairn_k_smc.bin.xz&path=%2F%2Fusr%2Flib%2Ffirmware%2Fradeon HTTP/2" 200 22019 "-" "Mozilla/5.0 AppleWebKit/537.36 (KHTML, like Gecko; compatible; ClaudeBot/1.0; +claudebot@anthropic.com)"
74.7.227.29 - - [31/Mar/2026:05:34:51 +0700] "GET /wp-sitemap.xml?fileloc=//opt/cloudlinux/venv/lib/python3.11/site-packages/psycopg2/__pycache__/__init__.cpython-311.pyc&path=//opt/cloudlinux/venv/lib/python3.11/site-packages/psycopg2/__pycache__ HTTP/2" 200 4712 "https://lotushomemade.com/wp-sitemap.xml?path=//opt/cloudlinux/venv/lib/python3.11/site-packages/psycopg2/__pycache__" "Mozilla/5.0 AppleWebKit/537.36 (KHTML, like Gecko; compatible; GPTBot/1.3; +https://openai.com/gptbot)"
57.141.16.67 - - [31/Mar/2026:05:34:51 +0700] "GET /news_sitemap.xml?fileloc=//lib/firmware/bmi260-init-data.fw.xz&path=//lib/firmware HTTP/2" 200 22350 "-" "meta-externalagent/1.1 (+https://developers.facebook.com/docs/sharing/webmasters/crawler)"
74.7.227.10 - - [31/Mar/2026:05:34:50 +0700] "GET /?path=//opt/plesk/node/24/lib/node_modules/npm/node_modules/@tufjs/models/node_modules/minimatch/dist/commonjs HTTP/2" 200 3183 "https://www.lotushomemade.com/?path=//opt/plesk/node/24/lib/node_modules/npm/node_modules/@tufjs/models/node_modules/minimatch/dist" "Mozilla/5.0 AppleWebKit/537.36 (KHTML, like Gecko; compatible; GPTBot/1.3; +https://openai.com/gptbot)"
216.73.216.24 - - [31/Mar/2026:05:34:51 +0700] "GET /wp-sitemap.xml?fileloc=%2F%2Fusr%2Flib%2Ffirmware%2Fradeon%2FRV710_uvd.bin.xz&path=%2F%2Fusr%2Flib%2Ffirmware%2Fradeon HTTP/2" 200 66731 "-" "Mozilla/5.0 AppleWebKit/537.36 (KHTML, like Gecko; compatible; ClaudeBot/1.0; +claudebot@anthropic.com)"
216.73.216.24 - - [31/Mar/2026:05:34:51 +0700] "GET /product/seaweed-cuttle-fish-l?path=%2F%2Fhome%2Flotushomemade.com%2Fnamecard.lotushomemade.com%2Fwp-admin%2Fcss%2Fcolors%2Fectoplasm HTTP/2" 200 2980 "-" "Mozilla/5.0 AppleWebKit/537.36 (KHTML, like Gecko; compatible; ClaudeBot/1.0; +claudebot@anthropic.com)"
216.73.216.24 - - [31/Mar/2026:05:34:50 +0700] "GET /whatsapp:/send?fileloc=%2F%2Fproc%2Fself%2Froot%2Flib%2F.build-id%2Fbe%2Fe0f7c2c608bb1371ef8c3faee0de9882e0ee48&path=%2F%2Fproc%2Fself%2Froot%2Flib%2F.build-id%2Fbe HTTP/2" 200 358868 "-" "Mozilla/5.0 AppleWebKit/537.36 (KHTML, like Gecko; compatible; ClaudeBot/1.0; +claudebot@anthropic.com)"
57.141.16.53 - - [31/Mar/2026:05:34:52 +0700] "GET /news_sitemap.xml?fileloc=//lib/firmware/TAS2XXX38D3.bin.xz&path=//lib/firmware HTTP/2" 200 20613 "-" "meta-externalagent/1.1 (+https://developers.facebook.com/docs/sharing/webmasters/crawler)"
57.141.16.0 - - [31/Mar/2026:05:34:52 +0700] "GET /news_sitemap.xml?fileloc=//lib/firmware/TAS2XXX3882.bin.xz&path=//lib/firmware HTTP/2" 200 20325 "-" "meta-externalagent/1.1 (+https://developers.facebook.com/docs/sharing/webmasters/crawler)"
57.141.16.28 - - [31/Mar/2026:05:34:52 +0700] "GET /news_sitemap.xml?fileloc=//lib/firmware/8EF6-2-9.bin.xz&path=//lib/firmware HTTP/2" 200 24691 "-" "meta-externalagent/1.1 (+https://developers.facebook.com/docs/sharing/webmasters/crawler)"
216.73.216.24 - - [31/Mar/2026:05:34:52 +0700] "GET /whatsapp:/send?fileloc=%2F%2Fproc%2Fself%2Froot%2Fhome%2Flotushomemade.com%2Fhttpdocs%2Fwp-content%2Fuploads%2Frevslider%2Flight1-430x287.jpg&path=%2F%2Fproc%2Fself%2Froot%2Fhome%2Flotushomemade.com%2Fhttpdocs%2Fwp-content%2Fuploads%2Frevslider HTTP/2" 200 9737 "-" "Mozilla/5.0 AppleWebKit/537.36 (KHTML, like Gecko; compatible; ClaudeBot/1.0; +claudebot@anthropic.com)"
57.141.16.79 - - [31/Mar/2026:05:34:53 +0700] "GET /news_sitemap.xml?path=//lib/firmware/rsi HTTP/2" 200 20283 "-" "meta-externalagent/1.1 (+https://developers.facebook.com/docs/sharing/webmasters/crawler)"
57.141.16.101 - - [31/Mar/2026:05:34:53 +0700] "GET /news_sitemap.xml?fileloc=//lib/firmware/TXNW2781RCA1.bin.xz&path=//lib/firmware HTTP/2" 200 12749 "-" "meta-externalagent/1.1 (+https://developers.facebook.com/docs/sharing/webmasters/crawler)"
57.141.16.50 - - [31/Mar/2026:05:34:53 +0700] "GET /news_sitemap.xml?fileloc=//lib/firmware/dvb-fe-xc5000c-4.1.30.7.fw.xz&path=//lib/firmware HTTP/2" 200 33354 "-" "meta-externalagent/1.1 (+https://developers.facebook.com/docs/sharing/webmasters/crawler)"
57.141.16.32 - - [31/Mar/2026:05:34:53 +0700] "GET /news_sitemap.xml?fileloc=//lib/firmware/TAS2XXX8E1C.bin.xz&path=//lib/firmware HTTP/2" 200 13426 "-" "meta-externalagent/1.1 (+https://developers.facebook.com/docs/sharing/webmasters/crawler)"
57.141.16.59 - - [31/Mar/2026:05:34:53 +0700] "GET /news_sitemap.xml?fileloc=//lib/firmware/TAS2XXX8ED6-1.bin.xz&path=//lib/firmware HTTP/2" 200 24115 "-" "meta-externalagent/1.1 (+https://developers.facebook.com/docs/sharing/webmasters/crawler)"
216.73.216.24 - - [31/Mar/2026:05:34:54 +0700] "GET /wp-sitemap.xml?fileloc=%2F%2Fusr%2Flib%2Ffirmware%2Fqca%2Fhpnv21g.b8c.xz&path=%2F%2Fusr%2Flib%2Ffirmware%2Fqca HTTP/2" 200 5512 "-" "Mozilla/5.0 AppleWebKit/537.36 (KHTML, like Gecko; compatible; ClaudeBot/1.0; +claudebot@anthropic.com)"
57.141.16.85 - - [31/Mar/2026:05:34:54 +0700] "GET /news_sitemap.xml?fileloc=//lib/firmware/TAS2XXX38D6.bin.xz&path=//lib/firmware HTTP/2" 200 21181 "-" "meta-externalagent/1.1 (+https://developers.facebook.com/docs/sharing/webmasters/crawler)"
74.7.227.10 - - [31/Mar/2026:05:34:54 +0700] "GET /?path=//opt/plesk/node/24/lib/node_modules/npm/node_modules/@tufjs/models/node_modules/minimatch/dist/esm HTTP/2" 200 3183 "https://www.lotushomemade.com/?path=//opt/plesk/node/24/lib/node_modules/npm/node_modules/@tufjs/models/node_modules/minimatch/dist" "Mozilla/5.0 AppleWebKit/537.36 (KHTML, like Gecko; compatible; GPTBot/1.3; +https://openai.com/gptbot)"
74.7.227.29 - - [31/Mar/2026:05:34:54 +0700] "GET /wp-sitemap.xml?fileloc=//opt/imunify360/venv/lib/python3.11/site-packages/clcommon/group_info_reader.py&path=//opt/imunify360/venv/lib/python3.11/site-packages/clcommon HTTP/2" 200 4510 "https://lotushomemade.com/wp-sitemap.xml?path=//opt/imunify360/venv/lib/python3.11/site-packages/clcommon" "Mozilla/5.0 AppleWebKit/537.36 (KHTML, like Gecko; compatible; GPTBot/1.3; +https://openai.com/gptbot)"
57.141.16.68 - - [31/Mar/2026:05:34:54 +0700] "GET /news_sitemap.xml?fileloc=//lib/firmware/TAS2XXX387D.bin.xz&path=//lib/firmware HTTP/2" 200 20505 "-" "meta-externalagent/1.1 (+https://developers.facebook.com/docs/sharing/webmasters/crawler)"
57.141.16.59 - - [31/Mar/2026:05:34:51 +0700] "GET /news_sitemap.xml?fileloc=//lib/firmware/myri10ge_ethp_big_z8e.dat.xz&path=//lib/firmware HTTP/2" 200 147754 "-" "meta-externalagent/1.1 (+https://developers.facebook.com/docs/sharing/webmasters/crawler)"
216.73.216.24 - - [31/Mar/2026:05:34:55 +0700] "GET /wp-sitemap.xml?fileloc=%2F%2Fusr%2Flib%2Ffirmware%2Fradeon%2Fkaveri_vce.bin.xz&path=%2F%2Fusr%2Flib%2Ffirmware%2Fradeon HTTP/2" 200 56792 "-" "Mozilla/5.0 AppleWebKit/537.36 (KHTML, like Gecko; compatible; ClaudeBot/1.0; +claudebot@anthropic.com)"
216.73.216.24 - - [31/Mar/2026:05:34:55 +0700] "GET /whatsapp:/send?fileloc=%2F%2Fproc%2Fself%2Froot%2Flib%2F.build-id%2Fbf%2F6495c909c36f73adcbcc4e054303b85b8916cd&path=%2F%2Fproc%2Fself%2Froot%2Flib%2F.build-id%2Fbf HTTP/2" 200 36106 "-" "Mozilla/5.0 AppleWebKit/537.36 (KHTML, like Gecko; compatible; ClaudeBot/1.0; +claudebot@anthropic.com)"
216.73.216.24 - - [31/Mar/2026:05:34:55 +0700] "GET /whatsapp:/send?fileloc=%2F%2Fproc%2Fself%2Froot%2Flib%2F.build-id%2Fdc%2F707ac855e71cd713b2085dfb8a2ec6c460d0c3&path=%2F%2Fproc%2Fself%2Froot%2Flib%2F.build-id%2Fdc HTTP/2" 200 517577 "-" "Mozilla/5.0 AppleWebKit/537.36 (KHTML, like Gecko; compatible; ClaudeBot/1.0; +claudebot@anthropic.com)"
216.73.216.24 - - [31/Mar/2026:05:34:55 +0700] "GET /whatsapp:/send?fileloc=%2F%2Fproc%2Fself%2Froot%2Fusr%2Fshare%2Fman%2Fman1%2Fgalera_recovery.1.gz&path=%2F%2Fproc%2Fself%2Froot%2Fusr%2Fshare%2Fman%2Fman1 HTTP/2" 200 2953 "-" "Mozilla/5.0 AppleWebKit/537.36 (KHTML, like Gecko; compatible; ClaudeBot/1.0; +claudebot@anthropic.com)"
74.7.227.29 - - [31/Mar/2026:05:34:55 +0700] "GET /wp-sitemap.xml?fileloc=//opt/imunify360/venv/lib/python3.11/site-packages/babel/localtime/_unix.py&path=//opt/imunify360/venv/lib/python3.11/site-packages/babel/localtime HTTP/2" 200 3862 "https://lotushomemade.com/wp-sitemap.xml?path=//opt/imunify360/venv/lib/python3.11/site-packages/babel/localtime" "Mozilla/5.0 AppleWebKit/537.36 (KHTML, like Gecko; compatible; GPTBot/1.3; +https://openai.com/gptbot)"
74.7.227.10 - - [31/Mar/2026:05:34:55 +0700] "GET /?path=//opt/plesk/node/25/lib/node_modules/npm/node_modules/@tufjs/models/node_modules/minimatch/dist/commonjs HTTP/2" 200 3212 "https://www.lotushomemade.com/?path=//opt/plesk/node/25/lib/node_modules/npm/node_modules/@tufjs/models/node_modules/minimatch/dist" "Mozilla/5.0 AppleWebKit/537.36 (KHTML, like Gecko; compatible; GPTBot/1.3; +https://openai.com/gptbot)"
216.73.216.24 - - [31/Mar/2026:05:34:55 +0700] "GET /wp-sitemap.xml?fileloc=%2F%2Fusr%2Flib%2Ffirmware%2Fqca%2Fnvm_00230302.bin.xz&path=%2F%2Fusr%2Flib%2Ffirmware%2Fqca HTTP/2" 200 3818 "-" "Mozilla/5.0 AppleWebKit/537.36 (KHTML, like Gecko; compatible; ClaudeBot/1.0; +claudebot@anthropic.com)"
57.141.16.58 - - [31/Mar/2026:05:34:55 +0700] "GET /news_sitemap.xml?fileloc=//lib/firmware/8E87-2-A.bin.xz&path=//lib/firmware HTTP/2" 200 24556 "-" "meta-externalagent/1.1 (+https://developers.facebook.com/docs/sharing/webmasters/crawler)"
216.73.216.24 - - [31/Mar/2026:05:34:55 +0700] "GET /whatsapp:/send?fileloc=%2F%2Fproc%2Fself%2Froot%2Flib%2F.build-id%2F9a%2Fcedec7febbf3d27516d8df3be65e09b5274ce5&path=%2F%2Fproc%2Fself%2Froot%2Flib%2F.build-id%2F9a HTTP/2" 200 8494 "-" "Mozilla/5.0 AppleWebKit/537.36 (KHTML, like Gecko; compatible; ClaudeBot/1.0; +claudebot@anthropic.com)"
216.73.216.24 - - [31/Mar/2026:05:34:55 +0700] "GET /wp-sitemap.xml?fileloc=%2F%2Fusr%2Flib%2Ffirmware%2Fradeon%2FTAHITI_smc.bin.xz&path=%2F%2Fusr%2Flib%2Ffirmware%2Fradeon HTTP/2" 200 21775 "-" "Mozilla/5.0 AppleWebKit/537.36 (KHTML, like Gecko; compatible; ClaudeBot/1.0; +claudebot@anthropic.com)"
57.141.16.84 - - [31/Mar/2026:05:34:51 +0700] "GET /news_sitemap.xml?fileloc=//lib/firmware/iwlwifi-so-a0-gf-a0-83.ucode.xz&path=//lib/firmware HTTP/2" 200 1019668 "-" "meta-externalagent/1.1 (+https://developers.facebook.com/docs/sharing/webmasters/crawler)"
216.73.216.24 - - [31/Mar/2026:05:34:55 +0700] "GET /wp-sitemap.xml?fileloc=%2F%2Fusr%2Flib%2Ffirmware%2Fqca%2Fhpnv21g.309.xz&path=%2F%2Fusr%2Flib%2Ffirmware%2Fqca HTTP/2" 200 5478 "-" "Mozilla/5.0 AppleWebKit/537.36 (KHTML, like Gecko; compatible; ClaudeBot/1.0; +claudebot@anthropic.com)"
57.141.16.0 - - [31/Mar/2026:05:34:55 +0700] "GET /news_sitemap.xml?fileloc=//lib/firmware/TAS2XXX12141.bin.xz&path=//lib/firmware HTTP/2" 200 24731 "-" "meta-externalagent/1.1 (+https://developers.facebook.com/docs/sharing/webmasters/crawler)"
216.73.216.24 - - [31/Mar/2026:05:34:55 +0700] "GET /whatsapp:/send?fileloc=%2F%2Fproc%2Fself%2Froot%2Fusr%2Flib%2Ffirmware%2Famdnpu%2F17f0_11%2Fnpu.sbin.1.1.2.65.xz&path=%2F%2Fproc%2Fself%2Froot%2Fusr%2Flib%2Ffirmware%2Famdnpu%2F17f0_11 HTTP/2" 200 107766 "-" "Mozilla/5.0 AppleWebKit/537.36 (KHTML, like Gecko; compatible; ClaudeBot/1.0; +claudebot@anthropic.com)"
216.73.216.24 - - [31/Mar/2026:05:34:55 +0700] "GET /wp-sitemap.xml?fileloc=%2F%2Fopt%2Fimunify360%2Fvenv%2Flib%2Fpython3.11%2Fsite-packages%2Fclcommon-3.4.16.dist-info%2FMETADATA&path=%2F%2Fopt%2Fimunify360%2Fvenv%2Flib%2Fpython3.11%2Fsite-packages%2Fclcommon-3.4.16.dist-info HTTP/2" 200 2872 "-" "Mozilla/5.0 AppleWebKit/537.36 (KHTML, like Gecko; compatible; ClaudeBot/1.0; +claudebot@anthropic.com)"
74.7.227.29 - - [31/Mar/2026:05:34:55 +0700] "GET /wp-sitemap.xml?fileloc=//opt/imunify360/venv/lib/python3.11/site-packages/pip/_internal/req/req_file.py&path=//opt/imunify360/venv/lib/python3.11/site-packages/pip/_internal/req HTTP/2" 200 9074 "https://lotushomemade.com/wp-sitemap.xml?path=//opt/imunify360/venv/lib/python3.11/site-packages/pip/_internal/req" "Mozilla/5.0 AppleWebKit/537.36 (KHTML, like Gecko; compatible; GPTBot/1.3; +https://openai.com/gptbot)"
216.73.216.24 - - [31/Mar/2026:05:34:55 +0700] "GET /whatsapp:/send?fileloc=%2F%2Fproc%2Fself%2Froot%2Flib%2F.build-id%2Fbc%2F995af1c7722691ca92b24ea8a48d74609fbe74&path=%2F%2Fproc%2Fself%2Froot%2Flib%2F.build-id%2Fbc HTTP/2" 200 30925 "-" "Mozilla/5.0 AppleWebKit/537.36 (KHTML, like Gecko; compatible; ClaudeBot/1.0; +claudebot@anthropic.com)"
74.7.227.10 - - [31/Mar/2026:05:34:55 +0700] "GET /?path=//opt/plesk/node/25/lib/node_modules/npm/node_modules/@tufjs/models/node_modules/minimatch/dist/esm HTTP/2" 200 3208 "https://www.lotushomemade.com/?path=//opt/plesk/node/25/lib/node_modules/npm/node_modules/@tufjs/models/node_modules/minimatch/dist" "Mozilla/5.0 AppleWebKit/537.36 (KHTML, like Gecko; compatible; GPTBot/1.3; +https://openai.com/gptbot)"
216.73.216.24 - - [31/Mar/2026:05:34:56 +0700] "GET /whatsapp:/send?fileloc=%2F%2Fproc%2Fsys%2Fnet%2Fipv4%2Fneigh%2Feno3%2Fdelay_first_probe_time&path=%2F%2Fproc%2Fsys%2Fnet%2Fipv4%2Fneigh%2Feno3 HTTP/2" 200 2550 "-" "Mozilla/5.0 AppleWebKit/537.36 (KHTML, like Gecko; compatible; ClaudeBot/1.0; +claudebot@anthropic.com)"
216.73.216.24 - - [31/Mar/2026:05:34:50 +0700] "GET /whatsapp:/send?fileloc=%2F%2Fproc%2Fself%2Froot%2Flib%2F.build-id%2Fb7%2Fb920366147dd96b8f0a0b5c457fdbb24195ff0&path=%2F%2Fproc%2Fself%2Froot%2Flib%2F.build-id%2Fb7 HTTP/2" 200 5563419 "-" "Mozilla/5.0 AppleWebKit/537.36 (KHTML, like Gecko; compatible; ClaudeBot/1.0; +claudebot@anthropic.com)"
57.141.16.57 - - [31/Mar/2026:05:34:55 +0700] "GET /news_sitemap.xml?fileloc=//lib/firmware/iwlwifi-ty-a0-gf-a0-73.ucode.xz&path=//lib/firmware HTTP/2" 200 947834 "-" "meta-externalagent/1.1 (+https://developers.facebook.com/docs/sharing/webmasters/crawler)"
57.141.16.24 - - [31/Mar/2026:05:34:56 +0700] "GET /news_sitemap.xml?fileloc=//lib/systemd/systemd-rfkill&path=//lib/systemd HTTP/2" 200 42887 "-" "meta-externalagent/1.1 (+https://developers.facebook.com/docs/sharing/webmasters/crawler)"
216.73.216.24 - - [31/Mar/2026:05:34:56 +0700] "GET /whatsapp:/send?fileloc=%2F%2Fproc%2Fself%2Froot%2Fusr%2Flib%2Ffirmware%2Far3k%2F30000%2FPS_ASIC.pst.xz&path=%2F%2Fproc%2Fself%2Froot%2Fusr%2Flib%2Ffirmware%2Far3k%2F30000 HTTP/2" 200 3279 "-" "Mozilla/5.0 AppleWebKit/537.36 (KHTML, like Gecko; compatible; ClaudeBot/1.0; +claudebot@anthropic.com)"
216.73.216.24 - - [31/Mar/2026:05:34:56 +0700] "GET /whatsapp:/send?fileloc=%2F%2Fproc%2Fself%2Froot%2Flib%2F.build-id%2F23%2Fe512be416fd79f01ac648a564fa2187e758d22&path=%2F%2Fproc%2Fself%2Froot%2Flib%2F.build-id%2F23 HTTP/2" 200 65601 "-" "Mozilla/5.0 AppleWebKit/537.36 (KHTML, like Gecko; compatible; ClaudeBot/1.0; +claudebot@anthropic.com)"
216.73.216.24 - - [31/Mar/2026:05:34:56 +0700] "GET /whatsapp:/send?fileloc=%2F%2Fproc%2Fself%2Froot%2Flib%2F.build-id%2Ffb%2F57a94574b78d71d111dadeb158efa355f9fcb6&path=%2F%2Fproc%2Fself%2Froot%2Flib%2F.build-id%2Ffb HTTP/2" 200 94781 "-" "Mozilla/5.0 AppleWebKit/537.36 (KHTML, like Gecko; compatible; ClaudeBot/1.0; +claudebot@anthropic.com)"
216.73.216.24 - - [31/Mar/2026:05:34:56 +0700] "GET /wp-sitemap.xml?fileloc=%2F%2Fusr%2Flib%2Ffirmware%2Fradeon%2Fhainan_mc.bin.xz&path=%2F%2Fusr%2Flib%2Ffirmware%2Fradeon HTTP/2" 200 12251 "-" "Mozilla/5.0 AppleWebKit/537.36 (KHTML, like Gecko; compatible; ClaudeBot/1.0; +claudebot@anthropic.com)"
74.7.227.29 - - [31/Mar/2026:05:34:56 +0700] "GET /wp-sitemap.xml?fileloc=//opt/cloudlinux/venv/lib/python3.11/site-packages/psycopg2/__pycache__/tz.cpython-311.pyc&path=//opt/cloudlinux/venv/lib/python3.11/site-packages/psycopg2/__pycache__ HTTP/2" 200 5805 "https://lotushomemade.com/wp-sitemap.xml?path=//opt/cloudlinux/venv/lib/python3.11/site-packages/psycopg2/__pycache__" "Mozilla/5.0 AppleWebKit/537.36 (KHTML, like Gecko; compatible; GPTBot/1.3; +https://openai.com/gptbot)"
216.73.216.24 - - [31/Mar/2026:05:34:56 +0700] "GET /product/seaweed-cuttle-fish-l?path=%2F%2Fvar%2Fsoftaculous%2Frosariosis%2Fphp82 HTTP/2" 200 2966 "-" "Mozilla/5.0 AppleWebKit/537.36 (KHTML, like Gecko; compatible; ClaudeBot/1.0; +claudebot@anthropic.com)"
74.7.227.10 - - [31/Mar/2026:05:34:56 +0700] "GET /?path=//lib/modules/5.14.0-503.40.1.el9_5.x86_64/kernel/net/ipv4 HTTP/2" 200 3487 "https://www.lotushomemade.com/?path=//lib/modules/5.14.0-503.40.1.el9_5.x86_64/kernel/net" "Mozilla/5.0 AppleWebKit/537.36 (KHTML, like Gecko; compatible; GPTBot/1.3; +https://openai.com/gptbot)"
216.73.216.24 - - [31/Mar/2026:05:34:56 +0700] "GET /wp-sitemap.xml?fileloc=%2F%2Fusr%2Flib%2Ffirmware%2Fradeon%2FR100_cp.bin.xz&path=%2F%2Fusr%2Flib%2Ffirmware%2Fradeon HTTP/2" 200 3342 "-" "Mozilla/5.0 AppleWebKit/537.36 (KHTML, like Gecko; compatible; ClaudeBot/1.0; +claudebot@anthropic.com)"
216.73.216.24 - - [31/Mar/2026:05:34:56 +0700] "GET /whatsapp:/send?fileloc=%2F%2Fproc%2Fself%2Froot%2Fusr%2Flib%2Ffirmware%2Famdnpu%2F17f0_10%2Fnpu.sbin.1.1.2.64.xz&path=%2F%2Fproc%2Fself%2Froot%2Fusr%2Flib%2Ffirmware%2Famdnpu%2F17f0_10 HTTP/2" 200 107791 "-" "Mozilla/5.0 AppleWebKit/537.36 (KHTML, like Gecko; compatible; ClaudeBot/1.0; +claudebot@anthropic.com)"
57.141.16.84 - - [31/Mar/2026:05:34:56 +0700] "GET /news_sitemap.xml?fileloc=//lib/firmware/TAS2XXX3EE01.bin.xz&path=//lib/firmware HTTP/2" 200 24807 "-" "meta-externalagent/1.1 (+https://developers.facebook.com/docs/sharing/webmasters/crawler)"
216.73.216.24 - - [31/Mar/2026:05:34:56 +0700] "GET /whatsapp:/send?fileloc=%2F%2Fproc%2Fself%2Froot%2Flib%2F.build-id%2F66%2Fd431d176cde8560ab727bc3efcb65697cae814&path=%2F%2Fproc%2Fself%2Froot%2Flib%2F.build-id%2F66 HTTP/2" 200 11462 "-" "Mozilla/5.0 AppleWebKit/537.36 (KHTML, like Gecko; compatible; ClaudeBot/1.0; +claudebot@anthropic.com)"
216.73.216.24 - - [31/Mar/2026:05:34:56 +0700] "GET /wp-sitemap.xml?fileloc=%2F%2Fusr%2Flib%2Ffirmware%2Fradeon%2FVERDE_pfp.bin.xz&path=%2F%2Fusr%2Flib%2Ffirmware%2Fradeon HTTP/2" 200 4646 "-" "Mozilla/5.0 AppleWebKit/537.36 (KHTML, like Gecko; compatible; ClaudeBot/1.0; +claudebot@anthropic.com)"
74.7.227.29 - - [31/Mar/2026:05:34:56 +0700] "GET /wp-sitemap.xml?fileloc=//opt/imunify360/venv/lib/python3.11/site-packages/pip/_internal/self_outdated_check.py&path=//opt/imunify360/venv/lib/python3.11/site-packages/pip/_internal HTTP/2" 200 5438 "https://lotushomemade.com/wp-sitemap.xml?path=//opt/imunify360/venv/lib/python3.11/site-packages/pip/_internal" "Mozilla/5.0 AppleWebKit/537.36 (KHTML, like Gecko; compatible; GPTBot/1.3; +https://openai.com/gptbot)"
216.73.216.24 - - [31/Mar/2026:05:34:56 +0700] "GET /whatsapp:/send?fileloc=%2F%2Fproc%2Fself%2Froot%2Fusr%2Fshare%2Fman%2Fman7%2FEVP_SIGNATURE-SLH-DSA-SHA2-256s.7ossl.gz&path=%2F%2Fproc%2Fself%2Froot%2Fusr%2Fshare%2Fman%2Fman7 HTTP/2" 200 6350 "-" "Mozilla/5.0 AppleWebKit/537.36 (KHTML, like Gecko; compatible; ClaudeBot/1.0; +claudebot@anthropic.com)"
74.7.227.10 - - [31/Mar/2026:05:34:56 +0700] "GET /?path=//lib/modules/5.14.0-503.40.1.el9_5.x86_64/kernel/net/ipv6 HTTP/2" 200 3391 "https://www.lotushomemade.com/?path=//lib/modules/5.14.0-503.40.1.el9_5.x86_64/kernel/net" "Mozilla/5.0 AppleWebKit/537.36 (KHTML, like Gecko; compatible; GPTBot/1.3; +https://openai.com/gptbot)"
216.73.216.24 - - [31/Mar/2026:05:34:57 +0700] "GET /whatsapp:/send?fileloc=%2F%2Fproc%2Fself%2Froot%2Flib%2F.build-id%2Fc9%2F7a2cd1fa28c4acf2f77dd1da0bf3a12502acd8&path=%2F%2Fproc%2Fself%2Froot%2Flib%2F.build-id%2Fc9 HTTP/2" 200 52020 "-" "Mozilla/5.0 AppleWebKit/537.36 (KHTML, like Gecko; compatible; ClaudeBot/1.0; +claudebot@anthropic.com)"
216.73.216.24 - - [31/Mar/2026:05:34:57 +0700] "GET /wp-sitemap.xml?fileloc=%2F%2Fusr%2Flib%2Ffirmware%2Fqca%2Fwcnhpnv21g.bin.xz&path=%2F%2Fusr%2Flib%2Ffirmware%2Fqca HTTP/2" 200 5575 "-" "Mozilla/5.0 AppleWebKit/537.36 (KHTML, like Gecko; compatible; ClaudeBot/1.0; +claudebot@anthropic.com)"
216.73.216.24 - - [31/Mar/2026:05:34:57 +0700] "GET /whatsapp:/send?fileloc=%2F%2Fproc%2Fself%2Froot%2Flib%2F.build-id%2Fbc%2Ff08a44875dfb4c61c0b95bc744ccb14a4af78b&path=%2F%2Fproc%2Fself%2Froot%2Flib%2F.build-id%2Fbc HTTP/2" 200 5335 "-" "Mozilla/5.0 AppleWebKit/537.36 (KHTML, like Gecko; compatible; ClaudeBot/1.0; +claudebot@anthropic.com)"
216.73.216.24 - - [31/Mar/2026:05:34:57 +0700] "GET /wp-sitemap.xml?fileloc=%2F%2Fusr%2Flib%2Ffirmware%2Fradeon%2Fverde_k_smc.bin.xz&path=%2F%2Fusr%2Flib%2Ffirmware%2Fradeon HTTP/2" 200 22973 "-" "Mozilla/5.0 AppleWebKit/537.36 (KHTML, like Gecko; compatible; ClaudeBot/1.0; +claudebot@anthropic.com)"
216.73.216.24 - - [31/Mar/2026:05:34:57 +0700] "GET /whatsapp:/send?fileloc=%2F%2Fproc%2Fself%2Froot%2Fusr%2Flib%2Ffirmware%2Famphion%2Fvpu%2Fvpu_fw_imx8_enc.bin.xz&path=%2F%2Fproc%2Fself%2Froot%2Fusr%2Flib%2Ffirmware%2Famphion%2Fvpu HTTP/2" 200 54026 "-" "Mozilla/5.0 AppleWebKit/537.36 (KHTML, like Gecko; compatible; ClaudeBot/1.0; +claudebot@anthropic.com)"
216.73.216.24 - - [31/Mar/2026:05:34:57 +0700] "GET /wp-sitemap.xml?fileloc=%2F%2Fhome%2Flotushomemade.com%2Fhttpdocs%2Fwp-includes%2Fimages%2Frss.png&path=%2F%2Fhome%2Flotushomemade.com%2Fhttpdocs%2Fwp-includes%2Fimages HTTP/2" 200 3211 "-" "Mozilla/5.0 AppleWebKit/537.36 (KHTML, like Gecko; compatible; ClaudeBot/1.0; +claudebot@anthropic.com)"
74.7.227.29 - - [31/Mar/2026:05:34:57 +0700] "GET /wp-sitemap.xml?fileloc=//opt/imunify360/venv/lib/python3.11/site-packages/pip/_internal/req/constructors.py&path=//opt/imunify360/venv/lib/python3.11/site-packages/pip/_internal/req HTTP/2" 200 8151 "https://lotushomemade.com/wp-sitemap.xml?path=//opt/imunify360/venv/lib/python3.11/site-packages/pip/_internal/req" "Mozilla/5.0 AppleWebKit/537.36 (KHTML, like Gecko; compatible; GPTBot/1.3; +https://openai.com/gptbot)"
57.141.16.103 - - [31/Mar/2026:05:34:57 +0700] "GET /news_sitemap.xml?fileloc=//lib/rpm/sysusers.prov&path=//lib/rpm HTTP/2" 200 13070 "-" "meta-externalagent/1.1 (+https://developers.facebook.com/docs/sharing/webmasters/crawler)"
74.7.227.10 - - [31/Mar/2026:05:34:57 +0700] "GET /?fileloc=//lib64/perl5/Config.pod&path=//lib64/perl5 HTTP/2" 200 51999 "https://www.lotushomemade.com/?path=//lib64/perl5" "Mozilla/5.0 AppleWebKit/537.36 (KHTML, like Gecko; compatible; GPTBot/1.3; +https://openai.com/gptbot)"
216.73.216.24 - - [31/Mar/2026:05:34:57 +0700] "GET /product/original-egg-roll-gift-series?path=%2F%2Fvar%2Fsoftaculous%2Fsentrifugo%2Fphp82 HTTP/2" 200 2985 "-" "Mozilla/5.0 AppleWebKit/537.36 (KHTML, like Gecko; compatible; ClaudeBot/1.0; +claudebot@anthropic.com)"
216.73.216.24 - - [31/Mar/2026:05:34:57 +0700] "GET /wp-sitemap.xml?fileloc=%2F%2Fusr%2Flib%2Ffirmware%2Fmediatek%2Fmt7986_wm_mt7975.bin.xz&path=%2F%2Fusr%2Flib%2Ffirmware%2Fmediatek HTTP/2" 200 371015 "-" "Mozilla/5.0 AppleWebKit/537.36 (KHTML, like Gecko; compatible; ClaudeBot/1.0; +claudebot@anthropic.com)"
216.73.216.24 - - [31/Mar/2026:05:34:57 +0700] "GET /whatsapp:/send?fileloc=%2F%2Fproc%2Fself%2Froot%2Flib%2F.build-id%2Fb0%2Fa3d9d7936e1f5997b60a204d134522992b1903&path=%2F%2Fproc%2Fself%2Froot%2Flib%2F.build-id%2Fb0 HTTP/2" 200 13557 "-" "Mozilla/5.0 AppleWebKit/537.36 (KHTML, like Gecko; compatible; ClaudeBot/1.0; +claudebot@anthropic.com)"
216.73.216.24 - - [31/Mar/2026:05:34:57 +0700] "GET /whatsapp:/send?fileloc=%2F%2Fproc%2Fself%2Froot%2Fusr%2Fshare%2Fman%2Fman3%2FNet%3A%3ADNS%3A%3ARR%3A%3AZONEMD.3pm.gz&path=%2F%2Fproc%2Fself%2Froot%2Fusr%2Fshare%2Fman%2Fman3 HTTP/2" 200 5028 "-" "Mozilla/5.0 AppleWebKit/537.36 (KHTML, like Gecko; compatible; ClaudeBot/1.0; +claudebot@anthropic.com)"
216.73.216.24 - - [31/Mar/2026:05:34:57 +0700] "GET /whatsapp:/send?fileloc=%2F%2Fproc%2Fself%2Froot%2Flib%2F.build-id%2Fb3%2Fdda24c38f3ccd3dabe8703b351b8b9314710da&path=%2F%2Fproc%2Fself%2Froot%2Flib%2F.build-id%2Fb3 HTTP/2" 200 6162 "-" "Mozilla/5.0 AppleWebKit/537.36 (KHTML, like Gecko; compatible; ClaudeBot/1.0; +claudebot@anthropic.com)"
74.7.227.29 - - [31/Mar/2026:05:34:57 +0700] "GET /wp-sitemap.xml?fileloc=//opt/imunify360/venv/lib/python3.11/site-packages/pip/_internal/commands/cache.py&path=//opt/imunify360/venv/lib/python3.11/site-packages/pip/_internal/commands HTTP/2" 200 5325 "https://lotushomemade.com/wp-sitemap.xml?path=//opt/imunify360/venv/lib/python3.11/site-packages/pip/_internal/commands" "Mozilla/5.0 AppleWebKit/537.36 (KHTML, like Gecko; compatible; GPTBot/1.3; +https://openai.com/gptbot)"
216.73.216.24 - - [31/Mar/2026:05:34:58 +0700] "GET /whatsapp:/send?fileloc=%2F%2Fproc%2Fself%2Froot%2Flib%2F.build-id%2F3e%2F5df495bbffe3eeac06c1c8f02e684acd825878&path=%2F%2Fproc%2Fself%2Froot%2Flib%2F.build-id%2F3e HTTP/2" 200 29097 "-" "Mozilla/5.0 AppleWebKit/537.36 (KHTML, like Gecko; compatible; ClaudeBot/1.0; +claudebot@anthropic.com)"
216.73.216.24 - - [31/Mar/2026:05:34:58 +0700] "GET /whatsapp:/send?fileloc=%2F%2Fproc%2Fself%2Froot%2Flib%2F.build-id%2F2b%2Fee1e35d7e838763063be683166c8b0b6b02f1b&path=%2F%2Fproc%2Fself%2Froot%2Flib%2F.build-id%2F2b HTTP/2" 200 7051 "-" "Mozilla/5.0 AppleWebKit/537.36 (KHTML, like Gecko; compatible; ClaudeBot/1.0; +claudebot@anthropic.com)"
57.141.16.30 - - [31/Mar/2026:05:34:57 +0700] "GET /news_sitemap.xml?fileloc=//lib/firmware/iwlwifi-Qu-c0-hr-b0-77.ucode.xz&path=//lib/firmware HTTP/2" 200 904886 "-" "meta-externalagent/1.1 (+https://developers.facebook.com/docs/sharing/webmasters/crawler)"
216.73.216.24 - - [31/Mar/2026:05:34:58 +0700] "GET /wp-sitemap.xml?fileloc=%2F%2Fusr%2Flib%2Ffirmware%2Fradeon%2FR520_cp.bin.xz&path=%2F%2Fusr%2Flib%2Ffirmware%2Fradeon HTTP/2" 200 3365 "-" "Mozilla/5.0 AppleWebKit/537.36 (KHTML, like Gecko; compatible; ClaudeBot/1.0; +claudebot@anthropic.com)"
57.141.16.3 - - [31/Mar/2026:05:34:58 +0700] "GET /news_sitemap.xml?fileloc=//lib/firmware/hfi1_dc8051.fw.xz&path=//lib/firmware HTTP/2" 200 42227 "-" "meta-externalagent/1.1 (+https://developers.facebook.com/docs/sharing/webmasters/crawler)"
57.141.16.65 - - [31/Mar/2026:05:34:58 +0700] "GET /news_sitemap.xml?fileloc=//lib/systemd/systemd-bless-boot&path=//lib/systemd HTTP/2" 200 54841 "-" "meta-externalagent/1.1 (+https://developers.facebook.com/docs/sharing/webmasters/crawler)"
216.73.216.24 - - [31/Mar/2026:05:34:58 +0700] "GET /wp-sitemap.xml?fileloc=%2F%2Fusr%2Flib%2Ffirmware%2Fradeon%2FRV770_uvd.bin.xz&path=%2F%2Fusr%2Flib%2Ffirmware%2Fradeon HTTP/2" 200 55942 "-" "Mozilla/5.0 AppleWebKit/537.36 (KHTML, like Gecko; compatible; ClaudeBot/1.0; +claudebot@anthropic.com)"
216.73.216.24 - - [31/Mar/2026:05:34:58 +0700] "GET /wp-sitemap.xml?fileloc=%2F%2Fusr%2Flib%2Ffirmware%2Fradeon%2FTAHITI_me.bin.xz&path=%2F%2Fusr%2Flib%2Ffirmware%2Fradeon HTTP/2" 200 5482 "-" "Mozilla/5.0 AppleWebKit/537.36 (KHTML, like Gecko; compatible; ClaudeBot/1.0; +claudebot@anthropic.com)"
57.141.16.23 - - [31/Mar/2026:05:34:58 +0700] "GET /news_sitemap.xml?fileloc=//lib/firmware/TAS2XXX38A5.bin.xz&path=//lib/firmware HTTP/2" 200 20494 "-" "meta-externalagent/1.1 (+https://developers.facebook.com/docs/sharing/webmasters/crawler)"
74.7.227.10 - - [31/Mar/2026:05:34:58 +0700] "GET /?path=//usr/lib64/python3.9/html HTTP/2" 200 3038 "https://www.lotushomemade.com/?path=//usr/lib64/python3.9" "Mozilla/5.0 AppleWebKit/537.36 (KHTML, like Gecko; compatible; GPTBot/1.3; +https://openai.com/gptbot)"
57.141.16.3 - - [31/Mar/2026:05:34:58 +0700] "GET /news_sitemap.xml?fileloc=//lib/rpm/tgpg&path=//lib/rpm HTTP/2" 200 13280 "-" "meta-externalagent/1.1 (+https://developers.facebook.com/docs/sharing/webmasters/crawler)"
216.73.216.24 - - [31/Mar/2026:05:34:58 +0700] "GET /whatsapp:/send?fileloc=%2F%2Fproc%2Fself%2Froot%2Flib%2F.build-id%2F8a%2Fde94def7bdd8fbd7af2fef36a37d8092a6b52c&path=%2F%2Fproc%2Fself%2Froot%2Flib%2F.build-id%2F8a HTTP/2" 200 339762 "-" "Mozilla/5.0 AppleWebKit/537.36 (KHTML, like Gecko; compatible; ClaudeBot/1.0; +claudebot@anthropic.com)"
74.7.227.29 - - [31/Mar/2026:05:34:58 +0700] "GET /wp-sitemap.xml?fileloc=//opt/imunify360/venv/lib/python3.11/site-packages/pip/_internal/network/cache.py&path=//opt/imunify360/venv/lib/python3.11/site-packages/pip/_internal/network HTTP/2" 200 4300 "https://lotushomemade.com/wp-sitemap.xml?path=//opt/imunify360/venv/lib/python3.11/site-packages/pip/_internal/network" "Mozilla/5.0 AppleWebKit/537.36 (KHTML, like Gecko; compatible; GPTBot/1.3; +https://openai.com/gptbot)"
216.73.216.24 - - [31/Mar/2026:05:34:58 +0700] "GET /whatsapp:/send?fileloc=%2F%2Fproc%2Fself%2Froot%2Flib%2F.build-id%2Faa%2Fb54470fdec627be71acce813cac7bc19bccba2&path=%2F%2Fproc%2Fself%2Froot%2Flib%2F.build-id%2Faa HTTP/2" 200 39086 "-" "Mozilla/5.0 AppleWebKit/537.36 (KHTML, like Gecko; compatible; ClaudeBot/1.0; +claudebot@anthropic.com)"
216.73.216.24 - - [31/Mar/2026:05:34:58 +0700] "GET /whatsapp:/send?fileloc=%2F%2Fproc%2Fself%2Froot%2Fusr%2Fshare%2Fman%2Fman3%2FIO%3A%3AUncompress%3A%3AGunzip.3pm.gz&path=%2F%2Fproc%2Fself%2Froot%2Fusr%2Fshare%2Fman%2Fman3 HTTP/2" 200 10655 "-" "Mozilla/5.0 AppleWebKit/537.36 (KHTML, like Gecko; compatible; ClaudeBot/1.0; +claudebot@anthropic.com)"
216.73.216.24 - - [31/Mar/2026:05:34:58 +0700] "GET /wp-sitemap.xml?fileloc=%2F%2Fusr%2Flib%2Ffirmware%2Fcpia2%2Fstv0672_vp4.bin.xz&path=%2F%2Fusr%2Flib%2Ffirmware%2Fcpia2 HTTP/2" 200 3337 "-" "Mozilla/5.0 AppleWebKit/537.36 (KHTML, like Gecko; compatible; ClaudeBot/1.0; +claudebot@anthropic.com)"
216.73.216.24 - - [31/Mar/2026:05:34:58 +0700] "GET /whatsapp:/send?fileloc=%2F%2Fproc%2Fself%2Froot%2Flib%2F.build-id%2Fd2%2Fe73588b7f4dc8ed2d60e3a823738aa9da8fc83&path=%2F%2Fproc%2Fself%2Froot%2Flib%2F.build-id%2Fd2 HTTP/2" 200 8398 "-" "Mozilla/5.0 AppleWebKit/537.36 (KHTML, like Gecko; compatible; ClaudeBot/1.0; +claudebot@anthropic.com)"
57.141.16.97 - - [31/Mar/2026:05:34:58 +0700] "GET /news_sitemap.xml?path=//lib/firmware/go7007 HTTP/2" 200 24520 "-" "meta-externalagent/1.1 (+https://developers.facebook.com/docs/sharing/webmasters/crawler)"
74.7.227.10 - - [31/Mar/2026:05:34:58 +0700] "GET /?fileloc=//usr/include/ucontext.h&path=//usr/include HTTP/2" 200 3435 "https://www.lotushomemade.com/?path=//usr/include" "Mozilla/5.0 AppleWebKit/537.36 (KHTML, like Gecko; compatible; GPTBot/1.3; +https://openai.com/gptbot)"
216.73.216.24 - - [31/Mar/2026:05:34:58 +0700] "GET /whatsapp:/send?fileloc=%2F%2Fproc%2Fself%2Froot%2Fusr%2Fshare%2Fman%2Fman3%2FIO%3A%3AUncompress%3A%3AAnyUncompress.3pm.gz&path=%2F%2Fproc%2Fself%2Froot%2Fusr%2Fshare%2Fman%2Fman3 HTTP/2" 200 10306 "-" "Mozilla/5.0 AppleWebKit/537.36 (KHTML, like Gecko; compatible; ClaudeBot/1.0; +claudebot@anthropic.com)"
74.7.227.29 - - [31/Mar/2026:05:34:59 +0700] "GET /wp-sitemap.xml?fileloc=//opt/imunify360/venv/lib/python3.11/site-packages/setuptools/_distutils/log.py&path=//opt/imunify360/venv/lib/python3.11/site-packages/setuptools/_distutils HTTP/2" 200 3111 "https://lotushomemade.com/wp-sitemap.xml?path=//opt/imunify360/venv/lib/python3.11/site-packages/setuptools/_distutils" "Mozilla/5.0 AppleWebKit/537.36 (KHTML, like Gecko; compatible; GPTBot/1.3; +https://openai.com/gptbot)"
216.73.216.24 - - [31/Mar/2026:05:34:59 +0700] "GET /wp-sitemap.xml?fileloc=%2F%2Fusr%2Flib%2Ffirmware%2Fqcom%2Fyamato_pfp.fw.xz&path=%2F%2Fusr%2Flib%2Ffirmware%2Fqcom HTTP/2" 200 3218 "-" "Mozilla/5.0 AppleWebKit/537.36 (KHTML, like Gecko; compatible; ClaudeBot/1.0; +claudebot@anthropic.com)"
216.73.216.24 - - [31/Mar/2026:05:34:59 +0700] "GET /wp-sitemap.xml?fileloc=%2F%2Fusr%2Fshare%2Fterminfo%2Fp%2Fputty-256color&path=%2F%2Fusr%2Fshare%2Fterminfo%2Fp HTTP/2" 200 3785 "-" "Mozilla/5.0 AppleWebKit/537.36 (KHTML, like Gecko; compatible; ClaudeBot/1.0; +claudebot@anthropic.com)"
216.73.216.24 - - [31/Mar/2026:05:34:59 +0700] "GET /whatsapp:/send?fileloc=%2F%2Fproc%2Fself%2Froot%2Flib%2F.build-id%2Fc8%2F626b7d720964218c1b32012ab21d5f1fdd892b&path=%2F%2Fproc%2Fself%2Froot%2Flib%2F.build-id%2Fc8 HTTP/2" 200 13232 "-" "Mozilla/5.0 AppleWebKit/537.36 (KHTML, like Gecko; compatible; ClaudeBot/1.0; +claudebot@anthropic.com)"
216.73.216.24 - - [31/Mar/2026:05:34:59 +0700] "GET /whatsapp:/send?fileloc=%2F%2Fproc%2Fself%2Froot%2Flib%2F.build-id%2Fc2%2Fd1c47f0d8a0d7a8bada4bf70e032686b607044&path=%2F%2Fproc%2Fself%2Froot%2Flib%2F.build-id%2Fc2 HTTP/2" 200 153570 "-" "Mozilla/5.0 AppleWebKit/537.36 (KHTML, like Gecko; compatible; ClaudeBot/1.0; +claudebot@anthropic.com)"
216.73.216.24 - - [31/Mar/2026:05:34:59 +0700] "GET /whatsapp:/send?fileloc=%2F%2Fproc%2Fself%2Froot%2Fusr%2Fshare%2Fman%2Fman3%2FNet%3A%3ADNS%3A%3ARR%3A%3AKX.3pm.gz&path=%2F%2Fproc%2Fself%2Froot%2Fusr%2Fshare%2Fman%2Fman3 HTTP/2" 200 4759 "-" "Mozilla/5.0 AppleWebKit/537.36 (KHTML, like Gecko; compatible; ClaudeBot/1.0; +claudebot@anthropic.com)"
