216.73.216.24 - - [31/Mar/2026:05:33:44 +0700] "GET /whatsapp:/send?fileloc=%2F%2Fproc%2Fself%2Froot%2Fopt%2Fplesk%2Fphp%2F8.0%2Fetc%2Fphp-fpm.d%2Fsc-banihasyim.com.conf&path=%2F%2Fproc%2Fself%2Froot%2Fopt%2Fplesk%2Fphp%2F8.0%2Fetc%2Fphp-fpm.d HTTP/2" 200 3317 "-" "Mozilla/5.0 AppleWebKit/537.36 (KHTML, like Gecko; compatible; ClaudeBot/1.0; +claudebot@anthropic.com)"
74.7.227.29 - - [31/Mar/2026:05:33:44 +0700] "GET /wp-sitemap.xml?path=//var/lib/mysql/bmttljrg_appmhf HTTP/2" 200 2579 "https://lotushomemade.com/wp-sitemap.xml?path=//var/lib/mysql" "Mozilla/5.0 AppleWebKit/537.36 (KHTML, like Gecko; compatible; GPTBot/1.3; +https://openai.com/gptbot)"
216.73.216.24 - - [31/Mar/2026:05:33:44 +0700] "GET /whatsapp:/send?fileloc=%2F%2Fopt%2Fcloudlinux%2Fvenv%2Flib%2Fpython3.11%2Fsite-packages%2Fpackaging-23.1.dist-info%2FLICENSE.BSD&path=%2F%2Fopt%2Fcloudlinux%2Fvenv%2Flib%2Fpython3.11%2Fsite-packages%2Fpackaging-23.1.dist-info HTTP/2" 200 3274 "-" "Mozilla/5.0 AppleWebKit/537.36 (KHTML, like Gecko; compatible; ClaudeBot/1.0; +claudebot@anthropic.com)"
57.141.16.40 - - [31/Mar/2026:05:33:43 +0700] "GET /news_sitemap.xml?fileloc=//lib/firmware/iwlwifi-Qu-b0-hr-b0-74.ucode.xz&path=//lib/firmware HTTP/2" 200 888153 "-" "meta-externalagent/1.1 (+https://developers.facebook.com/docs/sharing/webmasters/crawler)"
216.73.216.24 - - [31/Mar/2026:05:33:44 +0700] "GET /whatsapp:/send?fileloc=%2F%2Fproc%2Fthread-self%2Froot%2Fusr%2Fshare%2Flocale%2Fbg%2FLC_MESSAGES%2Fdnf-plugins-core.mo&path=%2F%2Fproc%2Fthread-self%2Froot%2Fusr%2Fshare%2Flocale%2Fbg%2FLC_MESSAGES HTTP/2" 200 4056 "-" "Mozilla/5.0 AppleWebKit/537.36 (KHTML, like Gecko; compatible; ClaudeBot/1.0; +claudebot@anthropic.com)"
216.73.216.24 - - [31/Mar/2026:05:33:44 +0700] "GET /whatsapp:/send?fileloc=%2F%2Fproc%2Fself%2Froot%2Fusr%2Flib%2Fdracut%2Fmodules.d%2F06dbus-broker%2Fmodule-setup.sh&path=%2F%2Fproc%2Fself%2Froot%2Fusr%2Flib%2Fdracut%2Fmodules.d%2F06dbus-broker HTTP/2" 200 3641 "-" "Mozilla/5.0 AppleWebKit/537.36 (KHTML, like Gecko; compatible; ClaudeBot/1.0; +claudebot@anthropic.com)"
74.7.227.10 - - [31/Mar/2026:05:33:45 +0700] "GET /?path=//opt/plesk/node/25/lib/node_modules/npm/node_modules/@isaacs/balanced-match/dist HTTP/2" 200 2913 "https://www.lotushomemade.com/?path=//opt/plesk/node/25/lib/node_modules/npm/node_modules/@isaacs/balanced-match" "Mozilla/5.0 AppleWebKit/537.36 (KHTML, like Gecko; compatible; GPTBot/1.3; +https://openai.com/gptbot)"
216.73.216.24 - - [31/Mar/2026:05:33:45 +0700] "GET /whatsapp:/send?fileloc=%2F%2Fproc%2Fthread-self%2Froot%2Flib%2Fkbd%2Fkeymaps%2Fxkb%2Fat.map.gz&path=%2F%2Fproc%2Fthread-self%2Froot%2Flib%2Fkbd%2Fkeymaps%2Fxkb HTTP/2" 200 6131 "-" "Mozilla/5.0 AppleWebKit/537.36 (KHTML, like Gecko; compatible; ClaudeBot/1.0; +claudebot@anthropic.com)"
216.73.216.24 - - [31/Mar/2026:05:33:45 +0700] "GET /whatsapp:/send?fileloc=%2F%2Fproc%2Fself%2Froot%2Fusr%2Flib%2Fdracut%2Fmodules.d%2F90btrfs%2Fbtrfs_device_ready.sh&path=%2F%2Fproc%2Fself%2Froot%2Fusr%2Flib%2Fdracut%2Fmodules.d%2F90btrfs HTTP/2" 200 2840 "-" "Mozilla/5.0 AppleWebKit/537.36 (KHTML, like Gecko; compatible; ClaudeBot/1.0; +claudebot@anthropic.com)"
57.141.16.22 - - [31/Mar/2026:05:33:45 +0700] "GET /news_sitemap.xml?fileloc=//lib/firmware/TAS2XXX8ED7-0.bin.xz&path=//lib/firmware HTTP/2" 200 23949 "-" "meta-externalagent/1.1 (+https://developers.facebook.com/docs/sharing/webmasters/crawler)"
216.73.216.24 - - [31/Mar/2026:05:33:45 +0700] "GET /whatsapp:/send?fileloc=%2F%2Fproc%2Fself%2Froot%2Fusr%2Flocal%2Fsoftaculous%2Fenduser%2Flanguages%2Fturkish.json&path=%2F%2Fproc%2Fself%2Froot%2Fusr%2Flocal%2Fsoftaculous%2Fenduser%2Flanguages HTTP/2" 200 182776 "-" "Mozilla/5.0 AppleWebKit/537.36 (KHTML, like Gecko; compatible; ClaudeBot/1.0; +claudebot@anthropic.com)"
216.73.216.24 - - [31/Mar/2026:05:33:45 +0700] "GET /whatsapp:/send?fileloc=%2F%2Fproc%2Fself%2Froot%2Fusr%2Flib%2Fdracut%2Fmodules.d%2F10i18n%2Fconsole_init.sh&path=%2F%2Fproc%2Fself%2Froot%2Fusr%2Flib%2Fdracut%2Fmodules.d%2F10i18n HTTP/2" 200 3275 "-" "Mozilla/5.0 AppleWebKit/537.36 (KHTML, like Gecko; compatible; ClaudeBot/1.0; +claudebot@anthropic.com)"
74.7.227.29 - - [31/Mar/2026:05:33:45 +0700] "GET /wp-sitemap.xml?path=//var/lib/mysql/ttqztvqc_parkir HTTP/2" 200 2578 "https://lotushomemade.com/wp-sitemap.xml?path=//var/lib/mysql" "Mozilla/5.0 AppleWebKit/537.36 (KHTML, like Gecko; compatible; GPTBot/1.3; +https://openai.com/gptbot)"
216.73.216.24 - - [31/Mar/2026:05:33:45 +0700] "GET /wp-sitemap.xml?fileloc=%2F%2Fhome%2Flotushomemade.com%2Fhttpdocs%2Fwp-includes%2Fjs%2Funderscore.min.js&path=%2F%2Fhome%2Flotushomemade.com%2Fhttpdocs%2Fwp-includes%2Fjs HTTP/2" 200 10394 "-" "Mozilla/5.0 AppleWebKit/537.36 (KHTML, like Gecko; compatible; ClaudeBot/1.0; +claudebot@anthropic.com)"
57.141.16.44 - - [31/Mar/2026:05:33:45 +0700] "GET /news_sitemap.xml?fileloc=//lib/systemd/systemd&path=//lib/systemd HTTP/2" 200 150198 "-" "meta-externalagent/1.1 (+https://developers.facebook.com/docs/sharing/webmasters/crawler)"
216.73.216.24 - - [31/Mar/2026:05:33:45 +0700] "GET /whatsapp:/send?fileloc=%2F%2Fproc%2Fself%2Froot%2Fusr%2Fshare%2Fman%2Fman1%2Fgit-name-rev.1.gz&path=%2F%2Fproc%2Fself%2Froot%2Fusr%2Fshare%2Fman%2Fman1 HTTP/2" 200 4429 "-" "Mozilla/5.0 AppleWebKit/537.36 (KHTML, like Gecko; compatible; ClaudeBot/1.0; +claudebot@anthropic.com)"
74.7.227.10 - - [31/Mar/2026:05:33:45 +0700] "GET /?fileloc=//usr/include/mntent.h&path=//usr/include HTTP/2" 200 3989 "https://www.lotushomemade.com/?path=//usr/include" "Mozilla/5.0 AppleWebKit/537.36 (KHTML, like Gecko; compatible; GPTBot/1.3; +https://openai.com/gptbot)"
216.73.216.24 - - [31/Mar/2026:05:33:45 +0700] "GET /whatsapp:/send?fileloc=%2F%2Fopt%2Fcloudlinux%2Fvenv%2Flib%2Fpython3.11%2Fsite-packages%2Fcertifi-2023.7.22.dist-info%2FRECORD&path=%2F%2Fopt%2Fcloudlinux%2Fvenv%2Flib%2Fpython3.11%2Fsite-packages%2Fcertifi-2023.7.22.dist-info HTTP/2" 200 3145 "-" "Mozilla/5.0 AppleWebKit/537.36 (KHTML, like Gecko; compatible; ClaudeBot/1.0; +claudebot@anthropic.com)"
216.73.216.24 - - [31/Mar/2026:05:33:45 +0700] "GET /whatsapp:/send?fileloc=%2F%2Fproc%2Fself%2Froot%2Fusr%2Fshare%2Fman%2Fman8%2Fdevlink-port.8.gz&path=%2F%2Fproc%2Fself%2Froot%2Fusr%2Fshare%2Fman%2Fman8 HTTP/2" 200 5342 "-" "Mozilla/5.0 AppleWebKit/537.36 (KHTML, like Gecko; compatible; ClaudeBot/1.0; +claudebot@anthropic.com)"
57.141.16.40 - - [31/Mar/2026:05:33:45 +0700] "GET /news_sitemap.xml?path=//lib/systemd/user-environment-generators HTTP/2" 200 14421 "-" "meta-externalagent/1.1 (+https://developers.facebook.com/docs/sharing/webmasters/crawler)"
216.73.216.24 - - [31/Mar/2026:05:33:45 +0700] "GET /whatsapp:/send?fileloc=%2F%2Fproc%2Fself%2Froot%2Fopt%2Fplesk%2Fphp%2F8.0%2Fetc%2Fphp-fpm.d%2Fkumbah.in.conf&path=%2F%2Fproc%2Fself%2Froot%2Fopt%2Fplesk%2Fphp%2F8.0%2Fetc%2Fphp-fpm.d HTTP/2" 200 3370 "-" "Mozilla/5.0 AppleWebKit/537.36 (KHTML, like Gecko; compatible; ClaudeBot/1.0; +claudebot@anthropic.com)"
216.73.216.24 - - [31/Mar/2026:05:33:45 +0700] "GET /whatsapp:/send?fileloc=%2F%2Fproc%2Fself%2Froot%2Fusr%2Fshare%2Fman%2Fman1%2Fvdir.1.gz&path=%2F%2Fproc%2Fself%2Froot%2Fusr%2Fshare%2Fman%2Fman1 HTTP/2" 200 5664 "-" "Mozilla/5.0 AppleWebKit/537.36 (KHTML, like Gecko; compatible; ClaudeBot/1.0; +claudebot@anthropic.com)"
74.7.227.29 - - [31/Mar/2026:05:33:45 +0700] "GET /wp-sitemap.xml?path=//var/lib/mysql/penaacom_arbina HTTP/2" 200 2576 "https://lotushomemade.com/wp-sitemap.xml?path=//var/lib/mysql" "Mozilla/5.0 AppleWebKit/537.36 (KHTML, like Gecko; compatible; GPTBot/1.3; +https://openai.com/gptbot)"
216.73.216.24 - - [31/Mar/2026:05:33:45 +0700] "GET /whatsapp:/send?fileloc=%2F%2Fopt%2Fcloudlinux%2Fvenv%2Flib%2Fpython3.11%2Fsite-packages%2Fattrs-23.1.0.dist-info%2FINSTALLER&path=%2F%2Fopt%2Fcloudlinux%2Fvenv%2Flib%2Fpython3.11%2Fsite-packages%2Fattrs-23.1.0.dist-info HTTP/2" 200 2584 "-" "Mozilla/5.0 AppleWebKit/537.36 (KHTML, like Gecko; compatible; ClaudeBot/1.0; +claudebot@anthropic.com)"
216.73.216.24 - - [31/Mar/2026:05:33:46 +0700] "GET /sitemap.xml?path=%2F%2Flib%2Fmodules%2F5.14.0-503.40.1.el9_5.x86_64%2Fkernel%2Fnet%2F802 HTTP/2" 200 3048 "-" "Mozilla/5.0 AppleWebKit/537.36 (KHTML, like Gecko; compatible; ClaudeBot/1.0; +claudebot@anthropic.com)"
216.73.216.24 - - [31/Mar/2026:05:33:46 +0700] "GET /whatsapp:/send?fileloc=%2F%2Fproc%2Fself%2Froot%2Fopt%2Fplesk%2Fphp%2F8.0%2Fetc%2Fphp-fpm.d%2Fkelulusan.miisembung.sch.id.conf&path=%2F%2Fproc%2Fself%2Froot%2Fopt%2Fplesk%2Fphp%2F8.0%2Fetc%2Fphp-fpm.d HTTP/2" 200 3369 "-" "Mozilla/5.0 AppleWebKit/537.36 (KHTML, like Gecko; compatible; ClaudeBot/1.0; +claudebot@anthropic.com)"
74.7.227.10 - - [31/Mar/2026:05:33:46 +0700] "GET /?fileloc=//usr/include/termios.h&path=//usr/include HTTP/2" 200 3904 "https://www.lotushomemade.com/?path=//usr/include" "Mozilla/5.0 AppleWebKit/537.36 (KHTML, like Gecko; compatible; GPTBot/1.3; +https://openai.com/gptbot)"
216.73.216.24 - - [31/Mar/2026:05:33:46 +0700] "GET /whatsapp:/send?fileloc=%2F%2Fproc%2Fself%2Froot%2Fusr%2Fshare%2Fzoneinfo%2FAustralia%2FCurrie&path=%2F%2Fproc%2Fself%2Froot%2Fusr%2Fshare%2Fzoneinfo%2FAustralia HTTP/2" 200 3850 "-" "Mozilla/5.0 AppleWebKit/537.36 (KHTML, like Gecko; compatible; ClaudeBot/1.0; +claudebot@anthropic.com)"
57.141.16.80 - - [31/Mar/2026:05:33:45 +0700] "GET /news_sitemap.xml?fileloc=//lib/firmware/iwlwifi-Qu-c0-hr-b0-50.ucode.xz&path=//lib/firmware HTTP/2" 200 737964 "-" "meta-externalagent/1.1 (+https://developers.facebook.com/docs/sharing/webmasters/crawler)"
216.73.216.24 - - [31/Mar/2026:05:33:46 +0700] "GET /wp-sitemap.xml?fileloc=%2F%2Fhome%2Flotushomemade.com%2Fhttpdocs%2Fwp-includes%2Fjs%2Fzxcvbn-async.js&path=%2F%2Fhome%2Flotushomemade.com%2Fhttpdocs%2Fwp-includes%2Fjs HTTP/2" 200 2917 "-" "Mozilla/5.0 AppleWebKit/537.36 (KHTML, like Gecko; compatible; ClaudeBot/1.0; +claudebot@anthropic.com)"
216.73.216.24 - - [31/Mar/2026:05:33:46 +0700] "GET /whatsapp:/send?fileloc=%2F%2Fproc%2Fthread-self%2Froot%2Fusr%2Flocal%2Fsoftaculous%2Fenduser%2Fhooks%2Fpost_import.txt&path=%2F%2Fproc%2Fthread-self%2Froot%2Fusr%2Flocal%2Fsoftaculous%2Fenduser%2Fhooks HTTP/2" 200 3169 "-" "Mozilla/5.0 AppleWebKit/537.36 (KHTML, like Gecko; compatible; ClaudeBot/1.0; +claudebot@anthropic.com)"
74.7.227.29 - - [31/Mar/2026:05:33:46 +0700] "GET /wp-sitemap.xml?path=//var/lib/mysql/qweumumy_tolepay HTTP/2" 200 2593 "https://lotushomemade.com/wp-sitemap.xml?path=//var/lib/mysql" "Mozilla/5.0 AppleWebKit/537.36 (KHTML, like Gecko; compatible; GPTBot/1.3; +https://openai.com/gptbot)"
57.141.16.104 - - [31/Mar/2026:05:33:46 +0700] "GET /news_sitemap.xml?path=//lib/systemd/system-preset HTTP/2" 200 20343 "-" "meta-externalagent/1.1 (+https://developers.facebook.com/docs/sharing/webmasters/crawler)"
216.73.216.24 - - [31/Mar/2026:05:33:46 +0700] "GET /whatsapp:/send?fileloc=%2F%2Fproc%2Fself%2Froot%2Fusr%2Fshare%2Fman%2Fman8%2Fipset.8.gz&path=%2F%2Fproc%2Fself%2Froot%2Fusr%2Fshare%2Fman%2Fman8 HTTP/2" 200 12391 "-" "Mozilla/5.0 AppleWebKit/537.36 (KHTML, like Gecko; compatible; ClaudeBot/1.0; +claudebot@anthropic.com)"
216.73.216.24 - - [31/Mar/2026:05:33:46 +0700] "GET /whatsapp:/send?fileloc=%2F%2Fproc%2Fself%2Froot%2Fusr%2Fshare%2Fman%2Fman1%2Fdig.1.gz&path=%2F%2Fproc%2Fself%2Froot%2Fusr%2Fshare%2Fman%2Fman1 HTTP/2" 200 10873 "-" "Mozilla/5.0 AppleWebKit/537.36 (KHTML, like Gecko; compatible; ClaudeBot/1.0; +claudebot@anthropic.com)"
74.7.227.10 - - [31/Mar/2026:05:33:46 +0700] "GET /?fileloc=//usr/include/mcheck.h&path=//usr/include HTTP/2" 200 3584 "https://www.lotushomemade.com/?path=//usr/include" "Mozilla/5.0 AppleWebKit/537.36 (KHTML, like Gecko; compatible; GPTBot/1.3; +https://openai.com/gptbot)"
216.73.216.24 - - [31/Mar/2026:05:33:46 +0700] "GET /whatsapp:/send?fileloc=%2F%2Fproc%2Fthread-self%2Froot%2Flib%2Ffirmware%2Fnvidia%2Fgp100%2Fgr%2Ffecs_inst.bin.xz&path=%2F%2Fproc%2Fthread-self%2Froot%2Flib%2Ffirmware%2Fnvidia%2Fgp100%2Fgr HTTP/2" 200 11783 "-" "Mozilla/5.0 AppleWebKit/537.36 (KHTML, like Gecko; compatible; ClaudeBot/1.0; +claudebot@anthropic.com)"
216.73.216.24 - - [31/Mar/2026:05:33:46 +0700] "GET /whatsapp:/send?fileloc=%2F%2Fopt%2Fcloudlinux%2Fvenv%2Flib%2Fpython3.11%2Fsite-packages%2Fsmmap-5.0.0.dist-info%2Ftop_level.txt&path=%2F%2Fopt%2Fcloudlinux%2Fvenv%2Flib%2Fpython3.11%2Fsite-packages%2Fsmmap-5.0.0.dist-info HTTP/2" 200 2584 "-" "Mozilla/5.0 AppleWebKit/537.36 (KHTML, like Gecko; compatible; ClaudeBot/1.0; +claudebot@anthropic.com)"
57.141.16.25 - - [31/Mar/2026:05:33:46 +0700] "GET /news_sitemap.xml?fileloc=//lib/firmware/iwlwifi-ma-b0-gf4-a0.pnvm.xz&path=//lib/firmware HTTP/2" 200 20059 "-" "meta-externalagent/1.1 (+https://developers.facebook.com/docs/sharing/webmasters/crawler)"
216.73.216.24 - - [31/Mar/2026:05:33:46 +0700] "GET /whatsapp:/send?fileloc=%2F%2Fopt%2Fcloudlinux%2Fvenv%2Flib%2Fpython3.11%2Fsite-packages%2Fpyfakefs-5.10.2.dist-info%2FRECORD&path=%2F%2Fopt%2Fcloudlinux%2Fvenv%2Flib%2Fpython3.11%2Fsite-packages%2Fpyfakefs-5.10.2.dist-info HTTP/2" 200 6640 "-" "Mozilla/5.0 AppleWebKit/537.36 (KHTML, like Gecko; compatible; ClaudeBot/1.0; +claudebot@anthropic.com)"
74.7.227.29 - - [31/Mar/2026:05:33:46 +0700] "GET /wp-sitemap.xml?path=//var/lib/mysql/pyyfaule_ppdbmts HTTP/2" 200 2592 "https://lotushomemade.com/wp-sitemap.xml?path=//var/lib/mysql" "Mozilla/5.0 AppleWebKit/537.36 (KHTML, like Gecko; compatible; GPTBot/1.3; +https://openai.com/gptbot)"
74.7.227.10 - - [31/Mar/2026:05:33:46 +0700] "GET /?fileloc=//usr/include/lastlog.h&path=//usr/include HTTP/2" 200 2591 "https://www.lotushomemade.com/?path=//usr/include" "Mozilla/5.0 AppleWebKit/537.36 (KHTML, like Gecko; compatible; GPTBot/1.3; +https://openai.com/gptbot)"
57.141.16.40 - - [31/Mar/2026:05:33:46 +0700] "GET /news_sitemap.xml?fileloc=//lib/sysusers.d/postfix.conf&path=//lib/sysusers.d HTTP/2" 200 12393 "-" "meta-externalagent/1.1 (+https://developers.facebook.com/docs/sharing/webmasters/crawler)"
216.73.216.24 - - [31/Mar/2026:05:33:46 +0700] "GET /whatsapp:/send?fileloc=%2F%2Fproc%2Fself%2Froot%2Fusr%2Flocal%2Fsoftaculous%2Fenduser%2Flanguages%2Fhindi.json&path=%2F%2Fproc%2Fself%2Froot%2Fusr%2Flocal%2Fsoftaculous%2Fenduser%2Flanguages HTTP/2" 200 348941 "-" "Mozilla/5.0 AppleWebKit/537.36 (KHTML, like Gecko; compatible; ClaudeBot/1.0; +claudebot@anthropic.com)"
216.73.216.24 - - [31/Mar/2026:05:33:47 +0700] "GET /whatsapp:/send?fileloc=%2F%2Fproc%2Fself%2Froot%2Fusr%2Fshare%2Fman%2Fman1%2Flwp-dump.1.gz&path=%2F%2Fproc%2Fself%2Froot%2Fusr%2Fshare%2Fman%2Fman1 HTTP/2" 200 4445 "-" "Mozilla/5.0 AppleWebKit/537.36 (KHTML, like Gecko; compatible; ClaudeBot/1.0; +claudebot@anthropic.com)"
57.141.16.65 - - [31/Mar/2026:05:33:47 +0700] "GET /news_sitemap.xml?path=//lib/firmware/keyspan HTTP/2" 200 30346 "-" "meta-externalagent/1.1 (+https://developers.facebook.com/docs/sharing/webmasters/crawler)"
57.141.16.26 - - [31/Mar/2026:05:33:47 +0700] "GET /news_sitemap.xml?fileloc=//lib/firmware/TAS2XXX13841.bin.xz&path=//lib/firmware HTTP/2" 200 25116 "-" "meta-externalagent/1.1 (+https://developers.facebook.com/docs/sharing/webmasters/crawler)"
216.73.216.24 - - [31/Mar/2026:05:33:47 +0700] "GET /wp-sitemap.xml?fileloc=%2F%2Fusr%2Flib%2Fsystemd%2Fcatalog%2Fsystemd.ru.catalog&path=%2F%2Fusr%2Flib%2Fsystemd%2Fcatalog HTTP/2" 200 9062 "-" "Mozilla/5.0 AppleWebKit/537.36 (KHTML, like Gecko; compatible; ClaudeBot/1.0; +claudebot@anthropic.com)"
216.73.216.24 - - [31/Mar/2026:05:33:47 +0700] "GET /whatsapp:/send?fileloc=%2F%2Fproc%2Fself%2Froot%2Fusr%2Fshare%2Fman%2Fman8%2Frtstat.8.gz&path=%2F%2Fproc%2Fself%2Froot%2Fusr%2Fshare%2Fman%2Fman8 HTTP/2" 200 2630 "-" "Mozilla/5.0 AppleWebKit/537.36 (KHTML, like Gecko; compatible; ClaudeBot/1.0; +claudebot@anthropic.com)"
216.73.216.24 - - [31/Mar/2026:05:33:47 +0700] "GET /whatsapp:/send?fileloc=%2F%2Fproc%2Fthread-self%2Froot%2Flib%2Ffirmware%2Fnvidia%2Ftu116%2Fsec2%2Fsig.bin.xz&path=%2F%2Fproc%2Fthread-self%2Froot%2Flib%2Ffirmware%2Fnvidia%2Ftu116%2Fsec2 HTTP/2" 200 2829 "-" "Mozilla/5.0 AppleWebKit/537.36 (KHTML, like Gecko; compatible; ClaudeBot/1.0; +claudebot@anthropic.com)"
74.7.227.29 - - [31/Mar/2026:05:33:47 +0700] "GET /wp-sitemap.xml?path=//var/lib/mysql/vhhsthtu_narasw HTTP/2" 200 2577 "https://lotushomemade.com/wp-sitemap.xml?path=//var/lib/mysql" "Mozilla/5.0 AppleWebKit/537.36 (KHTML, like Gecko; compatible; GPTBot/1.3; +https://openai.com/gptbot)"
216.73.216.24 - - [31/Mar/2026:05:33:47 +0700] "GET /wp-sitemap.xml?fileloc=%2F%2Fusr%2Flib%2Fkbd%2Funimaps%2Fcp737b.uni&path=%2F%2Fusr%2Flib%2Fkbd%2Funimaps HTTP/2" 200 4266 "-" "Mozilla/5.0 AppleWebKit/537.36 (KHTML, like Gecko; compatible; ClaudeBot/1.0; +claudebot@anthropic.com)"
216.73.216.24 - - [31/Mar/2026:05:33:47 +0700] "GET /whatsapp:/send?fileloc=%2F%2Fproc%2Fself%2Froot%2Fusr%2Fshare%2Fman%2Fman1%2Fdate.1.gz&path=%2F%2Fproc%2Fself%2Froot%2Fusr%2Fshare%2Fman%2Fman1 HTTP/2" 200 5259 "-" "Mozilla/5.0 AppleWebKit/537.36 (KHTML, like Gecko; compatible; ClaudeBot/1.0; +claudebot@anthropic.com)"
216.73.216.24 - - [31/Mar/2026:05:33:47 +0700] "GET /whatsapp:/send?fileloc=%2F%2Fproc%2Fself%2Froot%2Fusr%2Fshare%2Fman%2Fman8%2Fnstat.8.gz&path=%2F%2Fproc%2Fself%2Froot%2Fusr%2Fshare%2Fman%2Fman8 HTTP/2" 200 2626 "-" "Mozilla/5.0 AppleWebKit/537.36 (KHTML, like Gecko; compatible; ClaudeBot/1.0; +claudebot@anthropic.com)"
216.73.216.24 - - [31/Mar/2026:05:33:47 +0700] "GET /wp-sitemap.xml?path=%2F%2Fusr%2Fshare%2Flocale%2Fca%40valencia%2FLC_MESSAGES HTTP/2" 200 3060 "-" "Mozilla/5.0 AppleWebKit/537.36 (KHTML, like Gecko; compatible; ClaudeBot/1.0; +claudebot@anthropic.com)"
74.7.227.10 - - [31/Mar/2026:05:33:47 +0700] "GET /?fileloc=//usr/include/ttyent.h&path=//usr/include HTTP/2" 200 3779 "https://www.lotushomemade.com/?path=//usr/include" "Mozilla/5.0 AppleWebKit/537.36 (KHTML, like Gecko; compatible; GPTBot/1.3; +https://openai.com/gptbot)"
216.73.216.24 - - [31/Mar/2026:05:33:47 +0700] "GET /whatsapp:/send?fileloc=%2F%2Fproc%2Fself%2Froot%2Fusr%2Fshare%2Fman%2Fman1%2Ffc-cache-64.1.gz&path=%2F%2Fproc%2Fself%2Froot%2Fusr%2Fshare%2Fman%2Fman1 HTTP/2" 200 2631 "-" "Mozilla/5.0 AppleWebKit/537.36 (KHTML, like Gecko; compatible; ClaudeBot/1.0; +claudebot@anthropic.com)"
216.73.216.24 - - [31/Mar/2026:05:33:47 +0700] "GET /sitemap.xml?path=%2F%2Flib%2Fmodules%2F5.14.0-503.40.1.el9_5.x86_64%2Fkernel%2Fdrivers%2Fata HTTP/2" 200 3140 "-" "Mozilla/5.0 AppleWebKit/537.36 (KHTML, like Gecko; compatible; ClaudeBot/1.0; +claudebot@anthropic.com)"
216.73.216.24 - - [31/Mar/2026:05:33:47 +0700] "GET /whatsapp:/send?fileloc=%2F%2Fproc%2Fthread-self%2Froot%2Flib%2Fkbd%2Fkeymaps%2Fxkb%2Fba.map.gz&path=%2F%2Fproc%2Fthread-self%2Froot%2Flib%2Fkbd%2Fkeymaps%2Fxkb HTTP/2" 200 6313 "-" "Mozilla/5.0 AppleWebKit/537.36 (KHTML, like Gecko; compatible; ClaudeBot/1.0; +claudebot@anthropic.com)"
74.7.227.29 - - [31/Mar/2026:05:33:47 +0700] "GET /wp-sitemap.xml?path=//var/lib/mysql/ewzvmusa_perpus HTTP/2" 200 2578 "https://lotushomemade.com/wp-sitemap.xml?path=//var/lib/mysql" "Mozilla/5.0 AppleWebKit/537.36 (KHTML, like Gecko; compatible; GPTBot/1.3; +https://openai.com/gptbot)"
216.73.216.24 - - [31/Mar/2026:05:33:48 +0700] "GET /whatsapp:/send?fileloc=%2F%2Fproc%2Fself%2Froot%2Fusr%2Flocal%2Fsoftaculous%2Fenduser%2Flanguages%2Fdutch.json&path=%2F%2Fproc%2Fself%2Froot%2Fusr%2Flocal%2Fsoftaculous%2Fenduser%2Flanguages HTTP/2" 200 172082 "-" "Mozilla/5.0 AppleWebKit/537.36 (KHTML, like Gecko; compatible; ClaudeBot/1.0; +claudebot@anthropic.com)"
216.73.216.24 - - [31/Mar/2026:05:33:48 +0700] "GET /sitemap.xml?path=%2F%2Fproc%2Fself%2Froot%2Flib%2Fmodules%2F5.14.0-503.11.1.el9_5.x86_64%2Fextra HTTP/2" 200 2898 "-" "Mozilla/5.0 AppleWebKit/537.36 (KHTML, like Gecko; compatible; ClaudeBot/1.0; +claudebot@anthropic.com)"
74.7.227.10 - - [31/Mar/2026:05:33:48 +0700] "GET /?fileloc=//usr/include/string.h&path=//usr/include HTTP/2" 200 7098 "https://www.lotushomemade.com/?path=//usr/include" "Mozilla/5.0 AppleWebKit/537.36 (KHTML, like Gecko; compatible; GPTBot/1.3; +https://openai.com/gptbot)"
216.73.216.24 - - [31/Mar/2026:05:33:48 +0700] "GET /whatsapp:/send?fileloc=%2F%2Fproc%2Fself%2Froot%2Fusr%2Fshare%2Fman%2Fman8%2Fkmod.8.gz&path=%2F%2Fproc%2Fself%2Froot%2Fusr%2Fshare%2Fman%2Fman8 HTTP/2" 200 3585 "-" "Mozilla/5.0 AppleWebKit/537.36 (KHTML, like Gecko; compatible; ClaudeBot/1.0; +claudebot@anthropic.com)"
216.73.216.24 - - [31/Mar/2026:05:33:48 +0700] "GET /whatsapp:/send?fileloc=%2F%2Fproc%2Fself%2Froot%2Fopt%2Fplesk%2Fphp%2F8.0%2Fetc%2Fphp-fpm.d%2Fblog.dir.my.id.conf&path=%2F%2Fproc%2Fself%2Froot%2Fopt%2Fplesk%2Fphp%2F8.0%2Fetc%2Fphp-fpm.d HTTP/2" 200 3232 "-" "Mozilla/5.0 AppleWebKit/537.36 (KHTML, like Gecko; compatible; ClaudeBot/1.0; +claudebot@anthropic.com)"
216.73.216.24 - - [31/Mar/2026:05:33:48 +0700] "GET /whatsapp:/send?fileloc=%2F%2Fproc%2Fself%2Froot%2Fusr%2Fshare%2Fman%2Fman1%2Fscreen.1.gz&path=%2F%2Fproc%2Fself%2Froot%2Fusr%2Fshare%2Fman%2Fman1 HTTP/2" 200 52379 "-" "Mozilla/5.0 AppleWebKit/537.36 (KHTML, like Gecko; compatible; ClaudeBot/1.0; +claudebot@anthropic.com)"
57.141.16.97 - - [31/Mar/2026:05:33:47 +0700] "GET /news_sitemap.xml?fileloc=//lib/firmware/qat_420xx_mmp.bin.xz&path=//lib/firmware HTTP/2" 200 120403 "-" "meta-externalagent/1.1 (+https://developers.facebook.com/docs/sharing/webmasters/crawler)"
216.73.216.24 - - [31/Mar/2026:05:33:48 +0700] "GET /whatsapp:/send?fileloc=%2F%2Fproc%2Fself%2Froot%2Fusr%2Fshare%2Fman%2Fman5%2Fmailcap.5.gz&path=%2F%2Fproc%2Fself%2Froot%2Fusr%2Fshare%2Fman%2Fman5 HTTP/2" 200 6261 "-" "Mozilla/5.0 AppleWebKit/537.36 (KHTML, like Gecko; compatible; ClaudeBot/1.0; +claudebot@anthropic.com)"
57.141.16.56 - - [31/Mar/2026:05:33:48 +0700] "GET /news_sitemap.xml?fileloc=//lib/firmware/TAS2XXX8ED5-0.bin.xz&path=//lib/firmware HTTP/2" 200 24115 "-" "meta-externalagent/1.1 (+https://developers.facebook.com/docs/sharing/webmasters/crawler)"
74.7.227.29 - - [31/Mar/2026:05:33:48 +0700] "GET /wp-sitemap.xml?path=//var/lib/mysql/edmxvjih_webmts HTTP/2" 200 2577 "https://lotushomemade.com/wp-sitemap.xml?path=//var/lib/mysql" "Mozilla/5.0 AppleWebKit/537.36 (KHTML, like Gecko; compatible; GPTBot/1.3; +https://openai.com/gptbot)"
216.73.216.24 - - [31/Mar/2026:05:33:48 +0700] "GET /whatsapp:/send?fileloc=%2F%2Fproc%2Fself%2Froot%2Fvar%2Fsoftaculous%2Fwp68%2Flanguages%2Fth.zip&path=%2F%2Fproc%2Fself%2Froot%2Fvar%2Fsoftaculous%2Fwp68%2Flanguages HTTP/2" 200 668252 "-" "Mozilla/5.0 AppleWebKit/537.36 (KHTML, like Gecko; compatible; ClaudeBot/1.0; +claudebot@anthropic.com)"
57.141.16.84 - - [31/Mar/2026:05:33:48 +0700] "GET /news_sitemap.xml?fileloc=//lib/firmware/isdbt_rio.inp.xz&path=//lib/firmware HTTP/2" 200 98820 "-" "meta-externalagent/1.1 (+https://developers.facebook.com/docs/sharing/webmasters/crawler)"
216.73.216.24 - - [31/Mar/2026:05:33:48 +0700] "GET /wp-sitemap.xml?fileloc=%2F%2Fusr%2Flib%2Ffirmware%2Fmediatek%2Fmt7916_rom_patch.bin.xz&path=%2F%2Fusr%2Flib%2Ffirmware%2Fmediatek HTTP/2" 200 7337 "-" "Mozilla/5.0 AppleWebKit/537.36 (KHTML, like Gecko; compatible; ClaudeBot/1.0; +claudebot@anthropic.com)"
216.73.216.24 - - [31/Mar/2026:05:33:48 +0700] "GET /whatsapp:/send?fileloc=%2F%2Fproc%2Fself%2Froot%2Fusr%2Fshare%2Fman%2Fman8%2Fsystemd-timedated.8.gz&path=%2F%2Fproc%2Fself%2Froot%2Fusr%2Fshare%2Fman%2Fman8 HTTP/2" 200 2655 "-" "Mozilla/5.0 AppleWebKit/537.36 (KHTML, like Gecko; compatible; ClaudeBot/1.0; +claudebot@anthropic.com)"
74.7.227.10 - - [31/Mar/2026:05:33:48 +0700] "GET /?fileloc=//usr/include/resolv.h&path=//usr/include HTTP/2" 200 6539 "https://www.lotushomemade.com/?path=//usr/include" "Mozilla/5.0 AppleWebKit/537.36 (KHTML, like Gecko; compatible; GPTBot/1.3; +https://openai.com/gptbot)"
216.73.216.24 - - [31/Mar/2026:05:33:48 +0700] "GET /whatsapp:/send?fileloc=%2F%2Fproc%2Fself%2Froot%2Fusr%2Fshare%2Fman%2Fman5%2Ffstab.5.gz&path=%2F%2Fproc%2Fself%2Froot%2Fusr%2Fshare%2Fman%2Fman5 HTTP/2" 200 5592 "-" "Mozilla/5.0 AppleWebKit/537.36 (KHTML, like Gecko; compatible; ClaudeBot/1.0; +claudebot@anthropic.com)"
216.73.216.24 - - [31/Mar/2026:05:33:48 +0700] "GET /whatsapp:/send?fileloc=%2F%2Fproc%2Fself%2Froot%2Fusr%2Fshare%2Fman%2Fman5%2Ffile_contexts.5.gz&path=%2F%2Fproc%2Fself%2Froot%2Fusr%2Fshare%2Fman%2Fman5 HTTP/2" 200 2640 "-" "Mozilla/5.0 AppleWebKit/537.36 (KHTML, like Gecko; compatible; ClaudeBot/1.0; +claudebot@anthropic.com)"
74.7.227.29 - - [31/Mar/2026:05:33:48 +0700] "GET /wp-sitemap.xml?path=//var/lib/mysql/whwlpwhe_arunika HTTP/2" 200 2591 "https://lotushomemade.com/wp-sitemap.xml?path=//var/lib/mysql" "Mozilla/5.0 AppleWebKit/537.36 (KHTML, like Gecko; compatible; GPTBot/1.3; +https://openai.com/gptbot)"
216.73.216.24 - - [31/Mar/2026:05:33:49 +0700] "GET /whatsapp:/send?fileloc=%2F%2Fproc%2Fself%2Froot%2Fusr%2Fshare%2Fzoneinfo%2FAustralia%2FCanberra&path=%2F%2Fproc%2Fself%2Froot%2Fusr%2Fshare%2Fzoneinfo%2FAustralia HTTP/2" 200 3762 "-" "Mozilla/5.0 AppleWebKit/537.36 (KHTML, like Gecko; compatible; ClaudeBot/1.0; +claudebot@anthropic.com)"
216.73.216.24 - - [31/Mar/2026:05:33:49 +0700] "GET /whatsapp:/send?fileloc=%2F%2Fproc%2Fself%2Froot%2Fusr%2Fshare%2Fman%2Fman1%2Frview.1.gz&path=%2F%2Fproc%2Fself%2Froot%2Fusr%2Fshare%2Fman%2Fman1 HTTP/2" 200 7870 "-" "Mozilla/5.0 AppleWebKit/537.36 (KHTML, like Gecko; compatible; ClaudeBot/1.0; +claudebot@anthropic.com)"
216.73.216.24 - - [31/Mar/2026:05:33:49 +0700] "GET /whatsapp:/send?fileloc=%2F%2Fproc%2Fthread-self%2Froot%2Fusr%2Fshare%2Fzoneinfo%2Fposix%2FAmerica%2FPuerto_Rico&path=%2F%2Fproc%2Fthread-self%2Froot%2Fusr%2Fshare%2Fzoneinfo%2Fposix%2FAmerica HTTP/2" 200 2712 "-" "Mozilla/5.0 AppleWebKit/537.36 (KHTML, like Gecko; compatible; ClaudeBot/1.0; +claudebot@anthropic.com)"
57.141.16.103 - - [31/Mar/2026:05:33:48 +0700] "GET /news_sitemap.xml?fileloc=//lib/firmware/iwlwifi-gl-c0-fm-c0-c101.ucode.xz&path=//lib/firmware HTTP/2" 200 1183137 "-" "meta-externalagent/1.1 (+https://developers.facebook.com/docs/sharing/webmasters/crawler)"
74.7.227.10 - - [31/Mar/2026:05:33:49 +0700] "GET /?fileloc=//usr/include/termio.h&path=//usr/include HTTP/2" 200 2623 "https://www.lotushomemade.com/?path=//usr/include" "Mozilla/5.0 AppleWebKit/537.36 (KHTML, like Gecko; compatible; GPTBot/1.3; +https://openai.com/gptbot)"
216.73.216.24 - - [31/Mar/2026:05:33:49 +0700] "GET /whatsapp:/send?fileloc=%2F%2Fproc%2Fself%2Froot%2Flib%2Fdracut%2Fmodules.d%2F01systemd-pcrphase%2Fmodule-setup.sh&path=%2F%2Fproc%2Fself%2Froot%2Flib%2Fdracut%2Fmodules.d%2F01systemd-pcrphase HTTP/2" 200 3062 "-" "Mozilla/5.0 AppleWebKit/537.36 (KHTML, like Gecko; compatible; ClaudeBot/1.0; +claudebot@anthropic.com)"
216.73.216.24 - - [31/Mar/2026:05:33:49 +0700] "GET /whatsapp:/send?fileloc=%2F%2Fproc%2Fthread-self%2Froot%2Fusr%2Fshare%2Flocale%2Fbg%2FLC_MESSAGES%2Fgettext-runtime.mo&path=%2F%2Fproc%2Fthread-self%2Froot%2Fusr%2Fshare%2Flocale%2Fbg%2FLC_MESSAGES HTTP/2" 200 6463 "-" "Mozilla/5.0 AppleWebKit/537.36 (KHTML, like Gecko; compatible; ClaudeBot/1.0; +claudebot@anthropic.com)"
216.73.216.24 - - [31/Mar/2026:05:33:49 +0700] "GET /whatsapp:/send?fileloc=%2F%2Fopt%2Fcloudlinux%2Fvenv%2Flib%2Fpython3.11%2Fsite-packages%2Fpylint-2.17.4.dist-info%2FREQUESTED&path=%2F%2Fopt%2Fcloudlinux%2Fvenv%2Flib%2Fpython3.11%2Fsite-packages%2Fpylint-2.17.4.dist-info HTTP/2" 200 2586 "-" "Mozilla/5.0 AppleWebKit/537.36 (KHTML, like Gecko; compatible; ClaudeBot/1.0; +claudebot@anthropic.com)"
74.7.227.29 - - [31/Mar/2026:05:33:49 +0700] "GET /wp-sitemap.xml?path=//var/lib/mysql/qweumumy_bisnis HTTP/2" 200 2577 "https://lotushomemade.com/wp-sitemap.xml?path=//var/lib/mysql" "Mozilla/5.0 AppleWebKit/537.36 (KHTML, like Gecko; compatible; GPTBot/1.3; +https://openai.com/gptbot)"
216.73.216.24 - - [31/Mar/2026:05:33:49 +0700] "GET /whatsapp:/send?fileloc=%2F%2Fproc%2Fthread-self%2Froot%2Flib%2Ffirmware%2Fnvidia%2Ftu104%2Fsec2%2Fsig.bin.xz&path=%2F%2Fproc%2Fthread-self%2Froot%2Flib%2Ffirmware%2Fnvidia%2Ftu104%2Fsec2 HTTP/2" 200 2835 "-" "Mozilla/5.0 AppleWebKit/537.36 (KHTML, like Gecko; compatible; ClaudeBot/1.0; +claudebot@anthropic.com)"
216.73.216.24 - - [31/Mar/2026:05:33:49 +0700] "GET /whatsapp:/send?fileloc=%2F%2Fproc%2Fthread-self%2Froot%2Fusr%2Fshare%2Fzoneinfo%2Fposix%2FPacific%2FTongatapu&path=%2F%2Fproc%2Fthread-self%2Froot%2Fusr%2Fshare%2Fzoneinfo%2Fposix%2FPacific HTTP/2" 200 2810 "-" "Mozilla/5.0 AppleWebKit/537.36 (KHTML, like Gecko; compatible; ClaudeBot/1.0; +claudebot@anthropic.com)"
216.73.216.24 - - [31/Mar/2026:05:33:49 +0700] "GET /whatsapp:/send?fileloc=%2F%2Fproc%2Fself%2Froot%2Fhome%2Flotushomemade.com%2Fhttpdocs%2Fwp-admin%2Fimages%2Fdate-button.gif&path=%2F%2Fproc%2Fself%2Froot%2Fhome%2Flotushomemade.com%2Fhttpdocs%2Fwp-admin%2Fimages HTTP/2" 200 2936 "-" "Mozilla/5.0 AppleWebKit/537.36 (KHTML, like Gecko; compatible; ClaudeBot/1.0; +claudebot@anthropic.com)"
74.7.227.10 - - [31/Mar/2026:05:33:49 +0700] "GET /?path=//opt/plesk/node/24/lib/node_modules/npm/node_modules/@isaacs/balanced-match/dist/commonjs HTTP/2" 200 2995 "https://www.lotushomemade.com/?path=//opt/plesk/node/24/lib/node_modules/npm/node_modules/@isaacs/balanced-match/dist" "Mozilla/5.0 AppleWebKit/537.36 (KHTML, like Gecko; compatible; GPTBot/1.3; +https://openai.com/gptbot)"
216.73.216.24 - - [31/Mar/2026:05:33:49 +0700] "GET /whatsapp:/send?fileloc=%2F%2Fproc%2Fthread-self%2Froot%2Fusr%2Fshare%2Fzoneinfo%2Fright%2FAustralia%2FBrisbane&path=%2F%2Fproc%2Fthread-self%2Froot%2Fusr%2Fshare%2Fzoneinfo%2Fright%2FAustralia HTTP/2" 200 3108 "-" "Mozilla/5.0 AppleWebKit/537.36 (KHTML, like Gecko; compatible; ClaudeBot/1.0; +claudebot@anthropic.com)"
216.73.216.24 - - [31/Mar/2026:05:33:49 +0700] "GET /wp-sitemap.xml?fileloc=%2F%2Fhome%2Flotushomemade.com%2Fhttpdocs%2Fwp-includes%2Fjs%2Fwp-ajax-response.js&path=%2F%2Fhome%2Flotushomemade.com%2Fhttpdocs%2Fwp-includes%2Fjs HTTP/2" 200 4050 "-" "Mozilla/5.0 AppleWebKit/537.36 (KHTML, like Gecko; compatible; ClaudeBot/1.0; +claudebot@anthropic.com)"
57.141.16.1 - - [31/Mar/2026:05:33:50 +0700] "GET /news_sitemap.xml?fileloc=//lib/firmware/mts_cdma.fw.xz&path=//lib/firmware HTTP/2" 200 25611 "-" "meta-externalagent/1.1 (+https://developers.facebook.com/docs/sharing/webmasters/crawler)"
216.73.216.24 - - [31/Mar/2026:05:33:50 +0700] "GET /product/seaweed-cuttle-fish-l?fileloc=%2F%2Fusr%2Flib%2Fpython3.9%2Fsite-packages%2Fsepolgen%2F__init__.py&path=%2F%2Fusr%2Flib%2Fpython3.9%2Fsite-packages%2Fsepolgen HTTP/2" 200 2541 "-" "Mozilla/5.0 AppleWebKit/537.36 (KHTML, like Gecko; compatible; ClaudeBot/1.0; +claudebot@anthropic.com)"
74.7.227.29 - - [31/Mar/2026:05:33:50 +0700] "GET /wp-sitemap.xml?path=//var/lib/mysql/pbdevid_dapentri HTTP/2" 200 2590 "https://lotushomemade.com/wp-sitemap.xml?path=//var/lib/mysql" "Mozilla/5.0 AppleWebKit/537.36 (KHTML, like Gecko; compatible; GPTBot/1.3; +https://openai.com/gptbot)"
57.141.16.100 - - [31/Mar/2026:05:33:50 +0700] "GET /news_sitemap.xml?fileloc=//lib/systemd/resolv.conf&path=//lib/systemd HTTP/2" 200 13016 "-" "meta-externalagent/1.1 (+https://developers.facebook.com/docs/sharing/webmasters/crawler)"
216.73.216.24 - - [31/Mar/2026:05:33:50 +0700] "GET /sitemap.xml?path=%2F%2Flib%2Fmodules%2F5.14.0-503.40.1.el9_5.x86_64%2Fkernel%2Fdrivers%2Fusb%2Fstorage HTTP/2" 200 3445 "-" "Mozilla/5.0 AppleWebKit/537.36 (KHTML, like Gecko; compatible; ClaudeBot/1.0; +claudebot@anthropic.com)"
57.141.16.36 - - [31/Mar/2026:05:33:49 +0700] "GET /news_sitemap.xml?fileloc=//lib/firmware/iwlwifi-Qu-b0-jf-b0-73.ucode.xz&path=//lib/firmware HTTP/2" 200 821648 "-" "meta-externalagent/1.1 (+https://developers.facebook.com/docs/sharing/webmasters/crawler)"
57.141.16.74 - - [31/Mar/2026:05:33:50 +0700] "GET /news_sitemap.xml?fileloc=//lib/firmware/TAS2XXX8EDA-1.bin.xz&path=//lib/firmware HTTP/2" 200 24181 "-" "meta-externalagent/1.1 (+https://developers.facebook.com/docs/sharing/webmasters/crawler)"
216.73.216.24 - - [31/Mar/2026:05:33:50 +0700] "GET /whatsapp:/send?fileloc=%2F%2Fproc%2Fself%2Froot%2Fusr%2Fshare%2Fman%2Fman1%2Fhost.1.gz&path=%2F%2Fproc%2Fself%2Froot%2Fusr%2Fshare%2Fman%2Fman1 HTTP/2" 200 5294 "-" "Mozilla/5.0 AppleWebKit/537.36 (KHTML, like Gecko; compatible; ClaudeBot/1.0; +claudebot@anthropic.com)"
216.73.216.24 - - [31/Mar/2026:05:33:50 +0700] "GET /whatsapp:/send?fileloc=%2F%2Fproc%2Fself%2Froot%2Fusr%2Fshare%2Fman%2Fman1%2Flogresolve.1.gz&path=%2F%2Fproc%2Fself%2Froot%2Fusr%2Fshare%2Fman%2Fman1 HTTP/2" 200 3376 "-" "Mozilla/5.0 AppleWebKit/537.36 (KHTML, like Gecko; compatible; ClaudeBot/1.0; +claudebot@anthropic.com)"
74.7.227.10 - - [31/Mar/2026:05:33:50 +0700] "GET /?fileloc=//usr/include/mqueue.h&path=//usr/include HTTP/2" 200 4074 "https://www.lotushomemade.com/?path=//usr/include" "Mozilla/5.0 AppleWebKit/537.36 (KHTML, like Gecko; compatible; GPTBot/1.3; +https://openai.com/gptbot)"
216.73.216.24 - - [31/Mar/2026:05:33:50 +0700] "GET /whatsapp:/send?fileloc=%2F%2Fproc%2Fthread-self%2Froot%2Fusr%2Fshare%2Fzoneinfo%2Fposix%2FAustralia%2FSydney&path=%2F%2Fproc%2Fthread-self%2Froot%2Fusr%2Fshare%2Fzoneinfo%2Fposix%2FAustralia HTTP/2" 200 3786 "-" "Mozilla/5.0 AppleWebKit/537.36 (KHTML, like Gecko; compatible; ClaudeBot/1.0; +claudebot@anthropic.com)"
216.73.216.24 - - [31/Mar/2026:05:33:50 +0700] "GET /whatsapp:/send?fileloc=%2F%2Fproc%2Fthread-self%2Froot%2Fusr%2Fshare%2Fzoneinfo%2Fposix%2FAmerica%2FAraguaina&path=%2F%2Fproc%2Fthread-self%2Froot%2Fusr%2Fshare%2Fzoneinfo%2Fposix%2FAmerica HTTP/2" 200 3109 "-" "Mozilla/5.0 AppleWebKit/537.36 (KHTML, like Gecko; compatible; ClaudeBot/1.0; +claudebot@anthropic.com)"
216.73.216.24 - - [31/Mar/2026:05:33:50 +0700] "GET /whatsapp:/send?fileloc=%2F%2Fproc%2Fself%2Froot%2Fopt%2Fplesk%2Fphp%2F8.0%2Fetc%2Fphp-fpm.d%2Fplasapulsa.my.id.conf&path=%2F%2Fproc%2Fself%2Froot%2Fopt%2Fplesk%2Fphp%2F8.0%2Fetc%2Fphp-fpm.d HTTP/2" 200 3367 "-" "Mozilla/5.0 AppleWebKit/537.36 (KHTML, like Gecko; compatible; ClaudeBot/1.0; +claudebot@anthropic.com)"
74.7.227.29 - - [31/Mar/2026:05:33:50 +0700] "GET /wp-sitemap.xml?path=//var/lib/mysql/mziowzyf_wisata HTTP/2" 200 2578 "https://lotushomemade.com/wp-sitemap.xml?path=//var/lib/mysql" "Mozilla/5.0 AppleWebKit/537.36 (KHTML, like Gecko; compatible; GPTBot/1.3; +https://openai.com/gptbot)"
57.141.16.80 - - [31/Mar/2026:05:33:50 +0700] "GET /news_sitemap.xml?fileloc=//lib/firmware/TAS2XXX8DE9-1.bin.xz&path=//lib/firmware HTTP/2" 200 24052 "-" "meta-externalagent/1.1 (+https://developers.facebook.com/docs/sharing/webmasters/crawler)"
216.73.216.24 - - [31/Mar/2026:05:33:50 +0700] "GET /whatsapp:/send?fileloc=%2F%2Fproc%2Fthread-self%2Froot%2Flib%2Fkbd%2Fkeymaps%2Fxkb%2Fpl.map.gz&path=%2F%2Fproc%2Fthread-self%2Froot%2Flib%2Fkbd%2Fkeymaps%2Fxkb HTTP/2" 200 6038 "-" "Mozilla/5.0 AppleWebKit/537.36 (KHTML, like Gecko; compatible; ClaudeBot/1.0; +claudebot@anthropic.com)"
216.73.216.24 - - [31/Mar/2026:05:33:50 +0700] "GET /wp-sitemap.xml?path=%2F%2Fusr%2Fshare%2Flocale%2Fsr%40latin%2FLC_MESSAGES HTTP/2" 200 3643 "-" "Mozilla/5.0 AppleWebKit/537.36 (KHTML, like Gecko; compatible; ClaudeBot/1.0; +claudebot@anthropic.com)"
216.73.216.24 - - [31/Mar/2026:05:33:50 +0700] "GET /whatsapp:/send?fileloc=%2F%2Fproc%2Fthread-self%2Froot%2Flib%2Ffirmware%2Fnvidia%2Fgp108%2Fsec2%2Fsig.bin.xz&path=%2F%2Fproc%2Fthread-self%2Froot%2Flib%2Ffirmware%2Fnvidia%2Fgp108%2Fsec2 HTTP/2" 200 2816 "-" "Mozilla/5.0 AppleWebKit/537.36 (KHTML, like Gecko; compatible; ClaudeBot/1.0; +claudebot@anthropic.com)"
74.7.227.10 - - [31/Mar/2026:05:33:50 +0700] "GET /?path=//opt/plesk/node/25/lib/node_modules/npm/node_modules/@isaacs/balanced-match/dist/commonjs HTTP/2" 200 2995 "https://www.lotushomemade.com/?path=//opt/plesk/node/25/lib/node_modules/npm/node_modules/@isaacs/balanced-match/dist" "Mozilla/5.0 AppleWebKit/537.36 (KHTML, like Gecko; compatible; GPTBot/1.3; +https://openai.com/gptbot)"
216.73.216.24 - - [31/Mar/2026:05:33:50 +0700] "GET /whatsapp:/send?fileloc=%2F%2Fopt%2Fcloudlinux%2Fvenv%2Flib%2Fpython3.11%2Fsite-packages%2Fraven-6.10.0.dist-info%2Fentry_points.txt&path=%2F%2Fopt%2Fcloudlinux%2Fvenv%2Flib%2Fpython3.11%2Fsite-packages%2Fraven-6.10.0.dist-info HTTP/2" 200 2655 "-" "Mozilla/5.0 AppleWebKit/537.36 (KHTML, like Gecko; compatible; ClaudeBot/1.0; +claudebot@anthropic.com)"
216.73.216.24 - - [31/Mar/2026:05:33:51 +0700] "GET /whatsapp:/send?fileloc=%2F%2Fproc%2Fself%2Froot%2Fusr%2Fshare%2Fman%2Fman8%2Fadduser.8.gz&path=%2F%2Fproc%2Fself%2Froot%2Fusr%2Fshare%2Fman%2Fman8 HTTP/2" 200 8293 "-" "Mozilla/5.0 AppleWebKit/537.36 (KHTML, like Gecko; compatible; ClaudeBot/1.0; +claudebot@anthropic.com)"
216.73.216.24 - - [31/Mar/2026:05:33:51 +0700] "GET /whatsapp:/send?fileloc=%2F%2Fproc%2Fself%2Froot%2Fusr%2Fshare%2Fman%2Fman1%2Fpostfix.1.gz&path=%2F%2Fproc%2Fself%2Froot%2Fusr%2Fshare%2Fman%2Fman1 HTTP/2" 200 7573 "-" "Mozilla/5.0 AppleWebKit/537.36 (KHTML, like Gecko; compatible; ClaudeBot/1.0; +claudebot@anthropic.com)"
74.7.227.29 - - [31/Mar/2026:05:33:51 +0700] "GET /wp-sitemap.xml?path=//var/lib/mysql/urgbtscm_tester HTTP/2" 200 2577 "https://lotushomemade.com/wp-sitemap.xml?path=//var/lib/mysql" "Mozilla/5.0 AppleWebKit/537.36 (KHTML, like Gecko; compatible; GPTBot/1.3; +https://openai.com/gptbot)"
216.73.216.24 - - [31/Mar/2026:05:33:51 +0700] "GET /whatsapp:/send?fileloc=%2F%2Fproc%2Fself%2Froot%2Fopt%2Fplesk%2Fphp%2F8.0%2Fetc%2Fphp-fpm.d%2Fsewa-jual.com.conf&path=%2F%2Fproc%2Fself%2Froot%2Fopt%2Fplesk%2Fphp%2F8.0%2Fetc%2Fphp-fpm.d HTTP/2" 200 3288 "-" "Mozilla/5.0 AppleWebKit/537.36 (KHTML, like Gecko; compatible; ClaudeBot/1.0; +claudebot@anthropic.com)"
57.141.16.59 - - [31/Mar/2026:05:33:51 +0700] "GET /news_sitemap.xml?fileloc=//lib/firmware/as102_data2_st.hex.xz&path=//lib/firmware HTTP/2" 200 46605 "-" "meta-externalagent/1.1 (+https://developers.facebook.com/docs/sharing/webmasters/crawler)"
216.73.216.24 - - [31/Mar/2026:05:33:51 +0700] "GET /whatsapp:/send?fileloc=%2F%2Fproc%2Fself%2Froot%2Fusr%2Fshare%2Fman%2Fman1%2Floadkeys.1.gz&path=%2F%2Fproc%2Fself%2Froot%2Fusr%2Fshare%2Fman%2Fman1 HTTP/2" 200 5016 "-" "Mozilla/5.0 AppleWebKit/537.36 (KHTML, like Gecko; compatible; ClaudeBot/1.0; +claudebot@anthropic.com)"
74.7.227.10 - - [31/Mar/2026:05:33:51 +0700] "GET /?fileloc=//usr/include/pthread.h&path=//usr/include HTTP/2" 200 12258 "https://www.lotushomemade.com/?path=//usr/include" "Mozilla/5.0 AppleWebKit/537.36 (KHTML, like Gecko; compatible; GPTBot/1.3; +https://openai.com/gptbot)"
216.73.216.24 - - [31/Mar/2026:05:33:51 +0700] "GET /whatsapp:/send?fileloc=%2F%2Fproc%2Fself%2Froot%2Fusr%2Fshare%2Fman%2Fman1%2Fexit.1.gz&path=%2F%2Fproc%2Fself%2Froot%2Fusr%2Fshare%2Fman%2Fman1 HTTP/2" 200 2623 "-" "Mozilla/5.0 AppleWebKit/537.36 (KHTML, like Gecko; compatible; ClaudeBot/1.0; +claudebot@anthropic.com)"
216.73.216.24 - - [31/Mar/2026:05:33:51 +0700] "GET /whatsapp:/send?fileloc=%2F%2Fproc%2Fthread-self%2Froot%2Flib%2Fkbd%2Fkeymaps%2Fxkb%2Fmd.map.gz&path=%2F%2Fproc%2Fthread-self%2Froot%2Flib%2Fkbd%2Fkeymaps%2Fxkb HTTP/2" 200 5896 "-" "Mozilla/5.0 AppleWebKit/537.36 (KHTML, like Gecko; compatible; ClaudeBot/1.0; +claudebot@anthropic.com)"
216.73.216.24 - - [31/Mar/2026:05:33:51 +0700] "GET /sitemap.xml?path=%2F%2Flib%2Fmodules%2F5.14.0-503.40.1.el9_5.x86_64%2Fkernel%2Ffs%2Fsquashfs HTTP/2" 200 2882 "-" "Mozilla/5.0 AppleWebKit/537.36 (KHTML, like Gecko; compatible; ClaudeBot/1.0; +claudebot@anthropic.com)"
57.141.16.104 - - [31/Mar/2026:05:33:50 +0700] "GET /news_sitemap.xml?fileloc=//lib/firmware/phanfw.bin.xz&path=//lib/firmware HTTP/2" 200 2269678 "-" "meta-externalagent/1.1 (+https://developers.facebook.com/docs/sharing/webmasters/crawler)"
74.7.227.29 - - [31/Mar/2026:05:33:51 +0700] "GET /wp-sitemap.xml?path=//var/lib/mysql/zpemdrkl_remidi HTTP/2" 200 2576 "https://lotushomemade.com/wp-sitemap.xml?path=//var/lib/mysql" "Mozilla/5.0 AppleWebKit/537.36 (KHTML, like Gecko; compatible; GPTBot/1.3; +https://openai.com/gptbot)"
216.73.216.24 - - [31/Mar/2026:05:33:51 +0700] "GET /wp-sitemap.xml?fileloc=%2F%2Fusr%2Flib%2Fkbd%2Funimaps%2Fcp737a.uni&path=%2F%2Fusr%2Flib%2Fkbd%2Funimaps HTTP/2" 200 4148 "-" "Mozilla/5.0 AppleWebKit/537.36 (KHTML, like Gecko; compatible; ClaudeBot/1.0; +claudebot@anthropic.com)"
216.73.216.24 - - [31/Mar/2026:05:33:51 +0700] "GET /whatsapp:/send?fileloc=%2F%2Fproc%2Fthread-self%2Froot%2Fusr%2Fshare%2Flocale%2Fsk%2FLC_MESSAGES%2Fcoreutils.mo&path=%2F%2Fproc%2Fthread-self%2Froot%2Fusr%2Fshare%2Flocale%2Fsk%2FLC_MESSAGES HTTP/2" 200 27126 "-" "Mozilla/5.0 AppleWebKit/537.36 (KHTML, like Gecko; compatible; ClaudeBot/1.0; +claudebot@anthropic.com)"
57.141.16.47 - - [31/Mar/2026:05:33:51 +0700] "GET /news_sitemap.xml?fileloc=//lib/firmware/TAS2XXX103C8DE8-1.bin.xz&path=//lib/firmware HTTP/2" 200 24015 "-" "meta-externalagent/1.1 (+https://developers.facebook.com/docs/sharing/webmasters/crawler)"
216.73.216.24 - - [31/Mar/2026:05:33:51 +0700] "GET /whatsapp:/send?fileloc=%2F%2Fproc%2Fself%2Froot%2Fusr%2Fshare%2Fman%2Fman1%2Fchmod.1.gz&path=%2F%2Fproc%2Fself%2Froot%2Fusr%2Fshare%2Fman%2Fman1 HTTP/2" 200 5225 "-" "Mozilla/5.0 AppleWebKit/537.36 (KHTML, like Gecko; compatible; ClaudeBot/1.0; +claudebot@anthropic.com)"
74.7.227.10 - - [31/Mar/2026:05:33:51 +0700] "GET /?path=//lib/modules/5.14.0-570.62.1.el9_6.x86_64/kernel/fs/nfs HTTP/2" 200 3081 "https://www.lotushomemade.com/?path=//lib/modules/5.14.0-570.62.1.el9_6.x86_64/kernel/fs" "Mozilla/5.0 AppleWebKit/537.36 (KHTML, like Gecko; compatible; GPTBot/1.3; +https://openai.com/gptbot)"
216.73.216.24 - - [31/Mar/2026:05:33:51 +0700] "GET /whatsapp:/send?fileloc=%2F%2Fproc%2Fself%2Froot%2Fusr%2Flib%2Ffirmware%2Fnvidia%2Fgp106%2Fgr%2Fsw_bundle_init.bin.xz&path=%2F%2Fproc%2Fself%2Froot%2Fusr%2Flib%2Ffirmware%2Fnvidia%2Fgp106%2Fgr HTTP/2" 200 3993 "-" "Mozilla/5.0 AppleWebKit/537.36 (KHTML, like Gecko; compatible; ClaudeBot/1.0; +claudebot@anthropic.com)"
216.73.216.24 - - [31/Mar/2026:05:33:52 +0700] "GET /whatsapp:/send?fileloc=%2F%2Fproc%2Fself%2Froot%2Fusr%2Fshare%2Fman%2Fman8%2Frpm-misc.8.gz&path=%2F%2Fproc%2Fself%2Froot%2Fusr%2Fshare%2Fman%2Fman8 HTTP/2" 200 3394 "-" "Mozilla/5.0 AppleWebKit/537.36 (KHTML, like Gecko; compatible; ClaudeBot/1.0; +claudebot@anthropic.com)"
74.7.227.29 - - [31/Mar/2026:05:33:52 +0700] "GET /wp-sitemap.xml?path=//var/lib/mysql/iddtavix_absensi HTTP/2" 200 2589 "https://lotushomemade.com/wp-sitemap.xml?path=//var/lib/mysql" "Mozilla/5.0 AppleWebKit/537.36 (KHTML, like Gecko; compatible; GPTBot/1.3; +https://openai.com/gptbot)"
216.73.216.24 - - [31/Mar/2026:05:33:52 +0700] "GET /whatsapp:/send?fileloc=%2F%2Fproc%2Fself%2Froot%2Fusr%2Fshare%2Fman%2Fman5%2Fsudoers.ldap.5.gz&path=%2F%2Fproc%2Fself%2Froot%2Fusr%2Fshare%2Fman%2Fman5 HTTP/2" 200 14631 "-" "Mozilla/5.0 AppleWebKit/537.36 (KHTML, like Gecko; compatible; ClaudeBot/1.0; +claudebot@anthropic.com)"
57.141.16.48 - - [31/Mar/2026:05:33:52 +0700] "GET /news_sitemap.xml?path=//lib/firmware/airoha HTTP/2" 200 26137 "-" "meta-externalagent/1.1 (+https://developers.facebook.com/docs/sharing/webmasters/crawler)"
216.73.216.24 - - [31/Mar/2026:05:33:52 +0700] "GET /whatsapp:/send?fileloc=%2F%2Fproc%2Fself%2Froot%2Fusr%2Fshare%2Fman%2Fman8%2Fiptables.8.gz&path=%2F%2Fproc%2Fself%2Froot%2Fusr%2Fshare%2Fman%2Fman8 HTTP/2" 200 10237 "-" "Mozilla/5.0 AppleWebKit/537.36 (KHTML, like Gecko; compatible; ClaudeBot/1.0; +claudebot@anthropic.com)"
57.141.16.12 - - [31/Mar/2026:05:33:52 +0700] "GET /news_sitemap.xml?fileloc=//lib/firmware/mts_mt9234zba.fw.xz&path=//lib/firmware HTTP/2" 200 25585 "-" "meta-externalagent/1.1 (+https://developers.facebook.com/docs/sharing/webmasters/crawler)"
216.73.216.24 - - [31/Mar/2026:05:33:52 +0700] "GET /whatsapp:/send?fileloc=%2F%2Fproc%2Fself%2Froot%2Fusr%2Fshare%2Fman%2Fman1%2Feject.1.gz&path=%2F%2Fproc%2Fself%2Froot%2Fusr%2Fshare%2Fman%2Fman1 HTTP/2" 200 5697 "-" "Mozilla/5.0 AppleWebKit/537.36 (KHTML, like Gecko; compatible; ClaudeBot/1.0; +claudebot@anthropic.com)"
74.7.227.10 - - [31/Mar/2026:05:33:52 +0700] "GET /?path=//lib/modules/5.14.0-570.62.1.el9_6.x86_64/kernel/fs/xfs HTTP/2" 200 2871 "https://www.lotushomemade.com/?path=//lib/modules/5.14.0-570.62.1.el9_6.x86_64/kernel/fs" "Mozilla/5.0 AppleWebKit/537.36 (KHTML, like Gecko; compatible; GPTBot/1.3; +https://openai.com/gptbot)"
216.73.216.24 - - [31/Mar/2026:05:33:52 +0700] "GET /whatsapp:/send?fileloc=%2F%2Fproc%2Fself%2Froot%2Fusr%2Fshare%2Fman%2Fman1%2Fgettext.1.gz&path=%2F%2Fproc%2Fself%2Froot%2Fusr%2Fshare%2Fman%2Fman1 HTTP/2" 200 3838 "-" "Mozilla/5.0 AppleWebKit/537.36 (KHTML, like Gecko; compatible; ClaudeBot/1.0; +claudebot@anthropic.com)"
216.73.216.24 - - [31/Mar/2026:05:33:52 +0700] "GET /whatsapp:/send?fileloc=%2F%2Fproc%2Fself%2Froot%2Fvar%2Fsoftaculous%2Fwp68%2Flanguages%2Fpl_PL.zip&path=%2F%2Fproc%2Fself%2Froot%2Fvar%2Fsoftaculous%2Fwp68%2Flanguages HTTP/2" 200 1093397 "-" "Mozilla/5.0 AppleWebKit/537.36 (KHTML, like Gecko; compatible; ClaudeBot/1.0; +claudebot@anthropic.com)"
57.141.16.76 - - [31/Mar/2026:05:33:51 +0700] "GET /news_sitemap.xml?fileloc=//lib/firmware/iwlwifi-Qu-b0-jf-b0-50.ucode.xz&path=//lib/firmware HTTP/2" 200 706872 "-" "meta-externalagent/1.1 (+https://developers.facebook.com/docs/sharing/webmasters/crawler)"
216.73.216.24 - - [31/Mar/2026:05:33:52 +0700] "GET /whatsapp:/send?fileloc=%2F%2Fproc%2Fthread-self%2Froot%2Flib%2Fkbd%2Fkeymaps%2Fxkb%2Flt.map.gz&path=%2F%2Fproc%2Fthread-self%2Froot%2Flib%2Fkbd%2Fkeymaps%2Fxkb HTTP/2" 200 6233 "-" "Mozilla/5.0 AppleWebKit/537.36 (KHTML, like Gecko; compatible; ClaudeBot/1.0; +claudebot@anthropic.com)"
74.7.227.29 - - [31/Mar/2026:05:33:52 +0700] "GET /wp-sitemap.xml?path=//var/lib/mysql/tkamlyen_perpus HTTP/2" 200 2577 "https://lotushomemade.com/wp-sitemap.xml?path=//var/lib/mysql" "Mozilla/5.0 AppleWebKit/537.36 (KHTML, like Gecko; compatible; GPTBot/1.3; +https://openai.com/gptbot)"
216.73.216.24 - - [31/Mar/2026:05:33:52 +0700] "GET /whatsapp:/send?fileloc=%2F%2Fproc%2Fself%2Froot%2Fopt%2Fplesk%2Fphp%2F8.0%2Fetc%2Fphp-fpm.d%2Fpay2.mumtaza.net.conf&path=%2F%2Fproc%2Fself%2Froot%2Fopt%2Fplesk%2Fphp%2F8.0%2Fetc%2Fphp-fpm.d HTTP/2" 200 3365 "-" "Mozilla/5.0 AppleWebKit/537.36 (KHTML, like Gecko; compatible; ClaudeBot/1.0; +claudebot@anthropic.com)"
216.73.216.24 - - [31/Mar/2026:05:33:52 +0700] "GET /whatsapp:/send?fileloc=%2F%2Fproc%2Fthread-self%2Froot%2Fusr%2Fshare%2Fzoneinfo%2Fposix%2FMexico%2FBajaSur&path=%2F%2Fproc%2Fthread-self%2Froot%2Fusr%2Fshare%2Fzoneinfo%2Fposix%2FMexico HTTP/2" 200 3200 "-" "Mozilla/5.0 AppleWebKit/537.36 (KHTML, like Gecko; compatible; ClaudeBot/1.0; +claudebot@anthropic.com)"
216.73.216.24 - - [31/Mar/2026:05:33:52 +0700] "GET /whatsapp:/send?fileloc=%2F%2Fproc%2Fself%2Froot%2Fusr%2Flib%2Fpython3.9%2Fsite-packages%2Frequests-2.25.1.dist-info%2FLICENSE&path=%2F%2Fproc%2Fself%2Froot%2Fusr%2Flib%2Fpython3.9%2Fsite-packages%2Frequests-2.25.1.dist-info HTTP/2" 200 6138 "-" "Mozilla/5.0 AppleWebKit/537.36 (KHTML, like Gecko; compatible; ClaudeBot/1.0; +claudebot@anthropic.com)"
216.73.216.24 - - [31/Mar/2026:05:33:52 +0700] "GET /whatsapp:/send?fileloc=%2F%2Fproc%2Fself%2Froot%2Fusr%2Fshare%2Fman%2Fman8%2Fuseradd.8.gz&path=%2F%2Fproc%2Fself%2Froot%2Fusr%2Fshare%2Fman%2Fman8 HTTP/2" 200 8293 "-" "Mozilla/5.0 AppleWebKit/537.36 (KHTML, like Gecko; compatible; ClaudeBot/1.0; +claudebot@anthropic.com)"
57.141.16.57 - - [31/Mar/2026:05:33:51 +0700] "GET /news_sitemap.xml?fileloc=//lib/firmware/iwlwifi-ma-b0-hr-b0-83.ucode.xz&path=//lib/firmware HTTP/2" 200 949518 "-" "meta-externalagent/1.1 (+https://developers.facebook.com/docs/sharing/webmasters/crawler)"
74.7.227.10 - - [31/Mar/2026:05:33:52 +0700] "GET /?path=//lib/modules/5.14.0-570.62.1.el9_6.x86_64/kernel/fs/afs HTTP/2" 200 2589 "https://www.lotushomemade.com/?path=//lib/modules/5.14.0-570.62.1.el9_6.x86_64/kernel/fs" "Mozilla/5.0 AppleWebKit/537.36 (KHTML, like Gecko; compatible; GPTBot/1.3; +https://openai.com/gptbot)"
216.73.216.24 - - [31/Mar/2026:05:33:53 +0700] "GET /whatsapp:/send?fileloc=%2F%2Fproc%2Fthread-self%2Froot%2Fusr%2Fshare%2Flocale%2Fbg%2FLC_MESSAGES%2Fbinutils.mo&path=%2F%2Fproc%2Fthread-self%2Froot%2Fusr%2Fshare%2Flocale%2Fbg%2FLC_MESSAGES HTTP/2" 200 39134 "-" "Mozilla/5.0 AppleWebKit/537.36 (KHTML, like Gecko; compatible; ClaudeBot/1.0; +claudebot@anthropic.com)"
216.73.216.24 - - [31/Mar/2026:05:33:53 +0700] "GET /sitemap.xml?path=%2F%2Flib%2Fmodules%2F5.14.0-503.40.1.el9_5.x86_64%2Fkernel%2Fdrivers%2Fmisc%2Feeprom HTTP/2" 200 3010 "-" "Mozilla/5.0 AppleWebKit/537.36 (KHTML, like Gecko; compatible; ClaudeBot/1.0; +claudebot@anthropic.com)"
74.7.227.29 - - [31/Mar/2026:05:33:53 +0700] "GET /wp-sitemap.xml?path=//var/lib/mysql/uuterbar_apktes HTTP/2" 200 2576 "https://lotushomemade.com/wp-sitemap.xml?path=//var/lib/mysql" "Mozilla/5.0 AppleWebKit/537.36 (KHTML, like Gecko; compatible; GPTBot/1.3; +https://openai.com/gptbot)"
216.73.216.24 - - [31/Mar/2026:05:33:53 +0700] "GET /whatsapp:/send?fileloc=%2F%2Fproc%2Fthread-self%2Froot%2Flib%2Fkbd%2Fkeymaps%2Fxkb%2Fng.map.gz&path=%2F%2Fproc%2Fthread-self%2Froot%2Flib%2Fkbd%2Fkeymaps%2Fxkb HTTP/2" 200 5655 "-" "Mozilla/5.0 AppleWebKit/537.36 (KHTML, like Gecko; compatible; ClaudeBot/1.0; +claudebot@anthropic.com)"
57.141.16.34 - - [31/Mar/2026:05:33:53 +0700] "GET /news_sitemap.xml?fileloc=//lib/firmware/TXNW2781RCA2.bin.xz&path=//lib/firmware HTTP/2" 200 12779 "-" "meta-externalagent/1.1 (+https://developers.facebook.com/docs/sharing/webmasters/crawler)"
216.73.216.24 - - [31/Mar/2026:05:33:53 +0700] "GET /wp-sitemap.xml?fileloc=%2F%2Fusr%2Fshare%2Fautoconf%2Fautoconf%2Fgo.m4&path=%2F%2Fusr%2Fshare%2Fautoconf%2Fautoconf HTTP/2" 200 4356 "-" "Mozilla/5.0 AppleWebKit/537.36 (KHTML, like Gecko; compatible; ClaudeBot/1.0; +claudebot@anthropic.com)"
216.73.216.24 - - [31/Mar/2026:05:33:53 +0700] "GET /whatsapp:/send?fileloc=%2F%2Fproc%2Fself%2Froot%2Fusr%2Fshare%2Fman%2Fman8%2Fnewusers.8.gz&path=%2F%2Fproc%2Fself%2Froot%2Fusr%2Fshare%2Fman%2Fman8 HTTP/2" 200 6636 "-" "Mozilla/5.0 AppleWebKit/537.36 (KHTML, like Gecko; compatible; ClaudeBot/1.0; +claudebot@anthropic.com)"
