216.73.216.24 - - [31/Mar/2026:05:35:17 +0700] "GET /whatsapp:/send?fileloc=%2F%2Fproc%2Fself%2Froot%2Fusr%2Fshare%2Fman%2Fman1%2Fdoveadm-service-status.1.gz&path=%2F%2Fproc%2Fself%2Froot%2Fusr%2Fshare%2Fman%2Fman1 HTTP/2" 200 4340 "-" "Mozilla/5.0 AppleWebKit/537.36 (KHTML, like Gecko; compatible; ClaudeBot/1.0; +claudebot@anthropic.com)"
57.141.16.66 - - [31/Mar/2026:05:35:17 +0700] "GET /news_sitemap.xml?path=//lib/firmware/e100 HTTP/2" 200 17180 "-" "meta-externalagent/1.1 (+https://developers.facebook.com/docs/sharing/webmasters/crawler)"
216.73.216.24 - - [31/Mar/2026:05:35:17 +0700] "GET /whatsapp:/send?fileloc=%2F%2Fproc%2Fthread-self%2Froot%2Flib%2Fkbd%2Fkeymaps%2Fxkb%2Fhu-102_qwertz_dot_dead.map.gz&path=%2F%2Fproc%2Fthread-self%2Froot%2Flib%2Fkbd%2Fkeymaps%2Fxkb HTTP/2" 200 6405 "-" "Mozilla/5.0 AppleWebKit/537.36 (KHTML, like Gecko; compatible; ClaudeBot/1.0; +claudebot@anthropic.com)"
216.73.216.24 - - [31/Mar/2026:05:35:17 +0700] "GET /whatsapp:/send?fileloc=%2F%2Fproc%2Fself%2Froot%2Fopt%2Fplesk%2Fphp%2F8.0%2Fetc%2Fphp-fpm.d%2Frdm.mi.nur.aldzulam.ubudiyah.my.id.conf&path=%2F%2Fproc%2Fself%2Froot%2Fopt%2Fplesk%2Fphp%2F8.0%2Fetc%2Fphp-fpm.d HTTP/2" 200 3253 "-" "Mozilla/5.0 AppleWebKit/537.36 (KHTML, like Gecko; compatible; ClaudeBot/1.0; +claudebot@anthropic.com)"
57.141.16.7 - - [31/Mar/2026:05:35:16 +0700] "GET /news_sitemap.xml?path=//lib/systemd/system HTTP/2" 200 596929 "-" "meta-externalagent/1.1 (+https://developers.facebook.com/docs/sharing/webmasters/crawler)"
74.7.227.29 - - [31/Mar/2026:05:35:17 +0700] "GET /wp-sitemap.xml?fileloc=//opt/imunify360/venv/lib/python3.11/site-packages/pip/_internal/vcs/versioncontrol.py&path=//opt/imunify360/venv/lib/python3.11/site-packages/pip/_internal/vcs HTTP/2" 200 9212 "https://lotushomemade.com/wp-sitemap.xml?path=//opt/imunify360/venv/lib/python3.11/site-packages/pip/_internal/vcs" "Mozilla/5.0 AppleWebKit/537.36 (KHTML, like Gecko; compatible; GPTBot/1.3; +https://openai.com/gptbot)"
216.73.216.24 - - [31/Mar/2026:05:35:17 +0700] "GET /product/original-egg-roll-gift-series?path=%2F%2Fvar%2Fsoftaculous%2Fbagisto%2Fphp71 HTTP/2" 200 2932 "-" "Mozilla/5.0 AppleWebKit/537.36 (KHTML, like Gecko; compatible; ClaudeBot/1.0; +claudebot@anthropic.com)"
216.73.216.24 - - [31/Mar/2026:05:35:17 +0700] "GET /whatsapp:/send?fileloc=%2F%2Fproc%2Fself%2Froot%2Flib%2F.build-id%2Fb7%2F94b8dfff4e8be541884fe31908459058d57b2b&path=%2F%2Fproc%2Fself%2Froot%2Flib%2F.build-id%2Fb7 HTTP/2" 200 13130 "-" "Mozilla/5.0 AppleWebKit/537.36 (KHTML, like Gecko; compatible; ClaudeBot/1.0; +claudebot@anthropic.com)"
74.7.227.10 - - [31/Mar/2026:05:35:17 +0700] "GET /?fileloc=//lib64/perl5/Fcntl.pm&path=//lib64/perl5 HTTP/2" 200 4451 "https://www.lotushomemade.com/?path=//lib64/perl5" "Mozilla/5.0 AppleWebKit/537.36 (KHTML, like Gecko; compatible; GPTBot/1.3; +https://openai.com/gptbot)"
216.73.216.24 - - [31/Mar/2026:05:35:17 +0700] "GET /whatsapp:/send?fileloc=%2F%2Fproc%2Fself%2Froot%2Flib%2F.build-id%2Fd3%2F09e9dbcb6fad48f5e255dec19307c9842ea35d&path=%2F%2Fproc%2Fself%2Froot%2Flib%2F.build-id%2Fd3 HTTP/2" 200 8454 "-" "Mozilla/5.0 AppleWebKit/537.36 (KHTML, like Gecko; compatible; ClaudeBot/1.0; +claudebot@anthropic.com)"
216.73.216.24 - - [31/Mar/2026:05:35:17 +0700] "GET /whatsapp:/send?fileloc=%2F%2Fproc%2Fself%2Froot%2Fhome%2Flotushomemade.com%2Fhttpdocs%2Fwp-content%2FTemplates%2Fgmaper-03.png&path=%2F%2Fproc%2Fself%2Froot%2Fhome%2Flotushomemade.com%2Fhttpdocs%2Fwp-content%2FTemplates HTTP/2" 200 623460 "-" "Mozilla/5.0 AppleWebKit/537.36 (KHTML, like Gecko; compatible; ClaudeBot/1.0; +claudebot@anthropic.com)"
216.73.216.24 - - [31/Mar/2026:05:35:17 +0700] "GET /whatsapp:/send?fileloc=%2F%2Fproc%2Fself%2Froot%2Flib%2F.build-id%2F34%2F8a1d7475c63adebd8f8152c73fe03418924fba&path=%2F%2Fproc%2Fself%2Froot%2Flib%2F.build-id%2F34 HTTP/2" 200 18562 "-" "Mozilla/5.0 AppleWebKit/537.36 (KHTML, like Gecko; compatible; ClaudeBot/1.0; +claudebot@anthropic.com)"
74.7.227.29 - - [31/Mar/2026:05:35:17 +0700] "GET /wp-sitemap.xml?fileloc=//opt/imunify360/venv/lib/python3.11/site-packages/pip/_internal/pyproject.py&path=//opt/imunify360/venv/lib/python3.11/site-packages/pip/_internal HTTP/2" 200 4301 "https://lotushomemade.com/wp-sitemap.xml?path=//opt/imunify360/venv/lib/python3.11/site-packages/pip/_internal" "Mozilla/5.0 AppleWebKit/537.36 (KHTML, like Gecko; compatible; GPTBot/1.3; +https://openai.com/gptbot)"
216.73.216.24 - - [31/Mar/2026:05:35:17 +0700] "GET /wp-sitemap.xml?fileloc=%2F%2Fusr%2Flib%2Ffirmware%2Fqca%2Fhpnv21g.ba4.xz&path=%2F%2Fusr%2Flib%2Ffirmware%2Fqca HTTP/2" 200 5462 "-" "Mozilla/5.0 AppleWebKit/537.36 (KHTML, like Gecko; compatible; ClaudeBot/1.0; +claudebot@anthropic.com)"
57.141.16.1 - - [31/Mar/2026:05:35:17 +0700] "GET /news_sitemap.xml?fileloc=//lib/firmware/TAS2XXX13940.bin.xz&path=//lib/firmware HTTP/2" 200 24837 "-" "meta-externalagent/1.1 (+https://developers.facebook.com/docs/sharing/webmasters/crawler)"
216.73.216.24 - - [31/Mar/2026:05:35:17 +0700] "GET /wp-sitemap.xml?fileloc=%2F%2Fusr%2Flib%2Ffirmware%2Fradeon%2FKABINI_mec.bin.xz&path=%2F%2Fusr%2Flib%2Ffirmware%2Fradeon HTTP/2" 200 9743 "-" "Mozilla/5.0 AppleWebKit/537.36 (KHTML, like Gecko; compatible; ClaudeBot/1.0; +claudebot@anthropic.com)"
74.7.227.10 - - [31/Mar/2026:05:35:17 +0700] "GET /?fileloc=//lib64/perl5/Errno.pm&path=//lib64/perl5 HTTP/2" 200 5728 "https://www.lotushomemade.com/?path=//lib64/perl5" "Mozilla/5.0 AppleWebKit/537.36 (KHTML, like Gecko; compatible; GPTBot/1.3; +https://openai.com/gptbot)"
216.73.216.24 - - [31/Mar/2026:05:35:17 +0700] "GET /wp-sitemap.xml?fileloc=%2F%2Fusr%2Flib%2Ffirmware%2Fradeon%2Fkabini_sdma.bin.xz&path=%2F%2Fusr%2Flib%2Ffirmware%2Fradeon HTTP/2" 200 4594 "-" "Mozilla/5.0 AppleWebKit/537.36 (KHTML, like Gecko; compatible; ClaudeBot/1.0; +claudebot@anthropic.com)"
57.141.16.22 - - [31/Mar/2026:05:35:17 +0700] "GET /news_sitemap.xml?fileloc=//lib/firmware/agere_sta_fw.bin.xz&path=//lib/firmware HTTP/2" 200 64432 "-" "meta-externalagent/1.1 (+https://developers.facebook.com/docs/sharing/webmasters/crawler)"
216.73.216.24 - - [31/Mar/2026:05:35:18 +0700] "GET /whatsapp:/send?fileloc=%2F%2Fproc%2Fself%2Froot%2Flib%2F.build-id%2Fa7%2Ffbd3a71b5b18aeed5e7f242538ce5fecf54204&path=%2F%2Fproc%2Fself%2Froot%2Flib%2F.build-id%2Fa7 HTTP/2" 200 8727 "-" "Mozilla/5.0 AppleWebKit/537.36 (KHTML, like Gecko; compatible; ClaudeBot/1.0; +claudebot@anthropic.com)"
216.73.216.24 - - [31/Mar/2026:05:35:18 +0700] "GET /whatsapp:/send?fileloc=%2F%2Fproc%2Fself%2Froot%2Flib%2F.build-id%2F3e%2F36f619a1df5e9b2901801dfd8260d81e4ba34d&path=%2F%2Fproc%2Fself%2Froot%2Flib%2F.build-id%2F3e HTTP/2" 200 15948 "-" "Mozilla/5.0 AppleWebKit/537.36 (KHTML, like Gecko; compatible; ClaudeBot/1.0; +claudebot@anthropic.com)"
216.73.216.24 - - [31/Mar/2026:05:35:18 +0700] "GET /whatsapp:/send?fileloc=%2F%2Fproc%2Fself%2Froot%2Fusr%2Fshare%2Fman%2Fman7%2FEVP_SIGNATURE-SLH-DSA-SHA2-128f.7ossl.gz&path=%2F%2Fproc%2Fself%2Froot%2Fusr%2Fshare%2Fman%2Fman7 HTTP/2" 200 6350 "-" "Mozilla/5.0 AppleWebKit/537.36 (KHTML, like Gecko; compatible; ClaudeBot/1.0; +claudebot@anthropic.com)"
74.7.227.29 - - [31/Mar/2026:05:35:18 +0700] "GET /wp-sitemap.xml?fileloc=//opt/imunify360/venv/lib/python3.11/site-packages/pyrsistent/_checked_types.py&path=//opt/imunify360/venv/lib/python3.11/site-packages/pyrsistent HTTP/2" 200 7197 "https://lotushomemade.com/wp-sitemap.xml?path=//opt/imunify360/venv/lib/python3.11/site-packages/pyrsistent" "Mozilla/5.0 AppleWebKit/537.36 (KHTML, like Gecko; compatible; GPTBot/1.3; +https://openai.com/gptbot)"
57.141.16.102 - - [31/Mar/2026:05:35:18 +0700] "GET /news_sitemap.xml?fileloc=//lib/firmware/TAS2XXX38BA.bin.xz&path=//lib/firmware HTTP/2" 200 21025 "-" "meta-externalagent/1.1 (+https://developers.facebook.com/docs/sharing/webmasters/crawler)"
216.73.216.24 - - [31/Mar/2026:05:35:18 +0700] "GET /whatsapp:/send?fileloc=%2F%2Fproc%2Fself%2Froot%2Flib%2F.build-id%2Fcd%2Fbaf8a173d8336ea89707003abeff4476071487&path=%2F%2Fproc%2Fself%2Froot%2Flib%2F.build-id%2Fcd HTTP/2" 200 8445 "-" "Mozilla/5.0 AppleWebKit/537.36 (KHTML, like Gecko; compatible; ClaudeBot/1.0; +claudebot@anthropic.com)"
216.73.216.24 - - [31/Mar/2026:05:35:18 +0700] "GET /wp-sitemap.xml?fileloc=%2F%2Fusr%2Flib%2Fudev%2Frules.d%2F73-seat-late.rules&path=%2F%2Fusr%2Flib%2Fudev%2Frules.d HTTP/2" 200 2890 "-" "Mozilla/5.0 AppleWebKit/537.36 (KHTML, like Gecko; compatible; ClaudeBot/1.0; +claudebot@anthropic.com)"
74.7.227.10 - - [31/Mar/2026:05:35:18 +0700] "GET /?path=//etc/scl HTTP/2" 200 3011 "https://www.lotushomemade.com/?path=//etc" "Mozilla/5.0 AppleWebKit/537.36 (KHTML, like Gecko; compatible; GPTBot/1.3; +https://openai.com/gptbot)"
216.73.216.24 - - [31/Mar/2026:05:35:18 +0700] "GET /whatsapp:/send?fileloc=%2F%2Fproc%2Fself%2Froot%2Fhome%2Flotushomemade.com%2Fhttpdocs%2Fwp-content%2Fuploads%2Frevslider%2Flight1-150x100.jpg&path=%2F%2Fproc%2Fself%2Froot%2Fhome%2Flotushomemade.com%2Fhttpdocs%2Fwp-content%2Fuploads%2Frevslider HTTP/2" 200 4695 "-" "Mozilla/5.0 AppleWebKit/537.36 (KHTML, like Gecko; compatible; ClaudeBot/1.0; +claudebot@anthropic.com)"
57.141.16.23 - - [31/Mar/2026:05:35:17 +0700] "GET /news_sitemap.xml?fileloc=//lib/firmware/iwlwifi-so-a0-hr-b0-84.ucode.xz&path=//lib/firmware HTTP/2" 200 940606 "-" "meta-externalagent/1.1 (+https://developers.facebook.com/docs/sharing/webmasters/crawler)"
216.73.216.24 - - [31/Mar/2026:05:35:18 +0700] "GET /whatsapp:/send?fileloc=%2F%2Fproc%2Fself%2Froot%2Fusr%2Fshare%2Fman%2Fman3%2FPod%3A%3APerldoc%3A%3AToNroff.3pm.gz&path=%2F%2Fproc%2Fself%2Froot%2Fusr%2Fshare%2Fman%2Fman3 HTTP/2" 200 4321 "-" "Mozilla/5.0 AppleWebKit/537.36 (KHTML, like Gecko; compatible; ClaudeBot/1.0; +claudebot@anthropic.com)"
216.73.216.24 - - [31/Mar/2026:05:35:18 +0700] "GET /whatsapp:/send?fileloc=%2F%2Fproc%2Fself%2Froot%2Fopt%2Fplesk%2Fphp%2F8.0%2Fetc%2Fphp-fpm.d%2Fpantunbetawi.pantunbetawi.com.conf&path=%2F%2Fproc%2Fself%2Froot%2Fopt%2Fplesk%2Fphp%2F8.0%2Fetc%2Fphp-fpm.d HTTP/2" 200 3316 "-" "Mozilla/5.0 AppleWebKit/537.36 (KHTML, like Gecko; compatible; ClaudeBot/1.0; +claudebot@anthropic.com)"
74.7.227.29 - - [31/Mar/2026:05:35:18 +0700] "GET /wp-sitemap.xml?fileloc=//opt/imunify360/venv/lib/python3.11/site-packages/setuptools/_distutils/__init__.py&path=//opt/imunify360/venv/lib/python3.11/site-packages/setuptools/_distutils HTTP/2" 200 2746 "https://lotushomemade.com/wp-sitemap.xml?path=//opt/imunify360/venv/lib/python3.11/site-packages/setuptools/_distutils" "Mozilla/5.0 AppleWebKit/537.36 (KHTML, like Gecko; compatible; GPTBot/1.3; +https://openai.com/gptbot)"
216.73.216.24 - - [31/Mar/2026:05:35:18 +0700] "GET /wp-sitemap.xml?fileloc=%2F%2Fopt%2Fimunify360%2Fvenv%2Flib%2Fpython3.11%2Fsite-packages%2Fclcommon-3.4.16.dist-info%2FRECORD&path=%2F%2Fopt%2Fimunify360%2Fvenv%2Flib%2Fpython3.11%2Fsite-packages%2Fclcommon-3.4.16.dist-info HTTP/2" 200 7201 "-" "Mozilla/5.0 AppleWebKit/537.36 (KHTML, like Gecko; compatible; ClaudeBot/1.0; +claudebot@anthropic.com)"
216.73.216.24 - - [31/Mar/2026:05:35:18 +0700] "GET /whatsapp:/send?fileloc=%2F%2Fproc%2Fself%2Froot%2Fusr%2Fshare%2Fsnmp%2Fmibs%2FRFC1213-MIB.txt&path=%2F%2Fproc%2Fself%2Froot%2Fusr%2Fshare%2Fsnmp%2Fmibs HTTP/2" 200 17245 "-" "Mozilla/5.0 AppleWebKit/537.36 (KHTML, like Gecko; compatible; ClaudeBot/1.0; +claudebot@anthropic.com)"
74.7.227.10 - - [31/Mar/2026:05:35:18 +0700] "GET /?path=//var/run HTTP/2" 200 3078 "https://www.lotushomemade.com/?path=//var" "Mozilla/5.0 AppleWebKit/537.36 (KHTML, like Gecko; compatible; GPTBot/1.3; +https://openai.com/gptbot)"
216.73.216.24 - - [31/Mar/2026:05:35:19 +0700] "GET /whatsapp:/send?fileloc=%2F%2Fproc%2Fself%2Froot%2Flib%2F.build-id%2Fa2%2F4de9edbe76ac600ee030cb1ead437b54f3fdc3&path=%2F%2Fproc%2Fself%2Froot%2Flib%2F.build-id%2Fa2 HTTP/2" 200 55785 "-" "Mozilla/5.0 AppleWebKit/537.36 (KHTML, like Gecko; compatible; ClaudeBot/1.0; +claudebot@anthropic.com)"
216.73.216.24 - - [31/Mar/2026:05:35:19 +0700] "GET /wp-sitemap.xml?fileloc=%2F%2Fusr%2Flib%2Ffirmware%2Fqca%2Frampatch_00130302.bin.xz&path=%2F%2Fusr%2Flib%2Ffirmware%2Fqca HTTP/2" 200 21880 "-" "Mozilla/5.0 AppleWebKit/537.36 (KHTML, like Gecko; compatible; ClaudeBot/1.0; +claudebot@anthropic.com)"
57.141.16.67 - - [31/Mar/2026:05:35:18 +0700] "GET /news_sitemap.xml?fileloc=//lib/firmware/rsi_91x.fw.xz&path=//lib/firmware HTTP/2" 200 104156 "-" "meta-externalagent/1.1 (+https://developers.facebook.com/docs/sharing/webmasters/crawler)"
216.73.216.24 - - [31/Mar/2026:05:35:19 +0700] "GET /whatsapp:/send?fileloc=%2F%2Fproc%2Fself%2Froot%2Flib%2F.build-id%2Fee%2F16e34d67e9bb65fcd14978b875b13397a7f0ea&path=%2F%2Fproc%2Fself%2Froot%2Flib%2F.build-id%2Fee HTTP/2" 200 9062 "-" "Mozilla/5.0 AppleWebKit/537.36 (KHTML, like Gecko; compatible; ClaudeBot/1.0; +claudebot@anthropic.com)"
57.141.16.38 - - [31/Mar/2026:05:35:19 +0700] "GET /news_sitemap.xml?fileloc=//lib/firmware/v4l-cx23418-dig.fw.xz&path=//lib/firmware HTTP/2" 200 26440 "-" "meta-externalagent/1.1 (+https://developers.facebook.com/docs/sharing/webmasters/crawler)"
74.7.227.29 - - [31/Mar/2026:05:35:19 +0700] "GET /wp-sitemap.xml?fileloc=//opt/imunify360/venv/lib/python3.11/site-packages/pip/_internal/vcs/__init__.py&path=//opt/imunify360/venv/lib/python3.11/site-packages/pip/_internal/vcs HTTP/2" 200 2840 "https://lotushomemade.com/wp-sitemap.xml?path=//opt/imunify360/venv/lib/python3.11/site-packages/pip/_internal/vcs" "Mozilla/5.0 AppleWebKit/537.36 (KHTML, like Gecko; compatible; GPTBot/1.3; +https://openai.com/gptbot)"
216.73.216.24 - - [31/Mar/2026:05:35:19 +0700] "GET /whatsapp:/send?fileloc=%2F%2Fproc%2Fself%2Froot%2Fusr%2Fshare%2Fman%2Fman3%2FI18N%3A%3ALanginfo.3pm.gz&path=%2F%2Fproc%2Fself%2Froot%2Fusr%2Fshare%2Fman%2Fman3 HTTP/2" 200 6980 "-" "Mozilla/5.0 AppleWebKit/537.36 (KHTML, like Gecko; compatible; ClaudeBot/1.0; +claudebot@anthropic.com)"
216.73.216.24 - - [31/Mar/2026:05:35:19 +0700] "GET /wp-sitemap.xml?fileloc=%2F%2Fusr%2Flib%2Ffirmware%2Fradeon%2FPITCAIRN_pfp.bin.xz&path=%2F%2Fusr%2Flib%2Ffirmware%2Fradeon HTTP/2" 200 4560 "-" "Mozilla/5.0 AppleWebKit/537.36 (KHTML, like Gecko; compatible; ClaudeBot/1.0; +claudebot@anthropic.com)"
216.73.216.24 - - [31/Mar/2026:05:35:19 +0700] "GET /whatsapp:/send?fileloc=%2F%2Fproc%2Fself%2Froot%2Flib%2F.build-id%2Fca%2Faa9db2d790310a9d1db99577cfed6687503fe7&path=%2F%2Fproc%2Fself%2Froot%2Flib%2F.build-id%2Fca HTTP/2" 200 41078 "-" "Mozilla/5.0 AppleWebKit/537.36 (KHTML, like Gecko; compatible; ClaudeBot/1.0; +claudebot@anthropic.com)"
74.7.227.10 - - [31/Mar/2026:05:35:19 +0700] "GET /?path=//usr/src HTTP/2" 200 2820 "https://www.lotushomemade.com/?path=//usr" "Mozilla/5.0 AppleWebKit/537.36 (KHTML, like Gecko; compatible; GPTBot/1.3; +https://openai.com/gptbot)"
216.73.216.24 - - [31/Mar/2026:05:35:19 +0700] "GET /whatsapp:/send?fileloc=%2F%2Fproc%2Fself%2Froot%2Fusr%2Fshare%2Fsnmp%2Fmibs%2FRFC1155-SMI.txt&path=%2F%2Fproc%2Fself%2Froot%2Fusr%2Fshare%2Fsnmp%2Fmibs HTTP/2" 200 3505 "-" "Mozilla/5.0 AppleWebKit/537.36 (KHTML, like Gecko; compatible; ClaudeBot/1.0; +claudebot@anthropic.com)"
216.73.216.24 - - [31/Mar/2026:05:35:19 +0700] "GET /wp-sitemap.xml?fileloc=%2F%2Fusr%2Flib%2Ffirmware%2Fmediatek%2FWIFI_MT7922_patch_mcu_1_1_hdr.bin.xz&path=%2F%2Fusr%2Flib%2Ffirmware%2Fmediatek HTTP/2" 200 124293 "-" "Mozilla/5.0 AppleWebKit/537.36 (KHTML, like Gecko; compatible; ClaudeBot/1.0; +claudebot@anthropic.com)"
216.73.216.24 - - [31/Mar/2026:05:35:19 +0700] "GET /wp-sitemap.xml?fileloc=%2F%2Fusr%2Flib%2Ffirmware%2Fradeon%2FBONAIRE_rlc.bin.xz&path=%2F%2Fusr%2Flib%2Ffirmware%2Fradeon HTTP/2" 200 4850 "-" "Mozilla/5.0 AppleWebKit/537.36 (KHTML, like Gecko; compatible; ClaudeBot/1.0; +claudebot@anthropic.com)"
74.7.227.29 - - [31/Mar/2026:05:35:19 +0700] "GET /wp-sitemap.xml?fileloc=//opt/imunify360/venv/lib/python3.11/site-packages/pip/_internal/vcs/git.py&path=//opt/imunify360/venv/lib/python3.11/site-packages/pip/_internal/vcs HTTP/2" 200 8711 "https://lotushomemade.com/wp-sitemap.xml?path=//opt/imunify360/venv/lib/python3.11/site-packages/pip/_internal/vcs" "Mozilla/5.0 AppleWebKit/537.36 (KHTML, like Gecko; compatible; GPTBot/1.3; +https://openai.com/gptbot)"
216.73.216.24 - - [31/Mar/2026:05:35:19 +0700] "GET /whatsapp:/send?fileloc=%2F%2Fproc%2Fself%2Froot%2Fusr%2Fshare%2Fman%2Fman3%2FNet%3A%3ADNS%3A%3ARR%3A%3ANID.3pm.gz&path=%2F%2Fproc%2Fself%2Froot%2Fusr%2Fshare%2Fman%2Fman3 HTTP/2" 200 5032 "-" "Mozilla/5.0 AppleWebKit/537.36 (KHTML, like Gecko; compatible; ClaudeBot/1.0; +claudebot@anthropic.com)"
216.73.216.24 - - [31/Mar/2026:05:35:19 +0700] "GET /product/traditional-chicken-floss-kapet_9300-xxl?fileloc=%2Fhome%2Flotushomemade.com%2Fhttpdocs%2Fwp-includes%2Fassets%2Fscript-modules-packages.php&path=%2Fhome%2Flotushomemade.com%2Fhttpdocs%2Fwp-includes%2Fassets HTTP/2" 200 2967 "-" "Mozilla/5.0 AppleWebKit/537.36 (KHTML, like Gecko; compatible; ClaudeBot/1.0; +claudebot@anthropic.com)"
57.141.16.72 - - [31/Mar/2026:05:35:19 +0700] "GET /news_sitemap.xml?fileloc=//lib/firmware/usbduxsigma_firmware.bin.xz&path=//lib/firmware HTTP/2" 200 14703 "-" "meta-externalagent/1.1 (+https://developers.facebook.com/docs/sharing/webmasters/crawler)"
216.73.216.24 - - [31/Mar/2026:05:35:20 +0700] "GET /whatsapp:/send?fileloc=%2F%2Fproc%2Fself%2Froot%2Flib%2F.build-id%2Fbe%2F476ae8161df082d229e0c4d65f8f2e29dc2b9f&path=%2F%2Fproc%2Fself%2Froot%2Flib%2F.build-id%2Fbe HTTP/2" 200 13572 "-" "Mozilla/5.0 AppleWebKit/537.36 (KHTML, like Gecko; compatible; ClaudeBot/1.0; +claudebot@anthropic.com)"
74.7.227.10 - - [31/Mar/2026:05:35:20 +0700] "GET /?path=//lib/gcc HTTP/2" 200 2775 "https://www.lotushomemade.com/?path=//lib" "Mozilla/5.0 AppleWebKit/537.36 (KHTML, like Gecko; compatible; GPTBot/1.3; +https://openai.com/gptbot)"
57.141.16.4 - - [31/Mar/2026:05:35:19 +0700] "GET /news_sitemap.xml?fileloc=//lib/firmware/iwlwifi-2000-6.ucode.xz&path=//lib/firmware HTTP/2" 200 380836 "-" "meta-externalagent/1.1 (+https://developers.facebook.com/docs/sharing/webmasters/crawler)"
216.73.216.24 - - [31/Mar/2026:05:35:20 +0700] "GET /whatsapp:/send?fileloc=%2F%2Fproc%2Fself%2Froot%2Flib%2F.build-id%2Fc8%2F79ad69afad9f11ae3d627a55f8f8ca5cfc8cb0&path=%2F%2Fproc%2Fself%2Froot%2Flib%2F.build-id%2Fc8 HTTP/2" 200 83194 "-" "Mozilla/5.0 AppleWebKit/537.36 (KHTML, like Gecko; compatible; ClaudeBot/1.0; +claudebot@anthropic.com)"
216.73.216.24 - - [31/Mar/2026:05:35:20 +0700] "GET /wp-sitemap.xml?fileloc=%2F%2Fusr%2Flib%2Ffirmware%2Fradeon%2FKAVERI_rlc.bin.xz&path=%2F%2Fusr%2Flib%2Ffirmware%2Fradeon HTTP/2" 200 7033 "-" "Mozilla/5.0 AppleWebKit/537.36 (KHTML, like Gecko; compatible; ClaudeBot/1.0; +claudebot@anthropic.com)"
216.73.216.24 - - [31/Mar/2026:05:35:20 +0700] "GET /wp-sitemap.xml?fileloc=%2F%2Fusr%2Flib%2Fudev%2Frules.d%2F61-scsi-sg3_id.rules&path=%2F%2Fusr%2Flib%2Fudev%2Frules.d HTTP/2" 200 4323 "-" "Mozilla/5.0 AppleWebKit/537.36 (KHTML, like Gecko; compatible; ClaudeBot/1.0; +claudebot@anthropic.com)"
74.7.227.29 - - [31/Mar/2026:05:35:20 +0700] "GET /wp-sitemap.xml?fileloc=//opt/cloudlinux/venv/lib/python3.11/site-packages/psycopg2/__pycache__/errors.cpython-311.pyc&path=//opt/cloudlinux/venv/lib/python3.11/site-packages/psycopg2/__pycache__ HTTP/2" 200 2992 "https://lotushomemade.com/wp-sitemap.xml?path=//opt/cloudlinux/venv/lib/python3.11/site-packages/psycopg2/__pycache__" "Mozilla/5.0 AppleWebKit/537.36 (KHTML, like Gecko; compatible; GPTBot/1.3; +https://openai.com/gptbot)"
216.73.216.24 - - [31/Mar/2026:05:35:20 +0700] "GET /whatsapp:/send?fileloc=%2F%2Fproc%2Fself%2Froot%2Fhome%2Flotushomemade.com%2Fhttpdocs%2Fwp-content%2FTemplates%2Fgmaper-05.png&path=%2F%2Fproc%2Fself%2Froot%2Fhome%2Flotushomemade.com%2Fhttpdocs%2Fwp-content%2FTemplates HTTP/2" 200 626275 "-" "Mozilla/5.0 AppleWebKit/537.36 (KHTML, like Gecko; compatible; ClaudeBot/1.0; +claudebot@anthropic.com)"
216.73.216.24 - - [31/Mar/2026:05:35:20 +0700] "GET /product/seaweed-cuttle-fish-l?path=%2F%2Fhome%2Flotushomemade.com%2Fnamecard.lotushomemade.com%2Fwp-includes%2FSimplePie%2Flibrary%2FSimplePie%2FXML HTTP/2" 200 2848 "-" "Mozilla/5.0 AppleWebKit/537.36 (KHTML, like Gecko; compatible; ClaudeBot/1.0; +claudebot@anthropic.com)"
216.73.216.24 - - [31/Mar/2026:05:35:20 +0700] "GET /wp-sitemap.xml?fileloc=%2F%2Fusr%2Flib%2Ffirmware%2Fradeon%2FMULLINS_rlc.bin.xz&path=%2F%2Fusr%2Flib%2Ffirmware%2Fradeon HTTP/2" 200 7040 "-" "Mozilla/5.0 AppleWebKit/537.36 (KHTML, like Gecko; compatible; ClaudeBot/1.0; +claudebot@anthropic.com)"
74.7.227.10 - - [31/Mar/2026:05:35:20 +0700] "GET /?path=//lib64/python3.9/lib2to3/fixes/__pycache__ HTTP/2" 200 6328 "https://www.lotushomemade.com/?path=//lib64/python3.9/lib2to3/fixes" "Mozilla/5.0 AppleWebKit/537.36 (KHTML, like Gecko; compatible; GPTBot/1.3; +https://openai.com/gptbot)"
216.73.216.24 - - [31/Mar/2026:05:35:20 +0700] "GET /whatsapp:/send?fileloc=%2F%2Fproc%2Fself%2Froot%2Fhome%2Flotushomemade.com%2Fhttpdocs%2Fwp-content%2Fuploads%2Frevslider%2Flighton1-400x267.png&path=%2F%2Fproc%2Fself%2Froot%2Fhome%2Flotushomemade.com%2Fhttpdocs%2Fwp-content%2Fuploads%2Frevslider HTTP/2" 200 24838 "-" "Mozilla/5.0 AppleWebKit/537.36 (KHTML, like Gecko; compatible; ClaudeBot/1.0; +claudebot@anthropic.com)"
216.73.216.24 - - [31/Mar/2026:05:35:18 +0700] "GET /whatsapp:/send?fileloc=%2F%2Fproc%2Fself%2Froot%2Flib%2F.build-id%2F01%2F68c16dc15d79b78e2ffcf8aef258d28ea51121&path=%2F%2Fproc%2Fself%2Froot%2Flib%2F.build-id%2F01 HTTP/2" 200 10828498 "-" "Mozilla/5.0 AppleWebKit/537.36 (KHTML, like Gecko; compatible; ClaudeBot/1.0; +claudebot@anthropic.com)"
216.73.216.24 - - [31/Mar/2026:05:35:20 +0700] "GET /whatsapp:/send?fileloc=%2F%2Fproc%2Fself%2Froot%2Flib%2F.build-id%2F7e%2Fd1fa219d71d0f7c8edafb0adb3a00773f3b0cb&path=%2F%2Fproc%2Fself%2Froot%2Flib%2F.build-id%2F7e HTTP/2" 200 6729 "-" "Mozilla/5.0 AppleWebKit/537.36 (KHTML, like Gecko; compatible; ClaudeBot/1.0; +claudebot@anthropic.com)"
74.7.227.29 - - [31/Mar/2026:05:35:20 +0700] "GET /wp-sitemap.xml?fileloc=//opt/imunify360/venv/lib/python3.11/site-packages/clcommon/cpapi/panel_hooks_lib.py&path=//opt/imunify360/venv/lib/python3.11/site-packages/clcommon/cpapi HTTP/2" 200 3305 "https://lotushomemade.com/wp-sitemap.xml?path=//opt/imunify360/venv/lib/python3.11/site-packages/clcommon/cpapi" "Mozilla/5.0 AppleWebKit/537.36 (KHTML, like Gecko; compatible; GPTBot/1.3; +https://openai.com/gptbot)"
216.73.216.24 - - [31/Mar/2026:05:35:20 +0700] "GET /whatsapp:/send?fileloc=%2F%2Fproc%2Fself%2Froot%2Flib%2F.build-id%2Fdd%2Ff7f4dcf2cf7105ccd42c35c10a76b366d4b442&path=%2F%2Fproc%2Fself%2Froot%2Flib%2F.build-id%2Fdd HTTP/2" 200 8428 "-" "Mozilla/5.0 AppleWebKit/537.36 (KHTML, like Gecko; compatible; ClaudeBot/1.0; +claudebot@anthropic.com)"
57.141.16.20 - - [31/Mar/2026:05:35:19 +0700] "GET /news_sitemap.xml?fileloc=//lib/firmware/iwlwifi-so-a0-hr-b0-79.ucode.xz&path=//lib/firmware HTTP/2" 200 928493 "-" "meta-externalagent/1.1 (+https://developers.facebook.com/docs/sharing/webmasters/crawler)"
216.73.216.24 - - [31/Mar/2026:05:35:20 +0700] "GET /whatsapp:/send?fileloc=%2F%2Fproc%2Fself%2Froot%2Flib%2F.build-id%2Fd3%2F47bc09fd2f4a19a4cbb95549263fa17a54ea4a&path=%2F%2Fproc%2Fself%2Froot%2Flib%2F.build-id%2Fd3 HTTP/2" 200 44586 "-" "Mozilla/5.0 AppleWebKit/537.36 (KHTML, like Gecko; compatible; ClaudeBot/1.0; +claudebot@anthropic.com)"
57.141.16.41 - - [31/Mar/2026:05:35:20 +0700] "GET /news_sitemap.xml?fileloc=//lib/firmware/TAS2XXX11540.bin.xz&path=//lib/firmware HTTP/2" 200 24363 "-" "meta-externalagent/1.1 (+https://developers.facebook.com/docs/sharing/webmasters/crawler)"
216.73.216.24 - - [31/Mar/2026:05:35:21 +0700] "GET /wp-sitemap.xml?fileloc=%2F%2Fusr%2Flib%2Fkdump%2Fdracut.conf.d%2F99-kdump.conf&path=%2F%2Fusr%2Flib%2Fkdump%2Fdracut.conf.d HTTP/2" 200 2646 "-" "Mozilla/5.0 AppleWebKit/537.36 (KHTML, like Gecko; compatible; ClaudeBot/1.0; +claudebot@anthropic.com)"
74.7.227.10 - - [31/Mar/2026:05:35:21 +0700] "GET /?path=//var/lve HTTP/2" 200 2950 "https://www.lotushomemade.com/?path=//var" "Mozilla/5.0 AppleWebKit/537.36 (KHTML, like Gecko; compatible; GPTBot/1.3; +https://openai.com/gptbot)"
216.73.216.24 - - [31/Mar/2026:05:35:21 +0700] "GET /whatsapp:/send?fileloc=%2F%2Fproc%2Fself%2Froot%2Flib%2F.build-id%2Fa5%2Ff1003ff14ead98e90bdae76e56e16db8e80b52&path=%2F%2Fproc%2Fself%2Froot%2Flib%2F.build-id%2Fa5 HTTP/2" 200 22825 "-" "Mozilla/5.0 AppleWebKit/537.36 (KHTML, like Gecko; compatible; ClaudeBot/1.0; +claudebot@anthropic.com)"
216.73.216.24 - - [31/Mar/2026:05:35:21 +0700] "GET /whatsapp:/send?fileloc=%2F%2Fproc%2Fself%2Froot%2Fhome%2Flotushomemade.com%2Fhttpdocs%2Fwp-content%2Fuploads%2Frevslider%2Flighton1-430x287.png&path=%2F%2Fproc%2Fself%2Froot%2Fhome%2Flotushomemade.com%2Fhttpdocs%2Fwp-content%2Fuploads%2Frevslider HTTP/2" 200 27666 "-" "Mozilla/5.0 AppleWebKit/537.36 (KHTML, like Gecko; compatible; ClaudeBot/1.0; +claudebot@anthropic.com)"
57.141.16.75 - - [31/Mar/2026:05:35:21 +0700] "GET /news_sitemap.xml?fileloc=//lib/systemd/systemd-update-done&path=//lib/systemd HTTP/2" 200 30192 "-" "meta-externalagent/1.1 (+https://developers.facebook.com/docs/sharing/webmasters/crawler)"
216.73.216.24 - - [31/Mar/2026:05:35:21 +0700] "GET /whatsapp:/send?fileloc=%2F%2Fproc%2Fself%2Froot%2Flib%2F.build-id%2F9a%2Fa5ea38169e8e7a2c45ddd21d7899bcd0cd76d3&path=%2F%2Fproc%2Fself%2Froot%2Flib%2F.build-id%2F9a HTTP/2" 200 8352 "-" "Mozilla/5.0 AppleWebKit/537.36 (KHTML, like Gecko; compatible; ClaudeBot/1.0; +claudebot@anthropic.com)"
57.141.16.6 - - [31/Mar/2026:05:35:21 +0700] "GET /news_sitemap.xml?path=//lib/firmware/LENOVO HTTP/2" 200 14079 "-" "meta-externalagent/1.1 (+https://developers.facebook.com/docs/sharing/webmasters/crawler)"
74.7.227.29 - - [31/Mar/2026:05:35:21 +0700] "GET /wp-sitemap.xml?fileloc=//opt/imunify360/venv/lib/python3.11/site-packages/setuptools/_distutils/errors.py&path=//opt/imunify360/venv/lib/python3.11/site-packages/setuptools/_distutils HTTP/2" 200 3906 "https://lotushomemade.com/wp-sitemap.xml?path=//opt/imunify360/venv/lib/python3.11/site-packages/setuptools/_distutils" "Mozilla/5.0 AppleWebKit/537.36 (KHTML, like Gecko; compatible; GPTBot/1.3; +https://openai.com/gptbot)"
216.73.216.24 - - [31/Mar/2026:05:35:21 +0700] "GET /whatsapp:/send?fileloc=%2F%2Fproc%2Fself%2Froot%2Flib%2F.build-id%2Fa9%2F698f8a20f867bbc7e2df54d9a4231f9ccbef15&path=%2F%2Fproc%2Fself%2Froot%2Flib%2F.build-id%2Fa9 HTTP/2" 200 8326 "-" "Mozilla/5.0 AppleWebKit/537.36 (KHTML, like Gecko; compatible; ClaudeBot/1.0; +claudebot@anthropic.com)"
57.141.16.42 - - [31/Mar/2026:05:35:21 +0700] "GET /news_sitemap.xml?fileloc=//lib/systemd/systemd-veritysetup&path=//lib/systemd HTTP/2" 200 42212 "-" "meta-externalagent/1.1 (+https://developers.facebook.com/docs/sharing/webmasters/crawler)"
216.73.216.24 - - [31/Mar/2026:05:35:21 +0700] "GET /wp-sitemap.xml?fileloc=%2F%2Fusr%2Flib%2Ffirmware%2Fradeon%2FVERDE_ce.bin.xz&path=%2F%2Fusr%2Flib%2Ffirmware%2Fradeon HTTP/2" 200 3576 "-" "Mozilla/5.0 AppleWebKit/537.36 (KHTML, like Gecko; compatible; ClaudeBot/1.0; +claudebot@anthropic.com)"
57.141.16.67 - - [31/Mar/2026:05:35:21 +0700] "GET /news_sitemap.xml?fileloc=//lib/firmware/TAS2XXX3F301.bin.xz&path=//lib/firmware HTTP/2" 200 24807 "-" "meta-externalagent/1.1 (+https://developers.facebook.com/docs/sharing/webmasters/crawler)"
216.73.216.24 - - [31/Mar/2026:05:35:21 +0700] "GET /whatsapp:/send?fileloc=%2F%2Fproc%2Fself%2Froot%2Fhome%2Flotushomemade.com%2Fhttpdocs%2Fwp-content%2Fuploads%2Frevslider%2Fconcept-150x150.jpg&path=%2F%2Fproc%2Fself%2Froot%2Fhome%2Flotushomemade.com%2Fhttpdocs%2Fwp-content%2Fuploads%2Frevslider HTTP/2" 200 7630 "-" "Mozilla/5.0 AppleWebKit/537.36 (KHTML, like Gecko; compatible; ClaudeBot/1.0; +claudebot@anthropic.com)"
57.141.16.82 - - [31/Mar/2026:05:35:21 +0700] "GET /news_sitemap.xml?fileloc=//lib/rpm/rpmdb_dump&path=//lib/rpm HTTP/2" 200 12324 "-" "meta-externalagent/1.1 (+https://developers.facebook.com/docs/sharing/webmasters/crawler)"
74.7.227.10 - - [31/Mar/2026:05:35:21 +0700] "GET /?path=//etc/pki HTTP/2" 200 3028 "https://www.lotushomemade.com/?path=//etc" "Mozilla/5.0 AppleWebKit/537.36 (KHTML, like Gecko; compatible; GPTBot/1.3; +https://openai.com/gptbot)"
216.73.216.24 - - [31/Mar/2026:05:35:21 +0700] "GET /whatsapp:/send?fileloc=%2F%2Fproc%2Fself%2Froot%2Fusr%2Fshare%2Fzoneinfo%2FAfrica%2FPorto-Novo&path=%2F%2Fproc%2Fself%2Froot%2Fusr%2Fshare%2Fzoneinfo%2FAfrica HTTP/2" 200 2686 "-" "Mozilla/5.0 AppleWebKit/537.36 (KHTML, like Gecko; compatible; ClaudeBot/1.0; +claudebot@anthropic.com)"
216.73.216.24 - - [31/Mar/2026:05:35:21 +0700] "GET /sitemap.xml?path=%2F%2Flib%2Fmodules%2F5.14.0-503.40.1.el9_5.x86_64%2Fkernel%2Fdrivers%2Fxen%2Fxenfs HTTP/2" 200 2893 "-" "Mozilla/5.0 AppleWebKit/537.36 (KHTML, like Gecko; compatible; ClaudeBot/1.0; +claudebot@anthropic.com)"
74.7.227.29 - - [31/Mar/2026:05:35:21 +0700] "GET /wp-sitemap.xml?fileloc=//opt/cloudlinux/venv/lib/python3.11/site-packages/psycopg2/__pycache__/pool.cpython-311.pyc&path=//opt/cloudlinux/venv/lib/python3.11/site-packages/psycopg2/__pycache__ HTTP/2" 200 5996 "https://lotushomemade.com/wp-sitemap.xml?path=//opt/cloudlinux/venv/lib/python3.11/site-packages/psycopg2/__pycache__" "Mozilla/5.0 AppleWebKit/537.36 (KHTML, like Gecko; compatible; GPTBot/1.3; +https://openai.com/gptbot)"
216.73.216.24 - - [31/Mar/2026:05:35:21 +0700] "GET /whatsapp:/send?fileloc=%2F%2Fproc%2Fself%2Froot%2Fusr%2Fshare%2Fman%2Fman1%2Fdoveadm-quota.1.gz&path=%2F%2Fproc%2Fself%2Froot%2Fusr%2Fshare%2Fman%2Fman1 HTTP/2" 200 4764 "-" "Mozilla/5.0 AppleWebKit/537.36 (KHTML, like Gecko; compatible; ClaudeBot/1.0; +claudebot@anthropic.com)"
216.73.216.24 - - [31/Mar/2026:05:35:22 +0700] "GET /wp-sitemap.xml?fileloc=%2F%2Fusr%2Flib%2Ffirmware%2Fmediatek%2Fmt7986_wo_1.bin.xz&path=%2F%2Fusr%2Flib%2Ffirmware%2Fmediatek HTTP/2" 200 39115 "-" "Mozilla/5.0 AppleWebKit/537.36 (KHTML, like Gecko; compatible; ClaudeBot/1.0; +claudebot@anthropic.com)"
216.73.216.24 - - [31/Mar/2026:05:35:22 +0700] "GET /whatsapp:/send?fileloc=%2F%2Fproc%2Fself%2Froot%2Fusr%2Fshare%2Fman%2Fman7%2FEVP_SIGNATURE-SLH-DSA-SHA2-256f.7ossl.gz&path=%2F%2Fproc%2Fself%2Froot%2Fusr%2Fshare%2Fman%2Fman7 HTTP/2" 200 6341 "-" "Mozilla/5.0 AppleWebKit/537.36 (KHTML, like Gecko; compatible; ClaudeBot/1.0; +claudebot@anthropic.com)"
74.7.227.10 - - [31/Mar/2026:05:35:22 +0700] "GET /?path=//var/lib HTTP/2" 200 2901 "https://www.lotushomemade.com/?path=//var" "Mozilla/5.0 AppleWebKit/537.36 (KHTML, like Gecko; compatible; GPTBot/1.3; +https://openai.com/gptbot)"
216.73.216.24 - - [31/Mar/2026:05:35:22 +0700] "GET /whatsapp:/send?fileloc=%2F%2Fproc%2Fself%2Froot%2Flib%2F.build-id%2Ffa%2Fe6bba09c84967c690e4f6b8b1e98bbd14d177e&path=%2F%2Fproc%2Fself%2Froot%2Flib%2F.build-id%2Ffa HTTP/2" 200 8282 "-" "Mozilla/5.0 AppleWebKit/537.36 (KHTML, like Gecko; compatible; ClaudeBot/1.0; +claudebot@anthropic.com)"
216.73.216.24 - - [31/Mar/2026:05:35:21 +0700] "GET /whatsapp:/send?fileloc=%2F%2Fproc%2Fself%2Froot%2Flib%2F.build-id%2F93%2F1bca7f10c7d9f2a22850a74fe1bafd4f8fb42e&path=%2F%2Fproc%2Fself%2Froot%2Flib%2F.build-id%2F93 HTTP/2" 200 2172060 "-" "Mozilla/5.0 AppleWebKit/537.36 (KHTML, like Gecko; compatible; ClaudeBot/1.0; +claudebot@anthropic.com)"
216.73.216.24 - - [31/Mar/2026:05:35:22 +0700] "GET /whatsapp:/send?fileloc=%2F%2Fproc%2Fsys%2Fnet%2Fipv4%2Fneigh%2Flo%2Fucast_solicit&path=%2F%2Fproc%2Fsys%2Fnet%2Fipv4%2Fneigh%2Flo HTTP/2" 200 2549 "-" "Mozilla/5.0 AppleWebKit/537.36 (KHTML, like Gecko; compatible; ClaudeBot/1.0; +claudebot@anthropic.com)"
216.73.216.24 - - [31/Mar/2026:05:35:22 +0700] "GET /whatsapp:/send?fileloc=%2F%2Fproc%2Fself%2Froot%2Flib%2F.build-id%2Fbc%2F25bcf18ed42fa54b9e4ecca39fbd18bf9411cc&path=%2F%2Fproc%2Fself%2Froot%2Flib%2F.build-id%2Fbc HTTP/2" 200 72526 "-" "Mozilla/5.0 AppleWebKit/537.36 (KHTML, like Gecko; compatible; ClaudeBot/1.0; +claudebot@anthropic.com)"
74.7.227.29 - - [31/Mar/2026:05:35:22 +0700] "GET /wp-sitemap.xml?fileloc=//opt/imunify360/venv/lib/python3.11/site-packages/pip/_internal/commands/freeze.py&path=//opt/imunify360/venv/lib/python3.11/site-packages/pip/_internal/commands HTTP/2" 200 3619 "https://lotushomemade.com/wp-sitemap.xml?path=//opt/imunify360/venv/lib/python3.11/site-packages/pip/_internal/commands" "Mozilla/5.0 AppleWebKit/537.36 (KHTML, like Gecko; compatible; GPTBot/1.3; +https://openai.com/gptbot)"
216.73.216.24 - - [31/Mar/2026:05:35:22 +0700] "GET /whatsapp:/send?fileloc=%2F%2Fproc%2Fself%2Froot%2Fopt%2Fplesk%2Fphp%2F8.0%2Fetc%2Fphp-fpm.d%2Fsistempakardiagnosaikanlele.my.id.conf&path=%2F%2Fproc%2Fself%2Froot%2Fopt%2Fplesk%2Fphp%2F8.0%2Fetc%2Fphp-fpm.d HTTP/2" 200 3255 "-" "Mozilla/5.0 AppleWebKit/537.36 (KHTML, like Gecko; compatible; ClaudeBot/1.0; +claudebot@anthropic.com)"
216.73.216.24 - - [31/Mar/2026:05:35:22 +0700] "GET /whatsapp:/send?fileloc=%2F%2Fproc%2Fself%2Froot%2Flib%2F.build-id%2Ffc%2Fee9c93da1ef78042dc22cbcce476f8f3f007eb&path=%2F%2Fproc%2Fself%2Froot%2Flib%2F.build-id%2Ffc HTTP/2" 200 33051 "-" "Mozilla/5.0 AppleWebKit/537.36 (KHTML, like Gecko; compatible; ClaudeBot/1.0; +claudebot@anthropic.com)"
216.73.216.24 - - [31/Mar/2026:05:35:22 +0700] "GET /whatsapp:/send?fileloc=%2F%2Fproc%2Fself%2Froot%2Flib%2Ffirmware%2Fintel%2Fqat%2Fqat_895xcc_mmp.bin.xz&path=%2F%2Fproc%2Fself%2Froot%2Flib%2Ffirmware%2Fintel%2Fqat HTTP/2" 200 39131 "-" "Mozilla/5.0 AppleWebKit/537.36 (KHTML, like Gecko; compatible; ClaudeBot/1.0; +claudebot@anthropic.com)"
74.7.227.10 - - [31/Mar/2026:05:35:22 +0700] "GET /?path=//lib/kbd HTTP/2" 200 2902 "https://www.lotushomemade.com/?path=//lib" "Mozilla/5.0 AppleWebKit/537.36 (KHTML, like Gecko; compatible; GPTBot/1.3; +https://openai.com/gptbot)"
216.73.216.24 - - [31/Mar/2026:05:35:22 +0700] "GET /whatsapp:/send?fileloc=%2F%2Fproc%2Fself%2Froot%2Flib%2F.build-id%2F2b%2F6477b991564c8a46103b9fca5a0cc94039d41e&path=%2F%2Fproc%2Fself%2Froot%2Flib%2F.build-id%2F2b HTTP/2" 200 2570 "-" "Mozilla/5.0 AppleWebKit/537.36 (KHTML, like Gecko; compatible; ClaudeBot/1.0; +claudebot@anthropic.com)"
216.73.216.24 - - [31/Mar/2026:05:35:22 +0700] "GET /whatsapp:/send?fileloc=%2F%2Fproc%2Fself%2Froot%2Fusr%2Fshare%2Fman%2Fman1%2Fsw-collectd-nagios.1.gz&path=%2F%2Fproc%2Fself%2Froot%2Fusr%2Fshare%2Fman%2Fman1 HTTP/2" 200 5982 "-" "Mozilla/5.0 AppleWebKit/537.36 (KHTML, like Gecko; compatible; ClaudeBot/1.0; +claudebot@anthropic.com)"
216.73.216.24 - - [31/Mar/2026:05:35:22 +0700] "GET /wp-sitemap.xml?fileloc=%2F%2Fusr%2Flib%2Ffirmware%2Fqca%2Frampatch_usb_00000200.bin.xz&path=%2F%2Fusr%2Flib%2Ffirmware%2Fqca HTTP/2" 200 33845 "-" "Mozilla/5.0 AppleWebKit/537.36 (KHTML, like Gecko; compatible; ClaudeBot/1.0; +claudebot@anthropic.com)"
74.7.227.29 - - [31/Mar/2026:05:35:22 +0700] "GET /wp-sitemap.xml?fileloc=//opt/imunify360/venv/lib/python3.11/site-packages/pip/_internal/req/req_dependency_group.py&path=//opt/imunify360/venv/lib/python3.11/site-packages/pip/_internal/req HTTP/2" 200 3504 "https://lotushomemade.com/wp-sitemap.xml?path=//opt/imunify360/venv/lib/python3.11/site-packages/pip/_internal/req" "Mozilla/5.0 AppleWebKit/537.36 (KHTML, like Gecko; compatible; GPTBot/1.3; +https://openai.com/gptbot)"
216.73.216.24 - - [31/Mar/2026:05:35:23 +0700] "GET /wp-sitemap.xml?fileloc=%2F%2Fusr%2Flib%2Ffirmware%2Fradeon%2Foland_smc.bin.xz&path=%2F%2Fusr%2Flib%2Ffirmware%2Fradeon HTTP/2" 200 22302 "-" "Mozilla/5.0 AppleWebKit/537.36 (KHTML, like Gecko; compatible; ClaudeBot/1.0; +claudebot@anthropic.com)"
57.141.16.52 - - [31/Mar/2026:05:35:23 +0700] "GET /news_sitemap.xml?fileloc=//lib/systemd/systemd-cgroups-agent&path=//lib/systemd HTTP/2" 200 29983 "-" "meta-externalagent/1.1 (+https://developers.facebook.com/docs/sharing/webmasters/crawler)"
216.73.216.24 - - [31/Mar/2026:05:35:23 +0700] "GET /whatsapp:/send?fileloc=%2F%2Fproc%2Fthread-self%2Froot%2Flib%2Fkbd%2Fkeymaps%2Fxkb%2Fdz-qwerty-gb-deadkeys.map.gz&path=%2F%2Fproc%2Fthread-self%2Froot%2Flib%2Fkbd%2Fkeymaps%2Fxkb HTTP/2" 200 6096 "-" "Mozilla/5.0 AppleWebKit/537.36 (KHTML, like Gecko; compatible; ClaudeBot/1.0; +claudebot@anthropic.com)"
216.73.216.24 - - [31/Mar/2026:05:35:23 +0700] "GET /whatsapp:/send?fileloc=%2F%2Fproc%2Fself%2Froot%2Flib%2F.build-id%2F16%2F37212a0b702e35e8b4f4a8a2ec18c8a0f14c2d&path=%2F%2Fproc%2Fself%2Froot%2Flib%2F.build-id%2F16 HTTP/2" 200 63480 "-" "Mozilla/5.0 AppleWebKit/537.36 (KHTML, like Gecko; compatible; ClaudeBot/1.0; +claudebot@anthropic.com)"
57.141.16.50 - - [31/Mar/2026:05:35:23 +0700] "GET /news_sitemap.xml?fileloc=//lib/firmware/whiteheat_loader.fw.xz&path=//lib/firmware HTTP/2" 200 17858 "-" "meta-externalagent/1.1 (+https://developers.facebook.com/docs/sharing/webmasters/crawler)"
74.7.227.10 - - [31/Mar/2026:05:35:23 +0700] "GET /?path=//usr/bin HTTP/2" 200 16843 "https://www.lotushomemade.com/?path=//usr" "Mozilla/5.0 AppleWebKit/537.36 (KHTML, like Gecko; compatible; GPTBot/1.3; +https://openai.com/gptbot)"
216.73.216.24 - - [31/Mar/2026:05:35:23 +0700] "GET /whatsapp:/send?fileloc=%2F%2Fproc%2Fthread-self%2Froot%2Fusr%2Fshare%2Flocale%2Fhu%2FLC_MESSAGES%2FLinux-PAM.mo&path=%2F%2Fproc%2Fthread-self%2Froot%2Fusr%2Fshare%2Flocale%2Fhu%2FLC_MESSAGES HTTP/2" 200 5815 "-" "Mozilla/5.0 AppleWebKit/537.36 (KHTML, like Gecko; compatible; ClaudeBot/1.0; +claudebot@anthropic.com)"
216.73.216.24 - - [31/Mar/2026:05:35:23 +0700] "GET /whatsapp:/send?fileloc=%2F%2Fproc%2Fself%2Froot%2Fusr%2Fshare%2Fman%2Fman1%2Fdoveadm-rebuild.1.gz&path=%2F%2Fproc%2Fself%2Froot%2Fusr%2Fshare%2Fman%2Fman1 HTTP/2" 200 4613 "-" "Mozilla/5.0 AppleWebKit/537.36 (KHTML, like Gecko; compatible; ClaudeBot/1.0; +claudebot@anthropic.com)"
216.73.216.24 - - [31/Mar/2026:05:35:23 +0700] "GET /whatsapp:/send?fileloc=%2F%2Fproc%2Fself%2Froot%2Flib%2F.build-id%2F9c%2F81e9172cf93efbc2eb8b719a349b7bf110f994&path=%2F%2Fproc%2Fself%2Froot%2Flib%2F.build-id%2F9c HTTP/2" 200 8787 "-" "Mozilla/5.0 AppleWebKit/537.36 (KHTML, like Gecko; compatible; ClaudeBot/1.0; +claudebot@anthropic.com)"
74.7.230.62 - - [31/Mar/2026:05:35:23 +0700] "GET /robots.txt HTTP/2" 200 3666 "-" "Mozilla/5.0 (Macintosh; Intel Mac OS X 10_15_7) AppleWebKit/537.36 (KHTML, like Gecko) Chrome/131.0.0.0 Safari/537.36; compatible; OAI-SearchBot/1.3; robots.txt; +https://openai.com/searchbot"
216.73.216.24 - - [31/Mar/2026:05:35:23 +0700] "GET /whatsapp:/send?fileloc=%2F%2Fproc%2Fself%2Froot%2Fusr%2Fshare%2Fman%2Fman3%2FHTTP%3A%3AHeaders%3A%3AETag.3pm.gz&path=%2F%2Fproc%2Fself%2Froot%2Fusr%2Fshare%2Fman%2Fman3 HTTP/2" 200 3926 "-" "Mozilla/5.0 AppleWebKit/537.36 (KHTML, like Gecko; compatible; ClaudeBot/1.0; +claudebot@anthropic.com)"
74.7.227.29 - - [31/Mar/2026:05:35:23 +0700] "GET /wp-sitemap.xml?fileloc=//opt/imunify360/venv/lib/python3.11/site-packages/babel/messages/frontend.py&path=//opt/imunify360/venv/lib/python3.11/site-packages/babel/messages HTTP/2" 200 13306 "https://lotushomemade.com/wp-sitemap.xml?path=//opt/imunify360/venv/lib/python3.11/site-packages/babel/messages" "Mozilla/5.0 AppleWebKit/537.36 (KHTML, like Gecko; compatible; GPTBot/1.3; +https://openai.com/gptbot)"
57.141.16.48 - - [31/Mar/2026:05:35:22 +0700] "GET /news_sitemap.xml?fileloc=//lib/firmware/iwlwifi-Qu-b0-jf-b0-72.ucode.xz&path=//lib/firmware HTTP/2" 200 819122 "-" "meta-externalagent/1.1 (+https://developers.facebook.com/docs/sharing/webmasters/crawler)"
216.73.216.24 - - [31/Mar/2026:05:35:23 +0700] "GET /whatsapp:/send?fileloc=%2F%2Fopt%2Fcloudlinux%2Fvenv%2Flib%2Fpython3.11%2Fsite-packages%2Fpylint-2.17.4.dist-info%2FLICENSE&path=%2F%2Fopt%2Fcloudlinux%2Fvenv%2Flib%2Fpython3.11%2Fsite-packages%2Fpylint-2.17.4.dist-info HTTP/2" 200 9484 "-" "Mozilla/5.0 AppleWebKit/537.36 (KHTML, like Gecko; compatible; ClaudeBot/1.0; +claudebot@anthropic.com)"
57.141.16.3 - - [31/Mar/2026:05:35:22 +0700] "GET /news_sitemap.xml?fileloc=//lib/firmware/iwlwifi-gl-c0-fm-c0-c102.ucode.xz&path=//lib/firmware HTTP/2" 200 1185893 "-" "meta-externalagent/1.1 (+https://developers.facebook.com/docs/sharing/webmasters/crawler)"
216.73.216.24 - - [31/Mar/2026:05:35:23 +0700] "GET /whatsapp:/send?fileloc=%2F%2Fproc%2Fself%2Froot%2Flib%2F.build-id%2Fb6%2Ffc88d1304dc4ac1b3bade4e1186fb110809448&path=%2F%2Fproc%2Fself%2Froot%2Flib%2F.build-id%2Fb6 HTTP/2" 200 33776 "-" "Mozilla/5.0 AppleWebKit/537.36 (KHTML, like Gecko; compatible; ClaudeBot/1.0; +claudebot@anthropic.com)"
74.7.227.10 - - [31/Mar/2026:05:35:23 +0700] "GET /?path=//usr/lib HTTP/2" 200 3931 "https://www.lotushomemade.com/?path=//usr" "Mozilla/5.0 AppleWebKit/537.36 (KHTML, like Gecko; compatible; GPTBot/1.3; +https://openai.com/gptbot)"
216.73.216.24 - - [31/Mar/2026:05:35:23 +0700] "GET /whatsapp:/send?fileloc=%2F%2Fproc%2Fself%2Froot%2Fusr%2Fshare%2Fsnmp%2Fmibs%2FSNMP-USM-HMAC-SHA2-MIB.txt&path=%2F%2Fproc%2Fself%2Froot%2Fusr%2Fshare%2Fsnmp%2Fmibs HTTP/2" 200 3854 "-" "Mozilla/5.0 AppleWebKit/537.36 (KHTML, like Gecko; compatible; ClaudeBot/1.0; +claudebot@anthropic.com)"
216.73.216.24 - - [31/Mar/2026:05:35:23 +0700] "GET /wp-sitemap.xml?fileloc=%2F%2Fusr%2Flib%2Ffirmware%2Fradeon%2FTAHITI_pfp.bin.xz&path=%2F%2Fusr%2Flib%2Ffirmware%2Fradeon HTTP/2" 200 4562 "-" "Mozilla/5.0 AppleWebKit/537.36 (KHTML, like Gecko; compatible; ClaudeBot/1.0; +claudebot@anthropic.com)"
216.73.216.24 - - [31/Mar/2026:05:35:24 +0700] "GET /whatsapp:/send?fileloc=%2F%2Fproc%2Fself%2Froot%2Fusr%2Fshare%2Fman%2Fman3%2FNet%3A%3ADNS%3A%3AResolver%3A%3Aos390.3pm.gz&path=%2F%2Fproc%2Fself%2Froot%2Fusr%2Fshare%2Fman%2Fman3 HTTP/2" 200 4438 "-" "Mozilla/5.0 AppleWebKit/537.36 (KHTML, like Gecko; compatible; ClaudeBot/1.0; +claudebot@anthropic.com)"
216.73.216.24 - - [31/Mar/2026:05:35:24 +0700] "GET /wp-sitemap.xml?fileloc=%2F%2Fusr%2Flib%2Fudev%2Frules.d%2F90-nm-thunderbolt.rules&path=%2F%2Fusr%2Flib%2Fudev%2Frules.d HTTP/2" 200 2886 "-" "Mozilla/5.0 AppleWebKit/537.36 (KHTML, like Gecko; compatible; ClaudeBot/1.0; +claudebot@anthropic.com)"
74.7.227.29 - - [31/Mar/2026:05:35:24 +0700] "GET /wp-sitemap.xml?fileloc=//opt/imunify360/venv/lib/python3.11/site-packages/setuptools/_distutils/spawn.py&path=//opt/imunify360/venv/lib/python3.11/site-packages/setuptools/_distutils HTTP/2" 200 4043 "https://lotushomemade.com/wp-sitemap.xml?path=//opt/imunify360/venv/lib/python3.11/site-packages/setuptools/_distutils" "Mozilla/5.0 AppleWebKit/537.36 (KHTML, like Gecko; compatible; GPTBot/1.3; +https://openai.com/gptbot)"
57.141.16.31 - - [31/Mar/2026:05:35:24 +0700] "GET /news_sitemap.xml?fileloc=//lib/firmware/8E87-2-D.bin.xz&path=//lib/firmware HTTP/2" 200 24511 "-" "meta-externalagent/1.1 (+https://developers.facebook.com/docs/sharing/webmasters/crawler)"
216.73.216.24 - - [31/Mar/2026:05:35:24 +0700] "GET /whatsapp:/send?fileloc=%2F%2Fproc%2Fself%2Froot%2Flib%2Ffirmware%2Fintel%2Fqat%2Fqat_420xx.bin.xz&path=%2F%2Fproc%2Fself%2Froot%2Flib%2Ffirmware%2Fintel%2Fqat HTTP/2" 200 84869 "-" "Mozilla/5.0 AppleWebKit/537.36 (KHTML, like Gecko; compatible; ClaudeBot/1.0; +claudebot@anthropic.com)"
216.73.216.24 - - [31/Mar/2026:05:35:24 +0700] "GET /wp-sitemap.xml?fileloc=%2F%2Fusr%2Flib%2Ffirmware%2Fqca%2Fcmnv13t.bin.xz&path=%2F%2Fusr%2Flib%2Ffirmware%2Fqca HTTP/2" 200 3506 "-" "Mozilla/5.0 AppleWebKit/537.36 (KHTML, like Gecko; compatible; ClaudeBot/1.0; +claudebot@anthropic.com)"
216.73.216.24 - - [31/Mar/2026:05:35:24 +0700] "GET /whatsapp:/send?fileloc=%2F%2Fproc%2Fself%2Froot%2Fusr%2Fshare%2Fman%2Fman7%2FEVP_SIGNATURE-SLH-DSA-SHA2-192f.7ossl.gz&path=%2F%2Fproc%2Fself%2Froot%2Fusr%2Fshare%2Fman%2Fman7 HTTP/2" 200 6350 "-" "Mozilla/5.0 AppleWebKit/537.36 (KHTML, like Gecko; compatible; ClaudeBot/1.0; +claudebot@anthropic.com)"
74.7.227.10 - - [31/Mar/2026:05:35:24 +0700] "GET /?path=//etc/scl/conf HTTP/2" 200 2570 "https://www.lotushomemade.com/?path=//etc/scl" "Mozilla/5.0 AppleWebKit/537.36 (KHTML, like Gecko; compatible; GPTBot/1.3; +https://openai.com/gptbot)"
216.73.216.24 - - [31/Mar/2026:05:35:24 +0700] "GET /wp-sitemap.xml?fileloc=%2F%2Fusr%2Fshare%2Fautoconf%2Fautotest%2Fautotest.m4&path=%2F%2Fusr%2Fshare%2Fautoconf%2Fautotest HTTP/2" 200 3111 "-" "Mozilla/5.0 AppleWebKit/537.36 (KHTML, like Gecko; compatible; ClaudeBot/1.0; +claudebot@anthropic.com)"
216.73.216.24 - - [31/Mar/2026:05:35:24 +0700] "GET /whatsapp:/send?fileloc=%2F%2Fproc%2Fself%2Froot%2Fhome%2Flotushomemade.com%2Fhttpdocs%2Fwp-content%2FTemplates%2Fgmaper-04.png&path=%2F%2Fproc%2Fself%2Froot%2Fhome%2Flotushomemade.com%2Fhttpdocs%2Fwp-content%2FTemplates HTTP/2" 200 614857 "-" "Mozilla/5.0 AppleWebKit/537.36 (KHTML, like Gecko; compatible; ClaudeBot/1.0; +claudebot@anthropic.com)"
74.7.227.29 - - [31/Mar/2026:05:35:24 +0700] "GET /wp-sitemap.xml?path=//proc/1354764/root/proc/fs/nfsd HTTP/2" 200 2591 "https://lotushomemade.com/wp-sitemap.xml?path=//proc/1354764/root/proc/fs" "Mozilla/5.0 AppleWebKit/537.36 (KHTML, like Gecko; compatible; GPTBot/1.3; +https://openai.com/gptbot)"
216.73.216.24 - - [31/Mar/2026:05:35:24 +0700] "GET /wp-sitemap.xml?fileloc=%2F%2Fusr%2Flib%2Ffirmware%2Fqca%2Fhpnv21g.b9f.xz&path=%2F%2Fusr%2Flib%2Ffirmware%2Fqca HTTP/2" 200 5548 "-" "Mozilla/5.0 AppleWebKit/537.36 (KHTML, like Gecko; compatible; ClaudeBot/1.0; +claudebot@anthropic.com)"
57.141.16.15 - - [31/Mar/2026:05:35:24 +0700] "GET /news_sitemap.xml?path=//lib/firmware/rtlwifi HTTP/2" 200 75720 "-" "meta-externalagent/1.1 (+https://developers.facebook.com/docs/sharing/webmasters/crawler)"
216.73.216.24 - - [31/Mar/2026:05:35:24 +0700] "GET /whatsapp:/send?fileloc=%2F%2Fproc%2Fself%2Froot%2Fusr%2Fshare%2Fman%2Fman1%2Fdoveadm-purge.1.gz&path=%2F%2Fproc%2Fself%2Froot%2Fusr%2Fshare%2Fman%2Fman1 HTTP/2" 200 4345 "-" "Mozilla/5.0 AppleWebKit/537.36 (KHTML, like Gecko; compatible; ClaudeBot/1.0; +claudebot@anthropic.com)"
57.141.16.38 - - [31/Mar/2026:05:35:24 +0700] "GET /news_sitemap.xml?fileloc=//lib/firmware/iwlwifi-6000g2a-6.ucode.xz&path=//lib/firmware HTTP/2" 200 350099 "-" "meta-externalagent/1.1 (+https://developers.facebook.com/docs/sharing/webmasters/crawler)"
57.141.16.72 - - [31/Mar/2026:05:35:24 +0700] "GET /news_sitemap.xml?fileloc=//lib/firmware/iwlwifi-7265D-29.ucode.xz&path=//lib/firmware HTTP/2" 200 508727 "-" "meta-externalagent/1.1 (+https://developers.facebook.com/docs/sharing/webmasters/crawler)"
216.73.216.24 - - [31/Mar/2026:05:35:24 +0700] "GET /wp-sitemap.xml?fileloc=%2F%2Fusr%2Flib%2Ffirmware%2Fradeon%2Fpitcairn_smc.bin.xz&path=%2F%2Fusr%2Flib%2Ffirmware%2Fradeon HTTP/2" 200 21972 "-" "Mozilla/5.0 AppleWebKit/537.36 (KHTML, like Gecko; compatible; ClaudeBot/1.0; +claudebot@anthropic.com)"
74.7.227.10 - - [31/Mar/2026:05:35:24 +0700] "GET /?fileloc=//var/run/utmp&path=//var/run HTTP/2" 200 2506 "https://www.lotushomemade.com/?path=//var/run" "Mozilla/5.0 AppleWebKit/537.36 (KHTML, like Gecko; compatible; GPTBot/1.3; +https://openai.com/gptbot)"
216.73.216.24 - - [31/Mar/2026:05:35:24 +0700] "GET /whatsapp:/send?fileloc=%2F%2Fproc%2Fself%2Froot%2Flib%2F.build-id%2Fcd%2Fb87f9c97e862956d369a74f7dd2c25f3d222a5&path=%2F%2Fproc%2Fself%2Froot%2Flib%2F.build-id%2Fcd HTTP/2" 200 6857 "-" "Mozilla/5.0 AppleWebKit/537.36 (KHTML, like Gecko; compatible; ClaudeBot/1.0; +claudebot@anthropic.com)"
216.73.216.24 - - [31/Mar/2026:05:35:25 +0700] "GET /whatsapp:/send?fileloc=%2F%2Fproc%2Fself%2Froot%2Fusr%2Flib%2Ffirmware%2Fnvidia%2Ftu102%2Facr%2Fucode_unload.bin.xz&path=%2F%2Fproc%2Fself%2Froot%2Fusr%2Flib%2Ffirmware%2Fnvidia%2Ftu102%2Facr HTTP/2" 200 11935 "-" "Mozilla/5.0 AppleWebKit/537.36 (KHTML, like Gecko; compatible; ClaudeBot/1.0; +claudebot@anthropic.com)"
57.141.16.28 - - [31/Mar/2026:05:35:25 +0700] "GET /news_sitemap.xml?path=//lib/firmware/HP HTTP/2" 200 14059 "-" "meta-externalagent/1.1 (+https://developers.facebook.com/docs/sharing/webmasters/crawler)"
216.73.216.24 - - [31/Mar/2026:05:35:25 +0700] "GET /whatsapp:/send?fileloc=%2F%2Fproc%2Fself%2Froot%2Flib%2F.build-id%2Fce%2Ffd1d0bba9674efe8e9191bf6839e36d82b75c3&path=%2F%2Fproc%2Fself%2Froot%2Flib%2F.build-id%2Fce HTTP/2" 200 389529 "-" "Mozilla/5.0 AppleWebKit/537.36 (KHTML, like Gecko; compatible; ClaudeBot/1.0; +claudebot@anthropic.com)"
216.73.216.24 - - [31/Mar/2026:05:35:25 +0700] "GET /wp-sitemap.xml?fileloc=%2F%2Fusr%2Flib%2Ffirmware%2Fqca%2Frampatch_usb_00000302.bin.xz&path=%2F%2Fusr%2Flib%2Ffirmware%2Fqca HTTP/2" 200 42620 "-" "Mozilla/5.0 AppleWebKit/537.36 (KHTML, like Gecko; compatible; ClaudeBot/1.0; +claudebot@anthropic.com)"
74.7.227.29 - - [31/Mar/2026:05:35:25 +0700] "GET /wp-sitemap.xml?path=//var/lib/mysql/firmakhas_2022 HTTP/2" 200 2576 "https://lotushomemade.com/wp-sitemap.xml?path=//var/lib/mysql" "Mozilla/5.0 AppleWebKit/537.36 (KHTML, like Gecko; compatible; GPTBot/1.3; +https://openai.com/gptbot)"
216.73.216.24 - - [31/Mar/2026:05:35:25 +0700] "GET /wp-sitemap.xml?fileloc=%2F%2Fusr%2Flib%2Ffirmware%2Fqca%2Frampatch_usb_00130201.bin.xz&path=%2F%2Fusr%2Flib%2Ffirmware%2Fqca HTTP/2" 200 98106 "-" "Mozilla/5.0 AppleWebKit/537.36 (KHTML, like Gecko; compatible; ClaudeBot/1.0; +claudebot@anthropic.com)"
216.73.216.24 - - [31/Mar/2026:05:35:25 +0700] "GET /whatsapp:/send?fileloc=%2F%2Fproc%2Fself%2Froot%2Fopt%2Fplesk%2Fphp%2F8.0%2Fetc%2Fphp-fpm.d%2Fmihidayatulfalahturen.mwcnu-turen.com.conf&path=%2F%2Fproc%2Fself%2Froot%2Fopt%2Fplesk%2Fphp%2F8.0%2Fetc%2Fphp-fpm.d HTTP/2" 200 3326 "-" "Mozilla/5.0 AppleWebKit/537.36 (KHTML, like Gecko; compatible; ClaudeBot/1.0; +claudebot@anthropic.com)"
216.73.216.24 - - [31/Mar/2026:05:35:25 +0700] "GET /whatsapp:/send?fileloc=%2F%2Fproc%2Fself%2Froot%2Fusr%2Fshare%2Fman%2Fman3%2FPod%3A%3APerldoc%3A%3AToXml.3pm.gz&path=%2F%2Fproc%2Fself%2Froot%2Fusr%2Fshare%2Fman%2Fman3 HTTP/2" 200 4257 "-" "Mozilla/5.0 AppleWebKit/537.36 (KHTML, like Gecko; compatible; ClaudeBot/1.0; +claudebot@anthropic.com)"
74.7.227.10 - - [31/Mar/2026:05:35:25 +0700] "GET /?path=//var/run/dbus HTTP/2" 200 2572 "https://www.lotushomemade.com/?path=//var/run" "Mozilla/5.0 AppleWebKit/537.36 (KHTML, like Gecko; compatible; GPTBot/1.3; +https://openai.com/gptbot)"
