File: /home/lotushomemade.com/logs/access_ssl_log
216.73.216.24 - - [31/Mar/2026:05:32:56 +0700] "GET /sitemap.xml?path=%2F%2Flib%2Fmodules%2F5.14.0-503.11.1.el9_5.x86_64%2Fkernel%2Fnet%2F802 HTTP/2" 200 2990 "-" "Mozilla/5.0 AppleWebKit/537.36 (KHTML, like Gecko; compatible; ClaudeBot/1.0; +claudebot@anthropic.com)"
216.73.216.24 - - [31/Mar/2026:05:32:57 +0700] "GET /whatsapp:/send?fileloc=%2F%2Fproc%2Fself%2Froot%2Fopt%2Fplesk%2Fphp%2F8.0%2Fetc%2Fphp-fpm.d%2Fmwcnu-turen.com.conf&path=%2F%2Fproc%2Fself%2Froot%2Fopt%2Fplesk%2Fphp%2F8.0%2Fetc%2Fphp-fpm.d HTTP/2" 200 3337 "-" "Mozilla/5.0 AppleWebKit/537.36 (KHTML, like Gecko; compatible; ClaudeBot/1.0; +claudebot@anthropic.com)"
216.73.216.24 - - [31/Mar/2026:05:32:57 +0700] "GET /sitemap.xml?path=%2F%2Flib%2Fmodules%2F5.14.0-503.40.1.el9_5.x86_64%2Fkernel%2Fnet%2Fatm HTTP/2" 200 2883 "-" "Mozilla/5.0 AppleWebKit/537.36 (KHTML, like Gecko; compatible; ClaudeBot/1.0; +claudebot@anthropic.com)"
216.73.216.24 - - [31/Mar/2026:05:32:57 +0700] "GET /whatsapp:/send?fileloc=%2F%2Fproc%2Fself%2Froot%2Fusr%2Flocal%2Fsoftaculous%2Fenduser%2Flanguages%2Fchinese.json&path=%2F%2Fproc%2Fself%2Froot%2Fusr%2Flocal%2Fsoftaculous%2Fenduser%2Flanguages HTTP/2" 200 170592 "-" "Mozilla/5.0 AppleWebKit/537.36 (KHTML, like Gecko; compatible; ClaudeBot/1.0; +claudebot@anthropic.com)"
74.7.227.10 - - [31/Mar/2026:05:32:57 +0700] "GET /?fileloc=//lib64/libicuuc.so.67&path=//lib64 HTTP/2" 200 753394 "https://www.lotushomemade.com/?path=//lib64" "Mozilla/5.0 AppleWebKit/537.36 (KHTML, like Gecko; compatible; GPTBot/1.3; +https://openai.com/gptbot)"
216.73.216.24 - - [31/Mar/2026:05:32:57 +0700] "GET /whatsapp:/send?fileloc=%2F%2Fproc%2Fthread-self%2Froot%2Fusr%2Fshare%2Fzoneinfo%2Fposix%2FAmerica%2FGuyana&path=%2F%2Fproc%2Fthread-self%2Froot%2Fusr%2Fshare%2Fzoneinfo%2Fposix%2FAmerica HTTP/2" 200 2728 "-" "Mozilla/5.0 AppleWebKit/537.36 (KHTML, like Gecko; compatible; ClaudeBot/1.0; +claudebot@anthropic.com)"
216.73.216.24 - - [31/Mar/2026:05:32:57 +0700] "GET /whatsapp:/send?fileloc=%2F%2Fproc%2Fself%2Froot%2Fusr%2Fshare%2Fman%2Fman1%2Fprezip-bin.1.gz&path=%2F%2Fproc%2Fself%2Froot%2Fusr%2Fshare%2Fman%2Fman1 HTTP/2" 200 4190 "-" "Mozilla/5.0 AppleWebKit/537.36 (KHTML, like Gecko; compatible; ClaudeBot/1.0; +claudebot@anthropic.com)"
57.141.16.105 - - [31/Mar/2026:05:32:56 +0700] "GET /news_sitemap.xml?fileloc=//lib/firmware/iwlwifi-QuZ-a0-jf-b0-74.ucode.xz&path=//lib/firmware HTTP/2" 200 829873 "-" "meta-externalagent/1.1 (+https://developers.facebook.com/docs/sharing/webmasters/crawler)"
216.73.216.24 - - [31/Mar/2026:05:32:57 +0700] "GET /whatsapp:/send?fileloc=%2F%2Fproc%2Fself%2Froot%2Flib%2Fdracut%2Fmodules.d%2F90qemu%2Fmodule-setup.sh&path=%2F%2Fproc%2Fself%2Froot%2Flib%2Fdracut%2Fmodules.d%2F90qemu HTTP/2" 200 2814 "-" "Mozilla/5.0 AppleWebKit/537.36 (KHTML, like Gecko; compatible; ClaudeBot/1.0; +claudebot@anthropic.com)"
57.141.16.57 - - [31/Mar/2026:05:32:56 +0700] "GET /news_sitemap.xml?fileloc=//lib/firmware/cbfw-3.2.5.1.bin.xz&path=//lib/firmware HTTP/2" 200 415839 "-" "meta-externalagent/1.1 (+https://developers.facebook.com/docs/sharing/webmasters/crawler)"
216.73.216.24 - - [31/Mar/2026:05:32:57 +0700] "GET /whatsapp:/send?fileloc=%2F%2Fproc%2Fself%2Froot%2Fusr%2Fshare%2Fman%2Fman3%2FText%3A%3AParseWords.3pm.gz&path=%2F%2Fproc%2Fself%2Froot%2Fusr%2Fshare%2Fman%2Fman3 HTTP/2" 200 5324 "-" "Mozilla/5.0 AppleWebKit/537.36 (KHTML, like Gecko; compatible; ClaudeBot/1.0; +claudebot@anthropic.com)"
74.7.227.29 - - [31/Mar/2026:05:32:57 +0700] "GET /wp-sitemap.xml?fileloc=//usr/lib/systemd/system/runlevel1.target&path=//usr/lib/systemd/system HTTP/2" 200 2795 "https://lotushomemade.com/wp-sitemap.xml?path=//usr/lib/systemd/system" "Mozilla/5.0 AppleWebKit/537.36 (KHTML, like Gecko; compatible; GPTBot/1.3; +https://openai.com/gptbot)"
216.73.216.24 - - [31/Mar/2026:05:32:57 +0700] "GET /whatsapp:/send?fileloc=%2F%2Fproc%2Fself%2Froot%2Fusr%2Fshare%2Fman%2Fman1%2Funame.1.gz&path=%2F%2Fproc%2Fself%2Froot%2Fusr%2Fshare%2Fman%2Fman1 HTTP/2" 200 3550 "-" "Mozilla/5.0 AppleWebKit/537.36 (KHTML, like Gecko; compatible; ClaudeBot/1.0; +claudebot@anthropic.com)"
216.73.216.24 - - [31/Mar/2026:05:32:57 +0700] "GET /wp-sitemap.xml?fileloc=%2F%2Fusr%2Fshare%2Fautoconf%2Fautoconf%2Fautotest.m4&path=%2F%2Fusr%2Fshare%2Fautoconf%2Fautoconf HTTP/2" 200 3880 "-" "Mozilla/5.0 AppleWebKit/537.36 (KHTML, like Gecko; compatible; ClaudeBot/1.0; +claudebot@anthropic.com)"
216.73.216.24 - - [31/Mar/2026:05:32:57 +0700] "GET /whatsapp:/send?fileloc=%2F%2Fproc%2Fself%2Froot%2Fusr%2Fshare%2Fman%2Fman5%2Fmodules.dep.5.gz&path=%2F%2Fproc%2Fself%2Froot%2Fusr%2Fshare%2Fman%2Fman5 HTTP/2" 200 3656 "-" "Mozilla/5.0 AppleWebKit/537.36 (KHTML, like Gecko; compatible; ClaudeBot/1.0; +claudebot@anthropic.com)"
216.73.216.24 - - [31/Mar/2026:05:32:57 +0700] "GET /whatsapp:/send?fileloc=%2F%2Fproc%2Fself%2Froot%2Fusr%2Fshare%2Fman%2Fman8%2Fgroupmems.8.gz&path=%2F%2Fproc%2Fself%2Froot%2Fusr%2Fshare%2Fman%2Fman8 HTTP/2" 200 4236 "-" "Mozilla/5.0 AppleWebKit/537.36 (KHTML, like Gecko; compatible; ClaudeBot/1.0; +claudebot@anthropic.com)"
216.73.216.24 - - [31/Mar/2026:05:32:58 +0700] "GET /whatsapp:/send?fileloc=%2F%2Fproc%2Fthread-self%2Froot%2Flib%2Fkbd%2Fkeymaps%2Fxkb%2Ffr.map.gz&path=%2F%2Fproc%2Fthread-self%2Froot%2Flib%2Fkbd%2Fkeymaps%2Fxkb HTTP/2" 200 6198 "-" "Mozilla/5.0 AppleWebKit/537.36 (KHTML, like Gecko; compatible; ClaudeBot/1.0; +claudebot@anthropic.com)"
57.141.16.49 - - [31/Mar/2026:05:32:57 +0700] "GET /news_sitemap.xml?path=//lib/udev/rules.d HTTP/2" 200 96752 "-" "meta-externalagent/1.1 (+https://developers.facebook.com/docs/sharing/webmasters/crawler)"
216.73.216.24 - - [31/Mar/2026:05:32:58 +0700] "GET /wp-sitemap.xml?fileloc=%2F%2Fusr%2Flib%2Fkbd%2Funimaps%2Fethiopic.uni&path=%2F%2Fusr%2Flib%2Fkbd%2Funimaps HTTP/2" 200 4487 "-" "Mozilla/5.0 AppleWebKit/537.36 (KHTML, like Gecko; compatible; ClaudeBot/1.0; +claudebot@anthropic.com)"
57.141.16.8 - - [31/Mar/2026:05:32:58 +0700] "GET /news_sitemap.xml?fileloc=//lib/firmware/8E86-1-C.bin.xz&path=//lib/firmware HTTP/2" 200 24755 "-" "meta-externalagent/1.1 (+https://developers.facebook.com/docs/sharing/webmasters/crawler)"
57.141.16.19 - - [31/Mar/2026:05:32:58 +0700] "GET /news_sitemap.xml?path=//lib/debug/sbin HTTP/2" 200 12738 "-" "meta-externalagent/1.1 (+https://developers.facebook.com/docs/sharing/webmasters/crawler)"
216.73.216.24 - - [31/Mar/2026:05:32:58 +0700] "GET /whatsapp:/send?fileloc=%2F%2Fproc%2Fself%2Froot%2Fopt%2Fplesk%2Fphp%2F8.0%2Fetc%2Fphp-fpm.d%2Fto.ahsp.site.conf&path=%2F%2Fproc%2Fself%2Froot%2Fopt%2Fplesk%2Fphp%2F8.0%2Fetc%2Fphp-fpm.d HTTP/2" 200 3230 "-" "Mozilla/5.0 AppleWebKit/537.36 (KHTML, like Gecko; compatible; ClaudeBot/1.0; +claudebot@anthropic.com)"
216.73.216.24 - - [31/Mar/2026:05:32:58 +0700] "GET /whatsapp:/send?fileloc=%2F%2Fproc%2Fself%2Froot%2Fusr%2Fshare%2Fman%2Fman1%2Fgit-replay.1.gz&path=%2F%2Fproc%2Fself%2Froot%2Fusr%2Fshare%2Fman%2Fman1 HTTP/2" 200 15930 "-" "Mozilla/5.0 AppleWebKit/537.36 (KHTML, like Gecko; compatible; ClaudeBot/1.0; +claudebot@anthropic.com)"
216.73.216.24 - - [31/Mar/2026:05:32:58 +0700] "GET /whatsapp:/send?fileloc=%2F%2Fproc%2Fself%2Froot%2Fusr%2Fshare%2Fman%2Fman7%2Fgraphviz.7.gz&path=%2F%2Fproc%2Fself%2Froot%2Fusr%2Fshare%2Fman%2Fman7 HTTP/2" 200 3616 "-" "Mozilla/5.0 AppleWebKit/537.36 (KHTML, like Gecko; compatible; ClaudeBot/1.0; +claudebot@anthropic.com)"
74.7.227.29 - - [31/Mar/2026:05:32:58 +0700] "GET /wp-sitemap.xml?fileloc=//usr/lib/systemd/system/runlevel4.target&path=//usr/lib/systemd/system HTTP/2" 200 2813 "https://lotushomemade.com/wp-sitemap.xml?path=//usr/lib/systemd/system" "Mozilla/5.0 AppleWebKit/537.36 (KHTML, like Gecko; compatible; GPTBot/1.3; +https://openai.com/gptbot)"
216.73.216.24 - - [31/Mar/2026:05:32:58 +0700] "GET /whatsapp:/send?fileloc=%2F%2Fproc%2Fthread-self%2Froot%2Fusr%2Fshare%2Fzoneinfo%2Fposix%2FAmerica%2FYakutat&path=%2F%2Fproc%2Fthread-self%2Froot%2Fusr%2Fshare%2Fzoneinfo%2Fposix%2FAmerica HTTP/2" 200 3922 "-" "Mozilla/5.0 AppleWebKit/537.36 (KHTML, like Gecko; compatible; ClaudeBot/1.0; +claudebot@anthropic.com)"
216.73.216.24 - - [31/Mar/2026:05:32:58 +0700] "GET /whatsapp:/send?fileloc=%2F%2Fproc%2Fthread-self%2Froot%2Fusr%2Fshare%2Fzoneinfo%2Fposix%2FAustralia%2FLindeman&path=%2F%2Fproc%2Fthread-self%2Froot%2Fusr%2Fshare%2Fzoneinfo%2Fposix%2FAustralia HTTP/2" 200 2859 "-" "Mozilla/5.0 AppleWebKit/537.36 (KHTML, like Gecko; compatible; ClaudeBot/1.0; +claudebot@anthropic.com)"
74.7.227.10 - - [31/Mar/2026:05:32:58 +0700] "GET /?fileloc=//lib64/python3.9/asyncio/__pycache__/runners.cpython-39.opt-2.pyc&path=//lib64/python3.9/asyncio/__pycache__ HTTP/2" 200 3441 "https://www.lotushomemade.com/?path=//lib64/python3.9/asyncio/__pycache__" "Mozilla/5.0 AppleWebKit/537.36 (KHTML, like Gecko; compatible; GPTBot/1.3; +https://openai.com/gptbot)"
216.73.216.24 - - [31/Mar/2026:05:32:58 +0700] "GET /whatsapp:/send?fileloc=%2F%2Fproc%2Fself%2Froot%2Fusr%2Fshare%2Fman%2Fman8%2Fbadblocks.8.gz&path=%2F%2Fproc%2Fself%2Froot%2Fusr%2Fshare%2Fman%2Fman8 HTTP/2" 200 5229 "-" "Mozilla/5.0 AppleWebKit/537.36 (KHTML, like Gecko; compatible; ClaudeBot/1.0; +claudebot@anthropic.com)"
216.73.216.24 - - [31/Mar/2026:05:32:58 +0700] "GET /whatsapp:/send?fileloc=%2F%2Fproc%2Fself%2Froot%2Fusr%2Fshare%2Fman%2Fman8%2Fdcb-ets.8.gz&path=%2F%2Fproc%2Fself%2Froot%2Fusr%2Fshare%2Fman%2Fman8 HTTP/2" 200 4710 "-" "Mozilla/5.0 AppleWebKit/537.36 (KHTML, like Gecko; compatible; ClaudeBot/1.0; +claudebot@anthropic.com)"
74.7.227.29 - - [31/Mar/2026:05:32:58 +0700] "GET /wp-sitemap.xml?fileloc=//usr/lib/systemd/system/runlevel6.target&path=//usr/lib/systemd/system HTTP/2" 200 2858 "https://lotushomemade.com/wp-sitemap.xml?path=//usr/lib/systemd/system" "Mozilla/5.0 AppleWebKit/537.36 (KHTML, like Gecko; compatible; GPTBot/1.3; +https://openai.com/gptbot)"
216.73.216.24 - - [31/Mar/2026:05:32:58 +0700] "GET /whatsapp:/send?fileloc=%2F%2Fproc%2Fself%2Froot%2Fusr%2Fshare%2Fman%2Fman1%2Ffile.1.gz&path=%2F%2Fproc%2Fself%2Froot%2Fusr%2Fshare%2Fman%2Fman1 HTTP/2" 200 10703 "-" "Mozilla/5.0 AppleWebKit/537.36 (KHTML, like Gecko; compatible; ClaudeBot/1.0; +claudebot@anthropic.com)"
216.73.216.24 - - [31/Mar/2026:05:32:58 +0700] "GET /whatsapp:/send?fileloc=%2F%2Fproc%2Fthread-self%2Froot%2Flib%2Fkbd%2Fkeymaps%2Fxkb%2Ffi-mac.map.gz&path=%2F%2Fproc%2Fthread-self%2Froot%2Flib%2Fkbd%2Fkeymaps%2Fxkb HTTP/2" 200 6169 "-" "Mozilla/5.0 AppleWebKit/537.36 (KHTML, like Gecko; compatible; ClaudeBot/1.0; +claudebot@anthropic.com)"
216.73.216.24 - - [31/Mar/2026:05:32:59 +0700] "GET /wp-sitemap.xml?fileloc=%2F%2Fusr%2Flib%2Fkbd%2Funimaps%2Fcp865a.uni&path=%2F%2Fusr%2Flib%2Fkbd%2Funimaps HTTP/2" 200 4320 "-" "Mozilla/5.0 AppleWebKit/537.36 (KHTML, like Gecko; compatible; ClaudeBot/1.0; +claudebot@anthropic.com)"
216.73.216.24 - - [31/Mar/2026:05:32:59 +0700] "GET /whatsapp:/send?fileloc=%2F%2Fproc%2Fself%2Froot%2Fopt%2Fplesk%2Fphp%2F8.0%2Fetc%2Fphp-fpm.d%2Fwanderingarin.pohontekno.com.conf&path=%2F%2Fproc%2Fself%2Froot%2Fopt%2Fplesk%2Fphp%2F8.0%2Fetc%2Fphp-fpm.d HTTP/2" 200 3378 "-" "Mozilla/5.0 AppleWebKit/537.36 (KHTML, like Gecko; compatible; ClaudeBot/1.0; +claudebot@anthropic.com)"
74.7.227.10 - - [31/Mar/2026:05:32:59 +0700] "GET /?fileloc=//lib64/libicuio.so.67&path=//lib64 HTTP/2" 200 25198 "https://www.lotushomemade.com/?path=//lib64" "Mozilla/5.0 AppleWebKit/537.36 (KHTML, like Gecko; compatible; GPTBot/1.3; +https://openai.com/gptbot)"
216.73.216.24 - - [31/Mar/2026:05:32:59 +0700] "GET /sitemap.xml?path=%2F%2Fusr%2Flib%2Fmodules%2F5.14.0-570.62.1.el9_6.x86_64%2Fupdates HTTP/2" 200 2596 "-" "Mozilla/5.0 AppleWebKit/537.36 (KHTML, like Gecko; compatible; ClaudeBot/1.0; +claudebot@anthropic.com)"
57.141.16.79 - - [31/Mar/2026:05:32:58 +0700] "GET /news_sitemap.xml?fileloc=//lib/firmware/iwlwifi-Qu-b0-hr-b0-59.ucode.xz&path=//lib/firmware HTTP/2" 200 834081 "-" "meta-externalagent/1.1 (+https://developers.facebook.com/docs/sharing/webmasters/crawler)"
216.73.216.24 - - [31/Mar/2026:05:32:59 +0700] "GET /whatsapp:/send?fileloc=%2F%2Fproc%2Fself%2Froot%2Fusr%2Fshare%2Fman%2Fman8%2Ffsck.ext3.8.gz&path=%2F%2Fproc%2Fself%2Froot%2Fusr%2Fshare%2Fman%2Fman8 HTTP/2" 200 8051 "-" "Mozilla/5.0 AppleWebKit/537.36 (KHTML, like Gecko; compatible; ClaudeBot/1.0; +claudebot@anthropic.com)"
74.7.227.29 - - [31/Mar/2026:05:32:59 +0700] "GET /wp-sitemap.xml?fileloc=//usr/lib/systemd/system/runlevel5.target&path=//usr/lib/systemd/system HTTP/2" 200 2836 "https://lotushomemade.com/wp-sitemap.xml?path=//usr/lib/systemd/system" "Mozilla/5.0 AppleWebKit/537.36 (KHTML, like Gecko; compatible; GPTBot/1.3; +https://openai.com/gptbot)"
57.141.16.25 - - [31/Mar/2026:05:32:59 +0700] "GET /news_sitemap.xml?path=//lib/firmware/imx HTTP/2" 200 14068 "-" "meta-externalagent/1.1 (+https://developers.facebook.com/docs/sharing/webmasters/crawler)"
216.73.216.24 - - [31/Mar/2026:05:32:59 +0700] "GET /whatsapp:/send?fileloc=%2F%2Fproc%2Fself%2Froot%2Fopt%2Fplesk%2Fphp%2F8.0%2Fetc%2Fphp-fpm.d%2Fsiap.miisembung.sch.id.conf&path=%2F%2Fproc%2Fself%2Froot%2Fopt%2Fplesk%2Fphp%2F8.0%2Fetc%2Fphp-fpm.d HTTP/2" 200 3366 "-" "Mozilla/5.0 AppleWebKit/537.36 (KHTML, like Gecko; compatible; ClaudeBot/1.0; +claudebot@anthropic.com)"
216.73.216.24 - - [31/Mar/2026:05:32:59 +0700] "GET /sitemap.xml?path=%2F%2Flib%2Fmodules%2F5.14.0-570.62.1.el9_6.x86_64%2Fkernel%2Ffs%2Fudf HTTP/2" 200 2869 "-" "Mozilla/5.0 AppleWebKit/537.36 (KHTML, like Gecko; compatible; ClaudeBot/1.0; +claudebot@anthropic.com)"
57.141.16.46 - - [31/Mar/2026:05:32:58 +0700] "GET /news_sitemap.xml?fileloc=//lib/firmware/iwlwifi-sc-a0-wh-b0-101.ucode.xz&path=//lib/firmware HTTP/2" 200 1170390 "-" "meta-externalagent/1.1 (+https://developers.facebook.com/docs/sharing/webmasters/crawler)"
216.73.216.24 - - [31/Mar/2026:05:32:59 +0700] "GET /whatsapp:/send?fileloc=%2F%2Fproc%2Fself%2Froot%2Fusr%2Fshare%2Fman%2Fman8%2Fe2label.8.gz&path=%2F%2Fproc%2Fself%2Froot%2Fusr%2Fshare%2Fman%2Fman8 HTTP/2" 200 3263 "-" "Mozilla/5.0 AppleWebKit/537.36 (KHTML, like Gecko; compatible; ClaudeBot/1.0; +claudebot@anthropic.com)"
216.73.216.24 - - [31/Mar/2026:05:32:59 +0700] "GET /whatsapp:/send?fileloc=%2F%2Fproc%2Fthread-self%2Froot%2Flib%2Fkbd%2Fkeymaps%2Fxkb%2Fse-mac.map.gz&path=%2F%2Fproc%2Fthread-self%2Froot%2Flib%2Fkbd%2Fkeymaps%2Fxkb HTTP/2" 200 6170 "-" "Mozilla/5.0 AppleWebKit/537.36 (KHTML, like Gecko; compatible; ClaudeBot/1.0; +claudebot@anthropic.com)"
74.7.227.10 - - [31/Mar/2026:05:32:59 +0700] "GET /?fileloc=//lib64/libicutu.so.67&path=//lib64 HTTP/2" 200 83155 "https://www.lotushomemade.com/?path=//lib64" "Mozilla/5.0 AppleWebKit/537.36 (KHTML, like Gecko; compatible; GPTBot/1.3; +https://openai.com/gptbot)"
216.73.216.24 - - [31/Mar/2026:05:32:59 +0700] "GET /whatsapp:/send?fileloc=%2F%2Fproc%2Fthread-self%2Froot%2Fvar%2Fsoftaculous%2Fphpjs%2Fimages%2Fcatlogo.gif&path=%2F%2Fproc%2Fthread-self%2Froot%2Fvar%2Fsoftaculous%2Fphpjs%2Fimages HTTP/2" 200 4152 "-" "Mozilla/5.0 AppleWebKit/537.36 (KHTML, like Gecko; compatible; ClaudeBot/1.0; +claudebot@anthropic.com)"
57.141.16.16 - - [31/Mar/2026:05:32:59 +0700] "GET /news_sitemap.xml?fileloc=//lib/firmware/TAS2XXX38A8.bin.xz&path=//lib/firmware HTTP/2" 200 20633 "-" "meta-externalagent/1.1 (+https://developers.facebook.com/docs/sharing/webmasters/crawler)"
216.73.216.24 - - [31/Mar/2026:05:32:59 +0700] "GET /whatsapp:/send?fileloc=%2F%2Fproc%2Fthread-self%2Froot%2Flib%2Fkbd%2Fkeymaps%2Fxkb%2Fpl-csb.map.gz&path=%2F%2Fproc%2Fthread-self%2Froot%2Flib%2Fkbd%2Fkeymaps%2Fxkb HTTP/2" 200 6086 "-" "Mozilla/5.0 AppleWebKit/537.36 (KHTML, like Gecko; compatible; ClaudeBot/1.0; +claudebot@anthropic.com)"
74.7.227.29 - - [31/Mar/2026:05:32:59 +0700] "GET /wp-sitemap.xml?fileloc=//usr/lib/systemd/system/runlevel3.target&path=//usr/lib/systemd/system HTTP/2" 200 2772 "https://lotushomemade.com/wp-sitemap.xml?path=//usr/lib/systemd/system" "Mozilla/5.0 AppleWebKit/537.36 (KHTML, like Gecko; compatible; GPTBot/1.3; +https://openai.com/gptbot)"
216.73.216.24 - - [31/Mar/2026:05:32:59 +0700] "GET /whatsapp:/send?fileloc=%2F%2Fproc%2Fself%2Froot%2Fusr%2Flocal%2Fsoftaculous%2Fincludes52%2Fmain%2Fmy_themes.php&path=%2F%2Fproc%2Fself%2Froot%2Fusr%2Flocal%2Fsoftaculous%2Fincludes52%2Fmain HTTP/2" 200 8337 "-" "Mozilla/5.0 AppleWebKit/537.36 (KHTML, like Gecko; compatible; ClaudeBot/1.0; +claudebot@anthropic.com)"
57.141.16.42 - - [31/Mar/2026:05:33:00 +0700] "GET /news_sitemap.xml?fileloc=//lib/systemd/systemd-socket-proxyd&path=//lib/systemd HTTP/2" 200 53890 "-" "meta-externalagent/1.1 (+https://developers.facebook.com/docs/sharing/webmasters/crawler)"
57.141.16.94 - - [31/Mar/2026:05:33:00 +0700] "GET /news_sitemap.xml?path=//lib/debug/bin HTTP/2" 200 12736 "-" "meta-externalagent/1.1 (+https://developers.facebook.com/docs/sharing/webmasters/crawler)"
216.73.216.24 - - [31/Mar/2026:05:33:00 +0700] "GET /whatsapp:/send?fileloc=%2F%2Fproc%2Fself%2Froot%2Flib%2Fdracut%2Fmodules.d%2F35network-manager%2Fnm-lib.sh&path=%2F%2Fproc%2Fself%2Froot%2Flib%2Fdracut%2Fmodules.d%2F35network-manager HTTP/2" 200 3031 "-" "Mozilla/5.0 AppleWebKit/537.36 (KHTML, like Gecko; compatible; ClaudeBot/1.0; +claudebot@anthropic.com)"
216.73.216.24 - - [31/Mar/2026:05:33:00 +0700] "GET /whatsapp:/send?fileloc=%2F%2Fproc%2Fself%2Froot%2Fusr%2Fshare%2Fman%2Fman1%2Fgit-reflog.1.gz&path=%2F%2Fproc%2Fself%2Froot%2Fusr%2Fshare%2Fman%2Fman1 HTTP/2" 200 4896 "-" "Mozilla/5.0 AppleWebKit/537.36 (KHTML, like Gecko; compatible; ClaudeBot/1.0; +claudebot@anthropic.com)"
216.73.216.24 - - [31/Mar/2026:05:33:00 +0700] "GET /whatsapp:/send?fileloc=%2F%2Fproc%2Fself%2Froot%2Fopt%2Fplesk%2Fphp%2F8.0%2Fetc%2Fphp-fpm.d%2Fpon.merdekagroup.com.conf&path=%2F%2Fproc%2Fself%2Froot%2Fopt%2Fplesk%2Fphp%2F8.0%2Fetc%2Fphp-fpm.d HTTP/2" 200 3333 "-" "Mozilla/5.0 AppleWebKit/537.36 (KHTML, like Gecko; compatible; ClaudeBot/1.0; +claudebot@anthropic.com)"
74.7.227.10 - - [31/Mar/2026:05:33:00 +0700] "GET /?fileloc=//lib64/libaspell.so.15&path=//lib64 HTTP/2" 200 246933 "https://www.lotushomemade.com/?path=//lib64" "Mozilla/5.0 AppleWebKit/537.36 (KHTML, like Gecko; compatible; GPTBot/1.3; +https://openai.com/gptbot)"
216.73.216.24 - - [31/Mar/2026:05:33:00 +0700] "GET /whatsapp:/send?fileloc=%2F%2Fproc%2Fthread-self%2Froot%2Fusr%2Fshare%2Flocale%2Fhu%2FLC_MESSAGES%2FNetworkManager.mo&path=%2F%2Fproc%2Fthread-self%2Froot%2Fusr%2Fshare%2Flocale%2Fhu%2FLC_MESSAGES HTTP/2" 200 78809 "-" "Mozilla/5.0 AppleWebKit/537.36 (KHTML, like Gecko; compatible; ClaudeBot/1.0; +claudebot@anthropic.com)"
57.141.16.60 - - [31/Mar/2026:05:32:59 +0700] "GET /news_sitemap.xml?fileloc=//lib/firmware/iwlwifi-6050-5.ucode.xz&path=//lib/firmware HTTP/2" 200 269895 "-" "meta-externalagent/1.1 (+https://developers.facebook.com/docs/sharing/webmasters/crawler)"
74.7.227.29 - - [31/Mar/2026:05:33:00 +0700] "GET /wp-sitemap.xml?fileloc=//usr/lib/systemd/system/runlevel0.target&path=//usr/lib/systemd/system HTTP/2" 200 2862 "https://lotushomemade.com/wp-sitemap.xml?path=//usr/lib/systemd/system" "Mozilla/5.0 AppleWebKit/537.36 (KHTML, like Gecko; compatible; GPTBot/1.3; +https://openai.com/gptbot)"
216.73.216.24 - - [31/Mar/2026:05:33:00 +0700] "GET /whatsapp:/send?fileloc=%2F%2Fproc%2Fthread-self%2Froot%2Flib%2Fkbd%2Fkeymaps%2Fxkb%2Fse.map.gz&path=%2F%2Fproc%2Fthread-self%2Froot%2Flib%2Fkbd%2Fkeymaps%2Fxkb HTTP/2" 200 6149 "-" "Mozilla/5.0 AppleWebKit/537.36 (KHTML, like Gecko; compatible; ClaudeBot/1.0; +claudebot@anthropic.com)"
57.141.16.26 - - [31/Mar/2026:05:33:00 +0700] "GET /news_sitemap.xml?fileloc=//lib/firmware/TAS2XXX8ED9-1.bin.xz&path=//lib/firmware HTTP/2" 200 23949 "-" "meta-externalagent/1.1 (+https://developers.facebook.com/docs/sharing/webmasters/crawler)"
216.73.216.24 - - [31/Mar/2026:05:33:00 +0700] "GET /whatsapp:/send?fileloc=%2F%2Fproc%2Fself%2Froot%2Fopt%2Fplesk%2Fphp%2F8.0%2Fetc%2Fphp-fpm.d%2Ferapor.miulumuddingodong.sch.id.conf&path=%2F%2Fproc%2Fself%2Froot%2Fopt%2Fplesk%2Fphp%2F8.0%2Fetc%2Fphp-fpm.d HTTP/2" 200 3241 "-" "Mozilla/5.0 AppleWebKit/537.36 (KHTML, like Gecko; compatible; ClaudeBot/1.0; +claudebot@anthropic.com)"
216.73.216.24 - - [31/Mar/2026:05:33:00 +0700] "GET /whatsapp:/send?fileloc=%2F%2Fproc%2Fself%2Froot%2Fopt%2Fplesk%2Fphp%2F8.0%2Fetc%2Fphp-fpm.d%2Ftuanguru.my.id.conf&path=%2F%2Fproc%2Fself%2Froot%2Fopt%2Fplesk%2Fphp%2F8.0%2Fetc%2Fphp-fpm.d HTTP/2" 200 3317 "-" "Mozilla/5.0 AppleWebKit/537.36 (KHTML, like Gecko; compatible; ClaudeBot/1.0; +claudebot@anthropic.com)"
216.73.216.24 - - [31/Mar/2026:05:33:00 +0700] "GET /whatsapp:/send?fileloc=%2F%2Fproc%2Fself%2Froot%2Fusr%2Fshare%2Fman%2Fman1%2Fgio.1.gz&path=%2F%2Fproc%2Fself%2Froot%2Fusr%2Fshare%2Fman%2Fman1 HTTP/2" 200 6987 "-" "Mozilla/5.0 AppleWebKit/537.36 (KHTML, like Gecko; compatible; ClaudeBot/1.0; +claudebot@anthropic.com)"
216.73.216.24 - - [31/Mar/2026:05:33:00 +0700] "GET /whatsapp:/send?fileloc=%2F%2Fproc%2Fthread-self%2Froot%2Flib%2Fkbd%2Fkeymaps%2Fxkb%2Ffi.map.gz&path=%2F%2Fproc%2Fthread-self%2Froot%2Flib%2Fkbd%2Fkeymaps%2Fxkb HTTP/2" 200 7372 "-" "Mozilla/5.0 AppleWebKit/537.36 (KHTML, like Gecko; compatible; ClaudeBot/1.0; +claudebot@anthropic.com)"
74.7.227.10 - - [31/Mar/2026:05:33:00 +0700] "GET /?fileloc=//lib64/libpspell.so.15&path=//lib64 HTTP/2" 200 4657 "https://www.lotushomemade.com/?path=//lib64" "Mozilla/5.0 AppleWebKit/537.36 (KHTML, like Gecko; compatible; GPTBot/1.3; +https://openai.com/gptbot)"
216.73.216.24 - - [31/Mar/2026:05:33:00 +0700] "GET /whatsapp:/send?fileloc=%2F%2Fproc%2Fself%2Froot%2Fusr%2Fshare%2Fman%2Fman1%2Fbzless.1.gz&path=%2F%2Fproc%2Fself%2Froot%2Fusr%2Fshare%2Fman%2Fman1 HTTP/2" 200 4442 "-" "Mozilla/5.0 AppleWebKit/537.36 (KHTML, like Gecko; compatible; ClaudeBot/1.0; +claudebot@anthropic.com)"
216.73.216.24 - - [31/Mar/2026:05:33:00 +0700] "GET /whatsapp:/send?fileloc=%2F%2Fproc%2Fthread-self%2Froot%2Flib%2Fkbd%2Fkeymaps%2Fxkb%2Fis.map.gz&path=%2F%2Fproc%2Fthread-self%2Froot%2Flib%2Fkbd%2Fkeymaps%2Fxkb HTTP/2" 200 6147 "-" "Mozilla/5.0 AppleWebKit/537.36 (KHTML, like Gecko; compatible; ClaudeBot/1.0; +claudebot@anthropic.com)"
216.73.216.24 - - [31/Mar/2026:05:33:01 +0700] "GET /whatsapp:/send?fileloc=%2F%2Fproc%2Fthread-self%2Froot%2Flib%2Fkbd%2Fkeymaps%2Fxkb%2Ffr-mac.map.gz&path=%2F%2Fproc%2Fthread-self%2Froot%2Flib%2Fkbd%2Fkeymaps%2Fxkb HTTP/2" 200 6140 "-" "Mozilla/5.0 AppleWebKit/537.36 (KHTML, like Gecko; compatible; ClaudeBot/1.0; +claudebot@anthropic.com)"
74.7.227.29 - - [31/Mar/2026:05:33:01 +0700] "GET /wp-sitemap.xml?fileloc=//usr/lib/systemd/system/runlevel2.target&path=//usr/lib/systemd/system HTTP/2" 200 2813 "https://lotushomemade.com/wp-sitemap.xml?path=//usr/lib/systemd/system" "Mozilla/5.0 AppleWebKit/537.36 (KHTML, like Gecko; compatible; GPTBot/1.3; +https://openai.com/gptbot)"
216.73.216.24 - - [31/Mar/2026:05:33:01 +0700] "GET /whatsapp:/send?fileloc=%2F%2Fproc%2Fself%2Froot%2Flib%2Fdracut%2Fmodules.d%2F98dracut-systemd%2Fdracut-pre-pivot.service.8.asc&path=%2F%2Fproc%2Fself%2Froot%2Flib%2Fdracut%2Fmodules.d%2F98dracut-systemd HTTP/2" 200 2801 "-" "Mozilla/5.0 AppleWebKit/537.36 (KHTML, like Gecko; compatible; ClaudeBot/1.0; +claudebot@anthropic.com)"
216.73.216.24 - - [31/Mar/2026:05:33:01 +0700] "GET /whatsapp:/send?fileloc=%2F%2Fproc%2Fself%2Froot%2Fusr%2Fshare%2Fman%2Fman1%2Fsetmetamode.1.gz&path=%2F%2Fproc%2Fself%2Froot%2Fusr%2Fshare%2Fman%2Fman1 HTTP/2" 200 3305 "-" "Mozilla/5.0 AppleWebKit/537.36 (KHTML, like Gecko; compatible; ClaudeBot/1.0; +claudebot@anthropic.com)"
216.73.216.24 - - [31/Mar/2026:05:33:01 +0700] "GET /whatsapp:/send?fileloc=%2F%2Fproc%2Fthread-self%2Froot%2Flib%2Fkbd%2Fkeymaps%2Fxkb%2Fch-de_mac.map.gz&path=%2F%2Fproc%2Fthread-self%2Froot%2Flib%2Fkbd%2Fkeymaps%2Fxkb HTTP/2" 200 7714 "-" "Mozilla/5.0 AppleWebKit/537.36 (KHTML, like Gecko; compatible; ClaudeBot/1.0; +claudebot@anthropic.com)"
74.7.227.10 - - [31/Mar/2026:05:33:01 +0700] "GET /?fileloc=//lib64/libnftnl.so.11&path=//lib64 HTTP/2" 200 76660 "https://www.lotushomemade.com/?path=//lib64" "Mozilla/5.0 AppleWebKit/537.36 (KHTML, like Gecko; compatible; GPTBot/1.3; +https://openai.com/gptbot)"
216.73.216.24 - - [31/Mar/2026:05:33:01 +0700] "GET /whatsapp:/send?fileloc=%2F%2Fproc%2Fself%2Froot%2Fusr%2Fshare%2Fman%2Fman1%2Fs_server.1ossl.gz&path=%2F%2Fproc%2Fself%2Froot%2Fusr%2Fshare%2Fman%2Fman1 HTTP/2" 200 5388 "-" "Mozilla/5.0 AppleWebKit/537.36 (KHTML, like Gecko; compatible; ClaudeBot/1.0; +claudebot@anthropic.com)"
74.7.227.29 - - [31/Mar/2026:05:33:01 +0700] "GET /wp-sitemap.xml?fileloc=//proc/1354764/root/lib64/libdw-0.193.so&path=//proc/1354764/root/lib64 HTTP/2" 200 2534 "https://lotushomemade.com/wp-sitemap.xml?path=//proc/1354764/root/lib64" "Mozilla/5.0 AppleWebKit/537.36 (KHTML, like Gecko; compatible; GPTBot/1.3; +https://openai.com/gptbot)"
216.73.216.24 - - [31/Mar/2026:05:33:01 +0700] "GET /whatsapp:/send?fileloc=%2F%2Fproc%2Fself%2Froot%2Fusr%2Fshare%2Fman%2Fman1%2Fmsginit.1.gz&path=%2F%2Fproc%2Fself%2Froot%2Fusr%2Fshare%2Fman%2Fman1 HTTP/2" 200 4013 "-" "Mozilla/5.0 AppleWebKit/537.36 (KHTML, like Gecko; compatible; ClaudeBot/1.0; +claudebot@anthropic.com)"
57.141.16.44 - - [31/Mar/2026:05:33:01 +0700] "GET /news_sitemap.xml?fileloc=//lib/firmware/TAS2XXX38FD.bin.xz&path=//lib/firmware HTTP/2" 200 20252 "-" "meta-externalagent/1.1 (+https://developers.facebook.com/docs/sharing/webmasters/crawler)"
57.141.16.88 - - [31/Mar/2026:05:33:00 +0700] "GET /news_sitemap.xml?fileloc=//lib/firmware/iwlwifi-so-a0-hr-b0-86.ucode.xz&path=//lib/firmware HTTP/2" 200 942253 "-" "meta-externalagent/1.1 (+https://developers.facebook.com/docs/sharing/webmasters/crawler)"
216.73.216.24 - - [31/Mar/2026:05:33:01 +0700] "GET /whatsapp:/send?fileloc=%2F%2Fproc%2Fself%2Froot%2Fusr%2Flib%2Ffirmware%2Fnvidia%2Ftu102%2Fsec2%2Fimage.bin.xz&path=%2F%2Fproc%2Fself%2Froot%2Fusr%2Flib%2Ffirmware%2Fnvidia%2Ftu102%2Fsec2 HTTP/2" 200 14282 "-" "Mozilla/5.0 AppleWebKit/537.36 (KHTML, like Gecko; compatible; ClaudeBot/1.0; +claudebot@anthropic.com)"
216.73.216.24 - - [31/Mar/2026:05:33:01 +0700] "GET /whatsapp:/send?fileloc=%2F%2Fproc%2Fself%2Froot%2Fusr%2Fshare%2Fman%2Fman1%2Ftroff.1.gz&path=%2F%2Fproc%2Fself%2Froot%2Fusr%2Fshare%2Fman%2Fman1 HTTP/2" 200 6857 "-" "Mozilla/5.0 AppleWebKit/537.36 (KHTML, like Gecko; compatible; ClaudeBot/1.0; +claudebot@anthropic.com)"
216.73.216.24 - - [31/Mar/2026:05:33:01 +0700] "GET /whatsapp:/send?fileloc=%2F%2Fproc%2Fself%2Froot%2Fopt%2Fplesk%2Fphp%2F8.0%2Fetc%2Fphp-fpm.d%2Fmabanat-robayan.my.id.conf&path=%2F%2Fproc%2Fself%2Froot%2Fopt%2Fplesk%2Fphp%2F8.0%2Fetc%2Fphp-fpm.d HTTP/2" 200 3263 "-" "Mozilla/5.0 AppleWebKit/537.36 (KHTML, like Gecko; compatible; ClaudeBot/1.0; +claudebot@anthropic.com)"
216.73.216.24 - - [31/Mar/2026:05:33:01 +0700] "GET /whatsapp:/send?fileloc=%2F%2Fopt%2Fplesk%2Fphp%2F8.1%2Fshare%2Fdoc%2Fpear%2FPEAR%2FINSTALL&path=%2F%2Fopt%2Fplesk%2Fphp%2F8.1%2Fshare%2Fdoc%2Fpear%2FPEAR HTTP/2" 200 3636 "-" "Mozilla/5.0 AppleWebKit/537.36 (KHTML, like Gecko; compatible; ClaudeBot/1.0; +claudebot@anthropic.com)"
216.73.216.24 - - [31/Mar/2026:05:33:01 +0700] "GET /whatsapp:/send?fileloc=%2F%2Fproc%2Fself%2Froot%2Fusr%2Fshare%2Fman%2Fman3%2Ftep_filter_strerror.3.gz&path=%2F%2Fproc%2Fself%2Froot%2Fusr%2Fshare%2Fman%2Fman3 HTTP/2" 200 2638 "-" "Mozilla/5.0 AppleWebKit/537.36 (KHTML, like Gecko; compatible; ClaudeBot/1.0; +claudebot@anthropic.com)"
74.7.227.10 - - [31/Mar/2026:05:33:02 +0700] "GET /?path=//lib/locale/en_US.iso885915 HTTP/2" 200 3335 "https://www.lotushomemade.com/?path=//lib/locale" "Mozilla/5.0 AppleWebKit/537.36 (KHTML, like Gecko; compatible; GPTBot/1.3; +https://openai.com/gptbot)"
216.73.216.24 - - [31/Mar/2026:05:33:02 +0700] "GET /whatsapp:/send?fileloc=%2F%2Fopt%2Fcloudlinux%2Fvenv%2Flib%2Fpython3.11%2Fsite-packages%2Fpsutil-5.9.5.dist-info%2FLICENSE&path=%2F%2Fopt%2Fcloudlinux%2Fvenv%2Flib%2Fpython3.11%2Fsite-packages%2Fpsutil-5.9.5.dist-info HTTP/2" 200 3410 "-" "Mozilla/5.0 AppleWebKit/537.36 (KHTML, like Gecko; compatible; ClaudeBot/1.0; +claudebot@anthropic.com)"
74.7.227.29 - - [31/Mar/2026:05:33:02 +0700] "GET /wp-sitemap.xml?fileloc=//proc/1354764/root/lib64/libnl-3.so.200&path=//proc/1354764/root/lib64 HTTP/2" 200 2534 "https://lotushomemade.com/wp-sitemap.xml?path=//proc/1354764/root/lib64" "Mozilla/5.0 AppleWebKit/537.36 (KHTML, like Gecko; compatible; GPTBot/1.3; +https://openai.com/gptbot)"
216.73.216.24 - - [31/Mar/2026:05:33:02 +0700] "GET /wp-sitemap.xml?fileloc=%2F%2Fusr%2Flib%2Fsystemd%2Fcatalog%2Fsystemd.bg.catalog&path=%2F%2Fusr%2Flib%2Fsystemd%2Fcatalog HTTP/2" 200 11015 "-" "Mozilla/5.0 AppleWebKit/537.36 (KHTML, like Gecko; compatible; ClaudeBot/1.0; +claudebot@anthropic.com)"
216.73.216.24 - - [31/Mar/2026:05:33:02 +0700] "GET /sitemap.xml?path=%2F%2Flib%2Fmodules%2F5.14.0-503.11.1.el9_5.x86_64%2Fkernel%2Flib%2Fkunit HTTP/2" 200 2608 "-" "Mozilla/5.0 AppleWebKit/537.36 (KHTML, like Gecko; compatible; ClaudeBot/1.0; +claudebot@anthropic.com)"
216.73.216.24 - - [31/Mar/2026:05:33:02 +0700] "GET /whatsapp:/send?fileloc=%2F%2Fproc%2Fself%2Froot%2Fopt%2Fplesk%2Fphp%2F8.0%2Fetc%2Fphp-fpm.d%2Fmy.tra.my.id.conf&path=%2F%2Fproc%2Fself%2Froot%2Fopt%2Fplesk%2Fphp%2F8.0%2Fetc%2Fphp-fpm.d HTTP/2" 200 3313 "-" "Mozilla/5.0 AppleWebKit/537.36 (KHTML, like Gecko; compatible; ClaudeBot/1.0; +claudebot@anthropic.com)"
57.141.16.101 - - [31/Mar/2026:05:33:01 +0700] "GET /news_sitemap.xml?fileloc=//lib/firmware/myri10ge_rss_eth_z8e.dat.xz&path=//lib/firmware HTTP/2" 200 178936 "-" "meta-externalagent/1.1 (+https://developers.facebook.com/docs/sharing/webmasters/crawler)"
57.141.16.19 - - [31/Mar/2026:05:33:02 +0700] "GET /news_sitemap.xml?fileloc=//lib/firmware/r8a779x_usb3_v2.dlmem.xz&path=//lib/firmware HTTP/2" 200 23046 "-" "meta-externalagent/1.1 (+https://developers.facebook.com/docs/sharing/webmasters/crawler)"
216.73.216.24 - - [31/Mar/2026:05:33:02 +0700] "GET /sitemap.xml?path=%2F%2Flib%2Fmodules%2F5.14.0-503.40.1.el9_5.x86_64%2Fkernel%2Fdrivers%2Fvfio HTTP/2" 200 3071 "-" "Mozilla/5.0 AppleWebKit/537.36 (KHTML, like Gecko; compatible; ClaudeBot/1.0; +claudebot@anthropic.com)"
74.7.227.10 - - [31/Mar/2026:05:33:02 +0700] "GET /?path=//lib/locale/en_GB.iso885915 HTTP/2" 200 3327 "https://www.lotushomemade.com/?path=//lib/locale" "Mozilla/5.0 AppleWebKit/537.36 (KHTML, like Gecko; compatible; GPTBot/1.3; +https://openai.com/gptbot)"
216.73.216.24 - - [31/Mar/2026:05:33:02 +0700] "GET /whatsapp:/send?fileloc=%2F%2Fopt%2Fcloudlinux%2Fvenv%2Flib%2Fpython3.11%2Fsite-packages%2Fmultidict-6.0.4.dist-info%2FLICENSE&path=%2F%2Fopt%2Fcloudlinux%2Fvenv%2Flib%2Fpython3.11%2Fsite-packages%2Fmultidict-6.0.4.dist-info HTTP/2" 200 2924 "-" "Mozilla/5.0 AppleWebKit/537.36 (KHTML, like Gecko; compatible; ClaudeBot/1.0; +claudebot@anthropic.com)"
216.73.216.24 - - [31/Mar/2026:05:33:02 +0700] "GET /wp-sitemap.xml?fileloc=%2F%2Fusr%2Flib%2Fkbd%2Funimaps%2Fcp866.uni&path=%2F%2Fusr%2Flib%2Fkbd%2Funimaps HTTP/2" 200 3784 "-" "Mozilla/5.0 AppleWebKit/537.36 (KHTML, like Gecko; compatible; ClaudeBot/1.0; +claudebot@anthropic.com)"
216.73.216.24 - - [31/Mar/2026:05:33:02 +0700] "GET /whatsapp:/send?fileloc=%2F%2Fproc%2Fself%2Froot%2Fusr%2Fshare%2Fman%2Fman1%2Fsetfacl.1.gz&path=%2F%2Fproc%2Fself%2Froot%2Fusr%2Fshare%2Fman%2Fman1 HTTP/2" 200 6395 "-" "Mozilla/5.0 AppleWebKit/537.36 (KHTML, like Gecko; compatible; ClaudeBot/1.0; +claudebot@anthropic.com)"
74.7.227.29 - - [31/Mar/2026:05:33:02 +0700] "GET /wp-sitemap.xml?fileloc=//lib/firmware/rtlwifi/rtl8188efw.bin.xz&path=//lib/firmware/rtlwifi HTTP/2" 200 8274 "https://lotushomemade.com/wp-sitemap.xml?path=//lib/firmware/rtlwifi" "Mozilla/5.0 AppleWebKit/537.36 (KHTML, like Gecko; compatible; GPTBot/1.3; +https://openai.com/gptbot)"
216.73.216.24 - - [31/Mar/2026:05:33:02 +0700] "GET /whatsapp:/send?fileloc=%2F%2Fproc%2Fself%2Froot%2Fusr%2Fshare%2Fman%2Fman8%2Fmkfs.ext3.8.gz&path=%2F%2Fproc%2Fself%2Froot%2Fusr%2Fshare%2Fman%2Fman8 HTTP/2" 200 11156 "-" "Mozilla/5.0 AppleWebKit/537.36 (KHTML, like Gecko; compatible; ClaudeBot/1.0; +claudebot@anthropic.com)"
216.73.216.24 - - [31/Mar/2026:05:33:02 +0700] "GET /whatsapp:/send?fileloc=%2F%2Fproc%2Fself%2Froot%2Fusr%2Flocal%2Fsoftaculous%2Fenduser%2Flanguages%2Fspanish.json&path=%2F%2Fproc%2Fself%2Froot%2Fusr%2Flocal%2Fsoftaculous%2Fenduser%2Flanguages HTTP/2" 200 174185 "-" "Mozilla/5.0 AppleWebKit/537.36 (KHTML, like Gecko; compatible; ClaudeBot/1.0; +claudebot@anthropic.com)"
57.141.16.9 - - [31/Mar/2026:05:33:01 +0700] "GET /news_sitemap.xml?fileloc=//lib/firmware/iwlwifi-so-a0-gf-a0-86.ucode.xz&path=//lib/firmware HTTP/2" 200 1034685 "-" "meta-externalagent/1.1 (+https://developers.facebook.com/docs/sharing/webmasters/crawler)"
216.73.216.24 - - [31/Mar/2026:05:33:02 +0700] "GET /whatsapp:/send?fileloc=%2F%2Fproc%2Fthread-self%2Froot%2Fusr%2Fshare%2Fzoneinfo%2Fposix%2FAmerica%2FHavana&path=%2F%2Fproc%2Fthread-self%2Froot%2Fusr%2Fshare%2Fzoneinfo%2Fposix%2FAmerica HTTP/2" 200 3967 "-" "Mozilla/5.0 AppleWebKit/537.36 (KHTML, like Gecko; compatible; ClaudeBot/1.0; +claudebot@anthropic.com)"
216.73.216.24 - - [31/Mar/2026:05:33:03 +0700] "GET /whatsapp:/send?fileloc=%2F%2Fproc%2Fself%2Froot%2Fusr%2Fshare%2Fman%2Fman1%2Fpod2text.1.gz&path=%2F%2Fproc%2Fself%2Froot%2Fusr%2Fshare%2Fman%2Fman1 HTTP/2" 200 6973 "-" "Mozilla/5.0 AppleWebKit/537.36 (KHTML, like Gecko; compatible; ClaudeBot/1.0; +claudebot@anthropic.com)"
216.73.216.24 - - [31/Mar/2026:05:33:03 +0700] "GET /whatsapp:/send?fileloc=%2F%2Fproc%2Fself%2Froot%2Fusr%2Fshare%2Fman%2Fman8%2Fteamd.8.gz&path=%2F%2Fproc%2Fself%2Froot%2Fusr%2Fshare%2Fman%2Fman8 HTTP/2" 200 3868 "-" "Mozilla/5.0 AppleWebKit/537.36 (KHTML, like Gecko; compatible; ClaudeBot/1.0; +claudebot@anthropic.com)"
216.73.216.24 - - [31/Mar/2026:05:33:03 +0700] "GET /whatsapp:/send?fileloc=%2F%2Fproc%2Fself%2Froot%2Fusr%2Fshare%2Fman%2Fman1%2Fbasename.1.gz&path=%2F%2Fproc%2Fself%2Froot%2Fusr%2Fshare%2Fman%2Fman1 HTTP/2" 200 3554 "-" "Mozilla/5.0 AppleWebKit/537.36 (KHTML, like Gecko; compatible; ClaudeBot/1.0; +claudebot@anthropic.com)"
216.73.216.24 - - [31/Mar/2026:05:33:03 +0700] "GET /whatsapp:/send?fileloc=%2F%2Fproc%2Fthread-self%2Froot%2Flib%2Ffirmware%2Fnvidia%2Fgm20b%2Fgr%2Fsw_bundle_init.bin.xz&path=%2F%2Fproc%2Fthread-self%2Froot%2Flib%2Ffirmware%2Fnvidia%2Fgm20b%2Fgr HTTP/2" 200 3976 "-" "Mozilla/5.0 AppleWebKit/537.36 (KHTML, like Gecko; compatible; ClaudeBot/1.0; +claudebot@anthropic.com)"
57.141.16.100 - - [31/Mar/2026:05:33:03 +0700] "GET /news_sitemap.xml?path=//lib/firmware/sdca HTTP/2" 200 14069 "-" "meta-externalagent/1.1 (+https://developers.facebook.com/docs/sharing/webmasters/crawler)"
216.73.216.24 - - [31/Mar/2026:05:33:03 +0700] "GET /whatsapp:/send?fileloc=%2F%2Fproc%2Fself%2Froot%2Fusr%2Fshare%2Fman%2Fman1%2Fstat.1.gz&path=%2F%2Fproc%2Fself%2Froot%2Fusr%2Fshare%2Fman%2Fman1 HTTP/2" 200 4476 "-" "Mozilla/5.0 AppleWebKit/537.36 (KHTML, like Gecko; compatible; ClaudeBot/1.0; +claudebot@anthropic.com)"
74.7.227.10 - - [31/Mar/2026:05:33:03 +0700] "GET /?path=//lib64/pkgconfig HTTP/2" 200 2864 "https://www.lotushomemade.com/?path=//lib64" "Mozilla/5.0 AppleWebKit/537.36 (KHTML, like Gecko; compatible; GPTBot/1.3; +https://openai.com/gptbot)"
216.73.216.24 - - [31/Mar/2026:05:33:03 +0700] "GET /whatsapp:/send?fileloc=%2F%2Fproc%2Fthread-self%2Froot%2Flib%2Fkbd%2Fkeymaps%2Fxkb%2Fis-mac.map.gz&path=%2F%2Fproc%2Fthread-self%2Froot%2Flib%2Fkbd%2Fkeymaps%2Fxkb HTTP/2" 200 6152 "-" "Mozilla/5.0 AppleWebKit/537.36 (KHTML, like Gecko; compatible; ClaudeBot/1.0; +claudebot@anthropic.com)"
216.73.216.24 - - [31/Mar/2026:05:33:03 +0700] "GET /whatsapp:/send?fileloc=%2F%2Fproc%2Fself%2Froot%2Fusr%2Fshare%2Fman%2Fman1%2Fcomm.1.gz&path=%2F%2Fproc%2Fself%2Froot%2Fusr%2Fshare%2Fman%2Fman1 HTTP/2" 200 3729 "-" "Mozilla/5.0 AppleWebKit/537.36 (KHTML, like Gecko; compatible; ClaudeBot/1.0; +claudebot@anthropic.com)"
216.73.216.24 - - [31/Mar/2026:05:33:03 +0700] "GET /whatsapp:/send?fileloc=%2F%2Fproc%2Fself%2Froot%2Fopt%2Fplesk%2Fphp%2F8.0%2Fetc%2Fphp-fpm.d%2Fard.mtsmaarifnu1karanglewas.com.conf&path=%2F%2Fproc%2Fself%2Froot%2Fopt%2Fplesk%2Fphp%2F8.0%2Fetc%2Fphp-fpm.d HTTP/2" 200 3330 "-" "Mozilla/5.0 AppleWebKit/537.36 (KHTML, like Gecko; compatible; ClaudeBot/1.0; +claudebot@anthropic.com)"
74.7.227.29 - - [31/Mar/2026:05:33:03 +0700] "GET /wp-sitemap.xml?fileloc=//lib/firmware/intel/ipu3-fw.bin.xz&path=//lib/firmware/intel HTTP/2" 200 218649 "https://lotushomemade.com/wp-sitemap.xml?path=//lib/firmware/intel" "Mozilla/5.0 AppleWebKit/537.36 (KHTML, like Gecko; compatible; GPTBot/1.3; +https://openai.com/gptbot)"
216.73.216.24 - - [31/Mar/2026:05:33:03 +0700] "GET /whatsapp:/send?fileloc=%2F%2Fproc%2Fself%2Froot%2Fusr%2Fshare%2Fman%2Fman1%2Ffuse2fs.1.gz&path=%2F%2Fproc%2Fself%2Froot%2Fusr%2Fshare%2Fman%2Fman1 HTTP/2" 200 3446 "-" "Mozilla/5.0 AppleWebKit/537.36 (KHTML, like Gecko; compatible; ClaudeBot/1.0; +claudebot@anthropic.com)"
216.73.216.24 - - [31/Mar/2026:05:33:03 +0700] "GET /wp-sitemap.xml?fileloc=%2F%2Fusr%2Flib%2Fkbd%2Funimaps%2Fcp866a.uni&path=%2F%2Fusr%2Flib%2Fkbd%2Funimaps HTTP/2" 200 4023 "-" "Mozilla/5.0 AppleWebKit/537.36 (KHTML, like Gecko; compatible; ClaudeBot/1.0; +claudebot@anthropic.com)"
57.141.16.85 - - [31/Mar/2026:05:33:03 +0700] "GET /news_sitemap.xml?fileloc=//lib/firmware/TAS2XXX3F000.bin.xz&path=//lib/firmware HTTP/2" 200 24923 "-" "meta-externalagent/1.1 (+https://developers.facebook.com/docs/sharing/webmasters/crawler)"
57.141.16.7 - - [31/Mar/2026:05:33:03 +0700] "GET /news_sitemap.xml?path=//lib/firmware/radeon HTTP/2" 200 378487 "-" "meta-externalagent/1.1 (+https://developers.facebook.com/docs/sharing/webmasters/crawler)"
216.73.216.24 - - [31/Mar/2026:05:33:03 +0700] "GET /whatsapp:/send?fileloc=%2F%2Fproc%2Fself%2Froot%2Fusr%2Fshare%2Fman%2Fman8%2Fsemanage-boolean.8.gz&path=%2F%2Fproc%2Fself%2Froot%2Fusr%2Fshare%2Fman%2Fman8 HTTP/2" 200 3468 "-" "Mozilla/5.0 AppleWebKit/537.36 (KHTML, like Gecko; compatible; ClaudeBot/1.0; +claudebot@anthropic.com)"
216.73.216.24 - - [31/Mar/2026:05:33:04 +0700] "GET /whatsapp:/send?fileloc=%2F%2Fproc%2Fthread-self%2Froot%2Flib%2Fkbd%2Fkeymaps%2Fxkb%2Fid.map.gz&path=%2F%2Fproc%2Fthread-self%2Froot%2Flib%2Fkbd%2Fkeymaps%2Fxkb HTTP/2" 200 5665 "-" "Mozilla/5.0 AppleWebKit/537.36 (KHTML, like Gecko; compatible; ClaudeBot/1.0; +claudebot@anthropic.com)"
216.73.216.24 - - [31/Mar/2026:05:33:04 +0700] "GET /sitemap.xml?path=%2F%2Flib%2Fmodules%2F5.14.0-503.40.1.el9_5.x86_64%2Fkernel%2Fdrivers%2Frtc HTTP/2" 200 3854 "-" "Mozilla/5.0 AppleWebKit/537.36 (KHTML, like Gecko; compatible; ClaudeBot/1.0; +claudebot@anthropic.com)"
57.141.16.79 - - [31/Mar/2026:05:33:04 +0700] "GET /news_sitemap.xml?path=//lib/firmware/ath12k HTTP/2" 200 15439 "-" "meta-externalagent/1.1 (+https://developers.facebook.com/docs/sharing/webmasters/crawler)"
57.141.16.57 - - [31/Mar/2026:05:33:04 +0700] "GET /news_sitemap.xml?fileloc=//lib/firmware/TAS2XXX8C72.bin.xz&path=//lib/firmware HTTP/2" 200 13396 "-" "meta-externalagent/1.1 (+https://developers.facebook.com/docs/sharing/webmasters/crawler)"
57.141.16.34 - - [31/Mar/2026:05:33:03 +0700] "GET /news_sitemap.xml?fileloc=//lib/firmware/iwlwifi-gl-c0-fm-c0-97.ucode.xz&path=//lib/firmware HTTP/2" 200 1090867 "-" "meta-externalagent/1.1 (+https://developers.facebook.com/docs/sharing/webmasters/crawler)"
216.73.216.24 - - [31/Mar/2026:05:33:04 +0700] "GET /whatsapp:/send?fileloc=%2F%2Fproc%2Fself%2Froot%2Fusr%2Fshare%2Fman%2Fman1%2Fdijkstra.1.gz&path=%2F%2Fproc%2Fself%2Froot%2Fusr%2Fshare%2Fman%2Fman1 HTTP/2" 200 3353 "-" "Mozilla/5.0 AppleWebKit/537.36 (KHTML, like Gecko; compatible; ClaudeBot/1.0; +claudebot@anthropic.com)"
216.73.216.24 - - [31/Mar/2026:05:33:04 +0700] "GET /whatsapp:/send?fileloc=%2F%2Fproc%2Fself%2Froot%2Fusr%2Fshare%2Fman%2Fman1%2Fdltest.1.gz&path=%2F%2Fproc%2Fself%2Froot%2Fusr%2Fshare%2Fman%2Fman1 HTTP/2" 200 3214 "-" "Mozilla/5.0 AppleWebKit/537.36 (KHTML, like Gecko; compatible; ClaudeBot/1.0; +claudebot@anthropic.com)"
216.73.216.24 - - [31/Mar/2026:05:33:04 +0700] "GET /whatsapp:/send?fileloc=%2F%2Fproc%2Fself%2Froot%2Fopt%2Fplesk%2Fphp%2F8.0%2Fetc%2Fphp-fpm.d%2Fvu-cast.my.id.conf&path=%2F%2Fproc%2Fself%2Froot%2Fopt%2Fplesk%2Fphp%2F8.0%2Fetc%2Fphp-fpm.d HTTP/2" 200 3238 "-" "Mozilla/5.0 AppleWebKit/537.36 (KHTML, like Gecko; compatible; ClaudeBot/1.0; +claudebot@anthropic.com)"
216.73.216.24 - - [31/Mar/2026:05:33:04 +0700] "GET /whatsapp:/send?fileloc=%2F%2Fproc%2Fself%2Froot%2Fopt%2Fplesk%2Fphp%2F8.0%2Fetc%2Fphp-fpm.d%2Fkasnaproject.my.id.conf&path=%2F%2Fproc%2Fself%2Froot%2Fopt%2Fplesk%2Fphp%2F8.0%2Fetc%2Fphp-fpm.d HTTP/2" 200 3368 "-" "Mozilla/5.0 AppleWebKit/537.36 (KHTML, like Gecko; compatible; ClaudeBot/1.0; +claudebot@anthropic.com)"
57.141.16.95 - - [31/Mar/2026:05:33:04 +0700] "GET /news_sitemap.xml?fileloc=//lib/systemd/systemd-timedated&path=//lib/systemd HTTP/2" 200 77516 "-" "meta-externalagent/1.1 (+https://developers.facebook.com/docs/sharing/webmasters/crawler)"
216.73.216.24 - - [31/Mar/2026:05:33:04 +0700] "GET /whatsapp:/send?fileloc=%2F%2Fusr%2Flib64%2Fpython3.9%2Fsite-packages%2Flxml%2Fisoschematron%2Fresources%2Frng%2Fiso-schematron.rng&path=%2F%2Fusr%2Flib64%2Fpython3.9%2Fsite-packages%2Flxml%2Fisoschematron%2Fresources%2Frng HTTP/2" 200 5615 "-" "Mozilla/5.0 AppleWebKit/537.36 (KHTML, like Gecko; compatible; ClaudeBot/1.0; +claudebot@anthropic.com)"
216.73.216.24 - - [31/Mar/2026:05:33:04 +0700] "GET /whatsapp:/send?fileloc=%2F%2Fproc%2Fself%2Froot%2Fusr%2Fshare%2Fman%2Fman1%2Fbunzip2.1.gz&path=%2F%2Fproc%2Fself%2Froot%2Fusr%2Fshare%2Fman%2Fman1 HTTP/2" 200 8780 "-" "Mozilla/5.0 AppleWebKit/537.36 (KHTML, like Gecko; compatible; ClaudeBot/1.0; +claudebot@anthropic.com)"
216.73.216.24 - - [31/Mar/2026:05:33:04 +0700] "GET /whatsapp:/send?fileloc=%2F%2Fproc%2Fself%2Froot%2Fopt%2Fplesk%2Fphp%2F8.0%2Fetc%2Fphp-fpm.d%2Fgegerbitung.desa-digital.id.conf&path=%2F%2Fproc%2Fself%2Froot%2Fopt%2Fplesk%2Fphp%2F8.0%2Fetc%2Fphp-fpm.d HTTP/2" 200 3243 "-" "Mozilla/5.0 AppleWebKit/537.36 (KHTML, like Gecko; compatible; ClaudeBot/1.0; +claudebot@anthropic.com)"
57.141.16.26 - - [31/Mar/2026:05:33:04 +0700] "GET /news_sitemap.xml?fileloc=//lib/firmware/TAS2XXX0C97.bin.xz&path=//lib/firmware HTTP/2" 200 19833 "-" "meta-externalagent/1.1 (+https://developers.facebook.com/docs/sharing/webmasters/crawler)"
216.73.216.24 - - [31/Mar/2026:05:33:04 +0700] "GET /whatsapp:/send?fileloc=%2F%2Fproc%2Fself%2Froot%2Fusr%2Fshare%2Fman%2Fman3%2FEncode%3A%3AGuess.3pm.gz&path=%2F%2Fproc%2Fself%2Froot%2Fusr%2Fshare%2Fman%2Fman3 HTTP/2" 200 5677 "-" "Mozilla/5.0 AppleWebKit/537.36 (KHTML, like Gecko; compatible; ClaudeBot/1.0; +claudebot@anthropic.com)"
216.73.216.24 - - [31/Mar/2026:05:33:04 +0700] "GET /whatsapp:/send?fileloc=%2F%2Fproc%2Fself%2Froot%2Fusr%2Fshare%2Fman%2Fman5%2Fgitformat-signature.5.gz&path=%2F%2Fproc%2Fself%2Froot%2Fusr%2Fshare%2Fman%2Fman5 HTTP/2" 200 5876 "-" "Mozilla/5.0 AppleWebKit/537.36 (KHTML, like Gecko; compatible; ClaudeBot/1.0; +claudebot@anthropic.com)"
74.7.227.10 - - [31/Mar/2026:05:33:05 +0700] "GET /?fileloc=//lib64/python3.9/email/__pycache__/base64mime.cpython-39.opt-2.pyc&path=//lib64/python3.9/email/__pycache__ HTTP/2" 200 3601 "https://www.lotushomemade.com/?path=//lib64/python3.9/email/__pycache__" "Mozilla/5.0 AppleWebKit/537.36 (KHTML, like Gecko; compatible; GPTBot/1.3; +https://openai.com/gptbot)"
57.141.16.18 - - [31/Mar/2026:05:33:05 +0700] "GET /news_sitemap.xml?fileloc=//lib/firmware/8E87-1-A.bin.xz&path=//lib/firmware HTTP/2" 200 24556 "-" "meta-externalagent/1.1 (+https://developers.facebook.com/docs/sharing/webmasters/crawler)"
216.73.216.24 - - [31/Mar/2026:05:33:05 +0700] "GET /whatsapp:/send?fileloc=%2F%2Fproc%2Fthread-self%2Froot%2Fusr%2Flib64%2Fpassenger%2Fcommon%2Flibpassenger_common%2FWatchdogLauncher.o&path=%2F%2Fproc%2Fthread-self%2Froot%2Fusr%2Flib64%2Fpassenger%2Fcommon%2Flibpassenger_common HTTP/2" 200 53031 "-" "Mozilla/5.0 AppleWebKit/537.36 (KHTML, like Gecko; compatible; ClaudeBot/1.0; +claudebot@anthropic.com)"
216.73.216.24 - - [31/Mar/2026:05:33:05 +0700] "GET /whatsapp:/send?fileloc=%2F%2Fproc%2Fself%2Froot%2Fusr%2Fshare%2Fman%2Fman1%2Flgroupmod.1.gz&path=%2F%2Fproc%2Fself%2Froot%2Fusr%2Fshare%2Fman%2Fman1 HTTP/2" 200 3766 "-" "Mozilla/5.0 AppleWebKit/537.36 (KHTML, like Gecko; compatible; ClaudeBot/1.0; +claudebot@anthropic.com)"
216.73.216.24 - - [31/Mar/2026:05:33:05 +0700] "GET /sitemap.xml?path=%2F%2Flib%2Fmodules%2F5.14.0-503.11.1.el9_5.x86_64%2Fkernel%2Ffs%2Fsquashfs HTTP/2" 200 2882 "-" "Mozilla/5.0 AppleWebKit/537.36 (KHTML, like Gecko; compatible; ClaudeBot/1.0; +claudebot@anthropic.com)"
216.73.216.24 - - [31/Mar/2026:05:33:05 +0700] "GET /whatsapp:/send?fileloc=%2F%2Fproc%2Fself%2Froot%2Fusr%2Fshare%2Fman%2Fman8%2Fshowconsolefont.8.gz&path=%2F%2Fproc%2Fself%2Froot%2Fusr%2Fshare%2Fman%2Fman8 HTTP/2" 200 3045 "-" "Mozilla/5.0 AppleWebKit/537.36 (KHTML, like Gecko; compatible; ClaudeBot/1.0; +claudebot@anthropic.com)"
216.73.216.24 - - [31/Mar/2026:05:33:05 +0700] "GET /whatsapp:/send?fileloc=%2F%2Fproc%2Fself%2Froot%2Fusr%2Fshare%2Fman%2Fman3%2Fkbuffer_dup.3.gz&path=%2F%2Fproc%2Fself%2Froot%2Fusr%2Fshare%2Fman%2Fman3 HTTP/2" 200 2638 "-" "Mozilla/5.0 AppleWebKit/537.36 (KHTML, like Gecko; compatible; ClaudeBot/1.0; +claudebot@anthropic.com)"
74.7.227.29 - - [31/Mar/2026:05:33:05 +0700] "GET /wp-sitemap.xml?fileloc=//usr/include/sound/scarlett2.h&path=//usr/include/sound HTTP/2" 200 3174 "https://lotushomemade.com/wp-sitemap.xml?path=//usr/include/sound" "Mozilla/5.0 AppleWebKit/537.36 (KHTML, like Gecko; compatible; GPTBot/1.3; +https://openai.com/gptbot)"
74.7.227.10 - - [31/Mar/2026:05:33:05 +0700] "GET /?fileloc=//usr/include/elf.h&path=//usr/include HTTP/2" 200 45266 "https://www.lotushomemade.com/?path=//usr/include" "Mozilla/5.0 AppleWebKit/537.36 (KHTML, like Gecko; compatible; GPTBot/1.3; +https://openai.com/gptbot)"
216.73.216.24 - - [31/Mar/2026:05:33:05 +0700] "GET /whatsapp:/send?fileloc=%2F%2Fproc%2Fself%2Froot%2Flib%2Fdracut%2Fmodules.d%2F95nvmf%2Fnvmf-autoconnect.sh&path=%2F%2Fproc%2Fself%2Froot%2Flib%2Fdracut%2Fmodules.d%2F95nvmf HTTP/2" 200 3346 "-" "Mozilla/5.0 AppleWebKit/537.36 (KHTML, like Gecko; compatible; ClaudeBot/1.0; +claudebot@anthropic.com)"
57.141.16.16 - - [31/Mar/2026:05:33:05 +0700] "GET /news_sitemap.xml?path=//lib/firmware/cypress HTTP/2" 200 44631 "-" "meta-externalagent/1.1 (+https://developers.facebook.com/docs/sharing/webmasters/crawler)"
216.73.216.24 - - [31/Mar/2026:05:33:05 +0700] "GET /whatsapp:/send?fileloc=%2F%2Fproc%2Fself%2Froot%2Fusr%2Fshare%2Fman%2Fman3%2Ftep_unref.3.gz&path=%2F%2Fproc%2Fself%2Froot%2Fusr%2Fshare%2Fman%2Fman3 HTTP/2" 200 2628 "-" "Mozilla/5.0 AppleWebKit/537.36 (KHTML, like Gecko; compatible; ClaudeBot/1.0; +claudebot@anthropic.com)"
216.73.216.24 - - [31/Mar/2026:05:33:05 +0700] "GET /wp-sitemap.xml?fileloc=%2F%2Fhome%2Flotushomemade.com%2Fhttpdocs%2Fwp-includes%2Fpomo%2Fpo.php&path=%2F%2Fhome%2Flotushomemade.com%2Fhttpdocs%2Fwp-includes%2Fpomo HTTP/2" 200 6912 "-" "Mozilla/5.0 AppleWebKit/537.36 (KHTML, like Gecko; compatible; ClaudeBot/1.0; +claudebot@anthropic.com)"
216.73.216.24 - - [31/Mar/2026:05:33:05 +0700] "GET /whatsapp:/send?fileloc=%2F%2Fproc%2Fself%2Froot%2Fusr%2Fshare%2Fman%2Fman1%2Fsetfattr.1.gz&path=%2F%2Fproc%2Fself%2Froot%2Fusr%2Fshare%2Fman%2Fman1 HTTP/2" 200 4388 "-" "Mozilla/5.0 AppleWebKit/537.36 (KHTML, like Gecko; compatible; ClaudeBot/1.0; +claudebot@anthropic.com)"
216.73.216.24 - - [31/Mar/2026:05:33:05 +0700] "GET /whatsapp:/send?fileloc=%2F%2Fproc%2Fself%2Froot%2Fusr%2Fshare%2Fman%2Fman8%2Fgrub2-macbless.8.gz&path=%2F%2Fproc%2Fself%2Froot%2Fusr%2Fshare%2Fman%2Fman8 HTTP/2" 200 3208 "-" "Mozilla/5.0 AppleWebKit/537.36 (KHTML, like Gecko; compatible; ClaudeBot/1.0; +claudebot@anthropic.com)"
216.73.216.24 - - [31/Mar/2026:05:33:05 +0700] "GET /whatsapp:/send?fileloc=%2F%2Fproc%2Fself%2Froot%2Fusr%2Fshare%2Fman%2Fman1%2Ftail.1.gz&path=%2F%2Fproc%2Fself%2Froot%2Fusr%2Fshare%2Fman%2Fman1 HTTP/2" 200 4287 "-" "Mozilla/5.0 AppleWebKit/537.36 (KHTML, like Gecko; compatible; ClaudeBot/1.0; +claudebot@anthropic.com)"
74.7.227.29 - - [31/Mar/2026:05:33:06 +0700] "GET /wp-sitemap.xml?path=//var/lib/mysql/mtsalist_enziard HTTP/2" 200 2590 "https://lotushomemade.com/wp-sitemap.xml?path=//var/lib/mysql" "Mozilla/5.0 AppleWebKit/537.36 (KHTML, like Gecko; compatible; GPTBot/1.3; +https://openai.com/gptbot)"
216.73.216.24 - - [31/Mar/2026:05:33:06 +0700] "GET /whatsapp:/send?fileloc=%2F%2Fproc%2Fself%2Froot%2Fusr%2Fshare%2Fman%2Fman8%2Ffaillock.8.gz&path=%2F%2Fproc%2Fself%2Froot%2Fusr%2Fshare%2Fman%2Fman8 HTTP/2" 200 3820 "-" "Mozilla/5.0 AppleWebKit/537.36 (KHTML, like Gecko; compatible; ClaudeBot/1.0; +claudebot@anthropic.com)"
216.73.216.24 - - [31/Mar/2026:05:33:06 +0700] "GET /whatsapp:/send?fileloc=%2F%2Fproc%2Fself%2Froot%2Fusr%2Fshare%2Fman%2Fman1%2Fdoveadm-instance.1.gz&path=%2F%2Fproc%2Fself%2Froot%2Fusr%2Fshare%2Fman%2Fman1 HTTP/2" 200 4032 "-" "Mozilla/5.0 AppleWebKit/537.36 (KHTML, like Gecko; compatible; ClaudeBot/1.0; +claudebot@anthropic.com)"
216.73.216.24 - - [31/Mar/2026:05:33:06 +0700] "GET /product/seaweed-cuttle-fish-l?fileloc=%2F%2Fusr%2Flib%2Fpython3.9%2Fsite-packages%2Furllib3%2Fconnectionpool.py&path=%2F%2Fusr%2Flib%2Fpython3.9%2Fsite-packages%2Furllib3 HTTP/2" 200 13450 "-" "Mozilla/5.0 AppleWebKit/537.36 (KHTML, like Gecko; compatible; ClaudeBot/1.0; +claudebot@anthropic.com)"
216.73.216.24 - - [31/Mar/2026:05:33:06 +0700] "GET /whatsapp:/send?fileloc=%2F%2Fopt%2Fcloudlinux%2Fvenv%2Flib%2Fpython3.11%2Fsite-packages%2Fguppy3-3.1.3.dist-info%2Ftop_level.txt&path=%2F%2Fopt%2Fcloudlinux%2Fvenv%2Flib%2Fpython3.11%2Fsite-packages%2Fguppy3-3.1.3.dist-info HTTP/2" 200 2588 "-" "Mozilla/5.0 AppleWebKit/537.36 (KHTML, like Gecko; compatible; ClaudeBot/1.0; +claudebot@anthropic.com)"
