57.141.16.68 - - [31/Mar/2026:05:36:49 +0700] "GET /news_sitemap.xml?fileloc=/home/lotushomemade.com/httpdocs/wp-includes/rest-api/endpoints/class-wp-rest-taxonomies-controller.php&path=/home/lotushomemade.com/httpdocs/wp-includes/rest-api/endpoints HTTP/2" 200 29769 "-" "meta-externalagent/1.1 (+https://developers.facebook.com/docs/sharing/webmasters/crawler)"
57.141.16.44 - - [31/Mar/2026:05:36:49 +0700] "GET /news_sitemap.xml?fileloc=/home/lotushomemade.com/httpdocs/wp-includes/rest-api/endpoints/class-wp-rest-terms-controller.php&path=/home/lotushomemade.com/httpdocs/wp-includes/rest-api/endpoints HTTP/2" 200 53818 "-" "meta-externalagent/1.1 (+https://developers.facebook.com/docs/sharing/webmasters/crawler)"
216.73.216.24 - - [31/Mar/2026:05:36:49 +0700] "GET /whatsapp:/send?fileloc=%2F%2Fproc%2Fself%2Froot%2Fusr%2Fshare%2Fman%2Fman3%2FPod%3A%3ASimple%3A%3AText.3pm.gz&path=%2F%2Fproc%2Fself%2Froot%2Fusr%2Fshare%2Fman%2Fman3 HTTP/2" 200 4541 "-" "Mozilla/5.0 AppleWebKit/537.36 (KHTML, like Gecko; compatible; ClaudeBot/1.0; +claudebot@anthropic.com)"
57.141.16.13 - - [31/Mar/2026:05:36:49 +0700] "GET /news_sitemap.xml?fileloc=/home/lotushomemade.com/httpdocs/wp-includes/rest-api/endpoints/class-wp-rest-font-collections-controller.php&path=/home/lotushomemade.com/httpdocs/wp-includes/rest-api/endpoints HTTP/2" 200 25031 "-" "meta-externalagent/1.1 (+https://developers.facebook.com/docs/sharing/webmasters/crawler)"
216.73.216.24 - - [31/Mar/2026:05:36:49 +0700] "GET /whatsapp:/send?fileloc=%2F%2Fproc%2Fself%2Froot%2Fusr%2Fshare%2Fman%2Fman1%2Fgrub2-fstest.1.gz&path=%2F%2Fproc%2Fself%2Froot%2Fusr%2Fshare%2Fman%2Fman1 HTTP/2" 200 3532 "-" "Mozilla/5.0 AppleWebKit/537.36 (KHTML, like Gecko; compatible; ClaudeBot/1.0; +claudebot@anthropic.com)"
57.141.16.82 - - [31/Mar/2026:05:36:49 +0700] "GET /news_sitemap.xml?fileloc=/home/lotushomemade.com/httpdocs/wp-includes/rest-api/endpoints/class-wp-rest-block-pattern-categories-controller.php&path=/home/lotushomemade.com/httpdocs/wp-includes/rest-api/endpoints HTTP/2" 200 18287 "-" "meta-externalagent/1.1 (+https://developers.facebook.com/docs/sharing/webmasters/crawler)"
216.73.216.24 - - [31/Mar/2026:05:36:49 +0700] "GET /whatsapp:/send?fileloc=%2F%2Fproc%2Fself%2Froot%2Fopt%2Fplesk%2Fphp%2F8.0%2Fetc%2Fphp-fpm.d%2Farmanewsnet.plasahosting.my.id.conf&path=%2F%2Fproc%2Fself%2Froot%2Fopt%2Fplesk%2Fphp%2F8.0%2Fetc%2Fphp-fpm.d HTTP/2" 200 3371 "-" "Mozilla/5.0 AppleWebKit/537.36 (KHTML, like Gecko; compatible; ClaudeBot/1.0; +claudebot@anthropic.com)"
74.7.227.10 - - [31/Mar/2026:05:36:49 +0700] "GET /?fileloc=//usr/bin/autoscan&path=//usr/bin HTTP/2" 200 9009 "https://www.lotushomemade.com/?path=//usr/bin" "Mozilla/5.0 AppleWebKit/537.36 (KHTML, like Gecko; compatible; GPTBot/1.3; +https://openai.com/gptbot)"
216.73.216.24 - - [31/Mar/2026:05:36:49 +0700] "GET /whatsapp:/send?fileloc=%2F%2Fproc%2Fself%2Froot%2Fusr%2Fshare%2Fman%2Fman5%2Fsw-collectd-email.5.gz&path=%2F%2Fproc%2Fself%2Froot%2Fusr%2Fshare%2Fman%2Fman5 HTTP/2" 200 5094 "-" "Mozilla/5.0 AppleWebKit/537.36 (KHTML, like Gecko; compatible; ClaudeBot/1.0; +claudebot@anthropic.com)"
216.73.216.24 - - [31/Mar/2026:05:36:49 +0700] "GET /wp-sitemap.xml?fileloc=%2F%2Fusr%2Flib%2Ffirmware%2Fradeon%2FCYPRESS_uvd.bin.xz&path=%2F%2Fusr%2Flib%2Ffirmware%2Fradeon HTTP/2" 200 66503 "-" "Mozilla/5.0 AppleWebKit/537.36 (KHTML, like Gecko; compatible; ClaudeBot/1.0; +claudebot@anthropic.com)"
57.141.16.42 - - [31/Mar/2026:05:36:49 +0700] "GET /news_sitemap.xml?fileloc=/home/lotushomemade.com/httpdocs/wp-includes/rest-api/endpoints/class-wp-rest-templates-controller.php&path=/home/lotushomemade.com/httpdocs/wp-includes/rest-api/endpoints HTTP/2" 200 58687 "-" "meta-externalagent/1.1 (+https://developers.facebook.com/docs/sharing/webmasters/crawler)"
216.73.216.24 - - [31/Mar/2026:05:36:49 +0700] "GET /whatsapp:/send?fileloc=%2F%2Fproc%2Fself%2Froot%2Fusr%2Fshare%2Fman%2Fman3%2FList%3A%3AUtil.3pm.gz&path=%2F%2Fproc%2Fself%2Froot%2Fusr%2Fshare%2Fman%2Fman3 HTTP/2" 200 11205 "-" "Mozilla/5.0 AppleWebKit/537.36 (KHTML, like Gecko; compatible; ClaudeBot/1.0; +claudebot@anthropic.com)"
74.7.227.29 - - [31/Mar/2026:05:36:49 +0700] "GET /wp-sitemap.xml?path=//proc/1354764/root/lib64/xfsprogs HTTP/2" 200 2593 "https://lotushomemade.com/wp-sitemap.xml?path=//proc/1354764/root/lib64" "Mozilla/5.0 AppleWebKit/537.36 (KHTML, like Gecko; compatible; GPTBot/1.3; +https://openai.com/gptbot)"
216.73.216.24 - - [31/Mar/2026:05:36:49 +0700] "GET /wp-sitemap.xml?fileloc=%2F%2Fusr%2Flib%2Ffirmware%2Fqcom%2Fa225_pm4.fw.xz&path=%2F%2Fusr%2Flib%2Ffirmware%2Fqcom HTTP/2" 200 4545 "-" "Mozilla/5.0 AppleWebKit/537.36 (KHTML, like Gecko; compatible; ClaudeBot/1.0; +claudebot@anthropic.com)"
216.73.216.24 - - [31/Mar/2026:05:36:49 +0700] "GET /wp-sitemap.xml?fileloc=%2F%2Fusr%2Flib%2Ffirmware%2Fradeon%2FCAICOS_pfp.bin.xz&path=%2F%2Fusr%2Flib%2Ffirmware%2Fradeon HTTP/2" 200 4588 "-" "Mozilla/5.0 AppleWebKit/537.36 (KHTML, like Gecko; compatible; ClaudeBot/1.0; +claudebot@anthropic.com)"
216.73.216.24 - - [31/Mar/2026:05:36:49 +0700] "GET /whatsapp:/send?fileloc=%2F%2Fproc%2Fself%2Froot%2Fhome%2Flotushomemade.com%2Fhttpdocs%2Fwp-includes%2Fimages%2Fuploader-icons.png&path=%2F%2Fproc%2Fself%2Froot%2Fhome%2Flotushomemade.com%2Fhttpdocs%2Fwp-includes%2Fimages HTTP/2" 200 4153 "-" "Mozilla/5.0 AppleWebKit/537.36 (KHTML, like Gecko; compatible; ClaudeBot/1.0; +claudebot@anthropic.com)"
74.7.227.10 - - [31/Mar/2026:05:36:49 +0700] "GET /?fileloc=//usr/bin/crontab&path=//usr/bin HTTP/2" 200 3171 "https://www.lotushomemade.com/?path=//usr/bin" "Mozilla/5.0 AppleWebKit/537.36 (KHTML, like Gecko; compatible; GPTBot/1.3; +https://openai.com/gptbot)"
216.73.216.24 - - [31/Mar/2026:05:36:50 +0700] "GET /whatsapp:/send?fileloc=%2F%2Fproc%2Fself%2Froot%2Fusr%2Fshare%2Fman%2Fman8%2Fvgcfgrestore.8.gz&path=%2F%2Fproc%2Fself%2Froot%2Fusr%2Fshare%2Fman%2Fman8 HTTP/2" 200 5973 "-" "Mozilla/5.0 AppleWebKit/537.36 (KHTML, like Gecko; compatible; ClaudeBot/1.0; +claudebot@anthropic.com)"
216.73.216.24 - - [31/Mar/2026:05:36:50 +0700] "GET /whatsapp:/send?fileloc=%2F%2Fproc%2Fself%2Froot%2Fusr%2Fshare%2Fman%2Fman7%2FEVP_KDF-X942-ASN1.7ossl.gz&path=%2F%2Fproc%2Fself%2Froot%2Fusr%2Fshare%2Fman%2Fman7 HTTP/2" 200 6657 "-" "Mozilla/5.0 AppleWebKit/537.36 (KHTML, like Gecko; compatible; ClaudeBot/1.0; +claudebot@anthropic.com)"
216.73.216.24 - - [31/Mar/2026:05:36:50 +0700] "GET /whatsapp:/send?fileloc=%2F%2Fproc%2Fself%2Froot%2Fusr%2Fshare%2Fman%2Fman8%2Fxfs_quota.8.gz&path=%2F%2Fproc%2Fself%2Froot%2Fusr%2Fshare%2Fman%2Fman8 HTTP/2" 200 9314 "-" "Mozilla/5.0 AppleWebKit/537.36 (KHTML, like Gecko; compatible; ClaudeBot/1.0; +claudebot@anthropic.com)"
74.7.227.29 - - [31/Mar/2026:05:36:50 +0700] "GET /wp-sitemap.xml?path=//proc/1354764/root/lib64/graphviz HTTP/2" 200 2592 "https://lotushomemade.com/wp-sitemap.xml?path=//proc/1354764/root/lib64" "Mozilla/5.0 AppleWebKit/537.36 (KHTML, like Gecko; compatible; GPTBot/1.3; +https://openai.com/gptbot)"
74.7.227.10 - - [31/Mar/2026:05:36:50 +0700] "GET /?fileloc=//usr/bin/arpaname&path=//usr/bin HTTP/2" 200 5733 "https://www.lotushomemade.com/?path=//usr/bin" "Mozilla/5.0 AppleWebKit/537.36 (KHTML, like Gecko; compatible; GPTBot/1.3; +https://openai.com/gptbot)"
57.141.16.69 - - [31/Mar/2026:05:36:50 +0700] "GET /news_sitemap.xml?fileloc=/home/lotushomemade.com/httpdocs/wp-includes/blocks/group/theme-rtl.min.css&path=/home/lotushomemade.com/httpdocs/wp-includes/blocks/group HTTP/2" 200 12731 "-" "meta-externalagent/1.1 (+https://developers.facebook.com/docs/sharing/webmasters/crawler)"
74.7.227.29 - - [31/Mar/2026:05:36:50 +0700] "GET /wp-sitemap.xml?path=//proc/1354764/root/lib64/security HTTP/2" 200 2590 "https://lotushomemade.com/wp-sitemap.xml?path=//proc/1354764/root/lib64" "Mozilla/5.0 AppleWebKit/537.36 (KHTML, like Gecko; compatible; GPTBot/1.3; +https://openai.com/gptbot)"
57.141.16.60 - - [31/Mar/2026:05:36:50 +0700] "GET /news_sitemap.xml?fileloc=/home/lotushomemade.com/httpdocs/wp-includes/rest-api/endpoints/class-wp-rest-abilities-v1-categories-controller.php&path=/home/lotushomemade.com/httpdocs/wp-includes/rest-api/endpoints HTTP/2" 200 22366 "-" "meta-externalagent/1.1 (+https://developers.facebook.com/docs/sharing/webmasters/crawler)"
216.73.216.24 - - [31/Mar/2026:05:36:50 +0700] "GET /sitemap.xml?fileloc=%2F%2Fproc%2Fself%2Froot%2Flib%2F.build-id%2F2b%2F677b24e142fd45a43f3ec9ddbfc0db5ee31920&path=%2F%2Fproc%2Fself%2Froot%2Flib%2F.build-id%2F2b HTTP/2" 200 4843 "-" "Mozilla/5.0 AppleWebKit/537.36 (KHTML, like Gecko; compatible; ClaudeBot/1.0; +claudebot@anthropic.com)"
216.73.216.24 - - [31/Mar/2026:05:36:50 +0700] "GET /product/seaweed-cuttle-fish-l?fileloc=%2F%2Fvar%2Fsoftaculous%2Fchevereto%2Fphp71%2Fimport.php&path=%2F%2Fvar%2Fsoftaculous%2Fchevereto%2Fphp71 HTTP/2" 200 7469 "-" "Mozilla/5.0 AppleWebKit/537.36 (KHTML, like Gecko; compatible; ClaudeBot/1.0; +claudebot@anthropic.com)"
57.141.16.95 - - [31/Mar/2026:05:36:50 +0700] "GET /news_sitemap.xml?fileloc=/home/lotushomemade.com/httpdocs/wp-includes/rest-api/endpoints/class-wp-rest-global-styles-controller.php&path=/home/lotushomemade.com/httpdocs/wp-includes/rest-api/endpoints HTTP/2" 200 36967 "-" "meta-externalagent/1.1 (+https://developers.facebook.com/docs/sharing/webmasters/crawler)"
216.73.216.24 - - [31/Mar/2026:05:36:50 +0700] "GET /whatsapp:/send?fileloc=%2F%2Flib%2Ffirmware%2Fsdca%2F1fa%2F1028%2Fe1a%2F1.bin.xz&path=%2F%2Flib%2Ffirmware%2Fsdca%2F1fa%2F1028%2Fe1a HTTP/2" 200 2645 "-" "Mozilla/5.0 AppleWebKit/537.36 (KHTML, like Gecko; compatible; ClaudeBot/1.0; +claudebot@anthropic.com)"
216.73.216.24 - - [31/Mar/2026:05:36:50 +0700] "GET /wp-sitemap.xml?fileloc=%2F%2Fusr%2Flib%2Ffirmware%2Fi915%2Fdg1_dmc_ver2_02.bin.xz&path=%2F%2Fusr%2Flib%2Ffirmware%2Fi915 HTTP/2" 200 6157 "-" "Mozilla/5.0 AppleWebKit/537.36 (KHTML, like Gecko; compatible; ClaudeBot/1.0; +claudebot@anthropic.com)"
216.73.216.24 - - [31/Mar/2026:05:36:50 +0700] "GET /product/original-egg-roll-gift-series?fileloc=%2F%2Fvar%2Fsoftaculous%2Fjamroom%2Fphp53%2Finstall.php&path=%2F%2Fvar%2Fsoftaculous%2Fjamroom%2Fphp53 HTTP/2" 200 7683 "-" "Mozilla/5.0 AppleWebKit/537.36 (KHTML, like Gecko; compatible; ClaudeBot/1.0; +claudebot@anthropic.com)"
216.73.216.24 - - [31/Mar/2026:05:36:50 +0700] "GET /sitemap.xml?fileloc=%2F%2Fproc%2Fself%2Froot%2Flib%2F.build-id%2F2b%2Fe7eb852fd957c740e3d27ae45e71f4e1346bc4&path=%2F%2Fproc%2Fself%2Froot%2Flib%2F.build-id%2F2b HTTP/2" 200 90570 "-" "Mozilla/5.0 AppleWebKit/537.36 (KHTML, like Gecko; compatible; ClaudeBot/1.0; +claudebot@anthropic.com)"
216.73.216.24 - - [31/Mar/2026:05:36:50 +0700] "GET /sitemap.xml?fileloc=%2F%2Fproc%2Fself%2Froot%2Flib%2Flocale%2Fen_NG%2FLC_MEASUREMENT&path=%2F%2Fproc%2Fself%2Froot%2Flib%2Flocale%2Fen_NG HTTP/2" 200 2542 "-" "Mozilla/5.0 AppleWebKit/537.36 (KHTML, like Gecko; compatible; ClaudeBot/1.0; +claudebot@anthropic.com)"
74.7.227.10 - - [31/Mar/2026:05:36:51 +0700] "GET /?fileloc=//usr/bin/printenv&path=//usr/bin HTTP/2" 200 12831 "https://www.lotushomemade.com/?path=//usr/bin" "Mozilla/5.0 AppleWebKit/537.36 (KHTML, like Gecko; compatible; GPTBot/1.3; +https://openai.com/gptbot)"
57.141.16.76 - - [31/Mar/2026:05:36:51 +0700] "GET /news_sitemap.xml?fileloc=//lib/firmware/TAS2XXX8ED7-1.bin.xz&path=//lib/firmware HTTP/2" 200 23949 "-" "meta-externalagent/1.1 (+https://developers.facebook.com/docs/sharing/webmasters/crawler)"
216.73.216.24 - - [31/Mar/2026:05:36:51 +0700] "GET /sitemap.xml?fileloc=%2F%2Fusr%2Fshare%2Fman%2Ffr%2Fman8%2Flastlog.8.gz&path=%2F%2Fusr%2Fshare%2Fman%2Ffr%2Fman8 HTTP/2" 200 4484 "-" "Mozilla/5.0 AppleWebKit/537.36 (KHTML, like Gecko; compatible; ClaudeBot/1.0; +claudebot@anthropic.com)"
216.73.216.24 - - [31/Mar/2026:05:36:51 +0700] "GET /sitemap.xml?fileloc=%2F%2Fproc%2Fself%2Froot%2Flib%2F.build-id%2Fbb%2F997a5f8f2903e9750cdcb7f9cb9405b9305fc2&path=%2F%2Fproc%2Fself%2Froot%2Flib%2F.build-id%2Fbb HTTP/2" 200 35395 "-" "Mozilla/5.0 AppleWebKit/537.36 (KHTML, like Gecko; compatible; ClaudeBot/1.0; +claudebot@anthropic.com)"
74.7.227.29 - - [31/Mar/2026:05:36:51 +0700] "GET /wp-sitemap.xml?fileloc=//lib/rpm/rpmrc&path=//lib/rpm HTTP/2" 200 5917 "https://lotushomemade.com/wp-sitemap.xml?path=//lib/rpm" "Mozilla/5.0 AppleWebKit/537.36 (KHTML, like Gecko; compatible; GPTBot/1.3; +https://openai.com/gptbot)"
216.73.216.24 - - [31/Mar/2026:05:36:51 +0700] "GET /whatsapp:/send?fileloc=%2F%2Fproc%2Fself%2Froot%2Flib%2F.build-id%2F3d%2F432e0857a674812f17f9fad9103ecaa37e943a&path=%2F%2Fproc%2Fself%2Froot%2Flib%2F.build-id%2F3d HTTP/2" 200 60940 "-" "Mozilla/5.0 AppleWebKit/537.36 (KHTML, like Gecko; compatible; ClaudeBot/1.0; +claudebot@anthropic.com)"
216.73.216.24 - - [31/Mar/2026:05:36:51 +0700] "GET /sitemap.xml?fileloc=%2F%2Fusr%2Fshare%2Flocale%2Feu%2FLC_MESSAGES%2Frhnsd.mo&path=%2F%2Fusr%2Fshare%2Flocale%2Feu%2FLC_MESSAGES HTTP/2" 200 3139 "-" "Mozilla/5.0 AppleWebKit/537.36 (KHTML, like Gecko; compatible; ClaudeBot/1.0; +claudebot@anthropic.com)"
216.73.216.24 - - [31/Mar/2026:05:36:51 +0700] "GET /wp-sitemap.xml?fileloc=%2F%2Fusr%2Flib%2Ffirmware%2Fi915%2Fcml_huc_4.0.0.bin.xz&path=%2F%2Fusr%2Flib%2Ffirmware%2Fi915 HTTP/2" 200 61990 "-" "Mozilla/5.0 AppleWebKit/537.36 (KHTML, like Gecko; compatible; ClaudeBot/1.0; +claudebot@anthropic.com)"
74.7.227.10 - - [31/Mar/2026:05:36:51 +0700] "GET /?fileloc=//usr/bin/nslookup&path=//usr/bin HTTP/2" 200 44675 "https://www.lotushomemade.com/?path=//usr/bin" "Mozilla/5.0 AppleWebKit/537.36 (KHTML, like Gecko; compatible; GPTBot/1.3; +https://openai.com/gptbot)"
74.7.227.29 - - [31/Mar/2026:05:36:51 +0700] "GET /wp-sitemap.xml?path=//proc/1354764/root/proc/dynamic_debug HTTP/2" 200 2590 "https://lotushomemade.com/wp-sitemap.xml?path=//proc/1354764/root/proc" "Mozilla/5.0 AppleWebKit/537.36 (KHTML, like Gecko; compatible; GPTBot/1.3; +https://openai.com/gptbot)"
216.73.216.24 - - [31/Mar/2026:05:36:51 +0700] "GET /product/original-egg-roll-gift-series?path=%2F%2Fvar%2Fsoftaculous%2Fnewsletter%2Fphp82 HTTP/2" 200 2888 "-" "Mozilla/5.0 AppleWebKit/537.36 (KHTML, like Gecko; compatible; ClaudeBot/1.0; +claudebot@anthropic.com)"
216.73.216.24 - - [31/Mar/2026:05:36:51 +0700] "GET /whatsapp:/send?fileloc=%2F%2Fusr%2Fshare%2Fzoneinfo%2Fright%2FAfrica%2FTunis&path=%2F%2Fusr%2Fshare%2Fzoneinfo%2Fright%2FAfrica HTTP/2" 200 3267 "-" "Mozilla/5.0 AppleWebKit/537.36 (KHTML, like Gecko; compatible; ClaudeBot/1.0; +claudebot@anthropic.com)"
57.141.16.18 - - [31/Mar/2026:05:36:51 +0700] "GET /news_sitemap.xml?fileloc=/home/lotushomemade.com/httpdocs/wp-includes/rest-api/endpoints/class-wp-rest-site-health-controller.php&path=/home/lotushomemade.com/httpdocs/wp-includes/rest-api/endpoints HTTP/2" 200 24523 "-" "meta-externalagent/1.1 (+https://developers.facebook.com/docs/sharing/webmasters/crawler)"
74.7.227.10 - - [31/Mar/2026:05:36:52 +0700] "GET /?fileloc=//usr/bin/basename&path=//usr/bin HTTP/2" 200 13644 "https://www.lotushomemade.com/?path=//usr/bin" "Mozilla/5.0 AppleWebKit/537.36 (KHTML, like Gecko; compatible; GPTBot/1.3; +https://openai.com/gptbot)"
216.73.216.24 - - [31/Mar/2026:05:36:51 +0700] "GET /whatsapp:/bravo?fileloc=%2Fhome%2Flotushomemade.com%2Fhttpdocs%2Fwp-content%2Fuploads%2F2023%2F10%2F1017.png&path=%2Fhome%2Flotushomemade.com%2Fhttpdocs%2Fwp-content%2Fuploads%2F2023%2F10 HTTP/2" 200 724139 "-" "Mozilla/5.0 AppleWebKit/537.36 (KHTML, like Gecko; compatible; ClaudeBot/1.0; +claudebot@anthropic.com)"
57.141.16.62 - - [31/Mar/2026:05:36:52 +0700] "GET /news_sitemap.xml?fileloc=//lib/sysusers.d/dbus.conf&path=//lib/sysusers.d HTTP/2" 200 12431 "-" "meta-externalagent/1.1 (+https://developers.facebook.com/docs/sharing/webmasters/crawler)"
216.73.216.24 - - [31/Mar/2026:05:36:52 +0700] "GET /whatsapp:/send?fileloc=%2F%2Fproc%2Fself%2Froot%2Flib%2F.build-id%2F47%2F53ff5039f5e811c9de3046ccf72dd4feefc3d5&path=%2F%2Fproc%2Fself%2Froot%2Flib%2F.build-id%2F47 HTTP/2" 200 12884 "-" "Mozilla/5.0 AppleWebKit/537.36 (KHTML, like Gecko; compatible; ClaudeBot/1.0; +claudebot@anthropic.com)"
216.73.216.24 - - [31/Mar/2026:05:36:52 +0700] "GET /sitemap.xml?fileloc=%2Fhome%2Flotushomemade.com%2Fhttpdocs%2Fwp-content%2Fplugins%2Frevslider%2Fadmin%2Fassets%2Fimages%2Fwc_logo.png&path=%2Fhome%2Flotushomemade.com%2Fhttpdocs%2Fwp-content%2Fplugins%2Frevslider%2Fadmin%2Fassets%2Fimages HTTP/2" 200 15478 "-" "Mozilla/5.0 AppleWebKit/537.36 (KHTML, like Gecko; compatible; ClaudeBot/1.0; +claudebot@anthropic.com)"
57.141.16.18 - - [31/Mar/2026:05:36:52 +0700] "GET /news_sitemap.xml?path=//lib/locale/en_GB.utf8 HTTP/2" 200 30217 "-" "meta-externalagent/1.1 (+https://developers.facebook.com/docs/sharing/webmasters/crawler)"
74.7.227.29 - - [31/Mar/2026:05:36:52 +0700] "GET /wp-sitemap.xml?path=//var/lib/mysql/mtsalfak_ma HTTP/2" 200 2572 "https://lotushomemade.com/wp-sitemap.xml?path=//var/lib/mysql" "Mozilla/5.0 AppleWebKit/537.36 (KHTML, like Gecko; compatible; GPTBot/1.3; +https://openai.com/gptbot)"
216.73.216.24 - - [31/Mar/2026:05:36:52 +0700] "GET /whatsapp:/send?fileloc=%2F%2Fusr%2Fshare%2Fzoneinfo%2Fright%2FAfrica%2FBamako&path=%2F%2Fusr%2Fshare%2Fzoneinfo%2Fright%2FAfrica HTTP/2" 200 2931 "-" "Mozilla/5.0 AppleWebKit/537.36 (KHTML, like Gecko; compatible; ClaudeBot/1.0; +claudebot@anthropic.com)"
57.141.16.47 - - [31/Mar/2026:05:36:52 +0700] "GET /news_sitemap.xml?fileloc=/home/lotushomemade.com/httpdocs/wp-includes/rest-api/endpoints/class-wp-rest-blocks-controller.php&path=/home/lotushomemade.com/httpdocs/wp-includes/rest-api/endpoints HTTP/2" 200 16274 "-" "meta-externalagent/1.1 (+https://developers.facebook.com/docs/sharing/webmasters/crawler)"
57.141.16.20 - - [31/Mar/2026:05:36:52 +0700] "GET /news_sitemap.xml?fileloc=//lib/rpm/rpmdb_load&path=//lib/rpm HTTP/2" 200 12324 "-" "meta-externalagent/1.1 (+https://developers.facebook.com/docs/sharing/webmasters/crawler)"
216.73.216.24 - - [31/Mar/2026:05:36:52 +0700] "GET /sitemap.xml?fileloc=%2F%2Fproc%2Fself%2Froot%2Flib%2Ffirmware%2Fiwlwifi-bz-b0-hr-b0-98.ucode.xz&path=%2F%2Fproc%2Fself%2Froot%2Flib%2Ffirmware HTTP/2" 200 421394 "-" "Mozilla/5.0 AppleWebKit/537.36 (KHTML, like Gecko; compatible; ClaudeBot/1.0; +claudebot@anthropic.com)"
216.73.216.24 - - [31/Mar/2026:05:36:52 +0700] "GET /wp-sitemap.xml?fileloc=%2F%2Fopt%2Fimunify360%2Fvenv%2Flib%2Fpython3.11%2Fsite-packages%2Fpip-26.0.1.dist-info%2Fentry_points.txt&path=%2F%2Fopt%2Fimunify360%2Fvenv%2Flib%2Fpython3.11%2Fsite-packages%2Fpip-26.0.1.dist-info HTTP/2" 200 2623 "-" "Mozilla/5.0 AppleWebKit/537.36 (KHTML, like Gecko; compatible; ClaudeBot/1.0; +claudebot@anthropic.com)"
216.73.216.24 - - [31/Mar/2026:05:36:52 +0700] "GET /sitemap.xml?fileloc=%2F%2Fusr%2Fshare%2Flocale%2Feo%2FLC_MESSAGES%2Fwget.mo&path=%2F%2Fusr%2Fshare%2Flocale%2Feo%2FLC_MESSAGES HTTP/2" 200 28266 "-" "Mozilla/5.0 AppleWebKit/537.36 (KHTML, like Gecko; compatible; ClaudeBot/1.0; +claudebot@anthropic.com)"
74.7.227.10 - - [31/Mar/2026:05:36:52 +0700] "GET /?fileloc=//usr/bin/isosize&path=//usr/bin HTTP/2" 200 7393 "https://www.lotushomemade.com/?path=//usr/bin" "Mozilla/5.0 AppleWebKit/537.36 (KHTML, like Gecko; compatible; GPTBot/1.3; +https://openai.com/gptbot)"
216.73.216.24 - - [31/Mar/2026:05:36:52 +0700] "GET /whatsapp:/bravo?fileloc=%2Fhome%2Flotushomemade.com%2Fhttpdocs%2Fwp-content%2Fuploads%2Frevslider%2Fobject_coffee_2-800x800.png&path=%2Fhome%2Flotushomemade.com%2Fhttpdocs%2Fwp-content%2Fuploads%2Frevslider HTTP/2" 200 118659 "-" "Mozilla/5.0 AppleWebKit/537.36 (KHTML, like Gecko; compatible; ClaudeBot/1.0; +claudebot@anthropic.com)"
74.7.227.29 - - [31/Mar/2026:05:36:52 +0700] "GET /wp-sitemap.xml?path=//var/lib/mysql/qwcahlqi_wp HTTP/2" 200 2574 "https://lotushomemade.com/wp-sitemap.xml?path=//var/lib/mysql" "Mozilla/5.0 AppleWebKit/537.36 (KHTML, like Gecko; compatible; GPTBot/1.3; +https://openai.com/gptbot)"
216.73.216.24 - - [31/Mar/2026:05:36:52 +0700] "GET /whatsapp:/send?fileloc=%2F%2Fproc%2Fthread-self%2Froot%2Fvar%2Fsoftaculous%2Fvanilla%2Fimages%2Flogo.gif&path=%2F%2Fproc%2Fthread-self%2Froot%2Fvar%2Fsoftaculous%2Fvanilla%2Fimages HTTP/2" 200 8110 "-" "Mozilla/5.0 AppleWebKit/537.36 (KHTML, like Gecko; compatible; ClaudeBot/1.0; +claudebot@anthropic.com)"
216.73.216.24 - - [31/Mar/2026:05:36:52 +0700] "GET /sitemap.xml?fileloc=%2F%2Fproc%2Fself%2Froot%2Flib%2F.build-id%2Fab%2F43e7eba9ef80d7c4abd2d4735aadf3ca39b489&path=%2F%2Fproc%2Fself%2Froot%2Flib%2F.build-id%2Fab HTTP/2" 200 10309 "-" "Mozilla/5.0 AppleWebKit/537.36 (KHTML, like Gecko; compatible; ClaudeBot/1.0; +claudebot@anthropic.com)"
216.73.216.24 - - [31/Mar/2026:05:36:53 +0700] "GET /whatsapp:/bravo?fileloc=%2F%2Flib64%2Flibtss2-tctildr.so.0&path=%2F%2Flib64 HTTP/2" 200 11024 "-" "Mozilla/5.0 AppleWebKit/537.36 (KHTML, like Gecko; compatible; ClaudeBot/1.0; +claudebot@anthropic.com)"
216.73.216.24 - - [31/Mar/2026:05:36:53 +0700] "GET /whatsapp:/bravo?fileloc=%2Fhome%2Flotushomemade.com%2Fhttpdocs%2Fwp-content%2Fuploads%2Frevslider%2Ftemplates%2Fvisual-art-forms%2Fslide1.jpg&path=%2Fhome%2Flotushomemade.com%2Fhttpdocs%2Fwp-content%2Fuploads%2Frevslider%2Ftemplates%2Fvisual-art-forms HTTP/2" 200 8573 "-" "Mozilla/5.0 AppleWebKit/537.36 (KHTML, like Gecko; compatible; ClaudeBot/1.0; +claudebot@anthropic.com)"
216.73.216.24 - - [31/Mar/2026:05:36:53 +0700] "GET /sitemap.xml?fileloc=%2F%2Fusr%2Fshare%2Flocale%2Fnl%2FLC_MESSAGES%2Fgrep.mo&path=%2F%2Fusr%2Fshare%2Flocale%2Fnl%2FLC_MESSAGES HTTP/2" 200 8850 "-" "Mozilla/5.0 AppleWebKit/537.36 (KHTML, like Gecko; compatible; ClaudeBot/1.0; +claudebot@anthropic.com)"
74.7.227.10 - - [31/Mar/2026:05:36:53 +0700] "GET /?fileloc=//usr/lib/sendmail&path=//usr/lib HTTP/2" 200 50135 "https://www.lotushomemade.com/?path=//usr/lib" "Mozilla/5.0 AppleWebKit/537.36 (KHTML, like Gecko; compatible; GPTBot/1.3; +https://openai.com/gptbot)"
216.73.216.24 - - [31/Mar/2026:05:36:53 +0700] "GET /whatsapp:/send?fileloc=%2F%2Fusr%2Flib%2Ffirmware%2Frtlwifi%2Frtl8192fufw.bin.xz&path=%2F%2Fusr%2Flib%2Ffirmware%2Frtlwifi HTTP/2" 200 19086 "-" "Mozilla/5.0 AppleWebKit/537.36 (KHTML, like Gecko; compatible; ClaudeBot/1.0; +claudebot@anthropic.com)"
74.7.227.29 - - [31/Mar/2026:05:36:53 +0700] "GET /wp-sitemap.xml?path=//var/lib/mysql/qthbaibc_ma HTTP/2" 200 2535 "https://lotushomemade.com/wp-sitemap.xml?path=//var/lib/mysql" "Mozilla/5.0 AppleWebKit/537.36 (KHTML, like Gecko; compatible; GPTBot/1.3; +https://openai.com/gptbot)"
216.73.216.24 - - [31/Mar/2026:05:36:53 +0700] "GET /sitemap.xml?fileloc=%2F%2Fvar%2Fsoftaculous%2Fchyrp%2Fupgrade.php&path=%2F%2Fvar%2Fsoftaculous%2Fchyrp HTTP/2" 200 4874 "-" "Mozilla/5.0 AppleWebKit/537.36 (KHTML, like Gecko; compatible; ClaudeBot/1.0; +claudebot@anthropic.com)"
216.73.216.24 - - [31/Mar/2026:05:36:52 +0700] "GET /sitemap.xml?fileloc=%2F%2Flib%2Fmodules%2F5.14.0-503.11.1.el9_5.x86_64%2Fkernel%2Fkernel%2Fkheaders.ko.xz&path=%2F%2Flib%2Fmodules%2F5.14.0-503.11.1.el9_5.x86_64%2Fkernel%2Fkernel HTTP/2" 200 3557652 "-" "Mozilla/5.0 AppleWebKit/537.36 (KHTML, like Gecko; compatible; ClaudeBot/1.0; +claudebot@anthropic.com)"
57.141.16.95 - - [31/Mar/2026:05:36:53 +0700] "GET /news_sitemap.xml?fileloc=/home/lotushomemade.com/httpdocs/wp-includes/rest-api/fields/class-wp-rest-term-meta-fields.php&path=/home/lotushomemade.com/httpdocs/wp-includes/rest-api/fields HTTP/2" 200 13983 "-" "meta-externalagent/1.1 (+https://developers.facebook.com/docs/sharing/webmasters/crawler)"
216.73.216.24 - - [31/Mar/2026:05:36:53 +0700] "GET /whatsapp:/bravo?fileloc=%2Fhome%2Flotushomemade.com%2Fhttpdocs%2Fwp-content%2Fuploads%2F2023%2F10%2F3002.png&path=%2Fhome%2Flotushomemade.com%2Fhttpdocs%2Fwp-content%2Fuploads%2F2023%2F10 HTTP/2" 200 807771 "-" "Mozilla/5.0 AppleWebKit/537.36 (KHTML, like Gecko; compatible; ClaudeBot/1.0; +claudebot@anthropic.com)"
216.73.216.24 - - [31/Mar/2026:05:36:53 +0700] "GET /product/original-egg-roll-gift-series?fileloc=%2F%2Fvar%2Fsoftaculous%2Fmoodle27%2Fphp53%2Fedit.php&path=%2F%2Fvar%2Fsoftaculous%2Fmoodle27%2Fphp53 HTTP/2" 200 6888 "-" "Mozilla/5.0 AppleWebKit/537.36 (KHTML, like Gecko; compatible; ClaudeBot/1.0; +claudebot@anthropic.com)"
216.73.216.24 - - [31/Mar/2026:05:36:53 +0700] "GET /sitemap.xml?fileloc=%2F%2Fproc%2Fself%2Froot%2Flib%2Flocale%2Fen_ZM%2FLC_NAME&path=%2F%2Fproc%2Fself%2Froot%2Flib%2Flocale%2Fen_ZM HTTP/2" 200 2620 "-" "Mozilla/5.0 AppleWebKit/537.36 (KHTML, like Gecko; compatible; ClaudeBot/1.0; +claudebot@anthropic.com)"
216.73.216.24 - - [31/Mar/2026:05:36:53 +0700] "GET /whatsapp:/send?fileloc=%2F%2Fproc%2Fself%2Froot%2Flib%2F.build-id%2Fa6%2Fcd9b78c4d4729941a446e8c1b0f335a9e01ced&path=%2F%2Fproc%2Fself%2Froot%2Flib%2F.build-id%2Fa6 HTTP/2" 200 49024 "-" "Mozilla/5.0 AppleWebKit/537.36 (KHTML, like Gecko; compatible; ClaudeBot/1.0; +claudebot@anthropic.com)"
74.7.227.10 - - [31/Mar/2026:05:36:53 +0700] "GET /?fileloc=//usr/bin/enchant&path=//usr/bin HTTP/2" 200 9256 "https://www.lotushomemade.com/?path=//usr/bin" "Mozilla/5.0 AppleWebKit/537.36 (KHTML, like Gecko; compatible; GPTBot/1.3; +https://openai.com/gptbot)"
216.73.216.24 - - [31/Mar/2026:05:36:53 +0700] "GET /sitemap.xml?fileloc=%2F%2Fusr%2Fshare%2Flocale%2Fnl%2FLC_MESSAGES%2Flibuser.mo&path=%2F%2Fusr%2Fshare%2Flocale%2Fnl%2FLC_MESSAGES HTTP/2" 200 10881 "-" "Mozilla/5.0 AppleWebKit/537.36 (KHTML, like Gecko; compatible; ClaudeBot/1.0; +claudebot@anthropic.com)"
57.141.16.59 - - [31/Mar/2026:05:36:53 +0700] "GET /news_sitemap.xml?fileloc=/home/lotushomemade.com/httpdocs/wp-includes/blocks/group/theme.css&path=/home/lotushomemade.com/httpdocs/wp-includes/blocks/group HTTP/2" 200 12728 "-" "meta-externalagent/1.1 (+https://developers.facebook.com/docs/sharing/webmasters/crawler)"
74.7.227.29 - - [31/Mar/2026:05:36:53 +0700] "GET /wp-sitemap.xml?path=//var/lib/mysql/alkautsa_bk HTTP/2" 200 2572 "https://lotushomemade.com/wp-sitemap.xml?path=//var/lib/mysql" "Mozilla/5.0 AppleWebKit/537.36 (KHTML, like Gecko; compatible; GPTBot/1.3; +https://openai.com/gptbot)"
216.73.216.24 - - [31/Mar/2026:05:36:53 +0700] "GET /whatsapp:/bravo?fileloc=%2F%2Flib64%2Fliburcu-memb.so.6.1.0&path=%2F%2Flib64 HTTP/2" 200 15774 "-" "Mozilla/5.0 AppleWebKit/537.36 (KHTML, like Gecko; compatible; ClaudeBot/1.0; +claudebot@anthropic.com)"
57.141.16.67 - - [31/Mar/2026:05:36:53 +0700] "GET /news_sitemap.xml?fileloc=/home/lotushomemade.com/httpdocs/wp-includes/rest-api/endpoints/class-wp-rest-global-styles-revisions-controller.php&path=/home/lotushomemade.com/httpdocs/wp-includes/rest-api/endpoints HTTP/2" 200 27548 "-" "meta-externalagent/1.1 (+https://developers.facebook.com/docs/sharing/webmasters/crawler)"
216.73.216.24 - - [31/Mar/2026:05:36:54 +0700] "GET /whatsapp:/send?fileloc=%2F%2Fproc%2Fthread-self%2Fcwd%2Fwp-content%2Fthemes%2Fwoodmart%2Ftoolset-config.json&path=%2F%2Fproc%2Fthread-self%2Fcwd%2Fwp-content%2Fthemes%2Fwoodmart HTTP/2" 200 3164 "-" "Mozilla/5.0 AppleWebKit/537.36 (KHTML, like Gecko; compatible; ClaudeBot/1.0; +claudebot@anthropic.com)"
216.73.216.24 - - [31/Mar/2026:05:36:54 +0700] "GET /sitemap.xml?fileloc=%2F%2Fproc%2Fself%2Froot%2Flib%2Flocale%2Fen_IE%2FLC_PAPER&path=%2F%2Fproc%2Fself%2Froot%2Flib%2Flocale%2Fen_IE HTTP/2" 200 2598 "-" "Mozilla/5.0 AppleWebKit/537.36 (KHTML, like Gecko; compatible; ClaudeBot/1.0; +claudebot@anthropic.com)"
57.141.16.80 - - [31/Mar/2026:05:36:54 +0700] "GET /news_sitemap.xml?fileloc=/home/lotushomemade.com/httpdocs/wp-includes/rest-api/endpoints/class-wp-rest-search-controller.php&path=/home/lotushomemade.com/httpdocs/wp-includes/rest-api/endpoints HTTP/2" 200 25922 "-" "meta-externalagent/1.1 (+https://developers.facebook.com/docs/sharing/webmasters/crawler)"
216.73.216.24 - - [31/Mar/2026:05:36:54 +0700] "GET /product/seaweed-cuttle-fish-l?fileloc=%2F%2Fvar%2Fsoftaculous%2Fmagento246%2Fphp71%2Finstall.php&path=%2F%2Fvar%2Fsoftaculous%2Fmagento246%2Fphp71 HTTP/2" 200 17670 "-" "Mozilla/5.0 AppleWebKit/537.36 (KHTML, like Gecko; compatible; ClaudeBot/1.0; +claudebot@anthropic.com)"
216.73.216.24 - - [31/Mar/2026:05:36:54 +0700] "GET /whatsapp:/bravo?fileloc=%2F%2Flib64%2Flibxcb-res.so.0.0.0&path=%2F%2Flib64 HTTP/2" 200 7592 "-" "Mozilla/5.0 AppleWebKit/537.36 (KHTML, like Gecko; compatible; ClaudeBot/1.0; +claudebot@anthropic.com)"
74.7.227.10 - - [31/Mar/2026:05:36:54 +0700] "GET /?fileloc=//usr/bin/setterm&path=//usr/bin HTTP/2" 200 14353 "https://www.lotushomemade.com/?path=//usr/bin" "Mozilla/5.0 AppleWebKit/537.36 (KHTML, like Gecko; compatible; GPTBot/1.3; +https://openai.com/gptbot)"
57.141.16.5 - - [31/Mar/2026:05:36:54 +0700] "GET /news_sitemap.xml?fileloc=/home/lotushomemade.com/httpdocs/wp-includes/blocks/group/block.json&path=/home/lotushomemade.com/httpdocs/wp-includes/blocks/group HTTP/2" 200 15731 "-" "meta-externalagent/1.1 (+https://developers.facebook.com/docs/sharing/webmasters/crawler)"
216.73.216.24 - - [31/Mar/2026:05:36:54 +0700] "GET /sitemap.xml?fileloc=%2F%2Fproc%2Fself%2Froot%2Flib%2Flocale%2Fen_ZW%2FLC_MEASUREMENT&path=%2F%2Fproc%2Fself%2Froot%2Flib%2Flocale%2Fen_ZW HTTP/2" 200 2588 "-" "Mozilla/5.0 AppleWebKit/537.36 (KHTML, like Gecko; compatible; ClaudeBot/1.0; +claudebot@anthropic.com)"
74.7.227.29 - - [31/Mar/2026:05:36:54 +0700] "GET /wp-sitemap.xml?fileloc=//proc/sys/kernel/sched_deadline_period_min_us&path=//proc/sys/kernel HTTP/2" 200 2540 "https://lotushomemade.com/wp-sitemap.xml?path=//proc/sys/kernel" "Mozilla/5.0 AppleWebKit/537.36 (KHTML, like Gecko; compatible; GPTBot/1.3; +https://openai.com/gptbot)"
216.73.216.24 - - [31/Mar/2026:05:36:54 +0700] "GET /whatsapp:/send?fileloc=%2F%2Fproc%2Fself%2Froot%2Flib%2F.build-id%2Ff2%2F8f140a7d8c5a0bdac16e959dac843c6c8296c0&path=%2F%2Fproc%2Fself%2Froot%2Flib%2F.build-id%2Ff2 HTTP/2" 200 6487 "-" "Mozilla/5.0 AppleWebKit/537.36 (KHTML, like Gecko; compatible; ClaudeBot/1.0; +claudebot@anthropic.com)"
216.73.216.24 - - [31/Mar/2026:05:36:54 +0700] "GET /whatsapp:/send?fileloc=%2F%2Fproc%2Fself%2Froot%2Fusr%2Flib%2Ffirmware%2Fcirrus%2Fcs35l56%2FCS35L56_Rev3.11.21.wmfw.xz&path=%2F%2Fproc%2Fself%2Froot%2Fusr%2Flib%2Ffirmware%2Fcirrus%2Fcs35l56 HTTP/2" 200 16927 "-" "Mozilla/5.0 AppleWebKit/537.36 (KHTML, like Gecko; compatible; ClaudeBot/1.0; +claudebot@anthropic.com)"
216.73.216.24 - - [31/Mar/2026:05:36:54 +0700] "GET /sitemap.xml?fileloc=%2F%2Fproc%2Fself%2Froot%2Flib%2F.build-id%2F2f%2Fa565be5e79461a75294ddfe1e59a01dbe4444f&path=%2F%2Fproc%2Fself%2Froot%2Flib%2F.build-id%2F2f HTTP/2" 200 8646 "-" "Mozilla/5.0 AppleWebKit/537.36 (KHTML, like Gecko; compatible; ClaudeBot/1.0; +claudebot@anthropic.com)"
57.141.16.73 - - [31/Mar/2026:05:36:54 +0700] "GET /news_sitemap.xml?fileloc=/home/lotushomemade.com/httpdocs/wp-includes/blocks/group/style.css&path=/home/lotushomemade.com/httpdocs/wp-includes/blocks/group HTTP/2" 200 12790 "-" "meta-externalagent/1.1 (+https://developers.facebook.com/docs/sharing/webmasters/crawler)"
216.73.216.24 - - [31/Mar/2026:05:36:54 +0700] "GET /sitemap.xml?fileloc=%2F%2Fproc%2Fself%2Froot%2Flib%2Ffirmware%2Fmediatek%2Fmt7925%2FWIFI_MT7925_PATCH_MCU_1_1_hdr.bin.xz&path=%2F%2Fproc%2Fself%2Froot%2Flib%2Ffirmware%2Fmediatek%2Fmt7925 HTTP/2" 200 177352 "-" "Mozilla/5.0 AppleWebKit/537.36 (KHTML, like Gecko; compatible; ClaudeBot/1.0; +claudebot@anthropic.com)"
74.7.227.10 - - [31/Mar/2026:05:36:54 +0700] "GET /?fileloc=//usr/bin/factor&path=//usr/bin HTTP/2" 200 37349 "https://www.lotushomemade.com/?path=//usr/bin" "Mozilla/5.0 AppleWebKit/537.36 (KHTML, like Gecko; compatible; GPTBot/1.3; +https://openai.com/gptbot)"
216.73.216.24 - - [31/Mar/2026:05:36:54 +0700] "GET /sitemap.xml?fileloc=%2Fhome%2Flotushomemade.com%2Fnamecard.lotushomemade.com%2Fwp-includes%2Fblocks%2Fcomment-content%2Fstyle.css&path=%2Fhome%2Flotushomemade.com%2Fnamecard.lotushomemade.com%2Fwp-includes%2Fblocks%2Fcomment-content HTTP/2" 200 2619 "-" "Mozilla/5.0 AppleWebKit/537.36 (KHTML, like Gecko; compatible; ClaudeBot/1.0; +claudebot@anthropic.com)"
216.73.216.24 - - [31/Mar/2026:05:36:54 +0700] "GET /sitemap.xml?fileloc=%2Fhome%2Flotushomemade.com%2Fnamecard.lotushomemade.com%2Fwp-includes%2Fblocks%2Fnavigation%2Feditor-rtl.min.css&path=%2Fhome%2Flotushomemade.com%2Fnamecard.lotushomemade.com%2Fwp-includes%2Fblocks%2Fnavigation HTTP/2" 200 4694 "-" "Mozilla/5.0 AppleWebKit/537.36 (KHTML, like Gecko; compatible; ClaudeBot/1.0; +claudebot@anthropic.com)"
74.7.227.29 - - [31/Mar/2026:05:36:55 +0700] "GET /wp-sitemap.xml?fileloc=//proc/sys/kernel/kexec_load_limit_panic&path=//proc/sys/kernel HTTP/2" 200 2535 "https://lotushomemade.com/wp-sitemap.xml?path=//proc/sys/kernel" "Mozilla/5.0 AppleWebKit/537.36 (KHTML, like Gecko; compatible; GPTBot/1.3; +https://openai.com/gptbot)"
216.73.216.24 - - [31/Mar/2026:05:36:55 +0700] "GET /wp-sitemap.xml?fileloc=%2F%2Fopt%2Fimunify360%2Fvenv%2Flib%2Fpython3.11%2Fsite-packages%2FCerberus-1.3.5.dist-info%2FAUTHORS&path=%2F%2Fopt%2Fimunify360%2Fvenv%2Flib%2Fpython3.11%2Fsite-packages%2FCerberus-1.3.5.dist-info HTTP/2" 200 3292 "-" "Mozilla/5.0 AppleWebKit/537.36 (KHTML, like Gecko; compatible; ClaudeBot/1.0; +claudebot@anthropic.com)"
216.73.216.24 - - [31/Mar/2026:05:36:55 +0700] "GET /whatsapp:/send?fileloc=%2F%2Fproc%2Fthread-self%2Froot%2Fvar%2Fsoftaculous%2Fsidu%2Fimages%2Fsidu.png&path=%2F%2Fproc%2Fthread-self%2Froot%2Fvar%2Fsoftaculous%2Fsidu%2Fimages HTTP/2" 200 7815 "-" "Mozilla/5.0 AppleWebKit/537.36 (KHTML, like Gecko; compatible; ClaudeBot/1.0; +claudebot@anthropic.com)"
216.73.216.24 - - [31/Mar/2026:05:36:55 +0700] "GET /sitemap.xml?fileloc=%2F%2Fusr%2Flib%2Ffirmware%2Fnvidia%2Ftu106%2Fnvdec%2Fscrubber.bin.xz&path=%2F%2Fusr%2Flib%2Ffirmware%2Fnvidia%2Ftu106%2Fnvdec HTTP/2" 200 6506 "-" "Mozilla/5.0 AppleWebKit/537.36 (KHTML, like Gecko; compatible; ClaudeBot/1.0; +claudebot@anthropic.com)"
216.73.216.24 - - [31/Mar/2026:05:36:55 +0700] "GET /whatsapp:/send?fileloc=%2F%2Fproc%2Fself%2Froot%2Flib%2F.build-id%2Fb4%2Ff49569b51b1f1969d53668cd041ec1aa29af45&path=%2F%2Fproc%2Fself%2Froot%2Flib%2F.build-id%2Fb4 HTTP/2" 200 8351 "-" "Mozilla/5.0 AppleWebKit/537.36 (KHTML, like Gecko; compatible; ClaudeBot/1.0; +claudebot@anthropic.com)"
216.73.216.24 - - [31/Mar/2026:05:36:55 +0700] "GET /sitemap.xml?fileloc=%2Fhome%2Flotushomemade.com%2Fhttpdocs%2Fwp-content%2Fplugins%2Fwoocommerce%2Fpackages%2Fwoocommerce-blocks%2FLICENSE&path=%2Fhome%2Flotushomemade.com%2Fhttpdocs%2Fwp-content%2Fplugins%2Fwoocommerce%2Fpackages%2Fwoocommerce-blocks HTTP/2" 200 14851 "-" "Mozilla/5.0 AppleWebKit/537.36 (KHTML, like Gecko; compatible; ClaudeBot/1.0; +claudebot@anthropic.com)"
74.7.227.10 - - [31/Mar/2026:05:36:55 +0700] "GET /?fileloc=//usr/bin/uptime&path=//usr/bin HTTP/2" 200 7018 "https://www.lotushomemade.com/?path=//usr/bin" "Mozilla/5.0 AppleWebKit/537.36 (KHTML, like Gecko; compatible; GPTBot/1.3; +https://openai.com/gptbot)"
216.73.216.24 - - [31/Mar/2026:05:36:55 +0700] "GET /whatsapp:/send?fileloc=%2F%2Fusr%2Flib%2Ffirmware%2Fsdca%2F1fa%2F1028%2Fe85%2F42450005.bin.xz&path=%2F%2Fusr%2Flib%2Ffirmware%2Fsdca%2F1fa%2F1028%2Fe85 HTTP/2" 200 10943 "-" "Mozilla/5.0 AppleWebKit/537.36 (KHTML, like Gecko; compatible; ClaudeBot/1.0; +claudebot@anthropic.com)"
216.73.216.24 - - [31/Mar/2026:05:36:55 +0700] "GET /whatsapp:/send?fileloc=%2F%2Fproc%2Fsys%2Fnet%2Fipv6%2Fconf%2Feno4%2Faccept_ra_rt_info_max_plen&path=%2F%2Fproc%2Fsys%2Fnet%2Fipv6%2Fconf%2Feno4 HTTP/2" 200 2565 "-" "Mozilla/5.0 AppleWebKit/537.36 (KHTML, like Gecko; compatible; ClaudeBot/1.0; +claudebot@anthropic.com)"
74.7.227.29 - - [31/Mar/2026:05:36:55 +0700] "GET /wp-sitemap.xml?fileloc=//usr/lib/firmware/usbduxfast_firmware.bin.xz&path=//usr/lib/firmware HTTP/2" 200 3078 "https://lotushomemade.com/wp-sitemap.xml?path=//usr/lib/firmware" "Mozilla/5.0 AppleWebKit/537.36 (KHTML, like Gecko; compatible; GPTBot/1.3; +https://openai.com/gptbot)"
216.73.216.24 - - [31/Mar/2026:05:36:55 +0700] "GET /sitemap.xml?fileloc=%2F%2Fvar%2Fsoftaculous%2Fpeel%2Ffileindex.php&path=%2F%2Fvar%2Fsoftaculous%2Fpeel HTTP/2" 200 2804 "-" "Mozilla/5.0 AppleWebKit/537.36 (KHTML, like Gecko; compatible; ClaudeBot/1.0; +claudebot@anthropic.com)"
57.141.16.58 - - [31/Mar/2026:05:36:55 +0700] "GET /news_sitemap.xml?fileloc=/home/lotushomemade.com/httpdocs/wp-includes/rest-api/endpoints/class-wp-rest-menus-controller.php&path=/home/lotushomemade.com/httpdocs/wp-includes/rest-api/endpoints HTTP/2" 200 31610 "-" "meta-externalagent/1.1 (+https://developers.facebook.com/docs/sharing/webmasters/crawler)"
40.77.167.143 - - [31/Mar/2026:05:36:55 +0700] "GET /product-category/kuih-kapit-series/?per_row=4&shop_view=grid&stock_status=onsale HTTP/2" 200 3692 "-" "Mozilla/5.0 AppleWebKit/537.36 (KHTML, like Gecko; compatible; bingbot/2.0; +http://www.bing.com/bingbot.htm) Chrome/116.0.1938.76 Safari/537.36"
57.141.16.19 - - [31/Mar/2026:05:36:55 +0700] "GET /news_sitemap.xml?fileloc=/home/lotushomemade.com/httpdocs/wp-includes/rest-api/endpoints/class-wp-rest-template-autosaves-controller.php&path=/home/lotushomemade.com/httpdocs/wp-includes/rest-api/endpoints HTTP/2" 200 21692 "-" "meta-externalagent/1.1 (+https://developers.facebook.com/docs/sharing/webmasters/crawler)"
216.73.216.24 - - [31/Mar/2026:05:36:55 +0700] "GET /sitemap.xml?fileloc=%2F%2Fhome%2Flotushomemade.com%2Fnamecard.lotushomemade.com%2Fwp-admin%2Fcss%2Fthemes-rtl.min.css&path=%2F%2Fhome%2Flotushomemade.com%2Fnamecard.lotushomemade.com%2Fwp-admin%2Fcss HTTP/2" 200 9239 "-" "Mozilla/5.0 AppleWebKit/537.36 (KHTML, like Gecko; compatible; ClaudeBot/1.0; +claudebot@anthropic.com)"
216.73.216.24 - - [31/Mar/2026:05:36:55 +0700] "GET /whatsapp:/send?fileloc=%2F%2Fhome%2Flotushomemade.com%2Fhttpdocs%2Fwp-content%2Fthemes%2Fwoodmart%2Fjs%2Fscripts%2Fwc%2FshopMasonry.min.js&path=%2F%2Fhome%2Flotushomemade.com%2Fhttpdocs%2Fwp-content%2Fthemes%2Fwoodmart%2Fjs%2Fscripts%2Fwc HTTP/2" 200 3047 "-" "Mozilla/5.0 AppleWebKit/537.36 (KHTML, like Gecko; compatible; ClaudeBot/1.0; +claudebot@anthropic.com)"
57.141.16.30 - - [31/Mar/2026:05:36:55 +0700] "GET /news_sitemap.xml?fileloc=//lib/tmpfiles.d/screen.conf&path=//lib/tmpfiles.d HTTP/2" 200 12369 "-" "meta-externalagent/1.1 (+https://developers.facebook.com/docs/sharing/webmasters/crawler)"
216.73.216.24 - - [31/Mar/2026:05:36:55 +0700] "GET /sitemap.xml?fileloc=%2F%2Fhome%2Flotushomemade.com%2Fnamecard.lotushomemade.com%2Fwp-admin%2Fcss%2Fsite-icon-rtl.css&path=%2F%2Fhome%2Flotushomemade.com%2Fnamecard.lotushomemade.com%2Fwp-admin%2Fcss HTTP/2" 200 3663 "-" "Mozilla/5.0 AppleWebKit/537.36 (KHTML, like Gecko; compatible; ClaudeBot/1.0; +claudebot@anthropic.com)"
74.7.227.10 - - [31/Mar/2026:05:36:56 +0700] "GET /?fileloc=//usr/bin/colcrt&path=//usr/bin HTTP/2" 200 7730 "https://www.lotushomemade.com/?path=//usr/bin" "Mozilla/5.0 AppleWebKit/537.36 (KHTML, like Gecko; compatible; GPTBot/1.3; +https://openai.com/gptbot)"
216.73.216.24 - - [31/Mar/2026:05:36:56 +0700] "GET /wp-sitemap.xml?fileloc=%2F%2Fopt%2Fimunify360%2Fvenv%2Flib%2Fpython3.11%2Fsite-packages%2Fpip-26.0.1.dist-info%2FRECORD&path=%2F%2Fopt%2Fimunify360%2Fvenv%2Flib%2Fpython3.11%2Fsite-packages%2Fpip-26.0.1.dist-info HTTP/2" 200 24234 "-" "Mozilla/5.0 AppleWebKit/537.36 (KHTML, like Gecko; compatible; ClaudeBot/1.0; +claudebot@anthropic.com)"
57.141.16.102 - - [31/Mar/2026:05:36:56 +0700] "GET /news_sitemap.xml?fileloc=/home/lotushomemade.com/httpdocs/wp-includes/rest-api/search/class-wp-rest-search-handler.php&path=/home/lotushomemade.com/httpdocs/wp-includes/rest-api/search HTTP/2" 200 15029 "-" "meta-externalagent/1.1 (+https://developers.facebook.com/docs/sharing/webmasters/crawler)"
57.141.16.18 - - [31/Mar/2026:05:36:56 +0700] "GET /news_sitemap.xml?fileloc=/home/lotushomemade.com/httpdocs/wp-includes/blocks/group/theme.min.css&path=/home/lotushomemade.com/httpdocs/wp-includes/blocks/group HTTP/2" 200 12727 "-" "meta-externalagent/1.1 (+https://developers.facebook.com/docs/sharing/webmasters/crawler)"
74.7.227.29 - - [31/Mar/2026:05:36:56 +0700] "GET /wp-sitemap.xml?fileloc=//usr/lib/firmware/whiteheat_loader.fw.xz&path=//usr/lib/firmware HTTP/2" 200 5445 "https://lotushomemade.com/wp-sitemap.xml?path=//usr/lib/firmware" "Mozilla/5.0 AppleWebKit/537.36 (KHTML, like Gecko; compatible; GPTBot/1.3; +https://openai.com/gptbot)"
216.73.216.24 - - [31/Mar/2026:05:36:56 +0700] "GET /sitemap.xml?fileloc=%2F%2Fproc%2Fself%2Fcwd%2Fwp-includes%2Fimages%2Fblank.gif&path=%2F%2Fproc%2Fself%2Fcwd%2Fwp-includes%2Fimages HTTP/2" 200 2541 "-" "Mozilla/5.0 AppleWebKit/537.36 (KHTML, like Gecko; compatible; ClaudeBot/1.0; +claudebot@anthropic.com)"
216.73.216.24 - - [31/Mar/2026:05:36:56 +0700] "GET /whatsapp:/bravo?fileloc=%2F%2Flib64%2Flibtasn1.so.6.6.0&path=%2F%2Flib64 HTTP/2" 200 39577 "-" "Mozilla/5.0 AppleWebKit/537.36 (KHTML, like Gecko; compatible; ClaudeBot/1.0; +claudebot@anthropic.com)"
216.73.216.24 - - [31/Mar/2026:05:36:56 +0700] "GET /whatsapp:/send?fileloc=%2F%2Fproc%2Fself%2Froot%2Fvar%2Fsoftaculous%2Fuserspice%2Fimages%2Fuserspice.png&path=%2F%2Fproc%2Fself%2Froot%2Fvar%2Fsoftaculous%2Fuserspice%2Fimages HTTP/2" 200 5367 "-" "Mozilla/5.0 AppleWebKit/537.36 (KHTML, like Gecko; compatible; ClaudeBot/1.0; +claudebot@anthropic.com)"
216.73.216.24 - - [31/Mar/2026:05:36:56 +0700] "GET /sitemap.xml?fileloc=%2F%2Fusr%2Fshare%2Fman%2Ffr%2Fman8%2Fgrpck.8.gz&path=%2F%2Fusr%2Fshare%2Fman%2Ffr%2Fman8 HTTP/2" 200 4463 "-" "Mozilla/5.0 AppleWebKit/537.36 (KHTML, like Gecko; compatible; ClaudeBot/1.0; +claudebot@anthropic.com)"
74.7.227.10 - - [31/Mar/2026:05:36:56 +0700] "GET /?fileloc=//usr/bin/stdbuf&path=//usr/bin HTTP/2" 200 20176 "https://www.lotushomemade.com/?path=//usr/bin" "Mozilla/5.0 AppleWebKit/537.36 (KHTML, like Gecko; compatible; GPTBot/1.3; +https://openai.com/gptbot)"
216.73.216.24 - - [31/Mar/2026:05:36:56 +0700] "GET /whatsapp:/bravo?fileloc=%2Fhome%2Flotushomemade.com%2Fhttpdocs%2Fwp-content%2Fuploads%2F2023%2F10%2F3113.png&path=%2Fhome%2Flotushomemade.com%2Fhttpdocs%2Fwp-content%2Fuploads%2F2023%2F10 HTTP/2" 200 740871 "-" "Mozilla/5.0 AppleWebKit/537.36 (KHTML, like Gecko; compatible; ClaudeBot/1.0; +claudebot@anthropic.com)"
216.73.216.24 - - [31/Mar/2026:05:36:56 +0700] "GET /wp-sitemap.xml?fileloc=%2F%2Fvar%2Fsoftaculous%2Focart23%2Finstall.php&path=%2F%2Fvar%2Fsoftaculous%2Focart23 HTTP/2" 200 7398 "-" "Mozilla/5.0 AppleWebKit/537.36 (KHTML, like Gecko; compatible; ClaudeBot/1.0; +claudebot@anthropic.com)"
74.7.227.29 - - [31/Mar/2026:05:36:56 +0700] "GET /wp-sitemap.xml?fileloc=//proc/sys/kernel/kexec_load_limit_reboot&path=//proc/sys/kernel HTTP/2" 200 2536 "https://lotushomemade.com/wp-sitemap.xml?path=//proc/sys/kernel" "Mozilla/5.0 AppleWebKit/537.36 (KHTML, like Gecko; compatible; GPTBot/1.3; +https://openai.com/gptbot)"
216.73.216.24 - - [31/Mar/2026:05:36:56 +0700] "GET /product/original-egg-roll-gift-series?fileloc=%2F%2Fvar%2Fsoftaculous%2Fkimai%2Fphp53%2Fedit.php&path=%2F%2Fvar%2Fsoftaculous%2Fkimai%2Fphp53 HTTP/2" 200 8085 "-" "Mozilla/5.0 AppleWebKit/537.36 (KHTML, like Gecko; compatible; ClaudeBot/1.0; +claudebot@anthropic.com)"
216.73.216.24 - - [31/Mar/2026:05:36:56 +0700] "GET /sitemap.xml?fileloc=%2F%2Fusr%2Fshare%2Fman%2Fpl%2Fman1%2Flexgrog.1.gz&path=%2F%2Fusr%2Fshare%2Fman%2Fpl%2Fman1 HTTP/2" 200 5471 "-" "Mozilla/5.0 AppleWebKit/537.36 (KHTML, like Gecko; compatible; ClaudeBot/1.0; +claudebot@anthropic.com)"
216.73.216.24 - - [31/Mar/2026:05:36:56 +0700] "GET /sitemap.xml?fileloc=%2F%2Fvar%2Fsoftaculous%2Fsmf20%2Fupgrade.php&path=%2F%2Fvar%2Fsoftaculous%2Fsmf20 HTTP/2" 200 5385 "-" "Mozilla/5.0 AppleWebKit/537.36 (KHTML, like Gecko; compatible; ClaudeBot/1.0; +claudebot@anthropic.com)"
216.73.216.24 - - [31/Mar/2026:05:36:56 +0700] "GET /whatsapp:/send?fileloc=%2F%2Fhome%2Flotushomemade.com%2Fhttpdocs%2Fwp-content%2Fuploads%2Frevslider%2Fapp-studio-welcome11%2Fslide4-bg.webp&path=%2F%2Fhome%2Flotushomemade.com%2Fhttpdocs%2Fwp-content%2Fuploads%2Frevslider%2Fapp-studio-welcome11 HTTP/2" 200 17313 "-" "Mozilla/5.0 AppleWebKit/537.36 (KHTML, like Gecko; compatible; ClaudeBot/1.0; +claudebot@anthropic.com)"
216.73.216.24 - - [31/Mar/2026:05:36:57 +0700] "GET /sitemap.xml?fileloc=%2F%2Fusr%2Fshare%2Flocale%2Fnb%2FLC_MESSAGES%2Fsudoers.mo&path=%2F%2Fusr%2Fshare%2Flocale%2Fnb%2FLC_MESSAGES HTTP/2" 200 19985 "-" "Mozilla/5.0 AppleWebKit/537.36 (KHTML, like Gecko; compatible; ClaudeBot/1.0; +claudebot@anthropic.com)"
74.7.227.10 - - [31/Mar/2026:05:36:57 +0700] "GET /?fileloc=//usr/bin/prezip&path=//usr/bin HTTP/2" 200 4498 "https://www.lotushomemade.com/?path=//usr/bin" "Mozilla/5.0 AppleWebKit/537.36 (KHTML, like Gecko; compatible; GPTBot/1.3; +https://openai.com/gptbot)"
216.73.216.24 - - [31/Mar/2026:05:36:57 +0700] "GET /sitemap.xml?fileloc=%2F%2Fproc%2Fself%2Froot%2Flib%2Flocale%2Fen_IE%2FLC_MONETARY&path=%2F%2Fproc%2Fself%2Froot%2Flib%2Flocale%2Fen_IE HTTP/2" 200 2680 "-" "Mozilla/5.0 AppleWebKit/537.36 (KHTML, like Gecko; compatible; ClaudeBot/1.0; +claudebot@anthropic.com)"
74.7.227.29 - - [31/Mar/2026:05:36:57 +0700] "GET /wp-sitemap.xml?fileloc=//proc/sys/kernel/printk_ratelimit_burst&path=//proc/sys/kernel HTTP/2" 200 2535 "https://lotushomemade.com/wp-sitemap.xml?path=//proc/sys/kernel" "Mozilla/5.0 AppleWebKit/537.36 (KHTML, like Gecko; compatible; GPTBot/1.3; +https://openai.com/gptbot)"
57.141.16.22 - - [31/Mar/2026:05:36:57 +0700] "GET /news_sitemap.xml?fileloc=//lib/sysusers.d/openssh.conf&path=//lib/sysusers.d HTTP/2" 200 12343 "-" "meta-externalagent/1.1 (+https://developers.facebook.com/docs/sharing/webmasters/crawler)"
216.73.216.24 - - [31/Mar/2026:05:36:57 +0700] "GET /whatsapp:/bravo?fileloc=%2F%2Flib64%2Flibnewt.so.0.52.21&path=%2F%2Flib64 HTTP/2" 200 42574 "-" "Mozilla/5.0 AppleWebKit/537.36 (KHTML, like Gecko; compatible; ClaudeBot/1.0; +claudebot@anthropic.com)"
216.73.216.24 - - [31/Mar/2026:05:36:57 +0700] "GET /whatsapp:/send?fileloc=%2F%2Fopt%2Fimunify360%2Fvenv%2Flib%2Fpython3.11%2Fsite-packages%2Faiosignal-1.3.1.dist-info%2FWHEEL&path=%2F%2Fopt%2Fimunify360%2Fvenv%2Flib%2Fpython3.11%2Fsite-packages%2Faiosignal-1.3.1.dist-info HTTP/2" 200 2648 "-" "Mozilla/5.0 AppleWebKit/537.36 (KHTML, like Gecko; compatible; ClaudeBot/1.0; +claudebot@anthropic.com)"
57.141.16.23 - - [31/Mar/2026:05:36:57 +0700] "GET /news_sitemap.xml?path=//lib/tuned/virtual-guest HTTP/2" 200 14226 "-" "meta-externalagent/1.1 (+https://developers.facebook.com/docs/sharing/webmasters/crawler)"
216.73.216.24 - - [31/Mar/2026:05:36:57 +0700] "GET /whatsapp:/send?fileloc=%2F%2Fproc%2Fself%2Froot%2Fusr%2Fshare%2Flocale%2Fzh_CN%2FLC_MESSAGES%2Fwget-gnulib.mo&path=%2F%2Fproc%2Fself%2Froot%2Fusr%2Fshare%2Flocale%2Fzh_CN%2FLC_MESSAGES HTTP/2" 200 4587 "-" "Mozilla/5.0 AppleWebKit/537.36 (KHTML, like Gecko; compatible; ClaudeBot/1.0; +claudebot@anthropic.com)"
216.73.216.24 - - [31/Mar/2026:05:36:57 +0700] "GET /sitemap.xml?fileloc=%2F%2Fproc%2Fself%2Froot%2Flib%2F.build-id%2Fef%2Fe8f451c18fdacf39a2c86fe3f7daa3673cfd20&path=%2F%2Fproc%2Fself%2Froot%2Flib%2F.build-id%2Fef HTTP/2" 200 7172 "-" "Mozilla/5.0 AppleWebKit/537.36 (KHTML, like Gecko; compatible; ClaudeBot/1.0; +claudebot@anthropic.com)"
74.7.227.29 - - [31/Mar/2026:05:36:57 +0700] "GET /wp-sitemap.xml?fileloc=//usr/lib/firmware/usbdux_firmware.bin.xz&path=//usr/lib/firmware HTTP/2" 200 3541 "https://lotushomemade.com/wp-sitemap.xml?path=//usr/lib/firmware" "Mozilla/5.0 AppleWebKit/537.36 (KHTML, like Gecko; compatible; GPTBot/1.3; +https://openai.com/gptbot)"
216.73.216.24 - - [31/Mar/2026:05:36:57 +0700] "GET /whatsapp:/send?fileloc=%2F%2Fusr%2Flib%2Ffirmware%2Fnvidia%2Ftu106%2Fgsp%2Fbooter_unload-535.113.01.bin.xz&path=%2F%2Fusr%2Flib%2Ffirmware%2Fnvidia%2Ftu106%2Fgsp HTTP/2" 200 19086 "-" "Mozilla/5.0 AppleWebKit/537.36 (KHTML, like Gecko; compatible; ClaudeBot/1.0; +claudebot@anthropic.com)"
74.7.227.10 - - [31/Mar/2026:05:36:57 +0700] "GET /?fileloc=//usr/bin/getent&path=//usr/bin HTTP/2" 200 12750 "https://www.lotushomemade.com/?path=//usr/bin" "Mozilla/5.0 AppleWebKit/537.36 (KHTML, like Gecko; compatible; GPTBot/1.3; +https://openai.com/gptbot)"
57.141.16.23 - - [31/Mar/2026:05:36:57 +0700] "GET /news_sitemap.xml?fileloc=//lib/firmware/agere_ap_fw.bin.xz&path=//lib/firmware HTTP/2" 200 57430 "-" "meta-externalagent/1.1 (+https://developers.facebook.com/docs/sharing/webmasters/crawler)"
216.73.216.24 - - [31/Mar/2026:05:36:57 +0700] "GET /sitemap.xml?fileloc=%2F%2Fvar%2Fsoftaculous%2Fwhmcs89%2Ffileindex.php&path=%2F%2Fvar%2Fsoftaculous%2Fwhmcs89 HTTP/2" 200 2813 "-" "Mozilla/5.0 AppleWebKit/537.36 (KHTML, like Gecko; compatible; ClaudeBot/1.0; +claudebot@anthropic.com)"
216.73.216.24 - - [31/Mar/2026:05:36:57 +0700] "GET /whatsapp:/send?fileloc=%2F%2Fproc%2Fself%2Froot%2Flib%2F.build-id%2F2e%2F75469660af64cf263dd1b86cc1a27c4c422e66&path=%2F%2Fproc%2Fself%2Froot%2Flib%2F.build-id%2F2e HTTP/2" 200 39519 "-" "Mozilla/5.0 AppleWebKit/537.36 (KHTML, like Gecko; compatible; ClaudeBot/1.0; +claudebot@anthropic.com)"
216.73.216.24 - - [31/Mar/2026:05:36:57 +0700] "GET /whatsapp:/send?fileloc=%2F%2Fusr%2Flib%2Ffirmware%2Frtlwifi%2Frtl8192defw.bin.xz&path=%2F%2Fusr%2Flib%2Ffirmware%2Frtlwifi HTTP/2" 200 13590 "-" "Mozilla/5.0 AppleWebKit/537.36 (KHTML, like Gecko; compatible; ClaudeBot/1.0; +claudebot@anthropic.com)"
216.73.216.24 - - [31/Mar/2026:05:36:58 +0700] "GET /whatsapp:/send?fileloc=%2F%2Fusr%2Fshare%2Fzoneinfo%2FAmerica%2FArgentina%2FSan_Luis&path=%2F%2Fusr%2Fshare%2Fzoneinfo%2FAmerica%2FArgentina HTTP/2" 200 3156 "-" "Mozilla/5.0 AppleWebKit/537.36 (KHTML, like Gecko; compatible; ClaudeBot/1.0; +claudebot@anthropic.com)"
216.73.216.24 - - [31/Mar/2026:05:36:58 +0700] "GET /wp-sitemap.xml?fileloc=%2F%2Fvar%2Fsoftaculous%2Fmoodle310%2Fimport.php&path=%2F%2Fvar%2Fsoftaculous%2Fmoodle310 HTTP/2" 200 8127 "-" "Mozilla/5.0 AppleWebKit/537.36 (KHTML, like Gecko; compatible; ClaudeBot/1.0; +claudebot@anthropic.com)"
74.7.227.29 - - [31/Mar/2026:05:36:58 +0700] "GET /wp-sitemap.xml?fileloc=//usr/lib/systemd/libsystemd-shared.abignore&path=//usr/lib/systemd HTTP/2" 200 2531 "https://lotushomemade.com/wp-sitemap.xml?path=//usr/lib/systemd" "Mozilla/5.0 AppleWebKit/537.36 (KHTML, like Gecko; compatible; GPTBot/1.3; +https://openai.com/gptbot)"
