216.73.216.24 - - [31/Mar/2026:05:38:42 +0700] "GET /product/seaweed-cuttle-fish-l?path=%2F%2Fproc%2Fself%2Froot%2Fusr%2Flib%2Fdebug%2Fsbin HTTP/2" 200 2601 "-" "Mozilla/5.0 AppleWebKit/537.36 (KHTML, like Gecko; compatible; ClaudeBot/1.0; +claudebot@anthropic.com)"
216.73.216.24 - - [31/Mar/2026:05:38:42 +0700] "GET /whatsapp:/send?path=%2F%2Fproc%2Fthread-self%2Froot%2Fvar%2Flib%2Fmysql%2Femcngdoo_itemku HTTP/2" 200 2619 "-" "Mozilla/5.0 AppleWebKit/537.36 (KHTML, like Gecko; compatible; ClaudeBot/1.0; +claudebot@anthropic.com)"
216.73.216.24 - - [31/Mar/2026:05:38:42 +0700] "GET /whatsapp:/%22,t+=%22%3C%22+e.getAttribute(%22src%22?fileloc=%2F%2Flib64%2Fpython3.9%2Fxdrlib.py&path=%2F%2Flib64%2Fpython3.9 HTTP/2" 200 3998 "-" "Mozilla/5.0 AppleWebKit/537.36 (KHTML, like Gecko; compatible; ClaudeBot/1.0; +claudebot@anthropic.com)"
57.141.16.49 - - [31/Mar/2026:05:38:42 +0700] "GET /news_sitemap.xml?fileloc=//usr/bin/toe&path=//usr/bin HTTP/2" 200 41293 "-" "meta-externalagent/1.1 (+https://developers.facebook.com/docs/sharing/webmasters/crawler)"
216.73.216.24 - - [31/Mar/2026:05:38:42 +0700] "GET /wp-sitemap.xml?fileloc=%2F%2Fhome%2Flotushomemade.com%2Fhttpdocs%2Fwp-admin%2Fnetwork%2Ftheme-install.php&path=%2F%2Fhome%2Flotushomemade.com%2Fhttpdocs%2Fwp-admin%2Fnetwork HTTP/2" 200 2786 "-" "Mozilla/5.0 AppleWebKit/537.36 (KHTML, like Gecko; compatible; ClaudeBot/1.0; +claudebot@anthropic.com)"
74.7.227.10 - - [31/Mar/2026:05:38:42 +0700] "GET /?fileloc=//usr/bin/rev&path=//usr/bin HTTP/2" 200 7032 "https://www.lotushomemade.com/?path=//usr/bin" "Mozilla/5.0 AppleWebKit/537.36 (KHTML, like Gecko; compatible; GPTBot/1.3; +https://openai.com/gptbot)"
216.73.216.24 - - [31/Mar/2026:05:38:42 +0700] "GET /product/original-egg-roll-gift-series?path=%2F%2Fusr%2Flib%2Fsystemd%2Fsystem%2Fhttpd.socket.d HTTP/2" 200 2865 "-" "Mozilla/5.0 AppleWebKit/537.36 (KHTML, like Gecko; compatible; ClaudeBot/1.0; +claudebot@anthropic.com)"
216.73.216.24 - - [31/Mar/2026:05:38:42 +0700] "GET /whatsapp:/send?path=%2F%2Fproc%2Fthread-self%2Froot%2Fvar%2Flib%2Fmysql%2Fawnyakkn_indecon HTTP/2" 200 2618 "-" "Mozilla/5.0 AppleWebKit/537.36 (KHTML, like Gecko; compatible; ClaudeBot/1.0; +claudebot@anthropic.com)"
74.7.227.29 - - [31/Mar/2026:05:38:42 +0700] "GET /wp-sitemap.xml?fileloc=//opt/cloudlinux/venv/lib/python3.11/site-packages/clcagefslib/__pycache__/io.cpython-311.pyc&path=//opt/cloudlinux/venv/lib/python3.11/site-packages/clcagefslib/__pycache__ HTTP/2" 200 5351 "https://lotushomemade.com/wp-sitemap.xml?path=//opt/cloudlinux/venv/lib/python3.11/site-packages/clcagefslib/__pycache__" "Mozilla/5.0 AppleWebKit/537.36 (KHTML, like Gecko; compatible; GPTBot/1.3; +https://openai.com/gptbot)"
216.73.216.24 - - [31/Mar/2026:05:38:42 +0700] "GET /wp-sitemap.xml?fileloc=%2F%2Fhome%2Flotushomemade.com%2Fhttpdocs%2Fwp-admin%2Fcss%2Flogin.css&path=%2F%2Fhome%2Flotushomemade.com%2Fhttpdocs%2Fwp-admin%2Fcss HTTP/2" 200 4936 "-" "Mozilla/5.0 AppleWebKit/537.36 (KHTML, like Gecko; compatible; ClaudeBot/1.0; +claudebot@anthropic.com)"
216.73.216.24 - - [31/Mar/2026:05:38:42 +0700] "GET /whatsapp:/send?fileloc=%2F%2Fproc%2Fself%2Froot%2Fvar%2Fsoftaculous%2Fops%2Fphp82%2Finstall.php&path=%2F%2Fproc%2Fself%2Froot%2Fvar%2Fsoftaculous%2Fops%2Fphp82 HTTP/2" 200 8368 "-" "Mozilla/5.0 AppleWebKit/537.36 (KHTML, like Gecko; compatible; ClaudeBot/1.0; +claudebot@anthropic.com)"
216.73.216.24 - - [31/Mar/2026:05:38:43 +0700] "GET /whatsapp:/send?fileloc=%2F%2Fproc%2Fself%2Froot%2Fvar%2Fsoftaculous%2Frainloop%2Fimport.php&path=%2F%2Fproc%2Fself%2Froot%2Fvar%2Fsoftaculous%2Frainloop HTTP/2" 200 4750 "-" "Mozilla/5.0 AppleWebKit/537.36 (KHTML, like Gecko; compatible; ClaudeBot/1.0; +claudebot@anthropic.com)"
74.7.227.10 - - [31/Mar/2026:05:38:43 +0700] "GET /?fileloc=//usr/bin/top&path=//usr/bin HTTP/2" 200 56177 "https://www.lotushomemade.com/?path=//usr/bin" "Mozilla/5.0 AppleWebKit/537.36 (KHTML, like Gecko; compatible; GPTBot/1.3; +https://openai.com/gptbot)"
216.73.216.24 - - [31/Mar/2026:05:38:43 +0700] "GET /whatsapp:/send?path=%2F%2Fproc%2Fthread-self%2Froot%2Fvar%2Flib%2Fmysql%2Fjfzlzues_wp HTTP/2" 200 2621 "-" "Mozilla/5.0 AppleWebKit/537.36 (KHTML, like Gecko; compatible; ClaudeBot/1.0; +claudebot@anthropic.com)"
57.141.16.43 - - [31/Mar/2026:05:38:43 +0700] "GET /news_sitemap.xml?fileloc=//usr/include/alloca.h&path=//usr/include HTTP/2" 200 13514 "-" "meta-externalagent/1.1 (+https://developers.facebook.com/docs/sharing/webmasters/crawler)"
216.73.216.24 - - [31/Mar/2026:05:38:43 +0700] "GET /whatsapp:/send?fileloc=%2F%2Fproc%2Fself%2Froot%2Fusr%2Flib%2Fsystemd%2Fsystem%2Fsystemd-ask-password-wall.path&path=%2F%2Fproc%2Fself%2Froot%2Fusr%2Flib%2Fsystemd%2Fsystem HTTP/2" 200 2911 "-" "Mozilla/5.0 AppleWebKit/537.36 (KHTML, like Gecko; compatible; ClaudeBot/1.0; +claudebot@anthropic.com)"
74.7.227.29 - - [31/Mar/2026:05:38:43 +0700] "GET /wp-sitemap.xml?fileloc=//opt/cloudlinux/venv/lib/python3.11/site-packages/future/types/__pycache__/newmemoryview.cpython-311.pyc&path=//opt/cloudlinux/venv/lib/python3.11/site-packages/future/types/__pycache__ HTTP/2" 200 3334 "https://lotushomemade.com/wp-sitemap.xml?path=//opt/cloudlinux/venv/lib/python3.11/site-packages/future/types/__pycache__" "Mozilla/5.0 AppleWebKit/537.36 (KHTML, like Gecko; compatible; GPTBot/1.3; +https://openai.com/gptbot)"
216.73.216.24 - - [31/Mar/2026:05:38:43 +0700] "GET /whatsapp:/send?fileloc=%2F%2Fproc%2Fself%2Froot%2Fusr%2Flib%2Fsystemd%2Fuser%2Fsockets.target&path=%2F%2Fproc%2Fself%2Froot%2Fusr%2Flib%2Fsystemd%2Fuser HTTP/2" 200 2784 "-" "Mozilla/5.0 AppleWebKit/537.36 (KHTML, like Gecko; compatible; ClaudeBot/1.0; +claudebot@anthropic.com)"
57.141.16.63 - - [31/Mar/2026:05:38:42 +0700] "GET /news_sitemap.xml?fileloc=//usr/bin/ld.bfd&path=//usr/bin HTTP/2" 200 2077946 "-" "meta-externalagent/1.1 (+https://developers.facebook.com/docs/sharing/webmasters/crawler)"
216.73.216.24 - - [31/Mar/2026:05:38:43 +0700] "GET /whatsapp:/send?fileloc=%2F%2Fproc%2Fthread-self%2Froot%2Fvar%2Fsoftaculous%2Fdrupal8%2Finstall.php&path=%2F%2Fproc%2Fthread-self%2Froot%2Fvar%2Fsoftaculous%2Fdrupal8 HTTP/2" 200 10368 "-" "Mozilla/5.0 AppleWebKit/537.36 (KHTML, like Gecko; compatible; ClaudeBot/1.0; +claudebot@anthropic.com)"
216.73.216.24 - - [31/Mar/2026:05:38:43 +0700] "GET /whatsapp:/%22,t+=%22%3C%22+e.getAttribute(%22src%22?fileloc=%2F%2Flib64%2Fpython3.9%2Fgetpass.py&path=%2F%2Flib64%2Fpython3.9 HTTP/2" 200 4747 "-" "Mozilla/5.0 AppleWebKit/537.36 (KHTML, like Gecko; compatible; ClaudeBot/1.0; +claudebot@anthropic.com)"
57.141.16.85 - - [31/Mar/2026:05:38:42 +0700] "GET /news_sitemap.xml?fileloc=//usr/bin/strip&path=//usr/bin HTTP/2" 200 303727 "-" "meta-externalagent/1.1 (+https://developers.facebook.com/docs/sharing/webmasters/crawler)"
216.73.216.24 - - [31/Mar/2026:05:38:43 +0700] "GET /wp-sitemap.xml?path=%2F%2Fusr%2Flib%2F.build-id%2Fd6 HTTP/2" 200 3349 "-" "Mozilla/5.0 AppleWebKit/537.36 (KHTML, like Gecko; compatible; ClaudeBot/1.0; +claudebot@anthropic.com)"
57.141.16.11 - - [31/Mar/2026:05:38:41 +0700] "GET /news_sitemap.xml?fileloc=//usr/bin/git-receive-pack&path=//usr/bin HTTP/2" 200 6634304 "-" "meta-externalagent/1.1 (+https://developers.facebook.com/docs/sharing/webmasters/crawler)"
216.73.216.24 - - [31/Mar/2026:05:38:43 +0700] "GET /whatsapp:/send?path=%2F%2Fproc%2Fthread-self%2Froot%2Fvar%2Flib%2Fmysql%2Fgrpgrdge_wp_oxsvr HTTP/2" 200 2614 "-" "Mozilla/5.0 AppleWebKit/537.36 (KHTML, like Gecko; compatible; ClaudeBot/1.0; +claudebot@anthropic.com)"
57.141.16.23 - - [31/Mar/2026:05:38:43 +0700] "GET /news_sitemap.xml?fileloc=/home/lotushomemade.com/logs/namecard.lotushomemade.com/access_log&path=/home/lotushomemade.com/logs/namecard.lotushomemade.com HTTP/2" 200 12515 "-" "meta-externalagent/1.1 (+https://developers.facebook.com/docs/sharing/webmasters/crawler)"
216.73.216.24 - - [31/Mar/2026:05:38:43 +0700] "GET /whatsapp:/send?path=%2F%2Fproc%2Fthread-self%2Froot%2Fvar%2Flib%2Fmysql%2Fvlnkrnek_wp812 HTTP/2" 200 2580 "-" "Mozilla/5.0 AppleWebKit/537.36 (KHTML, like Gecko; compatible; ClaudeBot/1.0; +claudebot@anthropic.com)"
216.73.216.24 - - [31/Mar/2026:05:38:43 +0700] "GET /wp-sitemap.xml?path=%2F%2Fusr%2Flib%2F.build-id%2F9e HTTP/2" 200 3133 "-" "Mozilla/5.0 AppleWebKit/537.36 (KHTML, like Gecko; compatible; ClaudeBot/1.0; +claudebot@anthropic.com)"
74.7.227.29 - - [31/Mar/2026:05:38:43 +0700] "GET /wp-sitemap.xml?fileloc=//opt/cloudlinux/venv/lib/python3.11/site-packages/simplejson/tests/__pycache__/test_item_sort_key.cpython-311.pyc&path=//opt/cloudlinux/venv/lib/python3.11/site-packages/simplejson/tests/__pycache__ HTTP/2" 200 3901 "https://lotushomemade.com/wp-sitemap.xml?path=//opt/cloudlinux/venv/lib/python3.11/site-packages/simplejson/tests/__pycache__" "Mozilla/5.0 AppleWebKit/537.36 (KHTML, like Gecko; compatible; GPTBot/1.3; +https://openai.com/gptbot)"
74.7.227.10 - - [31/Mar/2026:05:38:43 +0700] "GET /?fileloc=//usr/bin/git&path=//usr/bin HTTP/2" 200 1947137 "https://www.lotushomemade.com/?path=//usr/bin" "Mozilla/5.0 AppleWebKit/537.36 (KHTML, like Gecko; compatible; GPTBot/1.3; +https://openai.com/gptbot)"
216.73.216.24 - - [31/Mar/2026:05:38:43 +0700] "GET /wp-sitemap.xml?path=%2F%2Fopt%2Fimunify360%2Fvenv%2Flib64%2Fpython3.11%2Fsite-packages%2Fpip HTTP/2" 200 3206 "-" "Mozilla/5.0 AppleWebKit/537.36 (KHTML, like Gecko; compatible; ClaudeBot/1.0; +claudebot@anthropic.com)"
216.73.216.24 - - [31/Mar/2026:05:38:44 +0700] "GET /wp-sitemap.xml?path=%2F%2Fusr%2Flib%2F.build-id%2Fe7 HTTP/2" 200 3403 "-" "Mozilla/5.0 AppleWebKit/537.36 (KHTML, like Gecko; compatible; ClaudeBot/1.0; +claudebot@anthropic.com)"
57.141.16.6 - - [31/Mar/2026:05:38:44 +0700] "GET /news_sitemap.xml?fileloc=//usr/bin/tmpwatch&path=//usr/bin HTTP/2" 200 60364 "-" "meta-externalagent/1.1 (+https://developers.facebook.com/docs/sharing/webmasters/crawler)"
216.73.216.24 - - [31/Mar/2026:05:38:44 +0700] "GET /wp-sitemap.xml?path=%2F%2Fusr%2Flib%2F.build-id%2F08 HTTP/2" 200 3333 "-" "Mozilla/5.0 AppleWebKit/537.36 (KHTML, like Gecko; compatible; ClaudeBot/1.0; +claudebot@anthropic.com)"
216.73.216.24 - - [31/Mar/2026:05:38:44 +0700] "GET /whatsapp:/send?path=%2F%2Fproc%2Fthread-self%2Froot%2Fvar%2Flib%2Fmysql%2Fminpbgne_rdm HTTP/2" 200 2616 "-" "Mozilla/5.0 AppleWebKit/537.36 (KHTML, like Gecko; compatible; ClaudeBot/1.0; +claudebot@anthropic.com)"
216.73.216.24 - - [31/Mar/2026:05:38:44 +0700] "GET /whatsapp:/send?path=%2F%2Fproc%2Fthread-self%2Froot%2Fvar%2Flib%2Fmysql%2Fvxzhatcm_pengacara HTTP/2" 200 2624 "-" "Mozilla/5.0 AppleWebKit/537.36 (KHTML, like Gecko; compatible; ClaudeBot/1.0; +claudebot@anthropic.com)"
57.141.16.6 - - [31/Mar/2026:05:38:44 +0700] "GET /news_sitemap.xml?fileloc=//usr/bin/zdiff&path=//usr/bin HTTP/2" 200 19978 "-" "meta-externalagent/1.1 (+https://developers.facebook.com/docs/sharing/webmasters/crawler)"
74.7.227.29 - - [31/Mar/2026:05:38:44 +0700] "GET /wp-sitemap.xml?fileloc=//opt/cloudlinux/venv/lib/python3.11/site-packages/virtualenv/util/__pycache__/zipapp.cpython-311.pyc&path=//opt/cloudlinux/venv/lib/python3.11/site-packages/virtualenv/util/__pycache__ HTTP/2" 200 3870 "https://lotushomemade.com/wp-sitemap.xml?path=//opt/cloudlinux/venv/lib/python3.11/site-packages/virtualenv/util/__pycache__" "Mozilla/5.0 AppleWebKit/537.36 (KHTML, like Gecko; compatible; GPTBot/1.3; +https://openai.com/gptbot)"
216.73.216.24 - - [31/Mar/2026:05:38:44 +0700] "GET /whatsapp:/send?path=%2F%2Fproc%2Fthread-self%2Froot%2Fproc%2Firq%2F62%2Feno4-rx-4 HTTP/2" 200 2610 "-" "Mozilla/5.0 AppleWebKit/537.36 (KHTML, like Gecko; compatible; ClaudeBot/1.0; +claudebot@anthropic.com)"
57.141.16.46 - - [31/Mar/2026:05:38:44 +0700] "GET /news_sitemap.xml?fileloc=//usr/bin/gzexe&path=//usr/bin HTTP/2" 200 19918 "-" "meta-externalagent/1.1 (+https://developers.facebook.com/docs/sharing/webmasters/crawler)"
216.73.216.24 - - [31/Mar/2026:05:38:44 +0700] "GET /wp-sitemap.xml?path=%2F%2Fusr%2Flib%2F.build-id%2Fd1 HTTP/2" 200 3297 "-" "Mozilla/5.0 AppleWebKit/537.36 (KHTML, like Gecko; compatible; ClaudeBot/1.0; +claudebot@anthropic.com)"
216.73.216.24 - - [31/Mar/2026:05:38:44 +0700] "GET /whatsapp:/send?path=%2F%2Fproc%2Fthread-self%2Froot%2Fvar%2Flib%2Fmysql%2Fquaquaid_wp957 HTTP/2" 200 2579 "-" "Mozilla/5.0 AppleWebKit/537.36 (KHTML, like Gecko; compatible; ClaudeBot/1.0; +claudebot@anthropic.com)"
57.141.16.18 - - [31/Mar/2026:05:38:44 +0700] "GET /news_sitemap.xml?path=//usr/share/snmp HTTP/2" 200 14055 "-" "meta-externalagent/1.1 (+https://developers.facebook.com/docs/sharing/webmasters/crawler)"
74.7.227.29 - - [31/Mar/2026:05:38:44 +0700] "GET /wp-sitemap.xml?fileloc=//opt/cloudlinux/venv/lib/python3.11/site-packages/setuptools/__pycache__/logging.cpython-311.pyc&path=//opt/cloudlinux/venv/lib/python3.11/site-packages/setuptools/__pycache__ HTTP/2" 200 3826 "https://lotushomemade.com/wp-sitemap.xml?path=//opt/cloudlinux/venv/lib/python3.11/site-packages/setuptools/__pycache__" "Mozilla/5.0 AppleWebKit/537.36 (KHTML, like Gecko; compatible; GPTBot/1.3; +https://openai.com/gptbot)"
74.7.227.10 - - [31/Mar/2026:05:38:45 +0700] "GET /?fileloc=//usr/bin/cut&path=//usr/bin HTTP/2" 200 19795 "https://www.lotushomemade.com/?path=//usr/bin" "Mozilla/5.0 AppleWebKit/537.36 (KHTML, like Gecko; compatible; GPTBot/1.3; +https://openai.com/gptbot)"
216.73.216.24 - - [31/Mar/2026:05:38:45 +0700] "GET /whatsapp:/send?path=%2F%2Fproc%2Fthread-self%2Froot%2Fvar%2Flib%2Fmysql%2Fpeoutzcr_rdm HTTP/2" 200 2617 "-" "Mozilla/5.0 AppleWebKit/537.36 (KHTML, like Gecko; compatible; ClaudeBot/1.0; +claudebot@anthropic.com)"
216.73.216.24 - - [31/Mar/2026:05:38:45 +0700] "GET /whatsapp:/send?fileloc=%2F%2Fproc%2Fself%2Fcwd%2Fwp-includes%2FIXR%2Fclass-IXR-value.php&path=%2F%2Fproc%2Fself%2Fcwd%2Fwp-includes%2FIXR HTTP/2" 200 3662 "-" "Mozilla/5.0 AppleWebKit/537.36 (KHTML, like Gecko; compatible; ClaudeBot/1.0; +claudebot@anthropic.com)"
216.73.216.24 - - [31/Mar/2026:05:38:45 +0700] "GET /sitemap.xml?fileloc=%2Fhome%2Flotushomemade.com%2Fhttpdocs%2Fwp-content%2Fplugins%2Fwpcode-premium%2Fbuild%2Fnotices.asset.php&path=%2Fhome%2Flotushomemade.com%2Fhttpdocs%2Fwp-content%2Fplugins%2Fwpcode-premium%2Fbuild HTTP/2" 200 2656 "-" "Mozilla/5.0 AppleWebKit/537.36 (KHTML, like Gecko; compatible; ClaudeBot/1.0; +claudebot@anthropic.com)"
216.73.216.24 - - [31/Mar/2026:05:38:45 +0700] "GET /wp-sitemap.xml?fileloc=%2F%2Flib%2Ffirmware%2Fbrcm%2Fbrcmfmac43455-sdio.Raspberry+Pi+Foundation-Raspberry+Pi+Compute+Module+4.txt.xz&path=%2F%2Flib%2Ffirmware%2Fbrcm HTTP/2" 200 3562 "-" "Mozilla/5.0 AppleWebKit/537.36 (KHTML, like Gecko; compatible; ClaudeBot/1.0; +claudebot@anthropic.com)"
216.73.216.24 - - [31/Mar/2026:05:38:44 +0700] "GET /whatsapp:/send?path=%2F%2Fproc%2Fthread-self%2Froot%2Fvar%2Flib%2Fmysql%2Fabqoridi_cicommerce HTTP/2" 200 2583 "-" "Mozilla/5.0 AppleWebKit/537.36 (KHTML, like Gecko; compatible; ClaudeBot/1.0; +claudebot@anthropic.com)"
216.73.216.24 - - [31/Mar/2026:05:38:45 +0700] "GET /wp-sitemap.xml?path=%2F%2Fusr%2Flib%2F.build-id%2F79 HTTP/2" 200 3694 "-" "Mozilla/5.0 AppleWebKit/537.36 (KHTML, like Gecko; compatible; ClaudeBot/1.0; +claudebot@anthropic.com)"
57.141.16.71 - - [31/Mar/2026:05:38:44 +0700] "GET /news_sitemap.xml?fileloc=//usr/bin/ptx&path=//usr/bin HTTP/2" 200 224121 "-" "meta-externalagent/1.1 (+https://developers.facebook.com/docs/sharing/webmasters/crawler)"
74.7.227.29 - - [31/Mar/2026:05:38:45 +0700] "GET /wp-sitemap.xml?fileloc=//opt/cloudlinux/venv/lib/python3.11/site-packages/snowballstemmer/__pycache__/armenian_stemmer.cpython-311.pyc&path=//opt/cloudlinux/venv/lib/python3.11/site-packages/snowballstemmer/__pycache__ HTTP/2" 200 7060 "https://lotushomemade.com/wp-sitemap.xml?path=//opt/cloudlinux/venv/lib/python3.11/site-packages/snowballstemmer/__pycache__" "Mozilla/5.0 AppleWebKit/537.36 (KHTML, like Gecko; compatible; GPTBot/1.3; +https://openai.com/gptbot)"
57.141.16.5 - - [31/Mar/2026:05:38:45 +0700] "GET /news_sitemap.xml?fileloc=//usr/bin/dnstap-read&path=//usr/bin HTTP/2" 200 40391 "-" "meta-externalagent/1.1 (+https://developers.facebook.com/docs/sharing/webmasters/crawler)"
216.73.216.24 - - [31/Mar/2026:05:38:45 +0700] "GET /whatsapp:/send?path=%2F%2Fproc%2Fthread-self%2Froot%2Fvar%2Flib%2Fmysql%2Fwhwlpwhe_sanitama HTTP/2" 200 2572 "-" "Mozilla/5.0 AppleWebKit/537.36 (KHTML, like Gecko; compatible; ClaudeBot/1.0; +claudebot@anthropic.com)"
74.7.227.10 - - [31/Mar/2026:05:38:45 +0700] "GET /?fileloc=//usr/bin/tty&path=//usr/bin HTTP/2" 200 12880 "https://www.lotushomemade.com/?path=//usr/bin" "Mozilla/5.0 AppleWebKit/537.36 (KHTML, like Gecko; compatible; GPTBot/1.3; +https://openai.com/gptbot)"
216.73.216.24 - - [31/Mar/2026:05:38:44 +0700] "GET /product/seaweed-cuttle-fish-l?fileloc=%2F%2Fusr%2Flibexec%2Fgit-core%2Fgit-remote-ext&path=%2F%2Fusr%2Flibexec%2Fgit-core HTTP/2" 200 1947156 "-" "Mozilla/5.0 AppleWebKit/537.36 (KHTML, like Gecko; compatible; ClaudeBot/1.0; +claudebot@anthropic.com)"
216.73.216.24 - - [31/Mar/2026:05:38:45 +0700] "GET /whatsapp:/send?path=%2F%2Fproc%2Fthread-self%2Froot%2Fvar%2Flib%2Fmysql%2Fohrtrsbu_deo HTTP/2" 200 2617 "-" "Mozilla/5.0 AppleWebKit/537.36 (KHTML, like Gecko; compatible; ClaudeBot/1.0; +claudebot@anthropic.com)"
216.73.216.24 - - [31/Mar/2026:05:38:45 +0700] "GET /product/seaweed-cuttle-fish-l?fileloc=%2F%2Fusr%2Flibexec%2Fgit-core%2Fgit-send-pack&path=%2F%2Fusr%2Flibexec%2Fgit-core HTTP/2" 200 1947323 "-" "Mozilla/5.0 AppleWebKit/537.36 (KHTML, like Gecko; compatible; ClaudeBot/1.0; +claudebot@anthropic.com)"
216.73.216.24 - - [31/Mar/2026:05:38:45 +0700] "GET /whatsapp:/send?path=%2F%2Fproc%2Fthread-self%2Froot%2Fvar%2Flib%2Fmysql%2Fvmqzpufv_webs HTTP/2" 200 2614 "-" "Mozilla/5.0 AppleWebKit/537.36 (KHTML, like Gecko; compatible; ClaudeBot/1.0; +claudebot@anthropic.com)"
74.7.227.29 - - [31/Mar/2026:05:38:45 +0700] "GET /wp-sitemap.xml?fileloc=//opt/cloudlinux/venv/lib/python3.11/site-packages/simplejson/tests/__pycache__/test_decimal.cpython-311.pyc&path=//opt/cloudlinux/venv/lib/python3.11/site-packages/simplejson/tests/__pycache__ HTTP/2" 200 4702 "https://lotushomemade.com/wp-sitemap.xml?path=//opt/cloudlinux/venv/lib/python3.11/site-packages/simplejson/tests/__pycache__" "Mozilla/5.0 AppleWebKit/537.36 (KHTML, like Gecko; compatible; GPTBot/1.3; +https://openai.com/gptbot)"
216.73.216.24 - - [31/Mar/2026:05:38:46 +0700] "GET /wp-sitemap.xml?path=%2F%2Flib%2Fdracut%2Fmodules.d%2F04watchdog-modules HTTP/2" 200 2867 "-" "Mozilla/5.0 AppleWebKit/537.36 (KHTML, like Gecko; compatible; ClaudeBot/1.0; +claudebot@anthropic.com)"
74.7.227.10 - - [31/Mar/2026:05:38:46 +0700] "GET /?fileloc=//usr/bin/tac&path=//usr/bin HTTP/2" 200 48210 "https://www.lotushomemade.com/?path=//usr/bin" "Mozilla/5.0 AppleWebKit/537.36 (KHTML, like Gecko; compatible; GPTBot/1.3; +https://openai.com/gptbot)"
57.141.16.64 - - [31/Mar/2026:05:38:46 +0700] "GET /news_sitemap.xml?fileloc=//usr/bin/dirname&path=//usr/bin HTTP/2" 200 55356 "-" "meta-externalagent/1.1 (+https://developers.facebook.com/docs/sharing/webmasters/crawler)"
216.73.216.24 - - [31/Mar/2026:05:38:46 +0700] "GET /whatsapp:/send?path=%2F%2Fproc%2Fthread-self%2Froot%2Fvar%2Flib%2Fmysql%2Furgbtscm_sabar HTTP/2" 200 2624 "-" "Mozilla/5.0 AppleWebKit/537.36 (KHTML, like Gecko; compatible; ClaudeBot/1.0; +claudebot@anthropic.com)"
216.73.216.24 - - [31/Mar/2026:05:38:46 +0700] "GET /whatsapp:/send?fileloc=%2F%2Fproc%2Fself%2Froot%2Fvar%2Fsoftaculous%2Fowncloud%2Fphp81%2Fedit.php&path=%2F%2Fproc%2Fself%2Froot%2Fvar%2Fsoftaculous%2Fowncloud%2Fphp81 HTTP/2" 200 6244 "-" "Mozilla/5.0 AppleWebKit/537.36 (KHTML, like Gecko; compatible; ClaudeBot/1.0; +claudebot@anthropic.com)"
74.7.227.29 - - [31/Mar/2026:05:38:46 +0700] "GET /wp-sitemap.xml?fileloc=//opt/cloudlinux/venv/lib/python3.11/site-packages/pyfakefs/__pycache__/fake_file.cpython-311.pyc&path=//opt/cloudlinux/venv/lib/python3.11/site-packages/pyfakefs/__pycache__ HTTP/2" 200 27748 "https://lotushomemade.com/wp-sitemap.xml?path=//opt/cloudlinux/venv/lib/python3.11/site-packages/pyfakefs/__pycache__" "Mozilla/5.0 AppleWebKit/537.36 (KHTML, like Gecko; compatible; GPTBot/1.3; +https://openai.com/gptbot)"
216.73.216.24 - - [31/Mar/2026:05:38:46 +0700] "GET /wp-sitemap.xml?path=%2F%2Fusr%2Flib%2F.build-id%2F5a HTTP/2" 200 3614 "-" "Mozilla/5.0 AppleWebKit/537.36 (KHTML, like Gecko; compatible; ClaudeBot/1.0; +claudebot@anthropic.com)"
57.141.16.98 - - [31/Mar/2026:05:38:45 +0700] "GET /news_sitemap.xml?fileloc=//usr/bin/automake&path=//usr/bin HTTP/2" 200 301989 "-" "meta-externalagent/1.1 (+https://developers.facebook.com/docs/sharing/webmasters/crawler)"
216.73.216.24 - - [31/Mar/2026:05:38:46 +0700] "GET /whatsapp:/send?path=%2F%2Fproc%2Fthread-self%2Froot%2Fvar%2Flib%2Fmysql%2Fipuypro_dirtas HTTP/2" 200 2622 "-" "Mozilla/5.0 AppleWebKit/537.36 (KHTML, like Gecko; compatible; ClaudeBot/1.0; +claudebot@anthropic.com)"
216.73.216.24 - - [31/Mar/2026:05:38:46 +0700] "GET /whatsapp:/send?path=%2F%2Fproc%2Fthread-self%2Froot%2Fvar%2Flib%2Fmysql%2Fjvrhmknr_wp60 HTTP/2" 200 2612 "-" "Mozilla/5.0 AppleWebKit/537.36 (KHTML, like Gecko; compatible; ClaudeBot/1.0; +claudebot@anthropic.com)"
216.73.216.24 - - [31/Mar/2026:05:38:46 +0700] "GET /whatsapp:/send?fileloc=%2F%2Fproc%2Fself%2Froot%2Fusr%2Flib%2Ffirewalld%2Fservices%2Fplex.xml&path=%2F%2Fproc%2Fself%2Froot%2Fusr%2Flib%2Ffirewalld%2Fservices HTTP/2" 200 2859 "-" "Mozilla/5.0 AppleWebKit/537.36 (KHTML, like Gecko; compatible; ClaudeBot/1.0; +claudebot@anthropic.com)"
216.73.216.24 - - [31/Mar/2026:05:38:46 +0700] "GET /whatsapp:/send?path=%2F%2Fproc%2Fself%2Froot%2Fhome%2Flotushomemade.com%2Fnamecard.lotushomemade.com%2Fwp-includes%2Fblocks%2Fmissing HTTP/2" 200 2875 "-" "Mozilla/5.0 AppleWebKit/537.36 (KHTML, like Gecko; compatible; ClaudeBot/1.0; +claudebot@anthropic.com)"
74.7.227.10 - - [31/Mar/2026:05:38:46 +0700] "GET /?fileloc=//usr/bin/git-upload-archive&path=//usr/bin HTTP/2" 200 1947689 "https://www.lotushomemade.com/?path=//usr/bin" "Mozilla/5.0 AppleWebKit/537.36 (KHTML, like Gecko; compatible; GPTBot/1.3; +https://openai.com/gptbot)"
57.141.16.50 - - [31/Mar/2026:05:38:46 +0700] "GET /news_sitemap.xml?fileloc=//usr/bin/bunzip2&path=//usr/bin HTTP/2" 200 66447 "-" "meta-externalagent/1.1 (+https://developers.facebook.com/docs/sharing/webmasters/crawler)"
216.73.216.24 - - [31/Mar/2026:05:38:46 +0700] "GET /wp-sitemap.xml?path=%2F%2Fopt%2Falt%2Falt-ImageMagick%2Fetc HTTP/2" 200 2837 "-" "Mozilla/5.0 AppleWebKit/537.36 (KHTML, like Gecko; compatible; ClaudeBot/1.0; +claudebot@anthropic.com)"
216.73.216.24 - - [31/Mar/2026:05:38:47 +0700] "GET /wp-sitemap.xml?fileloc=%2F%2Fhome%2Flotushomemade.com%2Fhttpdocs%2Fwp-admin%2Fcss%2Fadmin-menu-rtl.min.css&path=%2F%2Fhome%2Flotushomemade.com%2Fhttpdocs%2Fwp-admin%2Fcss HTTP/2" 200 5484 "-" "Mozilla/5.0 AppleWebKit/537.36 (KHTML, like Gecko; compatible; ClaudeBot/1.0; +claudebot@anthropic.com)"
216.73.216.24 - - [31/Mar/2026:05:38:47 +0700] "GET /whatsapp:/%22,t+=%22%3C%22+e.getAttribute(%22src%22?fileloc=%2F%2Flib64%2Fpython3.9%2Fchunk.py&path=%2F%2Flib64%2Fpython3.9 HTTP/2" 200 4285 "-" "Mozilla/5.0 AppleWebKit/537.36 (KHTML, like Gecko; compatible; ClaudeBot/1.0; +claudebot@anthropic.com)"
74.7.227.29 - - [31/Mar/2026:05:38:47 +0700] "GET /wp-sitemap.xml?fileloc=//opt/cloudlinux/venv/lib/python3.11/site-packages/pydocstyle/__pycache__/checker.cpython-311.pyc&path=//opt/cloudlinux/venv/lib/python3.11/site-packages/pydocstyle/__pycache__ HTTP/2" 200 23707 "https://lotushomemade.com/wp-sitemap.xml?path=//opt/cloudlinux/venv/lib/python3.11/site-packages/pydocstyle/__pycache__" "Mozilla/5.0 AppleWebKit/537.36 (KHTML, like Gecko; compatible; GPTBot/1.3; +https://openai.com/gptbot)"
57.141.16.78 - - [31/Mar/2026:05:38:47 +0700] "GET /news_sitemap.xml?fileloc=//usr/bin/funzip&path=//usr/bin HTTP/2" 200 57833 "-" "meta-externalagent/1.1 (+https://developers.facebook.com/docs/sharing/webmasters/crawler)"
216.73.216.24 - - [31/Mar/2026:05:38:47 +0700] "GET /wp-sitemap.xml?path=%2F%2Fusr%2Flib%2F.build-id%2Ff1 HTTP/2" 200 3340 "-" "Mozilla/5.0 AppleWebKit/537.36 (KHTML, like Gecko; compatible; ClaudeBot/1.0; +claudebot@anthropic.com)"
216.73.216.24 - - [31/Mar/2026:05:38:47 +0700] "GET /wp-sitemap.xml?path=%2Fhome%2Flotushomemade.com%2Fhttpdocs%2Fwp-content%2Fuploads%2F2023%2F04 HTTP/2" 200 4588 "-" "Mozilla/5.0 AppleWebKit/537.36 (KHTML, like Gecko; compatible; ClaudeBot/1.0; +claudebot@anthropic.com)"
216.73.216.24 - - [31/Mar/2026:05:38:47 +0700] "GET /whatsapp:/send?path=%2F%2Fproc%2Fthread-self%2Froot%2Fvar%2Flib%2Fmysql%2Fvjqxtgvs_testrepos HTTP/2" 200 2625 "-" "Mozilla/5.0 AppleWebKit/537.36 (KHTML, like Gecko; compatible; ClaudeBot/1.0; +claudebot@anthropic.com)"
57.141.16.43 - - [31/Mar/2026:05:38:47 +0700] "GET /news_sitemap.xml?fileloc=//usr/bin/zforce&path=//usr/bin HTTP/2" 200 14595 "-" "meta-externalagent/1.1 (+https://developers.facebook.com/docs/sharing/webmasters/crawler)"
216.73.216.24 - - [31/Mar/2026:05:38:47 +0700] "GET /whatsapp:/send?path=%2F%2Fproc%2Fthread-self%2Froot%2Fvar%2Flib%2Fmysql%2Fskcepqpu_etic HTTP/2" 200 2573 "-" "Mozilla/5.0 AppleWebKit/537.36 (KHTML, like Gecko; compatible; ClaudeBot/1.0; +claudebot@anthropic.com)"
216.73.216.24 - - [31/Mar/2026:05:38:47 +0700] "GET /whatsapp:/send?fileloc=%2F%2Fproc%2Fself%2Froot%2Fvar%2Fsoftaculous%2Fdrupalcms%2Fimport.php&path=%2F%2Fproc%2Fself%2Froot%2Fvar%2Fsoftaculous%2Fdrupalcms HTTP/2" 200 5084 "-" "Mozilla/5.0 AppleWebKit/537.36 (KHTML, like Gecko; compatible; ClaudeBot/1.0; +claudebot@anthropic.com)"
74.7.227.10 - - [31/Mar/2026:05:38:47 +0700] "GET /?fileloc=//usr/bin/awk&path=//usr/bin HTTP/2" 200 323049 "https://www.lotushomemade.com/?path=//usr/bin" "Mozilla/5.0 AppleWebKit/537.36 (KHTML, like Gecko; compatible; GPTBot/1.3; +https://openai.com/gptbot)"
216.73.216.24 - - [31/Mar/2026:05:38:47 +0700] "GET /wp-sitemap.xml?path=%2F%2Fusr%2Flib%2F.build-id%2F87 HTTP/2" 200 3382 "-" "Mozilla/5.0 AppleWebKit/537.36 (KHTML, like Gecko; compatible; ClaudeBot/1.0; +claudebot@anthropic.com)"
216.73.216.24 - - [31/Mar/2026:05:38:47 +0700] "GET /whatsapp:/send?path=%2F%2Fproc%2Fthread-self%2Froot%2Fvar%2Flib%2Fmysql%2Fsabalear_elibarts57 HTTP/2" 200 2623 "-" "Mozilla/5.0 AppleWebKit/537.36 (KHTML, like Gecko; compatible; ClaudeBot/1.0; +claudebot@anthropic.com)"
74.7.227.29 - - [31/Mar/2026:05:38:47 +0700] "GET /wp-sitemap.xml?fileloc=//opt/cloudlinux/venv/lib/python3.11/site-packages/pyfakefs/__pycache__/fake_pathlib.cpython-311.pyc&path=//opt/cloudlinux/venv/lib/python3.11/site-packages/pyfakefs/__pycache__ HTTP/2" 200 24183 "https://lotushomemade.com/wp-sitemap.xml?path=//opt/cloudlinux/venv/lib/python3.11/site-packages/pyfakefs/__pycache__" "Mozilla/5.0 AppleWebKit/537.36 (KHTML, like Gecko; compatible; GPTBot/1.3; +https://openai.com/gptbot)"
216.73.216.24 - - [31/Mar/2026:05:38:47 +0700] "GET /whatsapp:/send?path=%2F%2Fproc%2Fthread-self%2Froot%2Fvar%2Flib%2Fmysql%2Ffsphgwmp_wp_p4bxb HTTP/2" 200 2613 "-" "Mozilla/5.0 AppleWebKit/537.36 (KHTML, like Gecko; compatible; ClaudeBot/1.0; +claudebot@anthropic.com)"
57.141.16.18 - - [31/Mar/2026:05:38:46 +0700] "GET /news_sitemap.xml?fileloc=//usr/bin/wget&path=//usr/bin HTTP/2" 200 832872 "-" "meta-externalagent/1.1 (+https://developers.facebook.com/docs/sharing/webmasters/crawler)"
216.73.216.24 - - [31/Mar/2026:05:38:47 +0700] "GET /whatsapp:/send?path=%2F%2Fproc%2Fthread-self%2Froot%2Fvar%2Flib%2Fmysql%2Fmdthkqbi_rdmman3 HTTP/2" 200 2575 "-" "Mozilla/5.0 AppleWebKit/537.36 (KHTML, like Gecko; compatible; ClaudeBot/1.0; +claudebot@anthropic.com)"
216.73.216.24 - - [31/Mar/2026:05:38:48 +0700] "GET /whatsapp:/send?path=%2F%2Fproc%2Fself%2Froot%2Fusr%2Fshare%2Fperl5%2Fvendor_perl%2FCarp HTTP/2" 200 2898 "-" "Mozilla/5.0 AppleWebKit/537.36 (KHTML, like Gecko; compatible; ClaudeBot/1.0; +claudebot@anthropic.com)"
57.141.16.52 - - [31/Mar/2026:05:38:48 +0700] "GET /news_sitemap.xml?fileloc=//usr/bin/zipsplit&path=//usr/bin HTTP/2" 200 106542 "-" "meta-externalagent/1.1 (+https://developers.facebook.com/docs/sharing/webmasters/crawler)"
74.7.227.10 - - [31/Mar/2026:05:38:48 +0700] "GET /?fileloc=//usr/bin/dig&path=//usr/bin HTTP/2" 200 54382 "https://www.lotushomemade.com/?path=//usr/bin" "Mozilla/5.0 AppleWebKit/537.36 (KHTML, like Gecko; compatible; GPTBot/1.3; +https://openai.com/gptbot)"
216.73.216.24 - - [31/Mar/2026:05:38:48 +0700] "GET /whatsapp:/send?fileloc=%2F%2Fusr%2Flib64%2Fpython3.9%2Flib2to3%2Fpgen2%2F__pycache__%2Fliterals.cpython-39.opt-1.pyc&path=%2F%2Fusr%2Flib64%2Fpython3.9%2Flib2to3%2Fpgen2%2F__pycache__ HTTP/2" 200 3491 "-" "Mozilla/5.0 AppleWebKit/537.36 (KHTML, like Gecko; compatible; ClaudeBot/1.0; +claudebot@anthropic.com)"
216.73.216.24 - - [31/Mar/2026:05:38:48 +0700] "GET /whatsapp:/send?fileloc=%2F%2Fproc%2Fthread-self%2Froot%2Fvar%2Fsoftaculous%2Fbackdrop%2Finstall.php&path=%2F%2Fproc%2Fthread-self%2Froot%2Fvar%2Fsoftaculous%2Fbackdrop HTTP/2" 200 11977 "-" "Mozilla/5.0 AppleWebKit/537.36 (KHTML, like Gecko; compatible; ClaudeBot/1.0; +claudebot@anthropic.com)"
74.7.227.29 - - [31/Mar/2026:05:38:48 +0700] "GET /wp-sitemap.xml?fileloc=//opt/cloudlinux/venv/lib/python3.11/site-packages/future/types/__pycache__/newdict.cpython-311.pyc&path=//opt/cloudlinux/venv/lib/python3.11/site-packages/future/types/__pycache__ HTTP/2" 200 4300 "https://lotushomemade.com/wp-sitemap.xml?path=//opt/cloudlinux/venv/lib/python3.11/site-packages/future/types/__pycache__" "Mozilla/5.0 AppleWebKit/537.36 (KHTML, like Gecko; compatible; GPTBot/1.3; +https://openai.com/gptbot)"
216.73.216.24 - - [31/Mar/2026:05:38:48 +0700] "GET /whatsapp:/send?path=%2F%2Fproc%2Fthread-self%2Froot%2Fvar%2Flib%2Fmysql%2Fxeplubsij_nex665 HTTP/2" 200 2619 "-" "Mozilla/5.0 AppleWebKit/537.36 (KHTML, like Gecko; compatible; ClaudeBot/1.0; +claudebot@anthropic.com)"
57.141.16.62 - - [31/Mar/2026:05:38:48 +0700] "GET /news_sitemap.xml?path=//usr/share/bash-completion HTTP/2" 200 14138 "-" "meta-externalagent/1.1 (+https://developers.facebook.com/docs/sharing/webmasters/crawler)"
57.141.16.19 - - [31/Mar/2026:05:38:48 +0700] "GET /news_sitemap.xml?fileloc=//usr/bin/whereis&path=//usr/bin HTTP/2" 200 53695 "-" "meta-externalagent/1.1 (+https://developers.facebook.com/docs/sharing/webmasters/crawler)"
216.73.216.24 - - [31/Mar/2026:05:38:48 +0700] "GET /whatsapp:/send?fileloc=%2F%2Fproc%2Fself%2Froot%2Fvar%2Fsoftaculous%2Fwintercms%2Fphp53%2Fimport.php&path=%2F%2Fproc%2Fself%2Froot%2Fvar%2Fsoftaculous%2Fwintercms%2Fphp53 HTTP/2" 200 5201 "-" "Mozilla/5.0 AppleWebKit/537.36 (KHTML, like Gecko; compatible; ClaudeBot/1.0; +claudebot@anthropic.com)"
216.73.216.24 - - [31/Mar/2026:05:38:48 +0700] "GET /whatsapp:/send?path=%2F%2Fproc%2Fthread-self%2Froot%2Fvar%2Flib%2Fmysql%2Fficiaosb_db_qris HTTP/2" 200 2619 "-" "Mozilla/5.0 AppleWebKit/537.36 (KHTML, like Gecko; compatible; ClaudeBot/1.0; +claudebot@anthropic.com)"
57.141.16.76 - - [31/Mar/2026:05:38:48 +0700] "GET /news_sitemap.xml?fileloc=//usr/bin/rev&path=//usr/bin HTTP/2" 200 31337 "-" "meta-externalagent/1.1 (+https://developers.facebook.com/docs/sharing/webmasters/crawler)"
216.73.216.24 - - [31/Mar/2026:05:38:48 +0700] "GET /whatsapp:/send?fileloc=%2F%2Fproc%2Fthread-self%2Froot%2Fvar%2Fsoftaculous%2Fwebtrees%2Finstall.php&path=%2F%2Fproc%2Fthread-self%2Froot%2Fvar%2Fsoftaculous%2Fwebtrees HTTP/2" 200 5682 "-" "Mozilla/5.0 AppleWebKit/537.36 (KHTML, like Gecko; compatible; ClaudeBot/1.0; +claudebot@anthropic.com)"
74.7.227.10 - - [31/Mar/2026:05:38:48 +0700] "GET /?fileloc=//usr/bin/pwd&path=//usr/bin HTTP/2" 200 14718 "https://www.lotushomemade.com/?path=//usr/bin" "Mozilla/5.0 AppleWebKit/537.36 (KHTML, like Gecko; compatible; GPTBot/1.3; +https://openai.com/gptbot)"
216.73.216.24 - - [31/Mar/2026:05:38:48 +0700] "GET /whatsapp:/send?fileloc=%2F%2Fproc%2Fself%2Froot%2Fvar%2Fsoftaculous%2Fcommentics%2Fphp53%2Fimport.php&path=%2F%2Fproc%2Fself%2Froot%2Fvar%2Fsoftaculous%2Fcommentics%2Fphp53 HTTP/2" 200 6071 "-" "Mozilla/5.0 AppleWebKit/537.36 (KHTML, like Gecko; compatible; ClaudeBot/1.0; +claudebot@anthropic.com)"
216.73.216.24 - - [31/Mar/2026:05:38:48 +0700] "GET /whatsapp:/send?path=%2F%2Fproc%2Fthread-self%2Froot%2Fvar%2Flib%2Fmysql%2Fyzlvalfe_wp654 HTTP/2" 200 2623 "-" "Mozilla/5.0 AppleWebKit/537.36 (KHTML, like Gecko; compatible; ClaudeBot/1.0; +claudebot@anthropic.com)"
74.7.227.29 - - [31/Mar/2026:05:38:48 +0700] "GET /wp-sitemap.xml?fileloc=//opt/cloudlinux/venv/lib/python3.11/site-packages/jsonschema/__pycache__/_utils.cpython-311.pyc&path=//opt/cloudlinux/venv/lib/python3.11/site-packages/jsonschema/__pycache__ HTTP/2" 200 7448 "https://lotushomemade.com/wp-sitemap.xml?path=//opt/cloudlinux/venv/lib/python3.11/site-packages/jsonschema/__pycache__" "Mozilla/5.0 AppleWebKit/537.36 (KHTML, like Gecko; compatible; GPTBot/1.3; +https://openai.com/gptbot)"
216.73.216.24 - - [31/Mar/2026:05:38:48 +0700] "GET /whatsapp:/send?fileloc=%2F%2Fusr%2Flib%2Fpython3.9%2Fsite-packages%2Fsepolicy%2F__pycache__%2Ftransition.cpython-39.opt-1.pyc&path=%2F%2Fusr%2Flib%2Fpython3.9%2Fsite-packages%2Fsepolicy%2F__pycache__ HTTP/2" 200 4112 "-" "Mozilla/5.0 AppleWebKit/537.36 (KHTML, like Gecko; compatible; ClaudeBot/1.0; +claudebot@anthropic.com)"
216.73.216.24 - - [31/Mar/2026:05:38:48 +0700] "GET /whatsapp:/send?path=%2F%2Fproc%2Fthread-self%2Froot%2Fvar%2Flib%2Fmysql%2Fxijnouur_mana HTTP/2" 200 2614 "-" "Mozilla/5.0 AppleWebKit/537.36 (KHTML, like Gecko; compatible; ClaudeBot/1.0; +claudebot@anthropic.com)"
216.73.216.24 - - [31/Mar/2026:05:38:49 +0700] "GET /wp-sitemap.xml?path=%2F%2Fusr%2Flib%2F.build-id%2F44 HTTP/2" 200 3351 "-" "Mozilla/5.0 AppleWebKit/537.36 (KHTML, like Gecko; compatible; ClaudeBot/1.0; +claudebot@anthropic.com)"
216.73.216.24 - - [31/Mar/2026:05:38:49 +0700] "GET /whatsapp:/send?fileloc=%2F%2Fproc%2Fthread-self%2Froot%2Fproc%2Firq%2F22%2Fnode&path=%2F%2Fproc%2Fthread-self%2Froot%2Fproc%2Firq%2F22 HTTP/2" 200 2538 "-" "Mozilla/5.0 AppleWebKit/537.36 (KHTML, like Gecko; compatible; ClaudeBot/1.0; +claudebot@anthropic.com)"
74.7.227.10 - - [31/Mar/2026:05:38:49 +0700] "GET /?fileloc=//usr/bin/gem&path=//usr/bin HTTP/2" 200 2817 "https://www.lotushomemade.com/?path=//usr/bin" "Mozilla/5.0 AppleWebKit/537.36 (KHTML, like Gecko; compatible; GPTBot/1.3; +https://openai.com/gptbot)"
216.73.216.24 - - [31/Mar/2026:05:38:49 +0700] "GET /whatsapp:/send?path=%2F%2Fproc%2Fself%2Froot%2Fvar%2Fsoftaculous%2Floaded7%2Fimages HTTP/2" 200 2926 "-" "Mozilla/5.0 AppleWebKit/537.36 (KHTML, like Gecko; compatible; ClaudeBot/1.0; +claudebot@anthropic.com)"
74.7.227.29 - - [31/Mar/2026:05:38:49 +0700] "GET /wp-sitemap.xml?fileloc=//opt/cloudlinux/venv/lib/python3.11/site-packages/setuptools/command/__pycache__/bdist_egg.cpython-311.pyc&path=//opt/cloudlinux/venv/lib/python3.11/site-packages/setuptools/command/__pycache__ HTTP/2" 200 14352 "https://lotushomemade.com/wp-sitemap.xml?path=//opt/cloudlinux/venv/lib/python3.11/site-packages/setuptools/command/__pycache__" "Mozilla/5.0 AppleWebKit/537.36 (KHTML, like Gecko; compatible; GPTBot/1.3; +https://openai.com/gptbot)"
216.73.216.24 - - [31/Mar/2026:05:38:49 +0700] "GET /wp-sitemap.xml?path=%2F%2Fusr%2Flib%2F.build-id%2F1d HTTP/2" 200 3405 "-" "Mozilla/5.0 AppleWebKit/537.36 (KHTML, like Gecko; compatible; ClaudeBot/1.0; +claudebot@anthropic.com)"
57.141.16.64 - - [31/Mar/2026:05:38:49 +0700] "GET /news_sitemap.xml?path=//usr/include/asm-generic HTTP/2" 200 67047 "-" "meta-externalagent/1.1 (+https://developers.facebook.com/docs/sharing/webmasters/crawler)"
216.73.216.24 - - [31/Mar/2026:05:38:49 +0700] "GET /whatsapp:/send?fileloc=%2F%2Fproc%2Fself%2Froot%2Fvar%2Fsoftaculous%2Fphpcol%2Fmd5&path=%2F%2Fproc%2Fself%2Froot%2Fvar%2Fsoftaculous%2Fphpcol HTTP/2" 200 5655 "-" "Mozilla/5.0 AppleWebKit/537.36 (KHTML, like Gecko; compatible; ClaudeBot/1.0; +claudebot@anthropic.com)"
57.141.16.83 - - [31/Mar/2026:05:38:49 +0700] "GET /news_sitemap.xml?fileloc=//usr/bin/yes&path=//usr/bin HTTP/2" 200 55239 "-" "meta-externalagent/1.1 (+https://developers.facebook.com/docs/sharing/webmasters/crawler)"
216.73.216.24 - - [31/Mar/2026:05:38:49 +0700] "GET /wp-sitemap.xml?path=%2F%2Fhome%2Flotushomemade.com%2Fhttpdocs%2Fwp-content%2Fplugins%2Fcontact-form-7%2Flanguages HTTP/2" 200 2899 "-" "Mozilla/5.0 AppleWebKit/537.36 (KHTML, like Gecko; compatible; ClaudeBot/1.0; +claudebot@anthropic.com)"
216.73.216.24 - - [31/Mar/2026:05:38:49 +0700] "GET /whatsapp:/send?path=%2F%2Fproc%2Fthread-self%2Froot%2Fvar%2Flib%2Fmysql%2Ftsznnepj_wp918 HTTP/2" 200 2623 "-" "Mozilla/5.0 AppleWebKit/537.36 (KHTML, like Gecko; compatible; ClaudeBot/1.0; +claudebot@anthropic.com)"
57.141.16.45 - - [31/Mar/2026:05:38:49 +0700] "GET /news_sitemap.xml?fileloc=//usr/bin/ps2pdf&path=//usr/bin HTTP/2" 200 12615 "-" "meta-externalagent/1.1 (+https://developers.facebook.com/docs/sharing/webmasters/crawler)"
216.73.216.24 - - [31/Mar/2026:05:38:49 +0700] "GET /whatsapp:/send?path=%2F%2Fproc%2Fself%2Froot%2Fusr%2Fshare%2Flocale%2Ffrr%2FLC_MESSAGES HTTP/2" 200 2619 "-" "Mozilla/5.0 AppleWebKit/537.36 (KHTML, like Gecko; compatible; ClaudeBot/1.0; +claudebot@anthropic.com)"
74.7.227.10 - - [31/Mar/2026:05:38:49 +0700] "GET /?fileloc=//usr/bin/sh&path=//usr/bin HTTP/2" 200 608946 "https://www.lotushomemade.com/?path=//usr/bin" "Mozilla/5.0 AppleWebKit/537.36 (KHTML, like Gecko; compatible; GPTBot/1.3; +https://openai.com/gptbot)"
216.73.216.24 - - [31/Mar/2026:05:38:49 +0700] "GET /whatsapp:/send?path=%2F%2Fproc%2Fself%2Froot%2Flib%2Ffirmware%2Farm%2Fmali%2Farch10.8 HTTP/2" 200 2901 "-" "Mozilla/5.0 AppleWebKit/537.36 (KHTML, like Gecko; compatible; ClaudeBot/1.0; +claudebot@anthropic.com)"
216.73.216.24 - - [31/Mar/2026:05:38:49 +0700] "GET /whatsapp:/send?fileloc=%2F%2Fusr%2Flib%2Fpython3.9%2Fsite-packages%2Fchardet%2F__pycache__%2Fescprober.cpython-39.opt-1.pyc&path=%2F%2Fusr%2Flib%2Fpython3.9%2Fsite-packages%2Fchardet%2F__pycache__ HTTP/2" 200 4056 "-" "Mozilla/5.0 AppleWebKit/537.36 (KHTML, like Gecko; compatible; ClaudeBot/1.0; +claudebot@anthropic.com)"
74.7.227.29 - - [31/Mar/2026:05:38:49 +0700] "GET /wp-sitemap.xml?fileloc=//opt/cloudlinux/venv/lib/python3.11/site-packages/jsonschema/benchmarks/__pycache__/__init__.cpython-311.pyc&path=//opt/cloudlinux/venv/lib/python3.11/site-packages/jsonschema/benchmarks/__pycache__ HTTP/2" 200 2817 "https://lotushomemade.com/wp-sitemap.xml?path=//opt/cloudlinux/venv/lib/python3.11/site-packages/jsonschema/benchmarks/__pycache__" "Mozilla/5.0 AppleWebKit/537.36 (KHTML, like Gecko; compatible; GPTBot/1.3; +https://openai.com/gptbot)"
216.73.216.24 - - [31/Mar/2026:05:38:49 +0700] "GET /whatsapp:/send?fileloc=%2F%2Fproc%2Fself%2Froot%2Fvar%2Fsoftaculous%2Finvoice%2Fphp71%2Fedit.php&path=%2F%2Fproc%2Fself%2Froot%2Fvar%2Fsoftaculous%2Finvoice%2Fphp71 HTTP/2" 200 6207 "-" "Mozilla/5.0 AppleWebKit/537.36 (KHTML, like Gecko; compatible; ClaudeBot/1.0; +claudebot@anthropic.com)"
216.73.216.24 - - [31/Mar/2026:05:38:50 +0700] "GET /sitemap.xml?path=%2Fhome%2Flotushomemade.com%2Fhttpdocs%2Fwp-content%2Fplugins%2Fwp-file-manager%2Flib%2Fcodemirror%2Fmode%2Fz80 HTTP/2" 200 2942 "-" "Mozilla/5.0 AppleWebKit/537.36 (KHTML, like Gecko; compatible; ClaudeBot/1.0; +claudebot@anthropic.com)"
216.73.216.24 - - [31/Mar/2026:05:38:50 +0700] "GET /wp-sitemap.xml?path=%2F%2Fusr%2Flib%2F.build-id%2F99 HTTP/2" 200 3023 "-" "Mozilla/5.0 AppleWebKit/537.36 (KHTML, like Gecko; compatible; ClaudeBot/1.0; +claudebot@anthropic.com)"
216.73.216.24 - - [31/Mar/2026:05:38:50 +0700] "GET /product/seaweed-cuttle-fish-l?fileloc=%2F%2Fusr%2Flibexec%2Fgit-core%2Fgit-log&path=%2F%2Fusr%2Flibexec%2Fgit-core HTTP/2" 200 1947560 "-" "Mozilla/5.0 AppleWebKit/537.36 (KHTML, like Gecko; compatible; ClaudeBot/1.0; +claudebot@anthropic.com)"
57.141.16.81 - - [31/Mar/2026:05:38:50 +0700] "GET /news_sitemap.xml?fileloc=//usr/bin/tload&path=//usr/bin HTTP/2" 200 36360 "-" "meta-externalagent/1.1 (+https://developers.facebook.com/docs/sharing/webmasters/crawler)"
216.73.216.24 - - [31/Mar/2026:05:38:50 +0700] "GET /whatsapp:/send?path=%2F%2Fproc%2Fself%2Froot%2Fusr%2Fshare%2Flocale%2Fde-CH%2FLC_MESSAGES HTTP/2" 200 2627 "-" "Mozilla/5.0 AppleWebKit/537.36 (KHTML, like Gecko; compatible; ClaudeBot/1.0; +claudebot@anthropic.com)"
74.7.227.29 - - [31/Mar/2026:05:38:50 +0700] "GET /wp-sitemap.xml?fileloc=//opt/cloudlinux/venv/lib/python3.11/site-packages/pycparser/__pycache__/_ast_gen.cpython-311.pyc&path=//opt/cloudlinux/venv/lib/python3.11/site-packages/pycparser/__pycache__ HTTP/2" 200 8347 "https://lotushomemade.com/wp-sitemap.xml?path=//opt/cloudlinux/venv/lib/python3.11/site-packages/pycparser/__pycache__" "Mozilla/5.0 AppleWebKit/537.36 (KHTML, like Gecko; compatible; GPTBot/1.3; +https://openai.com/gptbot)"
216.73.216.24 - - [31/Mar/2026:05:38:50 +0700] "GET /whatsapp:/send?path=%2F%2Fproc%2Fthread-self%2Froot%2Fvar%2Flib%2Fmysql%2Falkautsa_remas HTTP/2" 200 2622 "-" "Mozilla/5.0 AppleWebKit/537.36 (KHTML, like Gecko; compatible; ClaudeBot/1.0; +claudebot@anthropic.com)"
74.7.227.10 - - [31/Mar/2026:05:38:50 +0700] "GET /?fileloc=//usr/bin/ln&path=//usr/bin HTTP/2" 200 26641 "https://www.lotushomemade.com/?path=//usr/bin" "Mozilla/5.0 AppleWebKit/537.36 (KHTML, like Gecko; compatible; GPTBot/1.3; +https://openai.com/gptbot)"
216.73.216.24 - - [31/Mar/2026:05:38:50 +0700] "GET /wp-sitemap.xml?path=%2F%2Fusr%2Flib%2F.build-id%2F65 HTTP/2" 200 3374 "-" "Mozilla/5.0 AppleWebKit/537.36 (KHTML, like Gecko; compatible; ClaudeBot/1.0; +claudebot@anthropic.com)"
216.73.216.24 - - [31/Mar/2026:05:38:50 +0700] "GET /whatsapp:/send?fileloc=%2F%2Fproc%2Fself%2Froot%2Fvar%2Fsoftaculous%2Fdotcl%2Fphp56%2Fimport.php&path=%2F%2Fproc%2Fself%2Froot%2Fvar%2Fsoftaculous%2Fdotcl%2Fphp56 HTTP/2" 200 5408 "-" "Mozilla/5.0 AppleWebKit/537.36 (KHTML, like Gecko; compatible; ClaudeBot/1.0; +claudebot@anthropic.com)"
57.141.16.68 - - [31/Mar/2026:05:38:50 +0700] "GET /news_sitemap.xml?fileloc=//usr/bin/mysql_find_rows&path=//usr/bin HTTP/2" 200 15939 "-" "meta-externalagent/1.1 (+https://developers.facebook.com/docs/sharing/webmasters/crawler)"
216.73.216.24 - - [31/Mar/2026:05:38:50 +0700] "GET /whatsapp:/send?path=%2F%2Fproc%2Fself%2Froot%2Fusr%2Fshare%2Flocale%2Fsmj%2FLC_MESSAGES HTTP/2" 200 2619 "-" "Mozilla/5.0 AppleWebKit/537.36 (KHTML, like Gecko; compatible; ClaudeBot/1.0; +claudebot@anthropic.com)"
216.73.216.24 - - [31/Mar/2026:05:38:50 +0700] "GET /whatsapp:/send?path=%2F%2Fproc%2Fthread-self%2Froot%2Fvar%2Flib%2Fmysql%2Fwlozzjyz_rdm HTTP/2" 200 2618 "-" "Mozilla/5.0 AppleWebKit/537.36 (KHTML, like Gecko; compatible; ClaudeBot/1.0; +claudebot@anthropic.com)"
57.141.16.68 - - [31/Mar/2026:05:38:50 +0700] "GET /news_sitemap.xml?path=//usr/lib/debug HTTP/2" 200 20610 "-" "meta-externalagent/1.1 (+https://developers.facebook.com/docs/sharing/webmasters/crawler)"
216.73.216.24 - - [31/Mar/2026:05:38:50 +0700] "GET /wp-sitemap.xml?path=%2F%2Fusr%2Flib%2F.build-id%2F41 HTTP/2" 200 3350 "-" "Mozilla/5.0 AppleWebKit/537.36 (KHTML, like Gecko; compatible; ClaudeBot/1.0; +claudebot@anthropic.com)"
74.7.227.29 - - [31/Mar/2026:05:38:50 +0700] "GET /wp-sitemap.xml?fileloc=//opt/cloudlinux/venv/lib/python3.11/site-packages/future/types/__pycache__/newobject.cpython-311.pyc&path=//opt/cloudlinux/venv/lib/python3.11/site-packages/future/types/__pycache__ HTTP/2" 200 4297 "https://lotushomemade.com/wp-sitemap.xml?path=//opt/cloudlinux/venv/lib/python3.11/site-packages/future/types/__pycache__" "Mozilla/5.0 AppleWebKit/537.36 (KHTML, like Gecko; compatible; GPTBot/1.3; +https://openai.com/gptbot)"
216.73.216.24 - - [31/Mar/2026:05:38:50 +0700] "GET /whatsapp:/send?path=%2F%2Fproc%2Fthread-self%2Froot%2Fvar%2Flib%2Fmysql%2Fwhwlpwhe_naystours HTTP/2" 200 2581 "-" "Mozilla/5.0 AppleWebKit/537.36 (KHTML, like Gecko; compatible; ClaudeBot/1.0; +claudebot@anthropic.com)"
74.7.227.10 - - [31/Mar/2026:05:38:51 +0700] "GET /?fileloc=//usr/bin/ps&path=//usr/bin HTTP/2" 200 46675 "https://www.lotushomemade.com/?path=//usr/bin" "Mozilla/5.0 AppleWebKit/537.36 (KHTML, like Gecko; compatible; GPTBot/1.3; +https://openai.com/gptbot)"
216.73.216.24 - - [31/Mar/2026:05:38:51 +0700] "GET /whatsapp:/send?fileloc=%2F%2Fhome%2Flotushomemade.com%2Fhttpdocs%2Fwp-includes%2FID3%2Fmodule.audio.flac.php&path=%2F%2Fhome%2Flotushomemade.com%2Fhttpdocs%2Fwp-includes%2FID3 HTTP/2" 200 7731 "-" "Mozilla/5.0 AppleWebKit/537.36 (KHTML, like Gecko; compatible; ClaudeBot/1.0; +claudebot@anthropic.com)"
216.73.216.24 - - [31/Mar/2026:05:38:51 +0700] "GET /whatsapp:/send?fileloc=%2F%2Fproc%2Fself%2Froot%2Fvar%2Fsoftaculous%2Fwintercms%2Fphp56%2Finstall.php&path=%2F%2Fproc%2Fself%2Froot%2Fvar%2Fsoftaculous%2Fwintercms%2Fphp56 HTTP/2" 200 7273 "-" "Mozilla/5.0 AppleWebKit/537.36 (KHTML, like Gecko; compatible; ClaudeBot/1.0; +claudebot@anthropic.com)"
216.73.216.24 - - [31/Mar/2026:05:38:51 +0700] "GET /whatsapp:/send?path=%2F%2Fproc%2Fself%2Fcwd%2Fwp-content%2Fplugins%2Fultimate-maps-by-supsystic%2Fcss%2Fimages HTTP/2" 200 3590 "-" "Mozilla/5.0 AppleWebKit/537.36 (KHTML, like Gecko; compatible; ClaudeBot/1.0; +claudebot@anthropic.com)"
216.73.216.24 - - [31/Mar/2026:05:38:51 +0700] "GET /whatsapp:/send?path=%2F%2Fproc%2Fself%2Froot%2Flib%2Ffirmware%2Farm%2Fmali%2Farch13.8 HTTP/2" 200 2899 "-" "Mozilla/5.0 AppleWebKit/537.36 (KHTML, like Gecko; compatible; ClaudeBot/1.0; +claudebot@anthropic.com)"
216.73.216.24 - - [31/Mar/2026:05:38:51 +0700] "GET /wp-sitemap.xml?fileloc=%2F%2Fhome%2Flotushomemade.com%2Fhttpdocs%2Fwp-admin%2Fcss%2Frevisions.css&path=%2F%2Fhome%2Flotushomemade.com%2Fhttpdocs%2Fwp-admin%2Fcss HTTP/2" 200 5110 "-" "Mozilla/5.0 AppleWebKit/537.36 (KHTML, like Gecko; compatible; ClaudeBot/1.0; +claudebot@anthropic.com)"
74.7.227.29 - - [31/Mar/2026:05:38:51 +0700] "GET /wp-sitemap.xml?fileloc=//opt/cloudlinux/venv/lib/python3.11/site-packages/prospector/__pycache__/run.cpython-311.pyc&path=//opt/cloudlinux/venv/lib/python3.11/site-packages/prospector/__pycache__ HTTP/2" 200 8457 "https://lotushomemade.com/wp-sitemap.xml?path=//opt/cloudlinux/venv/lib/python3.11/site-packages/prospector/__pycache__" "Mozilla/5.0 AppleWebKit/537.36 (KHTML, like Gecko; compatible; GPTBot/1.3; +https://openai.com/gptbot)"
57.141.16.15 - - [31/Mar/2026:05:38:50 +0700] "GET /news_sitemap.xml?fileloc=//usr/bin/gcov-tool&path=//usr/bin HTTP/2" 200 525109 "-" "meta-externalagent/1.1 (+https://developers.facebook.com/docs/sharing/webmasters/crawler)"
216.73.216.24 - - [31/Mar/2026:05:38:51 +0700] "GET /whatsapp:/send?path=%2F%2Fproc%2Fself%2Froot%2Fvar%2Fsoftaculous%2Ffusion%2Fimages HTTP/2" 200 2926 "-" "Mozilla/5.0 AppleWebKit/537.36 (KHTML, like Gecko; compatible; ClaudeBot/1.0; +claudebot@anthropic.com)"
74.7.227.10 - - [31/Mar/2026:05:38:51 +0700] "GET /?fileloc=//usr/bin/as&path=//usr/bin HTTP/2" 200 209852 "https://www.lotushomemade.com/?path=//usr/bin" "Mozilla/5.0 AppleWebKit/537.36 (KHTML, like Gecko; compatible; GPTBot/1.3; +https://openai.com/gptbot)"
216.73.216.24 - - [31/Mar/2026:05:38:51 +0700] "GET /whatsapp:/send?path=%2F%2Fproc%2Fthread-self%2Froot%2Fvar%2Flib%2Fmysql%2Fjvrhmknr_wp404 HTTP/2" 200 2580 "-" "Mozilla/5.0 AppleWebKit/537.36 (KHTML, like Gecko; compatible; ClaudeBot/1.0; +claudebot@anthropic.com)"
216.73.216.24 - - [31/Mar/2026:05:38:51 +0700] "GET /whatsapp:/send?fileloc=%2F%2Fproc%2Fself%2Froot%2Fvar%2Fsoftaculous%2Ftestlink%2Fphp53%2Finstall.php&path=%2F%2Fproc%2Fself%2Froot%2Fvar%2Fsoftaculous%2Ftestlink%2Fphp53 HTTP/2" 200 6339 "-" "Mozilla/5.0 AppleWebKit/537.36 (KHTML, like Gecko; compatible; ClaudeBot/1.0; +claudebot@anthropic.com)"
216.73.216.24 - - [31/Mar/2026:05:38:51 +0700] "GET /wp-sitemap.xml?path=%2F%2Fusr%2Fshare%2Flocale%2Feu%2FLC_TIME HTTP/2" 200 2862 "-" "Mozilla/5.0 AppleWebKit/537.36 (KHTML, like Gecko; compatible; ClaudeBot/1.0; +claudebot@anthropic.com)"
57.141.16.11 - - [31/Mar/2026:05:38:51 +0700] "GET /news_sitemap.xml?fileloc=//usr/bin/c++filt&path=//usr/bin HTTP/2" 200 12280 "-" "meta-externalagent/1.1 (+https://developers.facebook.com/docs/sharing/webmasters/crawler)"
216.73.216.24 - - [31/Mar/2026:05:38:51 +0700] "GET /wp-sitemap.xml?path=%2F%2Fopt%2Fimunify360%2Fvenv%2Flib64%2Fpython3.11%2Fsite-packages%2Fpeewee_migrate HTTP/2" 200 3405 "-" "Mozilla/5.0 AppleWebKit/537.36 (KHTML, like Gecko; compatible; ClaudeBot/1.0; +claudebot@anthropic.com)"
74.7.227.29 - - [31/Mar/2026:05:38:51 +0700] "GET /wp-sitemap.xml?fileloc=//opt/cloudlinux/venv/lib/python3.11/site-packages/iniconfig/__pycache__/__init__.cpython-311.pyc&path=//opt/cloudlinux/venv/lib/python3.11/site-packages/iniconfig/__pycache__ HTTP/2" 200 6572 "https://lotushomemade.com/wp-sitemap.xml?path=//opt/cloudlinux/venv/lib/python3.11/site-packages/iniconfig/__pycache__" "Mozilla/5.0 AppleWebKit/537.36 (KHTML, like Gecko; compatible; GPTBot/1.3; +https://openai.com/gptbot)"
216.73.216.24 - - [31/Mar/2026:05:38:51 +0700] "GET /whatsapp:/send?fileloc=%2F%2Fproc%2Fself%2Froot%2Fusr%2Flib%2Fsystemd%2Fsystem%2Fsssd-ssh.service&path=%2F%2Fproc%2Fself%2Froot%2Fusr%2Flib%2Fsystemd%2Fsystem HTTP/2" 200 2817 "-" "Mozilla/5.0 AppleWebKit/537.36 (KHTML, like Gecko; compatible; ClaudeBot/1.0; +claudebot@anthropic.com)"
216.73.216.24 - - [31/Mar/2026:05:38:52 +0700] "GET /whatsapp:/send?path=%2F%2Fproc%2Fthread-self%2Froot%2Fvar%2Flib%2Fmysql%2Fdarululu_am2 HTTP/2" 200 2617 "-" "Mozilla/5.0 AppleWebKit/537.36 (KHTML, like Gecko; compatible; ClaudeBot/1.0; +claudebot@anthropic.com)"
57.141.16.33 - - [31/Mar/2026:05:38:51 +0700] "GET /news_sitemap.xml?fileloc=//usr/bin/ssh-keyscan&path=//usr/bin HTTP/2" 200 322947 "-" "meta-externalagent/1.1 (+https://developers.facebook.com/docs/sharing/webmasters/crawler)"
216.73.216.24 - - [31/Mar/2026:05:38:52 +0700] "GET /whatsapp:/send?fileloc=%2F%2Fproc%2Fself%2Froot%2Fvar%2Fsoftaculous%2Fdotcl%2Fphp81%2Finstall.php&path=%2F%2Fproc%2Fself%2Froot%2Fvar%2Fsoftaculous%2Fdotcl%2Fphp81 HTTP/2" 200 6189 "-" "Mozilla/5.0 AppleWebKit/537.36 (KHTML, like Gecko; compatible; ClaudeBot/1.0; +claudebot@anthropic.com)"
