37.27.59.176 - - [29/Mar/2026:13:46:15 +0700] "GET /shop/page/10/?max_price=420&per_row=4&per_page=24&shop_view=grid HTTP/1.1" 200 42328 "-" "Mozilla/5.0 (compatible; SERankingBacklinksBot/1.0; +https://seranking.com/backlinks-crawler)"
37.27.59.176 - - [29/Mar/2026:13:46:20 +0700] "GET /shop/page/44/?orderby=rating&per_row=6&shop_view=grid&per_page=8 HTTP/1.1" 200 40214 "-" "Mozilla/5.0 (compatible; SERankingBacklinksBot/1.0; +https://seranking.com/backlinks-crawler)"
37.27.59.176 - - [29/Mar/2026:13:46:25 +0700] "GET /shop/page/14/?max_price=420&per_page=24&shop_view=grid&per_row=4 HTTP/1.1" 200 42733 "-" "Mozilla/5.0 (compatible; SERankingBacklinksBot/1.0; +https://seranking.com/backlinks-crawler)"
104.232.218.6 - - [29/Mar/2026:13:46:30 +0700] "HEAD / HTTP/1.1" 200 637 "-" "Mozilla/5.0 (X11; Linux x86_64; rv:133.0) Gecko/20100101 Firefox/133.0"
37.27.59.176 - - [29/Mar/2026:13:46:30 +0700] "GET /shop/page/10/?max_price=420&per_row=6&per_page=18&shop_view=grid HTTP/1.1" 200 42165 "-" "Mozilla/5.0 (compatible; SERankingBacklinksBot/1.0; +https://seranking.com/backlinks-crawler)"
37.27.59.176 - - [29/Mar/2026:13:46:35 +0700] "GET /shop/page/45/?min_price=0&per_page=8&stock_status=instock,onsale HTTP/1.1" 301 608 "-" "Mozilla/5.0 (compatible; SERankingBacklinksBot/1.0; +https://seranking.com/backlinks-crawler)"
37.27.59.176 - - [29/Mar/2026:13:46:36 +0700] "GET /shop/page/45/?min_price=0&per_page=8&stock_status=instock%2Consale HTTP/1.1" 200 40055 "-" "Mozilla/5.0 (compatible; SERankingBacklinksBot/1.0; +https://seranking.com/backlinks-crawler)"
103.131.51.123 - - [29/Mar/2026:13:46:43 +0700] "POST /wp-cron.php?doing_wp_cron=1774766803.3636701107025146484375 HTTP/1.1" 200 474 "-" "WordPress/6.9.4; https://lotushomemade.com"
37.27.59.176 - - [29/Mar/2026:13:46:42 +0700] "GET /shop/?min_price=0&max_price=210&stock_status=instock,onsale&filter_brand=blessing-food&shop_view=grid&per_row=6 HTTP/1.1" 200 40139 "-" "Mozilla/5.0 (compatible; SERankingBacklinksBot/1.0; +https://seranking.com/backlinks-crawler)"
103.131.51.123 - - [29/Mar/2026:13:46:44 +0700] "POST /wp-cron.php?doing_wp_cron=1774766804.4723749160766601562500 HTTP/1.1" 200 474 "-" "WordPress/6.9.4; https://lotushomemade.com"
5.39.109.161 - - [29/Mar/2026:13:46:43 +0700] "GET /shop/?max_price=420&shop_view=grid&per_row=2 HTTP/2" 200 34304 "-" "Mozilla/5.0 (compatible; AhrefsBot/7.0; +http://ahrefs.com/robot/)"
37.27.59.176 - - [29/Mar/2026:13:46:46 +0700] "GET /shop/page/14/?max_price=420&per_page=24&shop_view=grid&per_row=6 HTTP/1.1" 200 42536 "-" "Mozilla/5.0 (compatible; SERankingBacklinksBot/1.0; +https://seranking.com/backlinks-crawler)"
37.27.59.176 - - [29/Mar/2026:13:46:52 +0700] "GET /shop/page/10/?max_price=420&per_row=6&per_page=24&shop_view=grid HTTP/1.1" 200 42323 "-" "Mozilla/5.0 (compatible; SERankingBacklinksBot/1.0; +https://seranking.com/backlinks-crawler)"
37.27.59.176 - - [29/Mar/2026:13:46:57 +0700] "GET /shop/page/45/?orderby=rating&per_row=2&per_page=8&shop_view=grid HTTP/1.1" 200 40253 "-" "Mozilla/5.0 (compatible; SERankingBacklinksBot/1.0; +https://seranking.com/backlinks-crawler)"
37.27.59.176 - - [29/Mar/2026:13:47:02 +0700] "GET /shop/page/14/?max_price=420&per_row=2&per_page=18&shop_view=grid HTTP/1.1" 200 41229 "-" "Mozilla/5.0 (compatible; SERankingBacklinksBot/1.0; +https://seranking.com/backlinks-crawler)"
37.27.59.176 - - [29/Mar/2026:13:47:07 +0700] "GET /shop/page/10/?max_price=630&per_row=2&per_page=18&shop_view=grid HTTP/1.1" 200 42373 "-" "Mozilla/5.0 (compatible; SERankingBacklinksBot/1.0; +https://seranking.com/backlinks-crawler)"
37.27.59.176 - - [29/Mar/2026:13:47:12 +0700] "GET /shop/page/45/?orderby=rating&per_row=4&per_page=8&shop_view=grid HTTP/1.1" 200 40293 "-" "Mozilla/5.0 (compatible; SERankingBacklinksBot/1.0; +https://seranking.com/backlinks-crawler)"
37.27.59.176 - - [29/Mar/2026:13:47:17 +0700] "GET /shop/page/14/?max_price=420&per_row=2&shop_view=grid&per_page=24 HTTP/1.1" 200 42692 "-" "Mozilla/5.0 (compatible; SERankingBacklinksBot/1.0; +https://seranking.com/backlinks-crawler)"
37.27.59.176 - - [29/Mar/2026:13:47:23 +0700] "GET /shop/page/10/?max_price=630&per_row=2&per_page=24&shop_view=grid HTTP/1.1" 200 42282 "-" "Mozilla/5.0 (compatible; SERankingBacklinksBot/1.0; +https://seranking.com/backlinks-crawler)"
51.68.247.207 - - [29/Mar/2026:13:47:26 +0700] "GET /shop/page/43/?orderby=rating&stock_status=instock&per_row=2&shop_view=grid&per_page=8 HTTP/2" 200 33096 "-" "Mozilla/5.0 (compatible; AhrefsBot/7.0; +http://ahrefs.com/robot/)"
37.27.59.176 - - [29/Mar/2026:13:47:28 +0700] "GET /shop/page/45/?orderby=rating&per_row=6&per_page=8&shop_view=grid HTTP/1.1" 200 40514 "-" "Mozilla/5.0 (compatible; SERankingBacklinksBot/1.0; +https://seranking.com/backlinks-crawler)"
37.27.59.176 - - [29/Mar/2026:13:47:33 +0700] "GET /shop/page/14/?max_price=420&per_row=4&per_page=18&shop_view=grid HTTP/1.1" 200 41459 "-" "Mozilla/5.0 (compatible; SERankingBacklinksBot/1.0; +https://seranking.com/backlinks-crawler)"
40.77.167.56 - - [29/Mar/2026:13:47:35 +0700] "GET /shop/?orderby=rating&per_page=8&filter_brand=blessing-food&stock_status=instock,onsale HTTP/2" 200 33173 "-" "Mozilla/5.0 AppleWebKit/537.36 (KHTML, like Gecko; compatible; bingbot/2.0; +http://www.bing.com/bingbot.htm) Chrome/116.0.1938.76 Safari/537.36"
37.27.59.176 - - [29/Mar/2026:13:47:39 +0700] "GET /shop/page/10/?max_price=630&per_row=4&per_page=18&shop_view=grid HTTP/1.1" 200 42321 "-" "Mozilla/5.0 (compatible; SERankingBacklinksBot/1.0; +https://seranking.com/backlinks-crawler)"
103.131.51.123 - - [29/Mar/2026:13:47:44 +0700] "POST /wp-cron.php?doing_wp_cron=1774766864.9198460578918457031250 HTTP/1.1" 200 474 "-" "WordPress/6.9.4; https://lotushomemade.com"
37.27.59.176 - - [29/Mar/2026:13:47:44 +0700] "GET /shop/page/46/?min_price=0&per_page=8&stock_status=instock,onsale HTTP/1.1" 301 608 "-" "Mozilla/5.0 (compatible; SERankingBacklinksBot/1.0; +https://seranking.com/backlinks-crawler)"
37.27.59.176 - - [29/Mar/2026:13:47:45 +0700] "GET /shop/page/46/?min_price=0&per_page=8&stock_status=instock%2Consale HTTP/1.1" 200 39871 "-" "Mozilla/5.0 (compatible; SERankingBacklinksBot/1.0; +https://seranking.com/backlinks-crawler)"
37.27.59.176 - - [29/Mar/2026:13:47:50 +0700] "GET /shop/page/14/?max_price=420&per_row=4&shop_view=grid&per_page=24 HTTP/1.1" 200 42671 "-" "Mozilla/5.0 (compatible; SERankingBacklinksBot/1.0; +https://seranking.com/backlinks-crawler)"
136.144.35.147 - - [29/Mar/2026:13:47:52 +0700] "GET /wp-login.php HTTP/1.1" 200 2936 "-" "Mozilla/5.0"
136.144.35.147 - - [29/Mar/2026:13:47:53 +0700] "GET /?author=1 HTTP/1.1" 301 332 "-" "Mozilla/5.0"
136.144.35.147 - - [29/Mar/2026:13:47:54 +0700] "GET /?rest_route=/wp/v2/users HTTP/1.1" 200 1232 "-" "Mozilla/5.0"
37.27.59.176 - - [29/Mar/2026:13:47:55 +0700] "GET /shop/page/10/?max_price=630&per_row=4&per_page=24&shop_view=grid HTTP/1.1" 200 42191 "-" "Mozilla/5.0 (compatible; SERankingBacklinksBot/1.0; +https://seranking.com/backlinks-crawler)"
52.178.68.120 - - [29/Mar/2026:13:47:58 +0700] "POST /xmlrpc.php HTTP/1.1" 200 676 "-" "Mozilla/5.0 (Windows NT 10.0; rv:141.0) Gecko/20100101 Firefox/141.0"
37.27.59.176 - - [29/Mar/2026:13:48:03 +0700] "GET /shop/page/46/?orderby=rating&per_row=2&per_page=8&shop_view=grid HTTP/1.1" 200 40465 "-" "Mozilla/5.0 (compatible; SERankingBacklinksBot/1.0; +https://seranking.com/backlinks-crawler)"
37.27.59.176 - - [29/Mar/2026:13:48:08 +0700] "GET /shop/page/14/?max_price=420&per_row=6&per_page=18&shop_view=grid HTTP/1.1" 200 41379 "-" "Mozilla/5.0 (compatible; SERankingBacklinksBot/1.0; +https://seranking.com/backlinks-crawler)"
37.27.59.176 - - [29/Mar/2026:13:48:13 +0700] "GET /shop/page/10/?max_price=630&per_row=6&per_page=18&shop_view=grid HTTP/1.1" 200 42173 "-" "Mozilla/5.0 (compatible; SERankingBacklinksBot/1.0; +https://seranking.com/backlinks-crawler)"
37.27.59.176 - - [29/Mar/2026:13:48:18 +0700] "GET /shop/page/46/?orderby=rating&per_row=4&per_page=8&shop_view=grid HTTP/1.1" 200 40344 "-" "Mozilla/5.0 (compatible; SERankingBacklinksBot/1.0; +https://seranking.com/backlinks-crawler)"
37.27.59.176 - - [29/Mar/2026:13:48:23 +0700] "GET /shop/page/14/?max_price=420&per_row=6&shop_view=grid&per_page=24 HTTP/1.1" 200 42675 "-" "Mozilla/5.0 (compatible; SERankingBacklinksBot/1.0; +https://seranking.com/backlinks-crawler)"
37.27.59.176 - - [29/Mar/2026:13:48:28 +0700] "GET /shop/page/10/?max_price=630&per_row=6&per_page=24&shop_view=grid HTTP/1.1" 200 42136 "-" "Mozilla/5.0 (compatible; SERankingBacklinksBot/1.0; +https://seranking.com/backlinks-crawler)"
37.27.59.176 - - [29/Mar/2026:13:48:33 +0700] "GET /shop/page/46/?orderby=rating&per_row=6&per_page=8&shop_view=grid HTTP/1.1" 200 40315 "-" "Mozilla/5.0 (compatible; SERankingBacklinksBot/1.0; +https://seranking.com/backlinks-crawler)"
103.131.51.123 - - [29/Mar/2026:13:48:40 +0700] "POST /wp-cron.php?doing_wp_cron=1774766920.6127490997314453125000 HTTP/1.1" 200 474 "-" "WordPress/6.9.4; https://lotushomemade.com"
37.27.59.176 - - [29/Mar/2026:13:48:39 +0700] "GET /shop/page/14/?max_price=630&per_page=24&shop_view=grid&per_row=2 HTTP/1.1" 200 42672 "-" "Mozilla/5.0 (compatible; SERankingBacklinksBot/1.0; +https://seranking.com/backlinks-crawler)"
92.222.108.126 - - [29/Mar/2026:13:48:40 +0700] "GET /shop/?max_price=420&shop_view=grid&per_row=2 HTTP/2" 200 34459 "-" "Mozilla/5.0 (compatible; AhrefsBot/7.0; +http://ahrefs.com/robot/)"
37.27.59.176 - - [29/Mar/2026:13:48:44 +0700] "GET /shop/page/10/?max_price=840&per_row=2&per_page=18&shop_view=grid HTTP/1.1" 200 42118 "-" "Mozilla/5.0 (compatible; SERankingBacklinksBot/1.0; +https://seranking.com/backlinks-crawler)"
37.27.59.176 - - [29/Mar/2026:13:48:48 +0700] "GET /shop/page/47/?min_price=0&per_page=8&stock_status=instock,onsale HTTP/1.1" 301 430 "-" "Mozilla/5.0 (compatible; SERankingBacklinksBot/1.0; +https://seranking.com/backlinks-crawler)"
37.27.59.176 - - [29/Mar/2026:13:48:49 +0700] "GET /shop/page/47/?min_price=0&per_page=8&stock_status=instock%2Consale HTTP/1.1" 200 40126 "-" "Mozilla/5.0 (compatible; SERankingBacklinksBot/1.0; +https://seranking.com/backlinks-crawler)"
37.27.59.176 - - [29/Mar/2026:13:48:55 +0700] "GET /shop/page/14/?max_price=630&per_page=24&shop_view=grid&per_row=4 HTTP/1.1" 200 42706 "-" "Mozilla/5.0 (compatible; SERankingBacklinksBot/1.0; +https://seranking.com/backlinks-crawler)"
37.27.59.176 - - [29/Mar/2026:13:49:00 +0700] "GET /shop/page/10/?max_price=840&per_row=2&per_page=24&shop_view=grid HTTP/1.1" 200 42327 "-" "Mozilla/5.0 (compatible; SERankingBacklinksBot/1.0; +https://seranking.com/backlinks-crawler)"
37.27.59.176 - - [29/Mar/2026:13:49:05 +0700] "GET /shop/page/47/?orderby=rating&per_row=2&per_page=8&shop_view=grid HTTP/1.1" 200 40530 "-" "Mozilla/5.0 (compatible; SERankingBacklinksBot/1.0; +https://seranking.com/backlinks-crawler)"
37.27.59.176 - - [29/Mar/2026:13:49:11 +0700] "GET /shop/page/14/?max_price=630&per_page=24&shop_view=grid&per_row=6 HTTP/1.1" 200 42661 "-" "Mozilla/5.0 (compatible; SERankingBacklinksBot/1.0; +https://seranking.com/backlinks-crawler)"
94.23.188.202 - - [29/Mar/2026:13:49:16 +0700] "GET /shop/?orderby=rating&per_page=8&filter_brand=blessing-food&stock_status=instock,onsale HTTP/2" 200 33141 "-" "Mozilla/5.0 (compatible; AhrefsBot/7.0; +http://ahrefs.com/robot/)"
37.27.59.176 - - [29/Mar/2026:13:49:16 +0700] "GET /shop/page/10/?max_price=840&per_row=4&per_page=18&shop_view=grid HTTP/1.1" 200 42167 "-" "Mozilla/5.0 (compatible; SERankingBacklinksBot/1.0; +https://seranking.com/backlinks-crawler)"
176.31.139.4 - - [29/Mar/2026:13:49:17 +0700] "GET /product-category/new-item/?stock_status=onsale&per_row=2&per_page=18&shop_view=grid HTTP/2" 200 35202 "-" "Mozilla/5.0 (compatible; AhrefsBot/7.0; +http://ahrefs.com/robot/)"
37.27.59.176 - - [29/Mar/2026:13:49:21 +0700] "GET /shop/page/47/?orderby=rating&per_row=4&per_page=8&shop_view=grid HTTP/1.1" 200 40752 "-" "Mozilla/5.0 (compatible; SERankingBacklinksBot/1.0; +https://seranking.com/backlinks-crawler)"
37.27.59.176 - - [29/Mar/2026:13:49:26 +0700] "GET /shop/page/14/?max_price=630&per_row=2&per_page=18&shop_view=grid HTTP/1.1" 200 41313 "-" "Mozilla/5.0 (compatible; SERankingBacklinksBot/1.0; +https://seranking.com/backlinks-crawler)"
37.27.59.176 - - [29/Mar/2026:13:49:31 +0700] "GET /shop/page/10/?max_price=840&per_row=4&per_page=24&shop_view=grid HTTP/1.1" 200 42169 "-" "Mozilla/5.0 (compatible; SERankingBacklinksBot/1.0; +https://seranking.com/backlinks-crawler)"
37.27.59.176 - - [29/Mar/2026:13:49:36 +0700] "GET /shop/page/47/?orderby=rating&per_row=6&per_page=8&shop_view=grid HTTP/1.1" 200 40746 "-" "Mozilla/5.0 (compatible; SERankingBacklinksBot/1.0; +https://seranking.com/backlinks-crawler)"
103.131.51.123 - - [29/Mar/2026:13:49:43 +0700] "POST /wp-cron.php?doing_wp_cron=1774766983.2530341148376464843750 HTTP/1.1" 200 474 "-" "WordPress/6.9.4; https://lotushomemade.com"
37.27.59.176 - - [29/Mar/2026:13:49:41 +0700] "GET /shop/page/14/?max_price=630&per_row=2&shop_view=grid&per_page=24 HTTP/1.1" 200 42520 "-" "Mozilla/5.0 (compatible; SERankingBacklinksBot/1.0; +https://seranking.com/backlinks-crawler)"
37.27.59.176 - - [29/Mar/2026:13:49:47 +0700] "GET /shop/page/10/?max_price=840&per_row=6&per_page=18&shop_view=grid HTTP/1.1" 200 42359 "-" "Mozilla/5.0 (compatible; SERankingBacklinksBot/1.0; +https://seranking.com/backlinks-crawler)"
37.27.59.176 - - [29/Mar/2026:13:49:52 +0700] "GET /shop/page/5/?orderby=popularity&per_page=12&stock_status=instock HTTP/1.1" 200 40988 "-" "Mozilla/5.0 (compatible; SERankingBacklinksBot/1.0; +https://seranking.com/backlinks-crawler)"
37.27.59.176 - - [29/Mar/2026:13:49:57 +0700] "GET /shop/page/14/?max_price=630&per_row=4&per_page=18&shop_view=grid HTTP/1.1" 200 41266 "-" "Mozilla/5.0 (compatible; SERankingBacklinksBot/1.0; +https://seranking.com/backlinks-crawler)"
176.31.139.14 - - [29/Mar/2026:13:50:02 +0700] "GET /product-category/crispy-snack-series/page/11/?stock_status=instock%2Consale&per_page=8&shop_view=grid&per_row=6 HTTP/2" 200 32455 "-" "Mozilla/5.0 (compatible; AhrefsBot/7.0; +http://ahrefs.com/robot/)"
37.27.59.176 - - [29/Mar/2026:13:50:04 +0700] "GET /shop/page/10/?max_price=840&per_row=6&per_page=24&shop_view=grid HTTP/1.1" 200 42333 "-" "Mozilla/5.0 (compatible; SERankingBacklinksBot/1.0; +https://seranking.com/backlinks-crawler)"
40.77.167.8 - - [29/Mar/2026:13:50:05 +0700] "GET /product-category/kuih-kapit-series/?stock_status=instock&filter_brand=blessing-food&per_page=8 HTTP/2" 200 33109 "-" "Mozilla/5.0 AppleWebKit/537.36 (KHTML, like Gecko; compatible; bingbot/2.0; +http://www.bing.com/bingbot.htm) Chrome/116.0.1938.76 Safari/537.36"
37.27.59.176 - - [29/Mar/2026:13:50:09 +0700] "GET /shop/page/5/?orderby=popularity&per_page=18&stock_status=instock HTTP/1.1" 200 41535 "-" "Mozilla/5.0 (compatible; SERankingBacklinksBot/1.0; +https://seranking.com/backlinks-crawler)"
37.27.59.176 - - [29/Mar/2026:13:50:14 +0700] "GET /shop/page/14/?max_price=630&per_row=4&shop_view=grid&per_page=24 HTTP/1.1" 200 42498 "-" "Mozilla/5.0 (compatible; SERankingBacklinksBot/1.0; +https://seranking.com/backlinks-crawler)"
37.27.59.176 - - [29/Mar/2026:13:50:19 +0700] "GET /shop/page/10/?max_price=845&per_row=2&per_page=18&shop_view=grid HTTP/1.1" 200 42357 "-" "Mozilla/5.0 (compatible; SERankingBacklinksBot/1.0; +https://seranking.com/backlinks-crawler)"
37.27.59.176 - - [29/Mar/2026:13:50:24 +0700] "GET /shop/page/5/?orderby=popularity&per_page=24&stock_status=instock HTTP/1.1" 200 42116 "-" "Mozilla/5.0 (compatible; SERankingBacklinksBot/1.0; +https://seranking.com/backlinks-crawler)"
37.27.59.176 - - [29/Mar/2026:13:50:29 +0700] "GET /shop/page/14/?max_price=630&per_row=6&per_page=18&shop_view=grid HTTP/1.1" 200 41266 "-" "Mozilla/5.0 (compatible; SERankingBacklinksBot/1.0; +https://seranking.com/backlinks-crawler)"
37.27.59.176 - - [29/Mar/2026:13:50:34 +0700] "GET /shop/page/10/?max_price=845&per_row=2&per_page=24&shop_view=grid HTTP/1.1" 200 42344 "-" "Mozilla/5.0 (compatible; SERankingBacklinksBot/1.0; +https://seranking.com/backlinks-crawler)"
103.131.51.123 - - [29/Mar/2026:13:50:40 +0700] "POST /wp-cron.php?doing_wp_cron=1774767040.8372368812561035156250 HTTP/1.1" 200 474 "-" "WordPress/6.9.4; https://lotushomemade.com"
37.27.59.176 - - [29/Mar/2026:13:50:39 +0700] "GET /shop/page/5/?orderby=popularity&stock_status=instock&per_page=12 HTTP/1.1" 200 41023 "-" "Mozilla/5.0 (compatible; SERankingBacklinksBot/1.0; +https://seranking.com/backlinks-crawler)"
37.27.59.176 - - [29/Mar/2026:13:50:44 +0700] "GET /shop/page/14/?max_price=630&per_row=6&shop_view=grid&per_page=24 HTTP/1.1" 200 42688 "-" "Mozilla/5.0 (compatible; SERankingBacklinksBot/1.0; +https://seranking.com/backlinks-crawler)"
94.23.188.203 - - [29/Mar/2026:13:50:45 +0700] "GET /product/kai-yun-nian-gao_5s/ HTTP/2" 200 34963 "-" "Mozilla/5.0 (compatible; AhrefsBot/7.0; +http://ahrefs.com/robot/)"
37.27.59.176 - - [29/Mar/2026:13:50:50 +0700] "GET /shop/page/10/?max_price=845&per_row=4&per_page=18&shop_view=grid HTTP/1.1" 200 42387 "-" "Mozilla/5.0 (compatible; SERankingBacklinksBot/1.0; +https://seranking.com/backlinks-crawler)"
108.167.189.17 - - [29/Mar/2026:13:50:55 +0700] "GET /wp-login.php HTTP/2" 200 1889 "-" "Mozilla/5.0 (Windows NT 6.1; WOW64) AppleWebKit/537.36 (KHTML, like Gecko) Chrome/67.0.3396.79 Safari/537.36"
37.27.59.176 - - [29/Mar/2026:13:50:55 +0700] "GET /shop/page/5/?orderby=popularity&stock_status=instock&per_page=18 HTTP/1.1" 200 41508 "-" "Mozilla/5.0 (compatible; SERankingBacklinksBot/1.0; +https://seranking.com/backlinks-crawler)"
108.167.189.17 - - [29/Mar/2026:13:50:56 +0700] "POST /wp-login.php HTTP/2" 200 2027 "https://lotushomemade.com/wp-login.php" "Mozilla/5.0 (Windows NT 6.1; WOW64) AppleWebKit/537.36 (KHTML, like Gecko) Chrome/67.0.3396.79 Safari/537.36"
103.131.51.123 - - [29/Mar/2026:13:51:01 +0700] "POST /wp-cron.php?doing_wp_cron=1774767061.7399148941040039062500 HTTP/1.1" 200 474 "-" "WordPress/6.9.4; https://lotushomemade.com"
37.27.59.176 - - [29/Mar/2026:13:51:00 +0700] "GET /shop/page/14/?max_price=840&per_page=24&shop_view=grid&per_row=2 HTTP/1.1" 200 42492 "-" "Mozilla/5.0 (compatible; SERankingBacklinksBot/1.0; +https://seranking.com/backlinks-crawler)"
37.27.59.176 - - [29/Mar/2026:13:51:05 +0700] "GET /shop/page/10/?max_price=845&per_row=4&per_page=24&shop_view=grid HTTP/1.1" 200 42112 "-" "Mozilla/5.0 (compatible; SERankingBacklinksBot/1.0; +https://seranking.com/backlinks-crawler)"
37.27.59.176 - - [29/Mar/2026:13:51:10 +0700] "GET /shop/page/5/?orderby=popularity&stock_status=instock&per_page=24 HTTP/1.1" 200 42231 "-" "Mozilla/5.0 (compatible; SERankingBacklinksBot/1.0; +https://seranking.com/backlinks-crawler)"
37.27.59.176 - - [29/Mar/2026:13:51:15 +0700] "GET /shop/page/14/?max_price=840&per_page=24&shop_view=grid&per_row=4 HTTP/1.1" 200 42420 "-" "Mozilla/5.0 (compatible; SERankingBacklinksBot/1.0; +https://seranking.com/backlinks-crawler)"
92.222.104.193 - - [29/Mar/2026:13:51:19 +0700] "GET /shop/page/31/?per_row=4&shop_view=grid&stock_status=instock HTTP/2" 200 33549 "-" "Mozilla/5.0 (compatible; AhrefsBot/7.0; +http://ahrefs.com/robot/)"
37.27.59.176 - - [29/Mar/2026:13:51:20 +0700] "GET /shop/page/10/?max_price=845&per_row=6&per_page=18&shop_view=grid HTTP/1.1" 200 42337 "-" "Mozilla/5.0 (compatible; SERankingBacklinksBot/1.0; +https://seranking.com/backlinks-crawler)"
37.27.59.176 - - [29/Mar/2026:13:51:26 +0700] "GET /shop/page/5/?orderby=price-desc&per_page=12&stock_status=instock HTTP/1.1" 200 41312 "-" "Mozilla/5.0 (compatible; SERankingBacklinksBot/1.0; +https://seranking.com/backlinks-crawler)"
37.27.59.176 - - [29/Mar/2026:13:51:31 +0700] "GET /shop/page/14/?max_price=840&per_page=24&shop_view=grid&per_row=6 HTTP/1.1" 200 42650 "-" "Mozilla/5.0 (compatible; SERankingBacklinksBot/1.0; +https://seranking.com/backlinks-crawler)"
103.131.51.123 - - [29/Mar/2026:13:51:38 +0700] "POST /wp-cron.php?doing_wp_cron=1774767098.2747879028320312500000 HTTP/1.1" 200 474 "-" "WordPress/6.9.4; https://lotushomemade.com"
37.27.59.176 - - [29/Mar/2026:13:51:36 +0700] "GET /shop/page/10/?max_price=845&per_row=6&per_page=24&shop_view=grid HTTP/1.1" 200 42090 "-" "Mozilla/5.0 (compatible; SERankingBacklinksBot/1.0; +https://seranking.com/backlinks-crawler)"
37.27.59.176 - - [29/Mar/2026:13:51:42 +0700] "GET /shop/page/5/?orderby=price-desc&per_page=18&stock_status=instock HTTP/1.1" 200 41983 "-" "Mozilla/5.0 (compatible; SERankingBacklinksBot/1.0; +https://seranking.com/backlinks-crawler)"
37.27.59.176 - - [29/Mar/2026:13:51:47 +0700] "GET /shop/page/14/?max_price=840&per_row=2&per_page=18&shop_view=grid HTTP/1.1" 200 41236 "-" "Mozilla/5.0 (compatible; SERankingBacklinksBot/1.0; +https://seranking.com/backlinks-crawler)"
37.27.59.176 - - [29/Mar/2026:13:51:54 +0700] "GET /shop/page/10/?min_price=0&max_price=210&shop_view=grid&per_row=2 HTTP/1.1" 200 41042 "-" "Mozilla/5.0 (compatible; SERankingBacklinksBot/1.0; +https://seranking.com/backlinks-crawler)"
37.27.59.176 - - [29/Mar/2026:13:51:59 +0700] "GET /shop/page/5/?orderby=price-desc&per_page=24&stock_status=instock HTTP/1.1" 200 42867 "-" "Mozilla/5.0 (compatible; SERankingBacklinksBot/1.0; +https://seranking.com/backlinks-crawler)"
37.59.204.153 - - [29/Mar/2026:13:52:03 +0700] "GET /shop/page/20/?orderby=rating&stock_status=onsale&per_row=6&shop_view=grid&per_page=18 HTTP/2" 200 34289 "-" "Mozilla/5.0 (compatible; AhrefsBot/7.0; +http://ahrefs.com/robot/)"
37.27.59.176 - - [29/Mar/2026:13:52:05 +0700] "GET /shop/page/14/?max_price=840&per_row=2&shop_view=grid&per_page=24 HTTP/1.1" 200 42483 "-" "Mozilla/5.0 (compatible; SERankingBacklinksBot/1.0; +https://seranking.com/backlinks-crawler)"
37.27.59.176 - - [29/Mar/2026:13:52:10 +0700] "GET /shop/page/10/?min_price=0&max_price=210&shop_view=grid&per_row=4 HTTP/1.1" 200 41109 "-" "Mozilla/5.0 (compatible; SERankingBacklinksBot/1.0; +https://seranking.com/backlinks-crawler)"
37.27.59.176 - - [29/Mar/2026:13:52:15 +0700] "GET /shop/page/5/?orderby=price-desc&stock_status=instock&per_page=12 HTTP/1.1" 200 41064 "-" "Mozilla/5.0 (compatible; SERankingBacklinksBot/1.0; +https://seranking.com/backlinks-crawler)"
37.27.59.176 - - [29/Mar/2026:13:52:20 +0700] "GET /shop/page/14/?max_price=840&per_row=4&per_page=18&shop_view=grid HTTP/1.1" 200 41441 "-" "Mozilla/5.0 (compatible; SERankingBacklinksBot/1.0; +https://seranking.com/backlinks-crawler)"
92.222.104.197 - - [29/Mar/2026:13:52:21 +0700] "GET /shop/page/3/?orderby=rating&stock_status=onsale&per_row=2&shop_view=grid&per_page=18 HTTP/2" 200 34959 "-" "Mozilla/5.0 (compatible; AhrefsBot/7.0; +http://ahrefs.com/robot/)"
37.27.59.176 - - [29/Mar/2026:13:52:25 +0700] "GET /shop/page/10/?min_price=0&stock_status=instock,onsale&per_page=8 HTTP/1.1" 301 430 "-" "Mozilla/5.0 (compatible; SERankingBacklinksBot/1.0; +https://seranking.com/backlinks-crawler)"
37.27.59.176 - - [29/Mar/2026:13:52:26 +0700] "GET /shop/page/10/?min_price=0&stock_status=instock%2Consale&per_page=8 HTTP/1.1" 200 40406 "-" "Mozilla/5.0 (compatible; SERankingBacklinksBot/1.0; +https://seranking.com/backlinks-crawler)"
37.27.59.176 - - [29/Mar/2026:13:52:31 +0700] "GET /shop/page/5/?orderby=price-desc&stock_status=instock&per_page=18 HTTP/1.1" 200 42019 "-" "Mozilla/5.0 (compatible; SERankingBacklinksBot/1.0; +https://seranking.com/backlinks-crawler)"
37.27.59.176 - - [29/Mar/2026:13:52:36 +0700] "GET /shop/page/14/?max_price=840&per_row=4&shop_view=grid&per_page=24 HTTP/1.1" 200 42519 "-" "Mozilla/5.0 (compatible; SERankingBacklinksBot/1.0; +https://seranking.com/backlinks-crawler)"
103.131.51.123 - - [29/Mar/2026:13:52:43 +0700] "POST /wp-cron.php?doing_wp_cron=1774767163.5731720924377441406250 HTTP/1.1" 200 474 "-" "WordPress/6.9.4; https://lotushomemade.com"
37.27.59.176 - - [29/Mar/2026:13:52:42 +0700] "GET /shop/page/11/?max_price=420&per_row=2&per_page=12&shop_view=grid HTTP/1.1" 200 41114 "-" "Mozilla/5.0 (compatible; SERankingBacklinksBot/1.0; +https://seranking.com/backlinks-crawler)"
37.27.59.176 - - [29/Mar/2026:13:52:47 +0700] "GET /shop/page/5/?orderby=price-desc&stock_status=instock&per_page=24 HTTP/1.1" 200 42687 "-" "Mozilla/5.0 (compatible; SERankingBacklinksBot/1.0; +https://seranking.com/backlinks-crawler)"
37.27.59.176 - - [29/Mar/2026:13:52:51 +0700] "GET /shop/page/14/?max_price=840&per_row=6&per_page=18&shop_view=grid HTTP/1.1" 200 41234 "-" "Mozilla/5.0 (compatible; SERankingBacklinksBot/1.0; +https://seranking.com/backlinks-crawler)"
37.27.59.176 - - [29/Mar/2026:13:52:57 +0700] "GET /shop/page/11/?max_price=420&per_row=4&per_page=12&shop_view=grid HTTP/1.1" 200 41121 "-" "Mozilla/5.0 (compatible; SERankingBacklinksBot/1.0; +https://seranking.com/backlinks-crawler)"
37.27.59.176 - - [29/Mar/2026:13:53:02 +0700] "GET /shop/page/5/?orderby=rating&per_page=12&shop_view=grid&per_row=2 HTTP/1.1" 200 41067 "-" "Mozilla/5.0 (compatible; SERankingBacklinksBot/1.0; +https://seranking.com/backlinks-crawler)"
37.27.59.176 - - [29/Mar/2026:13:53:07 +0700] "GET /shop/page/14/?max_price=840&per_row=6&shop_view=grid&per_page=24 HTTP/1.1" 200 42714 "-" "Mozilla/5.0 (compatible; SERankingBacklinksBot/1.0; +https://seranking.com/backlinks-crawler)"
37.27.59.176 - - [29/Mar/2026:13:53:12 +0700] "GET /shop/page/11/?max_price=420&per_row=6&per_page=12&shop_view=grid HTTP/1.1" 200 40961 "-" "Mozilla/5.0 (compatible; SERankingBacklinksBot/1.0; +https://seranking.com/backlinks-crawler)"
92.222.104.209 - - [29/Mar/2026:13:53:16 +0700] "GET /product-category/100-pure-vegan/?stock_status=instock&per_row=6&per_page=18&shop_view=grid HTTP/2" 200 34328 "-" "Mozilla/5.0 (compatible; AhrefsBot/7.0; +http://ahrefs.com/robot/)"
37.27.59.176 - - [29/Mar/2026:13:53:17 +0700] "GET /shop/page/5/?orderby=rating&per_page=12&shop_view=grid&per_row=4 HTTP/1.1" 200 41087 "-" "Mozilla/5.0 (compatible; SERankingBacklinksBot/1.0; +https://seranking.com/backlinks-crawler)"
37.27.59.176 - - [29/Mar/2026:13:53:22 +0700] "GET /shop/page/14/?max_price=845&per_page=24&shop_view=grid&per_row=2 HTTP/1.1" 200 42721 "-" "Mozilla/5.0 (compatible; SERankingBacklinksBot/1.0; +https://seranking.com/backlinks-crawler)"
37.27.59.176 - - [29/Mar/2026:13:53:27 +0700] "GET /shop/page/11/?max_price=630&per_row=2&per_page=12&shop_view=grid HTTP/1.1" 200 40913 "-" "Mozilla/5.0 (compatible; SERankingBacklinksBot/1.0; +https://seranking.com/backlinks-crawler)"
37.27.59.176 - - [29/Mar/2026:13:53:32 +0700] "GET /shop/page/5/?orderby=rating&per_page=12&shop_view=grid&per_row=6 HTTP/1.1" 200 41059 "-" "Mozilla/5.0 (compatible; SERankingBacklinksBot/1.0; +https://seranking.com/backlinks-crawler)"
103.131.51.123 - - [29/Mar/2026:13:53:38 +0700] "POST /wp-cron.php?doing_wp_cron=1774767218.7694950103759765625000 HTTP/1.1" 200 474 "-" "WordPress/6.9.4; https://lotushomemade.com"
37.27.59.176 - - [29/Mar/2026:13:53:37 +0700] "GET /shop/page/14/?max_price=845&per_page=24&shop_view=grid&per_row=4 HTTP/1.1" 200 42710 "-" "Mozilla/5.0 (compatible; SERankingBacklinksBot/1.0; +https://seranking.com/backlinks-crawler)"
37.27.59.176 - - [29/Mar/2026:13:53:42 +0700] "GET /shop/page/11/?max_price=630&per_row=4&per_page=12&shop_view=grid HTTP/1.1" 200 41003 "-" "Mozilla/5.0 (compatible; SERankingBacklinksBot/1.0; +https://seranking.com/backlinks-crawler)"
103.131.51.123 - - [29/Mar/2026:13:53:49 +0700] "POST /wp-cron.php?doing_wp_cron=1774767229.8497660160064697265625 HTTP/1.1" 200 474 "-" "WordPress/6.9.4; https://lotushomemade.com"
37.27.59.176 - - [29/Mar/2026:13:53:48 +0700] "GET /shop/page/5/?orderby=rating&per_page=18&shop_view=grid&per_row=2 HTTP/1.1" 200 41644 "-" "Mozilla/5.0 (compatible; SERankingBacklinksBot/1.0; +https://seranking.com/backlinks-crawler)"
37.27.59.176 - - [29/Mar/2026:13:53:53 +0700] "GET /shop/page/14/?max_price=845&per_page=24&shop_view=grid&per_row=6 HTTP/1.1" 200 42669 "-" "Mozilla/5.0 (compatible; SERankingBacklinksBot/1.0; +https://seranking.com/backlinks-crawler)"
54.37.118.95 - - [29/Mar/2026:13:53:57 +0700] "GET /shop/page/21/?orderby=popularity&per_page=18 HTTP/2" 200 34591 "-" "Mozilla/5.0 (compatible; AhrefsBot/7.0; +http://ahrefs.com/robot/)"
37.27.59.176 - - [29/Mar/2026:13:53:58 +0700] "GET /shop/page/11/?max_price=630&per_row=6&per_page=12&shop_view=grid HTTP/1.1" 200 40939 "-" "Mozilla/5.0 (compatible; SERankingBacklinksBot/1.0; +https://seranking.com/backlinks-crawler)"
37.27.59.176 - - [29/Mar/2026:13:54:04 +0700] "GET /shop/page/5/?orderby=rating&per_page=18&shop_view=grid&per_row=4 HTTP/1.1" 200 41712 "-" "Mozilla/5.0 (compatible; SERankingBacklinksBot/1.0; +https://seranking.com/backlinks-crawler)"
37.27.59.176 - - [29/Mar/2026:13:54:09 +0700] "GET /shop/page/14/?max_price=845&per_row=2&per_page=18&shop_view=grid HTTP/1.1" 200 41272 "-" "Mozilla/5.0 (compatible; SERankingBacklinksBot/1.0; +https://seranking.com/backlinks-crawler)"
37.27.59.176 - - [29/Mar/2026:13:54:14 +0700] "GET /shop/page/11/?max_price=840&per_row=2&per_page=12&shop_view=grid HTTP/1.1" 200 40968 "-" "Mozilla/5.0 (compatible; SERankingBacklinksBot/1.0; +https://seranking.com/backlinks-crawler)"
37.27.59.176 - - [29/Mar/2026:13:54:20 +0700] "GET /shop/page/5/?orderby=rating&per_page=18&shop_view=grid&per_row=6 HTTP/1.1" 200 41667 "-" "Mozilla/5.0 (compatible; SERankingBacklinksBot/1.0; +https://seranking.com/backlinks-crawler)"
37.27.59.176 - - [29/Mar/2026:13:54:24 +0700] "GET /shop/page/14/?max_price=845&per_row=2&shop_view=grid&per_page=24 HTTP/1.1" 200 42512 "-" "Mozilla/5.0 (compatible; SERankingBacklinksBot/1.0; +https://seranking.com/backlinks-crawler)"
37.27.59.176 - - [29/Mar/2026:13:54:29 +0700] "GET /shop/page/11/?max_price=840&per_row=4&per_page=12&shop_view=grid HTTP/1.1" 200 40964 "-" "Mozilla/5.0 (compatible; SERankingBacklinksBot/1.0; +https://seranking.com/backlinks-crawler)"
37.27.59.176 - - [29/Mar/2026:13:54:34 +0700] "GET /shop/page/5/?orderby=rating&per_page=24&shop_view=grid&per_row=2 HTTP/1.1" 200 42537 "-" "Mozilla/5.0 (compatible; SERankingBacklinksBot/1.0; +https://seranking.com/backlinks-crawler)"
103.131.51.123 - - [29/Mar/2026:13:54:40 +0700] "POST /wp-cron.php?doing_wp_cron=1774767280.9567070007324218750000 HTTP/1.1" 200 474 "-" "WordPress/6.9.4; https://lotushomemade.com"
37.27.59.176 - - [29/Mar/2026:13:54:39 +0700] "GET /shop/page/14/?max_price=845&per_row=4&per_page=18&shop_view=grid HTTP/1.1" 200 41319 "-" "Mozilla/5.0 (compatible; SERankingBacklinksBot/1.0; +https://seranking.com/backlinks-crawler)"
37.27.59.176 - - [29/Mar/2026:13:54:44 +0700] "GET /shop/page/11/?max_price=840&per_row=6&per_page=12&shop_view=grid HTTP/1.1" 200 40933 "-" "Mozilla/5.0 (compatible; SERankingBacklinksBot/1.0; +https://seranking.com/backlinks-crawler)"
37.27.59.176 - - [29/Mar/2026:13:54:50 +0700] "GET /shop/page/5/?orderby=rating&per_page=24&shop_view=grid&per_row=4 HTTP/1.1" 200 42545 "-" "Mozilla/5.0 (compatible; SERankingBacklinksBot/1.0; +https://seranking.com/backlinks-crawler)"
51.75.236.146 - - [29/Mar/2026:13:54:52 +0700] "GET /shop/page/4/?orderby=popularity&stock_status=instock%2Consale&per_row=2&per_page=8&shop_view=grid HTTP/2" 200 33421 "-" "Mozilla/5.0 (compatible; AhrefsBot/7.0; +http://ahrefs.com/robot/)"
37.27.59.176 - - [29/Mar/2026:13:54:55 +0700] "GET /shop/page/14/?max_price=845&per_row=4&shop_view=grid&per_page=24 HTTP/1.1" 200 42536 "-" "Mozilla/5.0 (compatible; SERankingBacklinksBot/1.0; +https://seranking.com/backlinks-crawler)"
37.27.59.176 - - [29/Mar/2026:13:55:00 +0700] "GET /shop/page/11/?max_price=845&per_row=2&per_page=12&shop_view=grid HTTP/1.1" 200 41118 "-" "Mozilla/5.0 (compatible; SERankingBacklinksBot/1.0; +https://seranking.com/backlinks-crawler)"
37.27.59.176 - - [29/Mar/2026:13:55:05 +0700] "GET /shop/page/5/?orderby=rating&per_page=24&shop_view=grid&per_row=6 HTTP/1.1" 200 42355 "-" "Mozilla/5.0 (compatible; SERankingBacklinksBot/1.0; +https://seranking.com/backlinks-crawler)"
37.27.59.176 - - [29/Mar/2026:13:55:10 +0700] "GET /shop/page/14/?max_price=845&per_row=6&per_page=18&shop_view=grid HTTP/1.1" 200 41295 "-" "Mozilla/5.0 (compatible; SERankingBacklinksBot/1.0; +https://seranking.com/backlinks-crawler)"
37.27.59.176 - - [29/Mar/2026:13:55:15 +0700] "GET /shop/page/11/?max_price=845&per_row=4&per_page=12&shop_view=grid HTTP/1.1" 200 41147 "-" "Mozilla/5.0 (compatible; SERankingBacklinksBot/1.0; +https://seranking.com/backlinks-crawler)"
37.27.59.176 - - [29/Mar/2026:13:55:20 +0700] "GET /shop/page/5/?orderby=rating&per_row=2&shop_view=grid&per_page=12 HTTP/1.1" 200 41084 "-" "Mozilla/5.0 (compatible; SERankingBacklinksBot/1.0; +https://seranking.com/backlinks-crawler)"
37.27.59.176 - - [29/Mar/2026:13:55:26 +0700] "GET /shop/page/14/?max_price=845&per_row=6&shop_view=grid&per_page=24 HTTP/1.1" 200 42663 "-" "Mozilla/5.0 (compatible; SERankingBacklinksBot/1.0; +https://seranking.com/backlinks-crawler)"
37.27.59.176 - - [29/Mar/2026:13:55:30 +0700] "GET /shop/page/11/?max_price=845&per_row=6&per_page=12&shop_view=grid HTTP/1.1" 200 41001 "-" "Mozilla/5.0 (compatible; SERankingBacklinksBot/1.0; +https://seranking.com/backlinks-crawler)"
103.131.51.123 - - [29/Mar/2026:13:55:39 +0700] "POST /wp-cron.php?doing_wp_cron=1774767339.3606040477752685546875 HTTP/1.1" 200 474 "-" "WordPress/6.9.4; https://lotushomemade.com"
37.27.59.176 - - [29/Mar/2026:13:55:38 +0700] "GET /shop/page/5/?orderby=rating&per_row=2&shop_view=grid&per_page=18 HTTP/1.1" 200 41649 "-" "Mozilla/5.0 (compatible; SERankingBacklinksBot/1.0; +https://seranking.com/backlinks-crawler)"
51.75.236.149 - - [29/Mar/2026:13:55:42 +0700] "GET /shop/page/6/?orderby=rating&stock_status=onsale&per_row=4&per_page=24&shop_view=grid HTTP/2" 200 35372 "-" "Mozilla/5.0 (compatible; AhrefsBot/7.0; +http://ahrefs.com/robot/)"
37.27.59.176 - - [29/Mar/2026:13:55:43 +0700] "GET /shop/page/14/?orderby=price&per_row=2&per_page=24&shop_view=grid HTTP/1.1" 200 42759 "-" "Mozilla/5.0 (compatible; SERankingBacklinksBot/1.0; +https://seranking.com/backlinks-crawler)"
37.27.59.176 - - [29/Mar/2026:13:55:48 +0700] "GET /shop/page/11/?orderby=popularity&per_page=24&stock_status=onsale HTTP/1.1" 200 41921 "-" "Mozilla/5.0 (compatible; SERankingBacklinksBot/1.0; +https://seranking.com/backlinks-crawler)"
37.27.59.176 - - [29/Mar/2026:13:55:53 +0700] "GET /shop/page/5/?orderby=rating&per_row=2&shop_view=grid&per_page=24 HTTP/1.1" 200 42546 "-" "Mozilla/5.0 (compatible; SERankingBacklinksBot/1.0; +https://seranking.com/backlinks-crawler)"
37.27.59.176 - - [29/Mar/2026:13:55:59 +0700] "GET /shop/page/14/?orderby=price&per_row=4&per_page=24&shop_view=grid HTTP/1.1" 200 42969 "-" "Mozilla/5.0 (compatible; SERankingBacklinksBot/1.0; +https://seranking.com/backlinks-crawler)"
37.27.59.176 - - [29/Mar/2026:13:56:04 +0700] "GET /shop/page/11/?orderby=popularity&stock_status=onsale&per_page=24 HTTP/1.1" 200 41800 "-" "Mozilla/5.0 (compatible; SERankingBacklinksBot/1.0; +https://seranking.com/backlinks-crawler)"
37.27.59.176 - - [29/Mar/2026:13:56:09 +0700] "GET /shop/page/5/?orderby=rating&per_row=4&shop_view=grid&per_page=12 HTTP/1.1" 200 41091 "-" "Mozilla/5.0 (compatible; SERankingBacklinksBot/1.0; +https://seranking.com/backlinks-crawler)"
37.27.59.176 - - [29/Mar/2026:13:56:14 +0700] "GET /shop/page/14/?orderby=price&per_row=6&per_page=24&shop_view=grid HTTP/1.1" 200 42968 "-" "Mozilla/5.0 (compatible; SERankingBacklinksBot/1.0; +https://seranking.com/backlinks-crawler)"
37.27.59.176 - - [29/Mar/2026:13:56:19 +0700] "GET /shop/page/11/?orderby=price&per_page=24&shop_view=grid&per_row=2 HTTP/1.1" 200 42807 "-" "Mozilla/5.0 (compatible; SERankingBacklinksBot/1.0; +https://seranking.com/backlinks-crawler)"
37.27.59.176 - - [29/Mar/2026:13:56:25 +0700] "GET /shop/page/5/?orderby=rating&per_row=4&shop_view=grid&per_page=18 HTTP/1.1" 200 41673 "-" "Mozilla/5.0 (compatible; SERankingBacklinksBot/1.0; +https://seranking.com/backlinks-crawler)"
51.68.247.197 - - [29/Mar/2026:13:56:28 +0700] "GET /shop/page/6/?per_row=6&per_page=24&shop_view=grid&stock_status=instock HTTP/2" 200 35063 "-" "Mozilla/5.0 (compatible; AhrefsBot/7.0; +http://ahrefs.com/robot/)"
37.27.59.176 - - [29/Mar/2026:13:56:30 +0700] "GET /shop/page/15/?max_price=420&per_page=24&shop_view=grid&per_row=2 HTTP/1.1" 200 42016 "-" "Mozilla/5.0 (compatible; SERankingBacklinksBot/1.0; +https://seranking.com/backlinks-crawler)"
37.27.59.176 - - [29/Mar/2026:13:56:34 +0700] "GET /shop/page/11/?orderby=price&per_page=24&shop_view=grid&per_row=4 HTTP/1.1" 200 42804 "-" "Mozilla/5.0 (compatible; SERankingBacklinksBot/1.0; +https://seranking.com/backlinks-crawler)"
103.131.51.123 - - [29/Mar/2026:13:56:41 +0700] "POST /wp-cron.php?doing_wp_cron=1774767401.3626160621643066406250 HTTP/1.1" 200 474 "-" "WordPress/6.9.4; https://lotushomemade.com"
37.27.59.176 - - [29/Mar/2026:13:56:40 +0700] "GET /shop/page/5/?orderby=rating&per_row=4&shop_view=grid&per_page=24 HTTP/1.1" 200 42599 "-" "Mozilla/5.0 (compatible; SERankingBacklinksBot/1.0; +https://seranking.com/backlinks-crawler)"
37.27.59.176 - - [29/Mar/2026:13:56:45 +0700] "GET /shop/page/15/?max_price=420&per_page=24&shop_view=grid&per_row=4 HTTP/1.1" 200 42029 "-" "Mozilla/5.0 (compatible; SERankingBacklinksBot/1.0; +https://seranking.com/backlinks-crawler)"
37.27.59.176 - - [29/Mar/2026:13:56:50 +0700] "GET /shop/page/11/?orderby=price&per_page=24&shop_view=grid&per_row=6 HTTP/1.1" 200 42955 "-" "Mozilla/5.0 (compatible; SERankingBacklinksBot/1.0; +https://seranking.com/backlinks-crawler)"
37.27.59.176 - - [29/Mar/2026:13:56:55 +0700] "GET /shop/page/5/?orderby=rating&per_row=6&shop_view=grid&per_page=12 HTTP/1.1" 200 41051 "-" "Mozilla/5.0 (compatible; SERankingBacklinksBot/1.0; +https://seranking.com/backlinks-crawler)"
37.27.59.176 - - [29/Mar/2026:13:57:00 +0700] "GET /shop/page/15/?max_price=420&per_page=24&shop_view=grid&per_row=6 HTTP/1.1" 200 42004 "-" "Mozilla/5.0 (compatible; SERankingBacklinksBot/1.0; +https://seranking.com/backlinks-crawler)"
37.27.59.176 - - [29/Mar/2026:13:57:05 +0700] "GET /shop/page/11/?orderby=price&per_row=2&shop_view=grid&per_page=24 HTTP/1.1" 200 42918 "-" "Mozilla/5.0 (compatible; SERankingBacklinksBot/1.0; +https://seranking.com/backlinks-crawler)"
37.27.59.176 - - [29/Mar/2026:13:57:10 +0700] "GET /shop/page/5/?orderby=rating&per_row=6&shop_view=grid&per_page=18 HTTP/1.1" 200 41503 "-" "Mozilla/5.0 (compatible; SERankingBacklinksBot/1.0; +https://seranking.com/backlinks-crawler)"
37.27.59.176 - - [29/Mar/2026:13:57:15 +0700] "GET /shop/page/15/?max_price=420&per_row=2&per_page=18&shop_view=grid HTTP/1.1" 200 41270 "-" "Mozilla/5.0 (compatible; SERankingBacklinksBot/1.0; +https://seranking.com/backlinks-crawler)"
37.27.59.176 - - [29/Mar/2026:13:57:20 +0700] "GET /shop/page/11/?orderby=price&per_row=4&shop_view=grid&per_page=24 HTTP/1.1" 200 42997 "-" "Mozilla/5.0 (compatible; SERankingBacklinksBot/1.0; +https://seranking.com/backlinks-crawler)"
37.27.59.176 - - [29/Mar/2026:13:57:25 +0700] "GET /shop/page/5/?orderby=rating&per_row=6&shop_view=grid&per_page=24 HTTP/1.1" 200 42344 "-" "Mozilla/5.0 (compatible; SERankingBacklinksBot/1.0; +https://seranking.com/backlinks-crawler)"
92.222.108.116 - - [29/Mar/2026:13:57:27 +0700] "GET /shop/?orderby=price&per_page=12 HTTP/2" 200 34029 "-" "Mozilla/5.0 (compatible; AhrefsBot/7.0; +http://ahrefs.com/robot/)"
37.27.59.176 - - [29/Mar/2026:13:57:29 +0700] "GET /shop/page/15/?max_price=420&per_row=2&shop_view=grid&per_page=24 HTTP/1.1" 200 42009 "-" "Mozilla/5.0 (compatible; SERankingBacklinksBot/1.0; +https://seranking.com/backlinks-crawler)"
37.27.59.176 - - [29/Mar/2026:13:57:35 +0700] "GET /shop/page/11/?orderby=price&per_row=6&shop_view=grid&per_page=24 HTTP/1.1" 200 43126 "-" "Mozilla/5.0 (compatible; SERankingBacklinksBot/1.0; +https://seranking.com/backlinks-crawler)"
103.131.51.123 - - [29/Mar/2026:13:57:43 +0700] "POST /wp-cron.php?doing_wp_cron=1774767463.3671929836273193359375 HTTP/1.1" 200 474 "-" "WordPress/6.9.4; https://lotushomemade.com"
37.27.59.176 - - [29/Mar/2026:13:57:42 +0700] "GET /shop/page/6/?orderby=popularity&per_page=12&stock_status=instock HTTP/1.1" 200 41051 "-" "Mozilla/5.0 (compatible; SERankingBacklinksBot/1.0; +https://seranking.com/backlinks-crawler)"
45.94.247.7 - - [29/Mar/2026:13:57:45 +0700] "GET / HTTP/1.1" 200 90708 "http://lotushomemade.com" "Mozilla/5.0 (Macintosh; Intel Mac OS X 15_7_5) AppleWebKit/605.1.15 (KHTML, like Gecko) Version/26.0 Safari/605.1.15"
37.27.59.176 - - [29/Mar/2026:13:57:46 +0700] "GET /shop/page/15/?max_price=420&per_row=4&per_page=18&shop_view=grid HTTP/1.1" 200 41262 "-" "Mozilla/5.0 (compatible; SERankingBacklinksBot/1.0; +https://seranking.com/backlinks-crawler)"
37.27.59.176 - - [29/Mar/2026:13:57:52 +0700] "GET /shop/page/11/?orderby=price-desc&per_page=24&stock_status=onsale HTTP/1.1" 200 42503 "-" "Mozilla/5.0 (compatible; SERankingBacklinksBot/1.0; +https://seranking.com/backlinks-crawler)"
45.94.247.7 - - [29/Mar/2026:13:57:52 +0700] "GET /ads.txt HTTP/1.1" 404 35646 "-" "Mozilla/5.0 (Macintosh; Intel Mac OS X 15_7_5) AppleWebKit/605.1.15 (KHTML, like Gecko) Version/26.0 Safari/605.1.15"
37.27.59.176 - - [29/Mar/2026:13:57:57 +0700] "GET /shop/page/6/?orderby=popularity&per_page=18&stock_status=instock HTTP/1.1" 200 41287 "-" "Mozilla/5.0 (compatible; SERankingBacklinksBot/1.0; +https://seranking.com/backlinks-crawler)"
37.27.59.176 - - [29/Mar/2026:13:58:02 +0700] "GET /shop/page/15/?max_price=420&per_row=4&shop_view=grid&per_page=24 HTTP/1.1" 200 42138 "-" "Mozilla/5.0 (compatible; SERankingBacklinksBot/1.0; +https://seranking.com/backlinks-crawler)"
37.27.59.176 - - [29/Mar/2026:13:58:08 +0700] "GET /shop/page/11/?orderby=price-desc&stock_status=onsale&per_page=24 HTTP/1.1" 200 42443 "-" "Mozilla/5.0 (compatible; SERankingBacklinksBot/1.0; +https://seranking.com/backlinks-crawler)"
37.59.204.128 - - [29/Mar/2026:13:58:10 +0700] "GET /shop/page/12/?orderby=rating&stock_status=onsale&per_row=2&per_page=24&shop_view=grid HTTP/2" 200 34932 "-" "Mozilla/5.0 (compatible; AhrefsBot/7.0; +http://ahrefs.com/robot/)"
37.27.59.176 - - [29/Mar/2026:13:58:13 +0700] "GET /shop/page/6/?orderby=popularity&per_page=24&stock_status=instock HTTP/1.1" 200 42677 "-" "Mozilla/5.0 (compatible; SERankingBacklinksBot/1.0; +https://seranking.com/backlinks-crawler)"
37.27.59.176 - - [29/Mar/2026:13:58:18 +0700] "GET /shop/page/15/?max_price=420&per_row=6&per_page=18&shop_view=grid HTTP/1.1" 200 41289 "-" "Mozilla/5.0 (compatible; SERankingBacklinksBot/1.0; +https://seranking.com/backlinks-crawler)"
37.27.59.176 - - [29/Mar/2026:13:58:23 +0700] "GET /shop/page/12/?max_price=420&per_row=2&per_page=12&shop_view=grid HTTP/1.1" 200 41157 "-" "Mozilla/5.0 (compatible; SERankingBacklinksBot/1.0; +https://seranking.com/backlinks-crawler)"
37.27.59.176 - - [29/Mar/2026:13:58:28 +0700] "GET /shop/page/6/?orderby=popularity&stock_status=instock&per_page=12 HTTP/1.1" 200 41035 "-" "Mozilla/5.0 (compatible; SERankingBacklinksBot/1.0; +https://seranking.com/backlinks-crawler)"
37.27.59.176 - - [29/Mar/2026:13:58:33 +0700] "GET /shop/page/15/?max_price=420&per_row=6&shop_view=grid&per_page=24 HTTP/1.1" 200 41984 "-" "Mozilla/5.0 (compatible; SERankingBacklinksBot/1.0; +https://seranking.com/backlinks-crawler)"
103.131.51.123 - - [29/Mar/2026:13:58:39 +0700] "POST /wp-cron.php?doing_wp_cron=1774767519.8787229061126708984375 HTTP/1.1" 200 474 "-" "WordPress/6.9.4; https://lotushomemade.com"
40.77.167.55 - - [29/Mar/2026:13:58:38 +0700] "GET /product-category/kuih-kapit-series/?stock_status=onsale&per_page=12&filter_brand=blessing-food&shop_view=grid&per_row=6 HTTP/2" 200 33267 "-" "Mozilla/5.0 AppleWebKit/537.36 (KHTML, like Gecko; compatible; bingbot/2.0; +http://www.bing.com/bingbot.htm) Chrome/116.0.1938.76 Safari/537.36"
103.131.51.123 - - [29/Mar/2026:13:58:40 +0700] "POST /wp-cron.php?doing_wp_cron=1774767520.2994019985198974609375 HTTP/1.1" 200 474 "-" "WordPress/6.9.4; https://lotushomemade.com"
37.27.59.176 - - [29/Mar/2026:13:58:38 +0700] "GET /shop/page/12/?max_price=420&per_row=4&per_page=12&shop_view=grid HTTP/1.1" 200 41186 "-" "Mozilla/5.0 (compatible; SERankingBacklinksBot/1.0; +https://seranking.com/backlinks-crawler)"
37.27.59.176 - - [29/Mar/2026:13:58:43 +0700] "GET /shop/page/6/?orderby=popularity&stock_status=instock&per_page=18 HTTP/1.1" 200 41322 "-" "Mozilla/5.0 (compatible; SERankingBacklinksBot/1.0; +https://seranking.com/backlinks-crawler)"
37.27.59.176 - - [29/Mar/2026:13:58:49 +0700] "GET /shop/page/15/?max_price=630&per_page=24&shop_view=grid&per_row=2 HTTP/1.1" 200 42158 "-" "Mozilla/5.0 (compatible; SERankingBacklinksBot/1.0; +https://seranking.com/backlinks-crawler)"
37.27.59.176 - - [29/Mar/2026:13:58:54 +0700] "GET /shop/page/12/?max_price=420&per_row=6&per_page=12&shop_view=grid HTTP/1.1" 200 41171 "-" "Mozilla/5.0 (compatible; SERankingBacklinksBot/1.0; +https://seranking.com/backlinks-crawler)"
51.68.247.219 - - [29/Mar/2026:13:58:54 +0700] "GET /shop/page/19/?orderby=rating&stock_status=onsale&per_row=2&shop_view=grid&per_page=18 HTTP/2" 200 34322 "-" "Mozilla/5.0 (compatible; AhrefsBot/7.0; +http://ahrefs.com/robot/)"
37.27.59.176 - - [29/Mar/2026:13:58:59 +0700] "GET /shop/page/6/?orderby=popularity&stock_status=instock&per_page=24 HTTP/1.1" 200 42501 "-" "Mozilla/5.0 (compatible; SERankingBacklinksBot/1.0; +https://seranking.com/backlinks-crawler)"
37.27.59.176 - - [29/Mar/2026:13:59:04 +0700] "GET /shop/page/15/?max_price=630&per_page=24&shop_view=grid&per_row=4 HTTP/1.1" 200 42206 "-" "Mozilla/5.0 (compatible; SERankingBacklinksBot/1.0; +https://seranking.com/backlinks-crawler)"
37.27.59.176 - - [29/Mar/2026:13:59:09 +0700] "GET /shop/page/12/?max_price=630&per_row=2&per_page=12&shop_view=grid HTTP/1.1" 200 40982 "-" "Mozilla/5.0 (compatible; SERankingBacklinksBot/1.0; +https://seranking.com/backlinks-crawler)"
37.27.59.176 - - [29/Mar/2026:13:59:14 +0700] "GET /shop/page/6/?orderby=price-desc&per_page=12&stock_status=instock HTTP/1.1" 200 41163 "-" "Mozilla/5.0 (compatible; SERankingBacklinksBot/1.0; +https://seranking.com/backlinks-crawler)"
37.27.59.176 - - [29/Mar/2026:13:59:19 +0700] "GET /shop/page/15/?max_price=630&per_page=24&shop_view=grid&per_row=6 HTTP/1.1" 200 42135 "-" "Mozilla/5.0 (compatible; SERankingBacklinksBot/1.0; +https://seranking.com/backlinks-crawler)"
37.27.59.176 - - [29/Mar/2026:13:59:25 +0700] "GET /shop/page/12/?max_price=630&per_row=4&per_page=12&shop_view=grid HTTP/1.1" 200 41174 "-" "Mozilla/5.0 (compatible; SERankingBacklinksBot/1.0; +https://seranking.com/backlinks-crawler)"
37.27.59.176 - - [29/Mar/2026:13:59:31 +0700] "GET /shop/page/6/?orderby=price-desc&per_page=18&stock_status=instock HTTP/1.1" 200 42105 "-" "Mozilla/5.0 (compatible; SERankingBacklinksBot/1.0; +https://seranking.com/backlinks-crawler)"
92.222.104.192 - - [29/Mar/2026:13:59:34 +0700] "GET /shop/page/12/?orderby=rating&stock_status=onsale&per_row=4&per_page=24&shop_view=grid HTTP/2" 200 34868 "-" "Mozilla/5.0 (compatible; AhrefsBot/7.0; +http://ahrefs.com/robot/)"
37.27.59.176 - - [29/Mar/2026:13:59:35 +0700] "GET /shop/page/15/?max_price=630&per_row=2&per_page=18&shop_view=grid HTTP/1.1" 200 41333 "-" "Mozilla/5.0 (compatible; SERankingBacklinksBot/1.0; +https://seranking.com/backlinks-crawler)"
103.131.51.123 - - [29/Mar/2026:13:59:41 +0700] "POST /wp-cron.php?doing_wp_cron=1774767581.9639449119567871093750 HTTP/1.1" 200 474 "-" "WordPress/6.9.4; https://lotushomemade.com"
37.27.59.176 - - [29/Mar/2026:13:59:40 +0700] "GET /shop/page/12/?max_price=630&per_row=6&per_page=12&shop_view=grid HTTP/1.1" 200 41061 "-" "Mozilla/5.0 (compatible; SERankingBacklinksBot/1.0; +https://seranking.com/backlinks-crawler)"
37.27.59.176 - - [29/Mar/2026:13:59:45 +0700] "GET /shop/page/6/?orderby=price-desc&per_page=24&stock_status=instock HTTP/1.1" 200 42817 "-" "Mozilla/5.0 (compatible; SERankingBacklinksBot/1.0; +https://seranking.com/backlinks-crawler)"
37.27.59.176 - - [29/Mar/2026:13:59:50 +0700] "GET /shop/page/15/?max_price=630&per_row=2&shop_view=grid&per_page=24 HTTP/1.1" 200 42133 "-" "Mozilla/5.0 (compatible; SERankingBacklinksBot/1.0; +https://seranking.com/backlinks-crawler)"
37.27.59.176 - - [29/Mar/2026:13:59:55 +0700] "GET /shop/page/12/?max_price=840&per_row=2&per_page=12&shop_view=grid HTTP/1.1" 200 40961 "-" "Mozilla/5.0 (compatible; SERankingBacklinksBot/1.0; +https://seranking.com/backlinks-crawler)"
37.27.59.176 - - [29/Mar/2026:14:00:00 +0700] "GET /shop/page/6/?orderby=price-desc&stock_status=instock&per_page=12 HTTP/1.1" 200 41185 "-" "Mozilla/5.0 (compatible; SERankingBacklinksBot/1.0; +https://seranking.com/backlinks-crawler)"
37.27.59.176 - - [29/Mar/2026:14:00:05 +0700] "GET /shop/page/15/?max_price=630&per_row=4&per_page=18&shop_view=grid HTTP/1.1" 200 41290 "-" "Mozilla/5.0 (compatible; SERankingBacklinksBot/1.0; +https://seranking.com/backlinks-crawler)"
37.27.59.176 - - [29/Mar/2026:14:00:10 +0700] "GET /shop/page/12/?max_price=840&per_row=4&per_page=12&shop_view=grid HTTP/1.1" 200 40997 "-" "Mozilla/5.0 (compatible; SERankingBacklinksBot/1.0; +https://seranking.com/backlinks-crawler)"
37.27.59.176 - - [29/Mar/2026:14:00:15 +0700] "GET /shop/page/6/?orderby=price-desc&stock_status=instock&per_page=18 HTTP/1.1" 200 42138 "-" "Mozilla/5.0 (compatible; SERankingBacklinksBot/1.0; +https://seranking.com/backlinks-crawler)"
37.27.59.176 - - [29/Mar/2026:14:00:21 +0700] "GET /shop/page/15/?max_price=630&per_row=4&shop_view=grid&per_page=24 HTTP/1.1" 200 42025 "-" "Mozilla/5.0 (compatible; SERankingBacklinksBot/1.0; +https://seranking.com/backlinks-crawler)"
54.37.118.90 - - [29/Mar/2026:14:00:21 +0700] "GET /shop/?orderby=price-desc&per_page=8&filter_brand=blessing-food&stock_status=instock,onsale HTTP/2" 200 33126 "-" "Mozilla/5.0 (compatible; AhrefsBot/7.0; +http://ahrefs.com/robot/)"
37.27.59.176 - - [29/Mar/2026:14:00:26 +0700] "GET /shop/page/12/?max_price=840&per_row=6&per_page=12&shop_view=grid HTTP/1.1" 200 41146 "-" "Mozilla/5.0 (compatible; SERankingBacklinksBot/1.0; +https://seranking.com/backlinks-crawler)"
