37.27.59.176 - - [29/Mar/2026:07:28:39 +0700] "GET /shop/page/27/?max_price=840&per_page=12 HTTP/1.1" 200 40936 "-" "Mozilla/5.0 (compatible; SERankingBacklinksBot/1.0; +https://seranking.com/backlinks-crawler)"
37.27.59.176 - - [29/Mar/2026:07:28:44 +0700] "GET /shop/page/27/?max_price=845&per_page=12 HTTP/1.1" 200 40782 "-" "Mozilla/5.0 (compatible; SERankingBacklinksBot/1.0; +https://seranking.com/backlinks-crawler)"
37.27.59.176 - - [29/Mar/2026:07:28:49 +0700] "GET /shop/page/28/?max_price=420&per_page=12 HTTP/1.1" 200 41010 "-" "Mozilla/5.0 (compatible; SERankingBacklinksBot/1.0; +https://seranking.com/backlinks-crawler)"
37.27.59.176 - - [29/Mar/2026:07:28:53 +0700] "GET /shop/page/28/?max_price=630&per_page=12 HTTP/1.1" 200 41022 "-" "Mozilla/5.0 (compatible; SERankingBacklinksBot/1.0; +https://seranking.com/backlinks-crawler)"
37.27.59.176 - - [29/Mar/2026:07:28:59 +0700] "GET /shop/page/28/?max_price=840&per_page=12 HTTP/1.1" 200 41214 "-" "Mozilla/5.0 (compatible; SERankingBacklinksBot/1.0; +https://seranking.com/backlinks-crawler)"
51.195.183.25 - - [29/Mar/2026:07:29:01 +0700] "GET /shop/?orderby=date&stock_status=instock%2Consale&per_row=4&per_page=12&shop_view=grid HTTP/2" 200 34410 "-" "Mozilla/5.0 (compatible; AhrefsBot/7.0; +http://ahrefs.com/robot/)"
37.27.59.176 - - [29/Mar/2026:07:29:04 +0700] "GET /shop/page/28/?max_price=845&per_page=12 HTTP/1.1" 200 41035 "-" "Mozilla/5.0 (compatible; SERankingBacklinksBot/1.0; +https://seranking.com/backlinks-crawler)"
37.27.59.176 - - [29/Mar/2026:07:29:08 +0700] "GET /shop/page/29/?max_price=420&per_page=12 HTTP/1.1" 200 40696 "-" "Mozilla/5.0 (compatible; SERankingBacklinksBot/1.0; +https://seranking.com/backlinks-crawler)"
37.27.59.176 - - [29/Mar/2026:07:29:14 +0700] "GET /shop/page/29/?max_price=630&per_page=12 HTTP/1.1" 200 40871 "-" "Mozilla/5.0 (compatible; SERankingBacklinksBot/1.0; +https://seranking.com/backlinks-crawler)"
37.27.59.176 - - [29/Mar/2026:07:29:19 +0700] "GET /shop/page/29/?max_price=840&per_page=12 HTTP/1.1" 200 40694 "-" "Mozilla/5.0 (compatible; SERankingBacklinksBot/1.0; +https://seranking.com/backlinks-crawler)"
40.77.167.0 - - [29/Mar/2026:07:29:19 +0700] "GET /shop/page/4/?per_page=24&shop_view=grid&per_row=6 HTTP/2" 200 35430 "-" "Mozilla/5.0 AppleWebKit/537.36 (KHTML, like Gecko; compatible; bingbot/2.0; +http://www.bing.com/bingbot.htm) Chrome/116.0.1938.76 Safari/537.36"
37.27.59.176 - - [29/Mar/2026:07:29:24 +0700] "GET /shop/page/29/?max_price=845&per_page=12 HTTP/1.1" 200 40865 "-" "Mozilla/5.0 (compatible; SERankingBacklinksBot/1.0; +https://seranking.com/backlinks-crawler)"
37.27.59.176 - - [29/Mar/2026:07:29:29 +0700] "GET /shop/page/39/?orderby=rating&per_page=8 HTTP/1.1" 200 40126 "-" "Mozilla/5.0 (compatible; SERankingBacklinksBot/1.0; +https://seranking.com/backlinks-crawler)"
37.27.59.176 - - [29/Mar/2026:07:29:34 +0700] "GET /shop/page/10/?orderby=rating&per_page=12 HTTP/1.1" 200 40716 "-" "Mozilla/5.0 (compatible; SERankingBacklinksBot/1.0; +https://seranking.com/backlinks-crawler)"
103.131.51.123 - - [29/Mar/2026:07:29:38 +0700] "POST /wp-cron.php?doing_wp_cron=1774744178.9656419754028320312500 HTTP/1.1" 200 474 "-" "WordPress/6.9.4; https://lotushomemade.com"
198.244.240.115 - - [29/Mar/2026:07:29:37 +0700] "GET /shop/?orderby=date&stock_status=instock%2Consale&per_row=6&per_page=8&shop_view=grid HTTP/2" 200 34012 "-" "Mozilla/5.0 (compatible; AhrefsBot/7.0; +http://ahrefs.com/robot/)"
37.27.59.176 - - [29/Mar/2026:07:29:41 +0700] "GET /shop/page/13/?orderby=rating&per_page=18 HTTP/1.1" 200 41374 "-" "Mozilla/5.0 (compatible; SERankingBacklinksBot/1.0; +https://seranking.com/backlinks-crawler)"
37.27.59.176 - - [29/Mar/2026:07:29:46 +0700] "GET /shop/page/10/?orderby=rating&per_page=18 HTTP/1.1" 200 42094 "-" "Mozilla/5.0 (compatible; SERankingBacklinksBot/1.0; +https://seranking.com/backlinks-crawler)"
37.27.59.176 - - [29/Mar/2026:07:29:51 +0700] "GET /shop/page/14/?orderby=rating&per_page=18 HTTP/1.1" 200 40863 "-" "Mozilla/5.0 (compatible; SERankingBacklinksBot/1.0; +https://seranking.com/backlinks-crawler)"
37.27.59.176 - - [29/Mar/2026:07:29:56 +0700] "GET /shop/page/10/?orderby=rating&per_page=24 HTTP/1.1" 200 42000 "-" "Mozilla/5.0 (compatible; SERankingBacklinksBot/1.0; +https://seranking.com/backlinks-crawler)"
37.27.59.176 - - [29/Mar/2026:07:30:01 +0700] "GET /shop/page/15/?orderby=rating&per_page=18 HTTP/1.1" 200 41133 "-" "Mozilla/5.0 (compatible; SERankingBacklinksBot/1.0; +https://seranking.com/backlinks-crawler)"
14.231.23.77 - - [29/Mar/2026:07:30:03 +0700] "GET /shop/page/1/?orderby=price HTTP/1.1" 301 516 "-" "Mozilla/5.0 (Macintosh; Intel Mac OS X 10_15_2) AppleWebKit/537.36 (KHTML, like Gecko) Chrome/79.0.3945.130 Safari/537.36"
14.231.23.77 - - [29/Mar/2026:07:30:03 +0700] "GET /shop/?orderby=price HTTP/1.1" 200 41200 "-" "Mozilla/5.0 (Macintosh; Intel Mac OS X 10_15_2) AppleWebKit/537.36 (KHTML, like Gecko) Chrome/79.0.3945.130 Safari/537.36"
37.27.59.176 - - [29/Mar/2026:07:30:06 +0700] "GET /shop/page/24/?orderby=rating&per_page=12 HTTP/1.1" 200 40441 "-" "Mozilla/5.0 (compatible; SERankingBacklinksBot/1.0; +https://seranking.com/backlinks-crawler)"
37.27.59.176 - - [29/Mar/2026:07:30:12 +0700] "GET /shop/page/25/?orderby=rating&per_page=12 HTTP/1.1" 200 40502 "-" "Mozilla/5.0 (compatible; SERankingBacklinksBot/1.0; +https://seranking.com/backlinks-crawler)"
37.27.59.176 - - [29/Mar/2026:07:30:16 +0700] "GET /shop/page/26/?orderby=rating&per_page=12 HTTP/1.1" 200 40381 "-" "Mozilla/5.0 (compatible; SERankingBacklinksBot/1.0; +https://seranking.com/backlinks-crawler)"
37.27.59.176 - - [29/Mar/2026:07:30:21 +0700] "GET /shop/page/14/?stock_status=instock,onsale HTTP/1.1" 301 362 "-" "Mozilla/5.0 (compatible; SERankingBacklinksBot/1.0; +https://seranking.com/backlinks-crawler)"
37.27.59.176 - - [29/Mar/2026:07:30:22 +0700] "GET /shop/page/14/?stock_status=instock%2Consale HTTP/1.1" 200 40791 "-" "Mozilla/5.0 (compatible; SERankingBacklinksBot/1.0; +https://seranking.com/backlinks-crawler)"
104.210.140.142 - - [29/Mar/2026:07:30:24 +0700] "GET    /robots.txt HTTP/2" 200 100 "-" "Mozilla/5.0 (Macintosh; Intel Mac OS X 10_15_7) AppleWebKit/537.36 (KHTML, like Gecko) Chrome/131.0.0.0 Safari/537.36; compatible; OAI-SearchBot/1.0; +https://openai.com/searchbot"
37.27.59.176 - - [29/Mar/2026:07:30:27 +0700] "GET /shop/page/15/?stock_status=instock,onsale HTTP/1.1" 301 540 "-" "Mozilla/5.0 (compatible; SERankingBacklinksBot/1.0; +https://seranking.com/backlinks-crawler)"
51.195.215.234 - - [29/Mar/2026:07:30:27 +0700] "GET /shop/?max_price=630&stock_status=onsale&per_row=6&per_page=24&shop_view=grid HTTP/2" 200 35785 "-" "Mozilla/5.0 (compatible; AhrefsBot/7.0; +http://ahrefs.com/robot/)"
37.27.59.176 - - [29/Mar/2026:07:30:28 +0700] "GET /shop/page/15/?stock_status=instock%2Consale HTTP/1.1" 200 40984 "-" "Mozilla/5.0 (compatible; SERankingBacklinksBot/1.0; +https://seranking.com/backlinks-crawler)"
40.77.167.36 - - [29/Mar/2026:07:30:28 +0700] "GET /product-category/kuih-kapit-series/page/3/?per_row=2&per_page=24&shop_view=grid&stock_status=instock%2Consale HTTP/2" 200 33726 "-" "Mozilla/5.0 AppleWebKit/537.36 (KHTML, like Gecko; compatible; bingbot/2.0; +http://www.bing.com/bingbot.htm) Chrome/116.0.1938.76 Safari/537.36"
37.27.59.176 - - [29/Mar/2026:07:30:33 +0700] "GET /shop/page/16/?stock_status=instock,onsale HTTP/1.1" 301 540 "-" "Mozilla/5.0 (compatible; SERankingBacklinksBot/1.0; +https://seranking.com/backlinks-crawler)"
37.27.59.176 - - [29/Mar/2026:07:30:33 +0700] "GET /shop/page/16/?stock_status=instock%2Consale HTTP/1.1" 200 40871 "-" "Mozilla/5.0 (compatible; SERankingBacklinksBot/1.0; +https://seranking.com/backlinks-crawler)"
103.131.51.123 - - [29/Mar/2026:07:30:39 +0700] "POST /wp-cron.php?doing_wp_cron=1774744239.0367109775543212890625 HTTP/1.1" 200 474 "-" "WordPress/6.9.4; https://lotushomemade.com"
37.27.59.176 - - [29/Mar/2026:07:30:38 +0700] "GET /shop/page/18/?stock_status=instock,onsale HTTP/1.1" 301 362 "-" "Mozilla/5.0 (compatible; SERankingBacklinksBot/1.0; +https://seranking.com/backlinks-crawler)"
37.27.59.176 - - [29/Mar/2026:07:30:39 +0700] "GET /shop/page/18/?stock_status=instock%2Consale HTTP/1.1" 200 40783 "-" "Mozilla/5.0 (compatible; SERankingBacklinksBot/1.0; +https://seranking.com/backlinks-crawler)"
37.27.59.176 - - [29/Mar/2026:07:30:44 +0700] "GET /shop/page/19/?stock_status=instock,onsale HTTP/1.1" 301 540 "-" "Mozilla/5.0 (compatible; SERankingBacklinksBot/1.0; +https://seranking.com/backlinks-crawler)"
37.27.59.176 - - [29/Mar/2026:07:30:45 +0700] "GET /shop/page/19/?stock_status=instock%2Consale HTTP/1.1" 200 40578 "-" "Mozilla/5.0 (compatible; SERankingBacklinksBot/1.0; +https://seranking.com/backlinks-crawler)"
37.27.59.176 - - [29/Mar/2026:07:30:50 +0700] "GET /shop/page/20/?stock_status=instock,onsale HTTP/1.1" 301 540 "-" "Mozilla/5.0 (compatible; SERankingBacklinksBot/1.0; +https://seranking.com/backlinks-crawler)"
37.27.59.176 - - [29/Mar/2026:07:30:50 +0700] "GET /shop/page/20/?stock_status=instock%2Consale HTTP/1.1" 200 40286 "-" "Mozilla/5.0 (compatible; SERankingBacklinksBot/1.0; +https://seranking.com/backlinks-crawler)"
37.27.59.176 - - [29/Mar/2026:07:30:55 +0700] "GET /shop/page/8/?orderby=popularity&per_page=8 HTTP/1.1" 200 40306 "-" "Mozilla/5.0 (compatible; SERankingBacklinksBot/1.0; +https://seranking.com/backlinks-crawler)"
37.27.59.176 - - [29/Mar/2026:07:31:00 +0700] "GET /shop/page/8/?orderby=price-desc&per_page=8 HTTP/1.1" 200 40432 "-" "Mozilla/5.0 (compatible; SERankingBacklinksBot/1.0; +https://seranking.com/backlinks-crawler)"
47.128.61.127 - - [29/Mar/2026:07:31:01 +0700] "GET /robots.txt HTTP/1.1" 200 615 "-" "Mozilla/5.0 (Linux; Android 5.0) AppleWebKit/537.36 (KHTML, like Gecko) Mobile Safari/537.36 (compatible; Bytespider; spider-feedback@bytedance.com)"
54.38.147.251 - - [29/Mar/2026:07:31:03 +0700] "GET /shop/page/30/?orderby=date&per_page=12 HTTP/2" 200 33527 "-" "Mozilla/5.0 (compatible; AhrefsBot/7.0; +http://ahrefs.com/robot/)"
37.27.59.176 - - [29/Mar/2026:07:31:05 +0700] "GET /shop/page/9/?orderby=popularity&per_page=8 HTTP/1.1" 200 40262 "-" "Mozilla/5.0 (compatible; SERankingBacklinksBot/1.0; +https://seranking.com/backlinks-crawler)"
37.27.59.176 - - [29/Mar/2026:07:31:10 +0700] "GET /shop/page/9/?orderby=price-desc&per_page=8 HTTP/1.1" 200 40436 "-" "Mozilla/5.0 (compatible; SERankingBacklinksBot/1.0; +https://seranking.com/backlinks-crawler)"
37.27.59.176 - - [29/Mar/2026:07:31:15 +0700] "GET /shop/page/10/?orderby=popularity&per_page=8 HTTP/1.1" 200 40413 "-" "Mozilla/5.0 (compatible; SERankingBacklinksBot/1.0; +https://seranking.com/backlinks-crawler)"
37.27.59.176 - - [29/Mar/2026:07:31:20 +0700] "GET /shop/page/39/?orderby=popularity&per_page=8 HTTP/1.1" 200 40054 "-" "Mozilla/5.0 (compatible; SERankingBacklinksBot/1.0; +https://seranking.com/backlinks-crawler)"
37.27.59.176 - - [29/Mar/2026:07:31:25 +0700] "GET /shop/page/40/?orderby=popularity&per_page=8 HTTP/1.1" 200 40025 "-" "Mozilla/5.0 (compatible; SERankingBacklinksBot/1.0; +https://seranking.com/backlinks-crawler)"
37.27.59.176 - - [29/Mar/2026:07:31:30 +0700] "GET /shop/page/10/?orderby=price-desc&per_page=8 HTTP/1.1" 200 40535 "-" "Mozilla/5.0 (compatible; SERankingBacklinksBot/1.0; +https://seranking.com/backlinks-crawler)"
37.27.59.176 - - [29/Mar/2026:07:31:35 +0700] "GET /shop/page/39/?orderby=price-desc&per_page=8 HTTP/1.1" 200 40333 "-" "Mozilla/5.0 (compatible; SERankingBacklinksBot/1.0; +https://seranking.com/backlinks-crawler)"
103.131.51.123 - - [29/Mar/2026:07:31:38 +0700] "POST /wp-cron.php?doing_wp_cron=1774744298.6597499847412109375000 HTTP/1.1" 200 474 "-" "WordPress/6.9.4; https://lotushomemade.com"
161.35.57.244 - - [29/Mar/2026:07:31:38 +0700] "GET /product/crispy-lotus-root_8166-xl/729 HTTP/1.1" 301 606 "https://lotushomemade.com/" "Mozilla/5.0 (Windows NT 10.0; Win64; x64) AppleWebKit/537.36 (KHTML, like Gecko) Chrome/120.0.0.0 Safari/537.36"
51.89.129.24 - - [29/Mar/2026:07:31:39 +0700] "GET /shop/page/30/?max_price=630 HTTP/2" 200 33620 "-" "Mozilla/5.0 (compatible; AhrefsBot/7.0; +http://ahrefs.com/robot/)"
161.35.57.244 - - [29/Mar/2026:07:31:40 +0700] "GET /product/crispy-lotus-root_8166-xl/ HTTP/1.1" 200 42547 "https://lotushomemade.com/" "Mozilla/5.0 (Windows NT 10.0; Win64; x64) AppleWebKit/537.36 (KHTML, like Gecko) Chrome/120.0.0.0 Safari/537.36"
37.27.59.176 - - [29/Mar/2026:07:31:42 +0700] "GET /shop/page/40/?orderby=price-desc&per_page=8 HTTP/1.1" 200 40697 "-" "Mozilla/5.0 (compatible; SERankingBacklinksBot/1.0; +https://seranking.com/backlinks-crawler)"
37.27.59.176 - - [29/Mar/2026:07:31:47 +0700] "GET /shop/page/41/?orderby=popularity&per_page=8 HTTP/1.1" 200 40281 "-" "Mozilla/5.0 (compatible; SERankingBacklinksBot/1.0; +https://seranking.com/backlinks-crawler)"
37.27.59.176 - - [29/Mar/2026:07:31:52 +0700] "GET /shop/page/41/?orderby=price-desc&per_page=8 HTTP/1.1" 200 40459 "-" "Mozilla/5.0 (compatible; SERankingBacklinksBot/1.0; +https://seranking.com/backlinks-crawler)"
37.27.59.176 - - [29/Mar/2026:07:31:57 +0700] "GET /shop/page/8/?orderby=popularity&per_page=12 HTTP/1.1" 200 40624 "-" "Mozilla/5.0 (compatible; SERankingBacklinksBot/1.0; +https://seranking.com/backlinks-crawler)"
37.27.59.176 - - [29/Mar/2026:07:32:02 +0700] "GET /shop/page/8/?orderby=popularity&per_page=18 HTTP/1.1" 200 41577 "-" "Mozilla/5.0 (compatible; SERankingBacklinksBot/1.0; +https://seranking.com/backlinks-crawler)"
37.27.59.176 - - [29/Mar/2026:07:32:07 +0700] "GET /shop/page/8/?orderby=popularity&per_page=24 HTTP/1.1" 200 42819 "-" "Mozilla/5.0 (compatible; SERankingBacklinksBot/1.0; +https://seranking.com/backlinks-crawler)"
198.244.242.173 - - [29/Mar/2026:07:32:12 +0700] "GET /shop/page/31/?per_row=2&shop_view=grid&stock_status=instock HTTP/2" 200 33509 "-" "Mozilla/5.0 (compatible; AhrefsBot/7.0; +http://ahrefs.com/robot/)"
37.27.59.176 - - [29/Mar/2026:07:32:12 +0700] "GET /shop/page/8/?orderby=price-desc&per_page=12 HTTP/1.1" 200 40993 "-" "Mozilla/5.0 (compatible; SERankingBacklinksBot/1.0; +https://seranking.com/backlinks-crawler)"
37.27.59.176 - - [29/Mar/2026:07:32:18 +0700] "GET /shop/page/8/?orderby=price-desc&per_page=18 HTTP/1.1" 200 42037 "-" "Mozilla/5.0 (compatible; SERankingBacklinksBot/1.0; +https://seranking.com/backlinks-crawler)"
37.27.59.176 - - [29/Mar/2026:07:32:23 +0700] "GET /shop/page/8/?orderby=price-desc&per_page=24 HTTP/1.1" 200 42996 "-" "Mozilla/5.0 (compatible; SERankingBacklinksBot/1.0; +https://seranking.com/backlinks-crawler)"
37.27.59.176 - - [29/Mar/2026:07:32:28 +0700] "GET /shop/page/8/?per_page=8&stock_status=onsale HTTP/1.1" 200 40268 "-" "Mozilla/5.0 (compatible; SERankingBacklinksBot/1.0; +https://seranking.com/backlinks-crawler)"
37.27.59.176 - - [29/Mar/2026:07:32:33 +0700] "GET /shop/page/8/?stock_status=onsale&per_page=8 HTTP/1.1" 200 40429 "-" "Mozilla/5.0 (compatible; SERankingBacklinksBot/1.0; +https://seranking.com/backlinks-crawler)"
103.131.51.123 - - [29/Mar/2026:07:32:41 +0700] "POST /wp-cron.php?doing_wp_cron=1774744361.3850409984588623046875 HTTP/1.1" 200 474 "-" "WordPress/6.9.4; https://lotushomemade.com"
37.27.59.176 - - [29/Mar/2026:07:32:40 +0700] "GET /shop/page/9/?orderby=popularity&per_page=12 HTTP/1.1" 200 40830 "-" "Mozilla/5.0 (compatible; SERankingBacklinksBot/1.0; +https://seranking.com/backlinks-crawler)"
37.27.59.176 - - [29/Mar/2026:07:32:45 +0700] "GET /shop/page/9/?orderby=popularity&per_page=18 HTTP/1.1" 200 41718 "-" "Mozilla/5.0 (compatible; SERankingBacklinksBot/1.0; +https://seranking.com/backlinks-crawler)"
37.27.59.176 - - [29/Mar/2026:07:32:50 +0700] "GET /shop/page/9/?orderby=popularity&per_page=24 HTTP/1.1" 200 42153 "-" "Mozilla/5.0 (compatible; SERankingBacklinksBot/1.0; +https://seranking.com/backlinks-crawler)"
54.38.147.29 - - [29/Mar/2026:07:32:54 +0700] "GET /product-category/traditional-cookies-series/?stock_status=onsale&per_row=4&per_page=8&shop_view=grid HTTP/2" 200 33659 "-" "Mozilla/5.0 (compatible; AhrefsBot/7.0; +http://ahrefs.com/robot/)"
37.27.59.176 - - [29/Mar/2026:07:32:55 +0700] "GET /shop/page/9/?orderby=price-desc&per_page=12 HTTP/1.1" 200 40869 "-" "Mozilla/5.0 (compatible; SERankingBacklinksBot/1.0; +https://seranking.com/backlinks-crawler)"
37.27.59.176 - - [29/Mar/2026:07:33:00 +0700] "GET /shop/page/9/?orderby=price-desc&per_page=18 HTTP/1.1" 200 41918 "-" "Mozilla/5.0 (compatible; SERankingBacklinksBot/1.0; +https://seranking.com/backlinks-crawler)"
37.27.59.176 - - [29/Mar/2026:07:33:05 +0700] "GET /shop/page/9/?orderby=price-desc&per_page=24 HTTP/1.1" 200 42702 "-" "Mozilla/5.0 (compatible; SERankingBacklinksBot/1.0; +https://seranking.com/backlinks-crawler)"
198.244.226.95 - - [29/Mar/2026:07:33:08 +0700] "GET /shop/page/30/?orderby=date&per_page=12 HTTP/2" 200 33552 "-" "Mozilla/5.0 (compatible; AhrefsBot/7.0; +http://ahrefs.com/robot/)"
37.27.59.176 - - [29/Mar/2026:07:33:10 +0700] "GET /shop/page/9/?per_page=8&stock_status=onsale HTTP/1.1" 200 40336 "-" "Mozilla/5.0 (compatible; SERankingBacklinksBot/1.0; +https://seranking.com/backlinks-crawler)"
37.27.59.176 - - [29/Mar/2026:07:33:15 +0700] "GET /shop/page/9/?stock_status=onsale&per_page=8 HTTP/1.1" 200 40339 "-" "Mozilla/5.0 (compatible; SERankingBacklinksBot/1.0; +https://seranking.com/backlinks-crawler)"
37.27.59.176 - - [29/Mar/2026:07:33:20 +0700] "GET /shop/page/10/?orderby=popularity&per_page=12 HTTP/1.1" 200 40912 "-" "Mozilla/5.0 (compatible; SERankingBacklinksBot/1.0; +https://seranking.com/backlinks-crawler)"
37.27.59.176 - - [29/Mar/2026:07:33:25 +0700] "GET /shop/page/13/?orderby=popularity&per_page=18 HTTP/1.1" 200 41433 "-" "Mozilla/5.0 (compatible; SERankingBacklinksBot/1.0; +https://seranking.com/backlinks-crawler)"
51.195.215.110 - - [29/Mar/2026:07:33:30 +0700] "GET /shop/page/3/?orderby=rating&stock_status=onsale&per_page=12&shop_view=grid&per_row=2 HTTP/2" 200 34016 "-" "Mozilla/5.0 (compatible; AhrefsBot/7.0; +http://ahrefs.com/robot/)"
37.27.59.176 - - [29/Mar/2026:07:33:32 +0700] "GET /shop/page/40/?per_page=8&stock_status=onsale HTTP/1.1" 200 40308 "-" "Mozilla/5.0 (compatible; SERankingBacklinksBot/1.0; +https://seranking.com/backlinks-crawler)"
103.131.51.123 - - [29/Mar/2026:07:33:39 +0700] "POST /wp-cron.php?doing_wp_cron=1774744419.0819768905639648437500 HTTP/1.1" 200 474 "-" "WordPress/6.9.4; https://lotushomemade.com"
37.27.59.176 - - [29/Mar/2026:07:33:37 +0700] "GET /shop/page/10/?orderby=popularity&per_page=18 HTTP/1.1" 200 42159 "-" "Mozilla/5.0 (compatible; SERankingBacklinksBot/1.0; +https://seranking.com/backlinks-crawler)"
37.27.59.176 - - [29/Mar/2026:07:33:42 +0700] "GET /shop/page/13/?orderby=price-desc&per_page=18 HTTP/1.1" 200 41722 "-" "Mozilla/5.0 (compatible; SERankingBacklinksBot/1.0; +https://seranking.com/backlinks-crawler)"
37.27.59.176 - - [29/Mar/2026:07:33:47 +0700] "GET /shop/page/40/?stock_status=onsale&per_page=8 HTTP/1.1" 200 40115 "-" "Mozilla/5.0 (compatible; SERankingBacklinksBot/1.0; +https://seranking.com/backlinks-crawler)"
37.27.59.176 - - [29/Mar/2026:07:33:52 +0700] "GET /shop/page/10/?orderby=popularity&per_page=24 HTTP/1.1" 200 42142 "-" "Mozilla/5.0 (compatible; SERankingBacklinksBot/1.0; +https://seranking.com/backlinks-crawler)"
37.27.59.176 - - [29/Mar/2026:07:33:57 +0700] "GET /shop/page/14/?orderby=popularity&per_page=18 HTTP/1.1" 200 40892 "-" "Mozilla/5.0 (compatible; SERankingBacklinksBot/1.0; +https://seranking.com/backlinks-crawler)"
37.27.59.176 - - [29/Mar/2026:07:34:02 +0700] "GET /shop/page/41/?per_page=8&stock_status=onsale HTTP/1.1" 200 40060 "-" "Mozilla/5.0 (compatible; SERankingBacklinksBot/1.0; +https://seranking.com/backlinks-crawler)"
37.27.59.176 - - [29/Mar/2026:07:34:07 +0700] "GET /shop/page/10/?orderby=price-desc&per_page=12 HTTP/1.1" 200 41127 "-" "Mozilla/5.0 (compatible; SERankingBacklinksBot/1.0; +https://seranking.com/backlinks-crawler)"
51.89.129.66 - - [29/Mar/2026:07:34:09 +0700] "GET /shop/page/11/?orderby=price-desc&per_page=24 HTTP/2" 200 35131 "-" "Mozilla/5.0 (compatible; AhrefsBot/7.0; +http://ahrefs.com/robot/)"
37.27.59.176 - - [29/Mar/2026:07:34:12 +0700] "GET /shop/page/14/?orderby=price-desc&per_page=18 HTTP/1.1" 200 41701 "-" "Mozilla/5.0 (compatible; SERankingBacklinksBot/1.0; +https://seranking.com/backlinks-crawler)"
37.27.59.176 - - [29/Mar/2026:07:34:17 +0700] "GET /shop/page/41/?stock_status=onsale&per_page=8 HTTP/1.1" 200 40071 "-" "Mozilla/5.0 (compatible; SERankingBacklinksBot/1.0; +https://seranking.com/backlinks-crawler)"
37.27.59.176 - - [29/Mar/2026:07:34:22 +0700] "GET /shop/page/10/?orderby=price-desc&per_page=18 HTTP/1.1" 200 42149 "-" "Mozilla/5.0 (compatible; SERankingBacklinksBot/1.0; +https://seranking.com/backlinks-crawler)"
37.27.59.176 - - [29/Mar/2026:07:34:27 +0700] "GET /shop/page/15/?orderby=popularity&per_page=18 HTTP/1.1" 200 41145 "-" "Mozilla/5.0 (compatible; SERankingBacklinksBot/1.0; +https://seranking.com/backlinks-crawler)"
209.141.61.34 - - [29/Mar/2026:07:34:30 +0700] "GET /wp-login.php HTTP/1.1" 200 2677 "-" "Mozilla/5.0 (Windows NT 10.0; Win64; x64) AppleWebKit/537.36 (KHTML, like Gecko) Chrome/134.0.0.0 Safari/537.36"
37.27.59.176 - - [29/Mar/2026:07:34:31 +0700] "GET /shop/page/8/?min_price=0&stock_status=onsale HTTP/1.1" 200 40818 "-" "Mozilla/5.0 (compatible; SERankingBacklinksBot/1.0; +https://seranking.com/backlinks-crawler)"
103.131.51.123 - - [29/Mar/2026:07:34:38 +0700] "POST /wp-cron.php?doing_wp_cron=1774744478.2678279876708984375000 HTTP/1.1" 200 474 "-" "WordPress/6.9.4; https://lotushomemade.com"
37.27.59.176 - - [29/Mar/2026:07:34:36 +0700] "GET /shop/page/10/?orderby=price-desc&per_page=24 HTTP/1.1" 200 42717 "-" "Mozilla/5.0 (compatible; SERankingBacklinksBot/1.0; +https://seranking.com/backlinks-crawler)"
37.27.59.176 - - [29/Mar/2026:07:34:41 +0700] "GET /shop/page/15/?orderby=price-desc&per_page=18 HTTP/1.1" 200 41635 "-" "Mozilla/5.0 (compatible; SERankingBacklinksBot/1.0; +https://seranking.com/backlinks-crawler)"
51.195.215.122 - - [29/Mar/2026:07:34:43 +0700] "GET /shop/page/32/?orderby=rating&stock_status=onsale&per_page=12&shop_view=grid&per_row=6 HTTP/2" 200 32940 "-" "Mozilla/5.0 (compatible; AhrefsBot/7.0; +http://ahrefs.com/robot/)"
37.27.59.176 - - [29/Mar/2026:07:34:46 +0700] "GET /shop/page/8/?per_page=12&stock_status=onsale HTTP/1.1" 200 40894 "-" "Mozilla/5.0 (compatible; SERankingBacklinksBot/1.0; +https://seranking.com/backlinks-crawler)"
37.27.59.176 - - [29/Mar/2026:07:34:51 +0700] "GET /shop/page/10/?per_page=8&stock_status=onsale HTTP/1.1" 200 40470 "-" "Mozilla/5.0 (compatible; SERankingBacklinksBot/1.0; +https://seranking.com/backlinks-crawler)"
37.27.59.176 - - [29/Mar/2026:07:34:56 +0700] "GET /shop/page/24/?orderby=popularity&per_page=12 HTTP/1.1" 200 40245 "-" "Mozilla/5.0 (compatible; SERankingBacklinksBot/1.0; +https://seranking.com/backlinks-crawler)"
37.27.59.176 - - [29/Mar/2026:07:35:01 +0700] "GET /shop/page/8/?per_page=18&stock_status=onsale HTTP/1.1" 200 41320 "-" "Mozilla/5.0 (compatible; SERankingBacklinksBot/1.0; +https://seranking.com/backlinks-crawler)"
37.27.59.176 - - [29/Mar/2026:07:35:06 +0700] "GET /shop/page/10/?stock_status=onsale&per_page=8 HTTP/1.1" 200 40447 "-" "Mozilla/5.0 (compatible; SERankingBacklinksBot/1.0; +https://seranking.com/backlinks-crawler)"
37.27.59.176 - - [29/Mar/2026:07:35:11 +0700] "GET /shop/page/24/?orderby=price-desc&per_page=12 HTTP/1.1" 200 40945 "-" "Mozilla/5.0 (compatible; SERankingBacklinksBot/1.0; +https://seranking.com/backlinks-crawler)"
37.27.59.176 - - [29/Mar/2026:07:35:16 +0700] "GET /shop/page/8/?per_page=24&stock_status=onsale HTTP/1.1" 200 42644 "-" "Mozilla/5.0 (compatible; SERankingBacklinksBot/1.0; +https://seranking.com/backlinks-crawler)"
198.244.168.134 - - [29/Mar/2026:07:35:18 +0700] "GET /shop/page/6/?orderby=price&stock_status=onsale&per_row=4&shop_view=grid&per_page=8 HTTP/2" 200 33450 "-" "Mozilla/5.0 (compatible; AhrefsBot/7.0; +http://ahrefs.com/robot/)"
37.27.59.176 - - [29/Mar/2026:07:35:21 +0700] "GET /shop/page/25/?orderby=popularity&per_page=12 HTTP/1.1" 200 40643 "-" "Mozilla/5.0 (compatible; SERankingBacklinksBot/1.0; +https://seranking.com/backlinks-crawler)"
37.27.59.176 - - [29/Mar/2026:07:35:28 +0700] "GET /shop/page/8/?per_page=8&stock_status=instock HTTP/1.1" 200 40466 "-" "Mozilla/5.0 (compatible; SERankingBacklinksBot/1.0; +https://seranking.com/backlinks-crawler)"
37.27.59.176 - - [29/Mar/2026:07:35:33 +0700] "GET /shop/page/25/?orderby=price-desc&per_page=12 HTTP/1.1" 200 40861 "-" "Mozilla/5.0 (compatible; SERankingBacklinksBot/1.0; +https://seranking.com/backlinks-crawler)"
103.131.51.123 - - [29/Mar/2026:07:35:39 +0700] "POST /wp-cron.php?doing_wp_cron=1774744539.6808240413665771484375 HTTP/1.1" 200 474 "-" "WordPress/6.9.4; https://lotushomemade.com"
37.27.59.176 - - [29/Mar/2026:07:35:38 +0700] "GET /shop/page/8/?stock_status=instock&per_page=8 HTTP/1.1" 200 40298 "-" "Mozilla/5.0 (compatible; SERankingBacklinksBot/1.0; +https://seranking.com/backlinks-crawler)"
37.27.59.176 - - [29/Mar/2026:07:35:43 +0700] "GET /shop/page/26/?orderby=popularity&per_page=12 HTTP/1.1" 200 40606 "-" "Mozilla/5.0 (compatible; SERankingBacklinksBot/1.0; +https://seranking.com/backlinks-crawler)"
37.27.59.176 - - [29/Mar/2026:07:35:48 +0700] "GET /shop/page/8/?stock_status=onsale&per_page=12 HTTP/1.1" 200 40908 "-" "Mozilla/5.0 (compatible; SERankingBacklinksBot/1.0; +https://seranking.com/backlinks-crawler)"
37.27.59.176 - - [29/Mar/2026:07:35:53 +0700] "GET /shop/page/26/?orderby=price-desc&per_page=12 HTTP/1.1" 200 40757 "-" "Mozilla/5.0 (compatible; SERankingBacklinksBot/1.0; +https://seranking.com/backlinks-crawler)"
198.244.226.162 - - [29/Mar/2026:07:35:55 +0700] "GET /shop/page/6/?orderby=rating&stock_status=instock%2Consale&shop_view=grid&per_row=4 HTTP/2" 200 34174 "-" "Mozilla/5.0 (compatible; AhrefsBot/7.0; +http://ahrefs.com/robot/)"
37.27.59.176 - - [29/Mar/2026:07:35:58 +0700] "GET /shop/page/8/?stock_status=onsale&per_page=18 HTTP/1.1" 200 41558 "-" "Mozilla/5.0 (compatible; SERankingBacklinksBot/1.0; +https://seranking.com/backlinks-crawler)"
37.27.59.176 - - [29/Mar/2026:07:36:03 +0700] "GET /shop/page/39/?per_page=8&stock_status=onsale HTTP/1.1" 200 39985 "-" "Mozilla/5.0 (compatible; SERankingBacklinksBot/1.0; +https://seranking.com/backlinks-crawler)"
37.27.59.176 - - [29/Mar/2026:07:36:07 +0700] "GET /shop/page/8/?stock_status=onsale&per_page=24 HTTP/1.1" 200 42606 "-" "Mozilla/5.0 (compatible; SERankingBacklinksBot/1.0; +https://seranking.com/backlinks-crawler)"
37.27.59.176 - - [29/Mar/2026:07:36:13 +0700] "GET /shop/page/39/?stock_status=onsale&per_page=8 HTTP/1.1" 200 40180 "-" "Mozilla/5.0 (compatible; SERankingBacklinksBot/1.0; +https://seranking.com/backlinks-crawler)"
37.27.59.176 - - [29/Mar/2026:07:36:18 +0700] "GET /shop/page/9/?min_price=0&stock_status=onsale HTTP/1.1" 200 40701 "-" "Mozilla/5.0 (compatible; SERankingBacklinksBot/1.0; +https://seranking.com/backlinks-crawler)"
37.27.59.176 - - [29/Mar/2026:07:36:23 +0700] "GET /shop/page/9/?per_page=12&stock_status=onsale HTTP/1.1" 200 40899 "-" "Mozilla/5.0 (compatible; SERankingBacklinksBot/1.0; +https://seranking.com/backlinks-crawler)"
37.27.59.176 - - [29/Mar/2026:07:36:29 +0700] "GET /shop/page/9/?per_page=18&stock_status=onsale HTTP/1.1" 200 41911 "-" "Mozilla/5.0 (compatible; SERankingBacklinksBot/1.0; +https://seranking.com/backlinks-crawler)"
198.244.226.161 - - [29/Mar/2026:07:36:32 +0700] "GET /shop/page/2/?orderby=rating&stock_status=onsale&per_page=12&shop_view=grid&per_row=2 HTTP/2" 200 34213 "-" "Mozilla/5.0 (compatible; AhrefsBot/7.0; +http://ahrefs.com/robot/)"
37.27.59.176 - - [29/Mar/2026:07:36:33 +0700] "GET /shop/page/9/?per_page=24&stock_status=onsale HTTP/1.1" 200 42483 "-" "Mozilla/5.0 (compatible; SERankingBacklinksBot/1.0; +https://seranking.com/backlinks-crawler)"
103.131.51.123 - - [29/Mar/2026:07:36:40 +0700] "POST /wp-cron.php?doing_wp_cron=1774744600.5335659980773925781250 HTTP/1.1" 200 474 "-" "WordPress/6.9.4; https://lotushomemade.com"
37.27.59.176 - - [29/Mar/2026:07:36:39 +0700] "GET /shop/page/9/?per_page=8&stock_status=instock HTTP/1.1" 200 40501 "-" "Mozilla/5.0 (compatible; SERankingBacklinksBot/1.0; +https://seranking.com/backlinks-crawler)"
37.27.59.176 - - [29/Mar/2026:07:36:44 +0700] "GET /shop/page/9/?stock_status=instock&per_page=8 HTTP/1.1" 200 40344 "-" "Mozilla/5.0 (compatible; SERankingBacklinksBot/1.0; +https://seranking.com/backlinks-crawler)"
37.27.59.176 - - [29/Mar/2026:07:36:49 +0700] "GET /shop/page/9/?stock_status=onsale&per_page=12 HTTP/1.1" 200 40920 "-" "Mozilla/5.0 (compatible; SERankingBacklinksBot/1.0; +https://seranking.com/backlinks-crawler)"
37.27.59.176 - - [29/Mar/2026:07:36:54 +0700] "GET /shop/page/9/?stock_status=onsale&per_page=18 HTTP/1.1" 200 41852 "-" "Mozilla/5.0 (compatible; SERankingBacklinksBot/1.0; +https://seranking.com/backlinks-crawler)"
37.27.59.176 - - [29/Mar/2026:07:36:59 +0700] "GET /shop/page/9/?stock_status=onsale&per_page=24 HTTP/1.1" 200 42630 "-" "Mozilla/5.0 (compatible; SERankingBacklinksBot/1.0; +https://seranking.com/backlinks-crawler)"
37.27.59.176 - - [29/Mar/2026:07:37:04 +0700] "GET /shop/page/10/?min_price=0&stock_status=onsale HTTP/1.1" 200 40722 "-" "Mozilla/5.0 (compatible; SERankingBacklinksBot/1.0; +https://seranking.com/backlinks-crawler)"
198.244.240.26 - - [29/Mar/2026:07:37:08 +0700] "GET /shop/page/6/?orderby=rating&per_row=6&per_page=8&shop_view=grid HTTP/2" 200 33529 "-" "Mozilla/5.0 (compatible; AhrefsBot/7.0; +http://ahrefs.com/robot/)"
37.27.59.176 - - [29/Mar/2026:07:37:09 +0700] "GET /shop/page/13/?per_page=18&stock_status=onsale HTTP/1.1" 200 41258 "-" "Mozilla/5.0 (compatible; SERankingBacklinksBot/1.0; +https://seranking.com/backlinks-crawler)"
37.27.59.176 - - [29/Mar/2026:07:37:14 +0700] "GET /shop/page/40/?per_page=8&stock_status=instock HTTP/1.1" 200 40289 "-" "Mozilla/5.0 (compatible; SERankingBacklinksBot/1.0; +https://seranking.com/backlinks-crawler)"
37.27.59.176 - - [29/Mar/2026:07:37:20 +0700] "GET /shop/page/10/?per_page=12&stock_status=onsale HTTP/1.1" 200 40748 "-" "Mozilla/5.0 (compatible; SERankingBacklinksBot/1.0; +https://seranking.com/backlinks-crawler)"
37.27.59.176 - - [29/Mar/2026:07:37:26 +0700] "GET /shop/page/13/?stock_status=onsale&per_page=18 HTTP/1.1" 200 41438 "-" "Mozilla/5.0 (compatible; SERankingBacklinksBot/1.0; +https://seranking.com/backlinks-crawler)"
37.27.59.176 - - [29/Mar/2026:07:37:31 +0700] "GET /shop/page/40/?stock_status=instock&per_page=8 HTTP/1.1" 200 40098 "-" "Mozilla/5.0 (compatible; SERankingBacklinksBot/1.0; +https://seranking.com/backlinks-crawler)"
103.131.51.123 - - [29/Mar/2026:07:37:38 +0700] "POST /wp-cron.php?doing_wp_cron=1774744658.6661560535430908203125 HTTP/1.1" 200 474 "-" "WordPress/6.9.4; https://lotushomemade.com"
37.27.59.176 - - [29/Mar/2026:07:37:37 +0700] "GET /shop/page/10/?per_page=18&stock_status=onsale HTTP/1.1" 200 42037 "-" "Mozilla/5.0 (compatible; SERankingBacklinksBot/1.0; +https://seranking.com/backlinks-crawler)"
37.27.59.176 - - [29/Mar/2026:07:37:42 +0700] "GET /shop/page/14/?per_page=18&stock_status=onsale HTTP/1.1" 200 40923 "-" "Mozilla/5.0 (compatible; SERankingBacklinksBot/1.0; +https://seranking.com/backlinks-crawler)"
37.27.59.176 - - [29/Mar/2026:07:37:47 +0700] "GET /shop/page/41/?per_page=8&stock_status=instock HTTP/1.1" 200 40034 "-" "Mozilla/5.0 (compatible; SERankingBacklinksBot/1.0; +https://seranking.com/backlinks-crawler)"
37.27.59.176 - - [29/Mar/2026:07:37:52 +0700] "GET /shop/page/10/?per_page=24&stock_status=onsale HTTP/1.1" 200 42072 "-" "Mozilla/5.0 (compatible; SERankingBacklinksBot/1.0; +https://seranking.com/backlinks-crawler)"
37.27.59.176 - - [29/Mar/2026:07:37:57 +0700] "GET /shop/page/14/?stock_status=onsale&per_page=18 HTTP/1.1" 200 40945 "-" "Mozilla/5.0 (compatible; SERankingBacklinksBot/1.0; +https://seranking.com/backlinks-crawler)"
51.195.215.126 - - [29/Mar/2026:07:38:01 +0700] "GET /shop/page/6/?orderby=rating&stock_status=onsale&per_row=4&shop_view=grid&per_page=8 HTTP/2" 200 33544 "-" "Mozilla/5.0 (compatible; AhrefsBot/7.0; +http://ahrefs.com/robot/)"
37.27.59.176 - - [29/Mar/2026:07:38:02 +0700] "GET /shop/page/41/?stock_status=instock&per_page=8 HTTP/1.1" 200 40250 "-" "Mozilla/5.0 (compatible; SERankingBacklinksBot/1.0; +https://seranking.com/backlinks-crawler)"
37.27.59.176 - - [29/Mar/2026:07:38:07 +0700] "GET /shop/page/10/?per_page=8&stock_status=instock HTTP/1.1" 200 40281 "-" "Mozilla/5.0 (compatible; SERankingBacklinksBot/1.0; +https://seranking.com/backlinks-crawler)"
37.27.59.176 - - [29/Mar/2026:07:38:12 +0700] "GET /shop/page/15/?per_page=18&stock_status=onsale HTTP/1.1" 200 40964 "-" "Mozilla/5.0 (compatible; SERankingBacklinksBot/1.0; +https://seranking.com/backlinks-crawler)"
37.27.59.176 - - [29/Mar/2026:07:38:17 +0700] "GET /shop/page/8/?min_price=0&stock_status=instock HTTP/1.1" 200 41034 "-" "Mozilla/5.0 (compatible; SERankingBacklinksBot/1.0; +https://seranking.com/backlinks-crawler)"
37.27.59.176 - - [29/Mar/2026:07:38:22 +0700] "GET /shop/page/10/?stock_status=instock&per_page=8 HTTP/1.1" 200 40256 "-" "Mozilla/5.0 (compatible; SERankingBacklinksBot/1.0; +https://seranking.com/backlinks-crawler)"
37.27.59.176 - - [29/Mar/2026:07:38:28 +0700] "GET /shop/page/15/?stock_status=onsale&per_page=18 HTTP/1.1" 200 41141 "-" "Mozilla/5.0 (compatible; SERankingBacklinksBot/1.0; +https://seranking.com/backlinks-crawler)"
203.25.124.71 - - [29/Mar/2026:07:38:29 +0700] "POST /wp-login.php HTTP/1.1" 200 7854 "-" "Mozilla/5.0"
51.195.183.134 - - [29/Mar/2026:07:38:33 +0700] "GET /shop/?min_price=420&max_price=630 HTTP/2" 200 32061 "-" "Mozilla/5.0 (compatible; AhrefsBot/7.0; +http://ahrefs.com/robot/)"
37.27.59.176 - - [29/Mar/2026:07:38:33 +0700] "GET /shop/page/8/?orderby=date&stock_status=onsale HTTP/1.1" 200 40864 "-" "Mozilla/5.0 (compatible; SERankingBacklinksBot/1.0; +https://seranking.com/backlinks-crawler)"
103.131.51.123 - - [29/Mar/2026:07:38:39 +0700] "POST /wp-cron.php?doing_wp_cron=1774744719.4800980091094970703125 HTTP/1.1" 200 474 "-" "WordPress/6.9.4; https://lotushomemade.com"
37.27.59.176 - - [29/Mar/2026:07:38:38 +0700] "GET /shop/page/10/?stock_status=onsale&per_page=12 HTTP/1.1" 200 40614 "-" "Mozilla/5.0 (compatible; SERankingBacklinksBot/1.0; +https://seranking.com/backlinks-crawler)"
37.27.59.176 - - [29/Mar/2026:07:38:43 +0700] "GET /shop/page/24/?min_price=0&stock_status=onsale HTTP/1.1" 200 40604 "-" "Mozilla/5.0 (compatible; SERankingBacklinksBot/1.0; +https://seranking.com/backlinks-crawler)"
37.27.59.176 - - [29/Mar/2026:07:38:48 +0700] "GET /shop/page/8/?per_page=12&stock_status=instock HTTP/1.1" 200 40889 "-" "Mozilla/5.0 (compatible; SERankingBacklinksBot/1.0; +https://seranking.com/backlinks-crawler)"
37.27.59.176 - - [29/Mar/2026:07:38:53 +0700] "GET /shop/page/10/?stock_status=onsale&per_page=18 HTTP/1.1" 200 41849 "-" "Mozilla/5.0 (compatible; SERankingBacklinksBot/1.0; +https://seranking.com/backlinks-crawler)"
37.27.59.176 - - [29/Mar/2026:07:38:58 +0700] "GET /shop/page/24/?per_page=12&stock_status=onsale HTTP/1.1" 200 40666 "-" "Mozilla/5.0 (compatible; SERankingBacklinksBot/1.0; +https://seranking.com/backlinks-crawler)"
37.27.59.176 - - [29/Mar/2026:07:39:03 +0700] "GET /shop/page/8/?per_page=18&stock_status=instock HTTP/1.1" 200 41359 "-" "Mozilla/5.0 (compatible; SERankingBacklinksBot/1.0; +https://seranking.com/backlinks-crawler)"
37.27.59.176 - - [29/Mar/2026:07:39:08 +0700] "GET /shop/page/10/?stock_status=onsale&per_page=24 HTTP/1.1" 200 41889 "-" "Mozilla/5.0 (compatible; SERankingBacklinksBot/1.0; +https://seranking.com/backlinks-crawler)"
57.141.16.62 - - [29/Mar/2026:07:39:09 +0700] "GET /2023/11/17/nastar/ HTTP/2" 200 207083 "-" "meta-externalagent/1.1 (+https://developers.facebook.com/docs/sharing/webmasters/crawler)"
37.27.59.176 - - [29/Mar/2026:07:39:13 +0700] "GET /shop/page/24/?stock_status=onsale&per_page=12 HTTP/1.1" 200 40604 "-" "Mozilla/5.0 (compatible; SERankingBacklinksBot/1.0; +https://seranking.com/backlinks-crawler)"
37.27.59.176 - - [29/Mar/2026:07:39:21 +0700] "GET /shop/page/8/?per_page=24&stock_status=instock HTTP/1.1" 200 42735 "-" "Mozilla/5.0 (compatible; SERankingBacklinksBot/1.0; +https://seranking.com/backlinks-crawler)"
51.195.244.221 - - [29/Mar/2026:07:39:24 +0700] "GET /shop/page/6/?orderby=date&stock_status=instock%2Consale&per_page=8 HTTP/2" 200 33569 "-" "Mozilla/5.0 (compatible; AhrefsBot/7.0; +http://ahrefs.com/robot/)"
37.27.59.176 - - [29/Mar/2026:07:39:25 +0700] "GET /shop/page/25/?min_price=0&stock_status=onsale HTTP/1.1" 200 40562 "-" "Mozilla/5.0 (compatible; SERankingBacklinksBot/1.0; +https://seranking.com/backlinks-crawler)"
37.27.59.176 - - [29/Mar/2026:07:39:30 +0700] "GET /shop/page/8/?stock_status=instock&per_page=12 HTTP/1.1" 200 40936 "-" "Mozilla/5.0 (compatible; SERankingBacklinksBot/1.0; +https://seranking.com/backlinks-crawler)"
37.27.59.176 - - [29/Mar/2026:07:39:36 +0700] "GET /shop/page/25/?per_page=12&stock_status=onsale HTTP/1.1" 200 40774 "-" "Mozilla/5.0 (compatible; SERankingBacklinksBot/1.0; +https://seranking.com/backlinks-crawler)"
103.131.51.123 - - [29/Mar/2026:07:39:42 +0700] "POST /wp-cron.php?doing_wp_cron=1774744782.4386661052703857421875 HTTP/1.1" 200 474 "-" "WordPress/6.9.4; https://lotushomemade.com"
37.27.59.176 - - [29/Mar/2026:07:39:40 +0700] "GET /shop/page/8/?stock_status=instock&per_page=18 HTTP/1.1" 200 41408 "-" "Mozilla/5.0 (compatible; SERankingBacklinksBot/1.0; +https://seranking.com/backlinks-crawler)"
37.27.59.176 - - [29/Mar/2026:07:39:45 +0700] "GET /shop/page/25/?stock_status=onsale&per_page=12 HTTP/1.1" 200 40626 "-" "Mozilla/5.0 (compatible; SERankingBacklinksBot/1.0; +https://seranking.com/backlinks-crawler)"
51.195.183.180 - - [29/Mar/2026:07:39:49 +0700] "GET /shop/page/6/?orderby=price-desc&stock_status=instock&per_page=18&shop_view=grid&per_row=4 HTTP/2" 200 34946 "-" "Mozilla/5.0 (compatible; AhrefsBot/7.0; +http://ahrefs.com/robot/)"
81.167.26.57 - - [29/Mar/2026:07:39:51 +0700] "GET /robots.txt HTTP/1.1" 200 609 "-" "Mozilla/5.0 (compatible; MJ12bot/v1.4.8; http://mj12bot.com/)"
37.27.59.176 - - [29/Mar/2026:07:39:51 +0700] "GET /shop/page/8/?stock_status=instock&per_page=24 HTTP/1.1" 200 42764 "-" "Mozilla/5.0 (compatible; SERankingBacklinksBot/1.0; +https://seranking.com/backlinks-crawler)"
45.228.136.99 - - [29/Mar/2026:07:39:51 +0700] "GET /product-category/100-pure-vegan/page/2/?per_row=4&shop_view=grid&stock_status=instock%2Consale HTTP/1.1" 200 40630 "-" "Mozilla/5.0 (Macintosh; Intel Mac OS X 10_12_6) AppleWebKit/537.36 (KHTML, like Gecko) Chrome/101.0.4951.54 Safari/537.36"
81.167.26.57 - - [29/Mar/2026:07:39:53 +0700] "GET /product-category/hot-item/?per_row=6&per_page=12&shop_view=grid&stock_status=instock,onsale HTTP/1.1" 200 35434 "-" "Mozilla/5.0 (compatible; MJ12bot/v1.4.8; http://mj12bot.com/)"
37.27.59.176 - - [29/Mar/2026:07:39:56 +0700] "GET /shop/page/26/?min_price=0&stock_status=onsale HTTP/1.1" 200 40301 "-" "Mozilla/5.0 (compatible; SERankingBacklinksBot/1.0; +https://seranking.com/backlinks-crawler)"
81.167.26.57 - - [29/Mar/2026:07:39:56 +0700] "GET /product-category/hot-item/?per_row=6&per_page=8&shop_view=grid&stock_status=instock,onsale HTTP/1.1" 200 34707 "-" "Mozilla/5.0 (compatible; MJ12bot/v1.4.8; http://mj12bot.com/)"
81.167.26.57 - - [29/Mar/2026:07:39:59 +0700] "GET /product-category/hot-item/page/1/?per_row=2&per_page=12&shop_view=grid&stock_status=instock HTTP/1.1" 301 537 "-" "Mozilla/5.0 (compatible; MJ12bot/v1.4.8; http://mj12bot.com/)"
37.27.59.176 - - [29/Mar/2026:07:40:01 +0700] "GET /shop/page/9/?min_price=0&stock_status=instock HTTP/1.1" 200 40859 "-" "Mozilla/5.0 (compatible; SERankingBacklinksBot/1.0; +https://seranking.com/backlinks-crawler)"
81.167.26.57 - - [29/Mar/2026:07:40:02 +0700] "GET /product-category/hot-item/?per_row=2&per_page=12&shop_view=grid&stock_status=instock HTTP/1.1" 200 35587 "-" "Mozilla/5.0 (compatible; MJ12bot/v1.4.8; http://mj12bot.com/)"
81.167.26.57 - - [29/Mar/2026:07:40:05 +0700] "GET /product-category/hot-item/page/1/?per_row=2&per_page=12&shop_view=grid&stock_status=onsale HTTP/1.1" 301 536 "-" "Mozilla/5.0 (compatible; MJ12bot/v1.4.8; http://mj12bot.com/)"
37.27.59.176 - - [29/Mar/2026:07:40:07 +0700] "GET /shop/page/26/?per_page=12&stock_status=onsale HTTP/1.1" 200 40379 "-" "Mozilla/5.0 (compatible; SERankingBacklinksBot/1.0; +https://seranking.com/backlinks-crawler)"
81.167.26.57 - - [29/Mar/2026:07:40:07 +0700] "GET /product-category/hot-item/?per_row=2&per_page=12&shop_view=grid&stock_status=onsale HTTP/1.1" 200 35396 "-" "Mozilla/5.0 (compatible; MJ12bot/v1.4.8; http://mj12bot.com/)"
81.167.26.57 - - [29/Mar/2026:07:40:10 +0700] "GET /product-category/hot-item/page/1/?per_row=2&per_page=18&shop_view=grid&stock_status=instock HTTP/1.1" 301 537 "-" "Mozilla/5.0 (compatible; MJ12bot/v1.4.8; http://mj12bot.com/)"
37.27.59.176 - - [29/Mar/2026:07:40:12 +0700] "GET /shop/page/9/?orderby=date&stock_status=onsale HTTP/1.1" 200 40882 "-" "Mozilla/5.0 (compatible; SERankingBacklinksBot/1.0; +https://seranking.com/backlinks-crawler)"
81.167.26.57 - - [29/Mar/2026:07:40:12 +0700] "GET /product-category/hot-item/?per_row=2&per_page=18&shop_view=grid&stock_status=instock HTTP/1.1" 200 36007 "-" "Mozilla/5.0 (compatible; MJ12bot/v1.4.8; http://mj12bot.com/)"
81.167.26.57 - - [29/Mar/2026:07:40:16 +0700] "GET /product-category/hot-item/page/1/?per_row=2&per_page=18&shop_view=grid&stock_status=onsale HTTP/1.1" 301 536 "-" "Mozilla/5.0 (compatible; MJ12bot/v1.4.8; http://mj12bot.com/)"
37.27.59.176 - - [29/Mar/2026:07:40:17 +0700] "GET /shop/page/26/?stock_status=onsale&per_page=12 HTTP/1.1" 200 40357 "-" "Mozilla/5.0 (compatible; SERankingBacklinksBot/1.0; +https://seranking.com/backlinks-crawler)"
81.167.26.57 - - [29/Mar/2026:07:40:18 +0700] "GET /product-category/hot-item/?per_row=2&per_page=18&shop_view=grid&stock_status=onsale HTTP/1.1" 200 36034 "-" "Mozilla/5.0 (compatible; MJ12bot/v1.4.8; http://mj12bot.com/)"
81.167.26.57 - - [29/Mar/2026:07:40:21 +0700] "GET /product-category/hot-item/page/1/?per_row=2&per_page=24&shop_view=grid&stock_status=instock HTTP/1.1" 301 537 "-" "Mozilla/5.0 (compatible; MJ12bot/v1.4.8; http://mj12bot.com/)"
37.27.59.176 - - [29/Mar/2026:07:40:22 +0700] "GET /shop/page/9/?per_page=12&stock_status=instock HTTP/1.1" 200 40889 "-" "Mozilla/5.0 (compatible; SERankingBacklinksBot/1.0; +https://seranking.com/backlinks-crawler)"
81.167.26.57 - - [29/Mar/2026:07:40:23 +0700] "GET /product-category/hot-item/?per_row=2&per_page=24&shop_view=grid&stock_status=instock HTTP/1.1" 200 36635 "-" "Mozilla/5.0 (compatible; MJ12bot/v1.4.8; http://mj12bot.com/)"
81.167.26.57 - - [29/Mar/2026:07:40:26 +0700] "GET /product-category/hot-item/page/1/?per_row=2&per_page=24&shop_view=grid&stock_status=onsale HTTP/1.1" 301 536 "-" "Mozilla/5.0 (compatible; MJ12bot/v1.4.8; http://mj12bot.com/)"
37.27.59.176 - - [29/Mar/2026:07:40:28 +0700] "GET /shop/page/39/?per_page=8&stock_status=instock HTTP/1.1" 200 40158 "-" "Mozilla/5.0 (compatible; SERankingBacklinksBot/1.0; +https://seranking.com/backlinks-crawler)"
81.167.26.57 - - [29/Mar/2026:07:40:28 +0700] "GET /product-category/hot-item/?per_row=2&per_page=24&shop_view=grid&stock_status=onsale HTTP/1.1" 200 36693 "-" "Mozilla/5.0 (compatible; MJ12bot/v1.4.8; http://mj12bot.com/)"
81.167.26.57 - - [29/Mar/2026:07:40:31 +0700] "GET /product-category/hot-item/page/1/?per_row=4&per_page=12&shop_view=grid&stock_status=instock,onsale HTTP/1.1" 301 509 "-" "Mozilla/5.0 (compatible; MJ12bot/v1.4.8; http://mj12bot.com/)"
37.27.59.176 - - [29/Mar/2026:07:40:33 +0700] "GET /shop/page/9/?per_page=18&stock_status=instock HTTP/1.1" 200 42056 "-" "Mozilla/5.0 (compatible; SERankingBacklinksBot/1.0; +https://seranking.com/backlinks-crawler)"
81.167.26.57 - - [29/Mar/2026:07:40:33 +0700] "GET /product-category/hot-item/?per_row=4&per_page=12&shop_view=grid&stock_status=instock%2Consale HTTP/1.1" 200 35463 "-" "Mozilla/5.0 (compatible; MJ12bot/v1.4.8; http://mj12bot.com/)"
81.167.26.57 - - [29/Mar/2026:07:40:37 +0700] "GET /product-category/hot-item/page/1/?per_row=4&per_page=18&shop_view=grid&stock_status=instock,onsale HTTP/1.1" 301 546 "-" "Mozilla/5.0 (compatible; MJ12bot/v1.4.8; http://mj12bot.com/)"
103.131.51.123 - - [29/Mar/2026:07:40:40 +0700] "POST /wp-cron.php?doing_wp_cron=1774744840.0039930343627929687500 HTTP/1.1" 200 474 "-" "WordPress/6.9.4; https://lotushomemade.com"
37.27.59.176 - - [29/Mar/2026:07:40:38 +0700] "GET /shop/page/39/?stock_status=instock&per_page=8 HTTP/1.1" 200 40017 "-" "Mozilla/5.0 (compatible; SERankingBacklinksBot/1.0; +https://seranking.com/backlinks-crawler)"
103.131.51.123 - - [29/Mar/2026:07:40:41 +0700] "POST /wp-cron.php?doing_wp_cron=1774744841.4405980110168457031250 HTTP/1.1" 200 474 "-" "WordPress/6.9.4; https://lotushomemade.com"
81.167.26.57 - - [29/Mar/2026:07:40:39 +0700] "GET /product-category/hot-item/?per_row=4&per_page=18&shop_view=grid&stock_status=instock%2Consale HTTP/1.1" 200 36285 "-" "Mozilla/5.0 (compatible; MJ12bot/v1.4.8; http://mj12bot.com/)"
51.195.215.249 - - [29/Mar/2026:07:40:41 +0700] "GET /shop/page/43/?orderby=price&stock_status=onsale&per_row=4&shop_view=grid&per_page=8 HTTP/2" 200 33506 "-" "Mozilla/5.0 (compatible; AhrefsBot/7.0; +http://ahrefs.com/robot/)"
198.57.247.179 - - [29/Mar/2026:07:40:43 +0700] "GET /wp-login.php HTTP/2" 200 1889 "-" "Mozilla/4.0 (compatible; MSIE 7.0; Windows NT 6.2; WOW64; Trident/7.0; .NET4.0C; .NET4.0E; .NET CLR 2.0.50727; .NET CLR 3.0.30729; .NET CLR 3.5.30729; InfoPath.2)"
81.167.26.57 - - [29/Mar/2026:07:40:43 +0700] "GET /product-category/hot-item/page/1/?per_row=4&per_page=24&shop_view=grid&stock_status=instock HTTP/1.1" 301 537 "-" "Mozilla/5.0 (compatible; MJ12bot/v1.4.8; http://mj12bot.com/)"
198.57.247.179 - - [29/Mar/2026:07:40:43 +0700] "POST /wp-login.php HTTP/2" 403 1242 "https://lotushomemade.com/wp-login.php" "Mozilla/4.0 (compatible; MSIE 7.0; Windows NT 6.2; WOW64; Trident/7.0; .NET4.0C; .NET4.0E; .NET CLR 2.0.50727; .NET CLR 3.0.30729; .NET CLR 3.5.30729; InfoPath.2)"
37.27.59.176 - - [29/Mar/2026:07:40:43 +0700] "GET /shop/page/9/?per_page=24&stock_status=instock HTTP/1.1" 200 42661 "-" "Mozilla/5.0 (compatible; SERankingBacklinksBot/1.0; +https://seranking.com/backlinks-crawler)"
81.167.26.57 - - [29/Mar/2026:07:40:45 +0700] "GET /product-category/hot-item/?per_row=4&per_page=24&shop_view=grid&stock_status=instock HTTP/1.1" 200 36774 "-" "Mozilla/5.0 (compatible; MJ12bot/v1.4.8; http://mj12bot.com/)"
81.167.26.57 - - [29/Mar/2026:07:40:48 +0700] "GET /product-category/hot-item/page/1/?per_row=4&per_page=24&shop_view=grid&stock_status=onsale HTTP/1.1" 301 499 "-" "Mozilla/5.0 (compatible; MJ12bot/v1.4.8; http://mj12bot.com/)"
37.27.59.176 - - [29/Mar/2026:07:40:48 +0700] "GET /shop/page/9/?stock_status=instock&per_page=12 HTTP/1.1" 200 40768 "-" "Mozilla/5.0 (compatible; SERankingBacklinksBot/1.0; +https://seranking.com/backlinks-crawler)"
81.167.26.57 - - [29/Mar/2026:07:40:50 +0700] "GET /product-category/hot-item/?per_row=4&per_page=24&shop_view=grid&stock_status=onsale HTTP/1.1" 200 36695 "-" "Mozilla/5.0 (compatible; MJ12bot/v1.4.8; http://mj12bot.com/)"
52.167.144.18 - - [29/Mar/2026:07:40:50 +0700] "GET /shop/page/2/?stock_status=instock%2Consale&per_page=24 HTTP/2" 200 35991 "-" "Mozilla/5.0 AppleWebKit/537.36 (KHTML, like Gecko; compatible; bingbot/2.0; +http://www.bing.com/bingbot.htm) Chrome/116.0.1938.76 Safari/537.36"
81.167.26.57 - - [29/Mar/2026:07:40:54 +0700] "GET /product-category/hot-item/page/1/?per_row=4&per_page=8&shop_view=grid&stock_status=instock HTTP/1.1" 301 535 "-" "Mozilla/5.0 (compatible; MJ12bot/v1.4.8; http://mj12bot.com/)"
37.27.59.176 - - [29/Mar/2026:07:40:54 +0700] "GET /shop/page/9/?stock_status=instock&per_page=18 HTTP/1.1" 200 42071 "-" "Mozilla/5.0 (compatible; SERankingBacklinksBot/1.0; +https://seranking.com/backlinks-crawler)"
81.167.26.57 - - [29/Mar/2026:07:40:56 +0700] "GET /product-category/hot-item/?per_row=4&per_page=8&shop_view=grid&stock_status=instock HTTP/1.1" 200 34925 "-" "Mozilla/5.0 (compatible; MJ12bot/v1.4.8; http://mj12bot.com/)"
81.167.26.57 - - [29/Mar/2026:07:40:59 +0700] "GET /product-category/hot-item/page/1/?per_row=4&per_page=8&shop_view=grid&stock_status=onsale HTTP/1.1" 301 534 "-" "Mozilla/5.0 (compatible; MJ12bot/v1.4.8; http://mj12bot.com/)"
37.27.59.176 - - [29/Mar/2026:07:40:59 +0700] "GET /shop/page/9/?stock_status=instock&per_page=24 HTTP/1.1" 200 42514 "-" "Mozilla/5.0 (compatible; SERankingBacklinksBot/1.0; +https://seranking.com/backlinks-crawler)"
81.167.26.57 - - [29/Mar/2026:07:41:01 +0700] "GET /product-category/hot-item/?per_row=4&per_page=8&shop_view=grid&stock_status=onsale HTTP/1.1" 200 34701 "-" "Mozilla/5.0 (compatible; MJ12bot/v1.4.8; http://mj12bot.com/)"
198.244.242.63 - - [29/Mar/2026:07:41:02 +0700] "GET /shop/page/11/?orderby=popularity&per_page=24 HTTP/2" 200 34844 "-" "Mozilla/5.0 (compatible; AhrefsBot/7.0; +http://ahrefs.com/robot/)"
177.149.165.96 - - [29/Mar/2026:07:41:04 +0700] "GET /wp-json/wp/v2/users HTTP/1.1" 200 2185 "-" "Mozilla/4.0 (compatible; Win32; WinHttp.WinHttpRequest.5)"
81.167.26.57 - - [29/Mar/2026:07:41:05 +0700] "GET /product-category/hot-item/page/1/?per_row=6&per_page=12&shop_view=grid HTTP/1.1" 301 516 "-" "Mozilla/5.0 (compatible; MJ12bot/v1.4.8; http://mj12bot.com/)"
37.27.59.176 - - [29/Mar/2026:07:41:04 +0700] "GET /shop/page/10/?min_price=0&stock_status=instock HTTP/1.1" 200 40599 "-" "Mozilla/5.0 (compatible; SERankingBacklinksBot/1.0; +https://seranking.com/backlinks-crawler)"
81.167.26.57 - - [29/Mar/2026:07:41:07 +0700] "GET /product-category/hot-item/?per_row=6&per_page=12&shop_view=grid HTTP/1.1" 200 35380 "-" "Mozilla/5.0 (compatible; MJ12bot/v1.4.8; http://mj12bot.com/)"
