37.27.59.176 - - [29/Mar/2026:07:49:25 +0700] "GET /shop/page/7/?per_row=4&per_page=8&shop_view=grid HTTP/1.1" 200 40530 "-" "Mozilla/5.0 (compatible; SERankingBacklinksBot/1.0; +https://seranking.com/backlinks-crawler)"
37.27.59.176 - - [29/Mar/2026:07:49:29 +0700] "GET /shop/page/25/?max_price=630&stock_status=instock HTTP/1.1" 200 40754 "-" "Mozilla/5.0 (compatible; SERankingBacklinksBot/1.0; +https://seranking.com/backlinks-crawler)"
37.27.59.176 - - [29/Mar/2026:07:49:35 +0700] "GET /shop/page/10/?orderby=rating&stock_status=onsale HTTP/1.1" 200 40821 "-" "Mozilla/5.0 (compatible; SERankingBacklinksBot/1.0; +https://seranking.com/backlinks-crawler)"
103.131.51.123 - - [29/Mar/2026:07:49:41 +0700] "POST /wp-cron.php?doing_wp_cron=1774745381.6733028888702392578125 HTTP/1.1" 200 474 "-" "WordPress/6.9.4; https://lotushomemade.com"
37.27.59.176 - - [29/Mar/2026:07:49:40 +0700] "GET /shop/page/7/?per_row=6&per_page=8&shop_view=grid HTTP/1.1" 200 40586 "-" "Mozilla/5.0 (compatible; SERankingBacklinksBot/1.0; +https://seranking.com/backlinks-crawler)"
37.27.59.176 - - [29/Mar/2026:07:49:45 +0700] "GET /shop/page/25/?max_price=840&stock_status=instock HTTP/1.1" 200 40715 "-" "Mozilla/5.0 (compatible; SERankingBacklinksBot/1.0; +https://seranking.com/backlinks-crawler)"
198.244.226.81 - - [29/Mar/2026:07:49:46 +0700] "GET /shop/page/43/?orderby=rating&stock_status=instock%2Consale&per_page=8 HTTP/2" 200 33132 "-" "Mozilla/5.0 (compatible; AhrefsBot/7.0; +http://ahrefs.com/robot/)"
37.27.59.176 - - [29/Mar/2026:07:49:50 +0700] "GET /shop/page/8/?orderby=rating&stock_status=instock HTTP/1.1" 200 40759 "-" "Mozilla/5.0 (compatible; SERankingBacklinksBot/1.0; +https://seranking.com/backlinks-crawler)"
37.27.59.176 - - [29/Mar/2026:07:49:55 +0700] "GET /shop/page/25/?max_price=845&stock_status=instock HTTP/1.1" 200 40741 "-" "Mozilla/5.0 (compatible; SERankingBacklinksBot/1.0; +https://seranking.com/backlinks-crawler)"
37.27.59.176 - - [29/Mar/2026:07:50:00 +0700] "GET /shop/page/8/?per_page=8&shop_view=grid&per_row=2 HTTP/1.1" 200 40585 "-" "Mozilla/5.0 (compatible; SERankingBacklinksBot/1.0; +https://seranking.com/backlinks-crawler)"
37.27.59.176 - - [29/Mar/2026:07:50:06 +0700] "GET /shop/page/25/?orderby=price&stock_status=instock HTTP/1.1" 200 40975 "-" "Mozilla/5.0 (compatible; SERankingBacklinksBot/1.0; +https://seranking.com/backlinks-crawler)"
37.27.59.176 - - [29/Mar/2026:07:50:11 +0700] "GET /shop/page/8/?per_page=8&shop_view=grid&per_row=4 HTTP/1.1" 200 40529 "-" "Mozilla/5.0 (compatible; SERankingBacklinksBot/1.0; +https://seranking.com/backlinks-crawler)"
177.149.165.96 - - [29/Mar/2026:07:50:16 +0700] "POST /xmlrpc.php HTTP/1.1" 200 822 "-" "Mozilla/5.0 (Linux; Android 10; x64) AppleWebKit/537.36 (KHTML, like Gecko) Opera/70.0.0.0 Safari/537.36"
37.27.59.176 - - [29/Mar/2026:07:50:16 +0700] "GET /shop/page/25/?orderby=rating&stock_status=onsale HTTP/1.1" 200 40465 "-" "Mozilla/5.0 (compatible; SERankingBacklinksBot/1.0; +https://seranking.com/backlinks-crawler)"
37.27.59.176 - - [29/Mar/2026:07:50:22 +0700] "GET /shop/page/8/?per_page=8&shop_view=grid&per_row=6 HTTP/1.1" 200 40523 "-" "Mozilla/5.0 (compatible; SERankingBacklinksBot/1.0; +https://seranking.com/backlinks-crawler)"
51.195.215.98 - - [29/Mar/2026:07:50:26 +0700] "GET /shop/?orderby=date&stock_status=instock%2Consale&per_row=2&per_page=8&shop_view=grid HTTP/2" 200 33994 "-" "Mozilla/5.0 (compatible; AhrefsBot/7.0; +http://ahrefs.com/robot/)"
37.27.59.176 - - [29/Mar/2026:07:50:27 +0700] "GET /shop/page/26/?max_price=420&stock_status=instock HTTP/1.1" 200 40512 "-" "Mozilla/5.0 (compatible; SERankingBacklinksBot/1.0; +https://seranking.com/backlinks-crawler)"
37.27.59.176 - - [29/Mar/2026:07:50:34 +0700] "GET /shop/page/8/?per_row=2&shop_view=grid&per_page=8 HTTP/1.1" 200 40530 "-" "Mozilla/5.0 (compatible; SERankingBacklinksBot/1.0; +https://seranking.com/backlinks-crawler)"
103.131.51.123 - - [29/Mar/2026:07:50:40 +0700] "POST /wp-cron.php?doing_wp_cron=1774745440.2017679214477539062500 HTTP/1.1" 200 474 "-" "WordPress/6.9.4; https://lotushomemade.com"
37.27.59.176 - - [29/Mar/2026:07:50:38 +0700] "GET /shop/page/26/?max_price=630&stock_status=instock HTTP/1.1" 200 40510 "-" "Mozilla/5.0 (compatible; SERankingBacklinksBot/1.0; +https://seranking.com/backlinks-crawler)"
37.27.59.176 - - [29/Mar/2026:07:50:44 +0700] "GET /shop/page/8/?per_row=4&shop_view=grid&per_page=8 HTTP/1.1" 200 40525 "-" "Mozilla/5.0 (compatible; SERankingBacklinksBot/1.0; +https://seranking.com/backlinks-crawler)"
37.27.59.176 - - [29/Mar/2026:07:50:49 +0700] "GET /shop/page/26/?max_price=840&stock_status=instock HTTP/1.1" 200 40685 "-" "Mozilla/5.0 (compatible; SERankingBacklinksBot/1.0; +https://seranking.com/backlinks-crawler)"
37.27.59.176 - - [29/Mar/2026:07:50:55 +0700] "GET /shop/page/8/?per_row=6&shop_view=grid&per_page=8 HTTP/1.1" 200 40611 "-" "Mozilla/5.0 (compatible; SERankingBacklinksBot/1.0; +https://seranking.com/backlinks-crawler)"
37.27.59.176 - - [29/Mar/2026:07:51:00 +0700] "GET /shop/page/26/?max_price=845&stock_status=instock HTTP/1.1" 200 40500 "-" "Mozilla/5.0 (compatible; SERankingBacklinksBot/1.0; +https://seranking.com/backlinks-crawler)"
51.195.215.52 - - [29/Mar/2026:07:51:00 +0700] "GET /shop/page/6/?orderby=price&stock_status=onsale&per_row=2&shop_view=grid&per_page=8 HTTP/2" 200 33471 "-" "Mozilla/5.0 (compatible; AhrefsBot/7.0; +http://ahrefs.com/robot/)"
37.27.59.176 - - [29/Mar/2026:07:51:04 +0700] "GET /shop/page/9/?orderby=rating&stock_status=instock HTTP/1.1" 200 40606 "-" "Mozilla/5.0 (compatible; SERankingBacklinksBot/1.0; +https://seranking.com/backlinks-crawler)"
37.27.59.176 - - [29/Mar/2026:07:51:10 +0700] "GET /shop/page/26/?orderby=price&stock_status=instock HTTP/1.1" 200 41121 "-" "Mozilla/5.0 (compatible; SERankingBacklinksBot/1.0; +https://seranking.com/backlinks-crawler)"
37.27.59.176 - - [29/Mar/2026:07:51:15 +0700] "GET /shop/page/9/?per_page=8&shop_view=grid&per_row=2 HTTP/1.1" 200 40434 "-" "Mozilla/5.0 (compatible; SERankingBacklinksBot/1.0; +https://seranking.com/backlinks-crawler)"
37.27.59.176 - - [29/Mar/2026:07:51:20 +0700] "GET /shop/page/26/?orderby=rating&stock_status=onsale HTTP/1.1" 200 40563 "-" "Mozilla/5.0 (compatible; SERankingBacklinksBot/1.0; +https://seranking.com/backlinks-crawler)"
177.149.165.96 - - [29/Mar/2026:07:51:23 +0700] "POST /xmlrpc.php HTTP/1.1" 200 822 "-" "Mozilla/5.0 (Macintosh; Intel Mac OS X 10_15_7; arm64) AppleWebKit/537.36 (KHTML, like Gecko) Opera/60.0.0.0 Safari/537.36"
37.27.59.176 - - [29/Mar/2026:07:51:25 +0700] "GET /shop/page/9/?per_page=8&shop_view=grid&per_row=4 HTTP/1.1" 200 40607 "-" "Mozilla/5.0 (compatible; SERankingBacklinksBot/1.0; +https://seranking.com/backlinks-crawler)"
37.27.59.176 - - [29/Mar/2026:07:51:30 +0700] "GET /shop/page/9/?per_page=8&shop_view=grid&per_row=6 HTTP/1.1" 200 40419 "-" "Mozilla/5.0 (compatible; SERankingBacklinksBot/1.0; +https://seranking.com/backlinks-crawler)"
37.27.59.176 - - [29/Mar/2026:07:51:35 +0700] "GET /shop/page/9/?per_row=2&shop_view=grid&per_page=8 HTTP/1.1" 200 40657 "-" "Mozilla/5.0 (compatible; SERankingBacklinksBot/1.0; +https://seranking.com/backlinks-crawler)"
103.131.51.123 - - [29/Mar/2026:07:51:42 +0700] "POST /wp-cron.php?doing_wp_cron=1774745502.3578860759735107421875 HTTP/1.1" 200 474 "-" "WordPress/6.9.4; https://lotushomemade.com"
37.27.59.176 - - [29/Mar/2026:07:51:41 +0700] "GET /shop/page/9/?per_row=4&shop_view=grid&per_page=8 HTTP/1.1" 200 40630 "-" "Mozilla/5.0 (compatible; SERankingBacklinksBot/1.0; +https://seranking.com/backlinks-crawler)"
103.131.51.123 - - [29/Mar/2026:07:51:44 +0700] "POST /wp-cron.php?doing_wp_cron=1774745504.2406060695648193359375 HTTP/1.1" 200 474 "-" "WordPress/6.9.4; https://lotushomemade.com"
198.244.226.169 - - [29/Mar/2026:07:51:42 +0700] "GET /shop/page/5/?orderby=rating&per_page=8 HTTP/2" 200 33448 "-" "Mozilla/5.0 (compatible; AhrefsBot/7.0; +http://ahrefs.com/robot/)"
37.27.59.176 - - [29/Mar/2026:07:51:46 +0700] "GET /shop/page/9/?per_row=6&shop_view=grid&per_page=8 HTTP/1.1" 200 40570 "-" "Mozilla/5.0 (compatible; SERankingBacklinksBot/1.0; +https://seranking.com/backlinks-crawler)"
37.27.59.176 - - [29/Mar/2026:07:51:51 +0700] "GET /shop/page/1/?min_price=0&shop_view=grid&per_row=2 HTTP/1.1" 301 627 "-" "Mozilla/5.0 (compatible; SERankingBacklinksBot/1.0; +https://seranking.com/backlinks-crawler)"
37.27.59.176 - - [29/Mar/2026:07:51:52 +0700] "GET /shop/?min_price=0&shop_view=grid&per_row=2 HTTP/1.1" 200 41489 "-" "Mozilla/5.0 (compatible; SERankingBacklinksBot/1.0; +https://seranking.com/backlinks-crawler)"
37.27.59.176 - - [29/Mar/2026:07:51:57 +0700] "GET /shop/page/2/?min_price=0&per_row=2&shop_view=grid HTTP/1.1" 200 41382 "-" "Mozilla/5.0 (compatible; SERankingBacklinksBot/1.0; +https://seranking.com/backlinks-crawler)"
37.27.59.176 - - [29/Mar/2026:07:52:01 +0700] "GET /shop/page/4/?min_price=0&per_row=2&shop_view=grid HTTP/1.1" 200 41019 "-" "Mozilla/5.0 (compatible; SERankingBacklinksBot/1.0; +https://seranking.com/backlinks-crawler)"
37.27.59.176 - - [29/Mar/2026:07:52:07 +0700] "GET /shop/page/1/?min_price=0&shop_view=grid&per_row=4 HTTP/1.1" 301 627 "-" "Mozilla/5.0 (compatible; SERankingBacklinksBot/1.0; +https://seranking.com/backlinks-crawler)"
37.27.59.176 - - [29/Mar/2026:07:52:08 +0700] "GET /shop/?min_price=0&shop_view=grid&per_row=4 HTTP/1.1" 200 41483 "-" "Mozilla/5.0 (compatible; SERankingBacklinksBot/1.0; +https://seranking.com/backlinks-crawler)"
37.27.59.176 - - [29/Mar/2026:07:52:12 +0700] "GET /shop/page/2/?min_price=0&per_row=4&shop_view=grid HTTP/1.1" 200 41199 "-" "Mozilla/5.0 (compatible; SERankingBacklinksBot/1.0; +https://seranking.com/backlinks-crawler)"
198.244.168.133 - - [29/Mar/2026:07:52:15 +0700] "GET /shop/page/6/?orderby=rating&per_row=4&per_page=8&shop_view=grid HTTP/2" 200 33523 "-" "Mozilla/5.0 (compatible; AhrefsBot/7.0; +http://ahrefs.com/robot/)"
177.149.165.96 - - [29/Mar/2026:07:52:18 +0700] "POST /xmlrpc.php HTTP/1.1" 200 822 "-" "Mozilla/5.0 (Windows NT 10.0; arm64) AppleWebKit/537.36 (KHTML, like Gecko) Edge/87.0.0.0 Safari/537.36"
37.27.59.176 - - [29/Mar/2026:07:52:18 +0700] "GET /shop/page/4/?min_price=0&per_row=4&shop_view=grid HTTP/1.1" 200 41209 "-" "Mozilla/5.0 (compatible; SERankingBacklinksBot/1.0; +https://seranking.com/backlinks-crawler)"
37.27.59.176 - - [29/Mar/2026:07:52:25 +0700] "GET /shop/page/1/?min_price=0&shop_view=grid&per_row=6 HTTP/1.1" 301 627 "-" "Mozilla/5.0 (compatible; SERankingBacklinksBot/1.0; +https://seranking.com/backlinks-crawler)"
37.27.59.176 - - [29/Mar/2026:07:52:26 +0700] "GET /shop/?min_price=0&shop_view=grid&per_row=6 HTTP/1.1" 200 41542 "-" "Mozilla/5.0 (compatible; SERankingBacklinksBot/1.0; +https://seranking.com/backlinks-crawler)"
37.27.59.176 - - [29/Mar/2026:07:52:31 +0700] "GET /shop/page/2/?min_price=0&per_row=6&shop_view=grid HTTP/1.1" 200 41370 "-" "Mozilla/5.0 (compatible; SERankingBacklinksBot/1.0; +https://seranking.com/backlinks-crawler)"
37.27.59.176 - - [29/Mar/2026:07:52:35 +0700] "GET /shop/page/4/?min_price=0&per_row=6&shop_view=grid HTTP/1.1" 200 41045 "-" "Mozilla/5.0 (compatible; SERankingBacklinksBot/1.0; +https://seranking.com/backlinks-crawler)"
37.27.59.176 - - [29/Mar/2026:07:52:40 +0700] "GET /shop/page/1/?per_row=2&per_page=12&shop_view=grid HTTP/1.1" 301 495 "-" "Mozilla/5.0 (compatible; SERankingBacklinksBot/1.0; +https://seranking.com/backlinks-crawler)"
37.27.59.176 - - [29/Mar/2026:07:52:41 +0700] "GET /shop/?per_row=2&per_page=12&shop_view=grid HTTP/1.1" 200 41541 "-" "Mozilla/5.0 (compatible; SERankingBacklinksBot/1.0; +https://seranking.com/backlinks-crawler)"
103.131.51.123 - - [29/Mar/2026:07:52:48 +0700] "POST /wp-cron.php?doing_wp_cron=1774745568.0227620601654052734375 HTTP/1.1" 200 474 "-" "WordPress/6.9.4; https://lotushomemade.com"
37.27.59.176 - - [29/Mar/2026:07:52:46 +0700] "GET /shop/page/24/?orderby=rating&stock_status=instock HTTP/1.1" 200 40598 "-" "Mozilla/5.0 (compatible; SERankingBacklinksBot/1.0; +https://seranking.com/backlinks-crawler)"
37.27.59.176 - - [29/Mar/2026:07:52:51 +0700] "GET /shop/page/40/?per_page=8&shop_view=grid&per_row=2 HTTP/1.1" 200 40211 "-" "Mozilla/5.0 (compatible; SERankingBacklinksBot/1.0; +https://seranking.com/backlinks-crawler)"
37.27.59.176 - - [29/Mar/2026:07:52:56 +0700] "GET /shop/page/1/?per_row=2&per_page=18&shop_view=grid HTTP/1.1" 301 673 "-" "Mozilla/5.0 (compatible; SERankingBacklinksBot/1.0; +https://seranking.com/backlinks-crawler)"
37.27.59.176 - - [29/Mar/2026:07:52:57 +0700] "GET /shop/?per_row=2&per_page=18&shop_view=grid HTTP/1.1" 200 42349 "-" "Mozilla/5.0 (compatible; SERankingBacklinksBot/1.0; +https://seranking.com/backlinks-crawler)"
37.27.59.176 - - [29/Mar/2026:07:53:01 +0700] "GET /shop/page/25/?orderby=rating&stock_status=instock HTTP/1.1" 200 40281 "-" "Mozilla/5.0 (compatible; SERankingBacklinksBot/1.0; +https://seranking.com/backlinks-crawler)"
51.195.215.250 - - [29/Mar/2026:07:53:02 +0700] "GET /shop/page/6/?orderby=rating&stock_status=onsale&per_row=4&shop_view=grid&per_page=18 HTTP/2" 200 34727 "-" "Mozilla/5.0 (compatible; AhrefsBot/7.0; +http://ahrefs.com/robot/)"
37.27.59.176 - - [29/Mar/2026:07:53:07 +0700] "GET /shop/page/40/?per_page=8&shop_view=grid&per_row=4 HTTP/1.1" 200 40400 "-" "Mozilla/5.0 (compatible; SERankingBacklinksBot/1.0; +https://seranking.com/backlinks-crawler)"
37.27.59.176 - - [29/Mar/2026:07:53:12 +0700] "GET /shop/page/1/?per_row=2&per_page=24&shop_view=grid HTTP/1.1" 301 495 "-" "Mozilla/5.0 (compatible; SERankingBacklinksBot/1.0; +https://seranking.com/backlinks-crawler)"
177.149.165.96 - - [29/Mar/2026:07:53:12 +0700] "POST /xmlrpc.php HTTP/1.1" 200 822 "-" "Mozilla/5.0 (Linux; Android 10; arm64) AppleWebKit/537.36 (KHTML, like Gecko) Firefox/73.0.0.0 Safari/537.36"
37.27.59.176 - - [29/Mar/2026:07:53:12 +0700] "GET /shop/?per_row=2&per_page=24&shop_view=grid HTTP/1.1" 200 42876 "-" "Mozilla/5.0 (compatible; SERankingBacklinksBot/1.0; +https://seranking.com/backlinks-crawler)"
37.27.59.176 - - [29/Mar/2026:07:53:17 +0700] "GET /shop/page/26/?orderby=rating&stock_status=instock HTTP/1.1" 200 40497 "-" "Mozilla/5.0 (compatible; SERankingBacklinksBot/1.0; +https://seranking.com/backlinks-crawler)"
37.27.59.176 - - [29/Mar/2026:07:53:22 +0700] "GET /shop/page/40/?per_page=8&shop_view=grid&per_row=6 HTTP/1.1" 200 40204 "-" "Mozilla/5.0 (compatible; SERankingBacklinksBot/1.0; +https://seranking.com/backlinks-crawler)"
52.167.144.220 - - [29/Mar/2026:07:53:24 +0700] "GET /product-category/kuih-kapit-series/page/2/?per_row=6&per_page=12&shop_view=grid&stock_status=instock%2Consale HTTP/2" 200 33945 "-" "Mozilla/5.0 AppleWebKit/537.36 (KHTML, like Gecko; compatible; bingbot/2.0; +http://www.bing.com/bingbot.htm) Chrome/116.0.1938.76 Safari/537.36"
37.27.59.176 - - [29/Mar/2026:07:53:27 +0700] "GET /shop/page/1/?per_row=4&per_page=12&shop_view=grid HTTP/1.1" 301 495 "-" "Mozilla/5.0 (compatible; SERankingBacklinksBot/1.0; +https://seranking.com/backlinks-crawler)"
37.27.59.176 - - [29/Mar/2026:07:53:27 +0700] "GET /shop/?per_row=4&per_page=12&shop_view=grid HTTP/1.1" 200 41546 "-" "Mozilla/5.0 (compatible; SERankingBacklinksBot/1.0; +https://seranking.com/backlinks-crawler)"
37.27.59.176 - - [29/Mar/2026:07:53:32 +0700] "GET /shop/page/3/?min_price=0&per_row=2&shop_view=grid HTTP/1.1" 200 41292 "-" "Mozilla/5.0 (compatible; SERankingBacklinksBot/1.0; +https://seranking.com/backlinks-crawler)"
103.131.51.123 - - [29/Mar/2026:07:53:39 +0700] "POST /wp-cron.php?doing_wp_cron=1774745618.8989179134368896484375 HTTP/1.1" 200 474 "-" "WordPress/6.9.4; https://lotushomemade.com"
37.27.59.176 - - [29/Mar/2026:07:53:37 +0700] "GET /shop/page/40/?per_row=2&shop_view=grid&per_page=8 HTTP/1.1" 200 40222 "-" "Mozilla/5.0 (compatible; SERankingBacklinksBot/1.0; +https://seranking.com/backlinks-crawler)"
37.27.59.176 - - [29/Mar/2026:07:53:42 +0700] "GET /shop/page/1/?per_row=4&per_page=18&shop_view=grid HTTP/1.1" 301 495 "-" "Mozilla/5.0 (compatible; SERankingBacklinksBot/1.0; +https://seranking.com/backlinks-crawler)"
198.244.242.158 - - [29/Mar/2026:07:53:41 +0700] "GET /shop/page/6/?orderby=price-desc&stock_status=onsale&per_row=2&shop_view=grid&per_page=18 HTTP/2" 200 34882 "-" "Mozilla/5.0 (compatible; AhrefsBot/7.0; +http://ahrefs.com/robot/)"
37.27.59.176 - - [29/Mar/2026:07:53:42 +0700] "GET /shop/?per_row=4&per_page=18&shop_view=grid HTTP/1.1" 200 42340 "-" "Mozilla/5.0 (compatible; SERankingBacklinksBot/1.0; +https://seranking.com/backlinks-crawler)"
103.131.51.123 - - [29/Mar/2026:07:53:49 +0700] "POST /wp-cron.php?doing_wp_cron=1774745629.8093531131744384765625 HTTP/1.1" 200 474 "-" "WordPress/6.9.4; https://lotushomemade.com"
37.27.59.176 - - [29/Mar/2026:07:53:48 +0700] "GET /shop/page/3/?min_price=0&per_row=4&shop_view=grid HTTP/1.1" 200 41374 "-" "Mozilla/5.0 (compatible; SERankingBacklinksBot/1.0; +https://seranking.com/backlinks-crawler)"
37.27.59.176 - - [29/Mar/2026:07:53:53 +0700] "GET /shop/page/40/?per_row=4&shop_view=grid&per_page=8 HTTP/1.1" 200 40385 "-" "Mozilla/5.0 (compatible; SERankingBacklinksBot/1.0; +https://seranking.com/backlinks-crawler)"
37.27.59.176 - - [29/Mar/2026:07:53:59 +0700] "GET /shop/page/1/?per_row=4&per_page=24&shop_view=grid HTTP/1.1" 301 673 "-" "Mozilla/5.0 (compatible; SERankingBacklinksBot/1.0; +https://seranking.com/backlinks-crawler)"
37.27.59.176 - - [29/Mar/2026:07:53:59 +0700] "GET /shop/?per_row=4&per_page=24&shop_view=grid HTTP/1.1" 200 42913 "-" "Mozilla/5.0 (compatible; SERankingBacklinksBot/1.0; +https://seranking.com/backlinks-crawler)"
37.27.59.176 - - [29/Mar/2026:07:54:05 +0700] "GET /shop/page/3/?min_price=0&per_row=6&shop_view=grid HTTP/1.1" 200 41297 "-" "Mozilla/5.0 (compatible; SERankingBacklinksBot/1.0; +https://seranking.com/backlinks-crawler)"
37.27.59.176 - - [29/Mar/2026:07:54:10 +0700] "GET /shop/page/40/?per_row=6&shop_view=grid&per_page=8 HTTP/1.1" 200 40207 "-" "Mozilla/5.0 (compatible; SERankingBacklinksBot/1.0; +https://seranking.com/backlinks-crawler)"
37.27.59.176 - - [29/Mar/2026:07:54:16 +0700] "GET /shop/page/1/?per_row=6&per_page=12&shop_view=grid HTTP/1.1" 301 673 "-" "Mozilla/5.0 (compatible; SERankingBacklinksBot/1.0; +https://seranking.com/backlinks-crawler)"
179.108.26.187 - - [29/Mar/2026:07:54:16 +0700] "GET /shop/?filter_brand=blessing-food&max_price=630&per_page=12&per_row=2&shop_view=grid&stock_status=onsale HTTP/1.1" 200 40196 "-" "Mozilla/5.0 (Windows NT 10.0; Win64; x64) AppleWebKit/537.36 (KHTML, like Gecko) Chrome/100.0.1483.27 Safari/537.36"
37.27.59.176 - - [29/Mar/2026:07:54:17 +0700] "GET /shop/?per_row=6&per_page=12&shop_view=grid HTTP/1.1" 200 41524 "-" "Mozilla/5.0 (compatible; SERankingBacklinksBot/1.0; +https://seranking.com/backlinks-crawler)"
198.244.242.83 - - [29/Mar/2026:07:54:22 +0700] "GET /shop/page/6/?orderby=rating&stock_status=onsale&per_row=2&shop_view=grid&per_page=12 HTTP/2" 200 34193 "-" "Mozilla/5.0 (compatible; AhrefsBot/7.0; +http://ahrefs.com/robot/)"
37.27.59.176 - - [29/Mar/2026:07:54:22 +0700] "GET /shop/page/39/?per_page=8&shop_view=grid&per_row=2 HTTP/1.1" 200 40253 "-" "Mozilla/5.0 (compatible; SERankingBacklinksBot/1.0; +https://seranking.com/backlinks-crawler)"
177.149.165.96 - - [29/Mar/2026:07:54:24 +0700] "POST /xmlrpc.php HTTP/1.1" 200 822 "-" "Mozilla/5.0 (Windows NT 6.3; arm64) AppleWebKit/537.36 (KHTML, like Gecko) Opera/68.0.0.0 Safari/537.36"
37.27.59.176 - - [29/Mar/2026:07:54:27 +0700] "GET /shop/page/41/?per_page=8&shop_view=grid&per_row=2 HTTP/1.1" 200 40168 "-" "Mozilla/5.0 (compatible; SERankingBacklinksBot/1.0; +https://seranking.com/backlinks-crawler)"
37.27.59.176 - - [29/Mar/2026:07:54:32 +0700] "GET /shop/page/1/?per_row=6&per_page=18&shop_view=grid HTTP/1.1" 301 495 "-" "Mozilla/5.0 (compatible; SERankingBacklinksBot/1.0; +https://seranking.com/backlinks-crawler)"
37.27.59.176 - - [29/Mar/2026:07:54:32 +0700] "GET /shop/?per_row=6&per_page=18&shop_view=grid HTTP/1.1" 200 42397 "-" "Mozilla/5.0 (compatible; SERankingBacklinksBot/1.0; +https://seranking.com/backlinks-crawler)"
103.131.51.123 - - [29/Mar/2026:07:54:39 +0700] "POST /wp-cron.php?doing_wp_cron=1774745679.1686561107635498046875 HTTP/1.1" 200 474 "-" "WordPress/6.9.4; https://lotushomemade.com"
37.27.59.176 - - [29/Mar/2026:07:54:37 +0700] "GET /shop/page/39/?per_page=8&shop_view=grid&per_row=4 HTTP/1.1" 200 40232 "-" "Mozilla/5.0 (compatible; SERankingBacklinksBot/1.0; +https://seranking.com/backlinks-crawler)"
37.27.59.176 - - [29/Mar/2026:07:54:42 +0700] "GET /shop/page/41/?per_page=8&shop_view=grid&per_row=4 HTTP/1.1" 200 40173 "-" "Mozilla/5.0 (compatible; SERankingBacklinksBot/1.0; +https://seranking.com/backlinks-crawler)"
37.27.59.176 - - [29/Mar/2026:07:54:47 +0700] "GET /shop/page/1/?per_row=6&per_page=24&shop_view=grid HTTP/1.1" 301 673 "-" "Mozilla/5.0 (compatible; SERankingBacklinksBot/1.0; +https://seranking.com/backlinks-crawler)"
37.27.59.176 - - [29/Mar/2026:07:54:48 +0700] "GET /shop/?per_row=6&per_page=24&shop_view=grid HTTP/1.1" 200 42917 "-" "Mozilla/5.0 (compatible; SERankingBacklinksBot/1.0; +https://seranking.com/backlinks-crawler)"
37.27.59.176 - - [29/Mar/2026:07:54:53 +0700] "GET /shop/page/39/?per_page=8&shop_view=grid&per_row=6 HTTP/1.1" 200 40126 "-" "Mozilla/5.0 (compatible; SERankingBacklinksBot/1.0; +https://seranking.com/backlinks-crawler)"
37.27.59.176 - - [29/Mar/2026:07:54:58 +0700] "GET /shop/page/41/?per_page=8&shop_view=grid&per_row=6 HTTP/1.1" 200 40321 "-" "Mozilla/5.0 (compatible; SERankingBacklinksBot/1.0; +https://seranking.com/backlinks-crawler)"
47.82.13.143 - - [29/Mar/2026:07:55:03 +0700] "GET /product/honeycomb-biscuits_8142-xl/ HTTP/2" 200 41688 "-" "Mozilla/5.0 (Macintosh; Intel Mac OS X 10_15_7) AppleWebKit/537.36 (KHTML, like Gecko) Chrome/140.0.0.0 Safari/537.36"
37.27.59.176 - - [29/Mar/2026:07:55:03 +0700] "GET /shop/page/10/?orderby=rating&stock_status=instock HTTP/1.1" 200 40853 "-" "Mozilla/5.0 (compatible; SERankingBacklinksBot/1.0; +https://seranking.com/backlinks-crawler)"
37.27.59.176 - - [29/Mar/2026:07:55:08 +0700] "GET /shop/page/39/?per_row=2&shop_view=grid&per_page=8 HTTP/1.1" 200 40090 "-" "Mozilla/5.0 (compatible; SERankingBacklinksBot/1.0; +https://seranking.com/backlinks-crawler)"
37.27.59.176 - - [29/Mar/2026:07:55:13 +0700] "GET /shop/page/41/?per_row=2&shop_view=grid&per_page=8 HTTP/1.1" 200 40388 "-" "Mozilla/5.0 (compatible; SERankingBacklinksBot/1.0; +https://seranking.com/backlinks-crawler)"
177.149.165.96 - - [29/Mar/2026:07:55:18 +0700] "POST /xmlrpc.php HTTP/1.1" 200 822 "-" "Mozilla/5.0 (Windows NT 6.3; arm64) AppleWebKit/537.36 (KHTML, like Gecko) Firefox/86.0.0.0 Safari/537.36"
37.27.59.176 - - [29/Mar/2026:07:55:18 +0700] "GET /shop/page/10/?per_page=8&shop_view=grid&per_row=2 HTTP/1.1" 200 40364 "-" "Mozilla/5.0 (compatible; SERankingBacklinksBot/1.0; +https://seranking.com/backlinks-crawler)"
37.27.59.176 - - [29/Mar/2026:07:55:23 +0700] "GET /shop/page/39/?per_row=4&shop_view=grid&per_page=8 HTTP/1.1" 200 40101 "-" "Mozilla/5.0 (compatible; SERankingBacklinksBot/1.0; +https://seranking.com/backlinks-crawler)"
37.27.59.176 - - [29/Mar/2026:07:55:28 +0700] "GET /shop/page/41/?per_row=4&shop_view=grid&per_page=8 HTTP/1.1" 200 40336 "-" "Mozilla/5.0 (compatible; SERankingBacklinksBot/1.0; +https://seranking.com/backlinks-crawler)"
51.195.183.138 - - [29/Mar/2026:07:55:32 +0700] "GET /shop/page/43/?orderby=rating&stock_status=onsale&per_row=4&shop_view=grid&per_page=8 HTTP/2" 200 33202 "-" "Mozilla/5.0 (compatible; AhrefsBot/7.0; +http://ahrefs.com/robot/)"
37.27.59.176 - - [29/Mar/2026:07:55:33 +0700] "GET /shop/page/10/?per_page=8&shop_view=grid&per_row=4 HTTP/1.1" 200 40358 "-" "Mozilla/5.0 (compatible; SERankingBacklinksBot/1.0; +https://seranking.com/backlinks-crawler)"
103.131.51.123 - - [29/Mar/2026:07:55:39 +0700] "POST /wp-cron.php?doing_wp_cron=1774745739.3172769546508789062500 HTTP/1.1" 200 474 "-" "WordPress/6.9.4; https://lotushomemade.com"
37.27.59.176 - - [29/Mar/2026:07:55:38 +0700] "GET /shop/page/39/?per_row=6&shop_view=grid&per_page=8 HTTP/1.1" 200 40081 "-" "Mozilla/5.0 (compatible; SERankingBacklinksBot/1.0; +https://seranking.com/backlinks-crawler)"
37.27.59.176 - - [29/Mar/2026:07:55:43 +0700] "GET /shop/page/41/?per_row=6&shop_view=grid&per_page=8 HTTP/1.1" 200 40382 "-" "Mozilla/5.0 (compatible; SERankingBacklinksBot/1.0; +https://seranking.com/backlinks-crawler)"
198.244.240.199 - - [29/Mar/2026:07:55:44 +0700] "GET /shop/page/12/?orderby=date&stock_status=instock&per_row=4&per_page=24&shop_view=grid HTTP/2" 200 34835 "-" "Mozilla/5.0 (compatible; AhrefsBot/7.0; +http://ahrefs.com/robot/)"
37.27.59.176 - - [29/Mar/2026:07:55:48 +0700] "GET /shop/page/10/?per_page=8&shop_view=grid&per_row=6 HTTP/1.1" 200 40415 "-" "Mozilla/5.0 (compatible; SERankingBacklinksBot/1.0; +https://seranking.com/backlinks-crawler)"
37.27.59.176 - - [29/Mar/2026:07:55:53 +0700] "GET /shop/page/42/?per_row=2&per_page=8&shop_view=grid HTTP/1.1" 200 40526 "-" "Mozilla/5.0 (compatible; SERankingBacklinksBot/1.0; +https://seranking.com/backlinks-crawler)"
37.27.59.176 - - [29/Mar/2026:07:55:59 +0700] "GET /shop/page/10/?per_row=2&shop_view=grid&per_page=8 HTTP/1.1" 200 40552 "-" "Mozilla/5.0 (compatible; SERankingBacklinksBot/1.0; +https://seranking.com/backlinks-crawler)"
37.27.59.176 - - [29/Mar/2026:07:56:04 +0700] "GET /shop/page/42/?per_row=4&per_page=8&shop_view=grid HTTP/1.1" 200 40551 "-" "Mozilla/5.0 (compatible; SERankingBacklinksBot/1.0; +https://seranking.com/backlinks-crawler)"
37.27.59.176 - - [29/Mar/2026:07:56:09 +0700] "GET /shop/page/10/?per_row=4&shop_view=grid&per_page=8 HTTP/1.1" 200 40424 "-" "Mozilla/5.0 (compatible; SERankingBacklinksBot/1.0; +https://seranking.com/backlinks-crawler)"
177.149.165.96 - - [29/Mar/2026:07:56:17 +0700] "POST /xmlrpc.php HTTP/1.1" 200 822 "-" "Mozilla/5.0 (X11; Ubuntu; Linux x86_64; arm64) AppleWebKit/537.36 (KHTML, like Gecko) Chrome/96.0.0.0 Safari/537.36"
37.27.59.176 - - [29/Mar/2026:07:56:16 +0700] "GET /shop/page/42/?per_row=6&per_page=8&shop_view=grid HTTP/1.1" 200 40595 "-" "Mozilla/5.0 (compatible; SERankingBacklinksBot/1.0; +https://seranking.com/backlinks-crawler)"
37.27.59.176 - - [29/Mar/2026:07:56:21 +0700] "GET /shop/page/10/?per_row=6&shop_view=grid&per_page=8 HTTP/1.1" 200 40382 "-" "Mozilla/5.0 (compatible; SERankingBacklinksBot/1.0; +https://seranking.com/backlinks-crawler)"
198.244.240.186 - - [29/Mar/2026:07:56:26 +0700] "GET /shop/page/43/?orderby=price&stock_status=instock&per_page=8&shop_view=grid&per_row=4 HTTP/2" 200 33626 "-" "Mozilla/5.0 (compatible; AhrefsBot/7.0; +http://ahrefs.com/robot/)"
37.27.59.176 - - [29/Mar/2026:07:56:26 +0700] "GET /shop/page/43/?per_row=2&per_page=8&shop_view=grid HTTP/1.1" 200 40218 "-" "Mozilla/5.0 (compatible; SERankingBacklinksBot/1.0; +https://seranking.com/backlinks-crawler)"
37.27.59.176 - - [29/Mar/2026:07:56:31 +0700] "GET /shop/page/43/?per_row=4&per_page=8&shop_view=grid HTTP/1.1" 200 40401 "-" "Mozilla/5.0 (compatible; SERankingBacklinksBot/1.0; +https://seranking.com/backlinks-crawler)"
37.27.59.176 - - [29/Mar/2026:07:56:36 +0700] "GET /shop/page/43/?per_row=6&per_page=8&shop_view=grid HTTP/1.1" 200 40276 "-" "Mozilla/5.0 (compatible; SERankingBacklinksBot/1.0; +https://seranking.com/backlinks-crawler)"
103.131.51.123 - - [29/Mar/2026:07:56:42 +0700] "POST /wp-cron.php?doing_wp_cron=1774745802.6042098999023437500000 HTTP/1.1" 200 474 "-" "WordPress/6.9.4; https://lotushomemade.com"
37.27.59.176 - - [29/Mar/2026:07:56:41 +0700] "GET /shop/page/44/?per_row=2&per_page=8&shop_view=grid HTTP/1.1" 200 40253 "-" "Mozilla/5.0 (compatible; SERankingBacklinksBot/1.0; +https://seranking.com/backlinks-crawler)"
37.27.59.176 - - [29/Mar/2026:07:56:46 +0700] "GET /shop/page/44/?per_row=4&per_page=8&shop_view=grid HTTP/1.1" 200 40397 "-" "Mozilla/5.0 (compatible; SERankingBacklinksBot/1.0; +https://seranking.com/backlinks-crawler)"
37.27.59.176 - - [29/Mar/2026:07:56:51 +0700] "GET /shop/page/44/?per_row=6&per_page=8&shop_view=grid HTTP/1.1" 200 40248 "-" "Mozilla/5.0 (compatible; SERankingBacklinksBot/1.0; +https://seranking.com/backlinks-crawler)"
198.244.242.128 - - [29/Mar/2026:07:56:54 +0700] "GET /shop/page/31/?orderby=popularity&shop_view=grid&per_row=2 HTTP/2" 200 34020 "-" "Mozilla/5.0 (compatible; AhrefsBot/7.0; +http://ahrefs.com/robot/)"
37.27.59.176 - - [29/Mar/2026:07:56:57 +0700] "GET /shop/page/5/?min_price=0&shop_view=grid&per_row=2 HTTP/1.1" 200 41049 "-" "Mozilla/5.0 (compatible; SERankingBacklinksBot/1.0; +https://seranking.com/backlinks-crawler)"
37.27.59.176 - - [29/Mar/2026:07:57:02 +0700] "GET /shop/page/5/?min_price=0&shop_view=grid&per_row=4 HTTP/1.1" 200 41046 "-" "Mozilla/5.0 (compatible; SERankingBacklinksBot/1.0; +https://seranking.com/backlinks-crawler)"
37.27.59.176 - - [29/Mar/2026:07:57:06 +0700] "GET /shop/page/5/?min_price=0&shop_view=grid&per_row=6 HTTP/1.1" 200 40878 "-" "Mozilla/5.0 (compatible; SERankingBacklinksBot/1.0; +https://seranking.com/backlinks-crawler)"
37.27.59.176 - - [29/Mar/2026:07:57:12 +0700] "GET /shop/page/5/?per_row=2&per_page=12&shop_view=grid HTTP/1.1" 200 41114 "-" "Mozilla/5.0 (compatible; SERankingBacklinksBot/1.0; +https://seranking.com/backlinks-crawler)"
177.149.165.96 - - [29/Mar/2026:07:57:14 +0700] "POST /xmlrpc.php HTTP/1.1" 200 822 "-" "Mozilla/5.0 (X11; Ubuntu; Linux x86_64; x64) AppleWebKit/537.36 (KHTML, like Gecko) Chrome/86.0.0.0 Safari/537.36"
216.244.66.239 - - [29/Mar/2026:07:57:15 +0700] "GET /robots.txt HTTP/1.1" 200 609 "-" "Mozilla/5.0 (compatible; DotBot/1.2; +https://opensiteexplorer.org/dotbot; help@moz.com)"
37.27.59.176 - - [29/Mar/2026:07:57:16 +0700] "GET /shop/page/5/?per_row=2&per_page=18&shop_view=grid HTTP/1.1" 200 41703 "-" "Mozilla/5.0 (compatible; SERankingBacklinksBot/1.0; +https://seranking.com/backlinks-crawler)"
47.82.15.69 - - [29/Mar/2026:07:57:21 +0700] "GET /product-category/traditional-cookies-series/page/19/?per_row=6&shop_view=grid&stock_status=instock HTTP/2" 404 34113 "-" "Mozilla/5.0 (Windows NT 10.0; Win64; x64) AppleWebKit/537.36 (KHTML, like Gecko) Chrome/142.0.0.0 Safari/537.36"
37.27.59.176 - - [29/Mar/2026:07:57:21 +0700] "GET /shop/page/5/?per_row=2&per_page=24&shop_view=grid HTTP/1.1" 200 42132 "-" "Mozilla/5.0 (compatible; SERankingBacklinksBot/1.0; +https://seranking.com/backlinks-crawler)"
37.27.59.176 - - [29/Mar/2026:07:57:27 +0700] "GET /shop/page/5/?per_row=4&per_page=12&shop_view=grid HTTP/1.1" 200 41132 "-" "Mozilla/5.0 (compatible; SERankingBacklinksBot/1.0; +https://seranking.com/backlinks-crawler)"
198.244.242.205 - - [29/Mar/2026:07:57:30 +0700] "GET /shop/page/12/?orderby=date&stock_status=instock&per_row=6&per_page=24&shop_view=grid HTTP/2" 200 34849 "-" "Mozilla/5.0 (compatible; AhrefsBot/7.0; +http://ahrefs.com/robot/)"
37.27.59.176 - - [29/Mar/2026:07:57:31 +0700] "GET /shop/page/5/?per_row=4&per_page=18&shop_view=grid HTTP/1.1" 200 41745 "-" "Mozilla/5.0 (compatible; SERankingBacklinksBot/1.0; +https://seranking.com/backlinks-crawler)"
103.131.51.123 - - [29/Mar/2026:07:57:38 +0700] "POST /wp-cron.php?doing_wp_cron=1774745858.1952500343322753906250 HTTP/1.1" 200 474 "-" "WordPress/6.9.4; https://lotushomemade.com"
37.27.59.176 - - [29/Mar/2026:07:57:36 +0700] "GET /shop/page/5/?per_row=4&per_page=24&shop_view=grid HTTP/1.1" 200 42145 "-" "Mozilla/5.0 (compatible; SERankingBacklinksBot/1.0; +https://seranking.com/backlinks-crawler)"
37.27.59.176 - - [29/Mar/2026:07:57:42 +0700] "GET /shop/page/5/?per_row=6&per_page=12&shop_view=grid HTTP/1.1" 200 41117 "-" "Mozilla/5.0 (compatible; SERankingBacklinksBot/1.0; +https://seranking.com/backlinks-crawler)"
37.27.59.176 - - [29/Mar/2026:07:57:46 +0700] "GET /shop/page/5/?per_row=6&per_page=18&shop_view=grid HTTP/1.1" 200 41726 "-" "Mozilla/5.0 (compatible; SERankingBacklinksBot/1.0; +https://seranking.com/backlinks-crawler)"
37.27.59.176 - - [29/Mar/2026:07:57:52 +0700] "GET /shop/page/5/?per_row=6&per_page=24&shop_view=grid HTTP/1.1" 200 42329 "-" "Mozilla/5.0 (compatible; SERankingBacklinksBot/1.0; +https://seranking.com/backlinks-crawler)"
37.27.59.176 - - [29/Mar/2026:07:57:57 +0700] "GET /shop/page/6/?min_price=0&shop_view=grid&per_row=2 HTTP/1.1" 200 40893 "-" "Mozilla/5.0 (compatible; SERankingBacklinksBot/1.0; +https://seranking.com/backlinks-crawler)"
143.95.255.155 - - [29/Mar/2026:07:58:02 +0700] "GET /wp-login.php HTTP/2" 200 1889 "-" "Mozilla/5.0 (Macintosh; Intel Mac OS X 10_13_2) AppleWebKit/537.36 (KHTML, like Gecko) Chrome/65.0.3325.181 Safari/537.36"
54.38.147.158 - - [29/Mar/2026:07:58:01 +0700] "GET /shop/page/6/?orderby=rating&stock_status=onsale&per_page=18&shop_view=grid&per_row=6 HTTP/2" 200 34607 "-" "Mozilla/5.0 (compatible; AhrefsBot/7.0; +http://ahrefs.com/robot/)"
143.95.255.155 - - [29/Mar/2026:07:58:03 +0700] "POST /wp-login.php HTTP/2" 200 2027 "https://lotushomemade.com/wp-login.php" "Mozilla/5.0 (Macintosh; Intel Mac OS X 10_13_2) AppleWebKit/537.36 (KHTML, like Gecko) Chrome/65.0.3325.181 Safari/537.36"
37.27.59.176 - - [29/Mar/2026:07:58:02 +0700] "GET /shop/page/6/?min_price=0&shop_view=grid&per_row=4 HTTP/1.1" 200 41098 "-" "Mozilla/5.0 (compatible; SERankingBacklinksBot/1.0; +https://seranking.com/backlinks-crawler)"
37.27.59.176 - - [29/Mar/2026:07:58:07 +0700] "GET /shop/page/6/?min_price=0&shop_view=grid&per_row=6 HTTP/1.1" 200 40956 "-" "Mozilla/5.0 (compatible; SERankingBacklinksBot/1.0; +https://seranking.com/backlinks-crawler)"
37.27.59.176 - - [29/Mar/2026:07:58:14 +0700] "GET /shop/page/6/?per_row=2&per_page=12&shop_view=grid HTTP/1.1" 200 41116 "-" "Mozilla/5.0 (compatible; SERankingBacklinksBot/1.0; +https://seranking.com/backlinks-crawler)"
177.149.165.96 - - [29/Mar/2026:07:58:15 +0700] "POST /xmlrpc.php HTTP/1.1" 200 822 "-" "Mozilla/5.0 (Windows NT 6.2; x86) AppleWebKit/537.36 (KHTML, like Gecko) Firefox/82.0.0.0 Safari/537.36"
37.27.59.176 - - [29/Mar/2026:07:58:19 +0700] "GET /shop/page/6/?per_row=2&per_page=18&shop_view=grid HTTP/1.1" 200 41670 "-" "Mozilla/5.0 (compatible; SERankingBacklinksBot/1.0; +https://seranking.com/backlinks-crawler)"
37.27.59.176 - - [29/Mar/2026:07:58:24 +0700] "GET /shop/page/6/?per_row=2&per_page=24&shop_view=grid HTTP/1.1" 200 42368 "-" "Mozilla/5.0 (compatible; SERankingBacklinksBot/1.0; +https://seranking.com/backlinks-crawler)"
37.27.59.176 - - [29/Mar/2026:07:58:28 +0700] "GET /shop/page/6/?per_row=4&per_page=12&shop_view=grid HTTP/1.1" 200 40966 "-" "Mozilla/5.0 (compatible; SERankingBacklinksBot/1.0; +https://seranking.com/backlinks-crawler)"
37.27.59.176 - - [29/Mar/2026:07:58:33 +0700] "GET /shop/page/6/?per_row=4&per_page=18&shop_view=grid HTTP/1.1" 200 41670 "-" "Mozilla/5.0 (compatible; SERankingBacklinksBot/1.0; +https://seranking.com/backlinks-crawler)"
103.131.51.123 - - [29/Mar/2026:07:58:38 +0700] "POST /wp-cron.php?doing_wp_cron=1774745918.0059349536895751953125 HTTP/1.1" 200 474 "-" "WordPress/6.9.4; https://lotushomemade.com"
54.38.147.6 - - [29/Mar/2026:07:58:36 +0700] "GET /shop/page/43/?orderby=price-desc&stock_status=instock&per_page=8&shop_view=grid&per_row=6 HTTP/2" 200 33385 "-" "Mozilla/5.0 (compatible; AhrefsBot/7.0; +http://ahrefs.com/robot/)"
37.27.59.176 - - [29/Mar/2026:07:58:39 +0700] "GET /shop/page/6/?per_row=4&per_page=24&shop_view=grid HTTP/1.1" 200 42310 "-" "Mozilla/5.0 (compatible; SERankingBacklinksBot/1.0; +https://seranking.com/backlinks-crawler)"
37.27.59.176 - - [29/Mar/2026:07:58:43 +0700] "GET /shop/page/6/?per_row=6&per_page=12&shop_view=grid HTTP/1.1" 200 41002 "-" "Mozilla/5.0 (compatible; SERankingBacklinksBot/1.0; +https://seranking.com/backlinks-crawler)"
37.27.59.176 - - [29/Mar/2026:07:58:48 +0700] "GET /shop/page/6/?per_row=6&per_page=18&shop_view=grid HTTP/1.1" 200 41644 "-" "Mozilla/5.0 (compatible; SERankingBacklinksBot/1.0; +https://seranking.com/backlinks-crawler)"
37.27.59.176 - - [29/Mar/2026:07:58:53 +0700] "GET /shop/page/6/?per_row=6&per_page=24&shop_view=grid HTTP/1.1" 200 42320 "-" "Mozilla/5.0 (compatible; SERankingBacklinksBot/1.0; +https://seranking.com/backlinks-crawler)"
37.27.59.176 - - [29/Mar/2026:07:58:58 +0700] "GET /shop/page/7/?min_price=0&shop_view=grid&per_row=2 HTTP/1.1" 200 40834 "-" "Mozilla/5.0 (compatible; SERankingBacklinksBot/1.0; +https://seranking.com/backlinks-crawler)"
37.27.59.176 - - [29/Mar/2026:07:59:03 +0700] "GET /shop/page/7/?min_price=0&shop_view=grid&per_row=4 HTTP/1.1" 200 40817 "-" "Mozilla/5.0 (compatible; SERankingBacklinksBot/1.0; +https://seranking.com/backlinks-crawler)"
198.244.183.53 - - [29/Mar/2026:07:59:04 +0700] "GET /shop/page/17/?orderby=price-desc&stock_status=instock&per_row=2&shop_view=grid&per_page=18 HTTP/2" 200 34725 "-" "Mozilla/5.0 (compatible; AhrefsBot/7.0; +http://ahrefs.com/robot/)"
37.27.59.176 - - [29/Mar/2026:07:59:09 +0700] "GET /shop/page/7/?min_price=0&shop_view=grid&per_row=6 HTTP/1.1" 200 41030 "-" "Mozilla/5.0 (compatible; SERankingBacklinksBot/1.0; +https://seranking.com/backlinks-crawler)"
177.149.165.96 - - [29/Mar/2026:07:59:11 +0700] "POST /xmlrpc.php HTTP/1.1" 200 822 "-" "Mozilla/5.0 (Windows NT 10.0; x86) AppleWebKit/537.36 (KHTML, like Gecko) Safari/15.0.0.0 Safari/537.36"
37.27.59.176 - - [29/Mar/2026:07:59:13 +0700] "GET /shop/page/7/?per_row=2&per_page=12&shop_view=grid HTTP/1.1" 200 40895 "-" "Mozilla/5.0 (compatible; SERankingBacklinksBot/1.0; +https://seranking.com/backlinks-crawler)"
37.27.59.176 - - [29/Mar/2026:07:59:19 +0700] "GET /shop/page/7/?per_row=2&per_page=18&shop_view=grid HTTP/1.1" 200 41571 "-" "Mozilla/5.0 (compatible; SERankingBacklinksBot/1.0; +https://seranking.com/backlinks-crawler)"
37.27.59.176 - - [29/Mar/2026:07:59:24 +0700] "GET /shop/page/7/?per_row=2&per_page=24&shop_view=grid HTTP/1.1" 200 42920 "-" "Mozilla/5.0 (compatible; SERankingBacklinksBot/1.0; +https://seranking.com/backlinks-crawler)"
37.27.59.176 - - [29/Mar/2026:07:59:30 +0700] "GET /shop/page/7/?per_row=4&per_page=12&shop_view=grid HTTP/1.1" 200 41139 "-" "Mozilla/5.0 (compatible; SERankingBacklinksBot/1.0; +https://seranking.com/backlinks-crawler)"
37.27.59.176 - - [29/Mar/2026:07:59:34 +0700] "GET /shop/page/7/?per_row=4&per_page=18&shop_view=grid HTTP/1.1" 200 41330 "-" "Mozilla/5.0 (compatible; SERankingBacklinksBot/1.0; +https://seranking.com/backlinks-crawler)"
103.131.51.123 - - [29/Mar/2026:07:59:38 +0700] "POST /wp-cron.php?doing_wp_cron=1774745978.5894629955291748046875 HTTP/1.1" 200 474 "-" "WordPress/6.9.4; https://lotushomemade.com"
51.195.183.238 - - [29/Mar/2026:07:59:37 +0700] "GET /shop/page/43/?orderby=rating&per_row=6&per_page=8&shop_view=grid HTTP/2" 200 33131 "-" "Mozilla/5.0 (compatible; AhrefsBot/7.0; +http://ahrefs.com/robot/)"
37.27.59.176 - - [29/Mar/2026:07:59:39 +0700] "GET /shop/page/7/?per_row=4&per_page=24&shop_view=grid HTTP/1.1" 200 42809 "-" "Mozilla/5.0 (compatible; SERankingBacklinksBot/1.0; +https://seranking.com/backlinks-crawler)"
37.27.59.176 - - [29/Mar/2026:07:59:44 +0700] "GET /shop/page/7/?per_row=6&per_page=12&shop_view=grid HTTP/1.1" 200 41098 "-" "Mozilla/5.0 (compatible; SERankingBacklinksBot/1.0; +https://seranking.com/backlinks-crawler)"
37.27.59.176 - - [29/Mar/2026:07:59:49 +0700] "GET /shop/page/7/?per_row=6&per_page=18&shop_view=grid HTTP/1.1" 200 41296 "-" "Mozilla/5.0 (compatible; SERankingBacklinksBot/1.0; +https://seranking.com/backlinks-crawler)"
37.27.59.176 - - [29/Mar/2026:07:59:54 +0700] "GET /shop/page/7/?per_row=6&per_page=24&shop_view=grid HTTP/1.1" 200 42674 "-" "Mozilla/5.0 (compatible; SERankingBacklinksBot/1.0; +https://seranking.com/backlinks-crawler)"
37.27.59.176 - - [29/Mar/2026:07:59:59 +0700] "GET /shop/page/8/?min_price=0&max_price=210&per_page=8 HTTP/1.1" 200 40606 "-" "Mozilla/5.0 (compatible; SERankingBacklinksBot/1.0; +https://seranking.com/backlinks-crawler)"
37.27.59.176 - - [29/Mar/2026:08:00:05 +0700] "GET /shop/page/8/?per_page=12&shop_view=grid&per_row=2 HTTP/1.1" 200 41137 "-" "Mozilla/5.0 (compatible; SERankingBacklinksBot/1.0; +https://seranking.com/backlinks-crawler)"
40.77.167.74 - - [29/Mar/2026:08:00:08 +0700] "GET /product-category/kuih-kapit-series/page/2/?per_row=4&per_page=12&shop_view=grid HTTP/2" 200 33837 "-" "Mozilla/5.0 AppleWebKit/537.36 (KHTML, like Gecko; compatible; bingbot/2.0; +http://www.bing.com/bingbot.htm) Chrome/116.0.1938.76 Safari/537.36"
37.27.59.176 - - [29/Mar/2026:08:00:11 +0700] "GET /shop/page/8/?per_page=12&shop_view=grid&per_row=4 HTTP/1.1" 200 41157 "-" "Mozilla/5.0 (compatible; SERankingBacklinksBot/1.0; +https://seranking.com/backlinks-crawler)"
37.27.59.176 - - [29/Mar/2026:08:00:16 +0700] "GET /shop/page/8/?per_page=12&shop_view=grid&per_row=6 HTTP/1.1" 200 41028 "-" "Mozilla/5.0 (compatible; SERankingBacklinksBot/1.0; +https://seranking.com/backlinks-crawler)"
177.149.165.96 - - [29/Mar/2026:08:00:20 +0700] "POST /xmlrpc.php HTTP/1.1" 200 822 "-" "Mozilla/5.0 (Windows NT 6.2; x64) AppleWebKit/537.36 (KHTML, like Gecko) Chrome/103.0.0.0 Safari/537.36"
37.27.59.176 - - [29/Mar/2026:08:00:20 +0700] "GET /shop/page/8/?per_page=18&shop_view=grid&per_row=2 HTTP/1.1" 200 41465 "-" "Mozilla/5.0 (compatible; SERankingBacklinksBot/1.0; +https://seranking.com/backlinks-crawler)"
37.27.59.176 - - [29/Mar/2026:08:00:26 +0700] "GET /shop/page/8/?per_page=18&shop_view=grid&per_row=4 HTTP/1.1" 200 41695 "-" "Mozilla/5.0 (compatible; SERankingBacklinksBot/1.0; +https://seranking.com/backlinks-crawler)"
37.27.59.176 - - [29/Mar/2026:08:00:30 +0700] "GET /shop/page/8/?per_page=18&shop_view=grid&per_row=6 HTTP/1.1" 200 41500 "-" "Mozilla/5.0 (compatible; SERankingBacklinksBot/1.0; +https://seranking.com/backlinks-crawler)"
37.27.59.176 - - [29/Mar/2026:08:00:35 +0700] "GET /shop/page/8/?per_page=24&shop_view=grid&per_row=2 HTTP/1.1" 200 42739 "-" "Mozilla/5.0 (compatible; SERankingBacklinksBot/1.0; +https://seranking.com/backlinks-crawler)"
103.131.51.123 - - [29/Mar/2026:08:00:42 +0700] "POST /wp-cron.php?doing_wp_cron=1774746042.1566629409790039062500 HTTP/1.1" 200 474 "-" "WordPress/6.9.4; https://lotushomemade.com"
37.27.59.176 - - [29/Mar/2026:08:00:40 +0700] "GET /shop/page/8/?per_page=24&shop_view=grid&per_row=4 HTTP/1.1" 200 42858 "-" "Mozilla/5.0 (compatible; SERankingBacklinksBot/1.0; +https://seranking.com/backlinks-crawler)"
198.244.168.87 - - [29/Mar/2026:08:00:45 +0700] "GET /shop/page/6/?orderby=price-desc&stock_status=onsale&per_page=12&shop_view=grid&per_row=2 HTTP/2" 200 34230 "-" "Mozilla/5.0 (compatible; AhrefsBot/7.0; +http://ahrefs.com/robot/)"
37.27.59.176 - - [29/Mar/2026:08:00:45 +0700] "GET /shop/page/8/?per_page=24&shop_view=grid&per_row=6 HTTP/1.1" 200 42688 "-" "Mozilla/5.0 (compatible; SERankingBacklinksBot/1.0; +https://seranking.com/backlinks-crawler)"
37.27.59.176 - - [29/Mar/2026:08:00:51 +0700] "GET /shop/page/8/?per_row=2&shop_view=grid&per_page=12 HTTP/1.1" 200 41160 "-" "Mozilla/5.0 (compatible; SERankingBacklinksBot/1.0; +https://seranking.com/backlinks-crawler)"
211.21.61.225 - - [29/Mar/2026:08:00:57 +0700] "POST /xmlrpc.php HTTP/1.1" 200 676 "-" "Mozilla/5.0 (Windows NT 10.0; Win64; x64) AppleWebKit/537.43 (KHTML, like Gecko) Chrome/139.0.0.0 Safari/537.36 OPR/123.0.0.0"
37.27.59.176 - - [29/Mar/2026:08:00:56 +0700] "GET /shop/page/8/?per_row=2&shop_view=grid&per_page=18 HTTP/1.1" 200 41694 "-" "Mozilla/5.0 (compatible; SERankingBacklinksBot/1.0; +https://seranking.com/backlinks-crawler)"
198.244.168.109 - - [29/Mar/2026:08:01:00 +0700] "GET /shop/page/6/?orderby=popularity&stock_status=onsale&per_row=6&shop_view=grid&per_page=8 HTTP/2" 200 33598 "-" "Mozilla/5.0 (compatible; AhrefsBot/7.0; +http://ahrefs.com/robot/)"
37.27.59.176 - - [29/Mar/2026:08:01:01 +0700] "GET /shop/page/8/?per_row=2&shop_view=grid&per_page=24 HTTP/1.1" 200 42666 "-" "Mozilla/5.0 (compatible; SERankingBacklinksBot/1.0; +https://seranking.com/backlinks-crawler)"
37.27.59.176 - - [29/Mar/2026:08:01:06 +0700] "GET /shop/page/8/?per_row=4&shop_view=grid&per_page=12 HTTP/1.1" 200 41158 "-" "Mozilla/5.0 (compatible; SERankingBacklinksBot/1.0; +https://seranking.com/backlinks-crawler)"
177.149.165.96 - - [29/Mar/2026:08:01:11 +0700] "POST /xmlrpc.php HTTP/1.1" 200 822 "-" "Mozilla/5.0 (Linux; Android 10; arm64) AppleWebKit/537.36 (KHTML, like Gecko) Safari/10.0.0.0 Safari/537.36"
37.27.59.176 - - [29/Mar/2026:08:01:11 +0700] "GET /shop/page/8/?per_row=4&shop_view=grid&per_page=18 HTTP/1.1" 200 41484 "-" "Mozilla/5.0 (compatible; SERankingBacklinksBot/1.0; +https://seranking.com/backlinks-crawler)"
89.47.108.139 - - [29/Mar/2026:08:01:12 +0700] "GET /shop/?max_price=845&min_price=840&per_row=6&shop_view=grid&stock_status=instock HTTP/1.1" 200 39963 "-" "Mozilla/5.0 (Windows NT 10.0) AppleWebKit/537.36 (KHTML, like Gecko) Chrome/85.0.4121.813 Safari/537.36"
37.27.59.176 - - [29/Mar/2026:08:01:17 +0700] "GET /shop/page/8/?per_row=4&shop_view=grid&per_page=24 HTTP/1.1" 200 42897 "-" "Mozilla/5.0 (compatible; SERankingBacklinksBot/1.0; +https://seranking.com/backlinks-crawler)"
37.27.59.176 - - [29/Mar/2026:08:01:22 +0700] "GET /shop/page/8/?per_row=6&shop_view=grid&per_page=12 HTTP/1.1" 200 41009 "-" "Mozilla/5.0 (compatible; SERankingBacklinksBot/1.0; +https://seranking.com/backlinks-crawler)"
37.27.59.176 - - [29/Mar/2026:08:01:26 +0700] "GET /shop/page/8/?per_row=6&shop_view=grid&per_page=18 HTTP/1.1" 200 41432 "-" "Mozilla/5.0 (compatible; SERankingBacklinksBot/1.0; +https://seranking.com/backlinks-crawler)"
37.27.59.176 - - [29/Mar/2026:08:01:32 +0700] "GET /shop/page/8/?per_row=6&shop_view=grid&per_page=24 HTTP/1.1" 200 42967 "-" "Mozilla/5.0 (compatible; SERankingBacklinksBot/1.0; +https://seranking.com/backlinks-crawler)"
103.131.51.123 - - [29/Mar/2026:08:01:38 +0700] "POST /wp-cron.php?doing_wp_cron=1774746098.2278070449829101562500 HTTP/1.1" 200 474 "-" "WordPress/6.9.4; https://lotushomemade.com"
37.27.59.176 - - [29/Mar/2026:08:01:36 +0700] "GET /shop/page/9/?min_price=0&max_price=210&per_page=8 HTTP/1.1" 200 40509 "-" "Mozilla/5.0 (compatible; SERankingBacklinksBot/1.0; +https://seranking.com/backlinks-crawler)"
198.244.242.198 - - [29/Mar/2026:08:01:41 +0700] "GET /product-category/traditional-cookies-series/?stock_status=onsale&per_row=6&per_page=8&shop_view=grid HTTP/2" 200 33610 "-" "Mozilla/5.0 (compatible; AhrefsBot/7.0; +http://ahrefs.com/robot/)"
37.27.59.176 - - [29/Mar/2026:08:01:42 +0700] "GET /shop/page/9/?per_page=12&shop_view=grid&per_row=2 HTTP/1.1" 200 41017 "-" "Mozilla/5.0 (compatible; SERankingBacklinksBot/1.0; +https://seranking.com/backlinks-crawler)"
47.82.13.152 - - [29/Mar/2026:08:01:46 +0700] "GET /shop/?filter_brand=blessing-food&per_row=4&shop_view=grid&stock_status=instock%2Consale HTTP/2" 200 39371 "-" "Mozilla/5.0 (Macintosh; Intel Mac OS X 10_15_7) AppleWebKit/537.36 (KHTML, like Gecko) Chrome/145.0.0.0 Safari/537.36"
37.27.59.176 - - [29/Mar/2026:08:01:47 +0700] "GET /shop/page/9/?per_page=12&shop_view=grid&per_row=4 HTTP/1.1" 200 41061 "-" "Mozilla/5.0 (compatible; SERankingBacklinksBot/1.0; +https://seranking.com/backlinks-crawler)"
37.27.59.176 - - [29/Mar/2026:08:01:52 +0700] "GET /shop/page/9/?per_page=12&shop_view=grid&per_row=6 HTTP/1.1" 200 40824 "-" "Mozilla/5.0 (compatible; SERankingBacklinksBot/1.0; +https://seranking.com/backlinks-crawler)"
37.27.59.176 - - [29/Mar/2026:08:01:57 +0700] "GET /shop/page/9/?per_page=18&shop_view=grid&per_row=2 HTTP/1.1" 200 42097 "-" "Mozilla/5.0 (compatible; SERankingBacklinksBot/1.0; +https://seranking.com/backlinks-crawler)"
37.27.59.176 - - [29/Mar/2026:08:02:03 +0700] "GET /shop/page/9/?per_page=18&shop_view=grid&per_row=4 HTTP/1.1" 200 42106 "-" "Mozilla/5.0 (compatible; SERankingBacklinksBot/1.0; +https://seranking.com/backlinks-crawler)"
37.27.59.176 - - [29/Mar/2026:08:02:09 +0700] "GET /shop/page/9/?per_page=18&shop_view=grid&per_row=6 HTTP/1.1" 200 42102 "-" "Mozilla/5.0 (compatible; SERankingBacklinksBot/1.0; +https://seranking.com/backlinks-crawler)"
37.27.59.176 - - [29/Mar/2026:08:02:13 +0700] "GET /shop/page/9/?per_page=24&shop_view=grid&per_row=2 HTTP/1.1" 200 42573 "-" "Mozilla/5.0 (compatible; SERankingBacklinksBot/1.0; +https://seranking.com/backlinks-crawler)"
51.89.129.248 - - [29/Mar/2026:08:02:15 +0700] "GET /shop/page/6/?orderby=price-desc&stock_status=instock%2Consale&per_page=8 HTTP/2" 200 33379 "-" "Mozilla/5.0 (compatible; AhrefsBot/7.0; +http://ahrefs.com/robot/)"
177.149.165.96 - - [29/Mar/2026:08:02:17 +0700] "POST /xmlrpc.php HTTP/1.1" 200 822 "-" "Mozilla/5.0 (Windows NT 6.3; x86) AppleWebKit/537.36 (KHTML, like Gecko) Firefox/86.0.0.0 Safari/537.36"
37.27.59.176 - - [29/Mar/2026:08:02:19 +0700] "GET /shop/page/9/?per_page=24&shop_view=grid&per_row=4 HTTP/1.1" 200 42831 "-" "Mozilla/5.0 (compatible; SERankingBacklinksBot/1.0; +https://seranking.com/backlinks-crawler)"
37.27.59.176 - - [29/Mar/2026:08:02:24 +0700] "GET /shop/page/9/?per_page=24&shop_view=grid&per_row=6 HTTP/1.1" 200 42573 "-" "Mozilla/5.0 (compatible; SERankingBacklinksBot/1.0; +https://seranking.com/backlinks-crawler)"
37.27.59.176 - - [29/Mar/2026:08:02:28 +0700] "GET /shop/page/9/?per_row=2&shop_view=grid&per_page=12 HTTP/1.1" 200 40754 "-" "Mozilla/5.0 (compatible; SERankingBacklinksBot/1.0; +https://seranking.com/backlinks-crawler)"
37.27.59.176 - - [29/Mar/2026:08:02:34 +0700] "GET /shop/page/9/?per_row=2&shop_view=grid&per_page=18 HTTP/1.1" 200 42169 "-" "Mozilla/5.0 (compatible; SERankingBacklinksBot/1.0; +https://seranking.com/backlinks-crawler)"
103.131.51.123 - - [29/Mar/2026:08:02:40 +0700] "POST /wp-cron.php?doing_wp_cron=1774746160.6416699886322021484375 HTTP/1.1" 200 474 "-" "WordPress/6.9.4; https://lotushomemade.com"
37.27.59.176 - - [29/Mar/2026:08:02:39 +0700] "GET /shop/page/9/?per_row=2&shop_view=grid&per_page=24 HTTP/1.1" 200 42570 "-" "Mozilla/5.0 (compatible; SERankingBacklinksBot/1.0; +https://seranking.com/backlinks-crawler)"
