37.27.59.176 - - [29/Mar/2026:11:38:58 +0700] "GET /shop/page/7/?orderby=rating&stock_status=instock&per_page=18 HTTP/1.1" 200 41964 "-" "Mozilla/5.0 (compatible; SERankingBacklinksBot/1.0; +https://seranking.com/backlinks-crawler)"
37.27.59.176 - - [29/Mar/2026:11:39:03 +0700] "GET /shop/page/17/?max_price=420&stock_status=instock&per_page=18 HTTP/1.1" 200 41447 "-" "Mozilla/5.0 (compatible; SERankingBacklinksBot/1.0; +https://seranking.com/backlinks-crawler)"
37.27.59.176 - - [29/Mar/2026:11:39:08 +0700] "GET /shop/page/7/?orderby=rating&stock_status=instock&per_page=24 HTTP/1.1" 200 42661 "-" "Mozilla/5.0 (compatible; SERankingBacklinksBot/1.0; +https://seranking.com/backlinks-crawler)"
37.27.59.176 - - [29/Mar/2026:11:39:13 +0700] "GET /shop/page/17/?max_price=630&per_page=18&stock_status=instock HTTP/1.1" 200 41413 "-" "Mozilla/5.0 (compatible; SERankingBacklinksBot/1.0; +https://seranking.com/backlinks-crawler)"
37.27.59.176 - - [29/Mar/2026:11:39:18 +0700] "GET /shop/page/17/?max_price=630&stock_status=instock&per_page=18 HTTP/1.1" 200 41427 "-" "Mozilla/5.0 (compatible; SERankingBacklinksBot/1.0; +https://seranking.com/backlinks-crawler)"
37.27.59.176 - - [29/Mar/2026:11:39:23 +0700] "GET /shop/page/17/?max_price=840&per_page=18&stock_status=instock HTTP/1.1" 200 41632 "-" "Mozilla/5.0 (compatible; SERankingBacklinksBot/1.0; +https://seranking.com/backlinks-crawler)"
37.27.59.176 - - [29/Mar/2026:11:39:28 +0700] "GET /shop/page/17/?max_price=840&stock_status=instock&per_page=18 HTTP/1.1" 200 41448 "-" "Mozilla/5.0 (compatible; SERankingBacklinksBot/1.0; +https://seranking.com/backlinks-crawler)"
54.37.118.91 - - [29/Mar/2026:11:39:30 +0700] "GET /shop/page/43/?orderby=rating&stock_status=onsale&per_page=8&shop_view=grid&per_row=2 HTTP/2" 200 33160 "-" "Mozilla/5.0 (compatible; AhrefsBot/7.0; +http://ahrefs.com/robot/)"
37.27.59.176 - - [29/Mar/2026:11:39:35 +0700] "GET /shop/page/17/?max_price=845&per_page=18&stock_status=instock HTTP/1.1" 200 41574 "-" "Mozilla/5.0 (compatible; SERankingBacklinksBot/1.0; +https://seranking.com/backlinks-crawler)"
103.131.51.123 - - [29/Mar/2026:11:39:41 +0700] "POST /wp-cron.php?doing_wp_cron=1774759181.8314979076385498046875 HTTP/1.1" 200 474 "-" "WordPress/6.9.4; https://lotushomemade.com"
37.27.59.176 - - [29/Mar/2026:11:39:40 +0700] "GET /shop/page/17/?max_price=845&stock_status=instock&per_page=18 HTTP/1.1" 200 41416 "-" "Mozilla/5.0 (compatible; SERankingBacklinksBot/1.0; +https://seranking.com/backlinks-crawler)"
40.77.167.156 - - [29/Mar/2026:11:39:42 +0700] "GET /shop/?max_price=2650&stock_status=onsale&per_row=4&per_page=18&shop_view=grid HTTP/2" 200 35249 "-" "Mozilla/5.0 AppleWebKit/537.36 (KHTML, like Gecko; compatible; bingbot/2.0; +http://www.bing.com/bingbot.htm) Chrome/116.0.1938.76 Safari/537.36"
37.27.59.176 - - [29/Mar/2026:11:39:45 +0700] "GET /shop/page/17/?orderby=price&per_page=18&stock_status=instock HTTP/1.1" 200 42045 "-" "Mozilla/5.0 (compatible; SERankingBacklinksBot/1.0; +https://seranking.com/backlinks-crawler)"
37.27.59.176 - - [29/Mar/2026:11:39:50 +0700] "GET /shop/page/17/?orderby=price&stock_status=instock&per_page=18 HTTP/1.1" 200 41854 "-" "Mozilla/5.0 (compatible; SERankingBacklinksBot/1.0; +https://seranking.com/backlinks-crawler)"
37.27.59.176 - - [29/Mar/2026:11:39:55 +0700] "GET /shop/page/17/?orderby=rating&per_page=18&stock_status=onsale HTTP/1.1" 200 40938 "-" "Mozilla/5.0 (compatible; SERankingBacklinksBot/1.0; +https://seranking.com/backlinks-crawler)"
37.27.59.176 - - [29/Mar/2026:11:40:00 +0700] "GET /shop/page/17/?orderby=rating&stock_status=onsale&per_page=18 HTTP/1.1" 200 41114 "-" "Mozilla/5.0 (compatible; SERankingBacklinksBot/1.0; +https://seranking.com/backlinks-crawler)"
37.27.59.176 - - [29/Mar/2026:11:40:05 +0700] "GET /shop/page/18/?max_price=420&per_page=18&stock_status=instock HTTP/1.1" 200 41639 "-" "Mozilla/5.0 (compatible; SERankingBacklinksBot/1.0; +https://seranking.com/backlinks-crawler)"
37.27.59.176 - - [29/Mar/2026:11:40:11 +0700] "GET /shop/page/18/?max_price=420&stock_status=instock&per_page=18 HTTP/1.1" 200 41710 "-" "Mozilla/5.0 (compatible; SERankingBacklinksBot/1.0; +https://seranking.com/backlinks-crawler)"
92.222.104.221 - - [29/Mar/2026:11:40:15 +0700] "GET /product-category/crispy-snack-series/page/5/?stock_status=onsale&shop_view=grid&per_row=2 HTTP/2" 200 32838 "-" "Mozilla/5.0 (compatible; AhrefsBot/7.0; +http://ahrefs.com/robot/)"
37.27.59.176 - - [29/Mar/2026:11:40:16 +0700] "GET /shop/page/18/?max_price=630&per_page=18&stock_status=instock HTTP/1.1" 200 41438 "-" "Mozilla/5.0 (compatible; SERankingBacklinksBot/1.0; +https://seranking.com/backlinks-crawler)"
37.27.59.176 - - [29/Mar/2026:11:40:21 +0700] "GET /shop/page/18/?max_price=630&stock_status=instock&per_page=18 HTTP/1.1" 200 41462 "-" "Mozilla/5.0 (compatible; SERankingBacklinksBot/1.0; +https://seranking.com/backlinks-crawler)"
37.27.59.176 - - [29/Mar/2026:11:40:26 +0700] "GET /shop/page/18/?max_price=840&per_page=18&stock_status=instock HTTP/1.1" 200 41612 "-" "Mozilla/5.0 (compatible; SERankingBacklinksBot/1.0; +https://seranking.com/backlinks-crawler)"
37.27.59.176 - - [29/Mar/2026:11:40:31 +0700] "GET /shop/page/18/?max_price=840&stock_status=instock&per_page=18 HTTP/1.1" 200 41464 "-" "Mozilla/5.0 (compatible; SERankingBacklinksBot/1.0; +https://seranking.com/backlinks-crawler)"
37.27.59.176 - - [29/Mar/2026:11:40:36 +0700] "GET /shop/page/18/?max_price=845&per_page=18&stock_status=instock HTTP/1.1" 200 41704 "-" "Mozilla/5.0 (compatible; SERankingBacklinksBot/1.0; +https://seranking.com/backlinks-crawler)"
103.131.51.123 - - [29/Mar/2026:11:40:43 +0700] "POST /wp-cron.php?doing_wp_cron=1774759243.1772809028625488281250 HTTP/1.1" 200 474 "-" "WordPress/6.9.4; https://lotushomemade.com"
37.27.59.176 - - [29/Mar/2026:11:40:41 +0700] "GET /shop/page/18/?max_price=845&stock_status=instock&per_page=18 HTTP/1.1" 200 41711 "-" "Mozilla/5.0 (compatible; SERankingBacklinksBot/1.0; +https://seranking.com/backlinks-crawler)"
37.27.59.176 - - [29/Mar/2026:11:40:46 +0700] "GET /shop/page/18/?orderby=price&per_page=18&stock_status=instock HTTP/1.1" 200 41919 "-" "Mozilla/5.0 (compatible; SERankingBacklinksBot/1.0; +https://seranking.com/backlinks-crawler)"
37.27.59.176 - - [29/Mar/2026:11:40:51 +0700] "GET /shop/page/18/?orderby=price&stock_status=instock&per_page=18 HTTP/1.1" 200 42141 "-" "Mozilla/5.0 (compatible; SERankingBacklinksBot/1.0; +https://seranking.com/backlinks-crawler)"
37.27.59.176 - - [29/Mar/2026:11:40:56 +0700] "GET /shop/page/18/?orderby=rating&per_page=18&stock_status=onsale HTTP/1.1" 200 41087 "-" "Mozilla/5.0 (compatible; SERankingBacklinksBot/1.0; +https://seranking.com/backlinks-crawler)"
37.27.59.176 - - [29/Mar/2026:11:41:01 +0700] "GET /shop/page/18/?orderby=rating&stock_status=onsale&per_page=18 HTTP/1.1" 200 41110 "-" "Mozilla/5.0 (compatible; SERankingBacklinksBot/1.0; +https://seranking.com/backlinks-crawler)"
5.39.1.231 - - [29/Mar/2026:11:41:05 +0700] "GET /product-category/crispy-snack-series/page/6/?per_row=2&shop_view=grid&per_page=12 HTTP/2" 200 32938 "-" "Mozilla/5.0 (compatible; AhrefsBot/7.0; +http://ahrefs.com/robot/)"
37.27.59.176 - - [29/Mar/2026:11:41:06 +0700] "GET /shop/page/2/?min_price=0&per_page=8&shop_view=grid&per_row=2 HTTP/1.1" 200 41037 "-" "Mozilla/5.0 (compatible; SERankingBacklinksBot/1.0; +https://seranking.com/backlinks-crawler)"
37.27.59.176 - - [29/Mar/2026:11:41:11 +0700] "GET /shop/page/2/?min_price=0&per_page=8&shop_view=grid&per_row=4 HTTP/1.1" 200 40905 "-" "Mozilla/5.0 (compatible; SERankingBacklinksBot/1.0; +https://seranking.com/backlinks-crawler)"
37.27.59.176 - - [29/Mar/2026:11:41:17 +0700] "GET /shop/page/2/?min_price=0&per_page=8&shop_view=grid&per_row=6 HTTP/1.1" 200 41054 "-" "Mozilla/5.0 (compatible; SERankingBacklinksBot/1.0; +https://seranking.com/backlinks-crawler)"
37.27.59.176 - - [29/Mar/2026:11:41:22 +0700] "GET /shop/page/2/?min_price=0&per_row=2&shop_view=grid&per_page=8 HTTP/1.1" 200 40893 "-" "Mozilla/5.0 (compatible; SERankingBacklinksBot/1.0; +https://seranking.com/backlinks-crawler)"
37.27.59.176 - - [29/Mar/2026:11:41:27 +0700] "GET /shop/page/2/?min_price=0&per_row=4&shop_view=grid&per_page=8 HTTP/1.1" 200 41056 "-" "Mozilla/5.0 (compatible; SERankingBacklinksBot/1.0; +https://seranking.com/backlinks-crawler)"
37.27.59.176 - - [29/Mar/2026:11:41:32 +0700] "GET /shop/page/2/?min_price=0&per_row=6&shop_view=grid&per_page=8 HTTP/1.1" 200 40884 "-" "Mozilla/5.0 (compatible; SERankingBacklinksBot/1.0; +https://seranking.com/backlinks-crawler)"
103.131.51.123 - - [29/Mar/2026:11:41:38 +0700] "POST /wp-cron.php?doing_wp_cron=1774759298.4661169052124023437500 HTTP/1.1" 200 474 "-" "WordPress/6.9.4; https://lotushomemade.com"
37.27.59.176 - - [29/Mar/2026:11:41:37 +0700] "GET /shop/page/24/?min_price=0&max_price=210&stock_status=instock HTTP/1.1" 200 40643 "-" "Mozilla/5.0 (compatible; SERankingBacklinksBot/1.0; +https://seranking.com/backlinks-crawler)"
37.27.59.176 - - [29/Mar/2026:11:41:41 +0700] "GET /shop/page/25/?min_price=0&max_price=210&stock_status=instock HTTP/1.1" 200 40740 "-" "Mozilla/5.0 (compatible; SERankingBacklinksBot/1.0; +https://seranking.com/backlinks-crawler)"
37.27.59.176 - - [29/Mar/2026:11:41:47 +0700] "GET /shop/page/26/?min_price=0&max_price=210&stock_status=instock HTTP/1.1" 200 40725 "-" "Mozilla/5.0 (compatible; SERankingBacklinksBot/1.0; +https://seranking.com/backlinks-crawler)"
37.27.59.176 - - [29/Mar/2026:11:41:52 +0700] "GET /shop/page/27/?max_price=420&per_page=12&stock_status=instock HTTP/1.1" 200 40822 "-" "Mozilla/5.0 (compatible; SERankingBacklinksBot/1.0; +https://seranking.com/backlinks-crawler)"
37.27.59.176 - - [29/Mar/2026:11:41:57 +0700] "GET /shop/page/27/?max_price=420&stock_status=instock&per_page=12 HTTP/1.1" 200 41009 "-" "Mozilla/5.0 (compatible; SERankingBacklinksBot/1.0; +https://seranking.com/backlinks-crawler)"
5.39.1.250 - - [29/Mar/2026:11:41:59 +0700] "GET /shop/?max_price=630&per_row=2&shop_view=grid&per_page=12 HTTP/2" 200 34506 "-" "Mozilla/5.0 (compatible; AhrefsBot/7.0; +http://ahrefs.com/robot/)"
37.27.59.176 - - [29/Mar/2026:11:42:02 +0700] "GET /shop/page/27/?max_price=630&per_page=12&stock_status=instock HTTP/1.1" 200 40794 "-" "Mozilla/5.0 (compatible; SERankingBacklinksBot/1.0; +https://seranking.com/backlinks-crawler)"
37.27.59.176 - - [29/Mar/2026:11:42:06 +0700] "GET /shop/page/27/?max_price=630&stock_status=instock&per_page=12 HTTP/1.1" 200 40779 "-" "Mozilla/5.0 (compatible; SERankingBacklinksBot/1.0; +https://seranking.com/backlinks-crawler)"
37.27.59.176 - - [29/Mar/2026:11:42:12 +0700] "GET /shop/page/27/?max_price=840&per_page=12&stock_status=instock HTTP/1.1" 200 41007 "-" "Mozilla/5.0 (compatible; SERankingBacklinksBot/1.0; +https://seranking.com/backlinks-crawler)"
37.27.59.176 - - [29/Mar/2026:11:42:17 +0700] "GET /shop/page/27/?max_price=840&stock_status=instock&per_page=12 HTTP/1.1" 200 41020 "-" "Mozilla/5.0 (compatible; SERankingBacklinksBot/1.0; +https://seranking.com/backlinks-crawler)"
37.27.59.176 - - [29/Mar/2026:11:42:22 +0700] "GET /shop/page/27/?max_price=845&per_page=12&stock_status=instock HTTP/1.1" 200 40850 "-" "Mozilla/5.0 (compatible; SERankingBacklinksBot/1.0; +https://seranking.com/backlinks-crawler)"
37.27.59.176 - - [29/Mar/2026:11:42:27 +0700] "GET /shop/page/27/?max_price=845&stock_status=instock&per_page=12 HTTP/1.1" 200 41027 "-" "Mozilla/5.0 (compatible; SERankingBacklinksBot/1.0; +https://seranking.com/backlinks-crawler)"
37.27.59.176 - - [29/Mar/2026:11:42:32 +0700] "GET /shop/page/27/?orderby=popularity&stock_status=instock,onsale HTTP/1.1" 301 381 "-" "Mozilla/5.0 (compatible; SERankingBacklinksBot/1.0; +https://seranking.com/backlinks-crawler)"
37.27.59.176 - - [29/Mar/2026:11:42:33 +0700] "GET /shop/page/27/?orderby=popularity&stock_status=instock%2Consale HTTP/1.1" 200 40502 "-" "Mozilla/5.0 (compatible; SERankingBacklinksBot/1.0; +https://seranking.com/backlinks-crawler)"
103.131.51.123 - - [29/Mar/2026:11:42:39 +0700] "POST /wp-cron.php?doing_wp_cron=1774759359.7788999080657958984375 HTTP/1.1" 200 474 "-" "WordPress/6.9.4; https://lotushomemade.com"
37.27.59.176 - - [29/Mar/2026:11:42:38 +0700] "GET /shop/page/27/?orderby=price&per_page=12&stock_status=instock HTTP/1.1" 200 41097 "-" "Mozilla/5.0 (compatible; SERankingBacklinksBot/1.0; +https://seranking.com/backlinks-crawler)"
92.222.108.102 - - [29/Mar/2026:11:42:41 +0700] "GET /product-category/crispy-snack-series/page/7/?stock_status=onsale&shop_view=grid&per_row=4 HTTP/2" 200 33048 "-" "Mozilla/5.0 (compatible; AhrefsBot/7.0; +http://ahrefs.com/robot/)"
37.27.59.176 - - [29/Mar/2026:11:42:43 +0700] "GET /shop/page/27/?orderby=price&stock_status=instock&per_page=12 HTTP/1.1" 200 40924 "-" "Mozilla/5.0 (compatible; SERankingBacklinksBot/1.0; +https://seranking.com/backlinks-crawler)"
37.27.59.176 - - [29/Mar/2026:11:42:48 +0700] "GET /shop/page/27/?orderby=price-desc&stock_status=instock,onsale HTTP/1.1" 301 559 "-" "Mozilla/5.0 (compatible; SERankingBacklinksBot/1.0; +https://seranking.com/backlinks-crawler)"
37.27.59.176 - - [29/Mar/2026:11:42:48 +0700] "GET /shop/page/27/?orderby=price-desc&stock_status=instock%2Consale HTTP/1.1" 200 40988 "-" "Mozilla/5.0 (compatible; SERankingBacklinksBot/1.0; +https://seranking.com/backlinks-crawler)"
37.27.59.176 - - [29/Mar/2026:11:42:53 +0700] "GET /shop/page/27/?orderby=rating&per_page=12&stock_status=onsale HTTP/1.1" 200 40559 "-" "Mozilla/5.0 (compatible; SERankingBacklinksBot/1.0; +https://seranking.com/backlinks-crawler)"
37.27.59.176 - - [29/Mar/2026:11:43:00 +0700] "GET /shop/page/27/?orderby=rating&stock_status=onsale&per_page=12 HTTP/1.1" 200 40768 "-" "Mozilla/5.0 (compatible; SERankingBacklinksBot/1.0; +https://seranking.com/backlinks-crawler)"
37.27.59.176 - - [29/Mar/2026:11:43:05 +0700] "GET /shop/page/28/?max_price=420&per_page=12&stock_status=instock HTTP/1.1" 200 41234 "-" "Mozilla/5.0 (compatible; SERankingBacklinksBot/1.0; +https://seranking.com/backlinks-crawler)"
37.27.59.176 - - [29/Mar/2026:11:43:10 +0700] "GET /shop/page/28/?max_price=420&stock_status=instock&per_page=12 HTTP/1.1" 200 41045 "-" "Mozilla/5.0 (compatible; SERankingBacklinksBot/1.0; +https://seranking.com/backlinks-crawler)"
37.27.59.176 - - [29/Mar/2026:11:43:15 +0700] "GET /shop/page/28/?max_price=630&per_page=12&stock_status=instock HTTP/1.1" 200 41062 "-" "Mozilla/5.0 (compatible; SERankingBacklinksBot/1.0; +https://seranking.com/backlinks-crawler)"
37.27.59.176 - - [29/Mar/2026:11:43:20 +0700] "GET /shop/page/28/?max_price=630&stock_status=instock&per_page=12 HTTP/1.1" 200 41223 "-" "Mozilla/5.0 (compatible; SERankingBacklinksBot/1.0; +https://seranking.com/backlinks-crawler)"
37.27.59.176 - - [29/Mar/2026:11:43:25 +0700] "GET /shop/page/28/?max_price=840&per_page=12&stock_status=instock HTTP/1.1" 200 41040 "-" "Mozilla/5.0 (compatible; SERankingBacklinksBot/1.0; +https://seranking.com/backlinks-crawler)"
37.27.59.176 - - [29/Mar/2026:11:43:29 +0700] "GET /shop/page/28/?max_price=840&stock_status=instock&per_page=12 HTTP/1.1" 200 41076 "-" "Mozilla/5.0 (compatible; SERankingBacklinksBot/1.0; +https://seranking.com/backlinks-crawler)"
51.75.236.129 - - [29/Mar/2026:11:43:32 +0700] "GET /product-category/crispy-snack-series/page/6/?stock_status=onsale&shop_view=grid&per_row=4 HTTP/2" 200 32911 "-" "Mozilla/5.0 (compatible; AhrefsBot/7.0; +http://ahrefs.com/robot/)"
37.27.59.176 - - [29/Mar/2026:11:43:35 +0700] "GET /shop/page/28/?max_price=845&per_page=12&stock_status=instock HTTP/1.1" 200 41243 "-" "Mozilla/5.0 (compatible; SERankingBacklinksBot/1.0; +https://seranking.com/backlinks-crawler)"
103.131.51.123 - - [29/Mar/2026:11:43:41 +0700] "POST /wp-cron.php?doing_wp_cron=1774759421.6873459815979003906250 HTTP/1.1" 200 474 "-" "WordPress/6.9.4; https://lotushomemade.com"
37.27.59.176 - - [29/Mar/2026:11:43:40 +0700] "GET /shop/page/28/?max_price=845&stock_status=instock&per_page=12 HTTP/1.1" 200 41040 "-" "Mozilla/5.0 (compatible; SERankingBacklinksBot/1.0; +https://seranking.com/backlinks-crawler)"
37.27.59.176 - - [29/Mar/2026:11:43:45 +0700] "GET /shop/page/28/?orderby=popularity&stock_status=instock,onsale HTTP/1.1" 301 381 "-" "Mozilla/5.0 (compatible; SERankingBacklinksBot/1.0; +https://seranking.com/backlinks-crawler)"
37.27.59.176 - - [29/Mar/2026:11:43:45 +0700] "GET /shop/page/28/?orderby=popularity&stock_status=instock%2Consale HTTP/1.1" 200 40499 "-" "Mozilla/5.0 (compatible; SERankingBacklinksBot/1.0; +https://seranking.com/backlinks-crawler)"
45.131.193.100 - - [29/Mar/2026:11:43:48 +0700] "POST /wp-login.php HTTP/1.1" 200 7854 "-" "Mozilla/5.0"
37.27.59.176 - - [29/Mar/2026:11:43:51 +0700] "GET /shop/page/28/?orderby=price&per_page=12&stock_status=instock HTTP/1.1" 200 41059 "-" "Mozilla/5.0 (compatible; SERankingBacklinksBot/1.0; +https://seranking.com/backlinks-crawler)"
198.57.247.179 - - [29/Mar/2026:11:43:52 +0700] "GET /wp-login.php HTTP/2" 200 1889 "-" "Mozilla/5.0 (Windows NT 6.1; rv:61.0) Gecko/20100101 Firefox/61.0"
198.57.247.179 - - [29/Mar/2026:11:43:53 +0700] "POST /wp-login.php HTTP/2" 200 2027 "https://lotushomemade.com/wp-login.php" "Mozilla/5.0 (Windows NT 6.1; rv:61.0) Gecko/20100101 Firefox/61.0"
37.27.59.176 - - [29/Mar/2026:11:43:55 +0700] "GET /shop/page/28/?orderby=price&stock_status=instock&per_page=12 HTTP/1.1" 200 40890 "-" "Mozilla/5.0 (compatible; SERankingBacklinksBot/1.0; +https://seranking.com/backlinks-crawler)"
37.27.59.176 - - [29/Mar/2026:11:44:01 +0700] "GET /shop/page/28/?orderby=price-desc&stock_status=instock,onsale HTTP/1.1" 301 559 "-" "Mozilla/5.0 (compatible; SERankingBacklinksBot/1.0; +https://seranking.com/backlinks-crawler)"
37.27.59.176 - - [29/Mar/2026:11:44:01 +0700] "GET /shop/page/28/?orderby=price-desc&stock_status=instock%2Consale HTTP/1.1" 200 40700 "-" "Mozilla/5.0 (compatible; SERankingBacklinksBot/1.0; +https://seranking.com/backlinks-crawler)"
54.37.118.78 - - [29/Mar/2026:11:44:04 +0700] "GET /product-category/crispy-snack-series/page/7/?per_page=12&shop_view=grid&per_row=2 HTTP/2" 200 33094 "-" "Mozilla/5.0 (compatible; AhrefsBot/7.0; +http://ahrefs.com/robot/)"
37.27.59.176 - - [29/Mar/2026:11:44:06 +0700] "GET /shop/page/28/?orderby=rating&per_page=12&stock_status=onsale HTTP/1.1" 200 40472 "-" "Mozilla/5.0 (compatible; SERankingBacklinksBot/1.0; +https://seranking.com/backlinks-crawler)"
37.27.59.176 - - [29/Mar/2026:11:44:11 +0700] "GET /shop/page/28/?orderby=rating&stock_status=onsale&per_page=12 HTTP/1.1" 200 40668 "-" "Mozilla/5.0 (compatible; SERankingBacklinksBot/1.0; +https://seranking.com/backlinks-crawler)"
37.27.59.176 - - [29/Mar/2026:11:44:16 +0700] "GET /shop/page/29/?max_price=420&per_page=12&stock_status=instock HTTP/1.1" 200 40909 "-" "Mozilla/5.0 (compatible; SERankingBacklinksBot/1.0; +https://seranking.com/backlinks-crawler)"
37.27.59.176 - - [29/Mar/2026:11:44:22 +0700] "GET /shop/page/29/?max_price=420&stock_status=instock&per_page=12 HTTP/1.1" 200 40912 "-" "Mozilla/5.0 (compatible; SERankingBacklinksBot/1.0; +https://seranking.com/backlinks-crawler)"
37.27.59.176 - - [29/Mar/2026:11:44:27 +0700] "GET /shop/page/29/?max_price=630&per_page=12&stock_status=instock HTTP/1.1" 200 40741 "-" "Mozilla/5.0 (compatible; SERankingBacklinksBot/1.0; +https://seranking.com/backlinks-crawler)"
37.27.59.176 - - [29/Mar/2026:11:44:31 +0700] "GET /shop/page/29/?max_price=630&stock_status=instock&per_page=12 HTTP/1.1" 200 40776 "-" "Mozilla/5.0 (compatible; SERankingBacklinksBot/1.0; +https://seranking.com/backlinks-crawler)"
103.131.51.123 - - [29/Mar/2026:11:44:40 +0700] "POST /wp-cron.php?doing_wp_cron=1774759480.2896249294281005859375 HTTP/1.1" 200 474 "-" "WordPress/6.9.4; https://lotushomemade.com"
37.27.59.176 - - [29/Mar/2026:11:44:38 +0700] "GET /shop/page/29/?max_price=840&per_page=12&stock_status=instock HTTP/1.1" 200 40925 "-" "Mozilla/5.0 (compatible; SERankingBacklinksBot/1.0; +https://seranking.com/backlinks-crawler)"
37.27.59.176 - - [29/Mar/2026:11:44:43 +0700] "GET /shop/page/29/?max_price=840&stock_status=instock&per_page=12 HTTP/1.1" 200 40778 "-" "Mozilla/5.0 (compatible; SERankingBacklinksBot/1.0; +https://seranking.com/backlinks-crawler)"
37.27.59.176 - - [29/Mar/2026:11:44:48 +0700] "GET /shop/page/29/?max_price=845&per_page=12&stock_status=instock HTTP/1.1" 200 40744 "-" "Mozilla/5.0 (compatible; SERankingBacklinksBot/1.0; +https://seranking.com/backlinks-crawler)"
37.27.59.176 - - [29/Mar/2026:11:44:53 +0700] "GET /shop/page/29/?max_price=845&stock_status=instock&per_page=12 HTTP/1.1" 200 40969 "-" "Mozilla/5.0 (compatible; SERankingBacklinksBot/1.0; +https://seranking.com/backlinks-crawler)"
35.169.240.53 - - [29/Mar/2026:11:44:57 +0700] "GET /product/sugee-ball-cookies_8080-s/ HTTP/1.1" 200 42691 "-" "Mozilla/5.0 AppleWebKit/537.36 (KHTML, like Gecko; compatible; Amazonbot/0.1; +https://developer.amazon.com/support/amazonbot) Chrome/119.0.6045.214 Safari/537.36"
37.27.59.176 - - [29/Mar/2026:11:44:58 +0700] "GET /shop/page/29/?orderby=popularity&stock_status=instock,onsale HTTP/1.1" 301 381 "-" "Mozilla/5.0 (compatible; SERankingBacklinksBot/1.0; +https://seranking.com/backlinks-crawler)"
37.27.59.176 - - [29/Mar/2026:11:44:59 +0700] "GET /shop/page/29/?orderby=popularity&stock_status=instock%2Consale HTTP/1.1" 200 40254 "-" "Mozilla/5.0 (compatible; SERankingBacklinksBot/1.0; +https://seranking.com/backlinks-crawler)"
100.29.34.97 - - [29/Mar/2026:11:45:03 +0700] "GET /product/salted-egg-arrowhead-chips_8118-l/ HTTP/1.1" 200 42455 "-" "Mozilla/5.0 AppleWebKit/537.36 (KHTML, like Gecko; compatible; Amazonbot/0.1; +https://developer.amazon.com/support/amazonbot) Chrome/119.0.6045.214 Safari/537.36"
37.27.59.176 - - [29/Mar/2026:11:45:04 +0700] "GET /shop/page/29/?orderby=price&per_page=12&stock_status=instock HTTP/1.1" 200 41245 "-" "Mozilla/5.0 (compatible; SERankingBacklinksBot/1.0; +https://seranking.com/backlinks-crawler)"
23.23.104.107 - - [29/Mar/2026:11:45:05 +0700] "GET /product/crispy-tomyam-murukku_9250-xl/ HTTP/1.1" 200 42490 "-" "Mozilla/5.0 AppleWebKit/537.36 (KHTML, like Gecko; compatible; Amazonbot/0.1; +https://developer.amazon.com/support/amazonbot) Chrome/119.0.6045.214 Safari/537.36"
37.27.59.176 - - [29/Mar/2026:11:45:09 +0700] "GET /shop/page/29/?orderby=price&stock_status=instock&per_page=12 HTTP/1.1" 200 41085 "-" "Mozilla/5.0 (compatible; SERankingBacklinksBot/1.0; +https://seranking.com/backlinks-crawler)"
37.27.59.176 - - [29/Mar/2026:11:45:15 +0700] "GET /shop/page/29/?orderby=price-desc&stock_status=instock,onsale HTTP/1.1" 301 559 "-" "Mozilla/5.0 (compatible; SERankingBacklinksBot/1.0; +https://seranking.com/backlinks-crawler)"
94.23.188.198 - - [29/Mar/2026:11:45:15 +0700] "GET /shop/page/42/?stock_status=instock&per_page=8 HTTP/2" 200 33375 "-" "Mozilla/5.0 (compatible; AhrefsBot/7.0; +http://ahrefs.com/robot/)"
37.27.59.176 - - [29/Mar/2026:11:45:15 +0700] "GET /shop/page/29/?orderby=price-desc&stock_status=instock%2Consale HTTP/1.1" 200 40680 "-" "Mozilla/5.0 (compatible; SERankingBacklinksBot/1.0; +https://seranking.com/backlinks-crawler)"
37.27.59.176 - - [29/Mar/2026:11:45:20 +0700] "GET /shop/page/29/?orderby=rating&per_page=12&stock_status=onsale HTTP/1.1" 200 40230 "-" "Mozilla/5.0 (compatible; SERankingBacklinksBot/1.0; +https://seranking.com/backlinks-crawler)"
37.27.59.176 - - [29/Mar/2026:11:45:25 +0700] "GET /shop/page/29/?orderby=rating&stock_status=onsale&per_page=12 HTTP/1.1" 200 40468 "-" "Mozilla/5.0 (compatible; SERankingBacklinksBot/1.0; +https://seranking.com/backlinks-crawler)"
37.27.59.176 - - [29/Mar/2026:11:45:30 +0700] "GET /shop/page/3/?min_price=0&per_page=8&shop_view=grid&per_row=2 HTTP/1.1" 200 40203 "-" "Mozilla/5.0 (compatible; SERankingBacklinksBot/1.0; +https://seranking.com/backlinks-crawler)"
37.27.59.176 - - [29/Mar/2026:11:45:35 +0700] "GET /shop/page/3/?min_price=0&per_page=8&shop_view=grid&per_row=4 HTTP/1.1" 200 40254 "-" "Mozilla/5.0 (compatible; SERankingBacklinksBot/1.0; +https://seranking.com/backlinks-crawler)"
103.131.51.123 - - [29/Mar/2026:11:45:41 +0700] "POST /wp-cron.php?doing_wp_cron=1774759541.6006150245666503906250 HTTP/1.1" 200 474 "-" "WordPress/6.9.4; https://lotushomemade.com"
37.27.59.176 - - [29/Mar/2026:11:45:40 +0700] "GET /shop/page/3/?min_price=0&per_page=8&shop_view=grid&per_row=6 HTTP/1.1" 200 40385 "-" "Mozilla/5.0 (compatible; SERankingBacklinksBot/1.0; +https://seranking.com/backlinks-crawler)"
37.27.59.176 - - [29/Mar/2026:11:45:45 +0700] "GET /shop/page/3/?min_price=0&per_row=2&shop_view=grid&per_page=8 HTTP/1.1" 200 40278 "-" "Mozilla/5.0 (compatible; SERankingBacklinksBot/1.0; +https://seranking.com/backlinks-crawler)"
176.31.139.20 - - [29/Mar/2026:11:45:49 +0700] "GET /product-category/crispy-snack-series/page/7/?per_page=12&shop_view=grid&per_row=6 HTTP/2" 200 33026 "-" "Mozilla/5.0 (compatible; AhrefsBot/7.0; +http://ahrefs.com/robot/)"
37.27.59.176 - - [29/Mar/2026:11:45:50 +0700] "GET /shop/page/3/?min_price=0&per_row=4&shop_view=grid&per_page=8 HTTP/1.1" 200 40236 "-" "Mozilla/5.0 (compatible; SERankingBacklinksBot/1.0; +https://seranking.com/backlinks-crawler)"
37.27.59.176 - - [29/Mar/2026:11:45:55 +0700] "GET /shop/page/3/?min_price=0&per_row=6&shop_view=grid&per_page=8 HTTP/1.1" 200 40412 "-" "Mozilla/5.0 (compatible; SERankingBacklinksBot/1.0; +https://seranking.com/backlinks-crawler)"
37.27.59.176 - - [29/Mar/2026:11:46:00 +0700] "GET /shop/page/1/?orderby=date&per_page=8&shop_view=grid&per_row=2 HTTP/1.1" 301 506 "-" "Mozilla/5.0 (compatible; SERankingBacklinksBot/1.0; +https://seranking.com/backlinks-crawler)"
37.27.59.176 - - [29/Mar/2026:11:46:00 +0700] "GET /shop/?orderby=date&per_page=8&shop_view=grid&per_row=2 HTTP/1.1" 200 41125 "-" "Mozilla/5.0 (compatible; SERankingBacklinksBot/1.0; +https://seranking.com/backlinks-crawler)"
37.27.59.176 - - [29/Mar/2026:11:46:06 +0700] "GET /shop/page/4/?min_price=0&per_page=12&shop_view=grid&per_row=2 HTTP/1.1" 200 41276 "-" "Mozilla/5.0 (compatible; SERankingBacklinksBot/1.0; +https://seranking.com/backlinks-crawler)"
37.27.59.176 - - [29/Mar/2026:11:46:11 +0700] "GET /shop/?orderby=price-desc&stock_status=instock&per_page=12&filter_brand=blessing-food&shop_view=grid&per_row=4 HTTP/1.1" 200 39954 "-" "Mozilla/5.0 (compatible; SERankingBacklinksBot/1.0; +https://seranking.com/backlinks-crawler)"
37.27.59.176 - - [29/Mar/2026:11:46:17 +0700] "GET /shop/page/12/?min_price=0&per_row=6&per_page=8&shop_view=grid HTTP/1.1" 200 40693 "-" "Mozilla/5.0 (compatible; SERankingBacklinksBot/1.0; +https://seranking.com/backlinks-crawler)"
37.27.59.176 - - [29/Mar/2026:11:46:23 +0700] "GET /shop/page/1/?orderby=date&per_page=8&shop_view=grid&per_row=4 HTTP/1.1" 301 684 "-" "Mozilla/5.0 (compatible; SERankingBacklinksBot/1.0; +https://seranking.com/backlinks-crawler)"
37.27.59.176 - - [29/Mar/2026:11:46:24 +0700] "GET /shop/?orderby=date&per_page=8&shop_view=grid&per_row=4 HTTP/1.1" 200 41057 "-" "Mozilla/5.0 (compatible; SERankingBacklinksBot/1.0; +https://seranking.com/backlinks-crawler)"
37.27.59.176 - - [29/Mar/2026:11:46:28 +0700] "GET /shop/page/4/?min_price=0&per_page=12&shop_view=grid&per_row=4 HTTP/1.1" 200 41119 "-" "Mozilla/5.0 (compatible; SERankingBacklinksBot/1.0; +https://seranking.com/backlinks-crawler)"
92.222.104.196 - - [29/Mar/2026:11:46:31 +0700] "GET /product-category/blessing-series/?stock_status=instock%2Consale&per_row=6&shop_view=grid&per_page=8 HTTP/2" 200 33388 "-" "Mozilla/5.0 (compatible; AhrefsBot/7.0; +http://ahrefs.com/robot/)"
37.27.59.176 - - [29/Mar/2026:11:46:33 +0700] "GET /shop/page/12/?orderby=rating&per_page=24&stock_status=instock HTTP/1.1" 200 42081 "-" "Mozilla/5.0 (compatible; SERankingBacklinksBot/1.0; +https://seranking.com/backlinks-crawler)"
103.131.51.123 - - [29/Mar/2026:11:46:39 +0700] "POST /wp-cron.php?doing_wp_cron=1774759599.4282190799713134765625 HTTP/1.1" 200 474 "-" "WordPress/6.9.4; https://lotushomemade.com"
37.27.59.176 - - [29/Mar/2026:11:46:39 +0700] "GET /shop/page/1/?orderby=date&per_page=8&shop_view=grid&per_row=6 HTTP/1.1" 301 506 "-" "Mozilla/5.0 (compatible; SERankingBacklinksBot/1.0; +https://seranking.com/backlinks-crawler)"
37.27.59.176 - - [29/Mar/2026:11:46:39 +0700] "GET /shop/?orderby=date&per_page=8&shop_view=grid&per_row=6 HTTP/1.1" 200 41058 "-" "Mozilla/5.0 (compatible; SERankingBacklinksBot/1.0; +https://seranking.com/backlinks-crawler)"
37.27.59.176 - - [29/Mar/2026:11:46:45 +0700] "GET /shop/page/4/?min_price=0&per_page=12&shop_view=grid&per_row=6 HTTP/1.1" 200 41352 "-" "Mozilla/5.0 (compatible; SERankingBacklinksBot/1.0; +https://seranking.com/backlinks-crawler)"
37.27.59.176 - - [29/Mar/2026:11:46:50 +0700] "GET /shop/page/12/?orderby=rating&stock_status=instock&per_page=24 HTTP/1.1" 200 41898 "-" "Mozilla/5.0 (compatible; SERankingBacklinksBot/1.0; +https://seranking.com/backlinks-crawler)"
37.27.59.176 - - [29/Mar/2026:11:46:55 +0700] "GET /shop/page/1/?orderby=date&per_row=2&shop_view=grid&per_page=8 HTTP/1.1" 301 684 "-" "Mozilla/5.0 (compatible; SERankingBacklinksBot/1.0; +https://seranking.com/backlinks-crawler)"
37.27.59.176 - - [29/Mar/2026:11:46:56 +0700] "GET /shop/?orderby=date&per_row=2&shop_view=grid&per_page=8 HTTP/1.1" 200 41128 "-" "Mozilla/5.0 (compatible; SERankingBacklinksBot/1.0; +https://seranking.com/backlinks-crawler)"
37.27.59.176 - - [29/Mar/2026:11:47:01 +0700] "GET /shop/page/4/?min_price=0&per_page=18&shop_view=grid&per_row=2 HTTP/1.1" 200 41969 "-" "Mozilla/5.0 (compatible; SERankingBacklinksBot/1.0; +https://seranking.com/backlinks-crawler)"
37.27.59.176 - - [29/Mar/2026:11:47:06 +0700] "GET /shop/page/13/?min_price=0&per_row=2&per_page=8&shop_view=grid HTTP/1.1" 200 40472 "-" "Mozilla/5.0 (compatible; SERankingBacklinksBot/1.0; +https://seranking.com/backlinks-crawler)"
37.27.59.176 - - [29/Mar/2026:11:47:11 +0700] "GET /shop/page/1/?orderby=date&per_row=4&shop_view=grid&per_page=8 HTTP/1.1" 301 506 "-" "Mozilla/5.0 (compatible; SERankingBacklinksBot/1.0; +https://seranking.com/backlinks-crawler)"
37.27.59.176 - - [29/Mar/2026:11:47:12 +0700] "GET /shop/?orderby=date&per_row=4&shop_view=grid&per_page=8 HTTP/1.1" 200 41078 "-" "Mozilla/5.0 (compatible; SERankingBacklinksBot/1.0; +https://seranking.com/backlinks-crawler)"
37.27.59.176 - - [29/Mar/2026:11:47:17 +0700] "GET /shop/page/4/?min_price=0&per_page=18&shop_view=grid&per_row=4 HTTP/1.1" 200 41948 "-" "Mozilla/5.0 (compatible; SERankingBacklinksBot/1.0; +https://seranking.com/backlinks-crawler)"
37.27.59.176 - - [29/Mar/2026:11:47:21 +0700] "GET /shop/page/13/?min_price=0&per_row=4&per_page=8&shop_view=grid HTTP/1.1" 200 40357 "-" "Mozilla/5.0 (compatible; SERankingBacklinksBot/1.0; +https://seranking.com/backlinks-crawler)"
37.27.59.176 - - [29/Mar/2026:11:47:27 +0700] "GET /shop/page/1/?orderby=date&per_row=6&shop_view=grid&per_page=8 HTTP/1.1" 301 684 "-" "Mozilla/5.0 (compatible; SERankingBacklinksBot/1.0; +https://seranking.com/backlinks-crawler)"
37.27.59.176 - - [29/Mar/2026:11:47:27 +0700] "GET /shop/?orderby=date&per_row=6&shop_view=grid&per_page=8 HTTP/1.1" 200 41128 "-" "Mozilla/5.0 (compatible; SERankingBacklinksBot/1.0; +https://seranking.com/backlinks-crawler)"
37.27.59.176 - - [29/Mar/2026:11:47:32 +0700] "GET /shop/page/4/?min_price=0&per_page=18&shop_view=grid&per_row=6 HTTP/1.1" 200 41744 "-" "Mozilla/5.0 (compatible; SERankingBacklinksBot/1.0; +https://seranking.com/backlinks-crawler)"
103.131.51.123 - - [29/Mar/2026:11:47:38 +0700] "POST /wp-cron.php?doing_wp_cron=1774759658.3627130985260009765625 HTTP/1.1" 200 474 "-" "WordPress/6.9.4; https://lotushomemade.com"
37.27.59.176 - - [29/Mar/2026:11:47:37 +0700] "GET /shop/page/13/?min_price=0&per_row=6&per_page=8&shop_view=grid HTTP/1.1" 200 40344 "-" "Mozilla/5.0 (compatible; SERankingBacklinksBot/1.0; +https://seranking.com/backlinks-crawler)"
37.27.59.176 - - [29/Mar/2026:11:47:42 +0700] "GET /shop/page/11/?min_price=0&per_row=2&per_page=8&shop_view=grid HTTP/1.1" 200 40539 "-" "Mozilla/5.0 (compatible; SERankingBacklinksBot/1.0; +https://seranking.com/backlinks-crawler)"
37.27.59.176 - - [29/Mar/2026:11:47:46 +0700] "GET /shop/page/4/?min_price=0&per_page=24&shop_view=grid&per_row=2 HTTP/1.1" 200 42674 "-" "Mozilla/5.0 (compatible; SERankingBacklinksBot/1.0; +https://seranking.com/backlinks-crawler)"
37.27.59.176 - - [29/Mar/2026:11:47:51 +0700] "GET /shop/page/13/?orderby=rating&per_page=24&stock_status=instock HTTP/1.1" 200 41489 "-" "Mozilla/5.0 (compatible; SERankingBacklinksBot/1.0; +https://seranking.com/backlinks-crawler)"
94.23.188.197 - - [29/Mar/2026:11:47:55 +0700] "GET /product-category/crispy-snack-series/page/7/?per_row=6&shop_view=grid&per_page=12 HTTP/2" 200 33014 "-" "Mozilla/5.0 (compatible; AhrefsBot/7.0; +http://ahrefs.com/robot/)"
37.27.59.176 - - [29/Mar/2026:11:47:57 +0700] "GET /shop/page/11/?min_price=0&per_row=4&per_page=8&shop_view=grid HTTP/1.1" 200 40541 "-" "Mozilla/5.0 (compatible; SERankingBacklinksBot/1.0; +https://seranking.com/backlinks-crawler)"
37.27.59.176 - - [29/Mar/2026:11:48:04 +0700] "GET /shop/page/4/?min_price=0&per_page=24&shop_view=grid&per_row=4 HTTP/1.1" 200 42887 "-" "Mozilla/5.0 (compatible; SERankingBacklinksBot/1.0; +https://seranking.com/backlinks-crawler)"
37.27.59.176 - - [29/Mar/2026:11:48:09 +0700] "GET /shop/page/13/?orderby=rating&stock_status=instock&per_page=24 HTTP/1.1" 200 41665 "-" "Mozilla/5.0 (compatible; SERankingBacklinksBot/1.0; +https://seranking.com/backlinks-crawler)"
92.222.108.117 - - [29/Mar/2026:11:48:13 +0700] "GET /product-category/crispy-snack-series/page/6/?per_page=12&shop_view=grid&per_row=6 HTTP/2" 200 32929 "-" "Mozilla/5.0 (compatible; AhrefsBot/7.0; +http://ahrefs.com/robot/)"
37.27.59.176 - - [29/Mar/2026:11:48:14 +0700] "GET /shop/page/11/?min_price=0&per_row=6&per_page=8&shop_view=grid HTTP/1.1" 200 40538 "-" "Mozilla/5.0 (compatible; SERankingBacklinksBot/1.0; +https://seranking.com/backlinks-crawler)"
37.27.59.176 - - [29/Mar/2026:11:48:20 +0700] "GET /shop/page/4/?min_price=0&per_page=24&shop_view=grid&per_row=6 HTTP/1.1" 200 42933 "-" "Mozilla/5.0 (compatible; SERankingBacklinksBot/1.0; +https://seranking.com/backlinks-crawler)"
37.27.59.176 - - [29/Mar/2026:11:48:25 +0700] "GET /shop/page/16/?orderby=rating&per_page=18&stock_status=instock HTTP/1.1" 200 40956 "-" "Mozilla/5.0 (compatible; SERankingBacklinksBot/1.0; +https://seranking.com/backlinks-crawler)"
37.27.59.176 - - [29/Mar/2026:11:48:30 +0700] "GET /shop/page/11/?orderby=rating&per_page=24&stock_status=instock HTTP/1.1" 200 41837 "-" "Mozilla/5.0 (compatible; SERankingBacklinksBot/1.0; +https://seranking.com/backlinks-crawler)"
37.27.59.176 - - [29/Mar/2026:11:48:35 +0700] "GET /shop/page/4/?min_price=0&per_row=2&shop_view=grid&per_page=12 HTTP/1.1" 200 41138 "-" "Mozilla/5.0 (compatible; SERankingBacklinksBot/1.0; +https://seranking.com/backlinks-crawler)"
103.131.51.123 - - [29/Mar/2026:11:48:41 +0700] "POST /wp-cron.php?doing_wp_cron=1774759721.4021399021148681640625 HTTP/1.1" 200 474 "-" "WordPress/6.9.4; https://lotushomemade.com"
37.27.59.176 - - [29/Mar/2026:11:48:40 +0700] "GET /shop/page/16/?orderby=rating&stock_status=instock&per_page=18 HTTP/1.1" 200 40982 "-" "Mozilla/5.0 (compatible; SERankingBacklinksBot/1.0; +https://seranking.com/backlinks-crawler)"
37.27.59.176 - - [29/Mar/2026:11:48:45 +0700] "GET /shop/page/11/?orderby=rating&stock_status=instock&per_page=24 HTTP/1.1" 200 41819 "-" "Mozilla/5.0 (compatible; SERankingBacklinksBot/1.0; +https://seranking.com/backlinks-crawler)"
37.27.59.176 - - [29/Mar/2026:11:48:50 +0700] "GET /shop/page/4/?min_price=0&per_row=2&shop_view=grid&per_page=18 HTTP/1.1" 200 41748 "-" "Mozilla/5.0 (compatible; SERankingBacklinksBot/1.0; +https://seranking.com/backlinks-crawler)"
37.59.204.153 - - [29/Mar/2026:11:48:53 +0700] "GET /product-category/crispy-snack-series/page/6/?per_row=6&shop_view=grid&per_page=12 HTTP/2" 200 32914 "-" "Mozilla/5.0 (compatible; AhrefsBot/7.0; +http://ahrefs.com/robot/)"
37.27.59.176 - - [29/Mar/2026:11:48:55 +0700] "GET /shop/page/17/?orderby=rating&per_page=18&stock_status=instock HTTP/1.1" 200 40904 "-" "Mozilla/5.0 (compatible; SERankingBacklinksBot/1.0; +https://seranking.com/backlinks-crawler)"
37.27.59.176 - - [29/Mar/2026:11:49:00 +0700] "GET /shop/page/12/?min_price=0&per_row=2&per_page=8&shop_view=grid HTTP/1.1" 200 40625 "-" "Mozilla/5.0 (compatible; SERankingBacklinksBot/1.0; +https://seranking.com/backlinks-crawler)"
37.27.59.176 - - [29/Mar/2026:11:49:05 +0700] "GET /shop/page/4/?min_price=0&per_row=2&shop_view=grid&per_page=24 HTTP/1.1" 200 42689 "-" "Mozilla/5.0 (compatible; SERankingBacklinksBot/1.0; +https://seranking.com/backlinks-crawler)"
103.178.30.45 - - [29/Mar/2026:11:49:07 +0700] "GET /shop/page/8/?orderby=popularity&per_row=6&shop_view=grid&stock_status=instock%2Consale HTTP/1.1" 200 40989 "-" "Mozilla/5.0 (Macintosh; Intel Mac OS X 10_15_6) AppleWebKit/537.36 (KHTML, like Gecko) Brave Chrome/85.0.4183.121 Safari/537.36"
37.27.59.176 - - [29/Mar/2026:11:49:10 +0700] "GET /shop/page/17/?orderby=rating&stock_status=instock&per_page=18 HTTP/1.1" 200 41136 "-" "Mozilla/5.0 (compatible; SERankingBacklinksBot/1.0; +https://seranking.com/backlinks-crawler)"
37.27.59.176 - - [29/Mar/2026:11:49:15 +0700] "GET /shop/page/12/?min_price=0&per_row=4&per_page=8&shop_view=grid HTTP/1.1" 200 40696 "-" "Mozilla/5.0 (compatible; SERankingBacklinksBot/1.0; +https://seranking.com/backlinks-crawler)"
37.59.204.133 - - [29/Mar/2026:11:49:17 +0700] "GET /shop/?max_price=845 HTTP/2" 200 34410 "-" "Mozilla/5.0 (compatible; AhrefsBot/7.0; +http://ahrefs.com/robot/)"
37.27.59.176 - - [29/Mar/2026:11:49:21 +0700] "GET /shop/page/4/?min_price=0&per_row=4&shop_view=grid&per_page=12 HTTP/1.1" 200 41304 "-" "Mozilla/5.0 (compatible; SERankingBacklinksBot/1.0; +https://seranking.com/backlinks-crawler)"
37.27.59.176 - - [29/Mar/2026:11:49:25 +0700] "GET /shop/page/18/?orderby=rating&per_page=18&stock_status=instock HTTP/1.1" 200 41180 "-" "Mozilla/5.0 (compatible; SERankingBacklinksBot/1.0; +https://seranking.com/backlinks-crawler)"
52.167.144.220 - - [29/Mar/2026:11:49:28 +0700] "GET /shop/?per_row=4&per_page=8&shop_view=grid&stock_status=instock,onsale HTTP/2" 200 33928 "-" "Mozilla/5.0 AppleWebKit/537.36 (KHTML, like Gecko; compatible; bingbot/2.0; +http://www.bing.com/bingbot.htm) Chrome/116.0.1938.76 Safari/537.36"
37.27.59.176 - - [29/Mar/2026:11:49:30 +0700] "GET /shop/page/4/?min_price=0&per_row=4&shop_view=grid&per_page=18 HTTP/1.1" 200 41748 "-" "Mozilla/5.0 (compatible; SERankingBacklinksBot/1.0; +https://seranking.com/backlinks-crawler)"
216.244.66.239 - - [29/Mar/2026:11:49:33 +0700] "GET /robots.txt HTTP/1.1" 200 609 "-" "Mozilla/5.0 (compatible; DotBot/1.2; +https://opensiteexplorer.org/dotbot; help@moz.com)"
37.27.59.176 - - [29/Mar/2026:11:49:35 +0700] "GET /shop/page/18/?orderby=rating&stock_status=instock&per_page=18 HTTP/1.1" 200 41098 "-" "Mozilla/5.0 (compatible; SERankingBacklinksBot/1.0; +https://seranking.com/backlinks-crawler)"
103.131.51.123 - - [29/Mar/2026:11:49:42 +0700] "POST /wp-cron.php?doing_wp_cron=1774759782.0324549674987792968750 HTTP/1.1" 200 474 "-" "WordPress/6.9.4; https://lotushomemade.com"
37.27.59.176 - - [29/Mar/2026:11:49:40 +0700] "GET /shop/page/4/?min_price=0&per_row=4&shop_view=grid&per_page=24 HTTP/1.1" 200 42882 "-" "Mozilla/5.0 (compatible; SERankingBacklinksBot/1.0; +https://seranking.com/backlinks-crawler)"
37.27.59.176 - - [29/Mar/2026:11:49:46 +0700] "GET /shop/page/2/?min_price=0&per_page=12&shop_view=grid&per_row=2 HTTP/1.1" 200 41315 "-" "Mozilla/5.0 (compatible; SERankingBacklinksBot/1.0; +https://seranking.com/backlinks-crawler)"
37.27.59.176 - - [29/Mar/2026:11:49:51 +0700] "GET /shop/page/4/?min_price=0&per_row=6&shop_view=grid&per_page=12 HTTP/1.1" 200 41114 "-" "Mozilla/5.0 (compatible; SERankingBacklinksBot/1.0; +https://seranking.com/backlinks-crawler)"
37.27.59.176 - - [29/Mar/2026:11:49:57 +0700] "GET /shop/page/2/?min_price=0&per_page=12&shop_view=grid&per_row=4 HTTP/1.1" 200 41456 "-" "Mozilla/5.0 (compatible; SERankingBacklinksBot/1.0; +https://seranking.com/backlinks-crawler)"
5.39.1.225 - - [29/Mar/2026:11:49:59 +0700] "GET /shop/page/42/?stock_status=onsale&per_page=8 HTTP/2" 200 33385 "-" "Mozilla/5.0 (compatible; AhrefsBot/7.0; +http://ahrefs.com/robot/)"
37.27.59.176 - - [29/Mar/2026:11:50:01 +0700] "GET /shop/page/4/?min_price=0&per_row=6&shop_view=grid&per_page=18 HTTP/1.1" 200 41747 "-" "Mozilla/5.0 (compatible; SERankingBacklinksBot/1.0; +https://seranking.com/backlinks-crawler)"
37.27.59.176 - - [29/Mar/2026:11:50:06 +0700] "GET /shop/page/2/?min_price=0&per_page=12&shop_view=grid&per_row=6 HTTP/1.1" 200 41247 "-" "Mozilla/5.0 (compatible; SERankingBacklinksBot/1.0; +https://seranking.com/backlinks-crawler)"
37.27.59.176 - - [29/Mar/2026:11:50:11 +0700] "GET /shop/page/4/?min_price=0&per_row=6&shop_view=grid&per_page=24 HTTP/1.1" 200 42907 "-" "Mozilla/5.0 (compatible; SERankingBacklinksBot/1.0; +https://seranking.com/backlinks-crawler)"
37.27.59.176 - - [29/Mar/2026:11:50:16 +0700] "GET /shop/page/2/?min_price=0&per_page=18&shop_view=grid&per_row=2 HTTP/1.1" 200 42413 "-" "Mozilla/5.0 (compatible; SERankingBacklinksBot/1.0; +https://seranking.com/backlinks-crawler)"
37.27.59.176 - - [29/Mar/2026:11:50:21 +0700] "GET /shop/page/4/?orderby=date&per_row=2&per_page=8&shop_view=grid HTTP/1.1" 200 40581 "-" "Mozilla/5.0 (compatible; SERankingBacklinksBot/1.0; +https://seranking.com/backlinks-crawler)"
37.27.59.176 - - [29/Mar/2026:11:50:26 +0700] "GET /shop/page/2/?min_price=0&per_page=18&shop_view=grid&per_row=4 HTTP/1.1" 200 42573 "-" "Mozilla/5.0 (compatible; SERankingBacklinksBot/1.0; +https://seranking.com/backlinks-crawler)"
37.27.59.176 - - [29/Mar/2026:11:50:31 +0700] "GET /shop/page/4/?orderby=date&per_row=4&per_page=8&shop_view=grid HTTP/1.1" 200 40588 "-" "Mozilla/5.0 (compatible; SERankingBacklinksBot/1.0; +https://seranking.com/backlinks-crawler)"
92.222.108.99 - - [29/Mar/2026:11:50:35 +0700] "GET /shop/page/43/?orderby=rating&stock_status=instock&per_row=4&shop_view=grid&per_page=8 HTTP/2" 200 33228 "-" "Mozilla/5.0 (compatible; AhrefsBot/7.0; +http://ahrefs.com/robot/)"
37.27.59.176 - - [29/Mar/2026:11:50:36 +0700] "GET /shop/page/2/?min_price=0&per_page=18&shop_view=grid&per_row=6 HTTP/1.1" 200 42439 "-" "Mozilla/5.0 (compatible; SERankingBacklinksBot/1.0; +https://seranking.com/backlinks-crawler)"
103.131.51.123 - - [29/Mar/2026:11:50:43 +0700] "POST /wp-cron.php?doing_wp_cron=1774759843.0830180644989013671875 HTTP/1.1" 200 474 "-" "WordPress/6.9.4; https://lotushomemade.com"
37.27.59.176 - - [29/Mar/2026:11:50:41 +0700] "GET /shop/page/4/?orderby=date&per_row=6&per_page=8&shop_view=grid HTTP/1.1" 200 40819 "-" "Mozilla/5.0 (compatible; SERankingBacklinksBot/1.0; +https://seranking.com/backlinks-crawler)"
37.27.59.176 - - [29/Mar/2026:11:50:46 +0700] "GET /shop/page/2/?min_price=0&per_page=24&shop_view=grid&per_row=2 HTTP/1.1" 200 43710 "-" "Mozilla/5.0 (compatible; SERankingBacklinksBot/1.0; +https://seranking.com/backlinks-crawler)"
75.127.14.16 - - [29/Mar/2026:11:50:49 +0700] "POST /xmlrpc.php HTTP/1.1" 200 676 "-" "Mozilla/5.0 (Windows NT 10.0) AppleWebKit/537.36 (KHTML, like Gecko) Chrome/142.0.0.0 Safari/537.36 Edg/142.0.0.0"
37.27.59.176 - - [29/Mar/2026:11:50:52 +0700] "GET /shop/page/45/?min_price=0&per_page=8&shop_view=grid&per_row=2 HTTP/1.1" 200 40283 "-" "Mozilla/5.0 (compatible; SERankingBacklinksBot/1.0; +https://seranking.com/backlinks-crawler)"
37.27.59.176 - - [29/Mar/2026:11:50:56 +0700] "GET /shop/page/2/?min_price=0&per_page=24&shop_view=grid&per_row=4 HTTP/1.1" 200 43595 "-" "Mozilla/5.0 (compatible; SERankingBacklinksBot/1.0; +https://seranking.com/backlinks-crawler)"
37.27.59.176 - - [29/Mar/2026:11:51:02 +0700] "GET /shop/page/45/?min_price=0&per_page=8&shop_view=grid&per_row=4 HTTP/1.1" 200 40359 "-" "Mozilla/5.0 (compatible; SERankingBacklinksBot/1.0; +https://seranking.com/backlinks-crawler)"
37.27.59.176 - - [29/Mar/2026:11:51:07 +0700] "GET /shop/page/2/?min_price=0&per_page=24&shop_view=grid&per_row=6 HTTP/1.1" 200 43842 "-" "Mozilla/5.0 (compatible; SERankingBacklinksBot/1.0; +https://seranking.com/backlinks-crawler)"
54.37.118.76 - - [29/Mar/2026:11:51:09 +0700] "GET /product-category/crispy-snack-series/page/7/?per_row=6&shop_view=grid&stock_status=instock HTTP/2" 200 33051 "-" "Mozilla/5.0 (compatible; AhrefsBot/7.0; +http://ahrefs.com/robot/)"
37.27.59.176 - - [29/Mar/2026:11:51:13 +0700] "GET /shop/page/45/?min_price=0&per_page=8&shop_view=grid&per_row=6 HTTP/1.1" 200 40293 "-" "Mozilla/5.0 (compatible; SERankingBacklinksBot/1.0; +https://seranking.com/backlinks-crawler)"
37.27.59.176 - - [29/Mar/2026:11:51:18 +0700] "GET /shop/page/2/?min_price=0&per_row=2&shop_view=grid&per_page=12 HTTP/1.1" 200 41485 "-" "Mozilla/5.0 (compatible; SERankingBacklinksBot/1.0; +https://seranking.com/backlinks-crawler)"
37.27.59.176 - - [29/Mar/2026:11:51:23 +0700] "GET /shop/page/45/?min_price=0&per_row=2&shop_view=grid&per_page=8 HTTP/1.1" 200 40178 "-" "Mozilla/5.0 (compatible; SERankingBacklinksBot/1.0; +https://seranking.com/backlinks-crawler)"
37.27.59.176 - - [29/Mar/2026:11:51:29 +0700] "GET /shop/page/2/?min_price=0&per_row=2&shop_view=grid&per_page=18 HTTP/1.1" 200 42519 "-" "Mozilla/5.0 (compatible; SERankingBacklinksBot/1.0; +https://seranking.com/backlinks-crawler)"
143.198.154.102 - - [29/Mar/2026:11:51:34 +0700] "POST /xmlrpc.php HTTP/1.1" 200 676 "-" "Mozilla/5.0 (Windows NT 10.0; WOW64) AppleWebKit/537.36 (KHTML, like Gecko) Chrome/141.0.0.0 Safari/537.36 Edg/141.0.0.0"
37.27.59.176 - - [29/Mar/2026:11:51:34 +0700] "GET /shop/page/45/?min_price=0&per_row=4&shop_view=grid&per_page=8 HTTP/1.1" 200 40179 "-" "Mozilla/5.0 (compatible; SERankingBacklinksBot/1.0; +https://seranking.com/backlinks-crawler)"
103.131.51.123 - - [29/Mar/2026:11:51:41 +0700] "POST /wp-cron.php?doing_wp_cron=1774759901.2455279827117919921875 HTTP/1.1" 200 474 "-" "WordPress/6.9.4; https://lotushomemade.com"
37.27.59.176 - - [29/Mar/2026:11:51:39 +0700] "GET /shop/page/2/?min_price=0&per_row=2&shop_view=grid&per_page=24 HTTP/1.1" 200 43816 "-" "Mozilla/5.0 (compatible; SERankingBacklinksBot/1.0; +https://seranking.com/backlinks-crawler)"
37.27.59.176 - - [29/Mar/2026:11:51:44 +0700] "GET /shop/page/45/?min_price=0&per_row=6&shop_view=grid&per_page=8 HTTP/1.1" 200 40127 "-" "Mozilla/5.0 (compatible; SERankingBacklinksBot/1.0; +https://seranking.com/backlinks-crawler)"
37.27.59.176 - - [29/Mar/2026:11:51:49 +0700] "GET /shop/page/2/?min_price=0&per_row=4&shop_view=grid&per_page=12 HTTP/1.1" 200 41296 "-" "Mozilla/5.0 (compatible; SERankingBacklinksBot/1.0; +https://seranking.com/backlinks-crawler)"
176.31.139.30 - - [29/Mar/2026:11:51:50 +0700] "GET /product-category/kuih-kapit-series/?stock_status=instock%2Consale&per_row=6&per_page=24&shop_view=grid&filter_brand=blessing-food HTTP/2" 200 33234 "-" "Mozilla/5.0 (compatible; AhrefsBot/7.0; +http://ahrefs.com/robot/)"
37.27.59.176 - - [29/Mar/2026:11:51:54 +0700] "GET /shop/page/46/?min_price=0&per_page=8&shop_view=grid&per_row=2 HTTP/1.1" 200 40120 "-" "Mozilla/5.0 (compatible; SERankingBacklinksBot/1.0; +https://seranking.com/backlinks-crawler)"
37.27.59.176 - - [29/Mar/2026:11:51:59 +0700] "GET /shop/page/2/?min_price=0&per_row=4&shop_view=grid&per_page=18 HTTP/1.1" 200 42586 "-" "Mozilla/5.0 (compatible; SERankingBacklinksBot/1.0; +https://seranking.com/backlinks-crawler)"
52.167.144.212 - - [29/Mar/2026:11:52:04 +0700] "GET /wp-content/uploads/2023/11/2015-150x150.png HTTP/2" 200 39937 "-" "Mozilla/5.0 AppleWebKit/537.36 (KHTML, like Gecko; compatible; bingbot/2.0; +http://www.bing.com/bingbot.htm) Chrome/116.0.1938.76 Safari/537.36"
37.27.59.176 - - [29/Mar/2026:11:52:04 +0700] "GET /shop/page/46/?min_price=0&per_page=8&shop_view=grid&per_row=4 HTTP/1.1" 200 40023 "-" "Mozilla/5.0 (compatible; SERankingBacklinksBot/1.0; +https://seranking.com/backlinks-crawler)"
37.27.59.176 - - [29/Mar/2026:11:52:09 +0700] "GET /shop/page/2/?min_price=0&per_row=4&shop_view=grid&per_page=24 HTTP/1.1" 200 43891 "-" "Mozilla/5.0 (compatible; SERankingBacklinksBot/1.0; +https://seranking.com/backlinks-crawler)"
37.27.59.176 - - [29/Mar/2026:11:52:14 +0700] "GET /shop/page/46/?min_price=0&per_page=8&shop_view=grid&per_row=6 HTTP/1.1" 200 39971 "-" "Mozilla/5.0 (compatible; SERankingBacklinksBot/1.0; +https://seranking.com/backlinks-crawler)"
66.249.71.133 - - [29/Mar/2026:11:52:15 +0700] "GET /product/scs-butter-pineapple-roll-l/ HTTP/1.1" 200 35949 "-" "Mozilla/5.0 (Linux; Android 6.0.1; Nexus 5X Build/MMB29P) AppleWebKit/537.36 (KHTML, like Gecko) Chrome/146.0.7680.153 Mobile Safari/537.36 (compatible; Googlebot/2.1; +http://www.google.com/bot.html)"
37.27.59.176 - - [29/Mar/2026:11:52:20 +0700] "GET /shop/page/2/?min_price=0&per_row=6&shop_view=grid&per_page=12 HTTP/1.1" 200 41428 "-" "Mozilla/5.0 (compatible; SERankingBacklinksBot/1.0; +https://seranking.com/backlinks-crawler)"
66.249.79.3 - - [29/Mar/2026:11:52:23 +0700] "GET /wp-content/themes/woodmart-child/style.css?ver=7.2.5 HTTP/1.1" 200 762 "https://lotushomemade.com/product/scs-butter-pineapple-roll-l/" "Mozilla/5.0 (Linux; Android 6.0.1; Nexus 5X Build/MMB29P) AppleWebKit/537.36 (KHTML, like Gecko) Chrome/146.0.7680.153 Mobile Safari/537.36 (compatible; Googlebot/2.1; +http://www.google.com/bot.html)"
66.249.79.3 - - [29/Mar/2026:11:52:23 +0700] "GET /wp-content/themes/woodmart/css/parts/woo-mod-stock-status.min.css?ver=7.2.5 HTTP/1.1" 200 967 "https://lotushomemade.com/product/scs-butter-pineapple-roll-l/" "Mozilla/5.0 (Linux; Android 6.0.1; Nexus 5X Build/MMB29P) AppleWebKit/537.36 (KHTML, like Gecko) Chrome/146.0.7680.153 Mobile Safari/537.36 (compatible; Googlebot/2.1; +http://www.google.com/bot.html)"
