37.27.59.176 - - [29/Mar/2026:12:04:49 +0700] "GET /shop/page/1/?orderby=price&per_page=8&shop_view=grid&per_row=2 HTTP/1.1" 301 685 "-" "Mozilla/5.0 (compatible; SERankingBacklinksBot/1.0; +https://seranking.com/backlinks-crawler)"
37.27.59.176 - - [29/Mar/2026:12:04:49 +0700] "GET /shop/?orderby=price&per_page=8&shop_view=grid&per_row=2 HTTP/1.1" 200 40815 "-" "Mozilla/5.0 (compatible; SERankingBacklinksBot/1.0; +https://seranking.com/backlinks-crawler)"
37.27.59.176 - - [29/Mar/2026:12:04:54 +0700] "GET /shop/page/42/?orderby=date&per_page=8&shop_view=grid&per_row=6 HTTP/1.1" 200 40433 "-" "Mozilla/5.0 (compatible; SERankingBacklinksBot/1.0; +https://seranking.com/backlinks-crawler)"
37.27.59.176 - - [29/Mar/2026:12:04:59 +0700] "GET /shop/page/15/?min_price=0&per_row=4&per_page=18&shop_view=grid HTTP/1.1" 200 41081 "-" "Mozilla/5.0 (compatible; SERankingBacklinksBot/1.0; +https://seranking.com/backlinks-crawler)"
92.222.108.121 - - [29/Mar/2026:12:05:03 +0700] "GET /product-category/crispy-snack-series/page/5/?stock_status=onsale&shop_view=grid&per_row=4 HTTP/2" 200 32834 "-" "Mozilla/5.0 (compatible; AhrefsBot/7.0; +http://ahrefs.com/robot/)"
37.27.59.176 - - [29/Mar/2026:12:05:04 +0700] "GET /shop/page/1/?orderby=price&per_page=8&shop_view=grid&per_row=4 HTTP/1.1" 301 685 "-" "Mozilla/5.0 (compatible; SERankingBacklinksBot/1.0; +https://seranking.com/backlinks-crawler)"
37.27.59.176 - - [29/Mar/2026:12:05:05 +0700] "GET /shop/?orderby=price&per_page=8&shop_view=grid&per_row=4 HTTP/1.1" 200 40860 "-" "Mozilla/5.0 (compatible; SERankingBacklinksBot/1.0; +https://seranking.com/backlinks-crawler)"
37.27.59.176 - - [29/Mar/2026:12:05:10 +0700] "GET /shop/page/42/?orderby=date&per_row=2&shop_view=grid&per_page=8 HTTP/1.1" 200 40413 "-" "Mozilla/5.0 (compatible; SERankingBacklinksBot/1.0; +https://seranking.com/backlinks-crawler)"
37.27.59.176 - - [29/Mar/2026:12:05:15 +0700] "GET /shop/page/15/?min_price=0&per_row=4&shop_view=grid&per_page=24 HTTP/1.1" 200 41993 "-" "Mozilla/5.0 (compatible; SERankingBacklinksBot/1.0; +https://seranking.com/backlinks-crawler)"
37.27.59.176 - - [29/Mar/2026:12:05:20 +0700] "GET /shop/page/1/?orderby=price&per_page=8&shop_view=grid&per_row=6 HTTP/1.1" 301 507 "-" "Mozilla/5.0 (compatible; SERankingBacklinksBot/1.0; +https://seranking.com/backlinks-crawler)"
37.27.59.176 - - [29/Mar/2026:12:05:21 +0700] "GET /shop/?orderby=price&per_page=8&shop_view=grid&per_row=6 HTTP/1.1" 200 40867 "-" "Mozilla/5.0 (compatible; SERankingBacklinksBot/1.0; +https://seranking.com/backlinks-crawler)"
92.205.20.61 - - [29/Mar/2026:12:05:23 +0700] "GET /wp-login.php HTTP/2" 200 1889 "-" "Mozilla/5.0 (Windows NT 6.3; Win64; x64) AppleWebKit/537.36 (KHTML, like Gecko) Chrome/67.0.3396.87 Safari/537.36"
37.27.59.176 - - [29/Mar/2026:12:05:26 +0700] "GET /shop/page/42/?orderby=date&per_row=4&shop_view=grid&per_page=8 HTTP/1.1" 200 40464 "-" "Mozilla/5.0 (compatible; SERankingBacklinksBot/1.0; +https://seranking.com/backlinks-crawler)"
92.205.20.61 - - [29/Mar/2026:12:05:27 +0700] "POST /wp-login.php HTTP/2" 200 2027 "https://lotushomemade.com/wp-login.php" "Mozilla/5.0 (Windows NT 6.3; Win64; x64) AppleWebKit/537.36 (KHTML, like Gecko) Chrome/67.0.3396.87 Safari/537.36"
37.27.59.176 - - [29/Mar/2026:12:05:31 +0700] "GET /shop/page/15/?min_price=0&per_row=6&per_page=18&shop_view=grid HTTP/1.1" 200 41069 "-" "Mozilla/5.0 (compatible; SERankingBacklinksBot/1.0; +https://seranking.com/backlinks-crawler)"
37.27.59.176 - - [29/Mar/2026:12:05:37 +0700] "GET /shop/page/1/?orderby=price&per_row=2&shop_view=grid&per_page=8 HTTP/1.1" 301 685 "-" "Mozilla/5.0 (compatible; SERankingBacklinksBot/1.0; +https://seranking.com/backlinks-crawler)"
103.131.51.123 - - [29/Mar/2026:12:05:38 +0700] "POST /wp-cron.php?doing_wp_cron=1774760738.7834599018096923828125 HTTP/1.1" 200 474 "-" "WordPress/6.9.4; https://lotushomemade.com"
37.27.59.176 - - [29/Mar/2026:12:05:37 +0700] "GET /shop/?orderby=price&per_row=2&shop_view=grid&per_page=8 HTTP/1.1" 200 40807 "-" "Mozilla/5.0 (compatible; SERankingBacklinksBot/1.0; +https://seranking.com/backlinks-crawler)"
37.27.59.176 - - [29/Mar/2026:12:05:44 +0700] "GET /shop/page/42/?orderby=date&per_row=6&shop_view=grid&per_page=8 HTTP/1.1" 200 40600 "-" "Mozilla/5.0 (compatible; SERankingBacklinksBot/1.0; +https://seranking.com/backlinks-crawler)"
92.222.104.202 - - [29/Mar/2026:12:05:47 +0700] "GET /shop/?stock_status=instock&shop_view=grid&per_row=2 HTTP/2" 200 34324 "-" "Mozilla/5.0 (compatible; AhrefsBot/7.0; +http://ahrefs.com/robot/)"
37.27.59.176 - - [29/Mar/2026:12:05:49 +0700] "GET /shop/page/15/?min_price=0&per_row=6&shop_view=grid&per_page=24 HTTP/1.1" 200 41991 "-" "Mozilla/5.0 (compatible; SERankingBacklinksBot/1.0; +https://seranking.com/backlinks-crawler)"
37.27.59.176 - - [29/Mar/2026:12:05:55 +0700] "GET /shop/page/1/?orderby=price&per_row=4&shop_view=grid&per_page=8 HTTP/1.1" 301 685 "-" "Mozilla/5.0 (compatible; SERankingBacklinksBot/1.0; +https://seranking.com/backlinks-crawler)"
37.27.59.176 - - [29/Mar/2026:12:05:55 +0700] "GET /shop/?orderby=price&per_row=4&shop_view=grid&per_page=8 HTTP/1.1" 200 40828 "-" "Mozilla/5.0 (compatible; SERankingBacklinksBot/1.0; +https://seranking.com/backlinks-crawler)"
37.27.59.176 - - [29/Mar/2026:12:06:00 +0700] "GET /shop/page/43/?orderby=date&per_page=8&shop_view=grid&per_row=2 HTTP/1.1" 200 40399 "-" "Mozilla/5.0 (compatible; SERankingBacklinksBot/1.0; +https://seranking.com/backlinks-crawler)"
37.27.59.176 - - [29/Mar/2026:12:06:05 +0700] "GET /shop/page/16/?min_price=0&per_page=24&shop_view=grid&per_row=2 HTTP/1.1" 200 40906 "-" "Mozilla/5.0 (compatible; SERankingBacklinksBot/1.0; +https://seranking.com/backlinks-crawler)"
37.27.59.176 - - [29/Mar/2026:12:06:11 +0700] "GET /shop/page/1/?orderby=price&per_row=6&shop_view=grid&per_page=8 HTTP/1.1" 301 685 "-" "Mozilla/5.0 (compatible; SERankingBacklinksBot/1.0; +https://seranking.com/backlinks-crawler)"
37.27.59.176 - - [29/Mar/2026:12:06:11 +0700] "GET /shop/?orderby=price&per_row=6&shop_view=grid&per_page=8 HTTP/1.1" 200 40806 "-" "Mozilla/5.0 (compatible; SERankingBacklinksBot/1.0; +https://seranking.com/backlinks-crawler)"
37.27.59.176 - - [29/Mar/2026:12:06:16 +0700] "GET /shop/page/43/?orderby=date&per_page=8&shop_view=grid&per_row=4 HTTP/1.1" 200 40254 "-" "Mozilla/5.0 (compatible; SERankingBacklinksBot/1.0; +https://seranking.com/backlinks-crawler)"
37.27.59.176 - - [29/Mar/2026:12:06:20 +0700] "GET /shop/page/16/?min_price=0&per_page=24&shop_view=grid&per_row=4 HTTP/1.1" 200 41019 "-" "Mozilla/5.0 (compatible; SERankingBacklinksBot/1.0; +https://seranking.com/backlinks-crawler)"
37.27.59.176 - - [29/Mar/2026:12:06:26 +0700] "GET /shop/page/1/?orderby=price-desc&per_page=8&stock_status=onsale HTTP/1.1" 301 597 "-" "Mozilla/5.0 (compatible; SERankingBacklinksBot/1.0; +https://seranking.com/backlinks-crawler)"
37.27.59.176 - - [29/Mar/2026:12:06:26 +0700] "GET /shop/?orderby=price-desc&per_page=8&stock_status=onsale HTTP/1.1" 200 40894 "-" "Mozilla/5.0 (compatible; SERankingBacklinksBot/1.0; +https://seranking.com/backlinks-crawler)"
37.27.59.176 - - [29/Mar/2026:12:06:31 +0700] "GET /shop/page/43/?orderby=date&per_page=8&shop_view=grid&per_row=6 HTTP/1.1" 200 40240 "-" "Mozilla/5.0 (compatible; SERankingBacklinksBot/1.0; +https://seranking.com/backlinks-crawler)"
37.27.59.176 - - [29/Mar/2026:12:06:36 +0700] "GET /shop/page/16/?min_price=0&per_page=24&shop_view=grid&per_row=6 HTTP/1.1" 200 41100 "-" "Mozilla/5.0 (compatible; SERankingBacklinksBot/1.0; +https://seranking.com/backlinks-crawler)"
103.131.51.123 - - [29/Mar/2026:12:06:42 +0700] "POST /wp-cron.php?doing_wp_cron=1774760802.0410430431365966796875 HTTP/1.1" 200 474 "-" "WordPress/6.9.4; https://lotushomemade.com"
37.27.59.176 - - [29/Mar/2026:12:06:41 +0700] "GET /shop/page/1/?orderby=price-desc&stock_status=onsale&per_page=8 HTTP/1.1" 301 419 "-" "Mozilla/5.0 (compatible; SERankingBacklinksBot/1.0; +https://seranking.com/backlinks-crawler)"
37.27.59.176 - - [29/Mar/2026:12:06:42 +0700] "GET /shop/?orderby=price-desc&stock_status=onsale&per_page=8 HTTP/1.1" 200 40952 "-" "Mozilla/5.0 (compatible; SERankingBacklinksBot/1.0; +https://seranking.com/backlinks-crawler)"
37.27.59.176 - - [29/Mar/2026:12:06:47 +0700] "GET /shop/page/43/?orderby=date&per_row=2&shop_view=grid&per_page=8 HTTP/1.1" 200 40433 "-" "Mozilla/5.0 (compatible; SERankingBacklinksBot/1.0; +https://seranking.com/backlinks-crawler)"
37.27.59.176 - - [29/Mar/2026:12:06:52 +0700] "GET /shop/page/16/?min_price=0&per_row=2&shop_view=grid&per_page=24 HTTP/1.1" 200 40998 "-" "Mozilla/5.0 (compatible; SERankingBacklinksBot/1.0; +https://seranking.com/backlinks-crawler)"
37.27.59.176 - - [29/Mar/2026:12:06:56 +0700] "GET /shop/page/10/?min_price=0&per_row=2&per_page=18&shop_view=grid HTTP/1.1" 200 42044 "-" "Mozilla/5.0 (compatible; SERankingBacklinksBot/1.0; +https://seranking.com/backlinks-crawler)"
37.27.59.176 - - [29/Mar/2026:12:07:02 +0700] "GET /shop/page/43/?orderby=date&per_row=4&shop_view=grid&per_page=8 HTTP/1.1" 200 40419 "-" "Mozilla/5.0 (compatible; SERankingBacklinksBot/1.0; +https://seranking.com/backlinks-crawler)"
37.27.59.176 - - [29/Mar/2026:12:07:07 +0700] "GET /shop/page/16/?min_price=0&per_row=4&shop_view=grid&per_page=24 HTTP/1.1" 200 41005 "-" "Mozilla/5.0 (compatible; SERankingBacklinksBot/1.0; +https://seranking.com/backlinks-crawler)"
84.201.130.79 - - [29/Mar/2026:12:07:12 +0700] "POST /xmlrpc.php HTTP/1.1" 200 676 "-" "Mozilla/5.0 (Windows NT 10.0) AppleWebKit/537.36 (KHTML, like Gecko) Chrome/141.0.0.0 Safari/537.36"
37.27.59.176 - - [29/Mar/2026:12:07:11 +0700] "GET /shop/page/10/?min_price=0&per_row=2&per_page=24&shop_view=grid HTTP/1.1" 200 41921 "-" "Mozilla/5.0 (compatible; SERankingBacklinksBot/1.0; +https://seranking.com/backlinks-crawler)"
94.23.188.210 - - [29/Mar/2026:12:07:14 +0700] "GET /product-category/crispy-snack-series/page/6/?per_page=12&stock_status=instock HTTP/2" 200 32898 "-" "Mozilla/5.0 (compatible; AhrefsBot/7.0; +http://ahrefs.com/robot/)"
103.131.51.123 - - [29/Mar/2026:12:07:18 +0700] "POST /wp-cron.php?doing_wp_cron=1774760838.1943469047546386718750 HTTP/1.1" 200 474 "-" "WordPress/6.9.4; https://lotushomemade.com"
37.27.59.176 - - [29/Mar/2026:12:07:16 +0700] "GET /shop/page/43/?orderby=date&per_row=6&shop_view=grid&per_page=8 HTTP/1.1" 200 40433 "-" "Mozilla/5.0 (compatible; SERankingBacklinksBot/1.0; +https://seranking.com/backlinks-crawler)"
37.27.59.176 - - [29/Mar/2026:12:07:21 +0700] "GET /shop/page/16/?min_price=0&per_row=6&shop_view=grid&per_page=24 HTTP/1.1" 200 40912 "-" "Mozilla/5.0 (compatible; SERankingBacklinksBot/1.0; +https://seranking.com/backlinks-crawler)"
37.27.59.176 - - [29/Mar/2026:12:07:29 +0700] "GET /shop/page/10/?min_price=0&per_row=4&per_page=18&shop_view=grid HTTP/1.1" 200 42171 "-" "Mozilla/5.0 (compatible; SERankingBacklinksBot/1.0; +https://seranking.com/backlinks-crawler)"
37.27.59.176 - - [29/Mar/2026:12:07:34 +0700] "GET /shop/page/44/?orderby=date&per_page=8&shop_view=grid&per_row=2 HTTP/1.1" 200 40256 "-" "Mozilla/5.0 (compatible; SERankingBacklinksBot/1.0; +https://seranking.com/backlinks-crawler)"
103.131.51.123 - - [29/Mar/2026:12:07:40 +0700] "POST /wp-cron.php?doing_wp_cron=1774760860.0246150493621826171875 HTTP/1.1" 200 474 "-" "WordPress/6.9.4; https://lotushomemade.com"
37.27.59.176 - - [29/Mar/2026:12:07:38 +0700] "GET /shop/page/19/?min_price=0&per_page=18&shop_view=grid&per_row=2 HTTP/1.1" 200 41726 "-" "Mozilla/5.0 (compatible; SERankingBacklinksBot/1.0; +https://seranking.com/backlinks-crawler)"
37.27.59.176 - - [29/Mar/2026:12:07:44 +0700] "GET /shop/page/10/?min_price=0&per_row=4&per_page=24&shop_view=grid HTTP/1.1" 200 42117 "-" "Mozilla/5.0 (compatible; SERankingBacklinksBot/1.0; +https://seranking.com/backlinks-crawler)"
37.27.59.176 - - [29/Mar/2026:12:07:50 +0700] "GET /shop/page/44/?orderby=date&per_page=8&shop_view=grid&per_row=4 HTTP/1.1" 200 40458 "-" "Mozilla/5.0 (compatible; SERankingBacklinksBot/1.0; +https://seranking.com/backlinks-crawler)"
37.27.59.176 - - [29/Mar/2026:12:07:55 +0700] "GET /shop/page/19/?min_price=0&per_page=18&shop_view=grid&per_row=4 HTTP/1.1" 200 41653 "-" "Mozilla/5.0 (compatible; SERankingBacklinksBot/1.0; +https://seranking.com/backlinks-crawler)"
37.27.59.176 - - [29/Mar/2026:12:07:59 +0700] "GET /shop/page/10/?min_price=0&per_row=6&per_page=18&shop_view=grid HTTP/1.1" 200 41919 "-" "Mozilla/5.0 (compatible; SERankingBacklinksBot/1.0; +https://seranking.com/backlinks-crawler)"
37.27.59.176 - - [29/Mar/2026:12:08:05 +0700] "GET /shop/page/44/?orderby=date&per_page=8&shop_view=grid&per_row=6 HTTP/1.1" 200 40448 "-" "Mozilla/5.0 (compatible; SERankingBacklinksBot/1.0; +https://seranking.com/backlinks-crawler)"
37.27.59.176 - - [29/Mar/2026:12:08:10 +0700] "GET /shop/page/19/?min_price=0&per_page=18&shop_view=grid&per_row=6 HTTP/1.1" 200 41745 "-" "Mozilla/5.0 (compatible; SERankingBacklinksBot/1.0; +https://seranking.com/backlinks-crawler)"
37.27.59.176 - - [29/Mar/2026:12:08:14 +0700] "GET /shop/page/10/?min_price=0&per_row=6&per_page=24&shop_view=grid HTTP/1.1" 200 41936 "-" "Mozilla/5.0 (compatible; SERankingBacklinksBot/1.0; +https://seranking.com/backlinks-crawler)"
37.27.59.176 - - [29/Mar/2026:12:08:20 +0700] "GET /shop/page/44/?orderby=date&per_row=2&shop_view=grid&per_page=8 HTTP/1.1" 200 40449 "-" "Mozilla/5.0 (compatible; SERankingBacklinksBot/1.0; +https://seranking.com/backlinks-crawler)"
92.222.108.106 - - [29/Mar/2026:12:08:21 +0700] "GET /shop/?max_price=630&per_row=2&shop_view=grid&per_page=8 HTTP/2" 200 34081 "-" "Mozilla/5.0 (compatible; AhrefsBot/7.0; +http://ahrefs.com/robot/)"
217.160.22.146 - - [29/Mar/2026:12:08:24 +0700] "POST /xmlrpc.php HTTP/1.1" 200 676 "-" "Mozilla/5.0 (Windows NT 10.0) AppleWebKit/537.36 (KHTML, like Gecko) Chrome/141.0.0.0 Safari/537.36"
37.27.59.176 - - [29/Mar/2026:12:08:25 +0700] "GET /shop/page/19/?min_price=0&per_row=2&shop_view=grid&per_page=18 HTTP/1.1" 200 41718 "-" "Mozilla/5.0 (compatible; SERankingBacklinksBot/1.0; +https://seranking.com/backlinks-crawler)"
37.27.59.176 - - [29/Mar/2026:12:08:29 +0700] "GET /shop/page/11/?min_price=0&per_row=2&per_page=12&shop_view=grid HTTP/1.1" 200 40747 "-" "Mozilla/5.0 (compatible; SERankingBacklinksBot/1.0; +https://seranking.com/backlinks-crawler)"
37.27.59.176 - - [29/Mar/2026:12:08:35 +0700] "GET /shop/page/44/?orderby=date&per_row=4&shop_view=grid&per_page=8 HTTP/1.1" 200 40431 "-" "Mozilla/5.0 (compatible; SERankingBacklinksBot/1.0; +https://seranking.com/backlinks-crawler)"
103.131.51.123 - - [29/Mar/2026:12:08:41 +0700] "POST /wp-cron.php?doing_wp_cron=1774760921.6114699840545654296875 HTTP/1.1" 200 474 "-" "WordPress/6.9.4; https://lotushomemade.com"
37.27.59.176 - - [29/Mar/2026:12:08:40 +0700] "GET /shop/page/19/?min_price=0&per_row=4&shop_view=grid&per_page=18 HTTP/1.1" 200 41749 "-" "Mozilla/5.0 (compatible; SERankingBacklinksBot/1.0; +https://seranking.com/backlinks-crawler)"
37.27.59.176 - - [29/Mar/2026:12:08:45 +0700] "GET /shop/page/11/?min_price=0&per_row=4&per_page=12&shop_view=grid HTTP/1.1" 200 40901 "-" "Mozilla/5.0 (compatible; SERankingBacklinksBot/1.0; +https://seranking.com/backlinks-crawler)"
37.27.59.176 - - [29/Mar/2026:12:08:50 +0700] "GET /shop/page/44/?orderby=date&per_row=6&shop_view=grid&per_page=8 HTTP/1.1" 200 40290 "-" "Mozilla/5.0 (compatible; SERankingBacklinksBot/1.0; +https://seranking.com/backlinks-crawler)"
37.27.59.176 - - [29/Mar/2026:12:08:55 +0700] "GET /shop/page/19/?min_price=0&per_row=6&shop_view=grid&per_page=18 HTTP/1.1" 200 41730 "-" "Mozilla/5.0 (compatible; SERankingBacklinksBot/1.0; +https://seranking.com/backlinks-crawler)"
37.27.59.176 - - [29/Mar/2026:12:09:00 +0700] "GET /shop/page/11/?min_price=0&per_row=6&per_page=12&shop_view=grid HTTP/1.1" 200 40943 "-" "Mozilla/5.0 (compatible; SERankingBacklinksBot/1.0; +https://seranking.com/backlinks-crawler)"
37.27.59.176 - - [29/Mar/2026:12:09:05 +0700] "GET /shop/page/45/?orderby=date&per_row=2&per_page=8&shop_view=grid HTTP/1.1" 200 40143 "-" "Mozilla/5.0 (compatible; SERankingBacklinksBot/1.0; +https://seranking.com/backlinks-crawler)"
52.167.144.159 - - [29/Mar/2026:12:09:07 +0700] "GET /product-category/kuih-kapit-series/page/2/?stock_status=instock%2Consale&per_row=4&per_page=8&shop_view=grid HTTP/2" 200 33408 "-" "Mozilla/5.0 AppleWebKit/537.36 (KHTML, like Gecko; compatible; bingbot/2.0; +http://www.bing.com/bingbot.htm) Chrome/116.0.1938.76 Safari/537.36"
37.27.59.176 - - [29/Mar/2026:12:09:10 +0700] "GET /shop/page/2/?max_price=420&per_page=8&shop_view=grid&per_row=2 HTTP/1.1" 200 41182 "-" "Mozilla/5.0 (compatible; SERankingBacklinksBot/1.0; +https://seranking.com/backlinks-crawler)"
93.16.216.118 - - [29/Mar/2026:12:09:17 +0700] "POST /xmlrpc.php HTTP/1.1" 200 676 "-" "Mozilla/5.0 (Windows NT 10.0) AppleWebKit/537.36 (KHTML, like Gecko) Chrome/141.0.0.0 Safari/537.36 Edg/141.0.0.0"
145.239.66.9 - - [29/Mar/2026:12:09:17 +0700] "GET /robots.txt HTTP/1.1" 200 609 "-" "Mozilla/5.0 (compatible; MJ12bot/v1.4.8; http://mj12bot.com/)"
37.27.59.176 - - [29/Mar/2026:12:09:17 +0700] "GET /shop/page/12/?min_price=0&per_row=2&per_page=12&shop_view=grid HTTP/1.1" 200 40985 "-" "Mozilla/5.0 (compatible; SERankingBacklinksBot/1.0; +https://seranking.com/backlinks-crawler)"
145.239.66.9 - - [29/Mar/2026:12:09:19 +0700] "GET /product/almond-crisps_8080-s/feed/ HTTP/1.1" 200 1117 "-" "Mozilla/5.0 (compatible; MJ12bot/v1.4.8; http://mj12bot.com/)"
145.239.66.9 - - [29/Mar/2026:12:09:21 +0700] "GET /product/black-sesame-ball-cookies-sg-2/feed/ HTTP/1.1" 200 1132 "-" "Mozilla/5.0 (compatible; MJ12bot/v1.4.8; http://mj12bot.com/)"
145.239.66.9 - - [29/Mar/2026:12:09:23 +0700] "GET /product/coffee-german-butter-cookies-sg/feed/ HTTP/1.1" 200 1129 "-" "Mozilla/5.0 (compatible; MJ12bot/v1.4.8; http://mj12bot.com/)"
37.27.59.176 - - [29/Mar/2026:12:09:23 +0700] "GET /shop/page/45/?orderby=date&per_row=4&per_page=8&shop_view=grid HTTP/1.1" 200 40328 "-" "Mozilla/5.0 (compatible; SERankingBacklinksBot/1.0; +https://seranking.com/backlinks-crawler)"
145.239.66.9 - - [29/Mar/2026:12:09:25 +0700] "GET /product/florentine-almond-brown-rice-slice_8080-s/ HTTP/1.1" 200 35739 "-" "Mozilla/5.0 (compatible; MJ12bot/v1.4.8; http://mj12bot.com/)"
145.239.66.9 - - [29/Mar/2026:12:09:28 +0700] "GET /product/healthy-walnut-cookies-sg/ HTTP/1.1" 200 35539 "-" "Mozilla/5.0 (compatible; MJ12bot/v1.4.8; http://mj12bot.com/)"
37.27.59.176 - - [29/Mar/2026:12:09:28 +0700] "GET /shop/page/2/?max_price=420&per_page=8&shop_view=grid&per_row=4 HTTP/1.1" 200 41265 "-" "Mozilla/5.0 (compatible; SERankingBacklinksBot/1.0; +https://seranking.com/backlinks-crawler)"
51.75.236.146 - - [29/Mar/2026:12:09:29 +0700] "GET /product-category/crispy-snack-series/page/7/?per_row=2&shop_view=grid&stock_status=onsale HTTP/2" 200 33059 "-" "Mozilla/5.0 (compatible; AhrefsBot/7.0; +http://ahrefs.com/robot/)"
145.239.66.9 - - [29/Mar/2026:12:09:31 +0700] "GET /product/homemade-pineapple-ball_8080-s/feed/ HTTP/1.1" 200 1128 "-" "Mozilla/5.0 (compatible; MJ12bot/v1.4.8; http://mj12bot.com/)"
145.239.66.9 - - [29/Mar/2026:12:09:33 +0700] "GET /product/homemade-pineapple-tarts_8080-s/feed/ HTTP/1.1" 200 1128 "-" "Mozilla/5.0 (compatible; MJ12bot/v1.4.8; http://mj12bot.com/)"
37.27.59.176 - - [29/Mar/2026:12:09:33 +0700] "GET /shop/page/12/?min_price=0&per_row=4&per_page=12&shop_view=grid HTTP/1.1" 200 40775 "-" "Mozilla/5.0 (compatible; SERankingBacklinksBot/1.0; +https://seranking.com/backlinks-crawler)"
145.239.66.9 - - [29/Mar/2026:12:09:35 +0700] "GET /product/hong-kong-peanut-cookies-s/feed/ HTTP/1.1" 200 1128 "-" "Mozilla/5.0 (compatible; MJ12bot/v1.4.8; http://mj12bot.com/)"
145.239.66.9 - - [29/Mar/2026:12:09:37 +0700] "GET /product/oatmeal-cookies_8080-s/feed/ HTTP/1.1" 200 1081 "-" "Mozilla/5.0 (compatible; MJ12bot/v1.4.8; http://mj12bot.com/)"
103.131.51.123 - - [29/Mar/2026:12:09:40 +0700] "POST /wp-cron.php?doing_wp_cron=1774760980.4172821044921875000000 HTTP/1.1" 200 474 "-" "WordPress/6.9.4; https://lotushomemade.com"
37.27.59.176 - - [29/Mar/2026:12:09:39 +0700] "GET /shop/page/45/?orderby=date&per_row=6&per_page=8&shop_view=grid HTTP/1.1" 200 40285 "-" "Mozilla/5.0 (compatible; SERankingBacklinksBot/1.0; +https://seranking.com/backlinks-crawler)"
103.131.51.123 - - [29/Mar/2026:12:09:41 +0700] "POST /wp-cron.php?doing_wp_cron=1774760981.2188129425048828125000 HTTP/1.1" 200 474 "-" "WordPress/6.9.4; https://lotushomemade.com"
145.239.66.9 - - [29/Mar/2026:12:09:39 +0700] "GET /product/peanut-candy_8080-s/ HTTP/1.1" 200 35811 "-" "Mozilla/5.0 (compatible; MJ12bot/v1.4.8; http://mj12bot.com/)"
37.27.59.176 - - [29/Mar/2026:12:09:44 +0700] "GET /shop/page/2/?max_price=420&per_page=8&shop_view=grid&per_row=6 HTTP/1.1" 200 41238 "-" "Mozilla/5.0 (compatible; SERankingBacklinksBot/1.0; +https://seranking.com/backlinks-crawler)"
37.27.59.176 - - [29/Mar/2026:12:09:49 +0700] "GET /shop/page/12/?min_price=0&per_row=6&per_page=12&shop_view=grid HTTP/1.1" 200 41005 "-" "Mozilla/5.0 (compatible; SERankingBacklinksBot/1.0; +https://seranking.com/backlinks-crawler)"
104.244.79.40 - - [29/Mar/2026:12:09:52 +0700] "GET /wp-login.php HTTP/2" 200 1889 "-" "Mozilla/5.0 (Windows NT 6.1; WOW64; Trident/7.0; MAARJS; rv:11.0) like Gecko"
104.244.79.40 - - [29/Mar/2026:12:09:55 +0700] "POST /wp-login.php HTTP/2" 200 2027 "https://lotushomemade.com/wp-login.php" "Mozilla/5.0 (Windows NT 6.1; WOW64; Trident/7.0; MAARJS; rv:11.0) like Gecko"
37.27.59.176 - - [29/Mar/2026:12:09:54 +0700] "GET /shop/page/46/?orderby=date&per_row=2&per_page=8&shop_view=grid HTTP/1.1" 200 39957 "-" "Mozilla/5.0 (compatible; SERankingBacklinksBot/1.0; +https://seranking.com/backlinks-crawler)"
37.27.59.176 - - [29/Mar/2026:12:09:59 +0700] "GET /shop/page/2/?max_price=420&per_row=2&shop_view=grid&per_page=8 HTTP/1.1" 200 41044 "-" "Mozilla/5.0 (compatible; SERankingBacklinksBot/1.0; +https://seranking.com/backlinks-crawler)"
37.27.59.176 - - [29/Mar/2026:12:10:04 +0700] "GET /shop/page/46/?orderby=date&per_row=4&per_page=8&shop_view=grid HTTP/1.1" 200 40122 "-" "Mozilla/5.0 (compatible; SERankingBacklinksBot/1.0; +https://seranking.com/backlinks-crawler)"
37.27.59.176 - - [29/Mar/2026:12:10:09 +0700] "GET /shop/page/2/?max_price=420&per_row=4&shop_view=grid&per_page=8 HTTP/1.1" 200 41067 "-" "Mozilla/5.0 (compatible; SERankingBacklinksBot/1.0; +https://seranking.com/backlinks-crawler)"
37.27.59.176 - - [29/Mar/2026:12:10:14 +0700] "GET /shop/page/46/?orderby=date&per_row=6&per_page=8&shop_view=grid HTTP/1.1" 200 39912 "-" "Mozilla/5.0 (compatible; SERankingBacklinksBot/1.0; +https://seranking.com/backlinks-crawler)"
37.27.59.176 - - [29/Mar/2026:12:10:18 +0700] "GET /shop/?orderby=price-desc&stock_status=instock&per_page=18&filter_brand=blessing-food&shop_view=grid&per_row=2 HTTP/1.1" 200 39956 "-" "Mozilla/5.0 (compatible; SERankingBacklinksBot/1.0; +https://seranking.com/backlinks-crawler)"
37.27.59.176 - - [29/Mar/2026:12:10:23 +0700] "GET /shop/page/2/?max_price=420&per_row=6&shop_view=grid&per_page=8 HTTP/1.1" 200 41191 "-" "Mozilla/5.0 (compatible; SERankingBacklinksBot/1.0; +https://seranking.com/backlinks-crawler)"
37.27.59.176 - - [29/Mar/2026:12:10:28 +0700] "GET /shop/page/47/?orderby=date&per_row=2&per_page=8&shop_view=grid HTTP/1.1" 200 40098 "-" "Mozilla/5.0 (compatible; SERankingBacklinksBot/1.0; +https://seranking.com/backlinks-crawler)"
37.27.59.176 - - [29/Mar/2026:12:10:33 +0700] "GET /shop/page/2/?max_price=630&per_page=8&shop_view=grid&per_row=2 HTTP/1.1" 200 41018 "-" "Mozilla/5.0 (compatible; SERankingBacklinksBot/1.0; +https://seranking.com/backlinks-crawler)"
37.27.59.176 - - [29/Mar/2026:12:10:38 +0700] "GET /shop/page/47/?orderby=date&per_row=4&per_page=8&shop_view=grid HTTP/1.1" 200 40325 "-" "Mozilla/5.0 (compatible; SERankingBacklinksBot/1.0; +https://seranking.com/backlinks-crawler)"
103.131.51.123 - - [29/Mar/2026:12:10:45 +0700] "POST /wp-cron.php?doing_wp_cron=1774761045.1908979415893554687500 HTTP/1.1" 200 474 "-" "WordPress/6.9.4; https://lotushomemade.com"
37.27.59.176 - - [29/Mar/2026:12:10:43 +0700] "GET /shop/page/2/?max_price=630&per_page=8&shop_view=grid&per_row=4 HTTP/1.1" 200 41040 "-" "Mozilla/5.0 (compatible; SERankingBacklinksBot/1.0; +https://seranking.com/backlinks-crawler)"
37.27.59.176 - - [29/Mar/2026:12:10:48 +0700] "GET /shop/page/47/?orderby=date&per_row=6&per_page=8&shop_view=grid HTTP/1.1" 200 40094 "-" "Mozilla/5.0 (compatible; SERankingBacklinksBot/1.0; +https://seranking.com/backlinks-crawler)"
37.27.59.176 - - [29/Mar/2026:12:10:53 +0700] "GET /shop/page/2/?max_price=630&per_page=8&shop_view=grid&per_row=6 HTTP/1.1" 200 41189 "-" "Mozilla/5.0 (compatible; SERankingBacklinksBot/1.0; +https://seranking.com/backlinks-crawler)"
51.75.236.136 - - [29/Mar/2026:12:10:56 +0700] "GET /shop/page/4/?orderby=popularity&stock_status=instock%2Consale&per_row=4&per_page=12&shop_view=grid HTTP/2" 200 34107 "-" "Mozilla/5.0 (compatible; AhrefsBot/7.0; +http://ahrefs.com/robot/)"
37.27.59.176 - - [29/Mar/2026:12:10:58 +0700] "GET /shop/page/5/?orderby=date&per_page=12&shop_view=grid&per_row=2 HTTP/1.1" 200 40926 "-" "Mozilla/5.0 (compatible; SERankingBacklinksBot/1.0; +https://seranking.com/backlinks-crawler)"
37.27.59.176 - - [29/Mar/2026:12:11:05 +0700] "GET /shop/page/2/?max_price=630&per_row=2&shop_view=grid&per_page=8 HTTP/1.1" 200 41229 "-" "Mozilla/5.0 (compatible; SERankingBacklinksBot/1.0; +https://seranking.com/backlinks-crawler)"
14.181.196.106 - - [29/Mar/2026:12:11:08 +0700] "GET /shop/page/9/ HTTP/1.1" 200 40759 "-" "Mozilla/5.0 (Windows NT 6.3; Win64; x64) AppleWebKit/537.36 (KHTML, like Gecko) Brave Chrome/78.0.3904.97 Safari/537.36"
37.27.59.176 - - [29/Mar/2026:12:11:10 +0700] "GET /shop/page/5/?orderby=date&per_page=12&shop_view=grid&per_row=4 HTTP/1.1" 200 41039 "-" "Mozilla/5.0 (compatible; SERankingBacklinksBot/1.0; +https://seranking.com/backlinks-crawler)"
37.27.59.176 - - [29/Mar/2026:12:11:16 +0700] "GET /shop/page/2/?max_price=630&per_row=4&shop_view=grid&per_page=8 HTTP/1.1" 200 41209 "-" "Mozilla/5.0 (compatible; SERankingBacklinksBot/1.0; +https://seranking.com/backlinks-crawler)"
37.27.59.176 - - [29/Mar/2026:12:11:21 +0700] "GET /shop/page/5/?orderby=date&per_page=12&shop_view=grid&per_row=6 HTTP/1.1" 200 40934 "-" "Mozilla/5.0 (compatible; SERankingBacklinksBot/1.0; +https://seranking.com/backlinks-crawler)"
37.27.59.176 - - [29/Mar/2026:12:11:26 +0700] "GET /shop/page/2/?max_price=630&per_row=6&shop_view=grid&per_page=8 HTTP/1.1" 200 41068 "-" "Mozilla/5.0 (compatible; SERankingBacklinksBot/1.0; +https://seranking.com/backlinks-crawler)"
37.27.59.176 - - [29/Mar/2026:12:11:31 +0700] "GET /shop/page/5/?orderby=date&per_page=18&shop_view=grid&per_row=2 HTTP/1.1" 200 41867 "-" "Mozilla/5.0 (compatible; SERankingBacklinksBot/1.0; +https://seranking.com/backlinks-crawler)"
37.27.59.176 - - [29/Mar/2026:12:11:36 +0700] "GET /shop/page/2/?max_price=840&per_page=8&shop_view=grid&per_row=2 HTTP/1.1" 200 41019 "-" "Mozilla/5.0 (compatible; SERankingBacklinksBot/1.0; +https://seranking.com/backlinks-crawler)"
103.131.51.123 - - [29/Mar/2026:12:11:42 +0700] "POST /wp-cron.php?doing_wp_cron=1774761102.4535930156707763671875 HTTP/1.1" 200 474 "-" "WordPress/6.9.4; https://lotushomemade.com"
37.27.59.176 - - [29/Mar/2026:12:11:41 +0700] "GET /shop/page/5/?orderby=date&per_page=18&shop_view=grid&per_row=4 HTTP/1.1" 200 41712 "-" "Mozilla/5.0 (compatible; SERankingBacklinksBot/1.0; +https://seranking.com/backlinks-crawler)"
37.27.59.176 - - [29/Mar/2026:12:11:46 +0700] "GET /shop/page/2/?max_price=840&per_page=8&shop_view=grid&per_row=4 HTTP/1.1" 200 41266 "-" "Mozilla/5.0 (compatible; SERankingBacklinksBot/1.0; +https://seranking.com/backlinks-crawler)"
37.27.59.176 - - [29/Mar/2026:12:11:51 +0700] "GET /shop/page/5/?orderby=date&per_page=18&shop_view=grid&per_row=6 HTTP/1.1" 200 41710 "-" "Mozilla/5.0 (compatible; SERankingBacklinksBot/1.0; +https://seranking.com/backlinks-crawler)"
37.27.59.176 - - [29/Mar/2026:12:11:55 +0700] "GET /shop/page/2/?max_price=840&per_page=8&shop_view=grid&per_row=6 HTTP/1.1" 200 41026 "-" "Mozilla/5.0 (compatible; SERankingBacklinksBot/1.0; +https://seranking.com/backlinks-crawler)"
92.222.108.111 - - [29/Mar/2026:12:12:00 +0700] "GET /shop/?orderby=popularity&stock_status=onsale&filter_brand=blessing-food&shop_view=grid&per_row=6 HTTP/2" 200 33187 "-" "Mozilla/5.0 (compatible; AhrefsBot/7.0; +http://ahrefs.com/robot/)"
37.27.59.176 - - [29/Mar/2026:12:12:01 +0700] "GET /shop/page/5/?orderby=date&per_page=24&shop_view=grid&per_row=2 HTTP/1.1" 200 42362 "-" "Mozilla/5.0 (compatible; SERankingBacklinksBot/1.0; +https://seranking.com/backlinks-crawler)"
37.27.59.176 - - [29/Mar/2026:12:12:05 +0700] "GET /shop/page/2/?max_price=840&per_row=2&shop_view=grid&per_page=8 HTTP/1.1" 200 41044 "-" "Mozilla/5.0 (compatible; SERankingBacklinksBot/1.0; +https://seranking.com/backlinks-crawler)"
37.27.59.176 - - [29/Mar/2026:12:12:10 +0700] "GET /shop/page/5/?orderby=date&per_page=24&shop_view=grid&per_row=4 HTTP/1.1" 200 42182 "-" "Mozilla/5.0 (compatible; SERankingBacklinksBot/1.0; +https://seranking.com/backlinks-crawler)"
37.27.59.176 - - [29/Mar/2026:12:12:15 +0700] "GET /shop/page/2/?max_price=840&per_row=4&shop_view=grid&per_page=8 HTTP/1.1" 200 41240 "-" "Mozilla/5.0 (compatible; SERankingBacklinksBot/1.0; +https://seranking.com/backlinks-crawler)"
37.27.59.176 - - [29/Mar/2026:12:12:21 +0700] "GET /shop/page/5/?orderby=date&per_page=24&shop_view=grid&per_row=6 HTTP/1.1" 200 42173 "-" "Mozilla/5.0 (compatible; SERankingBacklinksBot/1.0; +https://seranking.com/backlinks-crawler)"
37.27.59.176 - - [29/Mar/2026:12:12:25 +0700] "GET /shop/page/2/?max_price=840&per_row=6&shop_view=grid&per_page=8 HTTP/1.1" 200 41045 "-" "Mozilla/5.0 (compatible; SERankingBacklinksBot/1.0; +https://seranking.com/backlinks-crawler)"
37.27.59.176 - - [29/Mar/2026:12:12:31 +0700] "GET /shop/page/5/?orderby=date&per_row=2&shop_view=grid&per_page=12 HTTP/1.1" 200 41153 "-" "Mozilla/5.0 (compatible; SERankingBacklinksBot/1.0; +https://seranking.com/backlinks-crawler)"
37.27.59.176 - - [29/Mar/2026:12:12:36 +0700] "GET /shop/page/2/?max_price=845&per_page=8&shop_view=grid&per_row=2 HTTP/1.1" 200 41044 "-" "Mozilla/5.0 (compatible; SERankingBacklinksBot/1.0; +https://seranking.com/backlinks-crawler)"
103.131.51.123 - - [29/Mar/2026:12:12:43 +0700] "POST /wp-cron.php?doing_wp_cron=1774761163.0118401050567626953125 HTTP/1.1" 200 474 "-" "WordPress/6.9.4; https://lotushomemade.com"
37.27.59.176 - - [29/Mar/2026:12:12:41 +0700] "GET /shop/page/5/?orderby=date&per_row=2&shop_view=grid&per_page=18 HTTP/1.1" 200 41885 "-" "Mozilla/5.0 (compatible; SERankingBacklinksBot/1.0; +https://seranking.com/backlinks-crawler)"
52.167.144.172 - - [29/Mar/2026:12:12:46 +0700] "GET /wp-content/uploads/2023/11/2028-150x150.png HTTP/2" 200 41790 "-" "Mozilla/5.0 AppleWebKit/537.36 (KHTML, like Gecko; compatible; bingbot/2.0; +http://www.bing.com/bingbot.htm) Chrome/116.0.1938.76 Safari/537.36"
37.27.59.176 - - [29/Mar/2026:12:12:46 +0700] "GET /shop/page/2/?max_price=845&per_page=8&shop_view=grid&per_row=4 HTTP/1.1" 200 41036 "-" "Mozilla/5.0 (compatible; SERankingBacklinksBot/1.0; +https://seranking.com/backlinks-crawler)"
37.27.59.176 - - [29/Mar/2026:12:12:54 +0700] "GET /shop/page/5/?orderby=date&per_row=2&shop_view=grid&per_page=24 HTTP/1.1" 200 42373 "-" "Mozilla/5.0 (compatible; SERankingBacklinksBot/1.0; +https://seranking.com/backlinks-crawler)"
37.27.59.176 - - [29/Mar/2026:12:12:59 +0700] "GET /shop/page/2/?max_price=845&per_page=8&shop_view=grid&per_row=6 HTTP/1.1" 200 41017 "-" "Mozilla/5.0 (compatible; SERankingBacklinksBot/1.0; +https://seranking.com/backlinks-crawler)"
37.27.59.176 - - [29/Mar/2026:12:13:04 +0700] "GET /shop/page/5/?orderby=date&per_row=4&shop_view=grid&per_page=12 HTTP/1.1" 200 41128 "-" "Mozilla/5.0 (compatible; SERankingBacklinksBot/1.0; +https://seranking.com/backlinks-crawler)"
94.23.188.208 - - [29/Mar/2026:12:13:04 +0700] "GET /shop/page/6/?stock_status=instock&shop_view=grid&per_row=6 HTTP/2" 200 34069 "-" "Mozilla/5.0 (compatible; AhrefsBot/7.0; +http://ahrefs.com/robot/)"
52.167.144.172 - - [29/Mar/2026:12:13:05 +0700] "GET /shop/?max_price=2650&stock_status=onsale&per_row=4&per_page=18&shop_view=grid HTTP/2" 200 35176 "-" "Mozilla/5.0 AppleWebKit/537.36 (KHTML, like Gecko; compatible; bingbot/2.0; +http://www.bing.com/bingbot.htm) Chrome/116.0.1938.76 Safari/537.36"
37.27.59.176 - - [29/Mar/2026:12:13:10 +0700] "GET /shop/page/2/?max_price=845&per_row=2&shop_view=grid&per_page=8 HTTP/1.1" 200 41188 "-" "Mozilla/5.0 (compatible; SERankingBacklinksBot/1.0; +https://seranking.com/backlinks-crawler)"
37.27.59.176 - - [29/Mar/2026:12:13:15 +0700] "GET /shop/page/5/?orderby=date&per_row=4&shop_view=grid&per_page=18 HTTP/1.1" 200 41920 "-" "Mozilla/5.0 (compatible; SERankingBacklinksBot/1.0; +https://seranking.com/backlinks-crawler)"
37.27.59.176 - - [29/Mar/2026:12:13:20 +0700] "GET /shop/page/2/?max_price=845&per_row=4&shop_view=grid&per_page=8 HTTP/1.1" 200 41027 "-" "Mozilla/5.0 (compatible; SERankingBacklinksBot/1.0; +https://seranking.com/backlinks-crawler)"
37.27.59.176 - - [29/Mar/2026:12:13:26 +0700] "GET /shop/page/5/?orderby=date&per_row=4&shop_view=grid&per_page=24 HTTP/1.1" 200 42324 "-" "Mozilla/5.0 (compatible; SERankingBacklinksBot/1.0; +https://seranking.com/backlinks-crawler)"
37.27.59.176 - - [29/Mar/2026:12:13:30 +0700] "GET /shop/page/2/?max_price=845&per_row=6&shop_view=grid&per_page=8 HTTP/1.1" 200 41073 "-" "Mozilla/5.0 (compatible; SERankingBacklinksBot/1.0; +https://seranking.com/backlinks-crawler)"
37.27.59.176 - - [29/Mar/2026:12:13:35 +0700] "GET /shop/page/5/?orderby=date&per_row=6&shop_view=grid&per_page=12 HTTP/1.1" 200 40949 "-" "Mozilla/5.0 (compatible; SERankingBacklinksBot/1.0; +https://seranking.com/backlinks-crawler)"
103.131.51.123 - - [29/Mar/2026:12:13:42 +0700] "POST /wp-cron.php?doing_wp_cron=1774761222.3451409339904785156250 HTTP/1.1" 200 474 "-" "WordPress/6.9.4; https://lotushomemade.com"
37.27.59.176 - - [29/Mar/2026:12:13:41 +0700] "GET /shop/page/2/?orderby=date&per_row=2&per_page=12&shop_view=grid HTTP/1.1" 200 41458 "-" "Mozilla/5.0 (compatible; SERankingBacklinksBot/1.0; +https://seranking.com/backlinks-crawler)"
37.27.59.176 - - [29/Mar/2026:12:13:45 +0700] "GET /shop/page/5/?orderby=date&per_row=6&shop_view=grid&per_page=18 HTTP/1.1" 200 41714 "-" "Mozilla/5.0 (compatible; SERankingBacklinksBot/1.0; +https://seranking.com/backlinks-crawler)"
37.27.59.176 - - [29/Mar/2026:12:13:50 +0700] "GET /shop/page/2/?orderby=date&per_row=2&per_page=18&shop_view=grid HTTP/1.1" 200 42421 "-" "Mozilla/5.0 (compatible; SERankingBacklinksBot/1.0; +https://seranking.com/backlinks-crawler)"
37.27.59.176 - - [29/Mar/2026:12:13:56 +0700] "GET /shop/page/5/?orderby=date&per_row=6&shop_view=grid&per_page=24 HTTP/1.1" 200 42324 "-" "Mozilla/5.0 (compatible; SERankingBacklinksBot/1.0; +https://seranking.com/backlinks-crawler)"
216.244.66.239 - - [29/Mar/2026:12:13:55 +0700] "GET /shop/page/15/ HTTP/1.1" 200 235296 "-" "Mozilla/5.0 (compatible; DotBot/1.2; +https://opensiteexplorer.org/dotbot; help@moz.com)"
37.27.59.176 - - [29/Mar/2026:12:14:01 +0700] "GET /shop/page/2/?orderby=date&per_row=2&per_page=24&shop_view=grid HTTP/1.1" 200 43621 "-" "Mozilla/5.0 (compatible; SERankingBacklinksBot/1.0; +https://seranking.com/backlinks-crawler)"
37.27.59.176 - - [29/Mar/2026:12:14:06 +0700] "GET /shop/page/5/?orderby=popularity&per_page=8&stock_status=onsale HTTP/1.1" 200 40473 "-" "Mozilla/5.0 (compatible; SERankingBacklinksBot/1.0; +https://seranking.com/backlinks-crawler)"
92.222.108.112 - - [29/Mar/2026:12:14:11 +0700] "GET /shop/page/4/?orderby=popularity&stock_status=instock%2Consale&per_row=2&per_page=12&shop_view=grid HTTP/2" 200 34154 "-" "Mozilla/5.0 (compatible; AhrefsBot/7.0; +http://ahrefs.com/robot/)"
37.27.59.176 - - [29/Mar/2026:12:14:11 +0700] "GET /shop/page/2/?orderby=date&per_row=4&per_page=12&shop_view=grid HTTP/1.1" 200 41485 "-" "Mozilla/5.0 (compatible; SERankingBacklinksBot/1.0; +https://seranking.com/backlinks-crawler)"
37.27.59.176 - - [29/Mar/2026:12:14:16 +0700] "GET /shop/page/5/?orderby=popularity&stock_status=onsale&per_page=8 HTTP/1.1" 200 40373 "-" "Mozilla/5.0 (compatible; SERankingBacklinksBot/1.0; +https://seranking.com/backlinks-crawler)"
37.27.59.176 - - [29/Mar/2026:12:14:21 +0700] "GET /shop/page/2/?orderby=date&per_row=4&per_page=18&shop_view=grid HTTP/1.1" 200 42578 "-" "Mozilla/5.0 (compatible; SERankingBacklinksBot/1.0; +https://seranking.com/backlinks-crawler)"
37.27.59.176 - - [29/Mar/2026:12:14:26 +0700] "GET /shop/page/5/?orderby=price&per_page=8&shop_view=grid&per_row=2 HTTP/1.1" 200 40345 "-" "Mozilla/5.0 (compatible; SERankingBacklinksBot/1.0; +https://seranking.com/backlinks-crawler)"
37.27.59.176 - - [29/Mar/2026:12:14:31 +0700] "GET /shop/page/2/?orderby=date&per_row=4&per_page=24&shop_view=grid HTTP/1.1" 200 43691 "-" "Mozilla/5.0 (compatible; SERankingBacklinksBot/1.0; +https://seranking.com/backlinks-crawler)"
103.131.51.123 - - [29/Mar/2026:12:14:39 +0700] "POST /wp-cron.php?doing_wp_cron=1774761279.2868928909301757812500 HTTP/1.1" 200 474 "-" "WordPress/6.9.4; https://lotushomemade.com"
37.27.59.176 - - [29/Mar/2026:12:14:38 +0700] "GET /shop/page/5/?orderby=price&per_page=8&shop_view=grid&per_row=4 HTTP/1.1" 200 40537 "-" "Mozilla/5.0 (compatible; SERankingBacklinksBot/1.0; +https://seranking.com/backlinks-crawler)"
37.27.59.176 - - [29/Mar/2026:12:14:42 +0700] "GET /shop/page/2/?orderby=date&per_row=6&per_page=12&shop_view=grid HTTP/1.1" 200 41279 "-" "Mozilla/5.0 (compatible; SERankingBacklinksBot/1.0; +https://seranking.com/backlinks-crawler)"
216.244.66.239 - - [29/Mar/2026:12:14:46 +0700] "GET /shop/page/6/?orderby=popularity&per_page=12 HTTP/1.1" 200 236199 "-" "Mozilla/5.0 (compatible; DotBot/1.2; +https://opensiteexplorer.org/dotbot; help@moz.com)"
37.27.59.176 - - [29/Mar/2026:12:14:47 +0700] "GET /shop/page/5/?orderby=price&per_page=8&shop_view=grid&per_row=6 HTTP/1.1" 200 40517 "-" "Mozilla/5.0 (compatible; SERankingBacklinksBot/1.0; +https://seranking.com/backlinks-crawler)"
37.27.59.176 - - [29/Mar/2026:12:14:52 +0700] "GET /shop/page/2/?orderby=date&per_row=6&per_page=18&shop_view=grid HTTP/1.1" 200 42391 "-" "Mozilla/5.0 (compatible; SERankingBacklinksBot/1.0; +https://seranking.com/backlinks-crawler)"
37.27.59.176 - - [29/Mar/2026:12:14:57 +0700] "GET /shop/page/5/?orderby=price&per_row=2&shop_view=grid&per_page=8 HTTP/1.1" 200 40327 "-" "Mozilla/5.0 (compatible; SERankingBacklinksBot/1.0; +https://seranking.com/backlinks-crawler)"
37.27.59.176 - - [29/Mar/2026:12:15:02 +0700] "GET /shop/page/2/?orderby=date&per_row=6&per_page=24&shop_view=grid HTTP/1.1" 200 43680 "-" "Mozilla/5.0 (compatible; SERankingBacklinksBot/1.0; +https://seranking.com/backlinks-crawler)"
37.27.59.176 - - [29/Mar/2026:12:15:07 +0700] "GET /shop/page/5/?orderby=price&per_row=4&shop_view=grid&per_page=8 HTTP/1.1" 200 40505 "-" "Mozilla/5.0 (compatible; SERankingBacklinksBot/1.0; +https://seranking.com/backlinks-crawler)"
37.27.59.176 - - [29/Mar/2026:12:15:12 +0700] "GET /shop/page/2/?orderby=price&per_row=2&per_page=8&shop_view=grid HTTP/1.1" 200 40800 "-" "Mozilla/5.0 (compatible; SERankingBacklinksBot/1.0; +https://seranking.com/backlinks-crawler)"
37.27.59.176 - - [29/Mar/2026:12:15:17 +0700] "GET /shop/page/5/?orderby=price&per_row=6&shop_view=grid&per_page=8 HTTP/1.1" 200 40355 "-" "Mozilla/5.0 (compatible; SERankingBacklinksBot/1.0; +https://seranking.com/backlinks-crawler)"
37.27.59.176 - - [29/Mar/2026:12:15:23 +0700] "GET /shop/page/2/?orderby=price&per_row=4&per_page=8&shop_view=grid HTTP/1.1" 200 40944 "-" "Mozilla/5.0 (compatible; SERankingBacklinksBot/1.0; +https://seranking.com/backlinks-crawler)"
37.27.59.176 - - [29/Mar/2026:12:15:27 +0700] "GET /shop/page/5/?orderby=price-desc&per_page=8&stock_status=onsale HTTP/1.1" 200 40454 "-" "Mozilla/5.0 (compatible; SERankingBacklinksBot/1.0; +https://seranking.com/backlinks-crawler)"
37.27.59.176 - - [29/Mar/2026:12:15:33 +0700] "GET /shop/page/2/?orderby=price&per_row=6&per_page=8&shop_view=grid HTTP/1.1" 200 40977 "-" "Mozilla/5.0 (compatible; SERankingBacklinksBot/1.0; +https://seranking.com/backlinks-crawler)"
103.131.51.123 - - [29/Mar/2026:12:15:39 +0700] "POST /wp-cron.php?doing_wp_cron=1774761339.4072299003601074218750 HTTP/1.1" 200 474 "-" "WordPress/6.9.4; https://lotushomemade.com"
37.27.59.176 - - [29/Mar/2026:12:15:38 +0700] "GET /shop/page/5/?orderby=price-desc&stock_status=onsale&per_page=8 HTTP/1.1" 200 40445 "-" "Mozilla/5.0 (compatible; SERankingBacklinksBot/1.0; +https://seranking.com/backlinks-crawler)"
103.131.51.123 - - [29/Mar/2026:12:15:40 +0700] "POST /wp-cron.php?doing_wp_cron=1774761340.5545508861541748046875 HTTP/1.1" 200 474 "-" "WordPress/6.9.4; https://lotushomemade.com"
92.222.108.118 - - [29/Mar/2026:12:15:39 +0700] "GET /product-category/crispy-snack-series/page/6/?per_row=2&shop_view=grid&stock_status=onsale HTTP/2" 200 32879 "-" "Mozilla/5.0 (compatible; AhrefsBot/7.0; +http://ahrefs.com/robot/)"
37.27.59.176 - - [29/Mar/2026:12:15:43 +0700] "GET /shop/page/20/?min_price=0&per_page=18&shop_view=grid&per_row=2 HTTP/1.1" 200 41322 "-" "Mozilla/5.0 (compatible; SERankingBacklinksBot/1.0; +https://seranking.com/backlinks-crawler)"
37.27.59.176 - - [29/Mar/2026:12:15:48 +0700] "GET /shop/page/6/?orderby=date&per_page=12&shop_view=grid&per_row=2 HTTP/1.1" 200 41165 "-" "Mozilla/5.0 (compatible; SERankingBacklinksBot/1.0; +https://seranking.com/backlinks-crawler)"
37.27.59.176 - - [29/Mar/2026:12:15:54 +0700] "GET /shop/page/20/?min_price=0&per_page=18&shop_view=grid&per_row=4 HTTP/1.1" 200 41350 "-" "Mozilla/5.0 (compatible; SERankingBacklinksBot/1.0; +https://seranking.com/backlinks-crawler)"
37.27.59.176 - - [29/Mar/2026:12:15:59 +0700] "GET /shop/page/6/?orderby=date&per_page=12&shop_view=grid&per_row=4 HTTP/1.1" 200 41037 "-" "Mozilla/5.0 (compatible; SERankingBacklinksBot/1.0; +https://seranking.com/backlinks-crawler)"
37.27.59.176 - - [29/Mar/2026:12:16:04 +0700] "GET /shop/page/20/?min_price=0&per_page=18&shop_view=grid&per_row=6 HTTP/1.1" 200 41201 "-" "Mozilla/5.0 (compatible; SERankingBacklinksBot/1.0; +https://seranking.com/backlinks-crawler)"
37.27.59.176 - - [29/Mar/2026:12:16:09 +0700] "GET /shop/page/6/?orderby=date&per_page=12&shop_view=grid&per_row=6 HTTP/1.1" 200 41197 "-" "Mozilla/5.0 (compatible; SERankingBacklinksBot/1.0; +https://seranking.com/backlinks-crawler)"
37.27.59.176 - - [29/Mar/2026:12:16:14 +0700] "GET /shop/page/20/?min_price=0&per_row=2&shop_view=grid&per_page=18 HTTP/1.1" 200 41137 "-" "Mozilla/5.0 (compatible; SERankingBacklinksBot/1.0; +https://seranking.com/backlinks-crawler)"
37.27.59.176 - - [29/Mar/2026:12:16:21 +0700] "GET /shop/page/6/?orderby=date&per_page=18&shop_view=grid&per_row=2 HTTP/1.1" 200 41864 "-" "Mozilla/5.0 (compatible; SERankingBacklinksBot/1.0; +https://seranking.com/backlinks-crawler)"
216.244.66.239 - - [29/Mar/2026:12:16:15 +0700] "GET /shop/page/16/?stock_status=onsale&per_page=18 HTTP/1.1" 200 243844 "-" "Mozilla/5.0 (compatible; DotBot/1.2; +https://opensiteexplorer.org/dotbot; help@moz.com)"
37.27.59.176 - - [29/Mar/2026:12:16:26 +0700] "GET /shop/page/20/?min_price=0&per_row=4&shop_view=grid&per_page=18 HTTP/1.1" 200 41398 "-" "Mozilla/5.0 (compatible; SERankingBacklinksBot/1.0; +https://seranking.com/backlinks-crawler)"
37.27.59.176 - - [29/Mar/2026:12:16:32 +0700] "GET /shop/page/6/?orderby=date&per_page=18&shop_view=grid&per_row=4 HTTP/1.1" 200 41916 "-" "Mozilla/5.0 (compatible; SERankingBacklinksBot/1.0; +https://seranking.com/backlinks-crawler)"
37.27.59.176 - - [29/Mar/2026:12:16:37 +0700] "GET /shop/page/20/?min_price=0&per_row=6&shop_view=grid&per_page=18 HTTP/1.1" 200 41195 "-" "Mozilla/5.0 (compatible; SERankingBacklinksBot/1.0; +https://seranking.com/backlinks-crawler)"
103.131.51.123 - - [29/Mar/2026:12:16:43 +0700] "POST /wp-cron.php?doing_wp_cron=1774761403.2039189338684082031250 HTTP/1.1" 200 474 "-" "WordPress/6.9.4; https://lotushomemade.com"
37.27.59.176 - - [29/Mar/2026:12:16:41 +0700] "GET /shop/page/6/?orderby=date&per_page=18&shop_view=grid&per_row=6 HTTP/1.1" 200 41688 "-" "Mozilla/5.0 (compatible; SERankingBacklinksBot/1.0; +https://seranking.com/backlinks-crawler)"
37.27.59.176 - - [29/Mar/2026:12:16:47 +0700] "GET /shop/page/21/?min_price=0&per_page=18&shop_view=grid&per_row=2 HTTP/1.1" 200 41149 "-" "Mozilla/5.0 (compatible; SERankingBacklinksBot/1.0; +https://seranking.com/backlinks-crawler)"
37.27.59.176 - - [29/Mar/2026:12:16:52 +0700] "GET /shop/page/6/?orderby=date&per_page=24&shop_view=grid&per_row=2 HTTP/1.1" 200 42221 "-" "Mozilla/5.0 (compatible; SERankingBacklinksBot/1.0; +https://seranking.com/backlinks-crawler)"
37.27.59.176 - - [29/Mar/2026:12:16:57 +0700] "GET /shop/page/21/?min_price=0&per_page=18&shop_view=grid&per_row=4 HTTP/1.1" 200 41109 "-" "Mozilla/5.0 (compatible; SERankingBacklinksBot/1.0; +https://seranking.com/backlinks-crawler)"
51.68.247.195 - - [29/Mar/2026:12:17:02 +0700] "GET /shop/?orderby=price&stock_status=onsale&filter_brand=blessing-food&per_page=8 HTTP/2" 200 33134 "-" "Mozilla/5.0 (compatible; AhrefsBot/7.0; +http://ahrefs.com/robot/)"
37.27.59.176 - - [29/Mar/2026:12:17:02 +0700] "GET /shop/page/6/?orderby=date&per_page=24&shop_view=grid&per_row=4 HTTP/1.1" 200 42347 "-" "Mozilla/5.0 (compatible; SERankingBacklinksBot/1.0; +https://seranking.com/backlinks-crawler)"
37.27.59.176 - - [29/Mar/2026:12:17:08 +0700] "GET /shop/page/21/?min_price=0&per_page=18&shop_view=grid&per_row=6 HTTP/1.1" 200 41092 "-" "Mozilla/5.0 (compatible; SERankingBacklinksBot/1.0; +https://seranking.com/backlinks-crawler)"
37.27.59.176 - - [29/Mar/2026:12:17:13 +0700] "GET /shop/page/6/?orderby=date&per_page=24&shop_view=grid&per_row=6 HTTP/1.1" 200 42193 "-" "Mozilla/5.0 (compatible; SERankingBacklinksBot/1.0; +https://seranking.com/backlinks-crawler)"
14.234.232.14 - - [29/Mar/2026:12:17:17 +0700] "GET /product/premium-peanut-cookies-m/ HTTP/1.1" 200 42733 "-" "Mozilla/5.0 (Macintosh; Intel Mac OS X 10_15_7) AppleWebKit/537.36 (KHTML, like Gecko) Chrome/93.0.4577.63 Safari/537.36"
37.27.59.176 - - [29/Mar/2026:12:17:18 +0700] "GET /shop/page/21/?min_price=0&per_row=2&per_page=12&shop_view=grid HTTP/1.1" 200 40460 "-" "Mozilla/5.0 (compatible; SERankingBacklinksBot/1.0; +https://seranking.com/backlinks-crawler)"
37.27.59.176 - - [29/Mar/2026:12:17:23 +0700] "GET /shop/page/6/?orderby=date&per_row=2&shop_view=grid&per_page=12 HTTP/1.1" 200 41141 "-" "Mozilla/5.0 (compatible; SERankingBacklinksBot/1.0; +https://seranking.com/backlinks-crawler)"
37.27.59.176 - - [29/Mar/2026:12:17:28 +0700] "GET /shop/page/21/?min_price=0&per_row=2&shop_view=grid&per_page=18 HTTP/1.1" 200 40931 "-" "Mozilla/5.0 (compatible; SERankingBacklinksBot/1.0; +https://seranking.com/backlinks-crawler)"
37.27.59.176 - - [29/Mar/2026:12:17:32 +0700] "GET /shop/page/6/?orderby=date&per_row=2&shop_view=grid&per_page=18 HTTP/1.1" 200 41679 "-" "Mozilla/5.0 (compatible; SERankingBacklinksBot/1.0; +https://seranking.com/backlinks-crawler)"
103.131.51.123 - - [29/Mar/2026:12:17:39 +0700] "POST /wp-cron.php?doing_wp_cron=1774761459.4521110057830810546875 HTTP/1.1" 200 474 "-" "WordPress/6.9.4; https://lotushomemade.com"
37.27.59.176 - - [29/Mar/2026:12:17:38 +0700] "GET /shop/page/21/?min_price=0&per_row=4&per_page=12&shop_view=grid HTTP/1.1" 200 40686 "-" "Mozilla/5.0 (compatible; SERankingBacklinksBot/1.0; +https://seranking.com/backlinks-crawler)"
37.27.59.176 - - [29/Mar/2026:12:17:42 +0700] "GET /shop/page/6/?orderby=date&per_row=2&shop_view=grid&per_page=24 HTTP/1.1" 200 42159 "-" "Mozilla/5.0 (compatible; SERankingBacklinksBot/1.0; +https://seranking.com/backlinks-crawler)"
37.27.59.176 - - [29/Mar/2026:12:17:47 +0700] "GET /shop/page/21/?min_price=0&per_row=4&shop_view=grid&per_page=18 HTTP/1.1" 200 40950 "-" "Mozilla/5.0 (compatible; SERankingBacklinksBot/1.0; +https://seranking.com/backlinks-crawler)"
37.27.59.176 - - [29/Mar/2026:12:17:53 +0700] "GET /shop/page/6/?orderby=date&per_row=4&shop_view=grid&per_page=12 HTTP/1.1" 200 41169 "-" "Mozilla/5.0 (compatible; SERankingBacklinksBot/1.0; +https://seranking.com/backlinks-crawler)"
37.27.59.176 - - [29/Mar/2026:12:17:57 +0700] "GET /shop/page/21/?min_price=0&per_row=6&per_page=12&shop_view=grid HTTP/1.1" 200 40461 "-" "Mozilla/5.0 (compatible; SERankingBacklinksBot/1.0; +https://seranking.com/backlinks-crawler)"
37.27.59.176 - - [29/Mar/2026:12:18:05 +0700] "GET /shop/page/6/?orderby=date&per_row=4&shop_view=grid&per_page=18 HTTP/1.1" 200 41900 "-" "Mozilla/5.0 (compatible; SERankingBacklinksBot/1.0; +https://seranking.com/backlinks-crawler)"
37.27.59.176 - - [29/Mar/2026:12:18:10 +0700] "GET /shop/page/21/?min_price=0&per_row=6&shop_view=grid&per_page=18 HTTP/1.1" 200 40992 "-" "Mozilla/5.0 (compatible; SERankingBacklinksBot/1.0; +https://seranking.com/backlinks-crawler)"
37.27.59.176 - - [29/Mar/2026:12:18:15 +0700] "GET /shop/page/6/?orderby=date&per_row=4&shop_view=grid&per_page=24 HTTP/1.1" 200 42217 "-" "Mozilla/5.0 (compatible; SERankingBacklinksBot/1.0; +https://seranking.com/backlinks-crawler)"
37.27.59.176 - - [29/Mar/2026:12:18:20 +0700] "GET /shop/page/22/?min_price=0&per_row=2&per_page=12&shop_view=grid HTTP/1.1" 200 40709 "-" "Mozilla/5.0 (compatible; SERankingBacklinksBot/1.0; +https://seranking.com/backlinks-crawler)"
54.37.118.67 - - [29/Mar/2026:12:18:22 +0700] "GET /product-category/kuih-kapit-series/?stock_status=instock%2Consale&filter_brand=blessing-food&per_page=12 HTTP/2" 200 33275 "-" "Mozilla/5.0 (compatible; AhrefsBot/7.0; +http://ahrefs.com/robot/)"
37.27.59.176 - - [29/Mar/2026:12:18:25 +0700] "GET /shop/page/6/?orderby=date&per_row=6&shop_view=grid&per_page=12 HTTP/1.1" 200 40960 "-" "Mozilla/5.0 (compatible; SERankingBacklinksBot/1.0; +https://seranking.com/backlinks-crawler)"
