37.27.59.176 - - [29/Mar/2026:08:27:46 +0700] "GET /shop/?per_page=18&stock_status=instock%2Consale HTTP/1.1" 200 42347 "-" "Mozilla/5.0 (compatible; SERankingBacklinksBot/1.0; +https://seranking.com/backlinks-crawler)"
37.27.59.176 - - [29/Mar/2026:08:27:52 +0700] "GET /shop/page/24/?orderby=price&shop_view=grid&per_row=4 HTTP/1.1" 200 41239 "-" "Mozilla/5.0 (compatible; SERankingBacklinksBot/1.0; +https://seranking.com/backlinks-crawler)"
37.27.59.176 - - [29/Mar/2026:08:27:56 +0700] "GET /shop/page/5/?orderby=rating&per_row=4&shop_view=grid HTTP/1.1" 200 41036 "-" "Mozilla/5.0 (compatible; SERankingBacklinksBot/1.0; +https://seranking.com/backlinks-crawler)"
37.27.59.176 - - [29/Mar/2026:08:28:01 +0700] "GET /shop/page/1/?per_page=24&stock_status=instock,onsale HTTP/1.1" 301 590 "-" "Mozilla/5.0 (compatible; SERankingBacklinksBot/1.0; +https://seranking.com/backlinks-crawler)"
37.27.59.176 - - [29/Mar/2026:08:28:02 +0700] "GET /shop/?per_page=24&stock_status=instock%2Consale HTTP/1.1" 200 42880 "-" "Mozilla/5.0 (compatible; SERankingBacklinksBot/1.0; +https://seranking.com/backlinks-crawler)"
37.27.59.176 - - [29/Mar/2026:08:28:07 +0700] "GET /shop/page/24/?orderby=price&shop_view=grid&per_row=6 HTTP/1.1" 200 41003 "-" "Mozilla/5.0 (compatible; SERankingBacklinksBot/1.0; +https://seranking.com/backlinks-crawler)"
51.195.215.234 - - [29/Mar/2026:08:28:07 +0700] "GET /shop/page/43/?orderby=rating&per_row=4&per_page=8&shop_view=grid HTTP/2" 200 33111 "-" "Mozilla/5.0 (compatible; AhrefsBot/7.0; +http://ahrefs.com/robot/)"
37.27.59.176 - - [29/Mar/2026:08:28:13 +0700] "GET /shop/page/5/?orderby=rating&per_row=6&shop_view=grid HTTP/1.1" 200 41217 "-" "Mozilla/5.0 (compatible; SERankingBacklinksBot/1.0; +https://seranking.com/backlinks-crawler)"
37.27.59.176 - - [29/Mar/2026:08:28:17 +0700] "GET /shop/page/10/?orderby=popularity&stock_status=onsale HTTP/1.1" 200 40725 "-" "Mozilla/5.0 (compatible; SERankingBacklinksBot/1.0; +https://seranking.com/backlinks-crawler)"
37.27.59.176 - - [29/Mar/2026:08:28:23 +0700] "GET /shop/page/24/?orderby=price-desc&stock_status=onsale HTTP/1.1" 200 41150 "-" "Mozilla/5.0 (compatible; SERankingBacklinksBot/1.0; +https://seranking.com/backlinks-crawler)"
37.27.59.176 - - [29/Mar/2026:08:28:27 +0700] "GET /shop/page/5/?per_page=12&stock_status=instock,onsale HTTP/1.1" 301 419 "-" "Mozilla/5.0 (compatible; SERankingBacklinksBot/1.0; +https://seranking.com/backlinks-crawler)"
37.27.59.176 - - [29/Mar/2026:08:28:28 +0700] "GET /shop/page/5/?per_page=12&stock_status=instock%2Consale HTTP/1.1" 200 40896 "-" "Mozilla/5.0 (compatible; SERankingBacklinksBot/1.0; +https://seranking.com/backlinks-crawler)"
37.27.59.176 - - [29/Mar/2026:08:28:33 +0700] "GET /shop/page/10/?orderby=price&shop_view=grid&per_row=2 HTTP/1.1" 200 40944 "-" "Mozilla/5.0 (compatible; SERankingBacklinksBot/1.0; +https://seranking.com/backlinks-crawler)"
103.131.51.123 - - [29/Mar/2026:08:28:39 +0700] "POST /wp-cron.php?doing_wp_cron=1774747719.9071469306945800781250 HTTP/1.1" 200 474 "-" "WordPress/6.9.4; https://lotushomemade.com"
37.27.59.176 - - [29/Mar/2026:08:28:38 +0700] "GET /shop/page/25/?orderby=popularity&stock_status=onsale HTTP/1.1" 200 40432 "-" "Mozilla/5.0 (compatible; SERankingBacklinksBot/1.0; +https://seranking.com/backlinks-crawler)"
103.131.51.123 - - [29/Mar/2026:08:28:43 +0700] "POST /wp-cron.php?doing_wp_cron=1774747723.6464569568634033203125 HTTP/1.1" 200 474 "-" "WordPress/6.9.4; https://lotushomemade.com"
37.27.59.176 - - [29/Mar/2026:08:28:43 +0700] "GET /shop/page/5/?per_page=18&stock_status=instock,onsale HTTP/1.1" 301 419 "-" "Mozilla/5.0 (compatible; SERankingBacklinksBot/1.0; +https://seranking.com/backlinks-crawler)"
37.27.59.176 - - [29/Mar/2026:08:28:43 +0700] "GET /shop/page/5/?per_page=18&stock_status=instock%2Consale HTTP/1.1" 200 41652 "-" "Mozilla/5.0 (compatible; SERankingBacklinksBot/1.0; +https://seranking.com/backlinks-crawler)"
54.38.147.24 - - [29/Mar/2026:08:28:44 +0700] "GET /shop/page/6/?orderby=price&stock_status=onsale&per_row=6&shop_view=grid&per_page=18 HTTP/2" 200 34746 "-" "Mozilla/5.0 (compatible; AhrefsBot/7.0; +http://ahrefs.com/robot/)"
37.27.59.176 - - [29/Mar/2026:08:28:50 +0700] "GET /shop/page/10/?orderby=price&shop_view=grid&per_row=4 HTTP/1.1" 200 40938 "-" "Mozilla/5.0 (compatible; SERankingBacklinksBot/1.0; +https://seranking.com/backlinks-crawler)"
37.27.59.176 - - [29/Mar/2026:08:28:56 +0700] "GET /shop/page/25/?orderby=price&shop_view=grid&per_row=2 HTTP/1.1" 200 41113 "-" "Mozilla/5.0 (compatible; SERankingBacklinksBot/1.0; +https://seranking.com/backlinks-crawler)"
37.27.59.176 - - [29/Mar/2026:08:29:01 +0700] "GET /shop/page/5/?per_page=24&stock_status=instock,onsale HTTP/1.1" 301 597 "-" "Mozilla/5.0 (compatible; SERankingBacklinksBot/1.0; +https://seranking.com/backlinks-crawler)"
37.27.59.176 - - [29/Mar/2026:08:29:02 +0700] "GET /shop/page/5/?per_page=24&stock_status=instock%2Consale HTTP/1.1" 200 42096 "-" "Mozilla/5.0 (compatible; SERankingBacklinksBot/1.0; +https://seranking.com/backlinks-crawler)"
198.244.240.245 - - [29/Mar/2026:08:29:05 +0700] "GET /shop/page/6/?orderby=date&per_page=12&stock_status=instock%2Consale HTTP/2" 200 34078 "-" "Mozilla/5.0 (compatible; AhrefsBot/7.0; +http://ahrefs.com/robot/)"
37.27.59.176 - - [29/Mar/2026:08:29:06 +0700] "GET /shop/page/10/?orderby=price&shop_view=grid&per_row=6 HTTP/1.1" 200 40769 "-" "Mozilla/5.0 (compatible; SERankingBacklinksBot/1.0; +https://seranking.com/backlinks-crawler)"
14.180.214.210 - - [29/Mar/2026:08:29:08 +0700] "GET /shop/page/32/?orderby=date&per_row=6&shop_view=grid&stock_status=instock%2Consale HTTP/1.1" 200 39644 "-" "Mozilla/5.0 (Windows NT 6.3) AppleWebKit/537.36 (KHTML, like Gecko) Chrome/94.0.4606.61 Safari/537.36"
37.27.59.176 - - [29/Mar/2026:08:29:12 +0700] "GET /shop/page/25/?orderby=price&shop_view=grid&per_row=4 HTTP/1.1" 200 41073 "-" "Mozilla/5.0 (compatible; SERankingBacklinksBot/1.0; +https://seranking.com/backlinks-crawler)"
37.27.59.176 - - [29/Mar/2026:08:29:17 +0700] "GET /shop/page/6/?orderby=rating&per_row=2&shop_view=grid HTTP/1.1" 200 40885 "-" "Mozilla/5.0 (compatible; SERankingBacklinksBot/1.0; +https://seranking.com/backlinks-crawler)"
37.27.59.176 - - [29/Mar/2026:08:29:22 +0700] "GET /shop/page/10/?orderby=price-desc&stock_status=onsale HTTP/1.1" 200 41003 "-" "Mozilla/5.0 (compatible; SERankingBacklinksBot/1.0; +https://seranking.com/backlinks-crawler)"
37.27.59.176 - - [29/Mar/2026:08:29:27 +0700] "GET /shop/page/25/?orderby=price&shop_view=grid&per_row=6 HTTP/1.1" 200 41122 "-" "Mozilla/5.0 (compatible; SERankingBacklinksBot/1.0; +https://seranking.com/backlinks-crawler)"
37.27.59.176 - - [29/Mar/2026:08:29:32 +0700] "GET /shop/page/6/?orderby=rating&per_row=4&shop_view=grid HTTP/1.1" 200 40862 "-" "Mozilla/5.0 (compatible; SERankingBacklinksBot/1.0; +https://seranking.com/backlinks-crawler)"
37.27.59.176 - - [29/Mar/2026:08:29:36 +0700] "GET /shop/page/11/?stock_status=instock,onsale&per_page=8 HTTP/1.1" 301 418 "-" "Mozilla/5.0 (compatible; SERankingBacklinksBot/1.0; +https://seranking.com/backlinks-crawler)"
103.131.51.123 - - [29/Mar/2026:08:29:38 +0700] "POST /wp-cron.php?doing_wp_cron=1774747778.6376910209655761718750 HTTP/1.1" 200 474 "-" "WordPress/6.9.4; https://lotushomemade.com"
37.27.59.176 - - [29/Mar/2026:08:29:37 +0700] "GET /shop/page/11/?stock_status=instock%2Consale&per_page=8 HTTP/1.1" 200 40247 "-" "Mozilla/5.0 (compatible; SERankingBacklinksBot/1.0; +https://seranking.com/backlinks-crawler)"
37.27.59.176 - - [29/Mar/2026:08:29:42 +0700] "GET /shop/page/25/?orderby=price-desc&stock_status=onsale HTTP/1.1" 200 41060 "-" "Mozilla/5.0 (compatible; SERankingBacklinksBot/1.0; +https://seranking.com/backlinks-crawler)"
51.195.244.234 - - [29/Mar/2026:08:29:43 +0700] "GET /shop/page/44/?orderby=rating&stock_status=instock%2Consale&per_row=6&per_page=8&shop_view=grid HTTP/2" 200 33224 "-" "Mozilla/5.0 (compatible; AhrefsBot/7.0; +http://ahrefs.com/robot/)"
37.27.59.176 - - [29/Mar/2026:08:29:47 +0700] "GET /shop/page/6/?orderby=rating&per_row=6&shop_view=grid HTTP/1.1" 200 40905 "-" "Mozilla/5.0 (compatible; SERankingBacklinksBot/1.0; +https://seranking.com/backlinks-crawler)"
51.89.43.80 - - [29/Mar/2026:08:29:49 +0700] "GET /assets/images/accesson.php HTTP/2" 404 188992 "-" "Mozilla/5.0 (Windows NT 10.0; Win64; x64) AppleWebKit/537.36 (KHTML, like Gecko) Chrome/127.0.0.0 Safari/537.36"
37.27.59.176 - - [29/Mar/2026:08:29:52 +0700] "GET /shop/page/26/?orderby=popularity&stock_status=onsale HTTP/1.1" 200 40498 "-" "Mozilla/5.0 (compatible; SERankingBacklinksBot/1.0; +https://seranking.com/backlinks-crawler)"
37.27.59.176 - - [29/Mar/2026:08:29:57 +0700] "GET /shop/page/6/?per_page=12&stock_status=instock,onsale HTTP/1.1" 301 419 "-" "Mozilla/5.0 (compatible; SERankingBacklinksBot/1.0; +https://seranking.com/backlinks-crawler)"
37.27.59.176 - - [29/Mar/2026:08:29:58 +0700] "GET /shop/page/6/?per_page=12&stock_status=instock%2Consale HTTP/1.1" 200 40894 "-" "Mozilla/5.0 (compatible; SERankingBacklinksBot/1.0; +https://seranking.com/backlinks-crawler)"
37.27.59.176 - - [29/Mar/2026:08:30:03 +0700] "GET /shop/page/26/?orderby=price&shop_view=grid&per_row=2 HTTP/1.1" 200 41215 "-" "Mozilla/5.0 (compatible; SERankingBacklinksBot/1.0; +https://seranking.com/backlinks-crawler)"
37.27.59.176 - - [29/Mar/2026:08:30:08 +0700] "GET /shop/page/6/?per_page=18&stock_status=instock,onsale HTTP/1.1" 301 419 "-" "Mozilla/5.0 (compatible; SERankingBacklinksBot/1.0; +https://seranking.com/backlinks-crawler)"
37.27.59.176 - - [29/Mar/2026:08:30:09 +0700] "GET /shop/page/6/?per_page=18&stock_status=instock%2Consale HTTP/1.1" 200 41584 "-" "Mozilla/5.0 (compatible; SERankingBacklinksBot/1.0; +https://seranking.com/backlinks-crawler)"
37.27.59.176 - - [29/Mar/2026:08:30:14 +0700] "GET /shop/page/26/?orderby=price&shop_view=grid&per_row=4 HTTP/1.1" 200 41222 "-" "Mozilla/5.0 (compatible; SERankingBacklinksBot/1.0; +https://seranking.com/backlinks-crawler)"
37.27.59.176 - - [29/Mar/2026:08:30:20 +0700] "GET /shop/page/6/?per_page=24&stock_status=instock,onsale HTTP/1.1" 301 597 "-" "Mozilla/5.0 (compatible; SERankingBacklinksBot/1.0; +https://seranking.com/backlinks-crawler)"
37.27.59.176 - - [29/Mar/2026:08:30:20 +0700] "GET /shop/page/6/?per_page=24&stock_status=instock%2Consale HTTP/1.1" 200 42078 "-" "Mozilla/5.0 (compatible; SERankingBacklinksBot/1.0; +https://seranking.com/backlinks-crawler)"
37.27.59.176 - - [29/Mar/2026:08:30:25 +0700] "GET /shop/page/26/?orderby=price&shop_view=grid&per_row=6 HTTP/1.1" 200 41079 "-" "Mozilla/5.0 (compatible; SERankingBacklinksBot/1.0; +https://seranking.com/backlinks-crawler)"
37.27.59.176 - - [29/Mar/2026:08:30:31 +0700] "GET /shop/page/7/?orderby=rating&per_row=2&shop_view=grid HTTP/1.1" 200 40906 "-" "Mozilla/5.0 (compatible; SERankingBacklinksBot/1.0; +https://seranking.com/backlinks-crawler)"
54.38.147.146 - - [29/Mar/2026:08:30:32 +0700] "GET /shop/page/6/?orderby=popularity&stock_status=onsale&per_row=6&shop_view=grid&per_page=12 HTTP/2" 200 34138 "-" "Mozilla/5.0 (compatible; AhrefsBot/7.0; +http://ahrefs.com/robot/)"
37.27.59.176 - - [29/Mar/2026:08:30:35 +0700] "GET /shop/page/26/?orderby=price-desc&stock_status=onsale HTTP/1.1" 200 40748 "-" "Mozilla/5.0 (compatible; SERankingBacklinksBot/1.0; +https://seranking.com/backlinks-crawler)"
103.131.51.123 - - [29/Mar/2026:08:30:43 +0700] "POST /wp-cron.php?doing_wp_cron=1774747843.4553298950195312500000 HTTP/1.1" 200 474 "-" "WordPress/6.9.4; https://lotushomemade.com"
37.27.59.176 - - [29/Mar/2026:08:30:41 +0700] "GET /shop/page/7/?orderby=rating&per_row=4&shop_view=grid HTTP/1.1" 200 40903 "-" "Mozilla/5.0 (compatible; SERankingBacklinksBot/1.0; +https://seranking.com/backlinks-crawler)"
37.27.59.176 - - [29/Mar/2026:08:30:47 +0700] "GET /shop/page/27/?max_price=420&shop_view=grid&per_row=2 HTTP/1.1" 200 40961 "-" "Mozilla/5.0 (compatible; SERankingBacklinksBot/1.0; +https://seranking.com/backlinks-crawler)"
51.89.129.155 - - [29/Mar/2026:08:30:52 +0700] "GET /shop/page/6/?orderby=price-desc&stock_status=instock&per_row=2&shop_view=grid&per_page=8 HTTP/2" 200 33417 "-" "Mozilla/5.0 (compatible; AhrefsBot/7.0; +http://ahrefs.com/robot/)"
37.27.59.176 - - [29/Mar/2026:08:30:52 +0700] "GET /shop/page/7/?orderby=rating&per_row=6&shop_view=grid HTTP/1.1" 200 40885 "-" "Mozilla/5.0 (compatible; SERankingBacklinksBot/1.0; +https://seranking.com/backlinks-crawler)"
14.247.194.199 - - [29/Mar/2026:08:30:57 +0700] "GET /shop/?filter_brand=blessing-food&max_price=630&per_row=4&shop_view=grid HTTP/1.1" 200 40081 "-" "Mozilla/5.0 (Macintosh; Intel Mac OS X 10_11_1) AppleWebKit/537.36 (KHTML, like Gecko) Chrome/89.0.4389.114 Safari/537.36"
37.27.59.176 - - [29/Mar/2026:08:30:58 +0700] "GET /shop/page/27/?max_price=420&shop_view=grid&per_row=4 HTTP/1.1" 200 41015 "-" "Mozilla/5.0 (compatible; SERankingBacklinksBot/1.0; +https://seranking.com/backlinks-crawler)"
37.27.59.176 - - [29/Mar/2026:08:31:02 +0700] "GET /shop/page/7/?per_page=12&stock_status=instock,onsale HTTP/1.1" 301 419 "-" "Mozilla/5.0 (compatible; SERankingBacklinksBot/1.0; +https://seranking.com/backlinks-crawler)"
37.27.59.176 - - [29/Mar/2026:08:31:03 +0700] "GET /shop/page/7/?per_page=12&stock_status=instock%2Consale HTTP/1.1" 200 40808 "-" "Mozilla/5.0 (compatible; SERankingBacklinksBot/1.0; +https://seranking.com/backlinks-crawler)"
37.27.59.176 - - [29/Mar/2026:08:31:08 +0700] "GET /shop/page/27/?max_price=420&shop_view=grid&per_row=6 HTTP/1.1" 200 40807 "-" "Mozilla/5.0 (compatible; SERankingBacklinksBot/1.0; +https://seranking.com/backlinks-crawler)"
37.27.59.176 - - [29/Mar/2026:08:31:12 +0700] "GET /shop/page/7/?per_page=18&stock_status=instock,onsale HTTP/1.1" 301 419 "-" "Mozilla/5.0 (compatible; SERankingBacklinksBot/1.0; +https://seranking.com/backlinks-crawler)"
37.27.59.176 - - [29/Mar/2026:08:31:13 +0700] "GET /shop/page/7/?per_page=18&stock_status=instock%2Consale HTTP/1.1" 200 41260 "-" "Mozilla/5.0 (compatible; SERankingBacklinksBot/1.0; +https://seranking.com/backlinks-crawler)"
37.27.59.176 - - [29/Mar/2026:08:31:18 +0700] "GET /shop/page/27/?max_price=630&shop_view=grid&per_row=2 HTTP/1.1" 200 40988 "-" "Mozilla/5.0 (compatible; SERankingBacklinksBot/1.0; +https://seranking.com/backlinks-crawler)"
37.27.59.176 - - [29/Mar/2026:08:31:24 +0700] "GET /shop/page/7/?per_page=24&stock_status=instock,onsale HTTP/1.1" 301 597 "-" "Mozilla/5.0 (compatible; SERankingBacklinksBot/1.0; +https://seranking.com/backlinks-crawler)"
37.27.59.176 - - [29/Mar/2026:08:31:24 +0700] "GET /shop/page/7/?per_page=24&stock_status=instock%2Consale HTTP/1.1" 200 42612 "-" "Mozilla/5.0 (compatible; SERankingBacklinksBot/1.0; +https://seranking.com/backlinks-crawler)"
37.27.59.176 - - [29/Mar/2026:08:31:29 +0700] "GET /shop/page/27/?max_price=630&shop_view=grid&per_row=4 HTTP/1.1" 200 40811 "-" "Mozilla/5.0 (compatible; SERankingBacklinksBot/1.0; +https://seranking.com/backlinks-crawler)"
37.27.59.176 - - [29/Mar/2026:08:31:34 +0700] "GET /shop/page/8/?orderby=popularity&stock_status=instock HTTP/1.1" 200 40823 "-" "Mozilla/5.0 (compatible; SERankingBacklinksBot/1.0; +https://seranking.com/backlinks-crawler)"
103.131.51.123 - - [29/Mar/2026:08:31:41 +0700] "POST /wp-cron.php?doing_wp_cron=1774747901.6723461151123046875000 HTTP/1.1" 200 474 "-" "WordPress/6.9.4; https://lotushomemade.com"
37.27.59.176 - - [29/Mar/2026:08:31:40 +0700] "GET /shop/page/27/?max_price=630&shop_view=grid&per_row=6 HTTP/1.1" 200 41008 "-" "Mozilla/5.0 (compatible; SERankingBacklinksBot/1.0; +https://seranking.com/backlinks-crawler)"
37.27.59.176 - - [29/Mar/2026:08:31:45 +0700] "GET /shop/page/8/?orderby=price-desc&stock_status=instock HTTP/1.1" 200 41196 "-" "Mozilla/5.0 (compatible; SERankingBacklinksBot/1.0; +https://seranking.com/backlinks-crawler)"
173.254.28.240 - - [29/Mar/2026:08:31:46 +0700] "GET /wp-login.php HTTP/2" 200 1889 "-" "Mozilla/5.0 (Windows NT 10.0; WOW64) AppleWebKit/537.36 (KHTML, like Gecko) Chrome/67.0.3396.62 Safari/537.36"
173.254.28.240 - - [29/Mar/2026:08:31:51 +0700] "POST /wp-login.php HTTP/2" 200 2027 "https://lotushomemade.com/wp-login.php" "Mozilla/5.0 (Windows NT 10.0; WOW64) AppleWebKit/537.36 (KHTML, like Gecko) Chrome/67.0.3396.62 Safari/537.36"
37.27.59.176 - - [29/Mar/2026:08:31:50 +0700] "GET /shop/page/27/?max_price=840&shop_view=grid&per_row=2 HTTP/1.1" 200 40800 "-" "Mozilla/5.0 (compatible; SERankingBacklinksBot/1.0; +https://seranking.com/backlinks-crawler)"
51.195.183.248 - - [29/Mar/2026:08:31:55 +0700] "GET /shop/?orderby=price&per_row=6&per_page=8&shop_view=grid&stock_status=onsale HTTP/2" 200 33719 "-" "Mozilla/5.0 (compatible; AhrefsBot/7.0; +http://ahrefs.com/robot/)"
37.27.59.176 - - [29/Mar/2026:08:31:56 +0700] "GET /shop/page/8/?orderby=rating&shop_view=grid&per_row=2 HTTP/1.1" 200 40800 "-" "Mozilla/5.0 (compatible; SERankingBacklinksBot/1.0; +https://seranking.com/backlinks-crawler)"
37.27.59.176 - - [29/Mar/2026:08:32:00 +0700] "GET /shop/page/27/?max_price=840&shop_view=grid&per_row=4 HTTP/1.1" 200 40838 "-" "Mozilla/5.0 (compatible; SERankingBacklinksBot/1.0; +https://seranking.com/backlinks-crawler)"
37.27.59.176 - - [29/Mar/2026:08:32:05 +0700] "GET /shop/page/8/?orderby=rating&shop_view=grid&per_row=4 HTTP/1.1" 200 40658 "-" "Mozilla/5.0 (compatible; SERankingBacklinksBot/1.0; +https://seranking.com/backlinks-crawler)"
51.195.244.53 - - [29/Mar/2026:08:32:10 +0700] "GET /shop/page/6/?orderby=price-desc&stock_status=instock&per_row=4&shop_view=grid&per_page=12 HTTP/2" 200 34258 "-" "Mozilla/5.0 (compatible; AhrefsBot/7.0; +http://ahrefs.com/robot/)"
37.27.59.176 - - [29/Mar/2026:08:32:11 +0700] "GET /shop/page/27/?max_price=840&shop_view=grid&per_row=6 HTTP/1.1" 200 41051 "-" "Mozilla/5.0 (compatible; SERankingBacklinksBot/1.0; +https://seranking.com/backlinks-crawler)"
37.27.59.176 - - [29/Mar/2026:08:32:16 +0700] "GET /shop/page/8/?orderby=rating&shop_view=grid&per_row=6 HTTP/1.1" 200 40670 "-" "Mozilla/5.0 (compatible; SERankingBacklinksBot/1.0; +https://seranking.com/backlinks-crawler)"
37.27.59.176 - - [29/Mar/2026:08:32:20 +0700] "GET /shop/page/27/?max_price=845&shop_view=grid&per_row=2 HTTP/1.1" 200 40804 "-" "Mozilla/5.0 (compatible; SERankingBacklinksBot/1.0; +https://seranking.com/backlinks-crawler)"
37.27.59.176 - - [29/Mar/2026:08:32:26 +0700] "GET /shop/page/9/?orderby=popularity&stock_status=instock HTTP/1.1" 200 40786 "-" "Mozilla/5.0 (compatible; SERankingBacklinksBot/1.0; +https://seranking.com/backlinks-crawler)"
37.27.59.176 - - [29/Mar/2026:08:32:32 +0700] "GET /shop/page/27/?max_price=845&shop_view=grid&per_row=4 HTTP/1.1" 200 40958 "-" "Mozilla/5.0 (compatible; SERankingBacklinksBot/1.0; +https://seranking.com/backlinks-crawler)"
103.131.51.123 - - [29/Mar/2026:08:32:38 +0700] "POST /wp-cron.php?doing_wp_cron=1774747958.9290869235992431640625 HTTP/1.1" 200 474 "-" "WordPress/6.9.4; https://lotushomemade.com"
37.27.59.176 - - [29/Mar/2026:08:32:37 +0700] "GET /shop/page/9/?orderby=price-desc&stock_status=instock HTTP/1.1" 200 40863 "-" "Mozilla/5.0 (compatible; SERankingBacklinksBot/1.0; +https://seranking.com/backlinks-crawler)"
37.27.59.176 - - [29/Mar/2026:08:32:42 +0700] "GET /shop/page/27/?max_price=845&shop_view=grid&per_row=6 HTTP/1.1" 200 40954 "-" "Mozilla/5.0 (compatible; SERankingBacklinksBot/1.0; +https://seranking.com/backlinks-crawler)"
37.27.59.176 - - [29/Mar/2026:08:32:47 +0700] "GET /shop/page/9/?orderby=rating&shop_view=grid&per_row=2 HTTP/1.1" 200 40661 "-" "Mozilla/5.0 (compatible; SERankingBacklinksBot/1.0; +https://seranking.com/backlinks-crawler)"
37.27.59.176 - - [29/Mar/2026:08:32:52 +0700] "GET /shop/page/27/?orderby=price&per_row=2&shop_view=grid HTTP/1.1" 200 40960 "-" "Mozilla/5.0 (compatible; SERankingBacklinksBot/1.0; +https://seranking.com/backlinks-crawler)"
37.27.59.176 - - [29/Mar/2026:08:32:57 +0700] "GET /shop/page/9/?orderby=rating&shop_view=grid&per_row=4 HTTP/1.1" 200 40878 "-" "Mozilla/5.0 (compatible; SERankingBacklinksBot/1.0; +https://seranking.com/backlinks-crawler)"
37.27.59.176 - - [29/Mar/2026:08:33:02 +0700] "GET /shop/page/27/?orderby=price&per_row=4&shop_view=grid HTTP/1.1" 200 40927 "-" "Mozilla/5.0 (compatible; SERankingBacklinksBot/1.0; +https://seranking.com/backlinks-crawler)"
37.27.59.176 - - [29/Mar/2026:08:33:07 +0700] "GET /shop/page/9/?orderby=rating&shop_view=grid&per_row=6 HTTP/1.1" 200 40884 "-" "Mozilla/5.0 (compatible; SERankingBacklinksBot/1.0; +https://seranking.com/backlinks-crawler)"
198.244.168.51 - - [29/Mar/2026:08:33:08 +0700] "GET /shop/page/43/?orderby=price&stock_status=onsale&per_page=8&shop_view=grid&per_row=2 HTTP/2" 200 33622 "-" "Mozilla/5.0 (compatible; AhrefsBot/7.0; +http://ahrefs.com/robot/)"
51.89.129.86 - - [29/Mar/2026:08:33:08 +0700] "GET /shop/page/6/?orderby=price&stock_status=onsale&per_page=12&shop_view=grid&per_row=2 HTTP/2" 200 33917 "-" "Mozilla/5.0 (compatible; AhrefsBot/7.0; +http://ahrefs.com/robot/)"
37.27.59.176 - - [29/Mar/2026:08:33:12 +0700] "GET /shop/page/27/?orderby=price&per_row=6&shop_view=grid HTTP/1.1" 200 40999 "-" "Mozilla/5.0 (compatible; SERankingBacklinksBot/1.0; +https://seranking.com/backlinks-crawler)"
37.27.59.176 - - [29/Mar/2026:08:33:17 +0700] "GET /shop/page/28/?max_price=420&shop_view=grid&per_row=2 HTTP/1.1" 200 41044 "-" "Mozilla/5.0 (compatible; SERankingBacklinksBot/1.0; +https://seranking.com/backlinks-crawler)"
37.27.59.176 - - [29/Mar/2026:08:33:23 +0700] "GET /shop/page/28/?max_price=420&shop_view=grid&per_row=4 HTTP/1.1" 200 41236 "-" "Mozilla/5.0 (compatible; SERankingBacklinksBot/1.0; +https://seranking.com/backlinks-crawler)"
37.27.59.176 - - [29/Mar/2026:08:33:28 +0700] "GET /shop/page/28/?max_price=420&shop_view=grid&per_row=6 HTTP/1.1" 200 41047 "-" "Mozilla/5.0 (compatible; SERankingBacklinksBot/1.0; +https://seranking.com/backlinks-crawler)"
37.27.59.176 - - [29/Mar/2026:08:33:33 +0700] "GET /shop/page/28/?max_price=630&shop_view=grid&per_row=2 HTTP/1.1" 200 41264 "-" "Mozilla/5.0 (compatible; SERankingBacklinksBot/1.0; +https://seranking.com/backlinks-crawler)"
103.131.51.123 - - [29/Mar/2026:08:33:39 +0700] "POST /wp-cron.php?doing_wp_cron=1774748019.8402791023254394531250 HTTP/1.1" 200 474 "-" "WordPress/6.9.4; https://lotushomemade.com"
37.27.59.176 - - [29/Mar/2026:08:33:38 +0700] "GET /shop/page/28/?max_price=630&shop_view=grid&per_row=4 HTTP/1.1" 200 41223 "-" "Mozilla/5.0 (compatible; SERankingBacklinksBot/1.0; +https://seranking.com/backlinks-crawler)"
37.27.59.176 - - [29/Mar/2026:08:33:43 +0700] "GET /shop/page/28/?max_price=630&shop_view=grid&per_row=6 HTTP/1.1" 200 41246 "-" "Mozilla/5.0 (compatible; SERankingBacklinksBot/1.0; +https://seranking.com/backlinks-crawler)"
198.244.183.225 - - [29/Mar/2026:08:33:43 +0700] "GET /product-category/kuih-kapit-series/page/3/?per_row=6&per_page=24&shop_view=grid HTTP/2" 200 33826 "-" "Mozilla/5.0 (compatible; AhrefsBot/7.0; +http://ahrefs.com/robot/)"
37.27.59.176 - - [29/Mar/2026:08:33:49 +0700] "GET /shop/page/28/?max_price=840&shop_view=grid&per_row=2 HTTP/1.1" 200 41265 "-" "Mozilla/5.0 (compatible; SERankingBacklinksBot/1.0; +https://seranking.com/backlinks-crawler)"
37.27.59.176 - - [29/Mar/2026:08:33:54 +0700] "GET /shop/page/28/?max_price=840&shop_view=grid&per_row=4 HTTP/1.1" 200 41224 "-" "Mozilla/5.0 (compatible; SERankingBacklinksBot/1.0; +https://seranking.com/backlinks-crawler)"
37.27.59.176 - - [29/Mar/2026:08:34:00 +0700] "GET /shop/page/28/?max_price=840&shop_view=grid&per_row=6 HTTP/1.1" 200 41212 "-" "Mozilla/5.0 (compatible; SERankingBacklinksBot/1.0; +https://seranking.com/backlinks-crawler)"
37.27.59.176 - - [29/Mar/2026:08:34:05 +0700] "GET /shop/page/28/?max_price=845&shop_view=grid&per_row=2 HTTP/1.1" 200 41274 "-" "Mozilla/5.0 (compatible; SERankingBacklinksBot/1.0; +https://seranking.com/backlinks-crawler)"
37.27.59.176 - - [29/Mar/2026:08:34:11 +0700] "GET /shop/page/28/?max_price=845&shop_view=grid&per_row=4 HTTP/1.1" 200 41297 "-" "Mozilla/5.0 (compatible; SERankingBacklinksBot/1.0; +https://seranking.com/backlinks-crawler)"
198.244.240.177 - - [29/Mar/2026:08:34:11 +0700] "GET /shop/page/17/?orderby=price&stock_status=onsale&per_row=6&shop_view=grid&per_page=18 HTTP/2" 200 34743 "-" "Mozilla/5.0 (compatible; AhrefsBot/7.0; +http://ahrefs.com/robot/)"
37.27.59.176 - - [29/Mar/2026:08:34:17 +0700] "GET /shop/page/28/?max_price=845&shop_view=grid&per_row=6 HTTP/1.1" 200 41242 "-" "Mozilla/5.0 (compatible; SERankingBacklinksBot/1.0; +https://seranking.com/backlinks-crawler)"
37.27.59.176 - - [29/Mar/2026:08:34:22 +0700] "GET /shop/page/28/?orderby=price&per_row=2&shop_view=grid HTTP/1.1" 200 41087 "-" "Mozilla/5.0 (compatible; SERankingBacklinksBot/1.0; +https://seranking.com/backlinks-crawler)"
37.27.59.176 - - [29/Mar/2026:08:34:27 +0700] "GET /shop/page/28/?orderby=price&per_row=4&shop_view=grid HTTP/1.1" 200 40913 "-" "Mozilla/5.0 (compatible; SERankingBacklinksBot/1.0; +https://seranking.com/backlinks-crawler)"
37.27.59.176 - - [29/Mar/2026:08:34:31 +0700] "GET /shop/page/28/?orderby=price&per_row=6&shop_view=grid HTTP/1.1" 200 40882 "-" "Mozilla/5.0 (compatible; SERankingBacklinksBot/1.0; +https://seranking.com/backlinks-crawler)"
103.131.51.123 - - [29/Mar/2026:08:34:38 +0700] "POST /wp-cron.php?doing_wp_cron=1774748078.2652440071105957031250 HTTP/1.1" 200 474 "-" "WordPress/6.9.4; https://lotushomemade.com"
37.27.59.176 - - [29/Mar/2026:08:34:37 +0700] "GET /shop/page/29/?max_price=420&shop_view=grid&per_row=2 HTTP/1.1" 200 40919 "-" "Mozilla/5.0 (compatible; SERankingBacklinksBot/1.0; +https://seranking.com/backlinks-crawler)"
37.27.59.176 - - [29/Mar/2026:08:34:42 +0700] "GET /shop/page/29/?max_price=420&shop_view=grid&per_row=4 HTTP/1.1" 200 40914 "-" "Mozilla/5.0 (compatible; SERankingBacklinksBot/1.0; +https://seranking.com/backlinks-crawler)"
37.27.59.176 - - [29/Mar/2026:08:34:47 +0700] "GET /shop/page/29/?max_price=420&shop_view=grid&per_row=6 HTTP/1.1" 200 40754 "-" "Mozilla/5.0 (compatible; SERankingBacklinksBot/1.0; +https://seranking.com/backlinks-crawler)"
51.195.215.67 - - [29/Mar/2026:08:34:47 +0700] "GET /shop/page/28/?orderby=price&stock_status=onsale&per_row=6&shop_view=grid&per_page=12 HTTP/2" 200 33937 "-" "Mozilla/5.0 (compatible; AhrefsBot/7.0; +http://ahrefs.com/robot/)"
37.27.59.176 - - [29/Mar/2026:08:34:52 +0700] "GET /shop/page/29/?max_price=630&shop_view=grid&per_row=2 HTTP/1.1" 200 40911 "-" "Mozilla/5.0 (compatible; SERankingBacklinksBot/1.0; +https://seranking.com/backlinks-crawler)"
37.27.59.176 - - [29/Mar/2026:08:34:57 +0700] "GET /shop/page/29/?max_price=630&shop_view=grid&per_row=4 HTTP/1.1" 200 40759 "-" "Mozilla/5.0 (compatible; SERankingBacklinksBot/1.0; +https://seranking.com/backlinks-crawler)"
37.27.59.176 - - [29/Mar/2026:08:35:02 +0700] "GET /shop/page/29/?max_price=630&shop_view=grid&per_row=6 HTTP/1.1" 200 40794 "-" "Mozilla/5.0 (compatible; SERankingBacklinksBot/1.0; +https://seranking.com/backlinks-crawler)"
37.27.59.176 - - [29/Mar/2026:08:35:07 +0700] "GET /shop/page/29/?max_price=840&shop_view=grid&per_row=2 HTTP/1.1" 200 40988 "-" "Mozilla/5.0 (compatible; SERankingBacklinksBot/1.0; +https://seranking.com/backlinks-crawler)"
37.27.59.176 - - [29/Mar/2026:08:35:12 +0700] "GET /shop/page/29/?max_price=840&shop_view=grid&per_row=4 HTTP/1.1" 200 40780 "-" "Mozilla/5.0 (compatible; SERankingBacklinksBot/1.0; +https://seranking.com/backlinks-crawler)"
198.244.242.209 - - [29/Mar/2026:08:35:15 +0700] "GET /shop/page/6/?orderby=price&stock_status=onsale&per_row=6&shop_view=grid&per_page=12 HTTP/2" 200 33917 "-" "Mozilla/5.0 (compatible; AhrefsBot/7.0; +http://ahrefs.com/robot/)"
37.27.59.176 - - [29/Mar/2026:08:35:17 +0700] "GET /shop/page/29/?max_price=840&shop_view=grid&per_row=6 HTTP/1.1" 200 40935 "-" "Mozilla/5.0 (compatible; SERankingBacklinksBot/1.0; +https://seranking.com/backlinks-crawler)"
37.27.59.176 - - [29/Mar/2026:08:35:22 +0700] "GET /shop/page/29/?max_price=845&shop_view=grid&per_row=2 HTTP/1.1" 200 40726 "-" "Mozilla/5.0 (compatible; SERankingBacklinksBot/1.0; +https://seranking.com/backlinks-crawler)"
37.27.59.176 - - [29/Mar/2026:08:35:27 +0700] "GET /shop/page/29/?max_price=845&shop_view=grid&per_row=4 HTTP/1.1" 200 40804 "-" "Mozilla/5.0 (compatible; SERankingBacklinksBot/1.0; +https://seranking.com/backlinks-crawler)"
37.27.59.176 - - [29/Mar/2026:08:35:31 +0700] "GET /shop/page/29/?max_price=845&shop_view=grid&per_row=6 HTTP/1.1" 200 40753 "-" "Mozilla/5.0 (compatible; SERankingBacklinksBot/1.0; +https://seranking.com/backlinks-crawler)"
103.131.51.123 - - [29/Mar/2026:08:35:38 +0700] "POST /wp-cron.php?doing_wp_cron=1774748138.3282420635223388671875 HTTP/1.1" 200 474 "-" "WordPress/6.9.4; https://lotushomemade.com"
37.27.59.176 - - [29/Mar/2026:08:35:37 +0700] "GET /shop/page/29/?orderby=price&per_row=2&shop_view=grid HTTP/1.1" 200 41318 "-" "Mozilla/5.0 (compatible; SERankingBacklinksBot/1.0; +https://seranking.com/backlinks-crawler)"
37.27.59.176 - - [29/Mar/2026:08:35:41 +0700] "GET /shop/page/29/?orderby=price&per_row=4&shop_view=grid HTTP/1.1" 200 41116 "-" "Mozilla/5.0 (compatible; SERankingBacklinksBot/1.0; +https://seranking.com/backlinks-crawler)"
37.27.59.176 - - [29/Mar/2026:08:35:47 +0700] "GET /shop/page/29/?orderby=price&per_row=6&shop_view=grid HTTP/1.1" 200 41258 "-" "Mozilla/5.0 (compatible; SERankingBacklinksBot/1.0; +https://seranking.com/backlinks-crawler)"
37.27.59.176 - - [29/Mar/2026:08:35:52 +0700] "GET /shop/page/30/?max_price=420&per_row=2&shop_view=grid HTTP/1.1" 200 40851 "-" "Mozilla/5.0 (compatible; SERankingBacklinksBot/1.0; +https://seranking.com/backlinks-crawler)"
37.27.59.176 - - [29/Mar/2026:08:35:57 +0700] "GET /shop/page/30/?max_price=420&per_row=4&shop_view=grid HTTP/1.1" 200 40683 "-" "Mozilla/5.0 (compatible; SERankingBacklinksBot/1.0; +https://seranking.com/backlinks-crawler)"
54.38.147.31 - - [29/Mar/2026:08:36:00 +0700] "GET /shop/?stock_status=onsale&shop_view=grid&per_row=2 HTTP/2" 200 34358 "-" "Mozilla/5.0 (compatible; AhrefsBot/7.0; +http://ahrefs.com/robot/)"
37.27.59.176 - - [29/Mar/2026:08:36:02 +0700] "GET /shop/page/30/?max_price=420&per_row=6&shop_view=grid HTTP/1.1" 200 40793 "-" "Mozilla/5.0 (compatible; SERankingBacklinksBot/1.0; +https://seranking.com/backlinks-crawler)"
37.27.59.176 - - [29/Mar/2026:08:36:09 +0700] "GET /shop/page/30/?max_price=630&per_row=2&shop_view=grid HTTP/1.1" 200 40858 "-" "Mozilla/5.0 (compatible; SERankingBacklinksBot/1.0; +https://seranking.com/backlinks-crawler)"
37.27.59.176 - - [29/Mar/2026:08:36:14 +0700] "GET /shop/page/30/?max_price=630&per_row=4&shop_view=grid HTTP/1.1" 200 40707 "-" "Mozilla/5.0 (compatible; SERankingBacklinksBot/1.0; +https://seranking.com/backlinks-crawler)"
37.27.59.176 - - [29/Mar/2026:08:36:19 +0700] "GET /shop/page/30/?max_price=630&per_row=6&shop_view=grid HTTP/1.1" 200 40837 "-" "Mozilla/5.0 (compatible; SERankingBacklinksBot/1.0; +https://seranking.com/backlinks-crawler)"
37.27.59.176 - - [29/Mar/2026:08:36:24 +0700] "GET /shop/page/30/?max_price=840&per_row=2&shop_view=grid HTTP/1.1" 200 40853 "-" "Mozilla/5.0 (compatible; SERankingBacklinksBot/1.0; +https://seranking.com/backlinks-crawler)"
37.27.59.176 - - [29/Mar/2026:08:36:29 +0700] "GET /shop/page/30/?max_price=840&per_row=4&shop_view=grid HTTP/1.1" 200 40660 "-" "Mozilla/5.0 (compatible; SERankingBacklinksBot/1.0; +https://seranking.com/backlinks-crawler)"
198.244.240.165 - - [29/Mar/2026:08:36:31 +0700] "GET /shop/page/6/?orderby=price-desc&stock_status=onsale&per_row=2&shop_view=grid&per_page=8 HTTP/2" 200 33361 "-" "Mozilla/5.0 (compatible; AhrefsBot/7.0; +http://ahrefs.com/robot/)"
37.27.59.176 - - [29/Mar/2026:08:36:34 +0700] "GET /shop/page/30/?max_price=840&per_row=6&shop_view=grid HTTP/1.1" 200 40832 "-" "Mozilla/5.0 (compatible; SERankingBacklinksBot/1.0; +https://seranking.com/backlinks-crawler)"
103.131.51.123 - - [29/Mar/2026:08:36:40 +0700] "POST /wp-cron.php?doing_wp_cron=1774748200.7908439636230468750000 HTTP/1.1" 200 474 "-" "WordPress/6.9.4; https://lotushomemade.com"
37.27.59.176 - - [29/Mar/2026:08:36:39 +0700] "GET /shop/page/30/?max_price=845&per_row=2&shop_view=grid HTTP/1.1" 200 40744 "-" "Mozilla/5.0 (compatible; SERankingBacklinksBot/1.0; +https://seranking.com/backlinks-crawler)"
37.27.59.176 - - [29/Mar/2026:08:36:44 +0700] "GET /shop/page/30/?max_price=845&per_row=4&shop_view=grid HTTP/1.1" 200 40672 "-" "Mozilla/5.0 (compatible; SERankingBacklinksBot/1.0; +https://seranking.com/backlinks-crawler)"
37.27.59.176 - - [29/Mar/2026:08:36:49 +0700] "GET /shop/page/30/?max_price=845&per_row=6&shop_view=grid HTTP/1.1" 200 40889 "-" "Mozilla/5.0 (compatible; SERankingBacklinksBot/1.0; +https://seranking.com/backlinks-crawler)"
37.27.59.176 - - [29/Mar/2026:08:36:54 +0700] "GET /shop/page/31/?max_price=420&per_row=2&shop_view=grid HTTP/1.1" 200 40705 "-" "Mozilla/5.0 (compatible; SERankingBacklinksBot/1.0; +https://seranking.com/backlinks-crawler)"
37.27.59.176 - - [29/Mar/2026:08:36:59 +0700] "GET /shop/page/31/?max_price=420&per_row=4&shop_view=grid HTTP/1.1" 200 40945 "-" "Mozilla/5.0 (compatible; SERankingBacklinksBot/1.0; +https://seranking.com/backlinks-crawler)"
51.89.129.236 - - [29/Mar/2026:08:37:03 +0700] "GET /shop/page/17/?orderby=popularity&stock_status=instock&per_row=6&shop_view=grid&per_page=18 HTTP/2" 200 34291 "-" "Mozilla/5.0 (compatible; AhrefsBot/7.0; +http://ahrefs.com/robot/)"
37.27.59.176 - - [29/Mar/2026:08:37:05 +0700] "GET /shop/page/31/?max_price=420&per_row=6&shop_view=grid HTTP/1.1" 200 40924 "-" "Mozilla/5.0 (compatible; SERankingBacklinksBot/1.0; +https://seranking.com/backlinks-crawler)"
37.27.59.176 - - [29/Mar/2026:08:37:10 +0700] "GET /shop/page/31/?max_price=630&per_row=2&shop_view=grid HTTP/1.1" 200 40937 "-" "Mozilla/5.0 (compatible; SERankingBacklinksBot/1.0; +https://seranking.com/backlinks-crawler)"
37.27.59.176 - - [29/Mar/2026:08:37:15 +0700] "GET /shop/page/31/?max_price=630&per_row=4&shop_view=grid HTTP/1.1" 200 40742 "-" "Mozilla/5.0 (compatible; SERankingBacklinksBot/1.0; +https://seranking.com/backlinks-crawler)"
37.27.59.176 - - [29/Mar/2026:08:37:21 +0700] "GET /shop/page/31/?max_price=630&per_row=6&shop_view=grid HTTP/1.1" 200 40927 "-" "Mozilla/5.0 (compatible; SERankingBacklinksBot/1.0; +https://seranking.com/backlinks-crawler)"
37.27.59.176 - - [29/Mar/2026:08:37:26 +0700] "GET /shop/page/31/?max_price=840&per_row=2&shop_view=grid HTTP/1.1" 200 40716 "-" "Mozilla/5.0 (compatible; SERankingBacklinksBot/1.0; +https://seranking.com/backlinks-crawler)"
37.27.59.176 - - [29/Mar/2026:08:37:30 +0700] "GET /shop/page/31/?max_price=840&per_row=4&shop_view=grid HTTP/1.1" 200 40804 "-" "Mozilla/5.0 (compatible; SERankingBacklinksBot/1.0; +https://seranking.com/backlinks-crawler)"
37.27.59.176 - - [29/Mar/2026:08:37:36 +0700] "GET /shop/page/31/?max_price=840&per_row=6&shop_view=grid HTTP/1.1" 200 40925 "-" "Mozilla/5.0 (compatible; SERankingBacklinksBot/1.0; +https://seranking.com/backlinks-crawler)"
103.131.51.123 - - [29/Mar/2026:08:37:42 +0700] "POST /wp-cron.php?doing_wp_cron=1774748262.5212121009826660156250 HTTP/1.1" 200 474 "-" "WordPress/6.9.4; https://lotushomemade.com"
37.27.59.176 - - [29/Mar/2026:08:37:41 +0700] "GET /shop/page/31/?max_price=845&per_row=2&shop_view=grid HTTP/1.1" 200 40704 "-" "Mozilla/5.0 (compatible; SERankingBacklinksBot/1.0; +https://seranking.com/backlinks-crawler)"
198.244.226.204 - - [29/Mar/2026:08:37:42 +0700] "GET /shop/page/6/?orderby=price-desc&stock_status=instock&per_row=6&shop_view=grid&per_page=12 HTTP/2" 200 34220 "-" "Mozilla/5.0 (compatible; AhrefsBot/7.0; +http://ahrefs.com/robot/)"
37.27.59.176 - - [29/Mar/2026:08:37:46 +0700] "GET /shop/page/31/?max_price=845&per_row=4&shop_view=grid HTTP/1.1" 200 40955 "-" "Mozilla/5.0 (compatible; SERankingBacklinksBot/1.0; +https://seranking.com/backlinks-crawler)"
37.27.59.176 - - [29/Mar/2026:08:37:51 +0700] "GET /shop/page/31/?max_price=845&per_row=6&shop_view=grid HTTP/1.1" 200 40935 "-" "Mozilla/5.0 (compatible; SERankingBacklinksBot/1.0; +https://seranking.com/backlinks-crawler)"
37.27.59.176 - - [29/Mar/2026:08:37:56 +0700] "GET /shop/page/32/?max_price=420&per_row=2&shop_view=grid HTTP/1.1" 200 39558 "-" "Mozilla/5.0 (compatible; SERankingBacklinksBot/1.0; +https://seranking.com/backlinks-crawler)"
37.27.59.176 - - [29/Mar/2026:08:38:03 +0700] "GET /shop/page/32/?max_price=420&per_row=4&shop_view=grid HTTP/1.1" 200 39665 "-" "Mozilla/5.0 (compatible; SERankingBacklinksBot/1.0; +https://seranking.com/backlinks-crawler)"
51.195.215.81 - - [29/Mar/2026:08:38:07 +0700] "GET /product-category/new-item/?stock_status=onsale&per_row=2&per_page=8&shop_view=grid HTTP/2" 200 33732 "-" "Mozilla/5.0 (compatible; AhrefsBot/7.0; +http://ahrefs.com/robot/)"
37.27.59.176 - - [29/Mar/2026:08:38:08 +0700] "GET /shop/page/32/?max_price=420&per_row=6&shop_view=grid HTTP/1.1" 200 39665 "-" "Mozilla/5.0 (compatible; SERankingBacklinksBot/1.0; +https://seranking.com/backlinks-crawler)"
37.27.59.176 - - [29/Mar/2026:08:38:13 +0700] "GET /shop/page/32/?max_price=630&per_row=2&shop_view=grid HTTP/1.1" 200 39500 "-" "Mozilla/5.0 (compatible; SERankingBacklinksBot/1.0; +https://seranking.com/backlinks-crawler)"
37.27.59.176 - - [29/Mar/2026:08:38:18 +0700] "GET /shop/page/32/?max_price=630&per_row=4&shop_view=grid HTTP/1.1" 200 39532 "-" "Mozilla/5.0 (compatible; SERankingBacklinksBot/1.0; +https://seranking.com/backlinks-crawler)"
37.27.59.176 - - [29/Mar/2026:08:38:23 +0700] "GET /shop/page/32/?max_price=630&per_row=6&shop_view=grid HTTP/1.1" 200 39682 "-" "Mozilla/5.0 (compatible; SERankingBacklinksBot/1.0; +https://seranking.com/backlinks-crawler)"
37.27.59.176 - - [29/Mar/2026:08:38:28 +0700] "GET /shop/page/32/?max_price=840&per_row=2&shop_view=grid HTTP/1.1" 200 39504 "-" "Mozilla/5.0 (compatible; SERankingBacklinksBot/1.0; +https://seranking.com/backlinks-crawler)"
37.27.59.176 - - [29/Mar/2026:08:38:33 +0700] "GET /shop/page/32/?max_price=840&per_row=4&shop_view=grid HTTP/1.1" 200 39592 "-" "Mozilla/5.0 (compatible; SERankingBacklinksBot/1.0; +https://seranking.com/backlinks-crawler)"
103.131.51.123 - - [29/Mar/2026:08:38:39 +0700] "POST /wp-cron.php?doing_wp_cron=1774748319.5346720218658447265625 HTTP/1.1" 200 474 "-" "WordPress/6.9.4; https://lotushomemade.com"
51.195.215.89 - - [29/Mar/2026:08:38:38 +0700] "GET /product-category/crispy-snack-series/page/6/?stock_status=instock%2Consale&per_page=8&shop_view=grid&per_row=4 HTTP/2" 200 32633 "-" "Mozilla/5.0 (compatible; AhrefsBot/7.0; +http://ahrefs.com/robot/)"
37.27.59.176 - - [29/Mar/2026:08:38:38 +0700] "GET /shop/page/32/?max_price=840&per_row=6&shop_view=grid HTTP/1.1" 200 39692 "-" "Mozilla/5.0 (compatible; SERankingBacklinksBot/1.0; +https://seranking.com/backlinks-crawler)"
37.27.59.176 - - [29/Mar/2026:08:38:43 +0700] "GET /shop/page/32/?max_price=845&per_row=2&shop_view=grid HTTP/1.1" 200 39648 "-" "Mozilla/5.0 (compatible; SERankingBacklinksBot/1.0; +https://seranking.com/backlinks-crawler)"
37.27.59.176 - - [29/Mar/2026:08:38:48 +0700] "GET /shop/page/32/?max_price=845&per_row=4&shop_view=grid HTTP/1.1" 200 39691 "-" "Mozilla/5.0 (compatible; SERankingBacklinksBot/1.0; +https://seranking.com/backlinks-crawler)"
37.27.59.176 - - [29/Mar/2026:08:38:53 +0700] "GET /shop/page/32/?max_price=845&per_row=6&shop_view=grid HTTP/1.1" 200 39853 "-" "Mozilla/5.0 (compatible; SERankingBacklinksBot/1.0; +https://seranking.com/backlinks-crawler)"
37.27.59.176 - - [29/Mar/2026:08:38:58 +0700] "GET /shop/page/36/?stock_status=instock,onsale&per_page=8 HTTP/1.1" 301 418 "-" "Mozilla/5.0 (compatible; SERankingBacklinksBot/1.0; +https://seranking.com/backlinks-crawler)"
37.27.59.176 - - [29/Mar/2026:08:38:59 +0700] "GET /shop/page/36/?stock_status=instock%2Consale&per_page=8 HTTP/1.1" 200 39973 "-" "Mozilla/5.0 (compatible; SERankingBacklinksBot/1.0; +https://seranking.com/backlinks-crawler)"
37.27.59.176 - - [29/Mar/2026:08:39:04 +0700] "GET /shop/page/37/?stock_status=instock,onsale&per_page=8 HTTP/1.1" 301 596 "-" "Mozilla/5.0 (compatible; SERankingBacklinksBot/1.0; +https://seranking.com/backlinks-crawler)"
37.27.59.176 - - [29/Mar/2026:08:39:05 +0700] "GET /shop/page/37/?stock_status=instock%2Consale&per_page=8 HTTP/1.1" 200 40285 "-" "Mozilla/5.0 (compatible; SERankingBacklinksBot/1.0; +https://seranking.com/backlinks-crawler)"
51.195.244.50 - - [29/Mar/2026:08:39:08 +0700] "GET /shop/page/44/?orderby=rating&stock_status=instock%2Consale&per_row=2&per_page=8&shop_view=grid HTTP/2" 200 33241 "-" "Mozilla/5.0 (compatible; AhrefsBot/7.0; +http://ahrefs.com/robot/)"
37.27.59.176 - - [29/Mar/2026:08:39:09 +0700] "GET /shop/page/38/?stock_status=instock,onsale&per_page=8 HTTP/1.1" 301 418 "-" "Mozilla/5.0 (compatible; SERankingBacklinksBot/1.0; +https://seranking.com/backlinks-crawler)"
37.27.59.176 - - [29/Mar/2026:08:39:10 +0700] "GET /shop/page/38/?stock_status=instock%2Consale&per_page=8 HTTP/1.1" 200 39980 "-" "Mozilla/5.0 (compatible; SERankingBacklinksBot/1.0; +https://seranking.com/backlinks-crawler)"
37.27.59.176 - - [29/Mar/2026:08:39:15 +0700] "GET /shop/page/1/?orderby=date&stock_status=instock,onsale HTTP/1.1" 301 545 "-" "Mozilla/5.0 (compatible; SERankingBacklinksBot/1.0; +https://seranking.com/backlinks-crawler)"
37.27.59.176 - - [29/Mar/2026:08:39:16 +0700] "GET /shop/?orderby=date&stock_status=instock%2Consale HTTP/1.1" 200 41477 "-" "Mozilla/5.0 (compatible; SERankingBacklinksBot/1.0; +https://seranking.com/backlinks-crawler)"
37.27.59.176 - - [29/Mar/2026:08:39:21 +0700] "GET /shop/page/5/?orderby=date&stock_status=instock,onsale HTTP/1.1" 301 552 "-" "Mozilla/5.0 (compatible; SERankingBacklinksBot/1.0; +https://seranking.com/backlinks-crawler)"
37.27.59.176 - - [29/Mar/2026:08:39:22 +0700] "GET /shop/page/5/?orderby=date&stock_status=instock%2Consale HTTP/1.1" 200 40806 "-" "Mozilla/5.0 (compatible; SERankingBacklinksBot/1.0; +https://seranking.com/backlinks-crawler)"
37.27.59.176 - - [29/Mar/2026:08:39:27 +0700] "GET /shop/page/12/?min_price=0&stock_status=instock,onsale HTTP/1.1" 301 552 "-" "Mozilla/5.0 (compatible; SERankingBacklinksBot/1.0; +https://seranking.com/backlinks-crawler)"
37.27.59.176 - - [29/Mar/2026:08:39:28 +0700] "GET /shop/page/12/?min_price=0&stock_status=instock%2Consale HTTP/1.1" 200 40598 "-" "Mozilla/5.0 (compatible; SERankingBacklinksBot/1.0; +https://seranking.com/backlinks-crawler)"
37.27.59.176 - - [29/Mar/2026:08:39:32 +0700] "GET /shop/page/10/?orderby=popularity&stock_status=instock HTTP/1.1" 200 40656 "-" "Mozilla/5.0 (compatible; SERankingBacklinksBot/1.0; +https://seranking.com/backlinks-crawler)"
103.131.51.123 - - [29/Mar/2026:08:39:38 +0700] "POST /wp-cron.php?doing_wp_cron=1774748378.9326379299163818359375 HTTP/1.1" 200 474 "-" "WordPress/6.9.4; https://lotushomemade.com"
37.27.59.176 - - [29/Mar/2026:08:39:38 +0700] "GET /shop/page/6/?orderby=date&stock_status=instock,onsale HTTP/1.1" 301 552 "-" "Mozilla/5.0 (compatible; SERankingBacklinksBot/1.0; +https://seranking.com/backlinks-crawler)"
37.27.59.176 - - [29/Mar/2026:08:39:39 +0700] "GET /shop/page/6/?orderby=date&stock_status=instock%2Consale HTTP/1.1" 200 40800 "-" "Mozilla/5.0 (compatible; SERankingBacklinksBot/1.0; +https://seranking.com/backlinks-crawler)"
51.195.244.19 - - [29/Mar/2026:08:39:43 +0700] "GET /shop/page/6/?orderby=price-desc&stock_status=onsale&per_row=4&shop_view=grid&per_page=12 HTTP/2" 200 34195 "-" "Mozilla/5.0 (compatible; AhrefsBot/7.0; +http://ahrefs.com/robot/)"
37.27.59.176 - - [29/Mar/2026:08:39:44 +0700] "GET /shop/page/12/?per_page=24&stock_status=instock,onsale HTTP/1.1" 301 598 "-" "Mozilla/5.0 (compatible; SERankingBacklinksBot/1.0; +https://seranking.com/backlinks-crawler)"
37.27.59.176 - - [29/Mar/2026:08:39:44 +0700] "GET /shop/page/12/?per_page=24&stock_status=instock%2Consale HTTP/1.1" 200 41533 "-" "Mozilla/5.0 (compatible; SERankingBacklinksBot/1.0; +https://seranking.com/backlinks-crawler)"
37.27.59.176 - - [29/Mar/2026:08:39:51 +0700] "GET /shop/page/10/?orderby=price-desc&stock_status=instock HTTP/1.1" 200 41127 "-" "Mozilla/5.0 (compatible; SERankingBacklinksBot/1.0; +https://seranking.com/backlinks-crawler)"
37.27.59.176 - - [29/Mar/2026:08:39:57 +0700] "GET /shop/page/7/?orderby=date&stock_status=instock,onsale HTTP/1.1" 301 552 "-" "Mozilla/5.0 (compatible; SERankingBacklinksBot/1.0; +https://seranking.com/backlinks-crawler)"
37.27.59.176 - - [29/Mar/2026:08:39:58 +0700] "GET /shop/page/7/?orderby=date&stock_status=instock%2Consale HTTP/1.1" 200 40753 "-" "Mozilla/5.0 (compatible; SERankingBacklinksBot/1.0; +https://seranking.com/backlinks-crawler)"
37.27.59.176 - - [29/Mar/2026:08:40:03 +0700] "GET /shop/page/12/?stock_status=instock,onsale&per_page=12 HTTP/1.1" 301 598 "-" "Mozilla/5.0 (compatible; SERankingBacklinksBot/1.0; +https://seranking.com/backlinks-crawler)"
37.27.59.176 - - [29/Mar/2026:08:40:04 +0700] "GET /shop/page/12/?stock_status=instock%2Consale&per_page=12 HTTP/1.1" 200 40729 "-" "Mozilla/5.0 (compatible; SERankingBacklinksBot/1.0; +https://seranking.com/backlinks-crawler)"
37.27.59.176 - - [29/Mar/2026:08:40:09 +0700] "GET /shop/page/10/?orderby=rating&shop_view=grid&per_row=2 HTTP/1.1" 200 40904 "-" "Mozilla/5.0 (compatible; SERankingBacklinksBot/1.0; +https://seranking.com/backlinks-crawler)"
198.244.168.3 - - [29/Mar/2026:08:40:13 +0700] "GET /shop/page/4/?orderby=rating&stock_status=instock%2Consale&per_row=4&per_page=24&shop_view=grid HTTP/2" 200 35026 "-" "Mozilla/5.0 (compatible; AhrefsBot/7.0; +http://ahrefs.com/robot/)"
37.27.59.176 - - [29/Mar/2026:08:40:15 +0700] "GET /shop/page/12/?stock_status=instock,onsale&per_page=18 HTTP/1.1" 301 598 "-" "Mozilla/5.0 (compatible; SERankingBacklinksBot/1.0; +https://seranking.com/backlinks-crawler)"
37.27.59.176 - - [29/Mar/2026:08:40:16 +0700] "GET /shop/page/12/?stock_status=instock%2Consale&per_page=18 HTTP/1.1" 200 41618 "-" "Mozilla/5.0 (compatible; SERankingBacklinksBot/1.0; +https://seranking.com/backlinks-crawler)"
37.27.59.176 - - [29/Mar/2026:08:40:21 +0700] "GET /shop/page/10/?orderby=rating&shop_view=grid&per_row=4 HTTP/1.1" 200 40973 "-" "Mozilla/5.0 (compatible; SERankingBacklinksBot/1.0; +https://seranking.com/backlinks-crawler)"
37.27.59.176 - - [29/Mar/2026:08:40:26 +0700] "GET /shop/page/13/?min_price=0&stock_status=instock,onsale HTTP/1.1" 301 374 "-" "Mozilla/5.0 (compatible; SERankingBacklinksBot/1.0; +https://seranking.com/backlinks-crawler)"
37.27.59.176 - - [29/Mar/2026:08:40:27 +0700] "GET /shop/page/13/?min_price=0&stock_status=instock%2Consale HTTP/1.1" 200 41023 "-" "Mozilla/5.0 (compatible; SERankingBacklinksBot/1.0; +https://seranking.com/backlinks-crawler)"
68.183.235.102 - - [29/Mar/2026:08:40:32 +0700] "GET /wp-login.php HTTP/2" 200 1889 "-" "Mozilla/4.0 (compatible; MSIE 7.0; Windows NT 10.0; Win64; x64; Trident/7.0; .NET4.0C; .NET4.0E; .NET CLR 2.0.50727; .NET CLR 3.0.30729; .NET CLR 3.5.30729)"
68.183.235.102 - - [29/Mar/2026:08:40:32 +0700] "POST /wp-login.php HTTP/2" 200 2027 "https://lotushomemade.com/wp-login.php" "Mozilla/4.0 (compatible; MSIE 7.0; Windows NT 10.0; Win64; x64; Trident/7.0; .NET4.0C; .NET4.0E; .NET CLR 2.0.50727; .NET CLR 3.0.30729; .NET CLR 3.5.30729)"
37.27.59.176 - - [29/Mar/2026:08:40:32 +0700] "GET /shop/page/10/?orderby=rating&shop_view=grid&per_row=6 HTTP/1.1" 200 40930 "-" "Mozilla/5.0 (compatible; SERankingBacklinksBot/1.0; +https://seranking.com/backlinks-crawler)"
37.27.59.176 - - [29/Mar/2026:08:40:37 +0700] "GET /shop/page/13/?per_page=24&stock_status=instock,onsale HTTP/1.1" 301 420 "-" "Mozilla/5.0 (compatible; SERankingBacklinksBot/1.0; +https://seranking.com/backlinks-crawler)"
103.131.51.123 - - [29/Mar/2026:08:40:39 +0700] "POST /wp-cron.php?doing_wp_cron=1774748439.2654230594635009765625 HTTP/1.1" 200 474 "-" "WordPress/6.9.4; https://lotushomemade.com"
37.27.59.176 - - [29/Mar/2026:08:40:37 +0700] "GET /shop/page/13/?per_page=24&stock_status=instock%2Consale HTTP/1.1" 200 41888 "-" "Mozilla/5.0 (compatible; SERankingBacklinksBot/1.0; +https://seranking.com/backlinks-crawler)"
204.48.18.182 - - [29/Mar/2026:08:40:43 +0700] "POST /xmlrpc.php HTTP/1.1" 200 676 "-" "Mozilla/5.0 (Windows NT 10.0; rv:142.0) Gecko/20100101 Firefox/142.0"
37.27.59.176 - - [29/Mar/2026:08:40:43 +0700] "GET /shop/page/11/?min_price=0&stock_status=instock,onsale HTTP/1.1" 301 552 "-" "Mozilla/5.0 (compatible; SERankingBacklinksBot/1.0; +https://seranking.com/backlinks-crawler)"
37.27.59.176 - - [29/Mar/2026:08:40:43 +0700] "GET /shop/page/11/?min_price=0&stock_status=instock%2Consale HTTP/1.1" 200 40694 "-" "Mozilla/5.0 (compatible; SERankingBacklinksBot/1.0; +https://seranking.com/backlinks-crawler)"
37.27.59.176 - - [29/Mar/2026:08:40:49 +0700] "GET /shop/page/13/?stock_status=instock,onsale&per_page=12 HTTP/1.1" 301 598 "-" "Mozilla/5.0 (compatible; SERankingBacklinksBot/1.0; +https://seranking.com/backlinks-crawler)"
37.27.59.176 - - [29/Mar/2026:08:40:49 +0700] "GET /shop/page/13/?stock_status=instock%2Consale&per_page=12 HTTP/1.1" 200 41056 "-" "Mozilla/5.0 (compatible; SERankingBacklinksBot/1.0; +https://seranking.com/backlinks-crawler)"
37.27.59.176 - - [29/Mar/2026:08:40:54 +0700] "GET /shop/page/11/?per_page=24&stock_status=instock,onsale HTTP/1.1" 301 420 "-" "Mozilla/5.0 (compatible; SERankingBacklinksBot/1.0; +https://seranking.com/backlinks-crawler)"
37.27.59.176 - - [29/Mar/2026:08:40:54 +0700] "GET /shop/page/11/?per_page=24&stock_status=instock%2Consale HTTP/1.1" 200 41733 "-" "Mozilla/5.0 (compatible; SERankingBacklinksBot/1.0; +https://seranking.com/backlinks-crawler)"
198.244.226.31 - - [29/Mar/2026:08:40:57 +0700] "GET /shop/page/43/?orderby=price-desc&stock_status=onsale&per_row=6&shop_view=grid&per_page=8 HTTP/2" 200 33429 "-" "Mozilla/5.0 (compatible; AhrefsBot/7.0; +http://ahrefs.com/robot/)"
37.27.59.176 - - [29/Mar/2026:08:41:00 +0700] "GET /shop/page/16/?per_page=18&stock_status=instock,onsale HTTP/1.1" 301 598 "-" "Mozilla/5.0 (compatible; SERankingBacklinksBot/1.0; +https://seranking.com/backlinks-crawler)"
