37.27.59.176 - - [29/Mar/2026:11:26:43 +0700] "GET /shop/page/29/?max_price=845&stock_status=onsale&per_page=12 HTTP/1.1" 200 40907 "-" "Mozilla/5.0 (compatible; SERankingBacklinksBot/1.0; +https://seranking.com/backlinks-crawler)"
37.27.59.176 - - [29/Mar/2026:11:26:48 +0700] "GET /shop/page/6/?orderby=rating&per_page=24&stock_status=onsale HTTP/1.1" 200 42328 "-" "Mozilla/5.0 (compatible; SERankingBacklinksBot/1.0; +https://seranking.com/backlinks-crawler)"
37.27.59.176 - - [29/Mar/2026:11:26:53 +0700] "GET /shop/page/29/?orderby=date&per_page=12&stock_status=instock HTTP/1.1" 200 40612 "-" "Mozilla/5.0 (compatible; SERankingBacklinksBot/1.0; +https://seranking.com/backlinks-crawler)"
37.27.59.176 - - [29/Mar/2026:11:26:58 +0700] "GET /shop/page/6/?orderby=rating&per_page=8&stock_status=instock HTTP/1.1" 200 40567 "-" "Mozilla/5.0 (compatible; SERankingBacklinksBot/1.0; +https://seranking.com/backlinks-crawler)"
37.27.59.176 - - [29/Mar/2026:11:27:03 +0700] "GET /shop/page/29/?orderby=date&stock_status=instock&per_page=12 HTTP/1.1" 200 40560 "-" "Mozilla/5.0 (compatible; SERankingBacklinksBot/1.0; +https://seranking.com/backlinks-crawler)"
121.229.185.160 - - [29/Mar/2026:11:27:04 +0700] "GET / HTTP/1.1" 200 90823 "http://lotushomemade.com" "Mozilla/5.0 (iPhone; CPU iPhone OS 13_2_3 like Mac OS X) AppleWebKit/605.1.15 (KHTML, like Gecko) Version/13.0.3 Mobile/15E148 Safari/604.1"
37.59.204.140 - - [29/Mar/2026:11:27:07 +0700] "GET /shop/page/6/?stock_status=onsale&per_page=8 HTTP/2" 200 33566 "-" "Mozilla/5.0 (compatible; AhrefsBot/7.0; +http://ahrefs.com/robot/)"
37.27.59.176 - - [29/Mar/2026:11:27:08 +0700] "GET /shop/page/6/?orderby=rating&stock_status=instock&per_page=8 HTTP/1.1" 200 40320 "-" "Mozilla/5.0 (compatible; SERankingBacklinksBot/1.0; +https://seranking.com/backlinks-crawler)"
37.27.59.176 - - [29/Mar/2026:11:27:13 +0700] "GET /shop/page/29/?orderby=price&per_page=12&stock_status=onsale HTTP/1.1" 200 41305 "-" "Mozilla/5.0 (compatible; SERankingBacklinksBot/1.0; +https://seranking.com/backlinks-crawler)"
37.27.59.176 - - [29/Mar/2026:11:27:18 +0700] "GET /shop/page/6/?orderby=rating&stock_status=onsale&per_page=12 HTTP/1.1" 200 40893 "-" "Mozilla/5.0 (compatible; SERankingBacklinksBot/1.0; +https://seranking.com/backlinks-crawler)"
43.156.204.134 - - [29/Mar/2026:11:27:24 +0700] "GET /wp-json/oembed/1.0/embed?url=https%3A%2F%2Flotushomemade.com%2F HTTP/1.1" 200 1909 "-" "Mozilla/5.0 (iPhone; CPU iPhone OS 13_2_3 like Mac OS X) AppleWebKit/605.1.15 (KHTML, like Gecko) Version/13.0.3 Mobile/15E148 Safari/604.1"
37.27.59.176 - - [29/Mar/2026:11:27:24 +0700] "GET /shop/page/29/?orderby=price&stock_status=onsale&per_page=12 HTTP/1.1" 200 41299 "-" "Mozilla/5.0 (compatible; SERankingBacklinksBot/1.0; +https://seranking.com/backlinks-crawler)"
37.27.59.176 - - [29/Mar/2026:11:27:31 +0700] "GET /shop/page/6/?orderby=rating&stock_status=onsale&per_page=18 HTTP/1.1" 200 41504 "-" "Mozilla/5.0 (compatible; SERankingBacklinksBot/1.0; +https://seranking.com/backlinks-crawler)"
37.27.59.176 - - [29/Mar/2026:11:27:36 +0700] "GET /shop/page/29/?stock_status=instock&per_row=2&shop_view=grid HTTP/1.1" 200 40570 "-" "Mozilla/5.0 (compatible; SERankingBacklinksBot/1.0; +https://seranking.com/backlinks-crawler)"
103.131.51.123 - - [29/Mar/2026:11:27:43 +0700] "POST /wp-cron.php?doing_wp_cron=1774758463.3870499134063720703125 HTTP/1.1" 200 474 "-" "WordPress/6.9.4; https://lotushomemade.com"
37.27.59.176 - - [29/Mar/2026:11:27:42 +0700] "GET /shop/page/6/?orderby=rating&stock_status=onsale&per_page=24 HTTP/1.1" 200 42547 "-" "Mozilla/5.0 (compatible; SERankingBacklinksBot/1.0; +https://seranking.com/backlinks-crawler)"
51.75.236.156 - - [29/Mar/2026:11:27:45 +0700] "GET /shop/page/30/?per_row=4&shop_view=grid&per_page=12 HTTP/2" 200 33569 "-" "Mozilla/5.0 (compatible; AhrefsBot/7.0; +http://ahrefs.com/robot/)"
37.27.59.176 - - [29/Mar/2026:11:27:46 +0700] "GET /shop/page/29/?stock_status=instock&per_row=4&shop_view=grid HTTP/1.1" 200 40606 "-" "Mozilla/5.0 (compatible; SERankingBacklinksBot/1.0; +https://seranking.com/backlinks-crawler)"
37.27.59.176 - - [29/Mar/2026:11:27:51 +0700] "GET /shop/page/7/?max_price=420&per_page=12&stock_status=instock HTTP/1.1" 200 41037 "-" "Mozilla/5.0 (compatible; SERankingBacklinksBot/1.0; +https://seranking.com/backlinks-crawler)"
37.27.59.176 - - [29/Mar/2026:11:27:57 +0700] "GET /shop/page/29/?stock_status=instock&per_row=6&shop_view=grid HTTP/1.1" 200 40765 "-" "Mozilla/5.0 (compatible; SERankingBacklinksBot/1.0; +https://seranking.com/backlinks-crawler)"
37.27.59.176 - - [29/Mar/2026:11:28:01 +0700] "GET /shop/page/7/?max_price=420&per_page=18&stock_status=instock HTTP/1.1" 200 41494 "-" "Mozilla/5.0 (compatible; SERankingBacklinksBot/1.0; +https://seranking.com/backlinks-crawler)"
143.198.112.195 - - [29/Mar/2026:11:28:04 +0700] "GET /wp-content/uploads/2023/11/2026-700x700.png%20700w,%20https://lotushomemade.com/wp-content/uploads/2023/11/2026-300x300.png%20300w,%20https://lotushomemade.com/wp-content/uploads/2023/11/2026-150x150.png%20150w,%20https://lotushomemade.com/wp-content/uploads/2023/11/2026-430x430.png%20430w,%20https://lotushomemade.com/wp-content/uploads/2023/11/2026.png%20729w HTTP/1.1" 301 930 "https://lotushomemade.com/" "Mozilla/5.0 (Windows NT 10.0; Win64; x64) AppleWebKit/537.36 (KHTML, like Gecko) Chrome/103.0.0.0 Safari/537.36"
159.223.156.245 - - [29/Mar/2026:11:28:05 +0700] "GET /product/homemade-chocolate-cream-nyonya-kapet_8080-s/729 HTTP/1.1" 301 625 "https://lotushomemade.com/" "Mozilla/5.0 (Windows NT 10.0; Win64; x64) AppleWebKit/537.36 (KHTML, like Gecko) Chrome/106.0.5249.119 Safari/537.36"
159.223.156.245 - - [29/Mar/2026:11:28:06 +0700] "GET /product/homemade-chocolate-cream-nyonya-kapet_8080-s/ HTTP/1.1" 200 42781 "https://lotushomemade.com/" "Mozilla/5.0 (Windows NT 10.0; Win64; x64) AppleWebKit/537.36 (KHTML, like Gecko) Chrome/106.0.5249.119 Safari/537.36"
37.27.59.176 - - [29/Mar/2026:11:28:06 +0700] "GET /shop/page/7/?max_price=420&per_page=24&stock_status=instock HTTP/1.1" 200 42883 "-" "Mozilla/5.0 (compatible; SERankingBacklinksBot/1.0; +https://seranking.com/backlinks-crawler)"
143.198.112.195 - - [29/Mar/2026:11:28:07 +0700] "GET /wp-content/uploads/2023/11/2026-700x700.png%20700w,%20https:/lotushomemade.com/wp-content/uploads/2023/11/2026-300x300.png%20300w,%20https:/lotushomemade.com/wp-content/uploads/2023/11/2026-150x150.png%20150w,%20https:/lotushomemade.com/wp-content/uploads/2023/11/2026-430x430.png%20430w,%20https:/lotushomemade.com/wp-content/uploads/2023/11/2026.png%20729w HTTP/1.1" 404 35853 "https://lotushomemade.com/" "Mozilla/5.0 (Windows NT 10.0; Win64; x64) AppleWebKit/537.36 (KHTML, like Gecko) Chrome/103.0.0.0 Safari/537.36"
37.27.59.176 - - [29/Mar/2026:11:28:12 +0700] "GET /shop/page/7/?max_price=420&stock_status=instock&per_page=12 HTTP/1.1" 200 41001 "-" "Mozilla/5.0 (compatible; SERankingBacklinksBot/1.0; +https://seranking.com/backlinks-crawler)"
178.170.183.131 - - [29/Mar/2026:11:28:15 +0700] "GET /wp-content/uploads/2023/11/2026-700x700.png%20700w,%20https://lotushomemade.com/wp-content/uploads/2023/11/2026-300x300.png%20300w,%20https://lotushomemade.com/wp-content/uploads/2023/11/2026-150x150.png%20150w,%20https://lotushomemade.com/wp-content/uploads/2023/11/2026-430x430.png%20430w,%20https://lotushomemade.com/wp-content/uploads/2023/11/2026.png%20729w HTTP/1.1" 301 930 "https://lotushomemade.com/" "Mozilla/5.0 (Windows NT 10.0; Win64; x64) AppleWebKit/537.36 (KHTML, like Gecko) Chrome/103.0.0.0 Safari/537.36"
37.27.59.176 - - [29/Mar/2026:11:28:17 +0700] "GET /shop/page/7/?max_price=420&stock_status=instock&per_page=18 HTTP/1.1" 200 41584 "-" "Mozilla/5.0 (compatible; SERankingBacklinksBot/1.0; +https://seranking.com/backlinks-crawler)"
37.27.59.176 - - [29/Mar/2026:11:28:22 +0700] "GET /shop/page/7/?max_price=420&stock_status=instock&per_page=24 HTTP/1.1" 200 43068 "-" "Mozilla/5.0 (compatible; SERankingBacklinksBot/1.0; +https://seranking.com/backlinks-crawler)"
27.124.71.11 - - [29/Mar/2026:11:28:25 +0700] "GET /wp-content/uploads/2023/11/2026-700x700.png%20700w,%20https:/lotushomemade.com/wp-content/uploads/2023/11/2026-300x300.png%20300w,%20https:/lotushomemade.com/wp-content/uploads/2023/11/2026-150x150.png%20150w,%20https:/lotushomemade.com/wp-content/uploads/2023/11/2026-430x430.png%20430w,%20https:/lotushomemade.com/wp-content/uploads/2023/11/2026.png%20729w HTTP/1.1" 404 35853 "https://lotushomemade.com/" "Mozilla/5.0 (Windows NT 10.0; Win64; x64) AppleWebKit/537.36 (KHTML, like Gecko) Chrome/103.0.0.0 Safari/537.36"
37.27.59.176 - - [29/Mar/2026:11:28:27 +0700] "GET /shop/page/7/?max_price=630&per_page=12&stock_status=instock HTTP/1.1" 200 41050 "-" "Mozilla/5.0 (compatible; SERankingBacklinksBot/1.0; +https://seranking.com/backlinks-crawler)"
37.27.59.176 - - [29/Mar/2026:11:28:33 +0700] "GET /shop/page/7/?max_price=630&per_page=18&stock_status=instock HTTP/1.1" 200 41665 "-" "Mozilla/5.0 (compatible; SERankingBacklinksBot/1.0; +https://seranking.com/backlinks-crawler)"
51.75.236.146 - - [29/Mar/2026:11:28:33 +0700] "GET /shop/page/4/?orderby=popularity&stock_status=instock%2Consale&per_row=4&per_page=24&shop_view=grid HTTP/2" 200 35074 "-" "Mozilla/5.0 (compatible; AhrefsBot/7.0; +http://ahrefs.com/robot/)"
103.131.51.123 - - [29/Mar/2026:11:28:39 +0700] "POST /wp-cron.php?doing_wp_cron=1774758519.4191930294036865234375 HTTP/1.1" 200 474 "-" "WordPress/6.9.4; https://lotushomemade.com"
37.27.59.176 - - [29/Mar/2026:11:28:38 +0700] "GET /shop/page/7/?max_price=630&per_page=24&stock_status=instock HTTP/1.1" 200 42880 "-" "Mozilla/5.0 (compatible; SERankingBacklinksBot/1.0; +https://seranking.com/backlinks-crawler)"
37.27.59.176 - - [29/Mar/2026:11:28:43 +0700] "GET /shop/page/7/?max_price=630&stock_status=instock&per_page=12 HTTP/1.1" 200 41039 "-" "Mozilla/5.0 (compatible; SERankingBacklinksBot/1.0; +https://seranking.com/backlinks-crawler)"
37.27.59.176 - - [29/Mar/2026:11:28:48 +0700] "GET /shop/page/7/?max_price=630&stock_status=instock&per_page=18 HTTP/1.1" 200 41672 "-" "Mozilla/5.0 (compatible; SERankingBacklinksBot/1.0; +https://seranking.com/backlinks-crawler)"
157.230.187.88 - - [29/Mar/2026:11:28:50 +0700] "GET /product/salted-egg-crabstick_dodo_8118-l/729 HTTP/1.1" 301 613 "https://lotushomemade.com/" "Mozilla/5.0 (Windows NT 10.0; Win64; x64) AppleWebKit/537.36 (KHTML, like Gecko) Chrome/106.0.5249.119 Safari/537.36"
157.230.187.88 - - [29/Mar/2026:11:28:52 +0700] "GET /product/salted-egg-crabstick_dodo_8118-l/ HTTP/1.1" 200 42492 "https://lotushomemade.com/" "Mozilla/5.0 (Windows NT 10.0; Win64; x64) AppleWebKit/537.36 (KHTML, like Gecko) Chrome/106.0.5249.119 Safari/537.36"
37.27.59.176 - - [29/Mar/2026:11:28:53 +0700] "GET /shop/page/7/?max_price=630&stock_status=instock&per_page=24 HTTP/1.1" 200 42895 "-" "Mozilla/5.0 (compatible; SERankingBacklinksBot/1.0; +https://seranking.com/backlinks-crawler)"
37.27.59.176 - - [29/Mar/2026:11:28:58 +0700] "GET /shop/page/7/?max_price=840&per_page=12&stock_status=instock HTTP/1.1" 200 41197 "-" "Mozilla/5.0 (compatible; SERankingBacklinksBot/1.0; +https://seranking.com/backlinks-crawler)"
37.27.59.176 - - [29/Mar/2026:11:29:03 +0700] "GET /shop/page/7/?max_price=840&per_page=18&stock_status=instock HTTP/1.1" 200 41479 "-" "Mozilla/5.0 (compatible; SERankingBacklinksBot/1.0; +https://seranking.com/backlinks-crawler)"
45.131.193.109 - - [29/Mar/2026:11:29:06 +0700] "POST /wp-login.php HTTP/1.1" 200 7854 "-" "Mozilla/5.0"
37.27.59.176 - - [29/Mar/2026:11:29:08 +0700] "GET /shop/page/7/?max_price=840&per_page=24&stock_status=instock HTTP/1.1" 200 42882 "-" "Mozilla/5.0 (compatible; SERankingBacklinksBot/1.0; +https://seranking.com/backlinks-crawler)"
37.27.59.176 - - [29/Mar/2026:11:29:15 +0700] "GET /shop/page/7/?max_price=840&stock_status=instock&per_page=12 HTTP/1.1" 200 41215 "-" "Mozilla/5.0 (compatible; SERankingBacklinksBot/1.0; +https://seranking.com/backlinks-crawler)"
37.27.59.176 - - [29/Mar/2026:11:29:20 +0700] "GET /shop/page/7/?max_price=840&stock_status=instock&per_page=18 HTTP/1.1" 200 41516 "-" "Mozilla/5.0 (compatible; SERankingBacklinksBot/1.0; +https://seranking.com/backlinks-crawler)"
37.59.204.132 - - [29/Mar/2026:11:29:24 +0700] "GET /shop/?min_price=0&max_price=210&stock_status=onsale&filter_brand=blessing-food HTTP/2" 200 33170 "-" "Mozilla/5.0 (compatible; AhrefsBot/7.0; +http://ahrefs.com/robot/)"
37.27.59.176 - - [29/Mar/2026:11:29:25 +0700] "GET /shop/page/7/?max_price=840&stock_status=instock&per_page=24 HTTP/1.1" 200 43011 "-" "Mozilla/5.0 (compatible; SERankingBacklinksBot/1.0; +https://seranking.com/backlinks-crawler)"
37.27.59.176 - - [29/Mar/2026:11:29:30 +0700] "GET /shop/page/7/?max_price=845&per_page=12&stock_status=instock HTTP/1.1" 200 40996 "-" "Mozilla/5.0 (compatible; SERankingBacklinksBot/1.0; +https://seranking.com/backlinks-crawler)"
37.27.59.176 - - [29/Mar/2026:11:29:36 +0700] "GET /shop/page/7/?max_price=845&per_page=18&stock_status=instock HTTP/1.1" 200 41778 "-" "Mozilla/5.0 (compatible; SERankingBacklinksBot/1.0; +https://seranking.com/backlinks-crawler)"
103.131.51.123 - - [29/Mar/2026:11:29:42 +0700] "POST /wp-cron.php?doing_wp_cron=1774758582.3928589820861816406250 HTTP/1.1" 200 474 "-" "WordPress/6.9.4; https://lotushomemade.com"
37.27.59.176 - - [29/Mar/2026:11:29:41 +0700] "GET /shop/page/7/?max_price=845&per_page=24&stock_status=instock HTTP/1.1" 200 42872 "-" "Mozilla/5.0 (compatible; SERankingBacklinksBot/1.0; +https://seranking.com/backlinks-crawler)"
103.131.51.123 - - [29/Mar/2026:11:29:45 +0700] "POST /wp-cron.php?doing_wp_cron=1774758585.6152660846710205078125 HTTP/1.1" 200 474 "-" "WordPress/6.9.4; https://lotushomemade.com"
159.203.76.93 - - [29/Mar/2026:11:29:44 +0700] "POST /xmlrpc.php HTTP/1.1" 200 676 "-" "Mozilla/5.0 (Windows NT 10.0; WOW64) AppleWebKit/537.43 (KHTML, like Gecko) Chrome/134.0.0.0 Safari/537.36 OPR/119.0.0.0"
37.27.59.176 - - [29/Mar/2026:11:29:45 +0700] "GET /shop/page/7/?max_price=845&stock_status=instock&per_page=12 HTTP/1.1" 200 41015 "-" "Mozilla/5.0 (compatible; SERankingBacklinksBot/1.0; +https://seranking.com/backlinks-crawler)"
37.27.59.176 - - [29/Mar/2026:11:29:51 +0700] "GET /shop/page/7/?max_price=845&stock_status=instock&per_page=18 HTTP/1.1" 200 41750 "-" "Mozilla/5.0 (compatible; SERankingBacklinksBot/1.0; +https://seranking.com/backlinks-crawler)"
159.223.173.211 - - [29/Mar/2026:11:29:53 +0700] "GET /wp-content/uploads/2023/11/2026.png HTTP/1.1" 200 840229 "https://lotushomemade.com/" "Mozilla/5.0 (Windows NT 10.0; Win64; x64) AppleWebKit/537.36 (KHTML, like Gecko) Chrome/112.0.0.0 Safari/537.36"
37.27.59.176 - - [29/Mar/2026:11:29:56 +0700] "GET /shop/page/7/?max_price=845&stock_status=instock&per_page=24 HTTP/1.1" 200 42906 "-" "Mozilla/5.0 (compatible; SERankingBacklinksBot/1.0; +https://seranking.com/backlinks-crawler)"
92.222.108.120 - - [29/Mar/2026:11:29:59 +0700] "GET /shop/page/4/?orderby=popularity&per_page=18&shop_view=grid&per_row=4 HTTP/2" 200 34914 "-" "Mozilla/5.0 (compatible; AhrefsBot/7.0; +http://ahrefs.com/robot/)"
37.27.59.176 - - [29/Mar/2026:11:30:01 +0700] "GET /shop/page/7/?orderby=popularity&stock_status=instock,onsale HTTP/1.1" 301 558 "-" "Mozilla/5.0 (compatible; SERankingBacklinksBot/1.0; +https://seranking.com/backlinks-crawler)"
37.27.59.176 - - [29/Mar/2026:11:30:02 +0700] "GET /shop/page/7/?orderby=popularity&stock_status=instock%2Consale HTTP/1.1" 200 40657 "-" "Mozilla/5.0 (compatible; SERankingBacklinksBot/1.0; +https://seranking.com/backlinks-crawler)"
37.27.59.176 - - [29/Mar/2026:11:30:07 +0700] "GET /shop/page/7/?orderby=price&per_page=12&stock_status=instock HTTP/1.1" 200 40971 "-" "Mozilla/5.0 (compatible; SERankingBacklinksBot/1.0; +https://seranking.com/backlinks-crawler)"
37.27.59.176 - - [29/Mar/2026:11:30:12 +0700] "GET /shop/page/7/?orderby=price&per_page=18&stock_status=instock HTTP/1.1" 200 41899 "-" "Mozilla/5.0 (compatible; SERankingBacklinksBot/1.0; +https://seranking.com/backlinks-crawler)"
37.27.59.176 - - [29/Mar/2026:11:30:17 +0700] "GET /shop/page/7/?orderby=price&per_page=24&stock_status=instock HTTP/1.1" 200 42461 "-" "Mozilla/5.0 (compatible; SERankingBacklinksBot/1.0; +https://seranking.com/backlinks-crawler)"
37.27.59.176 - - [29/Mar/2026:11:30:22 +0700] "GET /shop/page/7/?orderby=price&stock_status=instock&per_page=12 HTTP/1.1" 200 40973 "-" "Mozilla/5.0 (compatible; SERankingBacklinksBot/1.0; +https://seranking.com/backlinks-crawler)"
37.27.59.176 - - [29/Mar/2026:11:30:27 +0700] "GET /shop/page/7/?orderby=price&stock_status=instock&per_page=18 HTTP/1.1" 200 41901 "-" "Mozilla/5.0 (compatible; SERankingBacklinksBot/1.0; +https://seranking.com/backlinks-crawler)"
37.27.59.176 - - [29/Mar/2026:11:30:32 +0700] "GET /shop/page/7/?orderby=price&stock_status=instock&per_page=24 HTTP/1.1" 200 42528 "-" "Mozilla/5.0 (compatible; SERankingBacklinksBot/1.0; +https://seranking.com/backlinks-crawler)"
37.27.59.176 - - [29/Mar/2026:11:30:36 +0700] "GET /shop/page/7/?orderby=price-desc&stock_status=instock,onsale HTTP/1.1" 301 380 "-" "Mozilla/5.0 (compatible; SERankingBacklinksBot/1.0; +https://seranking.com/backlinks-crawler)"
103.131.51.123 - - [29/Mar/2026:11:30:38 +0700] "POST /wp-cron.php?doing_wp_cron=1774758638.6660521030426025390625 HTTP/1.1" 200 474 "-" "WordPress/6.9.4; https://lotushomemade.com"
37.27.59.176 - - [29/Mar/2026:11:30:37 +0700] "GET /shop/page/7/?orderby=price-desc&stock_status=instock%2Consale HTTP/1.1" 200 40934 "-" "Mozilla/5.0 (compatible; SERankingBacklinksBot/1.0; +https://seranking.com/backlinks-crawler)"
37.27.59.176 - - [29/Mar/2026:11:30:42 +0700] "GET /shop/page/7/?orderby=rating&per_page=12&stock_status=onsale HTTP/1.1" 200 40884 "-" "Mozilla/5.0 (compatible; SERankingBacklinksBot/1.0; +https://seranking.com/backlinks-crawler)"
37.27.59.176 - - [29/Mar/2026:11:30:47 +0700] "GET /shop/page/7/?orderby=rating&per_page=18&stock_status=onsale HTTP/1.1" 200 41761 "-" "Mozilla/5.0 (compatible; SERankingBacklinksBot/1.0; +https://seranking.com/backlinks-crawler)"
37.27.59.176 - - [29/Mar/2026:11:30:52 +0700] "GET /shop/page/7/?orderby=rating&per_page=24&stock_status=onsale HTTP/1.1" 200 42613 "-" "Mozilla/5.0 (compatible; SERankingBacklinksBot/1.0; +https://seranking.com/backlinks-crawler)"
37.27.59.176 - - [29/Mar/2026:11:30:58 +0700] "GET /shop/page/7/?orderby=rating&per_page=8&stock_status=instock HTTP/1.1" 200 40571 "-" "Mozilla/5.0 (compatible; SERankingBacklinksBot/1.0; +https://seranking.com/backlinks-crawler)"
37.27.59.176 - - [29/Mar/2026:11:31:04 +0700] "GET /shop/page/7/?orderby=rating&stock_status=instock&per_page=8 HTTP/1.1" 200 40566 "-" "Mozilla/5.0 (compatible; SERankingBacklinksBot/1.0; +https://seranking.com/backlinks-crawler)"
51.75.236.140 - - [29/Mar/2026:11:31:06 +0700] "GET /shop/page/28/?orderby=date&stock_status=instock&per_row=2&shop_view=grid&per_page=12 HTTP/2" 200 33954 "-" "Mozilla/5.0 (compatible; AhrefsBot/7.0; +http://ahrefs.com/robot/)"
37.27.59.176 - - [29/Mar/2026:11:31:08 +0700] "GET /shop/page/7/?orderby=rating&stock_status=onsale&per_page=12 HTTP/1.1" 200 40717 "-" "Mozilla/5.0 (compatible; SERankingBacklinksBot/1.0; +https://seranking.com/backlinks-crawler)"
37.27.59.176 - - [29/Mar/2026:11:31:13 +0700] "GET /shop/page/7/?orderby=rating&stock_status=onsale&per_page=18 HTTP/1.1" 200 41887 "-" "Mozilla/5.0 (compatible; SERankingBacklinksBot/1.0; +https://seranking.com/backlinks-crawler)"
37.27.59.176 - - [29/Mar/2026:11:31:19 +0700] "GET /shop/page/7/?orderby=rating&stock_status=onsale&per_page=24 HTTP/1.1" 200 42546 "-" "Mozilla/5.0 (compatible; SERankingBacklinksBot/1.0; +https://seranking.com/backlinks-crawler)"
37.27.59.176 - - [29/Mar/2026:11:31:23 +0700] "GET /shop/page/8/?min_price=0&max_price=210&stock_status=instock HTTP/1.1" 200 41065 "-" "Mozilla/5.0 (compatible; SERankingBacklinksBot/1.0; +https://seranking.com/backlinks-crawler)"
37.27.59.176 - - [29/Mar/2026:11:31:29 +0700] "GET /shop/page/9/?min_price=0&max_price=210&stock_status=instock HTTP/1.1" 200 41078 "-" "Mozilla/5.0 (compatible; SERankingBacklinksBot/1.0; +https://seranking.com/backlinks-crawler)"
37.27.59.176 - - [29/Mar/2026:11:31:34 +0700] "GET /shop/page/1/?orderby=rating&per_page=12&stock_status=instock HTTP/1.1" 301 418 "-" "Mozilla/5.0 (compatible; SERankingBacklinksBot/1.0; +https://seranking.com/backlinks-crawler)"
37.27.59.176 - - [29/Mar/2026:11:31:35 +0700] "GET /shop/?orderby=rating&per_page=12&stock_status=instock HTTP/1.1" 200 41821 "-" "Mozilla/5.0 (compatible; SERankingBacklinksBot/1.0; +https://seranking.com/backlinks-crawler)"
103.131.51.123 - - [29/Mar/2026:11:31:41 +0700] "POST /wp-cron.php?doing_wp_cron=1774758701.5934259891510009765625 HTTP/1.1" 200 474 "-" "WordPress/6.9.4; https://lotushomemade.com"
37.27.59.176 - - [29/Mar/2026:11:31:40 +0700] "GET /shop/page/12/?orderby=price&per_page=24&stock_status=instock HTTP/1.1" 200 42938 "-" "Mozilla/5.0 (compatible; SERankingBacklinksBot/1.0; +https://seranking.com/backlinks-crawler)"
37.27.59.176 - - [29/Mar/2026:11:31:45 +0700] "GET /shop/page/4/?min_price=0&per_page=8&shop_view=grid&per_row=2 HTTP/1.1" 200 40591 "-" "Mozilla/5.0 (compatible; SERankingBacklinksBot/1.0; +https://seranking.com/backlinks-crawler)"
37.27.59.176 - - [29/Mar/2026:11:31:50 +0700] "GET /shop/page/1/?orderby=rating&per_page=18&stock_status=instock HTTP/1.1" 301 418 "-" "Mozilla/5.0 (compatible; SERankingBacklinksBot/1.0; +https://seranking.com/backlinks-crawler)"
37.27.59.176 - - [29/Mar/2026:11:31:50 +0700] "GET /shop/?orderby=rating&per_page=18&stock_status=instock HTTP/1.1" 200 42566 "-" "Mozilla/5.0 (compatible; SERankingBacklinksBot/1.0; +https://seranking.com/backlinks-crawler)"
37.27.59.176 - - [29/Mar/2026:11:31:55 +0700] "GET /shop/page/12/?orderby=price&stock_status=instock&per_page=24 HTTP/1.1" 200 42784 "-" "Mozilla/5.0 (compatible; SERankingBacklinksBot/1.0; +https://seranking.com/backlinks-crawler)"
37.27.59.176 - - [29/Mar/2026:11:32:00 +0700] "GET /shop/page/4/?min_price=0&per_page=8&shop_view=grid&per_row=4 HTTP/1.1" 200 40606 "-" "Mozilla/5.0 (compatible; SERankingBacklinksBot/1.0; +https://seranking.com/backlinks-crawler)"
37.27.59.176 - - [29/Mar/2026:11:32:04 +0700] "GET /shop/page/1/?orderby=rating&per_page=24&stock_status=instock HTTP/1.1" 301 418 "-" "Mozilla/5.0 (compatible; SERankingBacklinksBot/1.0; +https://seranking.com/backlinks-crawler)"
37.27.59.176 - - [29/Mar/2026:11:32:05 +0700] "GET /shop/?orderby=rating&per_page=24&stock_status=instock HTTP/1.1" 200 43291 "-" "Mozilla/5.0 (compatible; SERankingBacklinksBot/1.0; +https://seranking.com/backlinks-crawler)"
94.23.188.204 - - [29/Mar/2026:11:32:09 +0700] "GET /product-category/kuih-kapit-series/?stock_status=instock%2Consale&per_row=4&per_page=8&shop_view=grid&filter_brand=blessing-food HTTP/2" 200 33235 "-" "Mozilla/5.0 (compatible; AhrefsBot/7.0; +http://ahrefs.com/robot/)"
5.39.109.191 - - [29/Mar/2026:11:32:10 +0700] "GET /shop/page/42/?per_page=8&stock_status=onsale HTTP/2" 200 33391 "-" "Mozilla/5.0 (compatible; AhrefsBot/7.0; +http://ahrefs.com/robot/)"
37.27.59.176 - - [29/Mar/2026:11:32:10 +0700] "GET /shop/page/12/?orderby=rating&per_page=24&stock_status=onsale HTTP/1.1" 200 41905 "-" "Mozilla/5.0 (compatible; SERankingBacklinksBot/1.0; +https://seranking.com/backlinks-crawler)"
217.182.194.25 - - [29/Mar/2026:11:32:15 +0700] "GET /robots.txt HTTP/1.1" 200 609 "-" "Mozilla/5.0 (compatible; MJ12bot/v1.4.8; http://mj12bot.com/)"
37.27.59.176 - - [29/Mar/2026:11:32:15 +0700] "GET /shop/page/4/?min_price=0&per_page=8&shop_view=grid&per_row=6 HTTP/1.1" 200 40558 "-" "Mozilla/5.0 (compatible; SERankingBacklinksBot/1.0; +https://seranking.com/backlinks-crawler)"
217.182.194.25 - - [29/Mar/2026:11:32:17 +0700] "GET /product-category/hot-item/page/1/?per_row=6&per_page=12&shop_view=grid&stock_status=instock,onsale HTTP/1.1" 301 546 "-" "Mozilla/5.0 (compatible; MJ12bot/v1.4.8; http://mj12bot.com/)"
37.27.59.176 - - [29/Mar/2026:11:32:20 +0700] "GET /shop/page/1/?orderby=rating&stock_status=instock&per_page=12 HTTP/1.1" 301 596 "-" "Mozilla/5.0 (compatible; SERankingBacklinksBot/1.0; +https://seranking.com/backlinks-crawler)"
217.182.194.25 - - [29/Mar/2026:11:32:19 +0700] "GET /product-category/hot-item/?per_row=6&per_page=12&shop_view=grid&stock_status=instock%2Consale HTTP/1.1" 200 35562 "-" "Mozilla/5.0 (compatible; MJ12bot/v1.4.8; http://mj12bot.com/)"
37.27.59.176 - - [29/Mar/2026:11:32:21 +0700] "GET /shop/?orderby=rating&stock_status=instock&per_page=12 HTTP/1.1" 200 41837 "-" "Mozilla/5.0 (compatible; SERankingBacklinksBot/1.0; +https://seranking.com/backlinks-crawler)"
217.182.194.25 - - [29/Mar/2026:11:32:23 +0700] "GET /product-category/hot-item/page/1/?per_row=6&per_page=8&shop_view=grid&stock_status=instock,onsale HTTP/1.1" 301 544 "-" "Mozilla/5.0 (compatible; MJ12bot/v1.4.8; http://mj12bot.com/)"
217.182.194.25 - - [29/Mar/2026:11:32:25 +0700] "GET /product-category/hot-item/?per_row=6&per_page=8&shop_view=grid&stock_status=instock%2Consale HTTP/1.1" 200 34609 "-" "Mozilla/5.0 (compatible; MJ12bot/v1.4.8; http://mj12bot.com/)"
37.27.59.176 - - [29/Mar/2026:11:32:26 +0700] "GET /shop/page/12/?orderby=rating&stock_status=onsale&per_page=24 HTTP/1.1" 200 41846 "-" "Mozilla/5.0 (compatible; SERankingBacklinksBot/1.0; +https://seranking.com/backlinks-crawler)"
217.182.194.25 - - [29/Mar/2026:11:32:28 +0700] "GET /product/brownies-almond-cookies-sg/ HTTP/1.1" 200 35737 "-" "Mozilla/5.0 (compatible; MJ12bot/v1.4.8; http://mj12bot.com/)"
37.27.59.176 - - [29/Mar/2026:11:32:31 +0700] "GET /shop/page/4/?min_price=0&per_row=2&shop_view=grid&per_page=8 HTTP/1.1" 200 40788 "-" "Mozilla/5.0 (compatible; SERankingBacklinksBot/1.0; +https://seranking.com/backlinks-crawler)"
217.182.194.25 - - [29/Mar/2026:11:32:31 +0700] "GET /product/chocolate-nyonya-kapet_8150-l/ HTTP/1.1" 200 35652 "-" "Mozilla/5.0 (compatible; MJ12bot/v1.4.8; http://mj12bot.com/)"
217.182.194.25 - - [29/Mar/2026:11:32:34 +0700] "GET /product/fish-cracker_9002-xxl/feed/ HTTP/1.1" 200 1120 "-" "Mozilla/5.0 (compatible; MJ12bot/v1.4.8; http://mj12bot.com/)"
37.27.59.176 - - [29/Mar/2026:11:32:36 +0700] "GET /shop/page/1/?orderby=rating&stock_status=instock&per_page=18 HTTP/1.1" 301 418 "-" "Mozilla/5.0 (compatible; SERankingBacklinksBot/1.0; +https://seranking.com/backlinks-crawler)"
217.182.194.25 - - [29/Mar/2026:11:32:36 +0700] "GET /product/golden-pineapple-roll_8080-s/feed/ HTTP/1.1" 200 1128 "-" "Mozilla/5.0 (compatible; MJ12bot/v1.4.8; http://mj12bot.com/)"
103.131.51.123 - - [29/Mar/2026:11:32:38 +0700] "POST /wp-cron.php?doing_wp_cron=1774758758.1699130535125732421875 HTTP/1.1" 200 474 "-" "WordPress/6.9.4; https://lotushomemade.com"
37.27.59.176 - - [29/Mar/2026:11:32:36 +0700] "GET /shop/?orderby=rating&stock_status=instock&per_page=18 HTTP/1.1" 200 42652 "-" "Mozilla/5.0 (compatible; SERankingBacklinksBot/1.0; +https://seranking.com/backlinks-crawler)"
217.182.194.25 - - [29/Mar/2026:11:32:39 +0700] "GET /product/homemade-golden-pineapple-roll_8080-s/ HTTP/1.1" 200 35706 "-" "Mozilla/5.0 (compatible; MJ12bot/v1.4.8; http://mj12bot.com/)"
198.199.77.203 - - [29/Mar/2026:11:32:42 +0700] "POST /xmlrpc.php HTTP/1.1" 200 676 "-" "Mozilla/5.0 (Windows NT 10.0; WOW64) AppleWebKit/537.36 (KHTML, like Gecko) Chrome/142.0.0.0 Safari/537.36"
217.182.194.25 - - [29/Mar/2026:11:32:42 +0700] "GET /product/original-rempeyek-kacang_9430-xxl/feed/ HTTP/1.1" 200 1131 "-" "Mozilla/5.0 (compatible; MJ12bot/v1.4.8; http://mj12bot.com/)"
37.27.59.176 - - [29/Mar/2026:11:32:43 +0700] "GET /shop/page/13/?max_price=420&per_page=24&stock_status=instock HTTP/1.1" 200 42183 "-" "Mozilla/5.0 (compatible; SERankingBacklinksBot/1.0; +https://seranking.com/backlinks-crawler)"
217.182.194.25 - - [29/Mar/2026:11:32:45 +0700] "GET /product/pandan-pineapple-roll_8080-s/feed/ HTTP/1.1" 200 1089 "-" "Mozilla/5.0 (compatible; MJ12bot/v1.4.8; http://mj12bot.com/)"
94.23.188.221 - - [29/Mar/2026:11:32:47 +0700] "GET /wp-content/themes/woodmart/css/parts/woo-shop-el-active-filters.min.css?ver=7.2.5 HTTP/2" 200 302 "-" "Mozilla/5.0 (compatible; AhrefsBot/7.0; +http://ahrefs.com/robot/)"
37.27.59.176 - - [29/Mar/2026:11:32:49 +0700] "GET /shop/page/4/?min_price=0&per_row=4&shop_view=grid&per_page=8 HTTP/1.1" 200 40760 "-" "Mozilla/5.0 (compatible; SERankingBacklinksBot/1.0; +https://seranking.com/backlinks-crawler)"
92.222.104.215 - - [29/Mar/2026:11:32:52 +0700] "GET /product-category/kuih-kapit-series/?per_row=6&shop_view=grid&stock_status=onsale HTTP/2" 200 34816 "-" "Mozilla/5.0 (compatible; AhrefsBot/7.0; +http://ahrefs.com/robot/)"
37.27.59.176 - - [29/Mar/2026:11:32:54 +0700] "GET /shop/page/1/?orderby=rating&stock_status=instock&per_page=24 HTTP/1.1" 301 418 "-" "Mozilla/5.0 (compatible; SERankingBacklinksBot/1.0; +https://seranking.com/backlinks-crawler)"
37.27.59.176 - - [29/Mar/2026:11:32:54 +0700] "GET /shop/?orderby=rating&stock_status=instock&per_page=24 HTTP/1.1" 200 43244 "-" "Mozilla/5.0 (compatible; SERankingBacklinksBot/1.0; +https://seranking.com/backlinks-crawler)"
37.27.59.176 - - [29/Mar/2026:11:33:00 +0700] "GET /shop/page/13/?max_price=420&stock_status=instock&per_page=24 HTTP/1.1" 200 42191 "-" "Mozilla/5.0 (compatible; SERankingBacklinksBot/1.0; +https://seranking.com/backlinks-crawler)"
37.27.59.176 - - [29/Mar/2026:11:33:04 +0700] "GET /shop/page/4/?min_price=0&per_row=6&shop_view=grid&per_page=8 HTTP/1.1" 200 40608 "-" "Mozilla/5.0 (compatible; SERankingBacklinksBot/1.0; +https://seranking.com/backlinks-crawler)"
37.27.59.176 - - [29/Mar/2026:11:33:10 +0700] "GET /shop/page/10/?min_price=0&max_price=210&stock_status=instock HTTP/1.1" 200 40959 "-" "Mozilla/5.0 (compatible; SERankingBacklinksBot/1.0; +https://seranking.com/backlinks-crawler)"
37.27.59.176 - - [29/Mar/2026:11:33:15 +0700] "GET /shop/page/13/?max_price=630&per_page=24&stock_status=instock HTTP/1.1" 200 42016 "-" "Mozilla/5.0 (compatible; SERankingBacklinksBot/1.0; +https://seranking.com/backlinks-crawler)"
199.189.26.198 - - [29/Mar/2026:11:33:18 +0700] "POST /wp-login.php HTTP/1.1" 200 7854 "-" "Mozilla/5.0"
37.27.59.176 - - [29/Mar/2026:11:33:19 +0700] "GET /shop/page/42/?orderby=rating&per_page=8&stock_status=instock HTTP/1.1" 200 40043 "-" "Mozilla/5.0 (compatible; SERankingBacklinksBot/1.0; +https://seranking.com/backlinks-crawler)"
37.27.59.176 - - [29/Mar/2026:11:33:25 +0700] "GET /shop/page/11/?max_price=420&per_page=24&stock_status=instock HTTP/1.1" 200 42063 "-" "Mozilla/5.0 (compatible; SERankingBacklinksBot/1.0; +https://seranking.com/backlinks-crawler)"
14.172.244.119 - - [29/Mar/2026:11:33:29 +0700] "GET /shop/page/3/?per_page=24&per_row=6&shop_view=grid HTTP/1.1" 200 42817 "-" "Mozilla/5.0 (Windows NT 10.0; Win64; x64) AppleWebKit/537.36 (KHTML, like Gecko) Chrome/90.0.0.0 Safari/537.36"
37.27.59.176 - - [29/Mar/2026:11:33:30 +0700] "GET /shop/page/13/?max_price=630&stock_status=instock&per_page=24 HTTP/1.1" 200 42015 "-" "Mozilla/5.0 (compatible; SERankingBacklinksBot/1.0; +https://seranking.com/backlinks-crawler)"
34.73.73.46 - - [29/Mar/2026:11:33:36 +0700] "POST /xmlrpc.php HTTP/1.1" 200 676 "-" "Mozilla/5.0 (Windows NT 10.0) AppleWebKit/537.36 (KHTML, like Gecko) Chrome/141.0.0.0 Safari/537.36"
37.27.59.176 - - [29/Mar/2026:11:33:35 +0700] "GET /shop/page/42/?orderby=rating&stock_status=instock&per_page=8 HTTP/1.1" 200 40227 "-" "Mozilla/5.0 (compatible; SERankingBacklinksBot/1.0; +https://seranking.com/backlinks-crawler)"
103.131.51.123 - - [29/Mar/2026:11:33:41 +0700] "POST /wp-cron.php?doing_wp_cron=1774758821.8934149742126464843750 HTTP/1.1" 200 474 "-" "WordPress/6.9.4; https://lotushomemade.com"
37.27.59.176 - - [29/Mar/2026:11:33:40 +0700] "GET /shop/page/11/?max_price=420&stock_status=instock&per_page=24 HTTP/1.1" 200 41845 "-" "Mozilla/5.0 (compatible; SERankingBacklinksBot/1.0; +https://seranking.com/backlinks-crawler)"
37.27.59.176 - - [29/Mar/2026:11:33:45 +0700] "GET /shop/page/13/?max_price=840&per_page=24&stock_status=instock HTTP/1.1" 200 42014 "-" "Mozilla/5.0 (compatible; SERankingBacklinksBot/1.0; +https://seranking.com/backlinks-crawler)"
94.23.188.220 - - [29/Mar/2026:11:33:47 +0700] "GET /product-category/crispy-snack-series/page/7/?per_row=2&shop_view=grid&stock_status=instock HTTP/2" 200 33043 "-" "Mozilla/5.0 (compatible; AhrefsBot/7.0; +http://ahrefs.com/robot/)"
37.27.59.176 - - [29/Mar/2026:11:33:50 +0700] "GET /shop/page/43/?orderby=rating&per_page=8&stock_status=instock HTTP/1.1" 200 40082 "-" "Mozilla/5.0 (compatible; SERankingBacklinksBot/1.0; +https://seranking.com/backlinks-crawler)"
37.27.59.176 - - [29/Mar/2026:11:33:55 +0700] "GET /shop/page/11/?max_price=630&per_page=24&stock_status=instock HTTP/1.1" 200 41841 "-" "Mozilla/5.0 (compatible; SERankingBacklinksBot/1.0; +https://seranking.com/backlinks-crawler)"
37.27.59.176 - - [29/Mar/2026:11:34:00 +0700] "GET /shop/page/13/?max_price=840&stock_status=instock&per_page=24 HTTP/1.1" 200 42037 "-" "Mozilla/5.0 (compatible; SERankingBacklinksBot/1.0; +https://seranking.com/backlinks-crawler)"
37.27.59.176 - - [29/Mar/2026:11:34:05 +0700] "GET /shop/page/43/?orderby=rating&stock_status=instock&per_page=8 HTTP/1.1" 200 40094 "-" "Mozilla/5.0 (compatible; SERankingBacklinksBot/1.0; +https://seranking.com/backlinks-crawler)"
67.222.38.61 - - [29/Mar/2026:11:34:07 +0700] "GET /wp-login.php HTTP/2" 200 1889 "-" "Mozilla/5.0 (Macintosh; Intel Mac OS X 10_12_6) AppleWebKit/537.36 (KHTML, like Gecko) Chrome/65.0.3325.146 Safari/537.36"
67.222.38.61 - - [29/Mar/2026:11:34:09 +0700] "POST /wp-login.php HTTP/2" 200 2027 "https://lotushomemade.com/wp-login.php" "Mozilla/5.0 (Macintosh; Intel Mac OS X 10_12_6) AppleWebKit/537.36 (KHTML, like Gecko) Chrome/65.0.3325.146 Safari/537.36"
37.27.59.176 - - [29/Mar/2026:11:34:10 +0700] "GET /shop/page/11/?max_price=630&stock_status=instock&per_page=24 HTTP/1.1" 200 41949 "-" "Mozilla/5.0 (compatible; SERankingBacklinksBot/1.0; +https://seranking.com/backlinks-crawler)"
37.27.59.176 - - [29/Mar/2026:11:34:16 +0700] "GET /shop/?orderby=price-desc&stock_status=instock&per_page=12&filter_brand=blessing-food&shop_view=grid&per_row=2 HTTP/1.1" 200 40101 "-" "Mozilla/5.0 (compatible; SERankingBacklinksBot/1.0; +https://seranking.com/backlinks-crawler)"
37.27.59.176 - - [29/Mar/2026:11:34:22 +0700] "GET /shop/page/13/?max_price=845&per_page=24&stock_status=instock HTTP/1.1" 200 42260 "-" "Mozilla/5.0 (compatible; SERankingBacklinksBot/1.0; +https://seranking.com/backlinks-crawler)"
37.27.59.176 - - [29/Mar/2026:11:34:28 +0700] "GET /shop/page/44/?orderby=rating&per_page=8&stock_status=instock HTTP/1.1" 200 40100 "-" "Mozilla/5.0 (compatible; SERankingBacklinksBot/1.0; +https://seranking.com/backlinks-crawler)"
37.27.59.176 - - [29/Mar/2026:11:34:33 +0700] "GET /shop/page/11/?max_price=840&per_page=24&stock_status=instock HTTP/1.1" 200 42023 "-" "Mozilla/5.0 (compatible; SERankingBacklinksBot/1.0; +https://seranking.com/backlinks-crawler)"
103.131.51.123 - - [29/Mar/2026:11:34:40 +0700] "POST /wp-cron.php?doing_wp_cron=1774758880.1882441043853759765625 HTTP/1.1" 200 474 "-" "WordPress/6.9.4; https://lotushomemade.com"
37.27.59.176 - - [29/Mar/2026:11:34:38 +0700] "GET /shop/page/13/?max_price=845&stock_status=instock&per_page=24 HTTP/1.1" 200 42233 "-" "Mozilla/5.0 (compatible; SERankingBacklinksBot/1.0; +https://seranking.com/backlinks-crawler)"
37.27.59.176 - - [29/Mar/2026:11:34:44 +0700] "GET /shop/page/44/?orderby=rating&stock_status=instock&per_page=8 HTTP/1.1" 200 40079 "-" "Mozilla/5.0 (compatible; SERankingBacklinksBot/1.0; +https://seranking.com/backlinks-crawler)"
176.31.139.24 - - [29/Mar/2026:11:34:45 +0700] "GET /shop/page/42/?orderby=popularity&per_page=8 HTTP/2" 200 33302 "-" "Mozilla/5.0 (compatible; AhrefsBot/7.0; +http://ahrefs.com/robot/)"
37.27.59.176 - - [29/Mar/2026:11:34:49 +0700] "GET /shop/page/11/?max_price=840&stock_status=instock&per_page=24 HTTP/1.1" 200 42008 "-" "Mozilla/5.0 (compatible; SERankingBacklinksBot/1.0; +https://seranking.com/backlinks-crawler)"
37.27.59.176 - - [29/Mar/2026:11:34:55 +0700] "GET /shop/page/13/?orderby=price&per_page=24&stock_status=instock HTTP/1.1" 200 42747 "-" "Mozilla/5.0 (compatible; SERankingBacklinksBot/1.0; +https://seranking.com/backlinks-crawler)"
37.27.59.176 - - [29/Mar/2026:11:34:59 +0700] "GET /shop/page/5/?orderby=rating&per_page=12&stock_status=instock HTTP/1.1" 200 40992 "-" "Mozilla/5.0 (compatible; SERankingBacklinksBot/1.0; +https://seranking.com/backlinks-crawler)"
37.27.59.176 - - [29/Mar/2026:11:35:05 +0700] "GET /shop/page/11/?max_price=845&per_page=24&stock_status=instock HTTP/1.1" 200 42004 "-" "Mozilla/5.0 (compatible; SERankingBacklinksBot/1.0; +https://seranking.com/backlinks-crawler)"
37.27.59.176 - - [29/Mar/2026:11:35:10 +0700] "GET /shop/page/13/?orderby=price&stock_status=instock&per_page=24 HTTP/1.1" 200 42649 "-" "Mozilla/5.0 (compatible; SERankingBacklinksBot/1.0; +https://seranking.com/backlinks-crawler)"
37.27.59.176 - - [29/Mar/2026:11:35:15 +0700] "GET /shop/page/5/?orderby=rating&per_page=18&stock_status=instock HTTP/1.1" 200 41443 "-" "Mozilla/5.0 (compatible; SERankingBacklinksBot/1.0; +https://seranking.com/backlinks-crawler)"
37.27.59.176 - - [29/Mar/2026:11:35:20 +0700] "GET /shop/page/11/?max_price=845&stock_status=instock&per_page=24 HTTP/1.1" 200 42031 "-" "Mozilla/5.0 (compatible; SERankingBacklinksBot/1.0; +https://seranking.com/backlinks-crawler)"
37.27.59.176 - - [29/Mar/2026:11:35:25 +0700] "GET /shop/page/13/?orderby=rating&per_page=24&stock_status=onsale HTTP/1.1" 200 41589 "-" "Mozilla/5.0 (compatible; SERankingBacklinksBot/1.0; +https://seranking.com/backlinks-crawler)"
92.222.108.120 - - [29/Mar/2026:11:35:29 +0700] "GET /shop/page/43/?orderby=price-desc&stock_status=onsale&per_page=8&shop_view=grid&per_row=6 HTTP/2" 200 33431 "-" "Mozilla/5.0 (compatible; AhrefsBot/7.0; +http://ahrefs.com/robot/)"
37.27.59.176 - - [29/Mar/2026:11:35:30 +0700] "GET /shop/page/5/?orderby=rating&per_page=24&stock_status=instock HTTP/1.1" 200 42418 "-" "Mozilla/5.0 (compatible; SERankingBacklinksBot/1.0; +https://seranking.com/backlinks-crawler)"
40.77.167.123 - - [29/Mar/2026:11:35:35 +0700] "GET /?post_type=product&s=2026 HTTP/2" 302 0 "-" "Mozilla/5.0 AppleWebKit/537.36 (KHTML, like Gecko; compatible; bingbot/2.0; +http://www.bing.com/bingbot.htm) Chrome/116.0.1938.76 Safari/537.36"
37.27.59.176 - - [29/Mar/2026:11:35:35 +0700] "GET /shop/page/11/?orderby=price&per_page=24&stock_status=instock HTTP/1.1" 200 42838 "-" "Mozilla/5.0 (compatible; SERankingBacklinksBot/1.0; +https://seranking.com/backlinks-crawler)"
103.131.51.123 - - [29/Mar/2026:11:35:38 +0700] "POST /wp-cron.php?doing_wp_cron=1774758938.2308480739593505859375 HTTP/1.1" 200 474 "-" "WordPress/6.9.4; https://lotushomemade.com"
40.77.167.123 - - [29/Mar/2026:11:35:37 +0700] "GET /product/homemade-chocolate-cream-nyonya-kapet_8080-s/ HTTP/2" 200 35129 "-" "Mozilla/5.0 AppleWebKit/537.36 (KHTML, like Gecko; compatible; bingbot/2.0; +http://www.bing.com/bingbot.htm) Chrome/116.0.1938.76 Safari/537.36"
37.27.59.176 - - [29/Mar/2026:11:35:41 +0700] "GET /shop/page/13/?orderby=rating&stock_status=onsale&per_page=24 HTTP/1.1" 200 41655 "-" "Mozilla/5.0 (compatible; SERankingBacklinksBot/1.0; +https://seranking.com/backlinks-crawler)"
37.27.59.176 - - [29/Mar/2026:11:35:45 +0700] "GET /shop/page/5/?orderby=rating&stock_status=instock&per_page=12 HTTP/1.1" 200 40997 "-" "Mozilla/5.0 (compatible; SERankingBacklinksBot/1.0; +https://seranking.com/backlinks-crawler)"
37.27.59.176 - - [29/Mar/2026:11:35:50 +0700] "GET /shop/page/11/?orderby=price&stock_status=instock&per_page=24 HTTP/1.1" 200 42835 "-" "Mozilla/5.0 (compatible; SERankingBacklinksBot/1.0; +https://seranking.com/backlinks-crawler)"
37.27.59.176 - - [29/Mar/2026:11:35:56 +0700] "GET /shop/page/16/?max_price=420&per_page=18&stock_status=instock HTTP/1.1" 200 41481 "-" "Mozilla/5.0 (compatible; SERankingBacklinksBot/1.0; +https://seranking.com/backlinks-crawler)"
37.27.59.176 - - [29/Mar/2026:11:36:01 +0700] "GET /shop/page/5/?orderby=rating&stock_status=instock&per_page=18 HTTP/1.1" 200 41348 "-" "Mozilla/5.0 (compatible; SERankingBacklinksBot/1.0; +https://seranking.com/backlinks-crawler)"
37.27.59.176 - - [29/Mar/2026:11:36:06 +0700] "GET /shop/page/11/?orderby=rating&per_page=24&stock_status=onsale HTTP/1.1" 200 41841 "-" "Mozilla/5.0 (compatible; SERankingBacklinksBot/1.0; +https://seranking.com/backlinks-crawler)"
37.27.59.176 - - [29/Mar/2026:11:36:13 +0700] "GET /shop/page/16/?max_price=420&stock_status=instock&per_page=18 HTTP/1.1" 200 41504 "-" "Mozilla/5.0 (compatible; SERankingBacklinksBot/1.0; +https://seranking.com/backlinks-crawler)"
37.59.204.156 - - [29/Mar/2026:11:36:17 +0700] "GET /product-category/kuih-kapit-series/?stock_status=instock%2Consale&per_row=2&per_page=24&shop_view=grid&filter_brand=blessing-food HTTP/2" 200 33205 "-" "Mozilla/5.0 (compatible; AhrefsBot/7.0; +http://ahrefs.com/robot/)"
37.27.59.176 - - [29/Mar/2026:11:36:18 +0700] "GET /shop/page/5/?orderby=rating&stock_status=instock&per_page=24 HTTP/1.1" 200 42294 "-" "Mozilla/5.0 (compatible; SERankingBacklinksBot/1.0; +https://seranking.com/backlinks-crawler)"
37.27.59.176 - - [29/Mar/2026:11:36:23 +0700] "GET /shop/page/11/?orderby=rating&stock_status=onsale&per_page=24 HTTP/1.1" 200 41844 "-" "Mozilla/5.0 (compatible; SERankingBacklinksBot/1.0; +https://seranking.com/backlinks-crawler)"
37.27.59.176 - - [29/Mar/2026:11:36:28 +0700] "GET /shop/page/16/?max_price=630&per_page=18&stock_status=instock HTTP/1.1" 200 41328 "-" "Mozilla/5.0 (compatible; SERankingBacklinksBot/1.0; +https://seranking.com/backlinks-crawler)"
37.27.59.176 - - [29/Mar/2026:11:36:33 +0700] "GET /shop/page/6/?orderby=rating&per_page=12&stock_status=instock HTTP/1.1" 200 41071 "-" "Mozilla/5.0 (compatible; SERankingBacklinksBot/1.0; +https://seranking.com/backlinks-crawler)"
103.131.51.123 - - [29/Mar/2026:11:36:39 +0700] "POST /wp-cron.php?doing_wp_cron=1774758999.9346199035644531250000 HTTP/1.1" 200 474 "-" "WordPress/6.9.4; https://lotushomemade.com"
37.27.59.176 - - [29/Mar/2026:11:36:38 +0700] "GET /shop/page/12/?max_price=420&per_page=24&stock_status=instock HTTP/1.1" 200 41760 "-" "Mozilla/5.0 (compatible; SERankingBacklinksBot/1.0; +https://seranking.com/backlinks-crawler)"
37.27.59.176 - - [29/Mar/2026:11:36:44 +0700] "GET /shop/page/16/?max_price=630&stock_status=instock&per_page=18 HTTP/1.1" 200 41502 "-" "Mozilla/5.0 (compatible; SERankingBacklinksBot/1.0; +https://seranking.com/backlinks-crawler)"
37.27.59.176 - - [29/Mar/2026:11:36:49 +0700] "GET /shop/page/6/?orderby=rating&per_page=18&stock_status=instock HTTP/1.1" 200 41291 "-" "Mozilla/5.0 (compatible; SERankingBacklinksBot/1.0; +https://seranking.com/backlinks-crawler)"
89.22.123.105 - - [29/Mar/2026:11:36:50 +0700] "POST /xmlrpc.php HTTP/1.1" 200 676 "-" "Mozilla/5.0 (Windows NT 10.0; WOW64) AppleWebKit/537.36 (KHTML, like Gecko) Chrome/142.0.0.0 Safari/537.36 Edg/142.0.0.0"
37.27.59.176 - - [29/Mar/2026:11:36:53 +0700] "GET /shop/page/12/?max_price=420&stock_status=instock&per_page=24 HTTP/1.1" 200 41760 "-" "Mozilla/5.0 (compatible; SERankingBacklinksBot/1.0; +https://seranking.com/backlinks-crawler)"
54.37.118.72 - - [29/Mar/2026:11:36:55 +0700] "GET /shop/?per_row=6&shop_view=grid&per_page=24 HTTP/2" 200 35663 "-" "Mozilla/5.0 (compatible; AhrefsBot/7.0; +http://ahrefs.com/robot/)"
37.27.59.176 - - [29/Mar/2026:11:36:59 +0700] "GET /shop/page/16/?max_price=840&per_page=18&stock_status=instock HTTP/1.1" 200 41441 "-" "Mozilla/5.0 (compatible; SERankingBacklinksBot/1.0; +https://seranking.com/backlinks-crawler)"
37.27.59.176 - - [29/Mar/2026:11:37:04 +0700] "GET /shop/page/6/?orderby=rating&per_page=24&stock_status=instock HTTP/1.1" 200 42341 "-" "Mozilla/5.0 (compatible; SERankingBacklinksBot/1.0; +https://seranking.com/backlinks-crawler)"
37.27.59.176 - - [29/Mar/2026:11:37:09 +0700] "GET /shop/page/12/?max_price=630&per_page=24&stock_status=instock HTTP/1.1" 200 41952 "-" "Mozilla/5.0 (compatible; SERankingBacklinksBot/1.0; +https://seranking.com/backlinks-crawler)"
37.27.59.176 - - [29/Mar/2026:11:37:14 +0700] "GET /shop/page/16/?max_price=840&stock_status=instock&per_page=18 HTTP/1.1" 200 41271 "-" "Mozilla/5.0 (compatible; SERankingBacklinksBot/1.0; +https://seranking.com/backlinks-crawler)"
37.27.59.176 - - [29/Mar/2026:11:37:20 +0700] "GET /shop/page/6/?orderby=rating&stock_status=instock&per_page=12 HTTP/1.1" 200 41060 "-" "Mozilla/5.0 (compatible; SERankingBacklinksBot/1.0; +https://seranking.com/backlinks-crawler)"
37.27.59.176 - - [29/Mar/2026:11:37:24 +0700] "GET /shop/page/12/?max_price=630&stock_status=instock&per_page=24 HTTP/1.1" 200 41772 "-" "Mozilla/5.0 (compatible; SERankingBacklinksBot/1.0; +https://seranking.com/backlinks-crawler)"
37.27.59.176 - - [29/Mar/2026:11:37:29 +0700] "GET /shop/page/16/?max_price=845&per_page=18&stock_status=instock HTTP/1.1" 200 41309 "-" "Mozilla/5.0 (compatible; SERankingBacklinksBot/1.0; +https://seranking.com/backlinks-crawler)"
54.37.118.92 - - [29/Mar/2026:11:37:30 +0700] "GET /product-category/crispy-snack-series/page/5/?per_row=6&shop_view=grid&per_page=12 HTTP/2" 200 32825 "-" "Mozilla/5.0 (compatible; AhrefsBot/7.0; +http://ahrefs.com/robot/)"
37.27.59.176 - - [29/Mar/2026:11:37:35 +0700] "GET /shop/page/6/?orderby=rating&stock_status=instock&per_page=18 HTTP/1.1" 200 41509 "-" "Mozilla/5.0 (compatible; SERankingBacklinksBot/1.0; +https://seranking.com/backlinks-crawler)"
103.131.51.123 - - [29/Mar/2026:11:37:41 +0700] "POST /wp-cron.php?doing_wp_cron=1774759061.3221070766448974609375 HTTP/1.1" 200 474 "-" "WordPress/6.9.4; https://lotushomemade.com"
37.27.59.176 - - [29/Mar/2026:11:37:40 +0700] "GET /shop/page/12/?max_price=840&per_page=24&stock_status=instock HTTP/1.1" 200 41784 "-" "Mozilla/5.0 (compatible; SERankingBacklinksBot/1.0; +https://seranking.com/backlinks-crawler)"
37.27.59.176 - - [29/Mar/2026:11:37:44 +0700] "GET /shop/page/16/?max_price=845&stock_status=instock&per_page=18 HTTP/1.1" 200 41326 "-" "Mozilla/5.0 (compatible; SERankingBacklinksBot/1.0; +https://seranking.com/backlinks-crawler)"
37.27.59.176 - - [29/Mar/2026:11:37:50 +0700] "GET /shop/page/6/?orderby=rating&stock_status=instock&per_page=24 HTTP/1.1" 200 42490 "-" "Mozilla/5.0 (compatible; SERankingBacklinksBot/1.0; +https://seranking.com/backlinks-crawler)"
37.27.59.176 - - [29/Mar/2026:11:37:57 +0700] "GET /shop/page/12/?max_price=840&stock_status=instock&per_page=24 HTTP/1.1" 200 41997 "-" "Mozilla/5.0 (compatible; SERankingBacklinksBot/1.0; +https://seranking.com/backlinks-crawler)"
37.27.59.176 - - [29/Mar/2026:11:38:01 +0700] "GET /shop/page/16/?orderby=price&per_page=18&stock_status=instock HTTP/1.1" 200 41938 "-" "Mozilla/5.0 (compatible; SERankingBacklinksBot/1.0; +https://seranking.com/backlinks-crawler)"
37.27.59.176 - - [29/Mar/2026:11:38:06 +0700] "GET /shop/page/7/?orderby=rating&per_page=12&stock_status=instock HTTP/1.1" 200 40755 "-" "Mozilla/5.0 (compatible; SERankingBacklinksBot/1.0; +https://seranking.com/backlinks-crawler)"
37.27.59.176 - - [29/Mar/2026:11:38:11 +0700] "GET /shop/page/12/?max_price=845&per_page=24&stock_status=instock HTTP/1.1" 200 42042 "-" "Mozilla/5.0 (compatible; SERankingBacklinksBot/1.0; +https://seranking.com/backlinks-crawler)"
176.31.139.20 - - [29/Mar/2026:11:38:16 +0700] "GET /shop/page/27/?orderby=price&per_page=12 HTTP/2" 200 33904 "-" "Mozilla/5.0 (compatible; AhrefsBot/7.0; +http://ahrefs.com/robot/)"
37.27.59.176 - - [29/Mar/2026:11:38:16 +0700] "GET /shop/page/16/?orderby=price&stock_status=instock&per_page=18 HTTP/1.1" 200 41937 "-" "Mozilla/5.0 (compatible; SERankingBacklinksBot/1.0; +https://seranking.com/backlinks-crawler)"
37.27.59.176 - - [29/Mar/2026:11:38:22 +0700] "GET /shop/page/7/?orderby=rating&per_page=18&stock_status=instock HTTP/1.1" 200 41898 "-" "Mozilla/5.0 (compatible; SERankingBacklinksBot/1.0; +https://seranking.com/backlinks-crawler)"
37.27.59.176 - - [29/Mar/2026:11:38:27 +0700] "GET /shop/page/12/?max_price=845&stock_status=instock&per_page=24 HTTP/1.1" 200 41747 "-" "Mozilla/5.0 (compatible; SERankingBacklinksBot/1.0; +https://seranking.com/backlinks-crawler)"
37.27.59.176 - - [29/Mar/2026:11:38:32 +0700] "GET /shop/page/16/?orderby=rating&per_page=18&stock_status=onsale HTTP/1.1" 200 41019 "-" "Mozilla/5.0 (compatible; SERankingBacklinksBot/1.0; +https://seranking.com/backlinks-crawler)"
103.131.51.123 - - [29/Mar/2026:11:38:39 +0700] "POST /wp-cron.php?doing_wp_cron=1774759119.2355120182037353515625 HTTP/1.1" 200 474 "-" "WordPress/6.9.4; https://lotushomemade.com"
37.27.59.176 - - [29/Mar/2026:11:38:37 +0700] "GET /shop/page/7/?orderby=rating&per_page=24&stock_status=instock HTTP/1.1" 200 42589 "-" "Mozilla/5.0 (compatible; SERankingBacklinksBot/1.0; +https://seranking.com/backlinks-crawler)"
37.27.59.176 - - [29/Mar/2026:11:38:42 +0700] "GET /shop/page/16/?orderby=rating&stock_status=onsale&per_page=18 HTTP/1.1" 200 41041 "-" "Mozilla/5.0 (compatible; SERankingBacklinksBot/1.0; +https://seranking.com/backlinks-crawler)"
37.27.59.176 - - [29/Mar/2026:11:38:48 +0700] "GET /shop/page/7/?orderby=rating&stock_status=instock&per_page=12 HTTP/1.1" 200 40881 "-" "Mozilla/5.0 (compatible; SERankingBacklinksBot/1.0; +https://seranking.com/backlinks-crawler)"
92.222.108.103 - - [29/Mar/2026:11:38:48 +0700] "GET /product-category/crispy-snack-series/page/7/?stock_status=onsale&shop_view=grid&per_row=2 HTTP/2" 200 33061 "-" "Mozilla/5.0 (compatible; AhrefsBot/7.0; +http://ahrefs.com/robot/)"
37.27.59.176 - - [29/Mar/2026:11:38:53 +0700] "GET /shop/page/17/?max_price=420&per_page=18&stock_status=instock HTTP/1.1" 200 41492 "-" "Mozilla/5.0 (compatible; SERankingBacklinksBot/1.0; +https://seranking.com/backlinks-crawler)"
