216.244.66.239 - - [29/Mar/2026:12:55:15 +0700] "GET /shop/page/14/?orderby=popularity HTTP/1.1" 200 236500 "-" "Mozilla/5.0 (compatible; DotBot/1.2; +https://opensiteexplorer.org/dotbot; help@moz.com)"
37.27.59.176 - - [29/Mar/2026:12:55:21 +0700] "GET /shop/page/47/?max_price=420&per_row=6&shop_view=grid&per_page=8 HTTP/1.1" 200 40399 "-" "Mozilla/5.0 (compatible; SERankingBacklinksBot/1.0; +https://seranking.com/backlinks-crawler)"
54.91.122.193 - - [29/Mar/2026:12:55:21 +0700] "GET /product-category/traditional-cookies-series/ HTTP/1.1" 200 41519 "-" "Mozilla/5.0 AppleWebKit/537.36 (KHTML, like Gecko; compatible; Amazonbot/0.1; +https://developer.amazon.com/support/amazonbot) Chrome/119.0.6045.214 Safari/537.36"
54.84.147.79 - - [29/Mar/2026:12:55:25 +0700] "GET /product-category/blessing-series/ HTTP/1.1" 200 41180 "-" "Mozilla/5.0 AppleWebKit/537.36 (KHTML, like Gecko; compatible; Amazonbot/0.1; +https://developer.amazon.com/support/amazonbot) Chrome/119.0.6045.214 Safari/537.36"
37.27.59.176 - - [29/Mar/2026:12:55:26 +0700] "GET /shop/page/2/?max_price=845&per_page=24&shop_view=grid&per_row=2 HTTP/1.1" 200 44032 "-" "Mozilla/5.0 (compatible; SERankingBacklinksBot/1.0; +https://seranking.com/backlinks-crawler)"
216.244.66.239 - - [29/Mar/2026:12:55:27 +0700] "GET /shop/page/27/?per_row=4&shop_view=grid HTTP/1.1" 200 231166 "-" "Mozilla/5.0 (compatible; DotBot/1.2; +https://opensiteexplorer.org/dotbot; help@moz.com)"
37.27.59.176 - - [29/Mar/2026:12:55:31 +0700] "GET /shop/page/47/?max_price=630&per_page=8&shop_view=grid&per_row=2 HTTP/1.1" 200 40244 "-" "Mozilla/5.0 (compatible; SERankingBacklinksBot/1.0; +https://seranking.com/backlinks-crawler)"
37.27.59.176 - - [29/Mar/2026:12:55:36 +0700] "GET /shop/page/2/?max_price=845&per_page=24&shop_view=grid&per_row=4 HTTP/1.1" 200 43853 "-" "Mozilla/5.0 (compatible; SERankingBacklinksBot/1.0; +https://seranking.com/backlinks-crawler)"
103.131.51.123 - - [29/Mar/2026:12:55:43 +0700] "POST /wp-cron.php?doing_wp_cron=1774763743.1926720142364501953125 HTTP/1.1" 200 474 "-" "WordPress/6.9.4; https://lotushomemade.com"
37.27.59.176 - - [29/Mar/2026:12:55:41 +0700] "GET /shop/page/47/?max_price=630&per_page=8&shop_view=grid&per_row=4 HTTP/1.1" 200 40403 "-" "Mozilla/5.0 (compatible; SERankingBacklinksBot/1.0; +https://seranking.com/backlinks-crawler)"
37.27.59.176 - - [29/Mar/2026:12:55:46 +0700] "GET /shop/page/2/?max_price=845&per_page=24&shop_view=grid&per_row=6 HTTP/1.1" 200 43874 "-" "Mozilla/5.0 (compatible; SERankingBacklinksBot/1.0; +https://seranking.com/backlinks-crawler)"
37.27.59.176 - - [29/Mar/2026:12:55:51 +0700] "GET /shop/page/47/?max_price=630&per_page=8&shop_view=grid&per_row=6 HTTP/1.1" 200 40253 "-" "Mozilla/5.0 (compatible; SERankingBacklinksBot/1.0; +https://seranking.com/backlinks-crawler)"
54.37.118.90 - - [29/Mar/2026:12:55:53 +0700] "GET /shop/page/40/?orderby=price-desc&stock_status=onsale&per_page=8&shop_view=grid&per_row=6 HTTP/2" 200 33591 "-" "Mozilla/5.0 (compatible; AhrefsBot/7.0; +http://ahrefs.com/robot/)"
59.125.102.227 - - [29/Mar/2026:12:55:55 +0700] "POST /xmlrpc.php HTTP/1.1" 200 676 "-" "Mozilla/5.0 (Windows NT 10.0; Win64; x64) AppleWebKit/537.43 (KHTML, like Gecko) Chrome/140.0.0.0 Safari/537.36 OPR/124.0.0.0"
37.27.59.176 - - [29/Mar/2026:12:55:56 +0700] "GET /shop/page/2/?max_price=845&per_row=2&shop_view=grid&per_page=12 HTTP/1.1" 200 41595 "-" "Mozilla/5.0 (compatible; SERankingBacklinksBot/1.0; +https://seranking.com/backlinks-crawler)"
37.27.59.176 - - [29/Mar/2026:12:56:02 +0700] "GET /shop/page/47/?max_price=630&per_row=2&shop_view=grid&per_page=8 HTTP/1.1" 200 40403 "-" "Mozilla/5.0 (compatible; SERankingBacklinksBot/1.0; +https://seranking.com/backlinks-crawler)"
37.27.59.176 - - [29/Mar/2026:12:56:07 +0700] "GET /shop/page/2/?max_price=845&per_row=2&shop_view=grid&per_page=18 HTTP/1.1" 200 42738 "-" "Mozilla/5.0 (compatible; SERankingBacklinksBot/1.0; +https://seranking.com/backlinks-crawler)"
37.27.59.176 - - [29/Mar/2026:12:56:12 +0700] "GET /shop/page/47/?max_price=630&per_row=4&shop_view=grid&per_page=8 HTTP/1.1" 200 40284 "-" "Mozilla/5.0 (compatible; SERankingBacklinksBot/1.0; +https://seranking.com/backlinks-crawler)"
37.27.59.176 - - [29/Mar/2026:12:56:17 +0700] "GET /shop/page/2/?max_price=845&per_row=2&shop_view=grid&per_page=24 HTTP/1.1" 200 43807 "-" "Mozilla/5.0 (compatible; SERankingBacklinksBot/1.0; +https://seranking.com/backlinks-crawler)"
37.27.59.176 - - [29/Mar/2026:12:56:23 +0700] "GET /shop/page/47/?max_price=630&per_row=6&shop_view=grid&per_page=8 HTTP/1.1" 200 40425 "-" "Mozilla/5.0 (compatible; SERankingBacklinksBot/1.0; +https://seranking.com/backlinks-crawler)"
37.27.59.176 - - [29/Mar/2026:12:56:28 +0700] "GET /shop/page/2/?max_price=845&per_row=4&shop_view=grid&per_page=12 HTTP/1.1" 200 41530 "-" "Mozilla/5.0 (compatible; SERankingBacklinksBot/1.0; +https://seranking.com/backlinks-crawler)"
37.27.59.176 - - [29/Mar/2026:12:56:33 +0700] "GET /shop/page/47/?max_price=840&per_page=8&shop_view=grid&per_row=2 HTTP/1.1" 200 40391 "-" "Mozilla/5.0 (compatible; SERankingBacklinksBot/1.0; +https://seranking.com/backlinks-crawler)"
103.131.51.123 - - [29/Mar/2026:12:56:38 +0700] "POST /wp-cron.php?doing_wp_cron=1774763798.7744290828704833984375 HTTP/1.1" 200 474 "-" "WordPress/6.9.4; https://lotushomemade.com"
54.37.252.118 - - [29/Mar/2026:12:56:38 +0700] "GET /robots.txt HTTP/1.1" 200 609 "-" "Mozilla/5.0 (compatible; MJ12bot/v1.4.8; http://mj12bot.com/)"
162.241.2.62 - - [29/Mar/2026:12:56:39 +0700] "GET /wp-login.php HTTP/2" 200 1889 "-" "Mozilla/5.0 (Windows NT 10.0) AppleWebKit/537.36 (KHTML, like Gecko) Chrome/66.0.3359.139 Safari/537.36"
37.27.59.176 - - [29/Mar/2026:12:56:38 +0700] "GET /shop/page/2/?max_price=845&per_row=4&shop_view=grid&per_page=18 HTTP/1.1" 200 42601 "-" "Mozilla/5.0 (compatible; SERankingBacklinksBot/1.0; +https://seranking.com/backlinks-crawler)"
162.241.2.62 - - [29/Mar/2026:12:56:40 +0700] "POST /wp-login.php HTTP/2" 200 2027 "https://lotushomemade.com/wp-login.php" "Mozilla/5.0 (Windows NT 10.0) AppleWebKit/537.36 (KHTML, like Gecko) Chrome/66.0.3359.139 Safari/537.36"
54.37.252.118 - - [29/Mar/2026:12:56:40 +0700] "GET /product/black-sesame-kapet_8193-l/ HTTP/1.1" 200 35633 "-" "Mozilla/5.0 (compatible; MJ12bot/v1.4.8; http://mj12bot.com/)"
5.39.1.243 - - [29/Mar/2026:12:56:41 +0700] "GET /shop/page/40/?orderby=price&stock_status=instock&per_row=4&shop_view=grid&per_page=8 HTTP/2" 200 33428 "-" "Mozilla/5.0 (compatible; AhrefsBot/7.0; +http://ahrefs.com/robot/)"
54.37.252.118 - - [29/Mar/2026:12:56:43 +0700] "GET /product/brownies-almond-cookies-sg/feed/ HTTP/1.1" 200 1126 "-" "Mozilla/5.0 (compatible; MJ12bot/v1.4.8; http://mj12bot.com/)"
37.27.59.176 - - [29/Mar/2026:12:56:44 +0700] "GET /shop/page/47/?max_price=840&per_page=8&shop_view=grid&per_row=4 HTTP/1.1" 200 40419 "-" "Mozilla/5.0 (compatible; SERankingBacklinksBot/1.0; +https://seranking.com/backlinks-crawler)"
54.37.252.118 - - [29/Mar/2026:12:56:45 +0700] "GET /product/cheese-cake-crunchy-sg/ HTTP/1.1" 200 35757 "-" "Mozilla/5.0 (compatible; MJ12bot/v1.4.8; http://mj12bot.com/)"
54.37.252.118 - - [29/Mar/2026:12:56:49 +0700] "GET /product/chocolate-nyonya-kapet_8150-l/feed/ HTTP/1.1" 200 1131 "-" "Mozilla/5.0 (compatible; MJ12bot/v1.4.8; http://mj12bot.com/)"
37.27.59.176 - - [29/Mar/2026:12:56:49 +0700] "GET /shop/page/2/?max_price=845&per_row=4&shop_view=grid&per_page=24 HTTP/1.1" 200 43895 "-" "Mozilla/5.0 (compatible; SERankingBacklinksBot/1.0; +https://seranking.com/backlinks-crawler)"
54.37.252.118 - - [29/Mar/2026:12:56:51 +0700] "GET /product/homemade-golden-pineapple-roll_8080-s/feed/ HTTP/1.1" 200 1135 "-" "Mozilla/5.0 (compatible; MJ12bot/v1.4.8; http://mj12bot.com/)"
54.37.252.118 - - [29/Mar/2026:12:56:53 +0700] "GET /product/pineapple-cake-sg/ HTTP/1.1" 200 35682 "-" "Mozilla/5.0 (compatible; MJ12bot/v1.4.8; http://mj12bot.com/)"
37.27.59.176 - - [29/Mar/2026:12:56:55 +0700] "GET /shop/page/47/?max_price=840&per_page=8&shop_view=grid&per_row=6 HTTP/1.1" 200 40226 "-" "Mozilla/5.0 (compatible; SERankingBacklinksBot/1.0; +https://seranking.com/backlinks-crawler)"
37.27.59.176 - - [29/Mar/2026:12:57:01 +0700] "GET /shop/page/2/?max_price=845&per_row=6&shop_view=grid&per_page=12 HTTP/1.1" 200 41634 "-" "Mozilla/5.0 (compatible; SERankingBacklinksBot/1.0; +https://seranking.com/backlinks-crawler)"
37.27.59.176 - - [29/Mar/2026:12:57:06 +0700] "GET /shop/page/47/?max_price=840&per_row=2&shop_view=grid&per_page=8 HTTP/1.1" 200 40399 "-" "Mozilla/5.0 (compatible; SERankingBacklinksBot/1.0; +https://seranking.com/backlinks-crawler)"
37.27.59.176 - - [29/Mar/2026:12:57:11 +0700] "GET /shop/page/2/?max_price=845&per_row=6&shop_view=grid&per_page=18 HTTP/1.1" 200 42563 "-" "Mozilla/5.0 (compatible; SERankingBacklinksBot/1.0; +https://seranking.com/backlinks-crawler)"
37.27.59.176 - - [29/Mar/2026:12:57:16 +0700] "GET /shop/page/47/?max_price=840&per_row=4&shop_view=grid&per_page=8 HTTP/1.1" 200 40420 "-" "Mozilla/5.0 (compatible; SERankingBacklinksBot/1.0; +https://seranking.com/backlinks-crawler)"
37.27.59.176 - - [29/Mar/2026:12:57:21 +0700] "GET /shop/page/2/?max_price=845&per_row=6&shop_view=grid&per_page=24 HTTP/1.1" 200 43890 "-" "Mozilla/5.0 (compatible; SERankingBacklinksBot/1.0; +https://seranking.com/backlinks-crawler)"
37.27.59.176 - - [29/Mar/2026:12:57:26 +0700] "GET /shop/page/47/?max_price=840&per_row=6&shop_view=grid&per_page=8 HTTP/1.1" 200 40225 "-" "Mozilla/5.0 (compatible; SERankingBacklinksBot/1.0; +https://seranking.com/backlinks-crawler)"
37.27.59.176 - - [29/Mar/2026:12:57:31 +0700] "GET /shop/page/2/?min_price=0&per_page=8&stock_status=instock,onsale HTTP/1.1" 301 607 "-" "Mozilla/5.0 (compatible; SERankingBacklinksBot/1.0; +https://seranking.com/backlinks-crawler)"
37.27.59.176 - - [29/Mar/2026:12:57:32 +0700] "GET /shop/page/2/?min_price=0&per_page=8&stock_status=instock%2Consale HTTP/1.1" 200 40828 "-" "Mozilla/5.0 (compatible; SERankingBacklinksBot/1.0; +https://seranking.com/backlinks-crawler)"
14.226.76.55 - - [29/Mar/2026:12:57:33 +0700] "GET /product-category/traditional-cookies-series/page/19/?per_page=8 HTTP/1.1" 200 39819 "-" "Mozilla/5.0 (Windows NT 10.0; Win64; x64) AppleWebKit/537.36 (KHTML, like Gecko) Chrome/86.0.4240.198 Safari/537.36"
103.131.51.123 - - [29/Mar/2026:12:57:38 +0700] "POST /wp-cron.php?doing_wp_cron=1774763858.9481561183929443359375 HTTP/1.1" 200 474 "-" "WordPress/6.9.4; https://lotushomemade.com"
37.27.59.176 - - [29/Mar/2026:12:57:37 +0700] "GET /shop/page/47/?max_price=845&per_page=8&shop_view=grid&per_row=2 HTTP/1.1" 200 40576 "-" "Mozilla/5.0 (compatible; SERankingBacklinksBot/1.0; +https://seranking.com/backlinks-crawler)"
37.27.59.176 - - [29/Mar/2026:12:57:42 +0700] "GET /shop/page/2/?orderby=price&per_row=2&per_page=12&shop_view=grid HTTP/1.1" 200 41317 "-" "Mozilla/5.0 (compatible; SERankingBacklinksBot/1.0; +https://seranking.com/backlinks-crawler)"
176.31.139.11 - - [29/Mar/2026:12:57:45 +0700] "GET /shop/page/9/?orderby=price&stock_status=instock&per_row=4&shop_view=grid&per_page=8 HTTP/2" 200 33614 "-" "Mozilla/5.0 (compatible; AhrefsBot/7.0; +http://ahrefs.com/robot/)"
37.27.59.176 - - [29/Mar/2026:12:57:47 +0700] "GET /shop/page/47/?max_price=845&per_page=8&shop_view=grid&per_row=4 HTTP/1.1" 200 40388 "-" "Mozilla/5.0 (compatible; SERankingBacklinksBot/1.0; +https://seranking.com/backlinks-crawler)"
216.244.66.239 - - [29/Mar/2026:12:57:50 +0700] "GET /product-category/100-pure-vegan/page/2/?per_row=2&shop_view=grid&stock_status=onsale HTTP/1.1" 200 232659 "-" "Mozilla/5.0 (compatible; DotBot/1.2; +https://opensiteexplorer.org/dotbot; help@moz.com)"
5.39.1.240 - - [29/Mar/2026:12:57:51 +0700] "GET /shop/page/40/?orderby=price-desc&stock_status=onsale&per_page=8&shop_view=grid&per_row=6 HTTP/2" 200 33560 "-" "Mozilla/5.0 (compatible; AhrefsBot/7.0; +http://ahrefs.com/robot/)"
37.27.59.176 - - [29/Mar/2026:12:57:52 +0700] "GET /shop/page/2/?orderby=price&per_row=2&per_page=18&shop_view=grid HTTP/1.1" 200 42101 "-" "Mozilla/5.0 (compatible; SERankingBacklinksBot/1.0; +https://seranking.com/backlinks-crawler)"
51.68.247.211 - - [29/Mar/2026:12:57:52 +0700] "GET /shop/page/25/?orderby=date&stock_status=instock&per_row=2&shop_view=grid&per_page=12 HTTP/2" 200 33746 "-" "Mozilla/5.0 (compatible; AhrefsBot/7.0; +http://ahrefs.com/robot/)"
92.222.108.122 - - [29/Mar/2026:12:57:53 +0700] "GET /shop/page/9/?orderby=price-desc&stock_status=onsale&per_page=8&shop_view=grid&per_row=6 HTTP/2" 200 33659 "-" "Mozilla/5.0 (compatible; AhrefsBot/7.0; +http://ahrefs.com/robot/)"
37.27.59.176 - - [29/Mar/2026:12:57:57 +0700] "GET /shop/page/47/?max_price=845&per_page=8&shop_view=grid&per_row=6 HTTP/1.1" 200 40583 "-" "Mozilla/5.0 (compatible; SERankingBacklinksBot/1.0; +https://seranking.com/backlinks-crawler)"
37.27.59.176 - - [29/Mar/2026:12:58:02 +0700] "GET /shop/page/2/?orderby=price&per_row=2&per_page=24&shop_view=grid HTTP/1.1" 200 42901 "-" "Mozilla/5.0 (compatible; SERankingBacklinksBot/1.0; +https://seranking.com/backlinks-crawler)"
216.244.66.239 - - [29/Mar/2026:12:58:02 +0700] "GET /shop/page/12/?stock_status=onsale&per_page=18 HTTP/1.1" 200 250935 "-" "Mozilla/5.0 (compatible; DotBot/1.2; +https://opensiteexplorer.org/dotbot; help@moz.com)"
37.27.59.176 - - [29/Mar/2026:12:58:07 +0700] "GET /shop/page/47/?max_price=845&per_row=2&shop_view=grid&per_page=8 HTTP/1.1" 200 40577 "-" "Mozilla/5.0 (compatible; SERankingBacklinksBot/1.0; +https://seranking.com/backlinks-crawler)"
37.27.59.176 - - [29/Mar/2026:12:58:12 +0700] "GET /shop/page/2/?orderby=price&per_row=4&per_page=12&shop_view=grid HTTP/1.1" 200 41334 "-" "Mozilla/5.0 (compatible; SERankingBacklinksBot/1.0; +https://seranking.com/backlinks-crawler)"
37.27.59.176 - - [29/Mar/2026:12:58:17 +0700] "GET /shop/page/47/?max_price=845&per_row=4&shop_view=grid&per_page=8 HTTP/1.1" 200 40411 "-" "Mozilla/5.0 (compatible; SERankingBacklinksBot/1.0; +https://seranking.com/backlinks-crawler)"
123.17.135.14 - - [29/Mar/2026:12:58:21 +0700] "GET /product/gula-melaka-bangkit-charcoal-l/ HTTP/1.1" 200 42740 "-" "Mozilla/5.0 (Macintosh; Intel Mac OS X 10_13_6) AppleWebKit/537.36 (KHTML, like Gecko) Chrome/84.0.4147.125 Safari/537.36"
37.27.59.176 - - [29/Mar/2026:12:58:22 +0700] "GET /shop/page/2/?orderby=price&per_row=4&per_page=18&shop_view=grid HTTP/1.1" 200 42384 "-" "Mozilla/5.0 (compatible; SERankingBacklinksBot/1.0; +https://seranking.com/backlinks-crawler)"
37.27.59.176 - - [29/Mar/2026:12:58:27 +0700] "GET /shop/?orderby=price-desc&stock_status=instock&per_page=24&filter_brand=blessing-food&shop_view=grid&per_row=4 HTTP/1.1" 200 39998 "-" "Mozilla/5.0 (compatible; SERankingBacklinksBot/1.0; +https://seranking.com/backlinks-crawler)"
37.27.59.176 - - [29/Mar/2026:12:58:33 +0700] "GET /shop/page/47/?max_price=845&per_row=6&shop_view=grid&per_page=8 HTTP/1.1" 200 40586 "-" "Mozilla/5.0 (compatible; SERankingBacklinksBot/1.0; +https://seranking.com/backlinks-crawler)"
103.131.51.123 - - [29/Mar/2026:12:58:38 +0700] "POST /wp-cron.php?doing_wp_cron=1774763918.3414130210876464843750 HTTP/1.1" 200 474 "-" "WordPress/6.9.4; https://lotushomemade.com"
92.222.104.195 - - [29/Mar/2026:12:58:37 +0700] "GET /shop/page/40/?orderby=rating&stock_status=onsale&per_page=8&shop_view=grid&per_row=2 HTTP/2" 200 33385 "-" "Mozilla/5.0 (compatible; AhrefsBot/7.0; +http://ahrefs.com/robot/)"
103.131.51.123 - - [29/Mar/2026:12:58:39 +0700] "POST /wp-cron.php?doing_wp_cron=1774763919.1502110958099365234375 HTTP/1.1" 200 474 "-" "WordPress/6.9.4; https://lotushomemade.com"
37.27.59.176 - - [29/Mar/2026:12:58:37 +0700] "GET /shop/page/2/?orderby=price&per_row=4&per_page=24&shop_view=grid HTTP/1.1" 200 42938 "-" "Mozilla/5.0 (compatible; SERankingBacklinksBot/1.0; +https://seranking.com/backlinks-crawler)"
37.27.59.176 - - [29/Mar/2026:12:58:45 +0700] "GET /shop/page/47/?orderby=price&per_row=2&per_page=8&shop_view=grid HTTP/1.1" 200 40341 "-" "Mozilla/5.0 (compatible; SERankingBacklinksBot/1.0; +https://seranking.com/backlinks-crawler)"
51.210.106.73 - - [29/Mar/2026:12:58:50 +0700] "GET /wp-login.php HTTP/1.1" 200 7400 "https://lotushomemade.com/wp-login.php" "Mozilla/5.0 (Windows NT 10.0; WOW64) AppleWebKit/537.36 (KHTML, like Gecko) Chrome/62.0.3198.0 Safari/537.36 OPR/49.0.2711.0"
37.27.59.176 - - [29/Mar/2026:12:58:50 +0700] "GET /shop/page/2/?orderby=price&per_row=6&per_page=12&shop_view=grid HTTP/1.1" 200 41352 "-" "Mozilla/5.0 (compatible; SERankingBacklinksBot/1.0; +https://seranking.com/backlinks-crawler)"
37.27.59.176 - - [29/Mar/2026:12:58:55 +0700] "GET /shop/page/47/?orderby=price&per_row=4&per_page=8&shop_view=grid HTTP/1.1" 200 40113 "-" "Mozilla/5.0 (compatible; SERankingBacklinksBot/1.0; +https://seranking.com/backlinks-crawler)"
51.75.236.152 - - [29/Mar/2026:12:58:59 +0700] "GET /shop/page/40/?orderby=price&stock_status=instock&per_row=4&shop_view=grid&per_page=8 HTTP/2" 200 33417 "-" "Mozilla/5.0 (compatible; AhrefsBot/7.0; +http://ahrefs.com/robot/)"
37.27.59.176 - - [29/Mar/2026:12:59:00 +0700] "GET /shop/page/2/?orderby=price&per_row=6&per_page=18&shop_view=grid HTTP/1.1" 200 42331 "-" "Mozilla/5.0 (compatible; SERankingBacklinksBot/1.0; +https://seranking.com/backlinks-crawler)"
37.27.59.176 - - [29/Mar/2026:12:59:05 +0700] "GET /shop/page/47/?orderby=price&per_row=6&per_page=8&shop_view=grid HTTP/1.1" 200 40267 "-" "Mozilla/5.0 (compatible; SERankingBacklinksBot/1.0; +https://seranking.com/backlinks-crawler)"
37.27.59.176 - - [29/Mar/2026:12:59:10 +0700] "GET /shop/page/2/?orderby=price&per_row=6&per_page=24&shop_view=grid HTTP/1.1" 200 42889 "-" "Mozilla/5.0 (compatible; SERankingBacklinksBot/1.0; +https://seranking.com/backlinks-crawler)"
37.27.59.176 - - [29/Mar/2026:12:59:15 +0700] "GET /shop/page/5/?min_price=0&max_price=210&per_row=2&shop_view=grid HTTP/1.1" 200 41261 "-" "Mozilla/5.0 (compatible; SERankingBacklinksBot/1.0; +https://seranking.com/backlinks-crawler)"
37.27.59.176 - - [29/Mar/2026:12:59:20 +0700] "GET /shop/page/2/?orderby=rating&per_row=2&per_page=8&shop_view=grid HTTP/1.1" 200 40902 "-" "Mozilla/5.0 (compatible; SERankingBacklinksBot/1.0; +https://seranking.com/backlinks-crawler)"
5.39.1.231 - - [29/Mar/2026:12:59:24 +0700] "GET /shop/page/25/?orderby=date&per_page=12&stock_status=instock%2Consale HTTP/2" 200 33696 "-" "Mozilla/5.0 (compatible; AhrefsBot/7.0; +http://ahrefs.com/robot/)"
37.27.59.176 - - [29/Mar/2026:12:59:25 +0700] "GET /shop/page/5/?min_price=0&max_price=210&per_row=4&shop_view=grid HTTP/1.1" 200 41271 "-" "Mozilla/5.0 (compatible; SERankingBacklinksBot/1.0; +https://seranking.com/backlinks-crawler)"
212.36.76.11 - - [29/Mar/2026:12:59:29 +0700] "POST /xmlrpc.php HTTP/1.1" 200 676 "-" "Mozilla/5.0 (Windows NT 10.0; WOW64; rv:143.0) Gecko/20100101 Firefox/143.0"
37.27.59.176 - - [29/Mar/2026:12:59:31 +0700] "GET /shop/page/2/?orderby=rating&per_row=4&per_page=8&shop_view=grid HTTP/1.1" 200 40918 "-" "Mozilla/5.0 (compatible; SERankingBacklinksBot/1.0; +https://seranking.com/backlinks-crawler)"
37.27.59.176 - - [29/Mar/2026:12:59:35 +0700] "GET /shop/page/5/?min_price=0&max_price=210&per_row=6&shop_view=grid HTTP/1.1" 200 41075 "-" "Mozilla/5.0 (compatible; SERankingBacklinksBot/1.0; +https://seranking.com/backlinks-crawler)"
103.131.51.123 - - [29/Mar/2026:12:59:42 +0700] "POST /wp-cron.php?doing_wp_cron=1774763982.4992029666900634765625 HTTP/1.1" 200 474 "-" "WordPress/6.9.4; https://lotushomemade.com"
37.27.59.176 - - [29/Mar/2026:12:59:41 +0700] "GET /shop/page/2/?orderby=rating&per_row=6&per_page=8&shop_view=grid HTTP/1.1" 200 41074 "-" "Mozilla/5.0 (compatible; SERankingBacklinksBot/1.0; +https://seranking.com/backlinks-crawler)"
37.27.59.176 - - [29/Mar/2026:12:59:45 +0700] "GET /shop/page/5/?orderby=popularity&per_page=12&stock_status=onsale HTTP/1.1" 200 41006 "-" "Mozilla/5.0 (compatible; SERankingBacklinksBot/1.0; +https://seranking.com/backlinks-crawler)"
37.27.59.176 - - [29/Mar/2026:12:59:50 +0700] "GET /shop/page/20/?orderby=date&per_row=2&per_page=18&shop_view=grid HTTP/1.1" 200 41120 "-" "Mozilla/5.0 (compatible; SERankingBacklinksBot/1.0; +https://seranking.com/backlinks-crawler)"
37.27.59.176 - - [29/Mar/2026:12:59:56 +0700] "GET /shop/page/5/?orderby=popularity&per_page=18&stock_status=onsale HTTP/1.1" 200 41517 "-" "Mozilla/5.0 (compatible; SERankingBacklinksBot/1.0; +https://seranking.com/backlinks-crawler)"
37.27.59.176 - - [29/Mar/2026:13:00:01 +0700] "GET /shop/page/20/?orderby=date&per_row=4&per_page=18&shop_view=grid HTTP/1.1" 200 41171 "-" "Mozilla/5.0 (compatible; SERankingBacklinksBot/1.0; +https://seranking.com/backlinks-crawler)"
37.27.59.176 - - [29/Mar/2026:13:00:06 +0700] "GET /shop/page/5/?orderby=popularity&per_page=24&stock_status=onsale HTTP/1.1" 200 42305 "-" "Mozilla/5.0 (compatible; SERankingBacklinksBot/1.0; +https://seranking.com/backlinks-crawler)"
37.27.59.176 - - [29/Mar/2026:13:00:11 +0700] "GET /shop/page/20/?orderby=date&per_row=6&per_page=18&shop_view=grid HTTP/1.1" 200 41149 "-" "Mozilla/5.0 (compatible; SERankingBacklinksBot/1.0; +https://seranking.com/backlinks-crawler)"
37.27.59.176 - - [29/Mar/2026:13:00:16 +0700] "GET /shop/page/5/?orderby=popularity&per_page=8&stock_status=instock HTTP/1.1" 200 40291 "-" "Mozilla/5.0 (compatible; SERankingBacklinksBot/1.0; +https://seranking.com/backlinks-crawler)"
37.27.59.176 - - [29/Mar/2026:13:00:21 +0700] "GET /shop/page/21/?orderby=date&per_row=2&per_page=18&shop_view=grid HTTP/1.1" 200 41171 "-" "Mozilla/5.0 (compatible; SERankingBacklinksBot/1.0; +https://seranking.com/backlinks-crawler)"
176.31.139.9 - - [29/Mar/2026:13:00:22 +0700] "GET /shop/page/40/?orderby=rating&stock_status=instock&per_row=4&shop_view=grid&per_page=8 HTTP/2" 200 33423 "-" "Mozilla/5.0 (compatible; AhrefsBot/7.0; +http://ahrefs.com/robot/)"
37.27.59.176 - - [29/Mar/2026:13:00:29 +0700] "GET /shop/page/5/?orderby=popularity&stock_status=instock&per_page=8 HTTP/1.1" 200 40505 "-" "Mozilla/5.0 (compatible; SERankingBacklinksBot/1.0; +https://seranking.com/backlinks-crawler)"
37.27.59.176 - - [29/Mar/2026:13:00:33 +0700] "GET /shop/page/21/?orderby=date&per_row=4&per_page=18&shop_view=grid HTTP/1.1" 200 40932 "-" "Mozilla/5.0 (compatible; SERankingBacklinksBot/1.0; +https://seranking.com/backlinks-crawler)"
103.131.51.123 - - [29/Mar/2026:13:00:39 +0700] "POST /wp-cron.php?doing_wp_cron=1774764039.7908930778503417968750 HTTP/1.1" 200 474 "-" "WordPress/6.9.4; https://lotushomemade.com"
37.27.59.176 - - [29/Mar/2026:13:00:38 +0700] "GET /shop/page/5/?orderby=popularity&stock_status=onsale&per_page=12 HTTP/1.1" 200 40974 "-" "Mozilla/5.0 (compatible; SERankingBacklinksBot/1.0; +https://seranking.com/backlinks-crawler)"
37.27.59.176 - - [29/Mar/2026:13:00:43 +0700] "GET /shop/page/21/?orderby=date&per_row=6&per_page=18&shop_view=grid HTTP/1.1" 200 41182 "-" "Mozilla/5.0 (compatible; SERankingBacklinksBot/1.0; +https://seranking.com/backlinks-crawler)"
37.27.59.176 - - [29/Mar/2026:13:00:48 +0700] "GET /shop/page/5/?orderby=popularity&stock_status=onsale&per_page=18 HTTP/1.1" 200 41350 "-" "Mozilla/5.0 (compatible; SERankingBacklinksBot/1.0; +https://seranking.com/backlinks-crawler)"
37.27.59.176 - - [29/Mar/2026:13:00:53 +0700] "GET /shop/page/27/?orderby=date&per_page=12&shop_view=grid&per_row=2 HTTP/1.1" 200 40646 "-" "Mozilla/5.0 (compatible; SERankingBacklinksBot/1.0; +https://seranking.com/backlinks-crawler)"
37.27.59.176 - - [29/Mar/2026:13:00:58 +0700] "GET /shop/page/5/?orderby=popularity&stock_status=onsale&per_page=24 HTTP/1.1" 200 42305 "-" "Mozilla/5.0 (compatible; SERankingBacklinksBot/1.0; +https://seranking.com/backlinks-crawler)"
37.27.59.176 - - [29/Mar/2026:13:01:03 +0700] "GET /shop/page/27/?orderby=date&per_page=12&shop_view=grid&per_row=4 HTTP/1.1" 200 40646 "-" "Mozilla/5.0 (compatible; SERankingBacklinksBot/1.0; +https://seranking.com/backlinks-crawler)"
51.68.247.206 - - [29/Mar/2026:13:01:06 +0700] "GET /shop/page/9/?orderby=rating&stock_status=instock&per_row=4&shop_view=grid&per_page=8 HTTP/2" 200 33602 "-" "Mozilla/5.0 (compatible; AhrefsBot/7.0; +http://ahrefs.com/robot/)"
37.27.59.176 - - [29/Mar/2026:13:01:08 +0700] "GET /shop/page/5/?orderby=price&per_page=12&shop_view=grid&per_row=2 HTTP/1.1" 200 41068 "-" "Mozilla/5.0 (compatible; SERankingBacklinksBot/1.0; +https://seranking.com/backlinks-crawler)"
37.27.59.176 - - [29/Mar/2026:13:01:13 +0700] "GET /shop/page/27/?orderby=date&per_page=12&shop_view=grid&per_row=6 HTTP/1.1" 200 40870 "-" "Mozilla/5.0 (compatible; SERankingBacklinksBot/1.0; +https://seranking.com/backlinks-crawler)"
37.27.59.176 - - [29/Mar/2026:13:01:18 +0700] "GET /shop/page/5/?orderby=price&per_page=12&shop_view=grid&per_row=4 HTTP/1.1" 200 41148 "-" "Mozilla/5.0 (compatible; SERankingBacklinksBot/1.0; +https://seranking.com/backlinks-crawler)"
37.27.59.176 - - [29/Mar/2026:13:01:23 +0700] "GET /shop/page/27/?orderby=date&per_row=2&shop_view=grid&per_page=12 HTTP/1.1" 200 40732 "-" "Mozilla/5.0 (compatible; SERankingBacklinksBot/1.0; +https://seranking.com/backlinks-crawler)"
37.27.59.176 - - [29/Mar/2026:13:01:28 +0700] "GET /shop/page/5/?orderby=price&per_page=12&shop_view=grid&per_row=6 HTTP/1.1" 200 41283 "-" "Mozilla/5.0 (compatible; SERankingBacklinksBot/1.0; +https://seranking.com/backlinks-crawler)"
37.27.59.176 - - [29/Mar/2026:13:01:33 +0700] "GET /shop/page/27/?orderby=date&per_row=4&shop_view=grid&per_page=12 HTTP/1.1" 200 40929 "-" "Mozilla/5.0 (compatible; SERankingBacklinksBot/1.0; +https://seranking.com/backlinks-crawler)"
103.131.51.123 - - [29/Mar/2026:13:01:40 +0700] "POST /wp-cron.php?doing_wp_cron=1774764100.4854109287261962890625 HTTP/1.1" 200 474 "-" "WordPress/6.9.4; https://lotushomemade.com"
37.27.59.176 - - [29/Mar/2026:13:01:39 +0700] "GET /shop/page/5/?orderby=price&per_page=18&shop_view=grid&per_row=2 HTTP/1.1" 200 42105 "-" "Mozilla/5.0 (compatible; SERankingBacklinksBot/1.0; +https://seranking.com/backlinks-crawler)"
37.27.59.176 - - [29/Mar/2026:13:01:44 +0700] "GET /shop/page/27/?orderby=date&per_row=6&shop_view=grid&per_page=12 HTTP/1.1" 200 40697 "-" "Mozilla/5.0 (compatible; SERankingBacklinksBot/1.0; +https://seranking.com/backlinks-crawler)"
37.27.59.176 - - [29/Mar/2026:13:01:49 +0700] "GET /shop/page/5/?orderby=price&per_page=18&shop_view=grid&per_row=4 HTTP/1.1" 200 42145 "-" "Mozilla/5.0 (compatible; SERankingBacklinksBot/1.0; +https://seranking.com/backlinks-crawler)"
51.68.247.200 - - [29/Mar/2026:13:01:50 +0700] "GET /shop/page/25/?orderby=price-desc&stock_status=onsale&per_row=4&shop_view=grid&per_page=12 HTTP/2" 200 34032 "-" "Mozilla/5.0 (compatible; AhrefsBot/7.0; +http://ahrefs.com/robot/)"
37.27.59.176 - - [29/Mar/2026:13:01:54 +0700] "GET /shop/page/28/?orderby=date&per_page=12&shop_view=grid&per_row=2 HTTP/1.1" 200 40940 "-" "Mozilla/5.0 (compatible; SERankingBacklinksBot/1.0; +https://seranking.com/backlinks-crawler)"
37.27.59.176 - - [29/Mar/2026:13:01:59 +0700] "GET /shop/page/5/?orderby=price&per_page=18&shop_view=grid&per_row=6 HTTP/1.1" 200 41967 "-" "Mozilla/5.0 (compatible; SERankingBacklinksBot/1.0; +https://seranking.com/backlinks-crawler)"
37.27.59.176 - - [29/Mar/2026:13:02:04 +0700] "GET /shop/page/28/?orderby=date&per_page=12&shop_view=grid&per_row=4 HTTP/1.1" 200 41121 "-" "Mozilla/5.0 (compatible; SERankingBacklinksBot/1.0; +https://seranking.com/backlinks-crawler)"
37.27.59.176 - - [29/Mar/2026:13:02:09 +0700] "GET /shop/page/5/?orderby=price&per_page=24&shop_view=grid&per_row=2 HTTP/1.1" 200 42593 "-" "Mozilla/5.0 (compatible; SERankingBacklinksBot/1.0; +https://seranking.com/backlinks-crawler)"
37.27.59.176 - - [29/Mar/2026:13:02:15 +0700] "GET /shop/page/28/?orderby=date&per_page=12&shop_view=grid&per_row=6 HTTP/1.1" 200 41114 "-" "Mozilla/5.0 (compatible; SERankingBacklinksBot/1.0; +https://seranking.com/backlinks-crawler)"
37.27.59.176 - - [29/Mar/2026:13:02:23 +0700] "GET /shop/page/5/?orderby=price&per_page=24&shop_view=grid&per_row=4 HTTP/1.1" 200 42615 "-" "Mozilla/5.0 (compatible; SERankingBacklinksBot/1.0; +https://seranking.com/backlinks-crawler)"
37.27.59.176 - - [29/Mar/2026:13:02:28 +0700] "GET /shop/page/28/?orderby=date&per_row=2&shop_view=grid&per_page=12 HTTP/1.1" 200 41183 "-" "Mozilla/5.0 (compatible; SERankingBacklinksBot/1.0; +https://seranking.com/backlinks-crawler)"
37.27.59.176 - - [29/Mar/2026:13:02:33 +0700] "GET /shop/page/5/?orderby=price&per_page=24&shop_view=grid&per_row=6 HTTP/1.1" 200 42630 "-" "Mozilla/5.0 (compatible; SERankingBacklinksBot/1.0; +https://seranking.com/backlinks-crawler)"
5.39.1.239 - - [29/Mar/2026:13:02:34 +0700] "GET /product-category/traditional-cookies-series/page/12/?stock_status=instock%2Consale&per_page=8&shop_view=grid&per_row=4 HTTP/2" 200 33019 "-" "Mozilla/5.0 (compatible; AhrefsBot/7.0; +http://ahrefs.com/robot/)"
103.131.51.123 - - [29/Mar/2026:13:02:40 +0700] "POST /wp-cron.php?doing_wp_cron=1774764160.0126390457153320312500 HTTP/1.1" 200 474 "-" "WordPress/6.9.4; https://lotushomemade.com"
37.27.59.176 - - [29/Mar/2026:13:02:38 +0700] "GET /shop/page/28/?orderby=date&per_row=4&shop_view=grid&per_page=12 HTTP/1.1" 200 41134 "-" "Mozilla/5.0 (compatible; SERankingBacklinksBot/1.0; +https://seranking.com/backlinks-crawler)"
37.27.59.176 - - [29/Mar/2026:13:02:43 +0700] "GET /shop/page/5/?orderby=price&per_row=2&shop_view=grid&per_page=12 HTTP/1.1" 200 41063 "-" "Mozilla/5.0 (compatible; SERankingBacklinksBot/1.0; +https://seranking.com/backlinks-crawler)"
94.23.188.195 - - [29/Mar/2026:13:02:44 +0700] "GET /shop/page/9/?orderby=rating&stock_status=instock&per_row=4&shop_view=grid&per_page=8 HTTP/2" 200 33652 "-" "Mozilla/5.0 (compatible; AhrefsBot/7.0; +http://ahrefs.com/robot/)"
51.75.236.139 - - [29/Mar/2026:13:02:46 +0700] "GET /shop/page/9/?orderby=price&stock_status=instock&per_row=4&shop_view=grid&per_page=8 HTTP/2" 200 33487 "-" "Mozilla/5.0 (compatible; AhrefsBot/7.0; +http://ahrefs.com/robot/)"
37.27.59.176 - - [29/Mar/2026:13:02:48 +0700] "GET /shop/page/28/?orderby=date&per_row=6&shop_view=grid&per_page=12 HTTP/1.1" 200 40951 "-" "Mozilla/5.0 (compatible; SERankingBacklinksBot/1.0; +https://seranking.com/backlinks-crawler)"
37.27.59.176 - - [29/Mar/2026:13:02:52 +0700] "GET /shop/page/5/?orderby=price&per_row=2&shop_view=grid&per_page=18 HTTP/1.1" 200 41954 "-" "Mozilla/5.0 (compatible; SERankingBacklinksBot/1.0; +https://seranking.com/backlinks-crawler)"
37.27.59.176 - - [29/Mar/2026:13:02:58 +0700] "GET /shop/page/29/?orderby=date&per_page=12&shop_view=grid&per_row=2 HTTP/1.1" 200 40815 "-" "Mozilla/5.0 (compatible; SERankingBacklinksBot/1.0; +https://seranking.com/backlinks-crawler)"
37.27.59.176 - - [29/Mar/2026:13:03:02 +0700] "GET /shop/page/5/?orderby=price&per_row=2&shop_view=grid&per_page=24 HTTP/1.1" 200 42529 "-" "Mozilla/5.0 (compatible; SERankingBacklinksBot/1.0; +https://seranking.com/backlinks-crawler)"
37.27.59.176 - - [29/Mar/2026:13:03:07 +0700] "GET /shop/page/29/?orderby=date&per_page=12&shop_view=grid&per_row=4 HTTP/1.1" 200 40633 "-" "Mozilla/5.0 (compatible; SERankingBacklinksBot/1.0; +https://seranking.com/backlinks-crawler)"
37.27.59.176 - - [29/Mar/2026:13:03:13 +0700] "GET /shop/page/5/?orderby=price&per_row=4&shop_view=grid&per_page=12 HTTP/1.1" 200 41302 "-" "Mozilla/5.0 (compatible; SERankingBacklinksBot/1.0; +https://seranking.com/backlinks-crawler)"
5.39.1.231 - - [29/Mar/2026:13:03:16 +0700] "GET /shop/page/25/?orderby=date&per_page=12&stock_status=instock%2Consale HTTP/2" 200 33721 "-" "Mozilla/5.0 (compatible; AhrefsBot/7.0; +http://ahrefs.com/robot/)"
37.27.59.176 - - [29/Mar/2026:13:03:18 +0700] "GET /shop/page/29/?orderby=date&per_page=12&shop_view=grid&per_row=6 HTTP/1.1" 200 40646 "-" "Mozilla/5.0 (compatible; SERankingBacklinksBot/1.0; +https://seranking.com/backlinks-crawler)"
37.27.59.176 - - [29/Mar/2026:13:03:23 +0700] "GET /shop/page/5/?orderby=price&per_row=4&shop_view=grid&per_page=18 HTTP/1.1" 200 42172 "-" "Mozilla/5.0 (compatible; SERankingBacklinksBot/1.0; +https://seranking.com/backlinks-crawler)"
37.27.59.176 - - [29/Mar/2026:13:03:28 +0700] "GET /shop/page/29/?orderby=date&per_row=2&shop_view=grid&per_page=12 HTTP/1.1" 200 40698 "-" "Mozilla/5.0 (compatible; SERankingBacklinksBot/1.0; +https://seranking.com/backlinks-crawler)"
92.222.108.120 - - [29/Mar/2026:13:03:30 +0700] "GET /shop/page/40/?orderby=rating&stock_status=onsale&per_page=8&shop_view=grid&per_row=2 HTTP/2" 200 33337 "-" "Mozilla/5.0 (compatible; AhrefsBot/7.0; +http://ahrefs.com/robot/)"
5.39.1.246 - - [29/Mar/2026:13:03:30 +0700] "GET /shop/page/9/?orderby=rating&stock_status=instock&per_row=6&shop_view=grid&per_page=8 HTTP/2" 200 33610 "-" "Mozilla/5.0 (compatible; AhrefsBot/7.0; +http://ahrefs.com/robot/)"
54.37.118.84 - - [29/Mar/2026:13:03:33 +0700] "GET /shop/page/40/?orderby=rating&stock_status=instock&per_row=4&shop_view=grid&per_page=8 HTTP/2" 200 33321 "-" "Mozilla/5.0 (compatible; AhrefsBot/7.0; +http://ahrefs.com/robot/)"
37.27.59.176 - - [29/Mar/2026:13:03:33 +0700] "GET /shop/page/5/?orderby=price&per_row=4&shop_view=grid&per_page=24 HTTP/1.1" 200 42743 "-" "Mozilla/5.0 (compatible; SERankingBacklinksBot/1.0; +https://seranking.com/backlinks-crawler)"
103.131.51.123 - - [29/Mar/2026:13:03:40 +0700] "POST /wp-cron.php?doing_wp_cron=1774764220.2929699420928955078125 HTTP/1.1" 200 474 "-" "WordPress/6.9.4; https://lotushomemade.com"
37.27.59.176 - - [29/Mar/2026:13:03:39 +0700] "GET /shop/page/29/?orderby=date&per_row=4&shop_view=grid&per_page=12 HTTP/1.1" 200 40801 "-" "Mozilla/5.0 (compatible; SERankingBacklinksBot/1.0; +https://seranking.com/backlinks-crawler)"
37.27.59.176 - - [29/Mar/2026:13:03:43 +0700] "GET /shop/page/5/?orderby=price&per_row=6&shop_view=grid&per_page=12 HTTP/1.1" 200 41105 "-" "Mozilla/5.0 (compatible; SERankingBacklinksBot/1.0; +https://seranking.com/backlinks-crawler)"
51.68.247.202 - - [29/Mar/2026:13:03:45 +0700] "GET /shop/page/25/?orderby=price-desc&stock_status=onsale&per_row=4&shop_view=grid&per_page=12 HTTP/2" 200 34093 "-" "Mozilla/5.0 (compatible; AhrefsBot/7.0; +http://ahrefs.com/robot/)"
37.27.59.176 - - [29/Mar/2026:13:03:49 +0700] "GET /shop/page/29/?orderby=date&per_row=6&shop_view=grid&per_page=12 HTTP/1.1" 200 40883 "-" "Mozilla/5.0 (compatible; SERankingBacklinksBot/1.0; +https://seranking.com/backlinks-crawler)"
37.27.59.176 - - [29/Mar/2026:13:03:53 +0700] "GET /shop/page/5/?orderby=price&per_row=6&shop_view=grid&per_page=18 HTTP/1.1" 200 41956 "-" "Mozilla/5.0 (compatible; SERankingBacklinksBot/1.0; +https://seranking.com/backlinks-crawler)"
37.27.59.176 - - [29/Mar/2026:13:03:58 +0700] "GET /shop/page/3/?max_price=420&per_page=12&shop_view=grid&per_row=2 HTTP/1.1" 200 41422 "-" "Mozilla/5.0 (compatible; SERankingBacklinksBot/1.0; +https://seranking.com/backlinks-crawler)"
37.27.59.176 - - [29/Mar/2026:13:04:05 +0700] "GET /shop/page/5/?orderby=price&per_row=6&shop_view=grid&per_page=24 HTTP/1.1" 200 42714 "-" "Mozilla/5.0 (compatible; SERankingBacklinksBot/1.0; +https://seranking.com/backlinks-crawler)"
37.27.59.176 - - [29/Mar/2026:13:04:10 +0700] "GET /shop/page/3/?max_price=420&per_page=12&shop_view=grid&per_row=4 HTTP/1.1" 200 41435 "-" "Mozilla/5.0 (compatible; SERankingBacklinksBot/1.0; +https://seranking.com/backlinks-crawler)"
37.27.59.176 - - [29/Mar/2026:13:04:15 +0700] "GET /shop/page/5/?orderby=price-desc&per_page=12&stock_status=onsale HTTP/1.1" 200 41300 "-" "Mozilla/5.0 (compatible; SERankingBacklinksBot/1.0; +https://seranking.com/backlinks-crawler)"
54.37.118.71 - - [29/Mar/2026:13:04:20 +0700] "GET /shop/page/9/?orderby=rating&stock_status=onsale&per_row=6&shop_view=grid&per_page=8 HTTP/2" 200 33643 "-" "Mozilla/5.0 (compatible; AhrefsBot/7.0; +http://ahrefs.com/robot/)"
37.27.59.176 - - [29/Mar/2026:13:04:20 +0700] "GET /shop/page/3/?max_price=420&per_page=12&shop_view=grid&per_row=6 HTTP/1.1" 200 41404 "-" "Mozilla/5.0 (compatible; SERankingBacklinksBot/1.0; +https://seranking.com/backlinks-crawler)"
37.27.59.176 - - [29/Mar/2026:13:04:26 +0700] "GET /shop/page/5/?orderby=price-desc&per_page=18&stock_status=onsale HTTP/1.1" 200 41987 "-" "Mozilla/5.0 (compatible; SERankingBacklinksBot/1.0; +https://seranking.com/backlinks-crawler)"
37.27.59.176 - - [29/Mar/2026:13:04:31 +0700] "GET /shop/page/3/?max_price=420&per_page=18&shop_view=grid&per_row=2 HTTP/1.1" 200 42247 "-" "Mozilla/5.0 (compatible; SERankingBacklinksBot/1.0; +https://seranking.com/backlinks-crawler)"
176.31.139.3 - - [29/Mar/2026:13:04:32 +0700] "GET /product-category/traditional-cookies-series/page/12/?stock_status=instock%2Consale&per_page=8&shop_view=grid&per_row=4 HTTP/2" 200 32947 "-" "Mozilla/5.0 (compatible; AhrefsBot/7.0; +http://ahrefs.com/robot/)"
103.131.51.123 - - [29/Mar/2026:13:04:38 +0700] "POST /wp-cron.php?doing_wp_cron=1774764278.2450599670410156250000 HTTP/1.1" 200 474 "-" "WordPress/6.9.4; https://lotushomemade.com"
37.27.59.176 - - [29/Mar/2026:13:04:36 +0700] "GET /shop/page/5/?orderby=price-desc&per_page=24&stock_status=onsale HTTP/1.1" 200 42984 "-" "Mozilla/5.0 (compatible; SERankingBacklinksBot/1.0; +https://seranking.com/backlinks-crawler)"
37.27.59.176 - - [29/Mar/2026:13:04:42 +0700] "GET /shop/page/3/?max_price=420&per_page=18&shop_view=grid&per_row=4 HTTP/1.1" 200 42309 "-" "Mozilla/5.0 (compatible; SERankingBacklinksBot/1.0; +https://seranking.com/backlinks-crawler)"
95.129.101.144 - - [29/Mar/2026:13:04:46 +0700] "GET /wp-sitemap-posts-post-1.xml HTTP/1.1" 200 670 "-" "Mozilla/5.0 (compatible; SpiderLing; +https://nlp.fi.muni.cz/projects/biwec/)"
37.27.59.176 - - [29/Mar/2026:13:04:47 +0700] "GET /shop/page/5/?orderby=price-desc&per_page=8&stock_status=instock HTTP/1.1" 200 40610 "-" "Mozilla/5.0 (compatible; SERankingBacklinksBot/1.0; +https://seranking.com/backlinks-crawler)"
37.27.59.176 - - [29/Mar/2026:13:04:53 +0700] "GET /shop/page/3/?max_price=420&per_page=18&shop_view=grid&per_row=6 HTTP/1.1" 200 42279 "-" "Mozilla/5.0 (compatible; SERankingBacklinksBot/1.0; +https://seranking.com/backlinks-crawler)"
37.27.59.176 - - [29/Mar/2026:13:04:58 +0700] "GET /shop/page/5/?orderby=price-desc&stock_status=instock&per_page=8 HTTP/1.1" 200 40611 "-" "Mozilla/5.0 (compatible; SERankingBacklinksBot/1.0; +https://seranking.com/backlinks-crawler)"
54.37.118.72 - - [29/Mar/2026:13:05:00 +0700] "GET /product-category/traditional-cookies-series/page/9/?stock_status=instock%2Consale&per_page=8&shop_view=grid&per_row=4 HTTP/2" 200 32982 "-" "Mozilla/5.0 (compatible; AhrefsBot/7.0; +http://ahrefs.com/robot/)"
37.27.59.176 - - [29/Mar/2026:13:05:03 +0700] "GET /shop/page/3/?max_price=420&per_page=24&shop_view=grid&per_row=2 HTTP/1.1" 200 42835 "-" "Mozilla/5.0 (compatible; SERankingBacklinksBot/1.0; +https://seranking.com/backlinks-crawler)"
37.27.59.176 - - [29/Mar/2026:13:05:08 +0700] "GET /shop/page/5/?orderby=price-desc&stock_status=onsale&per_page=12 HTTP/1.1" 200 41113 "-" "Mozilla/5.0 (compatible; SERankingBacklinksBot/1.0; +https://seranking.com/backlinks-crawler)"
37.27.59.176 - - [29/Mar/2026:13:05:13 +0700] "GET /shop/page/3/?max_price=420&per_page=24&shop_view=grid&per_row=4 HTTP/1.1" 200 43018 "-" "Mozilla/5.0 (compatible; SERankingBacklinksBot/1.0; +https://seranking.com/backlinks-crawler)"
37.27.59.176 - - [29/Mar/2026:13:05:18 +0700] "GET /shop/page/5/?orderby=price-desc&stock_status=onsale&per_page=18 HTTP/1.1" 200 41810 "-" "Mozilla/5.0 (compatible; SERankingBacklinksBot/1.0; +https://seranking.com/backlinks-crawler)"
37.27.59.176 - - [29/Mar/2026:13:05:23 +0700] "GET /shop/page/3/?max_price=420&per_page=24&shop_view=grid&per_row=6 HTTP/1.1" 200 43065 "-" "Mozilla/5.0 (compatible; SERankingBacklinksBot/1.0; +https://seranking.com/backlinks-crawler)"
37.27.59.176 - - [29/Mar/2026:13:05:28 +0700] "GET /shop/page/5/?orderby=price-desc&stock_status=onsale&per_page=24 HTTP/1.1" 200 42705 "-" "Mozilla/5.0 (compatible; SERankingBacklinksBot/1.0; +https://seranking.com/backlinks-crawler)"
37.27.59.176 - - [29/Mar/2026:13:05:33 +0700] "GET /shop/page/3/?max_price=420&per_row=2&shop_view=grid&per_page=12 HTTP/1.1" 200 41415 "-" "Mozilla/5.0 (compatible; SERankingBacklinksBot/1.0; +https://seranking.com/backlinks-crawler)"
103.131.51.123 - - [29/Mar/2026:13:05:39 +0700] "POST /wp-cron.php?doing_wp_cron=1774764339.8576219081878662109375 HTTP/1.1" 200 474 "-" "WordPress/6.9.4; https://lotushomemade.com"
37.27.59.176 - - [29/Mar/2026:13:05:38 +0700] "GET /shop/page/5/?orderby=rating&per_page=8&shop_view=grid&per_row=2 HTTP/1.1" 200 40546 "-" "Mozilla/5.0 (compatible; SERankingBacklinksBot/1.0; +https://seranking.com/backlinks-crawler)"
37.27.59.176 - - [29/Mar/2026:13:05:43 +0700] "GET /shop/page/3/?max_price=420&per_row=2&shop_view=grid&per_page=18 HTTP/1.1" 200 42123 "-" "Mozilla/5.0 (compatible; SERankingBacklinksBot/1.0; +https://seranking.com/backlinks-crawler)"
37.27.59.176 - - [29/Mar/2026:13:05:48 +0700] "GET /shop/page/5/?orderby=rating&per_page=8&shop_view=grid&per_row=4 HTTP/1.1" 200 40617 "-" "Mozilla/5.0 (compatible; SERankingBacklinksBot/1.0; +https://seranking.com/backlinks-crawler)"
176.31.139.25 - - [29/Mar/2026:13:05:52 +0700] "GET /shop/page/9/?orderby=price&stock_status=onsale&per_page=8&shop_view=grid&per_row=6 HTTP/2" 200 33619 "-" "Mozilla/5.0 (compatible; AhrefsBot/7.0; +http://ahrefs.com/robot/)"
37.27.59.176 - - [29/Mar/2026:13:05:54 +0700] "GET /shop/page/3/?max_price=420&per_row=2&shop_view=grid&per_page=24 HTTP/1.1" 200 42996 "-" "Mozilla/5.0 (compatible; SERankingBacklinksBot/1.0; +https://seranking.com/backlinks-crawler)"
37.27.59.176 - - [29/Mar/2026:13:06:00 +0700] "GET /shop/page/5/?orderby=rating&per_page=8&shop_view=grid&per_row=6 HTTP/1.1" 200 40394 "-" "Mozilla/5.0 (compatible; SERankingBacklinksBot/1.0; +https://seranking.com/backlinks-crawler)"
37.27.59.176 - - [29/Mar/2026:13:06:06 +0700] "GET /shop/page/3/?max_price=420&per_row=4&shop_view=grid&per_page=12 HTTP/1.1" 200 41585 "-" "Mozilla/5.0 (compatible; SERankingBacklinksBot/1.0; +https://seranking.com/backlinks-crawler)"
37.27.59.176 - - [29/Mar/2026:13:06:11 +0700] "GET /shop/page/5/?orderby=rating&per_row=2&shop_view=grid&per_page=8 HTTP/1.1" 200 40371 "-" "Mozilla/5.0 (compatible; SERankingBacklinksBot/1.0; +https://seranking.com/backlinks-crawler)"
37.27.59.176 - - [29/Mar/2026:13:06:16 +0700] "GET /shop/page/3/?max_price=420&per_row=4&shop_view=grid&per_page=18 HTTP/1.1" 200 42291 "-" "Mozilla/5.0 (compatible; SERankingBacklinksBot/1.0; +https://seranking.com/backlinks-crawler)"
37.27.59.176 - - [29/Mar/2026:13:06:21 +0700] "GET /shop/page/5/?orderby=rating&per_row=4&shop_view=grid&per_page=8 HTTP/1.1" 200 40591 "-" "Mozilla/5.0 (compatible; SERankingBacklinksBot/1.0; +https://seranking.com/backlinks-crawler)"
37.27.59.176 - - [29/Mar/2026:13:06:26 +0700] "GET /shop/page/3/?max_price=420&per_row=4&shop_view=grid&per_page=24 HTTP/1.1" 200 42847 "-" "Mozilla/5.0 (compatible; SERankingBacklinksBot/1.0; +https://seranking.com/backlinks-crawler)"
37.27.59.176 - - [29/Mar/2026:13:06:31 +0700] "GET /shop/page/5/?orderby=rating&per_row=6&shop_view=grid&per_page=8 HTTP/1.1" 200 40619 "-" "Mozilla/5.0 (compatible; SERankingBacklinksBot/1.0; +https://seranking.com/backlinks-crawler)"
37.27.59.176 - - [29/Mar/2026:13:06:36 +0700] "GET /shop/page/3/?max_price=420&per_row=6&shop_view=grid&per_page=12 HTTP/1.1" 200 41465 "-" "Mozilla/5.0 (compatible; SERankingBacklinksBot/1.0; +https://seranking.com/backlinks-crawler)"
103.131.51.123 - - [29/Mar/2026:13:06:39 +0700] "POST /wp-cron.php?doing_wp_cron=1774764399.8766670227050781250000 HTTP/1.1" 200 474 "-" "WordPress/6.9.4; https://lotushomemade.com"
92.222.104.218 - - [29/Mar/2026:13:06:38 +0700] "GET /shop/page/40/?orderby=rating&stock_status=onsale&per_row=6&shop_view=grid&per_page=8 HTTP/2" 200 33234 "-" "Mozilla/5.0 (compatible; AhrefsBot/7.0; +http://ahrefs.com/robot/)"
37.27.59.176 - - [29/Mar/2026:13:06:40 +0700] "GET /shop/page/6/?min_price=0&max_price=210&per_row=2&shop_view=grid HTTP/1.1" 200 41169 "-" "Mozilla/5.0 (compatible; SERankingBacklinksBot/1.0; +https://seranking.com/backlinks-crawler)"
37.27.59.176 - - [29/Mar/2026:13:06:45 +0700] "GET /shop/page/3/?max_price=420&per_row=6&shop_view=grid&per_page=18 HTTP/1.1" 200 42173 "-" "Mozilla/5.0 (compatible; SERankingBacklinksBot/1.0; +https://seranking.com/backlinks-crawler)"
37.27.59.176 - - [29/Mar/2026:13:06:50 +0700] "GET /shop/page/6/?min_price=0&max_price=210&per_row=4&shop_view=grid HTTP/1.1" 200 41299 "-" "Mozilla/5.0 (compatible; SERankingBacklinksBot/1.0; +https://seranking.com/backlinks-crawler)"
37.27.59.176 - - [29/Mar/2026:13:06:55 +0700] "GET /shop/page/3/?max_price=420&per_row=6&shop_view=grid&per_page=24 HTTP/1.1" 200 42792 "-" "Mozilla/5.0 (compatible; SERankingBacklinksBot/1.0; +https://seranking.com/backlinks-crawler)"
37.27.59.176 - - [29/Mar/2026:13:07:00 +0700] "GET /shop/page/6/?min_price=0&max_price=210&per_row=6&shop_view=grid HTTP/1.1" 200 41144 "-" "Mozilla/5.0 (compatible; SERankingBacklinksBot/1.0; +https://seranking.com/backlinks-crawler)"
37.27.59.176 - - [29/Mar/2026:13:07:05 +0700] "GET /shop/page/3/?max_price=630&per_page=12&shop_view=grid&per_row=2 HTTP/1.1" 200 41588 "-" "Mozilla/5.0 (compatible; SERankingBacklinksBot/1.0; +https://seranking.com/backlinks-crawler)"
37.27.59.176 - - [29/Mar/2026:13:07:10 +0700] "GET /shop/page/6/?orderby=popularity&per_page=12&stock_status=onsale HTTP/1.1" 200 40892 "-" "Mozilla/5.0 (compatible; SERankingBacklinksBot/1.0; +https://seranking.com/backlinks-crawler)"
103.79.178.2 - - [29/Mar/2026:13:07:14 +0700] "POST /wp-login.php HTTP/1.1" 200 7854 "-" "Mozilla/5.0"
37.27.59.176 - - [29/Mar/2026:13:07:15 +0700] "GET /shop/page/3/?max_price=630&per_page=12&shop_view=grid&per_row=4 HTTP/1.1" 200 41471 "-" "Mozilla/5.0 (compatible; SERankingBacklinksBot/1.0; +https://seranking.com/backlinks-crawler)"
103.131.51.123 - - [29/Mar/2026:13:07:21 +0700] "POST /wp-cron.php?doing_wp_cron=1774764441.7490620613098144531250 HTTP/1.1" 200 474 "-" "WordPress/6.9.4; https://lotushomemade.com"
37.27.59.176 - - [29/Mar/2026:13:07:20 +0700] "GET /shop/page/6/?orderby=popularity&per_page=18&stock_status=onsale HTTP/1.1" 200 41462 "-" "Mozilla/5.0 (compatible; SERankingBacklinksBot/1.0; +https://seranking.com/backlinks-crawler)"
37.27.59.176 - - [29/Mar/2026:13:07:25 +0700] "GET /shop/page/3/?max_price=630&per_page=12&shop_view=grid&per_row=6 HTTP/1.1" 200 41584 "-" "Mozilla/5.0 (compatible; SERankingBacklinksBot/1.0; +https://seranking.com/backlinks-crawler)"
37.27.59.176 - - [29/Mar/2026:13:07:31 +0700] "GET /shop/page/6/?orderby=popularity&per_page=24&stock_status=onsale HTTP/1.1" 200 42662 "-" "Mozilla/5.0 (compatible; SERankingBacklinksBot/1.0; +https://seranking.com/backlinks-crawler)"
37.27.59.176 - - [29/Mar/2026:13:07:36 +0700] "GET /shop/page/3/?max_price=630&per_page=18&shop_view=grid&per_row=2 HTTP/1.1" 200 42072 "-" "Mozilla/5.0 (compatible; SERankingBacklinksBot/1.0; +https://seranking.com/backlinks-crawler)"
103.131.51.123 - - [29/Mar/2026:13:07:42 +0700] "POST /wp-cron.php?doing_wp_cron=1774764462.1815910339355468750000 HTTP/1.1" 200 474 "-" "WordPress/6.9.4; https://lotushomemade.com"
37.27.59.176 - - [29/Mar/2026:13:07:40 +0700] "GET /shop/page/6/?orderby=popularity&per_page=8&stock_status=instock HTTP/1.1" 200 40356 "-" "Mozilla/5.0 (compatible; SERankingBacklinksBot/1.0; +https://seranking.com/backlinks-crawler)"
37.27.59.176 - - [29/Mar/2026:13:07:47 +0700] "GET /shop/page/3/?max_price=630&per_page=18&shop_view=grid&per_row=4 HTTP/1.1" 200 42296 "-" "Mozilla/5.0 (compatible; SERankingBacklinksBot/1.0; +https://seranking.com/backlinks-crawler)"
176.31.139.16 - - [29/Mar/2026:13:07:52 +0700] "GET /shop/page/9/?orderby=popularity&stock_status=onsale&per_row=2&shop_view=grid&per_page=8 HTTP/2" 200 33608 "-" "Mozilla/5.0 (compatible; AhrefsBot/7.0; +http://ahrefs.com/robot/)"
37.27.59.176 - - [29/Mar/2026:13:07:53 +0700] "GET /shop/page/6/?orderby=popularity&stock_status=instock&per_page=8 HTTP/1.1" 200 40533 "-" "Mozilla/5.0 (compatible; SERankingBacklinksBot/1.0; +https://seranking.com/backlinks-crawler)"
37.27.59.176 - - [29/Mar/2026:13:07:59 +0700] "GET /shop/page/3/?max_price=630&per_page=18&shop_view=grid&per_row=6 HTTP/1.1" 200 42255 "-" "Mozilla/5.0 (compatible; SERankingBacklinksBot/1.0; +https://seranking.com/backlinks-crawler)"
37.27.59.176 - - [29/Mar/2026:13:08:04 +0700] "GET /shop/page/6/?orderby=popularity&stock_status=onsale&per_page=12 HTTP/1.1" 200 40914 "-" "Mozilla/5.0 (compatible; SERankingBacklinksBot/1.0; +https://seranking.com/backlinks-crawler)"
37.27.59.176 - - [29/Mar/2026:13:08:09 +0700] "GET /shop/page/3/?max_price=630&per_page=24&shop_view=grid&per_row=2 HTTP/1.1" 200 42880 "-" "Mozilla/5.0 (compatible; SERankingBacklinksBot/1.0; +https://seranking.com/backlinks-crawler)"
51.75.236.156 - - [29/Mar/2026:13:08:12 +0700] "GET /shop/page/40/?orderby=rating&stock_status=instock&per_row=6&shop_view=grid&per_page=8 HTTP/2" 200 33361 "-" "Mozilla/5.0 (compatible; AhrefsBot/7.0; +http://ahrefs.com/robot/)"
37.27.59.176 - - [29/Mar/2026:13:08:14 +0700] "GET /shop/page/6/?orderby=popularity&stock_status=onsale&per_page=18 HTTP/1.1" 200 41526 "-" "Mozilla/5.0 (compatible; SERankingBacklinksBot/1.0; +https://seranking.com/backlinks-crawler)"
37.27.59.176 - - [29/Mar/2026:13:08:18 +0700] "GET /shop/page/3/?max_price=630&per_page=24&shop_view=grid&per_row=4 HTTP/1.1" 200 42887 "-" "Mozilla/5.0 (compatible; SERankingBacklinksBot/1.0; +https://seranking.com/backlinks-crawler)"
37.27.59.176 - - [29/Mar/2026:13:08:23 +0700] "GET /shop/page/6/?orderby=popularity&stock_status=onsale&per_page=24 HTTP/1.1" 200 42544 "-" "Mozilla/5.0 (compatible; SERankingBacklinksBot/1.0; +https://seranking.com/backlinks-crawler)"
92.222.104.216 - - [29/Mar/2026:13:08:26 +0700] "GET /product-category/traditional-cookies-series/page/9/?stock_status=instock%2Consale&per_page=8&shop_view=grid&per_row=4 HTTP/2" 200 32984 "-" "Mozilla/5.0 (compatible; AhrefsBot/7.0; +http://ahrefs.com/robot/)"
