54.37.118.83 - - [29/Mar/2026:10:48:30 +0700] "GET /shop/page/14/?orderby=price-desc&stock_status=instock&per_row=6&shop_view=grid&per_page=18 HTTP/2" 200 34529 "-" "Mozilla/5.0 (compatible; AhrefsBot/7.0; +http://ahrefs.com/robot/)"
37.27.59.176 - - [29/Mar/2026:10:48:35 +0700] "GET /shop/page/6/?max_price=420&per_page=18&stock_status=onsale HTTP/1.1" 200 42012 "-" "Mozilla/5.0 (compatible; SERankingBacklinksBot/1.0; +https://seranking.com/backlinks-crawler)"
103.131.51.123 - - [29/Mar/2026:10:48:42 +0700] "POST /wp-cron.php?doing_wp_cron=1774756122.0892920494079589843750 HTTP/1.1" 200 474 "-" "WordPress/6.9.4; https://lotushomemade.com"
37.27.59.176 - - [29/Mar/2026:10:48:40 +0700] "GET /shop/page/6/?max_price=420&per_page=24&stock_status=onsale HTTP/1.1" 200 42494 "-" "Mozilla/5.0 (compatible; SERankingBacklinksBot/1.0; +https://seranking.com/backlinks-crawler)"
37.27.59.176 - - [29/Mar/2026:10:48:45 +0700] "GET /shop/page/6/?max_price=420&per_page=8&stock_status=instock HTTP/1.1" 200 40635 "-" "Mozilla/5.0 (compatible; SERankingBacklinksBot/1.0; +https://seranking.com/backlinks-crawler)"
37.27.59.176 - - [29/Mar/2026:10:48:51 +0700] "GET /shop/page/6/?max_price=420&stock_status=instock&per_page=8 HTTP/1.1" 200 40792 "-" "Mozilla/5.0 (compatible; SERankingBacklinksBot/1.0; +https://seranking.com/backlinks-crawler)"
37.27.59.176 - - [29/Mar/2026:10:48:56 +0700] "GET /shop/page/6/?max_price=420&stock_status=onsale&per_page=12 HTTP/1.1" 200 41164 "-" "Mozilla/5.0 (compatible; SERankingBacklinksBot/1.0; +https://seranking.com/backlinks-crawler)"
37.27.59.176 - - [29/Mar/2026:10:49:01 +0700] "GET /shop/page/6/?max_price=420&stock_status=onsale&per_page=18 HTTP/1.1" 200 42015 "-" "Mozilla/5.0 (compatible; SERankingBacklinksBot/1.0; +https://seranking.com/backlinks-crawler)"
37.27.59.176 - - [29/Mar/2026:10:49:06 +0700] "GET /shop/page/6/?max_price=420&stock_status=onsale&per_page=24 HTTP/1.1" 200 42378 "-" "Mozilla/5.0 (compatible; SERankingBacklinksBot/1.0; +https://seranking.com/backlinks-crawler)"
37.27.59.176 - - [29/Mar/2026:10:49:11 +0700] "GET /shop/page/6/?max_price=630&per_page=12&stock_status=onsale HTTP/1.1" 200 41125 "-" "Mozilla/5.0 (compatible; SERankingBacklinksBot/1.0; +https://seranking.com/backlinks-crawler)"
37.27.59.176 - - [29/Mar/2026:10:49:16 +0700] "GET /shop/page/6/?max_price=630&per_page=18&stock_status=onsale HTTP/1.1" 200 41981 "-" "Mozilla/5.0 (compatible; SERankingBacklinksBot/1.0; +https://seranking.com/backlinks-crawler)"
54.37.118.79 - - [29/Mar/2026:10:49:20 +0700] "GET /shop/page/14/?orderby=price&stock_status=onsale&per_row=6&shop_view=grid&per_page=18 HTTP/2" 200 34858 "-" "Mozilla/5.0 (compatible; AhrefsBot/7.0; +http://ahrefs.com/robot/)"
37.27.59.176 - - [29/Mar/2026:10:49:21 +0700] "GET /shop/page/6/?max_price=630&per_page=24&stock_status=onsale HTTP/1.1" 200 42324 "-" "Mozilla/5.0 (compatible; SERankingBacklinksBot/1.0; +https://seranking.com/backlinks-crawler)"
92.222.104.208 - - [29/Mar/2026:10:49:23 +0700] "GET /shop/page/9/?orderby=price&stock_status=onsale&per_row=6&shop_view=grid&per_page=18 HTTP/2" 200 34751 "-" "Mozilla/5.0 (compatible; AhrefsBot/7.0; +http://ahrefs.com/robot/)"
37.27.59.176 - - [29/Mar/2026:10:49:26 +0700] "GET /shop/page/6/?max_price=630&per_page=8&stock_status=instock HTTP/1.1" 200 40763 "-" "Mozilla/5.0 (compatible; SERankingBacklinksBot/1.0; +https://seranking.com/backlinks-crawler)"
37.27.59.176 - - [29/Mar/2026:10:49:31 +0700] "GET /shop/page/6/?max_price=630&stock_status=instock&per_page=8 HTTP/1.1" 200 40654 "-" "Mozilla/5.0 (compatible; SERankingBacklinksBot/1.0; +https://seranking.com/backlinks-crawler)"
37.27.59.176 - - [29/Mar/2026:10:49:36 +0700] "GET /shop/page/6/?max_price=630&stock_status=onsale&per_page=12 HTTP/1.1" 200 41107 "-" "Mozilla/5.0 (compatible; SERankingBacklinksBot/1.0; +https://seranking.com/backlinks-crawler)"
103.131.51.123 - - [29/Mar/2026:10:49:43 +0700] "POST /wp-cron.php?doing_wp_cron=1774756183.4941680431365966796875 HTTP/1.1" 200 474 "-" "WordPress/6.9.4; https://lotushomemade.com"
37.27.59.176 - - [29/Mar/2026:10:49:42 +0700] "GET /shop/page/6/?max_price=630&stock_status=onsale&per_page=18 HTTP/1.1" 200 42021 "-" "Mozilla/5.0 (compatible; SERankingBacklinksBot/1.0; +https://seranking.com/backlinks-crawler)"
216.244.66.239 - - [29/Mar/2026:10:49:36 +0700] "GET /product-category/traditional-cookies-series/page/9/?per_row=4&shop_view=grid HTTP/1.1" 200 234534 "-" "Mozilla/5.0 (compatible; DotBot/1.2; +https://opensiteexplorer.org/dotbot; help@moz.com)"
37.27.59.176 - - [29/Mar/2026:10:49:49 +0700] "GET /shop/page/6/?max_price=630&stock_status=onsale&per_page=24 HTTP/1.1" 200 42556 "-" "Mozilla/5.0 (compatible; SERankingBacklinksBot/1.0; +https://seranking.com/backlinks-crawler)"
37.27.59.176 - - [29/Mar/2026:10:49:54 +0700] "GET /shop/page/6/?max_price=840&per_page=12&stock_status=onsale HTTP/1.1" 200 41140 "-" "Mozilla/5.0 (compatible; SERankingBacklinksBot/1.0; +https://seranking.com/backlinks-crawler)"
37.27.59.176 - - [29/Mar/2026:10:49:59 +0700] "GET /shop/page/6/?max_price=840&per_page=18&stock_status=onsale HTTP/1.1" 200 42011 "-" "Mozilla/5.0 (compatible; SERankingBacklinksBot/1.0; +https://seranking.com/backlinks-crawler)"
37.27.59.176 - - [29/Mar/2026:10:50:04 +0700] "GET /shop/page/6/?max_price=840&per_page=24&stock_status=onsale HTTP/1.1" 200 42355 "-" "Mozilla/5.0 (compatible; SERankingBacklinksBot/1.0; +https://seranking.com/backlinks-crawler)"
43.166.130.123 - - [29/Mar/2026:10:50:07 +0700] "GET /wp-json/oembed/1.0/embed?url=https%3A%2F%2Flotushomemade.com%2Fproduct%2Fmini-egg-roll_8142-xl%2F HTTP/1.1" 200 2001 "-" "Mozilla/5.0 (iPhone; CPU iPhone OS 13_2_3 like Mac OS X) AppleWebKit/605.1.15 (KHTML, like Gecko) Version/13.0.3 Mobile/15E148 Safari/604.1"
37.27.59.176 - - [29/Mar/2026:10:50:09 +0700] "GET /shop/page/6/?max_price=840&per_page=8&stock_status=instock HTTP/1.1" 200 40589 "-" "Mozilla/5.0 (compatible; SERankingBacklinksBot/1.0; +https://seranking.com/backlinks-crawler)"
92.222.104.196 - - [29/Mar/2026:10:50:14 +0700] "GET /shop/page/25/?orderby=price-desc&stock_status=instock&per_row=6&shop_view=grid&per_page=12 HTTP/2" 200 34059 "-" "Mozilla/5.0 (compatible; AhrefsBot/7.0; +http://ahrefs.com/robot/)"
37.27.59.176 - - [29/Mar/2026:10:50:14 +0700] "GET /shop/page/6/?max_price=840&stock_status=instock&per_page=8 HTTP/1.1" 200 40756 "-" "Mozilla/5.0 (compatible; SERankingBacklinksBot/1.0; +https://seranking.com/backlinks-crawler)"
37.27.59.176 - - [29/Mar/2026:10:50:20 +0700] "GET /shop/page/6/?max_price=840&stock_status=onsale&per_page=12 HTTP/1.1" 200 41284 "-" "Mozilla/5.0 (compatible; SERankingBacklinksBot/1.0; +https://seranking.com/backlinks-crawler)"
216.244.66.239 - - [29/Mar/2026:10:50:21 +0700] "GET /shop/?max_price=630&per_page=18&shop_view=grid&per_row=4 HTTP/1.1" 200 254516 "-" "Mozilla/5.0 (compatible; DotBot/1.2; +https://opensiteexplorer.org/dotbot; help@moz.com)"
37.27.59.176 - - [29/Mar/2026:10:50:25 +0700] "GET /shop/page/6/?max_price=840&stock_status=onsale&per_page=18 HTTP/1.1" 200 41841 "-" "Mozilla/5.0 (compatible; SERankingBacklinksBot/1.0; +https://seranking.com/backlinks-crawler)"
37.27.59.176 - - [29/Mar/2026:10:50:30 +0700] "GET /shop/page/6/?max_price=840&stock_status=onsale&per_page=24 HTTP/1.1" 200 42454 "-" "Mozilla/5.0 (compatible; SERankingBacklinksBot/1.0; +https://seranking.com/backlinks-crawler)"
37.27.59.176 - - [29/Mar/2026:10:50:35 +0700] "GET /shop/page/6/?max_price=845&per_page=12&stock_status=onsale HTTP/1.1" 200 41088 "-" "Mozilla/5.0 (compatible; SERankingBacklinksBot/1.0; +https://seranking.com/backlinks-crawler)"
103.131.51.123 - - [29/Mar/2026:10:50:41 +0700] "POST /wp-cron.php?doing_wp_cron=1774756241.8107690811157226562500 HTTP/1.1" 200 474 "-" "WordPress/6.9.4; https://lotushomemade.com"
37.27.59.176 - - [29/Mar/2026:10:50:40 +0700] "GET /shop/page/6/?max_price=845&per_page=18&stock_status=onsale HTTP/1.1" 200 41802 "-" "Mozilla/5.0 (compatible; SERankingBacklinksBot/1.0; +https://seranking.com/backlinks-crawler)"
37.27.59.176 - - [29/Mar/2026:10:50:45 +0700] "GET /shop/page/6/?max_price=845&per_page=24&stock_status=onsale HTTP/1.1" 200 42527 "-" "Mozilla/5.0 (compatible; SERankingBacklinksBot/1.0; +https://seranking.com/backlinks-crawler)"
37.27.59.176 - - [29/Mar/2026:10:50:50 +0700] "GET /shop/page/6/?max_price=845&per_page=8&stock_status=instock HTTP/1.1" 200 40586 "-" "Mozilla/5.0 (compatible; SERankingBacklinksBot/1.0; +https://seranking.com/backlinks-crawler)"
37.27.59.176 - - [29/Mar/2026:10:50:56 +0700] "GET /shop/page/6/?max_price=845&stock_status=instock&per_page=8 HTTP/1.1" 200 40752 "-" "Mozilla/5.0 (compatible; SERankingBacklinksBot/1.0; +https://seranking.com/backlinks-crawler)"
37.27.59.176 - - [29/Mar/2026:10:51:02 +0700] "GET /shop/page/6/?max_price=845&stock_status=onsale&per_page=12 HTTP/1.1" 200 41338 "-" "Mozilla/5.0 (compatible; SERankingBacklinksBot/1.0; +https://seranking.com/backlinks-crawler)"
92.222.104.202 - - [29/Mar/2026:10:51:05 +0700] "GET /shop/page/9/?orderby=date&stock_status=instock%2Consale&shop_view=grid&per_row=4 HTTP/2" 200 34029 "-" "Mozilla/5.0 (compatible; AhrefsBot/7.0; +http://ahrefs.com/robot/)"
37.27.59.176 - - [29/Mar/2026:10:51:07 +0700] "GET /shop/page/6/?max_price=845&stock_status=onsale&per_page=18 HTTP/1.1" 200 41997 "-" "Mozilla/5.0 (compatible; SERankingBacklinksBot/1.0; +https://seranking.com/backlinks-crawler)"
37.27.59.176 - - [29/Mar/2026:10:51:12 +0700] "GET /shop/page/6/?max_price=845&stock_status=onsale&per_page=24 HTTP/1.1" 200 42311 "-" "Mozilla/5.0 (compatible; SERankingBacklinksBot/1.0; +https://seranking.com/backlinks-crawler)"
216.244.66.239 - - [29/Mar/2026:10:50:54 +0700] "GET /wp-content/uploads/2023/10/1039.png HTTP/1.1" 200 655933 "-" "Mozilla/5.0 (compatible; DotBot/1.2; +https://opensiteexplorer.org/dotbot; help@moz.com)"
37.27.59.176 - - [29/Mar/2026:10:51:17 +0700] "GET /shop/page/6/?orderby=date&per_page=12&stock_status=instock HTTP/1.1" 200 41102 "-" "Mozilla/5.0 (compatible; SERankingBacklinksBot/1.0; +https://seranking.com/backlinks-crawler)"
37.27.59.176 - - [29/Mar/2026:10:51:22 +0700] "GET /shop/page/6/?orderby=date&per_page=18&stock_status=instock HTTP/1.1" 200 41576 "-" "Mozilla/5.0 (compatible; SERankingBacklinksBot/1.0; +https://seranking.com/backlinks-crawler)"
40.77.167.36 - - [29/Mar/2026:10:51:29 +0700] "GET /shop/page/11/?per_page=18&stock_status=instock HTTP/2" 200 34635 "-" "Mozilla/5.0 AppleWebKit/537.36 (KHTML, like Gecko; compatible; bingbot/2.0; +http://www.bing.com/bingbot.htm) Chrome/116.0.1938.76 Safari/537.36"
37.27.59.176 - - [29/Mar/2026:10:51:29 +0700] "GET /shop/page/6/?orderby=date&per_page=24&stock_status=instock HTTP/1.1" 200 42243 "-" "Mozilla/5.0 (compatible; SERankingBacklinksBot/1.0; +https://seranking.com/backlinks-crawler)"
37.27.59.176 - - [29/Mar/2026:10:51:35 +0700] "GET /shop/page/6/?orderby=date&stock_status=instock&per_page=12 HTTP/1.1" 200 40889 "-" "Mozilla/5.0 (compatible; SERankingBacklinksBot/1.0; +https://seranking.com/backlinks-crawler)"
103.131.51.123 - - [29/Mar/2026:10:51:41 +0700] "POST /wp-cron.php?doing_wp_cron=1774756301.9201779365539550781250 HTTP/1.1" 200 474 "-" "WordPress/6.9.4; https://lotushomemade.com"
37.27.59.176 - - [29/Mar/2026:10:51:40 +0700] "GET /shop/page/6/?orderby=date&stock_status=instock&per_page=18 HTTP/1.1" 200 41771 "-" "Mozilla/5.0 (compatible; SERankingBacklinksBot/1.0; +https://seranking.com/backlinks-crawler)"
37.27.59.176 - - [29/Mar/2026:10:51:45 +0700] "GET /shop/page/6/?orderby=date&stock_status=instock&per_page=24 HTTP/1.1" 200 42117 "-" "Mozilla/5.0 (compatible; SERankingBacklinksBot/1.0; +https://seranking.com/backlinks-crawler)"
37.27.59.176 - - [29/Mar/2026:10:51:50 +0700] "GET /shop/page/6/?orderby=price&per_page=12&stock_status=onsale HTTP/1.1" 200 40984 "-" "Mozilla/5.0 (compatible; SERankingBacklinksBot/1.0; +https://seranking.com/backlinks-crawler)"
37.27.59.176 - - [29/Mar/2026:10:51:55 +0700] "GET /shop/page/6/?orderby=price&per_page=18&stock_status=onsale HTTP/1.1" 200 41712 "-" "Mozilla/5.0 (compatible; SERankingBacklinksBot/1.0; +https://seranking.com/backlinks-crawler)"
92.222.108.113 - - [29/Mar/2026:10:51:57 +0700] "GET /shop/page/14/?orderby=price-desc&stock_status=instock&per_page=18&shop_view=grid&per_row=6 HTTP/2" 200 34600 "-" "Mozilla/5.0 (compatible; AhrefsBot/7.0; +http://ahrefs.com/robot/)"
37.27.59.176 - - [29/Mar/2026:10:52:00 +0700] "GET /shop/page/6/?orderby=price&per_page=24&stock_status=onsale HTTP/1.1" 200 42586 "-" "Mozilla/5.0 (compatible; SERankingBacklinksBot/1.0; +https://seranking.com/backlinks-crawler)"
37.27.59.176 - - [29/Mar/2026:10:52:06 +0700] "GET /shop/page/6/?orderby=price&per_page=8&stock_status=instock HTTP/1.1" 200 40462 "-" "Mozilla/5.0 (compatible; SERankingBacklinksBot/1.0; +https://seranking.com/backlinks-crawler)"
37.27.59.176 - - [29/Mar/2026:10:52:11 +0700] "GET /shop/page/6/?orderby=price&stock_status=instock&per_page=8 HTTP/1.1" 200 40262 "-" "Mozilla/5.0 (compatible; SERankingBacklinksBot/1.0; +https://seranking.com/backlinks-crawler)"
37.27.59.176 - - [29/Mar/2026:10:52:16 +0700] "GET /shop/page/6/?orderby=price&stock_status=onsale&per_page=12 HTTP/1.1" 200 41020 "-" "Mozilla/5.0 (compatible; SERankingBacklinksBot/1.0; +https://seranking.com/backlinks-crawler)"
37.27.59.176 - - [29/Mar/2026:10:52:21 +0700] "GET /shop/page/6/?orderby=price&stock_status=onsale&per_page=18 HTTP/1.1" 200 41687 "-" "Mozilla/5.0 (compatible; SERankingBacklinksBot/1.0; +https://seranking.com/backlinks-crawler)"
37.27.59.176 - - [29/Mar/2026:10:52:26 +0700] "GET /shop/page/6/?orderby=price&stock_status=onsale&per_page=24 HTTP/1.1" 200 42522 "-" "Mozilla/5.0 (compatible; SERankingBacklinksBot/1.0; +https://seranking.com/backlinks-crawler)"
37.27.59.176 - - [29/Mar/2026:10:52:31 +0700] "GET /shop/page/6/?orderby=rating&per_page=8&stock_status=onsale HTTP/1.1" 200 40619 "-" "Mozilla/5.0 (compatible; SERankingBacklinksBot/1.0; +https://seranking.com/backlinks-crawler)"
37.27.59.176 - - [29/Mar/2026:10:52:36 +0700] "GET /shop/page/6/?orderby=rating&stock_status=onsale&per_page=8 HTTP/1.1" 200 40359 "-" "Mozilla/5.0 (compatible; SERankingBacklinksBot/1.0; +https://seranking.com/backlinks-crawler)"
103.131.51.123 - - [29/Mar/2026:10:52:42 +0700] "POST /wp-cron.php?doing_wp_cron=1774756362.5348389148712158203125 HTTP/1.1" 200 474 "-" "WordPress/6.9.4; https://lotushomemade.com"
37.27.59.176 - - [29/Mar/2026:10:52:41 +0700] "GET /shop/page/6/?stock_status=instock&per_row=2&shop_view=grid HTTP/1.1" 200 40943 "-" "Mozilla/5.0 (compatible; SERankingBacklinksBot/1.0; +https://seranking.com/backlinks-crawler)"
54.37.118.88 - - [29/Mar/2026:10:52:41 +0700] "GET /shop/page/25/?orderby=price-desc&stock_status=instock&per_row=6&shop_view=grid&per_page=12 HTTP/2" 200 33993 "-" "Mozilla/5.0 (compatible; AhrefsBot/7.0; +http://ahrefs.com/robot/)"
92.222.104.203 - - [29/Mar/2026:10:52:42 +0700] "GET /shop/page/14/?orderby=price-desc&stock_status=instock&per_page=18&shop_view=grid&per_row=6 HTTP/2" 200 34671 "-" "Mozilla/5.0 (compatible; AhrefsBot/7.0; +http://ahrefs.com/robot/)"
176.31.139.10 - - [29/Mar/2026:10:52:46 +0700] "GET /shop/page/14/?orderby=price-desc&stock_status=instock&per_row=6&shop_view=grid&per_page=18 HTTP/2" 200 34662 "-" "Mozilla/5.0 (compatible; AhrefsBot/7.0; +http://ahrefs.com/robot/)"
37.27.59.176 - - [29/Mar/2026:10:52:46 +0700] "GET /shop/page/6/?stock_status=instock&per_row=4&shop_view=grid HTTP/1.1" 200 41125 "-" "Mozilla/5.0 (compatible; SERankingBacklinksBot/1.0; +https://seranking.com/backlinks-crawler)"
37.59.204.147 - - [29/Mar/2026:10:52:47 +0700] "GET /shop/page/9/?orderby=date&stock_status=instock%2Consale&shop_view=grid&per_row=4 HTTP/2" 200 34029 "-" "Mozilla/5.0 (compatible; AhrefsBot/7.0; +http://ahrefs.com/robot/)"
54.37.118.77 - - [29/Mar/2026:10:52:51 +0700] "GET /shop/page/25/?orderby=price-desc&per_page=12&stock_status=instock%2Consale HTTP/2" 200 33982 "-" "Mozilla/5.0 (compatible; AhrefsBot/7.0; +http://ahrefs.com/robot/)"
37.27.59.176 - - [29/Mar/2026:10:52:51 +0700] "GET /shop/page/6/?stock_status=instock&per_row=6&shop_view=grid HTTP/1.1" 200 40953 "-" "Mozilla/5.0 (compatible; SERankingBacklinksBot/1.0; +https://seranking.com/backlinks-crawler)"
37.27.59.176 - - [29/Mar/2026:10:52:56 +0700] "GET /shop/page/7/?max_price=420&per_page=12&stock_status=onsale HTTP/1.1" 200 41252 "-" "Mozilla/5.0 (compatible; SERankingBacklinksBot/1.0; +https://seranking.com/backlinks-crawler)"
37.27.59.176 - - [29/Mar/2026:10:53:01 +0700] "GET /shop/page/7/?max_price=420&per_page=18&stock_status=onsale HTTP/1.1" 200 41469 "-" "Mozilla/5.0 (compatible; SERankingBacklinksBot/1.0; +https://seranking.com/backlinks-crawler)"
37.27.59.176 - - [29/Mar/2026:10:53:06 +0700] "GET /shop/page/7/?max_price=420&per_page=24&stock_status=onsale HTTP/1.1" 200 42883 "-" "Mozilla/5.0 (compatible; SERankingBacklinksBot/1.0; +https://seranking.com/backlinks-crawler)"
37.27.59.176 - - [29/Mar/2026:10:53:12 +0700] "GET /shop/page/7/?max_price=420&per_page=8&stock_status=instock HTTP/1.1" 200 40614 "-" "Mozilla/5.0 (compatible; SERankingBacklinksBot/1.0; +https://seranking.com/backlinks-crawler)"
37.27.59.176 - - [29/Mar/2026:10:53:16 +0700] "GET /shop/page/7/?max_price=420&stock_status=instock&per_page=8 HTTP/1.1" 200 40450 "-" "Mozilla/5.0 (compatible; SERankingBacklinksBot/1.0; +https://seranking.com/backlinks-crawler)"
37.27.59.176 - - [29/Mar/2026:10:53:22 +0700] "GET /shop/page/7/?max_price=420&stock_status=onsale&per_page=12 HTTP/1.1" 200 41193 "-" "Mozilla/5.0 (compatible; SERankingBacklinksBot/1.0; +https://seranking.com/backlinks-crawler)"
37.27.59.176 - - [29/Mar/2026:10:53:29 +0700] "GET /shop/page/7/?max_price=420&stock_status=onsale&per_page=18 HTTP/1.1" 200 41655 "-" "Mozilla/5.0 (compatible; SERankingBacklinksBot/1.0; +https://seranking.com/backlinks-crawler)"
37.27.59.176 - - [29/Mar/2026:10:53:34 +0700] "GET /shop/page/7/?max_price=420&stock_status=onsale&per_page=24 HTTP/1.1" 200 43082 "-" "Mozilla/5.0 (compatible; SERankingBacklinksBot/1.0; +https://seranking.com/backlinks-crawler)"
103.131.51.123 - - [29/Mar/2026:10:53:41 +0700] "POST /wp-cron.php?doing_wp_cron=1774756421.2062549591064453125000 HTTP/1.1" 200 474 "-" "WordPress/6.9.4; https://lotushomemade.com"
37.27.59.176 - - [29/Mar/2026:10:53:39 +0700] "GET /shop/page/7/?max_price=630&per_page=12&stock_status=onsale HTTP/1.1" 200 41073 "-" "Mozilla/5.0 (compatible; SERankingBacklinksBot/1.0; +https://seranking.com/backlinks-crawler)"
37.27.59.176 - - [29/Mar/2026:10:53:45 +0700] "GET /shop/page/7/?max_price=630&per_page=18&stock_status=onsale HTTP/1.1" 200 41660 "-" "Mozilla/5.0 (compatible; SERankingBacklinksBot/1.0; +https://seranking.com/backlinks-crawler)"
103.131.51.123 - - [29/Mar/2026:10:53:51 +0700] "POST /wp-cron.php?doing_wp_cron=1774756431.5308640003204345703125 HTTP/1.1" 200 474 "-" "WordPress/6.9.4; https://lotushomemade.com"
37.27.59.176 - - [29/Mar/2026:10:53:50 +0700] "GET /shop/page/7/?max_price=630&per_page=24&stock_status=onsale HTTP/1.1" 200 42913 "-" "Mozilla/5.0 (compatible; SERankingBacklinksBot/1.0; +https://seranking.com/backlinks-crawler)"
37.27.59.176 - - [29/Mar/2026:10:53:55 +0700] "GET /shop/page/7/?max_price=630&per_page=8&stock_status=instock HTTP/1.1" 200 40674 "-" "Mozilla/5.0 (compatible; SERankingBacklinksBot/1.0; +https://seranking.com/backlinks-crawler)"
37.27.59.176 - - [29/Mar/2026:10:54:00 +0700] "GET /shop/page/7/?max_price=630&stock_status=instock&per_page=8 HTTP/1.1" 200 40446 "-" "Mozilla/5.0 (compatible; SERankingBacklinksBot/1.0; +https://seranking.com/backlinks-crawler)"
37.27.59.176 - - [29/Mar/2026:10:54:05 +0700] "GET /shop/page/7/?max_price=630&stock_status=onsale&per_page=12 HTTP/1.1" 200 41195 "-" "Mozilla/5.0 (compatible; SERankingBacklinksBot/1.0; +https://seranking.com/backlinks-crawler)"
54.37.118.74 - - [29/Mar/2026:10:54:10 +0700] "GET /shop/page/9/?orderby=price-desc&stock_status=onsale&per_row=4&shop_view=grid&per_page=12 HTTP/2" 200 34072 "-" "Mozilla/5.0 (compatible; AhrefsBot/7.0; +http://ahrefs.com/robot/)"
37.27.59.176 - - [29/Mar/2026:10:54:10 +0700] "GET /shop/page/7/?max_price=630&stock_status=onsale&per_page=18 HTTP/1.1" 200 41485 "-" "Mozilla/5.0 (compatible; SERankingBacklinksBot/1.0; +https://seranking.com/backlinks-crawler)"
37.27.59.176 - - [29/Mar/2026:10:54:15 +0700] "GET /shop/page/7/?max_price=630&stock_status=onsale&per_page=24 HTTP/1.1" 200 42929 "-" "Mozilla/5.0 (compatible; SERankingBacklinksBot/1.0; +https://seranking.com/backlinks-crawler)"
51.68.247.218 - - [29/Mar/2026:10:54:18 +0700] "GET /shop/page/14/?orderby=price&stock_status=onsale&per_row=6&shop_view=grid&per_page=18 HTTP/2" 200 34848 "-" "Mozilla/5.0 (compatible; AhrefsBot/7.0; +http://ahrefs.com/robot/)"
37.27.59.176 - - [29/Mar/2026:10:54:21 +0700] "GET /shop/page/7/?max_price=840&per_page=12&stock_status=onsale HTTP/1.1" 200 41189 "-" "Mozilla/5.0 (compatible; SERankingBacklinksBot/1.0; +https://seranking.com/backlinks-crawler)"
94.23.188.205 - - [29/Mar/2026:10:54:23 +0700] "GET /shop/page/9/?orderby=rating&stock_status=onsale&per_page=8&shop_view=grid&per_row=2 HTTP/2" 200 33644 "-" "Mozilla/5.0 (compatible; AhrefsBot/7.0; +http://ahrefs.com/robot/)"
51.75.236.148 - - [29/Mar/2026:10:54:24 +0700] "GET /shop/page/25/?orderby=price-desc&per_page=12&stock_status=instock%2Consale HTTP/2" 200 33982 "-" "Mozilla/5.0 (compatible; AhrefsBot/7.0; +http://ahrefs.com/robot/)"
37.27.59.176 - - [29/Mar/2026:10:54:25 +0700] "GET /shop/page/7/?max_price=840&per_page=18&stock_status=onsale HTTP/1.1" 200 41467 "-" "Mozilla/5.0 (compatible; SERankingBacklinksBot/1.0; +https://seranking.com/backlinks-crawler)"
14.248.20.23 - - [29/Mar/2026:10:54:28 +0700] "GET /product-category/100-pure-vegan/page/4/?per_row=6&shop_view=grid HTTP/1.1" 200 38528 "-" "Mozilla/5.0 (Macintosh; Intel Mac OS X 10_9_2) AppleWebKit/537.36 (KHTML, like Gecko) Chrome/36.0.1944.0 Safari/537.36"
37.27.59.176 - - [29/Mar/2026:10:54:30 +0700] "GET /shop/page/7/?max_price=840&per_page=24&stock_status=onsale HTTP/1.1" 200 42907 "-" "Mozilla/5.0 (compatible; SERankingBacklinksBot/1.0; +https://seranking.com/backlinks-crawler)"
37.27.59.176 - - [29/Mar/2026:10:54:36 +0700] "GET /shop/page/7/?max_price=840&per_page=8&stock_status=instock HTTP/1.1" 200 40675 "-" "Mozilla/5.0 (compatible; SERankingBacklinksBot/1.0; +https://seranking.com/backlinks-crawler)"
103.131.51.123 - - [29/Mar/2026:10:54:42 +0700] "POST /wp-cron.php?doing_wp_cron=1774756482.4974050521850585937500 HTTP/1.1" 200 474 "-" "WordPress/6.9.4; https://lotushomemade.com"
37.27.59.176 - - [29/Mar/2026:10:54:41 +0700] "GET /shop/page/7/?max_price=840&stock_status=instock&per_page=8 HTTP/1.1" 200 40497 "-" "Mozilla/5.0 (compatible; SERankingBacklinksBot/1.0; +https://seranking.com/backlinks-crawler)"
37.27.59.176 - - [29/Mar/2026:10:54:46 +0700] "GET /shop/page/7/?max_price=840&stock_status=onsale&per_page=12 HTTP/1.1" 200 41207 "-" "Mozilla/5.0 (compatible; SERankingBacklinksBot/1.0; +https://seranking.com/backlinks-crawler)"
37.27.59.176 - - [29/Mar/2026:10:54:51 +0700] "GET /shop/page/7/?max_price=840&stock_status=onsale&per_page=18 HTTP/1.1" 200 41585 "-" "Mozilla/5.0 (compatible; SERankingBacklinksBot/1.0; +https://seranking.com/backlinks-crawler)"
37.27.59.176 - - [29/Mar/2026:10:54:56 +0700] "GET /shop/page/7/?max_price=840&stock_status=onsale&per_page=24 HTTP/1.1" 200 43081 "-" "Mozilla/5.0 (compatible; SERankingBacklinksBot/1.0; +https://seranking.com/backlinks-crawler)"
37.27.59.176 - - [29/Mar/2026:10:55:01 +0700] "GET /shop/page/7/?max_price=845&per_page=12&stock_status=onsale HTTP/1.1" 200 41080 "-" "Mozilla/5.0 (compatible; SERankingBacklinksBot/1.0; +https://seranking.com/backlinks-crawler)"
37.27.59.176 - - [29/Mar/2026:10:55:06 +0700] "GET /shop/page/7/?max_price=845&per_page=18&stock_status=onsale HTTP/1.1" 200 41509 "-" "Mozilla/5.0 (compatible; SERankingBacklinksBot/1.0; +https://seranking.com/backlinks-crawler)"
5.39.109.167 - - [29/Mar/2026:10:55:10 +0700] "GET /shop/page/9/?orderby=date&per_page=12&stock_status=instock%2Consale HTTP/2" 200 33955 "-" "Mozilla/5.0 (compatible; AhrefsBot/7.0; +http://ahrefs.com/robot/)"
37.27.59.176 - - [29/Mar/2026:10:55:12 +0700] "GET /shop/page/7/?max_price=845&per_page=24&stock_status=onsale HTTP/1.1" 200 43056 "-" "Mozilla/5.0 (compatible; SERankingBacklinksBot/1.0; +https://seranking.com/backlinks-crawler)"
37.27.59.176 - - [29/Mar/2026:10:55:19 +0700] "GET /shop/page/7/?max_price=845&per_page=8&stock_status=instock HTTP/1.1" 200 40655 "-" "Mozilla/5.0 (compatible; SERankingBacklinksBot/1.0; +https://seranking.com/backlinks-crawler)"
37.27.59.176 - - [29/Mar/2026:10:55:24 +0700] "GET /shop/page/7/?max_price=845&stock_status=instock&per_page=8 HTTP/1.1" 200 40478 "-" "Mozilla/5.0 (compatible; SERankingBacklinksBot/1.0; +https://seranking.com/backlinks-crawler)"
37.27.59.176 - - [29/Mar/2026:10:55:29 +0700] "GET /shop/page/7/?max_price=845&stock_status=onsale&per_page=12 HTTP/1.1" 200 41174 "-" "Mozilla/5.0 (compatible; SERankingBacklinksBot/1.0; +https://seranking.com/backlinks-crawler)"
103.91.245.241 - - [29/Mar/2026:10:55:34 +0700] "GET /wp-login.php HTTP/2" 200 1889 "-" "Mozilla/5.0 (Macintosh; Intel Mac OS X 10_11_6) AppleWebKit/537.36 (KHTML, like Gecko) Chrome/67.0.3396.87 Safari/537.36"
103.91.245.241 - - [29/Mar/2026:10:55:35 +0700] "POST /wp-login.php HTTP/2" 200 2027 "https://lotushomemade.com/wp-login.php" "Mozilla/5.0 (Macintosh; Intel Mac OS X 10_11_6) AppleWebKit/537.36 (KHTML, like Gecko) Chrome/67.0.3396.87 Safari/537.36"
37.27.59.176 - - [29/Mar/2026:10:55:34 +0700] "GET /shop/page/7/?max_price=845&stock_status=onsale&per_page=18 HTTP/1.1" 200 41489 "-" "Mozilla/5.0 (compatible; SERankingBacklinksBot/1.0; +https://seranking.com/backlinks-crawler)"
103.131.51.123 - - [29/Mar/2026:10:55:41 +0700] "POST /wp-cron.php?doing_wp_cron=1774756541.7071928977966308593750 HTTP/1.1" 200 474 "-" "WordPress/6.9.4; https://lotushomemade.com"
37.27.59.176 - - [29/Mar/2026:10:55:40 +0700] "GET /shop/page/7/?max_price=845&stock_status=onsale&per_page=24 HTTP/1.1" 200 43032 "-" "Mozilla/5.0 (compatible; SERankingBacklinksBot/1.0; +https://seranking.com/backlinks-crawler)"
37.27.59.176 - - [29/Mar/2026:10:55:45 +0700] "GET /shop/page/7/?orderby=date&per_page=12&stock_status=instock HTTP/1.1" 200 40851 "-" "Mozilla/5.0 (compatible; SERankingBacklinksBot/1.0; +https://seranking.com/backlinks-crawler)"
5.39.1.247 - - [29/Mar/2026:10:55:47 +0700] "GET /shop/page/9/?orderby=price-desc&stock_status=instock&per_row=6&shop_view=grid&per_page=12 HTTP/2" 200 34204 "-" "Mozilla/5.0 (compatible; AhrefsBot/7.0; +http://ahrefs.com/robot/)"
37.27.59.176 - - [29/Mar/2026:10:55:49 +0700] "GET /shop/page/7/?orderby=date&per_page=18&stock_status=instock HTTP/1.1" 200 41294 "-" "Mozilla/5.0 (compatible; SERankingBacklinksBot/1.0; +https://seranking.com/backlinks-crawler)"
37.27.59.176 - - [29/Mar/2026:10:55:55 +0700] "GET /shop/page/7/?orderby=date&per_page=24&stock_status=instock HTTP/1.1" 200 42809 "-" "Mozilla/5.0 (compatible; SERankingBacklinksBot/1.0; +https://seranking.com/backlinks-crawler)"
37.27.59.176 - - [29/Mar/2026:10:56:00 +0700] "GET /shop/page/7/?orderby=date&stock_status=instock&per_page=12 HTTP/1.1" 200 40842 "-" "Mozilla/5.0 (compatible; SERankingBacklinksBot/1.0; +https://seranking.com/backlinks-crawler)"
37.27.59.176 - - [29/Mar/2026:10:56:05 +0700] "GET /shop/page/7/?orderby=date&stock_status=instock&per_page=18 HTTP/1.1" 200 41449 "-" "Mozilla/5.0 (compatible; SERankingBacklinksBot/1.0; +https://seranking.com/backlinks-crawler)"
37.27.59.176 - - [29/Mar/2026:10:56:10 +0700] "GET /shop/page/7/?orderby=date&stock_status=instock&per_page=24 HTTP/1.1" 200 42709 "-" "Mozilla/5.0 (compatible; SERankingBacklinksBot/1.0; +https://seranking.com/backlinks-crawler)"
37.27.59.176 - - [29/Mar/2026:10:56:15 +0700] "GET /shop/page/7/?orderby=price&per_page=12&stock_status=onsale HTTP/1.1" 200 40953 "-" "Mozilla/5.0 (compatible; SERankingBacklinksBot/1.0; +https://seranking.com/backlinks-crawler)"
37.27.59.176 - - [29/Mar/2026:10:56:20 +0700] "GET /shop/page/7/?orderby=price&per_page=18&stock_status=onsale HTTP/1.1" 200 41933 "-" "Mozilla/5.0 (compatible; SERankingBacklinksBot/1.0; +https://seranking.com/backlinks-crawler)"
92.222.104.213 - - [29/Mar/2026:10:56:25 +0700] "GET /shop/page/9/?orderby=rating&stock_status=onsale&per_page=12&shop_view=grid&per_row=4 HTTP/2" 200 33965 "-" "Mozilla/5.0 (compatible; AhrefsBot/7.0; +http://ahrefs.com/robot/)"
37.27.59.176 - - [29/Mar/2026:10:56:25 +0700] "GET /shop/page/7/?orderby=price&per_page=24&stock_status=onsale HTTP/1.1" 200 42526 "-" "Mozilla/5.0 (compatible; SERankingBacklinksBot/1.0; +https://seranking.com/backlinks-crawler)"
37.27.59.176 - - [29/Mar/2026:10:56:31 +0700] "GET /shop/page/7/?orderby=price&per_page=8&stock_status=instock HTTP/1.1" 200 40446 "-" "Mozilla/5.0 (compatible; SERankingBacklinksBot/1.0; +https://seranking.com/backlinks-crawler)"
37.27.59.176 - - [29/Mar/2026:10:56:36 +0700] "GET /shop/page/7/?orderby=price&stock_status=instock&per_page=8 HTTP/1.1" 200 40276 "-" "Mozilla/5.0 (compatible; SERankingBacklinksBot/1.0; +https://seranking.com/backlinks-crawler)"
103.131.51.123 - - [29/Mar/2026:10:56:42 +0700] "POST /wp-cron.php?doing_wp_cron=1774756602.3586649894714355468750 HTTP/1.1" 200 474 "-" "WordPress/6.9.4; https://lotushomemade.com"
37.27.59.176 - - [29/Mar/2026:10:56:41 +0700] "GET /shop/page/7/?orderby=price&stock_status=onsale&per_page=12 HTTP/1.1" 200 40936 "-" "Mozilla/5.0 (compatible; SERankingBacklinksBot/1.0; +https://seranking.com/backlinks-crawler)"
45.131.193.114 - - [29/Mar/2026:10:56:46 +0700] "POST /wp-login.php HTTP/1.1" 200 7854 "-" "Mozilla/5.0"
37.27.59.176 - - [29/Mar/2026:10:56:46 +0700] "GET /shop/page/7/?orderby=price&stock_status=onsale&per_page=18 HTTP/1.1" 200 41898 "-" "Mozilla/5.0 (compatible; SERankingBacklinksBot/1.0; +https://seranking.com/backlinks-crawler)"
37.27.59.176 - - [29/Mar/2026:10:56:51 +0700] "GET /shop/page/7/?orderby=price&stock_status=onsale&per_page=24 HTTP/1.1" 200 42496 "-" "Mozilla/5.0 (compatible; SERankingBacklinksBot/1.0; +https://seranking.com/backlinks-crawler)"
37.27.59.176 - - [29/Mar/2026:10:56:57 +0700] "GET /shop/page/7/?orderby=rating&per_page=8&stock_status=onsale HTTP/1.1" 200 40601 "-" "Mozilla/5.0 (compatible; SERankingBacklinksBot/1.0; +https://seranking.com/backlinks-crawler)"
37.27.59.176 - - [29/Mar/2026:10:57:03 +0700] "GET /shop/page/7/?orderby=rating&stock_status=onsale&per_page=8 HTTP/1.1" 200 40661 "-" "Mozilla/5.0 (compatible; SERankingBacklinksBot/1.0; +https://seranking.com/backlinks-crawler)"
37.27.59.176 - - [29/Mar/2026:10:57:10 +0700] "GET /shop/page/7/?stock_status=instock&per_row=2&shop_view=grid HTTP/1.1" 200 41063 "-" "Mozilla/5.0 (compatible; SERankingBacklinksBot/1.0; +https://seranking.com/backlinks-crawler)"
37.27.59.176 - - [29/Mar/2026:10:57:16 +0700] "GET /shop/page/7/?stock_status=instock&per_row=4&shop_view=grid HTTP/1.1" 200 41030 "-" "Mozilla/5.0 (compatible; SERankingBacklinksBot/1.0; +https://seranking.com/backlinks-crawler)"
5.39.1.248 - - [29/Mar/2026:10:57:17 +0700] "GET /shop/page/9/?orderby=rating&stock_status=instock&per_row=2&shop_view=grid&per_page=12 HTTP/2" 200 33976 "-" "Mozilla/5.0 (compatible; AhrefsBot/7.0; +http://ahrefs.com/robot/)"
37.27.59.176 - - [29/Mar/2026:10:57:21 +0700] "GET /shop/page/7/?stock_status=instock&per_row=6&shop_view=grid HTTP/1.1" 200 41067 "-" "Mozilla/5.0 (compatible; SERankingBacklinksBot/1.0; +https://seranking.com/backlinks-crawler)"
37.27.59.176 - - [29/Mar/2026:10:57:27 +0700] "GET /shop/page/8/?min_price=0&max_price=210&stock_status=onsale HTTP/1.1" 200 41280 "-" "Mozilla/5.0 (compatible; SERankingBacklinksBot/1.0; +https://seranking.com/backlinks-crawler)"
37.27.59.176 - - [29/Mar/2026:10:57:32 +0700] "GET /shop/?orderby=popularity&stock_status=instock&per_page=24&filter_brand=blessing-food&shop_view=grid&per_row=2 HTTP/1.1" 200 40110 "-" "Mozilla/5.0 (compatible; SERankingBacklinksBot/1.0; +https://seranking.com/backlinks-crawler)"
103.131.51.123 - - [29/Mar/2026:10:57:39 +0700] "POST /wp-cron.php?doing_wp_cron=1774756659.3322699069976806640625 HTTP/1.1" 200 474 "-" "WordPress/6.9.4; https://lotushomemade.com"
37.27.59.176 - - [29/Mar/2026:10:57:38 +0700] "GET /shop/page/8/?per_row=2&shop_view=grid&stock_status=instock HTTP/1.1" 200 41110 "-" "Mozilla/5.0 (compatible; SERankingBacklinksBot/1.0; +https://seranking.com/backlinks-crawler)"
37.27.59.176 - - [29/Mar/2026:10:57:43 +0700] "GET /shop/page/8/?per_row=4&shop_view=grid&stock_status=instock HTTP/1.1" 200 41130 "-" "Mozilla/5.0 (compatible; SERankingBacklinksBot/1.0; +https://seranking.com/backlinks-crawler)"
51.75.236.154 - - [29/Mar/2026:10:57:46 +0700] "GET /shop/page/9/?orderby=price-desc&stock_status=instock&per_row=6&shop_view=grid&per_page=12 HTTP/2" 200 34095 "-" "Mozilla/5.0 (compatible; AhrefsBot/7.0; +http://ahrefs.com/robot/)"
51.75.236.137 - - [29/Mar/2026:10:57:47 +0700] "GET /shop/page/9/?orderby=date&per_page=12&stock_status=instock%2Consale HTTP/2" 200 34046 "-" "Mozilla/5.0 (compatible; AhrefsBot/7.0; +http://ahrefs.com/robot/)"
37.27.59.176 - - [29/Mar/2026:10:57:48 +0700] "GET /shop/page/8/?per_row=6&shop_view=grid&stock_status=instock HTTP/1.1" 200 41161 "-" "Mozilla/5.0 (compatible; SERankingBacklinksBot/1.0; +https://seranking.com/backlinks-crawler)"
37.27.59.176 - - [29/Mar/2026:10:57:54 +0700] "GET /shop/page/8/?stock_status=instock&shop_view=grid&per_row=2 HTTP/1.1" 200 41123 "-" "Mozilla/5.0 (compatible; SERankingBacklinksBot/1.0; +https://seranking.com/backlinks-crawler)"
92.222.104.199 - - [29/Mar/2026:10:57:56 +0700] "GET /shop/page/9/?orderby=price&stock_status=onsale&per_row=6&shop_view=grid&per_page=12 HTTP/2" 200 34065 "-" "Mozilla/5.0 (compatible; AhrefsBot/7.0; +http://ahrefs.com/robot/)"
37.27.59.176 - - [29/Mar/2026:10:57:59 +0700] "GET /shop/page/8/?stock_status=instock&shop_view=grid&per_row=4 HTTP/1.1" 200 41168 "-" "Mozilla/5.0 (compatible; SERankingBacklinksBot/1.0; +https://seranking.com/backlinks-crawler)"
37.27.59.176 - - [29/Mar/2026:10:58:05 +0700] "GET /shop/page/8/?stock_status=instock&shop_view=grid&per_row=6 HTTP/1.1" 200 41148 "-" "Mozilla/5.0 (compatible; SERankingBacklinksBot/1.0; +https://seranking.com/backlinks-crawler)"
176.31.139.14 - - [29/Mar/2026:10:58:09 +0700] "GET /shop/page/9/?orderby=rating&stock_status=onsale&per_page=8&shop_view=grid&per_row=2 HTTP/2" 200 33663 "-" "Mozilla/5.0 (compatible; AhrefsBot/7.0; +http://ahrefs.com/robot/)"
94.23.188.193 - - [29/Mar/2026:10:58:09 +0700] "GET /shop/page/9/?orderby=price-desc&stock_status=onsale&per_row=4&shop_view=grid&per_page=12 HTTP/2" 200 34109 "-" "Mozilla/5.0 (compatible; AhrefsBot/7.0; +http://ahrefs.com/robot/)"
52.167.144.140 - - [29/Mar/2026:10:58:09 +0700] "GET /product-category/kuih-kapit-series/?stock_status=onsale&per_row=4&shop_view=grid&per_page=8 HTTP/2" 200 34117 "-" "Mozilla/5.0 AppleWebKit/537.36 (KHTML, like Gecko; compatible; bingbot/2.0; +http://www.bing.com/bingbot.htm) Chrome/116.0.1938.76 Safari/537.36"
37.27.59.176 - - [29/Mar/2026:10:58:10 +0700] "GET /shop/page/9/?min_price=0&max_price=210&stock_status=onsale HTTP/1.1" 200 41114 "-" "Mozilla/5.0 (compatible; SERankingBacklinksBot/1.0; +https://seranking.com/backlinks-crawler)"
37.27.59.176 - - [29/Mar/2026:10:58:16 +0700] "GET /shop/page/9/?per_row=2&shop_view=grid&stock_status=instock HTTP/1.1" 200 41009 "-" "Mozilla/5.0 (compatible; SERankingBacklinksBot/1.0; +https://seranking.com/backlinks-crawler)"
37.27.59.176 - - [29/Mar/2026:10:58:21 +0700] "GET /shop/page/9/?per_row=4&shop_view=grid&stock_status=instock HTTP/1.1" 200 40975 "-" "Mozilla/5.0 (compatible; SERankingBacklinksBot/1.0; +https://seranking.com/backlinks-crawler)"
37.27.59.176 - - [29/Mar/2026:10:58:27 +0700] "GET /shop/page/9/?per_row=6&shop_view=grid&stock_status=instock HTTP/1.1" 200 40997 "-" "Mozilla/5.0 (compatible; SERankingBacklinksBot/1.0; +https://seranking.com/backlinks-crawler)"
185.130.249.27 - - [29/Mar/2026:10:58:30 +0700] "POST /xmlrpc.php HTTP/1.1" 200 676 "-" "Mozilla/5.0 (Windows NT 10.0; WOW64) AppleWebKit/537.43 (KHTML, like Gecko) Chrome/140.0.0.0 Safari/537.36 OPR/124.0.0.0"
37.27.59.176 - - [29/Mar/2026:10:58:32 +0700] "GET /shop/page/9/?stock_status=instock&shop_view=grid&per_row=2 HTTP/1.1" 200 40996 "-" "Mozilla/5.0 (compatible; SERankingBacklinksBot/1.0; +https://seranking.com/backlinks-crawler)"
92.222.104.198 - - [29/Mar/2026:10:58:34 +0700] "GET /shop/page/40/?orderby=price&stock_status=onsale&per_page=8&shop_view=grid&per_row=6 HTTP/2" 200 33457 "-" "Mozilla/5.0 (compatible; AhrefsBot/7.0; +http://ahrefs.com/robot/)"
103.131.51.123 - - [29/Mar/2026:10:58:39 +0700] "POST /wp-cron.php?doing_wp_cron=1774756719.3764579296112060546875 HTTP/1.1" 200 474 "-" "WordPress/6.9.4; https://lotushomemade.com"
37.27.59.176 - - [29/Mar/2026:10:58:37 +0700] "GET /shop/page/9/?stock_status=instock&shop_view=grid&per_row=4 HTTP/1.1" 200 41023 "-" "Mozilla/5.0 (compatible; SERankingBacklinksBot/1.0; +https://seranking.com/backlinks-crawler)"
37.27.59.176 - - [29/Mar/2026:10:58:43 +0700] "GET /shop/page/9/?stock_status=instock&shop_view=grid&per_row=6 HTTP/1.1" 200 41010 "-" "Mozilla/5.0 (compatible; SERankingBacklinksBot/1.0; +https://seranking.com/backlinks-crawler)"
37.27.59.176 - - [29/Mar/2026:10:58:48 +0700] "GET /shop/page/12/?orderby=date&per_page=24&stock_status=instock HTTP/1.1" 200 41707 "-" "Mozilla/5.0 (compatible; SERankingBacklinksBot/1.0; +https://seranking.com/backlinks-crawler)"
43.159.145.153 - - [29/Mar/2026:10:58:54 +0700] "GET /wp-json/wp/v2/product/8334 HTTP/1.1" 200 1490 "-" "Mozilla/5.0 (iPhone; CPU iPhone OS 13_2_3 like Mac OS X) AppleWebKit/605.1.15 (KHTML, like Gecko) Version/13.0.3 Mobile/15E148 Safari/604.1"
37.27.59.176 - - [29/Mar/2026:10:58:55 +0700] "GET /shop/?min_price=210&per_page=12&stock_status=instock,onsale HTTP/1.1" 200 40019 "-" "Mozilla/5.0 (compatible; SERankingBacklinksBot/1.0; +https://seranking.com/backlinks-crawler)"
37.27.59.176 - - [29/Mar/2026:10:59:01 +0700] "GET /shop/page/42/?max_price=420&per_page=8&stock_status=instock HTTP/1.1" 200 40660 "-" "Mozilla/5.0 (compatible; SERankingBacklinksBot/1.0; +https://seranking.com/backlinks-crawler)"
37.27.59.176 - - [29/Mar/2026:10:59:07 +0700] "GET /shop/page/12/?orderby=date&stock_status=instock&per_page=24 HTTP/1.1" 200 41729 "-" "Mozilla/5.0 (compatible; SERankingBacklinksBot/1.0; +https://seranking.com/backlinks-crawler)"
37.27.59.176 - - [29/Mar/2026:10:59:13 +0700] "GET /shop/?min_price=210&per_page=18&stock_status=instock,onsale HTTP/1.1" 200 39986 "-" "Mozilla/5.0 (compatible; SERankingBacklinksBot/1.0; +https://seranking.com/backlinks-crawler)"
51.68.247.220 - - [29/Mar/2026:10:59:15 +0700] "GET /shop/page/25/?orderby=rating&stock_status=onsale&per_page=12&shop_view=grid&per_row=4 HTTP/2" 200 33523 "-" "Mozilla/5.0 (compatible; AhrefsBot/7.0; +http://ahrefs.com/robot/)"
37.27.59.176 - - [29/Mar/2026:10:59:18 +0700] "GET /shop/page/42/?max_price=420&stock_status=instock&per_page=8 HTTP/1.1" 200 40692 "-" "Mozilla/5.0 (compatible; SERankingBacklinksBot/1.0; +https://seranking.com/backlinks-crawler)"
5.39.109.185 - - [29/Mar/2026:10:59:20 +0700] "GET /shop/page/9/?orderby=rating&stock_status=instock&per_row=2&shop_view=grid&per_page=12 HTTP/2" 200 33926 "-" "Mozilla/5.0 (compatible; AhrefsBot/7.0; +http://ahrefs.com/robot/)"
37.27.59.176 - - [29/Mar/2026:10:59:24 +0700] "GET /shop/page/12/?orderby=price&per_page=24&stock_status=onsale HTTP/1.1" 200 43023 "-" "Mozilla/5.0 (compatible; SERankingBacklinksBot/1.0; +https://seranking.com/backlinks-crawler)"
37.27.59.176 - - [29/Mar/2026:10:59:30 +0700] "GET /shop/?min_price=210&per_page=24&stock_status=instock,onsale HTTP/1.1" 200 39979 "-" "Mozilla/5.0 (compatible; SERankingBacklinksBot/1.0; +https://seranking.com/backlinks-crawler)"
176.31.139.18 - - [29/Mar/2026:10:59:32 +0700] "GET /shop/page/9/?orderby=rating&stock_status=onsale&per_page=12&shop_view=grid&per_row=4 HTTP/2" 200 33870 "-" "Mozilla/5.0 (compatible; AhrefsBot/7.0; +http://ahrefs.com/robot/)"
37.59.204.142 - - [29/Mar/2026:10:59:33 +0700] "GET /shop/page/25/?orderby=date&stock_status=instock%2Consale&shop_view=grid&per_row=4 HTTP/2" 200 33690 "-" "Mozilla/5.0 (compatible; AhrefsBot/7.0; +http://ahrefs.com/robot/)"
170.106.110.146 - - [29/Mar/2026:10:59:36 +0700] "GET / HTTP/1.1" 301 497 "http://www.lotushomemade.com" "Mozilla/5.0 (iPhone; CPU iPhone OS 13_2_3 like Mac OS X) AppleWebKit/605.1.15 (KHTML, like Gecko) Version/13.0.3 Mobile/15E148 Safari/604.1"
37.27.59.176 - - [29/Mar/2026:10:59:35 +0700] "GET /shop/page/42/?max_price=630&per_page=8&stock_status=instock HTTP/1.1" 200 40714 "-" "Mozilla/5.0 (compatible; SERankingBacklinksBot/1.0; +https://seranking.com/backlinks-crawler)"
103.131.51.123 - - [29/Mar/2026:10:59:39 +0700] "POST /wp-cron.php?doing_wp_cron=1774756779.8923919200897216796875 HTTP/1.1" 200 474 "-" "WordPress/6.9.4; https://lotushomemade.com"
170.106.110.146 - - [29/Mar/2026:10:59:38 +0700] "GET / HTTP/1.1" 200 90401 "https://www.lotushomemade.com/" "Mozilla/5.0 (iPhone; CPU iPhone OS 13_2_3 like Mac OS X) AppleWebKit/605.1.15 (KHTML, like Gecko) Version/13.0.3 Mobile/15E148 Safari/604.1"
37.27.59.176 - - [29/Mar/2026:10:59:41 +0700] "GET /shop/page/12/?orderby=price&stock_status=onsale&per_page=24 HTTP/1.1" 200 42952 "-" "Mozilla/5.0 (compatible; SERankingBacklinksBot/1.0; +https://seranking.com/backlinks-crawler)"
37.27.59.176 - - [29/Mar/2026:10:59:46 +0700] "GET /shop/?min_price=210&stock_status=instock,onsale&per_page=12 HTTP/1.1" 200 40012 "-" "Mozilla/5.0 (compatible; SERankingBacklinksBot/1.0; +https://seranking.com/backlinks-crawler)"
37.27.59.176 - - [29/Mar/2026:10:59:52 +0700] "GET /shop/page/42/?max_price=630&stock_status=instock&per_page=8 HTTP/1.1" 200 40729 "-" "Mozilla/5.0 (compatible; SERankingBacklinksBot/1.0; +https://seranking.com/backlinks-crawler)"
37.27.59.176 - - [29/Mar/2026:10:59:57 +0700] "GET /shop/page/13/?max_price=420&per_page=24&stock_status=onsale HTTP/1.1" 200 42244 "-" "Mozilla/5.0 (compatible; SERankingBacklinksBot/1.0; +https://seranking.com/backlinks-crawler)"
37.27.59.176 - - [29/Mar/2026:11:00:03 +0700] "GET /shop/?min_price=210&stock_status=instock,onsale&per_page=18 HTTP/1.1" 200 39980 "-" "Mozilla/5.0 (compatible; SERankingBacklinksBot/1.0; +https://seranking.com/backlinks-crawler)"
37.27.59.176 - - [29/Mar/2026:11:00:08 +0700] "GET /shop/page/42/?max_price=840&per_page=8&stock_status=instock HTTP/1.1" 200 40697 "-" "Mozilla/5.0 (compatible; SERankingBacklinksBot/1.0; +https://seranking.com/backlinks-crawler)"
92.222.104.195 - - [29/Mar/2026:11:00:10 +0700] "GET /shop/page/25/?orderby=price&stock_status=instock&per_row=2&shop_view=grid&per_page=12 HTTP/2" 200 33969 "-" "Mozilla/5.0 (compatible; AhrefsBot/7.0; +http://ahrefs.com/robot/)"
37.27.59.176 - - [29/Mar/2026:11:00:14 +0700] "GET /shop/page/13/?max_price=420&stock_status=onsale&per_page=24 HTTP/1.1" 200 42201 "-" "Mozilla/5.0 (compatible; SERankingBacklinksBot/1.0; +https://seranking.com/backlinks-crawler)"
37.27.59.176 - - [29/Mar/2026:11:00:20 +0700] "GET /shop/?min_price=210&stock_status=instock,onsale&per_page=24 HTTP/1.1" 200 39980 "-" "Mozilla/5.0 (compatible; SERankingBacklinksBot/1.0; +https://seranking.com/backlinks-crawler)"
37.27.59.176 - - [29/Mar/2026:11:00:25 +0700] "GET /shop/page/42/?max_price=840&stock_status=instock&per_page=8 HTTP/1.1" 200 40741 "-" "Mozilla/5.0 (compatible; SERankingBacklinksBot/1.0; +https://seranking.com/backlinks-crawler)"
37.27.59.176 - - [29/Mar/2026:11:00:31 +0700] "GET /shop/page/13/?max_price=630&per_page=24&stock_status=onsale HTTP/1.1" 200 42242 "-" "Mozilla/5.0 (compatible; SERankingBacklinksBot/1.0; +https://seranking.com/backlinks-crawler)"
103.131.51.123 - - [29/Mar/2026:11:00:38 +0700] "POST /wp-cron.php?doing_wp_cron=1774756838.7162039279937744140625 HTTP/1.1" 200 474 "-" "WordPress/6.9.4; https://lotushomemade.com"
37.27.59.176 - - [29/Mar/2026:11:00:36 +0700] "GET /shop/?min_price=420&per_page=12&stock_status=instock,onsale HTTP/1.1" 200 39809 "-" "Mozilla/5.0 (compatible; SERankingBacklinksBot/1.0; +https://seranking.com/backlinks-crawler)"
37.27.59.176 - - [29/Mar/2026:11:00:43 +0700] "GET /shop/page/42/?max_price=845&per_page=8&stock_status=instock HTTP/1.1" 200 40718 "-" "Mozilla/5.0 (compatible; SERankingBacklinksBot/1.0; +https://seranking.com/backlinks-crawler)"
37.27.59.176 - - [29/Mar/2026:11:00:49 +0700] "GET /shop/page/13/?max_price=630&stock_status=onsale&per_page=24 HTTP/1.1" 200 42250 "-" "Mozilla/5.0 (compatible; SERankingBacklinksBot/1.0; +https://seranking.com/backlinks-crawler)"
51.75.236.143 - - [29/Mar/2026:11:00:49 +0700] "GET /shop/page/25/?orderby=price&stock_status=onsale&per_row=6&shop_view=grid&per_page=12 HTTP/2" 200 33909 "-" "Mozilla/5.0 (compatible; AhrefsBot/7.0; +http://ahrefs.com/robot/)"
37.27.59.176 - - [29/Mar/2026:11:00:55 +0700] "GET /shop/?min_price=420&per_page=18&stock_status=instock,onsale HTTP/1.1" 200 39826 "-" "Mozilla/5.0 (compatible; SERankingBacklinksBot/1.0; +https://seranking.com/backlinks-crawler)"
37.27.59.176 - - [29/Mar/2026:11:01:00 +0700] "GET /shop/page/42/?max_price=845&stock_status=instock&per_page=8 HTTP/1.1" 200 40727 "-" "Mozilla/5.0 (compatible; SERankingBacklinksBot/1.0; +https://seranking.com/backlinks-crawler)"
37.27.59.176 - - [29/Mar/2026:11:01:06 +0700] "GET /shop/page/13/?max_price=840&per_page=24&stock_status=onsale HTTP/1.1" 200 42348 "-" "Mozilla/5.0 (compatible; SERankingBacklinksBot/1.0; +https://seranking.com/backlinks-crawler)"
37.27.59.176 - - [29/Mar/2026:11:01:11 +0700] "GET /shop/?min_price=420&per_page=24&stock_status=instock,onsale HTTP/1.1" 200 39836 "-" "Mozilla/5.0 (compatible; SERankingBacklinksBot/1.0; +https://seranking.com/backlinks-crawler)"
37.27.59.176 - - [29/Mar/2026:11:01:16 +0700] "GET /shop/page/42/?orderby=price&per_page=8&stock_status=instock HTTP/1.1" 200 40416 "-" "Mozilla/5.0 (compatible; SERankingBacklinksBot/1.0; +https://seranking.com/backlinks-crawler)"
37.27.59.176 - - [29/Mar/2026:11:01:22 +0700] "GET /shop/page/13/?max_price=840&stock_status=onsale&per_page=24 HTTP/1.1" 200 42251 "-" "Mozilla/5.0 (compatible; SERankingBacklinksBot/1.0; +https://seranking.com/backlinks-crawler)"
37.27.59.176 - - [29/Mar/2026:11:01:27 +0700] "GET /shop/?min_price=420&stock_status=instock,onsale&per_page=12 HTTP/1.1" 200 39651 "-" "Mozilla/5.0 (compatible; SERankingBacklinksBot/1.0; +https://seranking.com/backlinks-crawler)"
40.77.167.24 - - [29/Mar/2026:11:01:28 +0700] "GET /product-category/kuih-kapit-series/?stock_status=onsale&per_page=8&filter_brand=blessing-food&shop_view=grid&per_row=6 HTTP/2" 200 33249 "-" "Mozilla/5.0 AppleWebKit/537.36 (KHTML, like Gecko; compatible; bingbot/2.0; +http://www.bing.com/bingbot.htm) Chrome/116.0.1938.76 Safari/537.36"
92.222.104.220 - - [29/Mar/2026:11:01:30 +0700] "GET /shop/page/9/?orderby=price&stock_status=onsale&per_page=8&shop_view=grid&per_row=4 HTTP/2" 200 33555 "-" "Mozilla/5.0 (compatible; AhrefsBot/7.0; +http://ahrefs.com/robot/)"
37.27.59.176 - - [29/Mar/2026:11:01:32 +0700] "GET /shop/page/42/?orderby=price&stock_status=instock&per_page=8 HTTP/1.1" 200 40411 "-" "Mozilla/5.0 (compatible; SERankingBacklinksBot/1.0; +https://seranking.com/backlinks-crawler)"
103.131.51.123 - - [29/Mar/2026:11:01:38 +0700] "POST /wp-cron.php?doing_wp_cron=1774756898.7652690410614013671875 HTTP/1.1" 200 474 "-" "WordPress/6.9.4; https://lotushomemade.com"
37.27.59.176 - - [29/Mar/2026:11:01:37 +0700] "GET /shop/page/13/?max_price=845&per_page=24&stock_status=onsale HTTP/1.1" 200 42028 "-" "Mozilla/5.0 (compatible; SERankingBacklinksBot/1.0; +https://seranking.com/backlinks-crawler)"
37.27.59.176 - - [29/Mar/2026:11:01:42 +0700] "GET /shop/?min_price=420&stock_status=instock,onsale&per_page=18 HTTP/1.1" 200 39811 "-" "Mozilla/5.0 (compatible; SERankingBacklinksBot/1.0; +https://seranking.com/backlinks-crawler)"
37.27.59.176 - - [29/Mar/2026:11:01:47 +0700] "GET /shop/page/42/?orderby=rating&per_page=8&stock_status=onsale HTTP/1.1" 200 40063 "-" "Mozilla/5.0 (compatible; SERankingBacklinksBot/1.0; +https://seranking.com/backlinks-crawler)"
37.27.59.176 - - [29/Mar/2026:11:01:52 +0700] "GET /shop/page/13/?max_price=845&stock_status=onsale&per_page=24 HTTP/1.1" 200 42031 "-" "Mozilla/5.0 (compatible; SERankingBacklinksBot/1.0; +https://seranking.com/backlinks-crawler)"
37.27.59.176 - - [29/Mar/2026:11:01:57 +0700] "GET /shop/?min_price=420&stock_status=instock,onsale&per_page=24 HTTP/1.1" 200 39826 "-" "Mozilla/5.0 (compatible; SERankingBacklinksBot/1.0; +https://seranking.com/backlinks-crawler)"
37.27.59.176 - - [29/Mar/2026:11:02:02 +0700] "GET /shop/page/42/?orderby=rating&stock_status=onsale&per_page=8 HTTP/1.1" 200 40052 "-" "Mozilla/5.0 (compatible; SERankingBacklinksBot/1.0; +https://seranking.com/backlinks-crawler)"
37.27.59.176 - - [29/Mar/2026:11:02:07 +0700] "GET /shop/page/13/?orderby=date&per_page=24&stock_status=instock HTTP/1.1" 200 41772 "-" "Mozilla/5.0 (compatible; SERankingBacklinksBot/1.0; +https://seranking.com/backlinks-crawler)"
51.75.236.140 - - [29/Mar/2026:11:02:08 +0700] "GET /shop/page/40/?orderby=price&stock_status=onsale&per_page=8&shop_view=grid&per_row=4 HTTP/2" 200 33432 "-" "Mozilla/5.0 (compatible; AhrefsBot/7.0; +http://ahrefs.com/robot/)"
37.27.59.176 - - [29/Mar/2026:11:02:13 +0700] "GET /shop/?min_price=630&per_page=12&stock_status=instock,onsale HTTP/1.1" 200 39820 "-" "Mozilla/5.0 (compatible; SERankingBacklinksBot/1.0; +https://seranking.com/backlinks-crawler)"
37.27.59.176 - - [29/Mar/2026:11:02:17 +0700] "GET /shop/page/43/?max_price=420&per_page=8&stock_status=instock HTTP/1.1" 200 40344 "-" "Mozilla/5.0 (compatible; SERankingBacklinksBot/1.0; +https://seranking.com/backlinks-crawler)"
