66.249.79.2 - - [29/Mar/2026:11:52:23 +0700] "GET /wp-includes/js/imagesloaded.min.js?ver=5.0.0 HTTP/1.1" 200 2314 "https://lotushomemade.com/product/scs-butter-pineapple-roll-l/" "Mozilla/5.0 (Linux; Android 6.0.1; Nexus 5X Build/MMB29P) AppleWebKit/537.36 (KHTML, like Gecko) Chrome/146.0.7680.153 Mobile Safari/537.36 (compatible; Googlebot/2.1; +http://www.google.com/bot.html)"
66.249.71.134 - - [29/Mar/2026:11:52:23 +0700] "GET /wp-content/themes/woodmart/js/scripts/wc/stickyDetails.min.js?ver=7.2.5 HTTP/1.1" 200 977 "https://lotushomemade.com/product/scs-butter-pineapple-roll-l/" "Mozilla/5.0 (Linux; Android 6.0.1; Nexus 5X Build/MMB29P) AppleWebKit/537.36 (KHTML, like Gecko) Chrome/146.0.7680.153 Mobile Safari/537.36 (compatible; Googlebot/2.1; +http://www.google.com/bot.html)"
66.249.79.2 - - [29/Mar/2026:11:52:24 +0700] "GET /wp-content/themes/woodmart/css/parts/el-accordion.min.css?ver=7.2.5 HTTP/1.1" 200 1188 "https://lotushomemade.com/product/scs-butter-pineapple-roll-l/" "Mozilla/5.0 (Linux; Android 6.0.1; Nexus 5X Build/MMB29P) AppleWebKit/537.36 (KHTML, like Gecko) Chrome/146.0.7680.153 Mobile Safari/537.36 (compatible; Googlebot/2.1; +http://www.google.com/bot.html)"
66.249.79.2 - - [29/Mar/2026:11:52:25 +0700] "POST /?wc-ajax=get_refreshed_fragments HTTP/1.1" 200 1108 "https://lotushomemade.com/product/scs-butter-pineapple-roll-l/" "Mozilla/5.0 (Linux; Android 6.0.1; Nexus 5X Build/MMB29P) AppleWebKit/537.36 (KHTML, like Gecko) Chrome/146.0.7680.153 Mobile Safari/537.36 (compatible; Googlebot/2.1; +http://www.google.com/bot.html)"
176.31.139.19 - - [29/Mar/2026:11:52:24 +0700] "GET /product-category/crispy-snack-series/page/5/?per_row=4&shop_view=grid&stock_status=instock HTTP/2" 200 32804 "-" "Mozilla/5.0 (compatible; AhrefsBot/7.0; +http://ahrefs.com/robot/)"
37.27.59.176 - - [29/Mar/2026:11:52:25 +0700] "GET /shop/page/46/?min_price=0&per_row=2&shop_view=grid&per_page=8 HTTP/1.1" 200 40147 "-" "Mozilla/5.0 (compatible; SERankingBacklinksBot/1.0; +https://seranking.com/backlinks-crawler)"
37.27.59.176 - - [29/Mar/2026:11:52:30 +0700] "GET /shop/page/2/?min_price=0&per_row=6&shop_view=grid&per_page=18 HTTP/1.1" 200 42538 "-" "Mozilla/5.0 (compatible; SERankingBacklinksBot/1.0; +https://seranking.com/backlinks-crawler)"
37.27.59.176 - - [29/Mar/2026:11:52:36 +0700] "GET /shop/page/46/?min_price=0&per_row=4&shop_view=grid&per_page=8 HTTP/1.1" 200 40162 "-" "Mozilla/5.0 (compatible; SERankingBacklinksBot/1.0; +https://seranking.com/backlinks-crawler)"
103.131.51.123 - - [29/Mar/2026:11:52:42 +0700] "POST /wp-cron.php?doing_wp_cron=1774759962.5146999359130859375000 HTTP/1.1" 200 474 "-" "WordPress/6.9.4; https://lotushomemade.com"
37.27.59.176 - - [29/Mar/2026:11:52:40 +0700] "GET /shop/page/2/?min_price=0&per_row=6&shop_view=grid&per_page=24 HTTP/1.1" 200 43757 "-" "Mozilla/5.0 (compatible; SERankingBacklinksBot/1.0; +https://seranking.com/backlinks-crawler)"
52.167.144.212 - - [29/Mar/2026:11:52:45 +0700] "GET /product-category/kuih-kapit-series/page/2/?per_row=4&per_page=24&shop_view=grid&stock_status=instock HTTP/2" 200 35197 "-" "Mozilla/5.0 AppleWebKit/537.36 (KHTML, like Gecko; compatible; bingbot/2.0; +http://www.bing.com/bingbot.htm) Chrome/116.0.1938.76 Safari/537.36"
37.27.59.176 - - [29/Mar/2026:11:52:46 +0700] "GET /shop/page/46/?min_price=0&per_row=6&shop_view=grid&per_page=8 HTTP/1.1" 200 40129 "-" "Mozilla/5.0 (compatible; SERankingBacklinksBot/1.0; +https://seranking.com/backlinks-crawler)"
216.73.216.59 - - [29/Mar/2026:11:52:50 +0700] "GET /robots.txt HTTP/2" 200 100 "-" "Mozilla/5.0 AppleWebKit/537.36 (KHTML, like Gecko; compatible; ClaudeBot/1.0; +claudebot@anthropic.com)"
216.73.216.59 - - [29/Mar/2026:11:52:51 +0700] "GET /wp-sitemap.xml HTTP/2" 200 224 "-" "Mozilla/5.0 AppleWebKit/537.36 (KHTML, like Gecko; compatible; ClaudeBot/1.0; +claudebot@anthropic.com)"
37.27.59.176 - - [29/Mar/2026:11:52:51 +0700] "GET /shop/page/2/?orderby=date&per_row=2&per_page=8&shop_view=grid HTTP/1.1" 200 40878 "-" "Mozilla/5.0 (compatible; SERankingBacklinksBot/1.0; +https://seranking.com/backlinks-crawler)"
37.27.59.176 - - [29/Mar/2026:11:52:56 +0700] "GET /shop/page/47/?min_price=0&per_page=8&shop_view=grid&per_row=2 HTTP/1.1" 200 40342 "-" "Mozilla/5.0 (compatible; SERankingBacklinksBot/1.0; +https://seranking.com/backlinks-crawler)"
37.27.59.176 - - [29/Mar/2026:11:53:01 +0700] "GET /shop/page/2/?orderby=date&per_row=4&per_page=8&shop_view=grid HTTP/1.1" 200 40903 "-" "Mozilla/5.0 (compatible; SERankingBacklinksBot/1.0; +https://seranking.com/backlinks-crawler)"
37.27.59.176 - - [29/Mar/2026:11:53:08 +0700] "GET /shop/page/47/?min_price=0&per_page=8&shop_view=grid&per_row=4 HTTP/1.1" 200 40414 "-" "Mozilla/5.0 (compatible; SERankingBacklinksBot/1.0; +https://seranking.com/backlinks-crawler)"
37.27.59.176 - - [29/Mar/2026:11:53:14 +0700] "GET /shop/page/2/?orderby=date&per_row=6&per_page=8&shop_view=grid HTTP/1.1" 200 41035 "-" "Mozilla/5.0 (compatible; SERankingBacklinksBot/1.0; +https://seranking.com/backlinks-crawler)"
37.27.59.176 - - [29/Mar/2026:11:53:19 +0700] "GET /shop/page/47/?min_price=0&per_page=8&shop_view=grid&per_row=6 HTTP/1.1" 200 40401 "-" "Mozilla/5.0 (compatible; SERankingBacklinksBot/1.0; +https://seranking.com/backlinks-crawler)"
37.27.59.176 - - [29/Mar/2026:11:53:24 +0700] "GET /shop/page/27/?orderby=rating&per_page=12&stock_status=instock HTTP/1.1" 200 40617 "-" "Mozilla/5.0 (compatible; SERankingBacklinksBot/1.0; +https://seranking.com/backlinks-crawler)"
37.27.59.176 - - [29/Mar/2026:11:53:29 +0700] "GET /shop/page/47/?min_price=0&per_row=2&shop_view=grid&per_page=8 HTTP/1.1" 200 40235 "-" "Mozilla/5.0 (compatible; SERankingBacklinksBot/1.0; +https://seranking.com/backlinks-crawler)"
51.68.247.205 - - [29/Mar/2026:11:53:33 +0700] "GET /product-category/crispy-snack-series/page/6/?per_page=12&shop_view=grid&per_row=2 HTTP/2" 200 32907 "-" "Mozilla/5.0 (compatible; AhrefsBot/7.0; +http://ahrefs.com/robot/)"
37.27.59.176 - - [29/Mar/2026:11:53:34 +0700] "GET /shop/page/27/?orderby=rating&stock_status=instock&per_page=12 HTTP/1.1" 200 40745 "-" "Mozilla/5.0 (compatible; SERankingBacklinksBot/1.0; +https://seranking.com/backlinks-crawler)"
103.131.51.123 - - [29/Mar/2026:11:53:40 +0700] "POST /wp-cron.php?doing_wp_cron=1774760020.6591999530792236328125 HTTP/1.1" 200 474 "-" "WordPress/6.9.4; https://lotushomemade.com"
37.27.59.176 - - [29/Mar/2026:11:53:39 +0700] "GET /shop/page/47/?min_price=0&per_row=4&shop_view=grid&per_page=8 HTTP/1.1" 200 40147 "-" "Mozilla/5.0 (compatible; SERankingBacklinksBot/1.0; +https://seranking.com/backlinks-crawler)"
176.31.139.17 - - [29/Mar/2026:11:53:42 +0700] "GET /product-category/crispy-snack-series/page/7/?per_row=4&shop_view=grid&stock_status=instock HTTP/2" 200 33009 "-" "Mozilla/5.0 (compatible; AhrefsBot/7.0; +http://ahrefs.com/robot/)"
37.27.59.176 - - [29/Mar/2026:11:53:44 +0700] "GET /shop/page/28/?orderby=rating&per_page=12&stock_status=instock HTTP/1.1" 200 40625 "-" "Mozilla/5.0 (compatible; SERankingBacklinksBot/1.0; +https://seranking.com/backlinks-crawler)"
103.131.51.123 - - [29/Mar/2026:11:53:51 +0700] "POST /wp-cron.php?doing_wp_cron=1774760030.9865200519561767578125 HTTP/1.1" 200 474 "-" "WordPress/6.9.4; https://lotushomemade.com"
37.27.59.176 - - [29/Mar/2026:11:53:49 +0700] "GET /shop/page/47/?min_price=0&per_row=6&shop_view=grid&per_page=8 HTTP/1.1" 200 40195 "-" "Mozilla/5.0 (compatible; SERankingBacklinksBot/1.0; +https://seranking.com/backlinks-crawler)"
37.27.59.176 - - [29/Mar/2026:11:53:54 +0700] "GET /shop/page/28/?orderby=rating&stock_status=instock&per_page=12 HTTP/1.1" 200 40474 "-" "Mozilla/5.0 (compatible; SERankingBacklinksBot/1.0; +https://seranking.com/backlinks-crawler)"
37.27.59.176 - - [29/Mar/2026:11:53:59 +0700] "GET /shop/page/5/?orderby=date&per_page=8&shop_view=grid&per_row=2 HTTP/1.1" 200 40690 "-" "Mozilla/5.0 (compatible; SERankingBacklinksBot/1.0; +https://seranking.com/backlinks-crawler)"
37.27.59.176 - - [29/Mar/2026:11:54:04 +0700] "GET /shop/page/29/?orderby=rating&per_page=12&stock_status=instock HTTP/1.1" 200 40260 "-" "Mozilla/5.0 (compatible; SERankingBacklinksBot/1.0; +https://seranking.com/backlinks-crawler)"
37.27.59.176 - - [29/Mar/2026:11:54:09 +0700] "GET /shop/page/5/?orderby=date&per_page=8&shop_view=grid&per_row=4 HTTP/1.1" 200 40496 "-" "Mozilla/5.0 (compatible; SERankingBacklinksBot/1.0; +https://seranking.com/backlinks-crawler)"
37.27.59.176 - - [29/Mar/2026:11:54:14 +0700] "GET /shop/page/29/?orderby=rating&stock_status=instock&per_page=12 HTTP/1.1" 200 40468 "-" "Mozilla/5.0 (compatible; SERankingBacklinksBot/1.0; +https://seranking.com/backlinks-crawler)"
37.27.59.176 - - [29/Mar/2026:11:54:20 +0700] "GET /shop/page/5/?orderby=date&per_page=8&shop_view=grid&per_row=6 HTTP/1.1" 200 40790 "-" "Mozilla/5.0 (compatible; SERankingBacklinksBot/1.0; +https://seranking.com/backlinks-crawler)"
176.31.139.20 - - [29/Mar/2026:11:54:21 +0700] "GET /shop/page/21/?stock_status=instock&per_page=18 HTTP/2" 200 33968 "-" "Mozilla/5.0 (compatible; AhrefsBot/7.0; +http://ahrefs.com/robot/)"
37.27.59.176 - - [29/Mar/2026:11:54:25 +0700] "GET /shop/page/3/?min_price=0&per_page=12&shop_view=grid&per_row=2 HTTP/1.1" 200 41414 "-" "Mozilla/5.0 (compatible; SERankingBacklinksBot/1.0; +https://seranking.com/backlinks-crawler)"
37.27.59.176 - - [29/Mar/2026:11:54:30 +0700] "GET /shop/page/5/?orderby=date&per_row=2&shop_view=grid&per_page=8 HTTP/1.1" 200 40489 "-" "Mozilla/5.0 (compatible; SERankingBacklinksBot/1.0; +https://seranking.com/backlinks-crawler)"
37.27.59.176 - - [29/Mar/2026:11:54:35 +0700] "GET /shop/page/3/?min_price=0&per_page=12&shop_view=grid&per_row=4 HTTP/1.1" 200 41249 "-" "Mozilla/5.0 (compatible; SERankingBacklinksBot/1.0; +https://seranking.com/backlinks-crawler)"
103.131.51.123 - - [29/Mar/2026:11:54:41 +0700] "POST /wp-cron.php?doing_wp_cron=1774760081.7609059810638427734375 HTTP/1.1" 200 474 "-" "WordPress/6.9.4; https://lotushomemade.com"
37.27.59.176 - - [29/Mar/2026:11:54:40 +0700] "GET /shop/page/5/?orderby=date&per_row=4&shop_view=grid&per_page=8 HTTP/1.1" 200 40704 "-" "Mozilla/5.0 (compatible; SERankingBacklinksBot/1.0; +https://seranking.com/backlinks-crawler)"
37.27.59.176 - - [29/Mar/2026:11:54:45 +0700] "GET /shop/page/3/?min_price=0&per_page=12&shop_view=grid&per_row=6 HTTP/1.1" 200 41290 "-" "Mozilla/5.0 (compatible; SERankingBacklinksBot/1.0; +https://seranking.com/backlinks-crawler)"
37.27.59.176 - - [29/Mar/2026:11:54:50 +0700] "GET /shop/page/5/?orderby=date&per_row=6&shop_view=grid&per_page=8 HTTP/1.1" 200 40494 "-" "Mozilla/5.0 (compatible; SERankingBacklinksBot/1.0; +https://seranking.com/backlinks-crawler)"
5.39.1.237 - - [29/Mar/2026:11:54:50 +0700] "GET /product-category/crispy-snack-series/page/6/?per_row=4&shop_view=grid&stock_status=instock HTTP/2" 200 32889 "-" "Mozilla/5.0 (compatible; AhrefsBot/7.0; +http://ahrefs.com/robot/)"
37.27.59.176 - - [29/Mar/2026:11:54:57 +0700] "GET /shop/page/3/?min_price=0&per_page=18&shop_view=grid&per_row=2 HTTP/1.1" 200 42089 "-" "Mozilla/5.0 (compatible; SERankingBacklinksBot/1.0; +https://seranking.com/backlinks-crawler)"
47.82.14.64 - - [29/Mar/2026:11:55:01 +0700] "GET /product-category/new-item/?per_row=2&shop_view=grid&stock_status=onsale HTTP/2" 200 41090 "-" "Mozilla/5.0 (Windows NT 10.0; Win64; x64) AppleWebKit/537.36 (KHTML, like Gecko) Chrome/139.0.0.0 Safari/537.36"
37.27.59.176 - - [29/Mar/2026:11:55:02 +0700] "GET /shop/page/6/?orderby=date&per_page=8&shop_view=grid&per_row=2 HTTP/1.1" 200 40693 "-" "Mozilla/5.0 (compatible; SERankingBacklinksBot/1.0; +https://seranking.com/backlinks-crawler)"
37.27.59.176 - - [29/Mar/2026:11:55:08 +0700] "GET /shop/page/3/?min_price=0&per_page=18&shop_view=grid&per_row=4 HTTP/1.1" 200 41929 "-" "Mozilla/5.0 (compatible; SERankingBacklinksBot/1.0; +https://seranking.com/backlinks-crawler)"
37.27.59.176 - - [29/Mar/2026:11:55:13 +0700] "GET /shop/page/6/?orderby=date&per_page=8&shop_view=grid&per_row=4 HTTP/1.1" 200 40712 "-" "Mozilla/5.0 (compatible; SERankingBacklinksBot/1.0; +https://seranking.com/backlinks-crawler)"
37.27.59.176 - - [29/Mar/2026:11:55:17 +0700] "GET /shop/page/3/?min_price=0&per_page=18&shop_view=grid&per_row=6 HTTP/1.1" 200 41926 "-" "Mozilla/5.0 (compatible; SERankingBacklinksBot/1.0; +https://seranking.com/backlinks-crawler)"
92.222.108.127 - - [29/Mar/2026:11:55:19 +0700] "GET /shop/page/42/?orderby=date&per_page=8 HTTP/2" 200 33439 "-" "Mozilla/5.0 (compatible; AhrefsBot/7.0; +http://ahrefs.com/robot/)"
37.27.59.176 - - [29/Mar/2026:11:55:23 +0700] "GET /shop/page/6/?orderby=date&per_page=8&shop_view=grid&per_row=6 HTTP/1.1" 200 40636 "-" "Mozilla/5.0 (compatible; SERankingBacklinksBot/1.0; +https://seranking.com/backlinks-crawler)"
37.27.59.176 - - [29/Mar/2026:11:55:28 +0700] "GET /shop/page/3/?min_price=0&per_page=24&shop_view=grid&per_row=2 HTTP/1.1" 200 42729 "-" "Mozilla/5.0 (compatible; SERankingBacklinksBot/1.0; +https://seranking.com/backlinks-crawler)"
37.27.59.176 - - [29/Mar/2026:11:55:33 +0700] "GET /shop/page/6/?orderby=date&per_row=2&shop_view=grid&per_page=8 HTTP/1.1" 200 40468 "-" "Mozilla/5.0 (compatible; SERankingBacklinksBot/1.0; +https://seranking.com/backlinks-crawler)"
103.131.51.123 - - [29/Mar/2026:11:55:39 +0700] "POST /wp-cron.php?doing_wp_cron=1774760139.4485690593719482421875 HTTP/1.1" 200 474 "-" "WordPress/6.9.4; https://lotushomemade.com"
37.27.59.176 - - [29/Mar/2026:11:55:37 +0700] "GET /shop/page/3/?min_price=0&per_page=24&shop_view=grid&per_row=4 HTTP/1.1" 200 42696 "-" "Mozilla/5.0 (compatible; SERankingBacklinksBot/1.0; +https://seranking.com/backlinks-crawler)"
37.27.59.176 - - [29/Mar/2026:11:55:43 +0700] "GET /shop/page/6/?orderby=date&per_row=4&shop_view=grid&per_page=8 HTTP/1.1" 200 40651 "-" "Mozilla/5.0 (compatible; SERankingBacklinksBot/1.0; +https://seranking.com/backlinks-crawler)"
52.167.144.138 - - [29/Mar/2026:11:55:47 +0700] "GET /product-category/kuih-kapit-series/page/2/?stock_status=instock&per_row=2&shop_view=grid&per_page=18 HTTP/2" 200 34501 "-" "Mozilla/5.0 AppleWebKit/537.36 (KHTML, like Gecko; compatible; bingbot/2.0; +http://www.bing.com/bingbot.htm) Chrome/116.0.1938.76 Safari/537.36"
37.27.59.176 - - [29/Mar/2026:11:55:48 +0700] "GET /shop/page/3/?min_price=0&per_page=24&shop_view=grid&per_row=6 HTTP/1.1" 200 42687 "-" "Mozilla/5.0 (compatible; SERankingBacklinksBot/1.0; +https://seranking.com/backlinks-crawler)"
37.27.59.176 - - [29/Mar/2026:11:55:53 +0700] "GET /shop/page/6/?orderby=date&per_row=6&shop_view=grid&per_page=8 HTTP/1.1" 200 40639 "-" "Mozilla/5.0 (compatible; SERankingBacklinksBot/1.0; +https://seranking.com/backlinks-crawler)"
92.222.104.195 - - [29/Mar/2026:11:55:54 +0700] "GET /shop/?per_row=2&per_page=24&shop_view=grid HTTP/2" 200 35586 "-" "Mozilla/5.0 (compatible; AhrefsBot/7.0; +http://ahrefs.com/robot/)"
123.17.31.72 - - [29/Mar/2026:11:55:55 +0700] "GET /product-category/traditional-cookies-series/page/4/?stock_status=instock%2Consale HTTP/1.1" 200 40674 "-" "Mozilla/5.0 (Macintosh; Intel Mac OS X 10_15_7) AppleWebKit/537.36 (KHTML, like Gecko) Chrome/104.0.0.0 Safari/537.36"
37.27.59.176 - - [29/Mar/2026:11:55:59 +0700] "GET /shop/page/3/?min_price=0&per_row=2&shop_view=grid&per_page=12 HTTP/1.1" 200 41409 "-" "Mozilla/5.0 (compatible; SERankingBacklinksBot/1.0; +https://seranking.com/backlinks-crawler)"
37.27.59.176 - - [29/Mar/2026:11:56:04 +0700] "GET /shop/page/7/?orderby=date&per_page=8&shop_view=grid&per_row=2 HTTP/1.1" 200 40531 "-" "Mozilla/5.0 (compatible; SERankingBacklinksBot/1.0; +https://seranking.com/backlinks-crawler)"
37.27.59.176 - - [29/Mar/2026:11:56:09 +0700] "GET /shop/page/3/?min_price=0&per_row=2&shop_view=grid&per_page=18 HTTP/1.1" 200 41854 "-" "Mozilla/5.0 (compatible; SERankingBacklinksBot/1.0; +https://seranking.com/backlinks-crawler)"
37.27.59.176 - - [29/Mar/2026:11:56:14 +0700] "GET /shop/page/7/?orderby=date&per_page=8&shop_view=grid&per_row=4 HTTP/1.1" 200 40565 "-" "Mozilla/5.0 (compatible; SERankingBacklinksBot/1.0; +https://seranking.com/backlinks-crawler)"
37.27.59.176 - - [29/Mar/2026:11:56:19 +0700] "GET /shop/page/3/?min_price=0&per_row=2&shop_view=grid&per_page=24 HTTP/1.1" 200 42676 "-" "Mozilla/5.0 (compatible; SERankingBacklinksBot/1.0; +https://seranking.com/backlinks-crawler)"
62.171.173.178 - - [29/Mar/2026:11:56:24 +0700] "GET /wp-admin/css/ HTTP/1.1" 404 1000 "binance.com" "Mozilla/5.0 (Windows NT 10.0; Win64; x64) AppleWebKit/537.36 (KHTML, like Gecko) Chrome/90.0.4430.85 Safari/537.36"
37.27.59.176 - - [29/Mar/2026:11:56:24 +0700] "GET /shop/page/7/?orderby=date&per_page=8&shop_view=grid&per_row=6 HTTP/1.1" 200 40440 "-" "Mozilla/5.0 (compatible; SERankingBacklinksBot/1.0; +https://seranking.com/backlinks-crawler)"
62.171.173.178 - - [29/Mar/2026:11:56:31 +0700] "GET /.well-known/ HTTP/1.1" 404 1000 "binance.com" "Mozilla/5.0 (Windows NT 10.0; Win64; x64) AppleWebKit/537.36 (KHTML, like Gecko) Chrome/90.0.4430.85 Safari/537.36"
37.27.59.176 - - [29/Mar/2026:11:56:30 +0700] "GET /shop/page/3/?min_price=0&per_row=4&shop_view=grid&per_page=12 HTTP/1.1" 200 41417 "-" "Mozilla/5.0 (compatible; SERankingBacklinksBot/1.0; +https://seranking.com/backlinks-crawler)"
51.68.247.208 - - [29/Mar/2026:11:56:34 +0700] "GET /product-category/crispy-snack-series/page/5/?per_row=4&shop_view=grid&stock_status=onsale HTTP/2" 200 32880 "-" "Mozilla/5.0 (compatible; AhrefsBot/7.0; +http://ahrefs.com/robot/)"
103.131.51.123 - - [29/Mar/2026:11:56:38 +0700] "POST /wp-cron.php?doing_wp_cron=1774760198.3714389801025390625000 HTTP/1.1" 200 474 "-" "WordPress/6.9.4; https://lotushomemade.com"
37.27.59.176 - - [29/Mar/2026:11:56:36 +0700] "GET /shop/page/7/?orderby=date&per_row=2&shop_view=grid&per_page=8 HTTP/1.1" 200 40549 "-" "Mozilla/5.0 (compatible; SERankingBacklinksBot/1.0; +https://seranking.com/backlinks-crawler)"
103.131.51.123 - - [29/Mar/2026:11:56:39 +0700] "POST /wp-cron.php?doing_wp_cron=1774760199.6254920959472656250000 HTTP/1.1" 200 474 "-" "WordPress/6.9.4; https://lotushomemade.com"
62.171.173.178 - - [29/Mar/2026:11:56:38 +0700] "GET /sites/default/files/ HTTP/1.1" 404 35831 "binance.com" "Mozilla/5.0 (Windows NT 10.0; Win64; x64) AppleWebKit/537.36 (KHTML, like Gecko) Chrome/90.0.4430.85 Safari/537.36"
37.27.59.176 - - [29/Mar/2026:11:56:42 +0700] "GET /shop/page/3/?min_price=0&per_row=4&shop_view=grid&per_page=18 HTTP/1.1" 200 42113 "-" "Mozilla/5.0 (compatible; SERankingBacklinksBot/1.0; +https://seranking.com/backlinks-crawler)"
37.27.59.176 - - [29/Mar/2026:11:56:47 +0700] "GET /shop/page/7/?orderby=date&per_row=4&shop_view=grid&per_page=8 HTTP/1.1" 200 40402 "-" "Mozilla/5.0 (compatible; SERankingBacklinksBot/1.0; +https://seranking.com/backlinks-crawler)"
37.27.59.176 - - [29/Mar/2026:11:56:52 +0700] "GET /shop/page/3/?min_price=0&per_row=4&shop_view=grid&per_page=24 HTTP/1.1" 200 42832 "-" "Mozilla/5.0 (compatible; SERankingBacklinksBot/1.0; +https://seranking.com/backlinks-crawler)"
62.171.173.178 - - [29/Mar/2026:11:56:54 +0700] "GET /admin/controller/extension/extension/ HTTP/1.1" 404 35838 "binance.com" "Mozilla/5.0 (Windows NT 10.0; Win64; x64) AppleWebKit/537.36 (KHTML, like Gecko) Chrome/90.0.4430.85 Safari/537.36"
37.27.59.176 - - [29/Mar/2026:11:56:57 +0700] "GET /shop/page/7/?orderby=date&per_row=6&shop_view=grid&per_page=8 HTTP/1.1" 200 40459 "-" "Mozilla/5.0 (compatible; SERankingBacklinksBot/1.0; +https://seranking.com/backlinks-crawler)"
37.27.59.176 - - [29/Mar/2026:11:57:02 +0700] "GET /shop/page/3/?min_price=0&per_row=6&shop_view=grid&per_page=12 HTTP/1.1" 200 41280 "-" "Mozilla/5.0 (compatible; SERankingBacklinksBot/1.0; +https://seranking.com/backlinks-crawler)"
37.27.59.176 - - [29/Mar/2026:11:57:07 +0700] "GET /shop/page/8/?min_price=0&per_row=2&per_page=18&shop_view=grid HTTP/1.1" 200 41670 "-" "Mozilla/5.0 (compatible; SERankingBacklinksBot/1.0; +https://seranking.com/backlinks-crawler)"
51.68.247.195 - - [29/Mar/2026:11:57:08 +0700] "GET /shop/page/19/?stock_status=instock&per_page=18 HTTP/2" 200 34524 "-" "Mozilla/5.0 (compatible; AhrefsBot/7.0; +http://ahrefs.com/robot/)"
62.171.173.178 - - [29/Mar/2026:11:57:10 +0700] "GET /uploads/ HTTP/1.1" 404 35825 "binance.com" "Mozilla/5.0 (Windows NT 10.0; Win64; x64) AppleWebKit/537.36 (KHTML, like Gecko) Chrome/90.0.4430.85 Safari/537.36"
37.27.59.176 - - [29/Mar/2026:11:57:12 +0700] "GET /shop/page/3/?min_price=0&per_row=6&shop_view=grid&per_page=18 HTTP/1.1" 200 41928 "-" "Mozilla/5.0 (compatible; SERankingBacklinksBot/1.0; +https://seranking.com/backlinks-crawler)"
37.27.59.176 - - [29/Mar/2026:11:57:19 +0700] "GET /shop/page/8/?min_price=0&per_row=2&per_page=24&shop_view=grid HTTP/1.1" 200 42937 "-" "Mozilla/5.0 (compatible; SERankingBacklinksBot/1.0; +https://seranking.com/backlinks-crawler)"
37.27.59.176 - - [29/Mar/2026:11:57:23 +0700] "GET /shop/page/3/?min_price=0&per_row=6&shop_view=grid&per_page=24 HTTP/1.1" 200 42680 "-" "Mozilla/5.0 (compatible; SERankingBacklinksBot/1.0; +https://seranking.com/backlinks-crawler)"
62.171.173.178 - - [29/Mar/2026:11:57:26 +0700] "GET /images/ HTTP/1.1" 404 35822 "binance.com" "Mozilla/5.0 (Windows NT 10.0; Win64; x64) AppleWebKit/537.36 (KHTML, like Gecko) Chrome/90.0.4430.85 Safari/537.36"
37.27.59.176 - - [29/Mar/2026:11:57:28 +0700] "GET /shop/page/8/?min_price=0&per_row=4&per_page=18&shop_view=grid HTTP/1.1" 200 41658 "-" "Mozilla/5.0 (compatible; SERankingBacklinksBot/1.0; +https://seranking.com/backlinks-crawler)"
37.27.59.176 - - [29/Mar/2026:11:57:34 +0700] "GET /shop/page/3/?orderby=date&per_row=2&per_page=8&shop_view=grid HTTP/1.1" 200 40430 "-" "Mozilla/5.0 (compatible; SERankingBacklinksBot/1.0; +https://seranking.com/backlinks-crawler)"
103.131.51.123 - - [29/Mar/2026:11:57:41 +0700] "POST /wp-cron.php?doing_wp_cron=1774760260.9570629596710205078125 HTTP/1.1" 200 474 "-" "WordPress/6.9.4; https://lotushomemade.com"
37.27.59.176 - - [29/Mar/2026:11:57:39 +0700] "GET /shop/page/8/?min_price=0&per_row=4&per_page=24&shop_view=grid HTTP/1.1" 200 42949 "-" "Mozilla/5.0 (compatible; SERankingBacklinksBot/1.0; +https://seranking.com/backlinks-crawler)"
37.27.59.176 - - [29/Mar/2026:11:57:44 +0700] "GET /shop/page/3/?orderby=date&per_row=4&per_page=8&shop_view=grid HTTP/1.1" 200 40208 "-" "Mozilla/5.0 (compatible; SERankingBacklinksBot/1.0; +https://seranking.com/backlinks-crawler)"
62.171.173.178 - - [29/Mar/2026:11:57:45 +0700] "GET /files/ HTTP/1.1" 404 35812 "binance.com" "Mozilla/5.0 (Windows NT 10.0; Win64; x64) AppleWebKit/537.36 (KHTML, like Gecko) Chrome/90.0.4430.85 Safari/537.36"
176.31.139.21 - - [29/Mar/2026:11:57:48 +0700] "GET /product-category/crispy-snack-series/page/7/?per_row=4&shop_view=grid&stock_status=onsale HTTP/2" 200 33010 "-" "Mozilla/5.0 (compatible; AhrefsBot/7.0; +http://ahrefs.com/robot/)"
37.27.59.176 - - [29/Mar/2026:11:57:49 +0700] "GET /shop/page/8/?min_price=0&per_row=6&per_page=18&shop_view=grid HTTP/1.1" 200 41516 "-" "Mozilla/5.0 (compatible; SERankingBacklinksBot/1.0; +https://seranking.com/backlinks-crawler)"
37.27.59.176 - - [29/Mar/2026:11:57:54 +0700] "GET /shop/page/3/?orderby=date&per_row=6&per_page=8&shop_view=grid HTTP/1.1" 200 40367 "-" "Mozilla/5.0 (compatible; SERankingBacklinksBot/1.0; +https://seranking.com/backlinks-crawler)"
37.27.59.176 - - [29/Mar/2026:11:57:59 +0700] "GET /shop/page/8/?min_price=0&per_row=6&per_page=24&shop_view=grid HTTP/1.1" 200 42708 "-" "Mozilla/5.0 (compatible; SERankingBacklinksBot/1.0; +https://seranking.com/backlinks-crawler)"
37.27.59.176 - - [29/Mar/2026:11:58:04 +0700] "GET /shop/page/36/?min_price=0&per_row=2&per_page=8&shop_view=grid HTTP/1.1" 200 40084 "-" "Mozilla/5.0 (compatible; SERankingBacklinksBot/1.0; +https://seranking.com/backlinks-crawler)"
37.27.59.176 - - [29/Mar/2026:11:58:09 +0700] "GET /shop/?orderby=price-desc&stock_status=instock&per_page=12&filter_brand=blessing-food&shop_view=grid&per_row=6 HTTP/1.1" 200 40134 "-" "Mozilla/5.0 (compatible; SERankingBacklinksBot/1.0; +https://seranking.com/backlinks-crawler)"
37.27.59.176 - - [29/Mar/2026:11:58:14 +0700] "GET /shop/page/9/?min_price=0&per_row=2&per_page=18&shop_view=grid HTTP/1.1" 200 41938 "-" "Mozilla/5.0 (compatible; SERankingBacklinksBot/1.0; +https://seranking.com/backlinks-crawler)"
52.167.144.212 - - [29/Mar/2026:11:58:15 +0700] "GET /shop/?max_price=2650&per_page=12&stock_status=instock HTTP/2" 200 34459 "-" "Mozilla/5.0 AppleWebKit/537.36 (KHTML, like Gecko; compatible; bingbot/2.0; +http://www.bing.com/bingbot.htm) Chrome/116.0.1938.76 Safari/537.36"
37.27.59.176 - - [29/Mar/2026:11:58:18 +0700] "GET /shop/page/36/?min_price=0&per_row=4&per_page=8&shop_view=grid HTTP/1.1" 200 40096 "-" "Mozilla/5.0 (compatible; SERankingBacklinksBot/1.0; +https://seranking.com/backlinks-crawler)"
37.27.59.176 - - [29/Mar/2026:11:58:24 +0700] "GET /shop/page/9/?min_price=0&per_row=2&per_page=24&shop_view=grid HTTP/1.1" 200 42836 "-" "Mozilla/5.0 (compatible; SERankingBacklinksBot/1.0; +https://seranking.com/backlinks-crawler)"
37.27.59.176 - - [29/Mar/2026:11:58:29 +0700] "GET /shop/page/36/?min_price=0&per_row=6&per_page=8&shop_view=grid HTTP/1.1" 200 40074 "-" "Mozilla/5.0 (compatible; SERankingBacklinksBot/1.0; +https://seranking.com/backlinks-crawler)"
54.37.118.87 - - [29/Mar/2026:11:58:32 +0700] "GET /product-category/crispy-snack-series/page/6/?stock_status=onsale&shop_view=grid&per_row=2 HTTP/2" 200 32971 "-" "Mozilla/5.0 (compatible; AhrefsBot/7.0; +http://ahrefs.com/robot/)"
37.27.59.176 - - [29/Mar/2026:11:58:36 +0700] "GET /shop/page/9/?min_price=0&per_row=4&per_page=18&shop_view=grid HTTP/1.1" 200 42130 "-" "Mozilla/5.0 (compatible; SERankingBacklinksBot/1.0; +https://seranking.com/backlinks-crawler)"
103.131.51.123 - - [29/Mar/2026:11:58:43 +0700] "POST /wp-cron.php?doing_wp_cron=1774760323.3120150566101074218750 HTTP/1.1" 200 474 "-" "WordPress/6.9.4; https://lotushomemade.com"
37.27.59.176 - - [29/Mar/2026:11:58:41 +0700] "GET /shop/page/37/?min_price=0&per_row=2&per_page=8&shop_view=grid HTTP/1.1" 200 40540 "-" "Mozilla/5.0 (compatible; SERankingBacklinksBot/1.0; +https://seranking.com/backlinks-crawler)"
37.27.59.176 - - [29/Mar/2026:11:58:46 +0700] "GET /shop/page/9/?min_price=0&per_row=4&per_page=24&shop_view=grid HTTP/1.1" 200 42621 "-" "Mozilla/5.0 (compatible; SERankingBacklinksBot/1.0; +https://seranking.com/backlinks-crawler)"
37.27.59.176 - - [29/Mar/2026:11:58:52 +0700] "GET /shop/page/37/?min_price=0&per_row=4&per_page=8&shop_view=grid HTTP/1.1" 200 40537 "-" "Mozilla/5.0 (compatible; SERankingBacklinksBot/1.0; +https://seranking.com/backlinks-crawler)"
37.27.59.176 - - [29/Mar/2026:11:58:57 +0700] "GET /shop/page/9/?min_price=0&per_row=6&per_page=18&shop_view=grid HTTP/1.1" 200 41934 "-" "Mozilla/5.0 (compatible; SERankingBacklinksBot/1.0; +https://seranking.com/backlinks-crawler)"
94.23.188.198 - - [29/Mar/2026:11:58:59 +0700] "GET /product-category/kuih-kapit-series/?stock_status=instock%2Consale&per_row=4&per_page=18&shop_view=grid&filter_brand=blessing-food HTTP/2" 200 33237 "-" "Mozilla/5.0 (compatible; AhrefsBot/7.0; +http://ahrefs.com/robot/)"
37.27.59.176 - - [29/Mar/2026:11:59:01 +0700] "GET /shop/page/37/?min_price=0&per_row=6&per_page=8&shop_view=grid HTTP/1.1" 200 40372 "-" "Mozilla/5.0 (compatible; SERankingBacklinksBot/1.0; +https://seranking.com/backlinks-crawler)"
37.27.59.176 - - [29/Mar/2026:11:59:07 +0700] "GET /shop/page/9/?min_price=0&per_row=6&per_page=24&shop_view=grid HTTP/1.1" 200 42843 "-" "Mozilla/5.0 (compatible; SERankingBacklinksBot/1.0; +https://seranking.com/backlinks-crawler)"
37.27.59.176 - - [29/Mar/2026:11:59:13 +0700] "GET /shop/page/38/?min_price=0&per_row=2&per_page=8&shop_view=grid HTTP/1.1" 200 40269 "-" "Mozilla/5.0 (compatible; SERankingBacklinksBot/1.0; +https://seranking.com/backlinks-crawler)"
37.27.59.176 - - [29/Mar/2026:11:59:18 +0700] "GET /shop/page/38/?min_price=0&per_row=4&per_page=8&shop_view=grid HTTP/1.1" 200 40260 "-" "Mozilla/5.0 (compatible; SERankingBacklinksBot/1.0; +https://seranking.com/backlinks-crawler)"
37.27.59.176 - - [29/Mar/2026:11:59:22 +0700] "GET /shop/page/38/?min_price=0&per_row=6&per_page=8&shop_view=grid HTTP/1.1" 200 40093 "-" "Mozilla/5.0 (compatible; SERankingBacklinksBot/1.0; +https://seranking.com/backlinks-crawler)"
37.27.59.176 - - [29/Mar/2026:11:59:28 +0700] "GET /shop/page/1/?orderby=date&per_page=12&shop_view=grid&per_row=2 HTTP/1.1" 301 686 "-" "Mozilla/5.0 (compatible; SERankingBacklinksBot/1.0; +https://seranking.com/backlinks-crawler)"
37.27.59.176 - - [29/Mar/2026:11:59:29 +0700] "GET /shop/?orderby=date&per_page=12&shop_view=grid&per_row=2 HTTP/1.1" 200 41591 "-" "Mozilla/5.0 (compatible; SERankingBacklinksBot/1.0; +https://seranking.com/backlinks-crawler)"
37.27.59.176 - - [29/Mar/2026:11:59:34 +0700] "GET /shop/page/4/?max_price=845&per_page=8&shop_view=grid&per_row=2 HTTP/1.1" 200 40919 "-" "Mozilla/5.0 (compatible; SERankingBacklinksBot/1.0; +https://seranking.com/backlinks-crawler)"
103.131.51.123 - - [29/Mar/2026:11:59:39 +0700] "POST /wp-cron.php?doing_wp_cron=1774760379.2312650680541992187500 HTTP/1.1" 200 474 "-" "WordPress/6.9.4; https://lotushomemade.com"
92.222.104.197 - - [29/Mar/2026:11:59:37 +0700] "GET /product-category/crispy-snack-series/page/6/?per_row=4&shop_view=grid&stock_status=onsale HTTP/2" 200 32913 "-" "Mozilla/5.0 (compatible; AhrefsBot/7.0; +http://ahrefs.com/robot/)"
37.27.59.176 - - [29/Mar/2026:11:59:39 +0700] "GET /shop/page/13/?min_price=0&per_row=2&per_page=12&shop_view=grid HTTP/1.1" 200 41120 "-" "Mozilla/5.0 (compatible; SERankingBacklinksBot/1.0; +https://seranking.com/backlinks-crawler)"
37.27.59.176 - - [29/Mar/2026:11:59:44 +0700] "GET /shop/page/1/?orderby=date&per_page=12&shop_view=grid&per_row=4 HTTP/1.1" 301 508 "-" "Mozilla/5.0 (compatible; SERankingBacklinksBot/1.0; +https://seranking.com/backlinks-crawler)"
37.27.59.176 - - [29/Mar/2026:11:59:44 +0700] "GET /shop/?orderby=date&per_page=12&shop_view=grid&per_row=4 HTTP/1.1" 200 41633 "-" "Mozilla/5.0 (compatible; SERankingBacklinksBot/1.0; +https://seranking.com/backlinks-crawler)"
37.27.59.176 - - [29/Mar/2026:11:59:49 +0700] "GET /shop/page/4/?max_price=845&per_page=8&shop_view=grid&per_row=4 HTTP/1.1" 200 41012 "-" "Mozilla/5.0 (compatible; SERankingBacklinksBot/1.0; +https://seranking.com/backlinks-crawler)"
37.27.59.176 - - [29/Mar/2026:11:59:54 +0700] "GET /shop/page/13/?min_price=0&per_row=2&per_page=18&shop_view=grid HTTP/1.1" 200 41387 "-" "Mozilla/5.0 (compatible; SERankingBacklinksBot/1.0; +https://seranking.com/backlinks-crawler)"
37.27.59.176 - - [29/Mar/2026:11:59:59 +0700] "GET /shop/page/1/?orderby=date&per_page=12&shop_view=grid&per_row=6 HTTP/1.1" 301 686 "-" "Mozilla/5.0 (compatible; SERankingBacklinksBot/1.0; +https://seranking.com/backlinks-crawler)"
37.27.59.176 - - [29/Mar/2026:12:00:00 +0700] "GET /shop/?orderby=date&per_page=12&shop_view=grid&per_row=6 HTTP/1.1" 200 41596 "-" "Mozilla/5.0 (compatible; SERankingBacklinksBot/1.0; +https://seranking.com/backlinks-crawler)"
37.27.59.176 - - [29/Mar/2026:12:00:05 +0700] "GET /shop/page/4/?max_price=845&per_page=8&shop_view=grid&per_row=6 HTTP/1.1" 200 40755 "-" "Mozilla/5.0 (compatible; SERankingBacklinksBot/1.0; +https://seranking.com/backlinks-crawler)"
37.27.59.176 - - [29/Mar/2026:12:00:10 +0700] "GET /shop/page/13/?min_price=0&per_row=4&per_page=12&shop_view=grid HTTP/1.1" 200 41298 "-" "Mozilla/5.0 (compatible; SERankingBacklinksBot/1.0; +https://seranking.com/backlinks-crawler)"
37.27.59.176 - - [29/Mar/2026:12:00:15 +0700] "GET /shop/page/1/?orderby=date&per_page=18&shop_view=grid&per_row=2 HTTP/1.1" 301 508 "-" "Mozilla/5.0 (compatible; SERankingBacklinksBot/1.0; +https://seranking.com/backlinks-crawler)"
37.27.59.176 - - [29/Mar/2026:12:00:18 +0700] "GET /shop/?orderby=date&per_page=18&shop_view=grid&per_row=2 HTTP/1.1" 200 42397 "-" "Mozilla/5.0 (compatible; SERankingBacklinksBot/1.0; +https://seranking.com/backlinks-crawler)"
94.23.188.206 - - [29/Mar/2026:12:00:21 +0700] "GET /product-category/crispy-snack-series/page/7/?per_row=2&shop_view=grid&per_page=12 HTTP/2" 200 33043 "-" "Mozilla/5.0 (compatible; AhrefsBot/7.0; +http://ahrefs.com/robot/)"
37.27.59.176 - - [29/Mar/2026:12:00:23 +0700] "GET /shop/page/4/?max_price=845&per_row=2&shop_view=grid&per_page=8 HTTP/1.1" 200 40792 "-" "Mozilla/5.0 (compatible; SERankingBacklinksBot/1.0; +https://seranking.com/backlinks-crawler)"
37.27.59.176 - - [29/Mar/2026:12:00:28 +0700] "GET /shop/page/13/?min_price=0&per_row=4&per_page=18&shop_view=grid HTTP/1.1" 200 41330 "-" "Mozilla/5.0 (compatible; SERankingBacklinksBot/1.0; +https://seranking.com/backlinks-crawler)"
37.27.59.176 - - [29/Mar/2026:12:00:33 +0700] "GET /shop/page/1/?orderby=date&per_page=18&shop_view=grid&per_row=4 HTTP/1.1" 301 686 "-" "Mozilla/5.0 (compatible; SERankingBacklinksBot/1.0; +https://seranking.com/backlinks-crawler)"
37.27.59.176 - - [29/Mar/2026:12:00:34 +0700] "GET /shop/?orderby=date&per_page=18&shop_view=grid&per_row=4 HTTP/1.1" 200 42414 "-" "Mozilla/5.0 (compatible; SERankingBacklinksBot/1.0; +https://seranking.com/backlinks-crawler)"
103.131.51.123 - - [29/Mar/2026:12:00:40 +0700] "POST /wp-cron.php?doing_wp_cron=1774760440.3215210437774658203125 HTTP/1.1" 200 474 "-" "WordPress/6.9.4; https://lotushomemade.com"
37.27.59.176 - - [29/Mar/2026:12:00:38 +0700] "GET /shop/page/4/?max_price=845&per_row=4&shop_view=grid&per_page=8 HTTP/1.1" 200 40857 "-" "Mozilla/5.0 (compatible; SERankingBacklinksBot/1.0; +https://seranking.com/backlinks-crawler)"
37.27.59.176 - - [29/Mar/2026:12:00:44 +0700] "GET /shop/page/13/?min_price=0&per_row=6&per_page=12&shop_view=grid HTTP/1.1" 200 41295 "-" "Mozilla/5.0 (compatible; SERankingBacklinksBot/1.0; +https://seranking.com/backlinks-crawler)"
37.27.59.176 - - [29/Mar/2026:12:00:49 +0700] "GET /shop/page/1/?orderby=date&per_page=18&shop_view=grid&per_row=6 HTTP/1.1" 301 508 "-" "Mozilla/5.0 (compatible; SERankingBacklinksBot/1.0; +https://seranking.com/backlinks-crawler)"
37.27.59.176 - - [29/Mar/2026:12:00:49 +0700] "GET /shop/?orderby=date&per_page=18&shop_view=grid&per_row=6 HTTP/1.1" 200 42423 "-" "Mozilla/5.0 (compatible; SERankingBacklinksBot/1.0; +https://seranking.com/backlinks-crawler)"
37.27.59.176 - - [29/Mar/2026:12:00:54 +0700] "GET /shop/page/4/?max_price=845&per_row=6&shop_view=grid&per_page=8 HTTP/1.1" 200 40757 "-" "Mozilla/5.0 (compatible; SERankingBacklinksBot/1.0; +https://seranking.com/backlinks-crawler)"
92.222.108.119 - - [29/Mar/2026:12:00:56 +0700] "GET /product-category/crispy-snack-series/page/6/?per_row=2&shop_view=grid&stock_status=instock HTTP/2" 200 32889 "-" "Mozilla/5.0 (compatible; AhrefsBot/7.0; +http://ahrefs.com/robot/)"
37.27.59.176 - - [29/Mar/2026:12:00:59 +0700] "GET /shop/page/13/?min_price=0&per_row=6&per_page=18&shop_view=grid HTTP/1.1" 200 41511 "-" "Mozilla/5.0 (compatible; SERankingBacklinksBot/1.0; +https://seranking.com/backlinks-crawler)"
37.27.59.176 - - [29/Mar/2026:12:01:04 +0700] "GET /shop/page/1/?orderby=date&per_page=24&shop_view=grid&per_row=2 HTTP/1.1" 301 508 "-" "Mozilla/5.0 (compatible; SERankingBacklinksBot/1.0; +https://seranking.com/backlinks-crawler)"
37.27.59.176 - - [29/Mar/2026:12:01:05 +0700] "GET /shop/?orderby=date&per_page=24&shop_view=grid&per_row=2 HTTP/1.1" 200 42955 "-" "Mozilla/5.0 (compatible; SERankingBacklinksBot/1.0; +https://seranking.com/backlinks-crawler)"
37.27.59.176 - - [29/Mar/2026:12:01:10 +0700] "GET /shop/page/4/?orderby=date&per_row=2&per_page=12&shop_view=grid HTTP/1.1" 200 41281 "-" "Mozilla/5.0 (compatible; SERankingBacklinksBot/1.0; +https://seranking.com/backlinks-crawler)"
37.27.59.176 - - [29/Mar/2026:12:01:15 +0700] "GET /shop/page/14/?min_price=0&per_page=24&shop_view=grid&per_row=2 HTTP/1.1" 200 42287 "-" "Mozilla/5.0 (compatible; SERankingBacklinksBot/1.0; +https://seranking.com/backlinks-crawler)"
37.27.59.176 - - [29/Mar/2026:12:01:20 +0700] "GET /shop/page/1/?orderby=date&per_page=24&shop_view=grid&per_row=4 HTTP/1.1" 301 686 "-" "Mozilla/5.0 (compatible; SERankingBacklinksBot/1.0; +https://seranking.com/backlinks-crawler)"
37.27.59.176 - - [29/Mar/2026:12:01:21 +0700] "GET /shop/?orderby=date&per_page=24&shop_view=grid&per_row=4 HTTP/1.1" 200 42980 "-" "Mozilla/5.0 (compatible; SERankingBacklinksBot/1.0; +https://seranking.com/backlinks-crawler)"
37.27.59.176 - - [29/Mar/2026:12:01:26 +0700] "GET /shop/page/4/?orderby=date&per_row=2&per_page=18&shop_view=grid HTTP/1.1" 200 41757 "-" "Mozilla/5.0 (compatible; SERankingBacklinksBot/1.0; +https://seranking.com/backlinks-crawler)"
37.27.59.176 - - [29/Mar/2026:12:01:31 +0700] "GET /shop/page/14/?min_price=0&per_page=24&shop_view=grid&per_row=4 HTTP/1.1" 200 42491 "-" "Mozilla/5.0 (compatible; SERankingBacklinksBot/1.0; +https://seranking.com/backlinks-crawler)"
5.39.1.227 - - [29/Mar/2026:12:01:32 +0700] "GET /shop/page/32/?orderby=date&per_page=12 HTTP/2" 200 32593 "-" "Mozilla/5.0 (compatible; AhrefsBot/7.0; +http://ahrefs.com/robot/)"
37.27.59.176 - - [29/Mar/2026:12:01:37 +0700] "GET /shop/page/1/?orderby=date&per_page=24&shop_view=grid&per_row=6 HTTP/1.1" 301 686 "-" "Mozilla/5.0 (compatible; SERankingBacklinksBot/1.0; +https://seranking.com/backlinks-crawler)"
103.131.51.123 - - [29/Mar/2026:12:01:38 +0700] "POST /wp-cron.php?doing_wp_cron=1774760498.9169499874114990234375 HTTP/1.1" 200 474 "-" "WordPress/6.9.4; https://lotushomemade.com"
37.27.59.176 - - [29/Mar/2026:12:01:37 +0700] "GET /shop/?orderby=date&per_page=24&shop_view=grid&per_row=6 HTTP/1.1" 200 42987 "-" "Mozilla/5.0 (compatible; SERankingBacklinksBot/1.0; +https://seranking.com/backlinks-crawler)"
37.27.59.176 - - [29/Mar/2026:12:01:42 +0700] "GET /shop/page/4/?orderby=date&per_row=2&per_page=24&shop_view=grid HTTP/1.1" 200 42877 "-" "Mozilla/5.0 (compatible; SERankingBacklinksBot/1.0; +https://seranking.com/backlinks-crawler)"
37.27.59.176 - - [29/Mar/2026:12:01:47 +0700] "GET /shop/page/14/?min_price=0&per_page=24&shop_view=grid&per_row=6 HTTP/1.1" 200 42334 "-" "Mozilla/5.0 (compatible; SERankingBacklinksBot/1.0; +https://seranking.com/backlinks-crawler)"
37.27.59.176 - - [29/Mar/2026:12:01:52 +0700] "GET /shop/page/1/?orderby=date&per_row=2&shop_view=grid&per_page=12 HTTP/1.1" 301 686 "-" "Mozilla/5.0 (compatible; SERankingBacklinksBot/1.0; +https://seranking.com/backlinks-crawler)"
37.27.59.176 - - [29/Mar/2026:12:01:53 +0700] "GET /shop/?orderby=date&per_row=2&shop_view=grid&per_page=12 HTTP/1.1" 200 41632 "-" "Mozilla/5.0 (compatible; SERankingBacklinksBot/1.0; +https://seranking.com/backlinks-crawler)"
37.27.59.176 - - [29/Mar/2026:12:01:58 +0700] "GET /shop/page/4/?orderby=date&per_row=4&per_page=12&shop_view=grid HTTP/1.1" 200 41175 "-" "Mozilla/5.0 (compatible; SERankingBacklinksBot/1.0; +https://seranking.com/backlinks-crawler)"
37.27.59.176 - - [29/Mar/2026:12:02:03 +0700] "GET /shop/page/14/?min_price=0&per_row=2&per_page=18&shop_view=grid HTTP/1.1" 200 41225 "-" "Mozilla/5.0 (compatible; SERankingBacklinksBot/1.0; +https://seranking.com/backlinks-crawler)"
37.59.204.142 - - [29/Mar/2026:12:02:08 +0700] "GET /product-category/crispy-snack-series/page/6/?per_row=6&shop_view=grid&stock_status=instock HTTP/2" 200 32932 "-" "Mozilla/5.0 (compatible; AhrefsBot/7.0; +http://ahrefs.com/robot/)"
37.27.59.176 - - [29/Mar/2026:12:02:10 +0700] "GET /shop/page/1/?orderby=date&per_row=2&shop_view=grid&per_page=18 HTTP/1.1" 301 686 "-" "Mozilla/5.0 (compatible; SERankingBacklinksBot/1.0; +https://seranking.com/backlinks-crawler)"
37.27.59.176 - - [29/Mar/2026:12:02:10 +0700] "GET /shop/?orderby=date&per_row=2&shop_view=grid&per_page=18 HTTP/1.1" 200 42418 "-" "Mozilla/5.0 (compatible; SERankingBacklinksBot/1.0; +https://seranking.com/backlinks-crawler)"
37.27.59.176 - - [29/Mar/2026:12:02:15 +0700] "GET /shop/page/4/?orderby=date&per_row=4&per_page=18&shop_view=grid HTTP/1.1" 200 41720 "-" "Mozilla/5.0 (compatible; SERankingBacklinksBot/1.0; +https://seranking.com/backlinks-crawler)"
37.27.59.176 - - [29/Mar/2026:12:02:21 +0700] "GET /shop/page/14/?min_price=0&per_row=2&shop_view=grid&per_page=24 HTTP/1.1" 200 42483 "-" "Mozilla/5.0 (compatible; SERankingBacklinksBot/1.0; +https://seranking.com/backlinks-crawler)"
37.27.59.176 - - [29/Mar/2026:12:02:26 +0700] "GET /shop/page/1/?orderby=date&per_row=2&shop_view=grid&per_page=24 HTTP/1.1" 301 508 "-" "Mozilla/5.0 (compatible; SERankingBacklinksBot/1.0; +https://seranking.com/backlinks-crawler)"
37.27.59.176 - - [29/Mar/2026:12:02:26 +0700] "GET /shop/?orderby=date&per_row=2&shop_view=grid&per_page=24 HTTP/1.1" 200 42925 "-" "Mozilla/5.0 (compatible; SERankingBacklinksBot/1.0; +https://seranking.com/backlinks-crawler)"
37.27.59.176 - - [29/Mar/2026:12:02:31 +0700] "GET /shop/page/4/?orderby=date&per_row=4&per_page=24&shop_view=grid HTTP/1.1" 200 42921 "-" "Mozilla/5.0 (compatible; SERankingBacklinksBot/1.0; +https://seranking.com/backlinks-crawler)"
103.131.51.123 - - [29/Mar/2026:12:02:38 +0700] "POST /wp-cron.php?doing_wp_cron=1774760558.2824978828430175781250 HTTP/1.1" 200 474 "-" "WordPress/6.9.4; https://lotushomemade.com"
37.27.59.176 - - [29/Mar/2026:12:02:36 +0700] "GET /shop/page/14/?min_price=0&per_row=4&per_page=18&shop_view=grid HTTP/1.1" 200 41052 "-" "Mozilla/5.0 (compatible; SERankingBacklinksBot/1.0; +https://seranking.com/backlinks-crawler)"
37.27.59.176 - - [29/Mar/2026:12:02:42 +0700] "GET /shop/page/1/?orderby=date&per_row=4&shop_view=grid&per_page=12 HTTP/1.1" 301 686 "-" "Mozilla/5.0 (compatible; SERankingBacklinksBot/1.0; +https://seranking.com/backlinks-crawler)"
37.27.59.176 - - [29/Mar/2026:12:02:42 +0700] "GET /shop/?orderby=date&per_row=4&shop_view=grid&per_page=12 HTTP/1.1" 200 41585 "-" "Mozilla/5.0 (compatible; SERankingBacklinksBot/1.0; +https://seranking.com/backlinks-crawler)"
37.27.59.176 - - [29/Mar/2026:12:02:47 +0700] "GET /shop/page/4/?orderby=date&per_row=6&per_page=12&shop_view=grid HTTP/1.1" 200 41126 "-" "Mozilla/5.0 (compatible; SERankingBacklinksBot/1.0; +https://seranking.com/backlinks-crawler)"
5.39.1.242 - - [29/Mar/2026:12:02:47 +0700] "GET /shop/?per_row=2&shop_view=grid&per_page=8 HTTP/2" 200 33937 "-" "Mozilla/5.0 (compatible; AhrefsBot/7.0; +http://ahrefs.com/robot/)"
37.27.59.176 - - [29/Mar/2026:12:02:52 +0700] "GET /shop/page/14/?min_price=0&per_row=4&shop_view=grid&per_page=24 HTTP/1.1" 200 42276 "-" "Mozilla/5.0 (compatible; SERankingBacklinksBot/1.0; +https://seranking.com/backlinks-crawler)"
37.27.59.176 - - [29/Mar/2026:12:02:57 +0700] "GET /shop/page/1/?orderby=date&per_row=4&shop_view=grid&per_page=18 HTTP/1.1" 301 686 "-" "Mozilla/5.0 (compatible; SERankingBacklinksBot/1.0; +https://seranking.com/backlinks-crawler)"
37.27.59.176 - - [29/Mar/2026:12:02:58 +0700] "GET /shop/?orderby=date&per_row=4&shop_view=grid&per_page=18 HTTP/1.1" 200 42378 "-" "Mozilla/5.0 (compatible; SERankingBacklinksBot/1.0; +https://seranking.com/backlinks-crawler)"
37.27.59.176 - - [29/Mar/2026:12:03:02 +0700] "GET /shop/page/4/?orderby=date&per_row=6&per_page=18&shop_view=grid HTTP/1.1" 200 41738 "-" "Mozilla/5.0 (compatible; SERankingBacklinksBot/1.0; +https://seranking.com/backlinks-crawler)"
37.27.59.176 - - [29/Mar/2026:12:03:08 +0700] "GET /shop/page/14/?min_price=0&per_row=6&per_page=18&shop_view=grid HTTP/1.1" 200 41243 "-" "Mozilla/5.0 (compatible; SERankingBacklinksBot/1.0; +https://seranking.com/backlinks-crawler)"
37.27.59.176 - - [29/Mar/2026:12:03:13 +0700] "GET /shop/page/1/?orderby=date&per_row=4&shop_view=grid&per_page=24 HTTP/1.1" 301 508 "-" "Mozilla/5.0 (compatible; SERankingBacklinksBot/1.0; +https://seranking.com/backlinks-crawler)"
37.27.59.176 - - [29/Mar/2026:12:03:13 +0700] "GET /shop/?orderby=date&per_row=4&shop_view=grid&per_page=24 HTTP/1.1" 200 42920 "-" "Mozilla/5.0 (compatible; SERankingBacklinksBot/1.0; +https://seranking.com/backlinks-crawler)"
37.27.59.176 - - [29/Mar/2026:12:03:19 +0700] "GET /shop/page/4/?orderby=date&per_row=6&per_page=24&shop_view=grid HTTP/1.1" 200 42855 "-" "Mozilla/5.0 (compatible; SERankingBacklinksBot/1.0; +https://seranking.com/backlinks-crawler)"
37.27.59.176 - - [29/Mar/2026:12:03:23 +0700] "GET /shop/page/14/?min_price=0&per_row=6&shop_view=grid&per_page=24 HTTP/1.1" 200 42275 "-" "Mozilla/5.0 (compatible; SERankingBacklinksBot/1.0; +https://seranking.com/backlinks-crawler)"
54.37.118.90 - - [29/Mar/2026:12:03:25 +0700] "GET /product-category/kuih-kapit-series/?stock_status=instock%2Consale&per_row=2&per_page=18&shop_view=grid&filter_brand=blessing-food HTTP/2" 200 33199 "-" "Mozilla/5.0 (compatible; AhrefsBot/7.0; +http://ahrefs.com/robot/)"
37.27.59.176 - - [29/Mar/2026:12:03:29 +0700] "GET /shop/page/1/?orderby=date&per_row=6&shop_view=grid&per_page=12 HTTP/1.1" 301 686 "-" "Mozilla/5.0 (compatible; SERankingBacklinksBot/1.0; +https://seranking.com/backlinks-crawler)"
37.27.59.176 - - [29/Mar/2026:12:03:29 +0700] "GET /shop/?orderby=date&per_row=6&shop_view=grid&per_page=12 HTTP/1.1" 200 41676 "-" "Mozilla/5.0 (compatible; SERankingBacklinksBot/1.0; +https://seranking.com/backlinks-crawler)"
37.27.59.176 - - [29/Mar/2026:12:03:34 +0700] "GET /shop/page/4/?orderby=price&per_row=2&per_page=8&shop_view=grid HTTP/1.1" 200 40355 "-" "Mozilla/5.0 (compatible; SERankingBacklinksBot/1.0; +https://seranking.com/backlinks-crawler)"
103.131.51.123 - - [29/Mar/2026:12:03:41 +0700] "POST /wp-cron.php?doing_wp_cron=1774760621.4792768955230712890625 HTTP/1.1" 200 474 "-" "WordPress/6.9.4; https://lotushomemade.com"
37.27.59.176 - - [29/Mar/2026:12:03:40 +0700] "GET /shop/page/15/?min_price=0&per_page=24&shop_view=grid&per_row=2 HTTP/1.1" 200 41948 "-" "Mozilla/5.0 (compatible; SERankingBacklinksBot/1.0; +https://seranking.com/backlinks-crawler)"
37.27.59.176 - - [29/Mar/2026:12:03:45 +0700] "GET /shop/page/1/?orderby=date&per_row=6&shop_view=grid&per_page=18 HTTP/1.1" 301 508 "-" "Mozilla/5.0 (compatible; SERankingBacklinksBot/1.0; +https://seranking.com/backlinks-crawler)"
37.27.59.176 - - [29/Mar/2026:12:03:45 +0700] "GET /shop/?orderby=date&per_row=6&shop_view=grid&per_page=18 HTTP/1.1" 200 42418 "-" "Mozilla/5.0 (compatible; SERankingBacklinksBot/1.0; +https://seranking.com/backlinks-crawler)"
37.27.59.176 - - [29/Mar/2026:12:03:52 +0700] "GET /shop/page/4/?orderby=price&per_row=4&per_page=8&shop_view=grid HTTP/1.1" 200 40553 "-" "Mozilla/5.0 (compatible; SERankingBacklinksBot/1.0; +https://seranking.com/backlinks-crawler)"
37.27.59.176 - - [29/Mar/2026:12:03:57 +0700] "GET /shop/page/15/?min_price=0&per_page=24&shop_view=grid&per_row=4 HTTP/1.1" 200 41793 "-" "Mozilla/5.0 (compatible; SERankingBacklinksBot/1.0; +https://seranking.com/backlinks-crawler)"
37.27.59.176 - - [29/Mar/2026:12:04:02 +0700] "GET /shop/page/1/?orderby=date&per_row=6&shop_view=grid&per_page=24 HTTP/1.1" 301 686 "-" "Mozilla/5.0 (compatible; SERankingBacklinksBot/1.0; +https://seranking.com/backlinks-crawler)"
37.27.59.176 - - [29/Mar/2026:12:04:03 +0700] "GET /shop/?orderby=date&per_row=6&shop_view=grid&per_page=24 HTTP/1.1" 200 42966 "-" "Mozilla/5.0 (compatible; SERankingBacklinksBot/1.0; +https://seranking.com/backlinks-crawler)"
51.68.247.210 - - [29/Mar/2026:12:04:05 +0700] "GET /product-category/crispy-snack-series/page/5/?per_row=6&shop_view=grid&stock_status=instock HTTP/2" 200 32850 "-" "Mozilla/5.0 (compatible; AhrefsBot/7.0; +http://ahrefs.com/robot/)"
37.27.59.176 - - [29/Mar/2026:12:04:07 +0700] "GET /shop/page/4/?orderby=price&per_row=6&per_page=8&shop_view=grid HTTP/1.1" 200 40399 "-" "Mozilla/5.0 (compatible; SERankingBacklinksBot/1.0; +https://seranking.com/backlinks-crawler)"
37.27.59.176 - - [29/Mar/2026:12:04:12 +0700] "GET /shop/page/15/?min_price=0&per_page=24&shop_view=grid&per_row=6 HTTP/1.1" 200 41807 "-" "Mozilla/5.0 (compatible; SERankingBacklinksBot/1.0; +https://seranking.com/backlinks-crawler)"
37.27.59.176 - - [29/Mar/2026:12:04:17 +0700] "GET /shop/page/1/?orderby=popularity&per_page=8&stock_status=onsale HTTP/1.1" 301 597 "-" "Mozilla/5.0 (compatible; SERankingBacklinksBot/1.0; +https://seranking.com/backlinks-crawler)"
37.27.59.176 - - [29/Mar/2026:12:04:18 +0700] "GET /shop/?orderby=popularity&per_page=8&stock_status=onsale HTTP/1.1" 200 41265 "-" "Mozilla/5.0 (compatible; SERankingBacklinksBot/1.0; +https://seranking.com/backlinks-crawler)"
37.27.59.176 - - [29/Mar/2026:12:04:23 +0700] "GET /shop/page/42/?orderby=date&per_page=8&shop_view=grid&per_row=2 HTTP/1.1" 200 40457 "-" "Mozilla/5.0 (compatible; SERankingBacklinksBot/1.0; +https://seranking.com/backlinks-crawler)"
37.27.59.176 - - [29/Mar/2026:12:04:28 +0700] "GET /shop/page/15/?min_price=0&per_row=2&per_page=18&shop_view=grid HTTP/1.1" 200 41274 "-" "Mozilla/5.0 (compatible; SERankingBacklinksBot/1.0; +https://seranking.com/backlinks-crawler)"
94.23.188.213 - - [29/Mar/2026:12:04:31 +0700] "GET /shop/?max_price=420&per_row=4&shop_view=grid&per_page=12 HTTP/2" 200 34498 "-" "Mozilla/5.0 (compatible; AhrefsBot/7.0; +http://ahrefs.com/robot/)"
37.27.59.176 - - [29/Mar/2026:12:04:33 +0700] "GET /shop/page/1/?orderby=popularity&stock_status=onsale&per_page=8 HTTP/1.1" 301 419 "-" "Mozilla/5.0 (compatible; SERankingBacklinksBot/1.0; +https://seranking.com/backlinks-crawler)"
37.27.59.176 - - [29/Mar/2026:12:04:33 +0700] "GET /shop/?orderby=popularity&stock_status=onsale&per_page=8 HTTP/1.1" 200 41314 "-" "Mozilla/5.0 (compatible; SERankingBacklinksBot/1.0; +https://seranking.com/backlinks-crawler)"
103.131.51.123 - - [29/Mar/2026:12:04:40 +0700] "POST /wp-cron.php?doing_wp_cron=1774760680.2395520210266113281250 HTTP/1.1" 200 474 "-" "WordPress/6.9.4; https://lotushomemade.com"
37.27.59.176 - - [29/Mar/2026:12:04:38 +0700] "GET /shop/page/42/?orderby=date&per_page=8&shop_view=grid&per_row=4 HTTP/1.1" 200 40590 "-" "Mozilla/5.0 (compatible; SERankingBacklinksBot/1.0; +https://seranking.com/backlinks-crawler)"
37.27.59.176 - - [29/Mar/2026:12:04:43 +0700] "GET /shop/page/15/?min_price=0&per_row=2&shop_view=grid&per_page=24 HTTP/1.1" 200 41762 "-" "Mozilla/5.0 (compatible; SERankingBacklinksBot/1.0; +https://seranking.com/backlinks-crawler)"
