37.27.59.176 - - [29/Mar/2026:07:14:59 +0700] "GET /shop/page/12/?shop_view=grid&per_row=4 HTTP/1.1" 200 40915 "-" "Mozilla/5.0 (compatible; SERankingBacklinksBot/1.0; +https://seranking.com/backlinks-crawler)"
14.183.243.153 - - [29/Mar/2026:07:14:59 +0700] "GET /product/crispy-mini-bahulu_8142-xl/ HTTP/1.1" 200 42519 "-" "Mozilla/5.0 (Macintosh; Intel Mac OS X 10_12_6) AppleWebKit/537.36 (KHTML, like Gecko) Chrome/80.0.3987.132 Safari/537.36"
37.27.59.176 - - [29/Mar/2026:07:15:04 +0700] "GET /shop/page/41/?orderby=price&per_page=8 HTTP/1.1" 200 40387 "-" "Mozilla/5.0 (compatible; SERankingBacklinksBot/1.0; +https://seranking.com/backlinks-crawler)"
37.27.59.176 - - [29/Mar/2026:07:15:09 +0700] "GET /shop/page/1/?max_price=420&per_page=24 HTTP/1.1" 301 574 "-" "Mozilla/5.0 (compatible; SERankingBacklinksBot/1.0; +https://seranking.com/backlinks-crawler)"
37.27.59.176 - - [29/Mar/2026:07:15:10 +0700] "GET /shop/?max_price=420&per_page=24 HTTP/1.1" 200 43027 "-" "Mozilla/5.0 (compatible; SERankingBacklinksBot/1.0; +https://seranking.com/backlinks-crawler)"
37.27.59.176 - - [29/Mar/2026:07:15:14 +0700] "GET /shop/page/12/?shop_view=grid&per_row=6 HTTP/1.1" 200 40719 "-" "Mozilla/5.0 (compatible; SERankingBacklinksBot/1.0; +https://seranking.com/backlinks-crawler)"
37.27.59.176 - - [29/Mar/2026:07:15:20 +0700] "GET /shop/page/42/?max_price=420&per_page=8 HTTP/1.1" 200 40628 "-" "Mozilla/5.0 (compatible; SERankingBacklinksBot/1.0; +https://seranking.com/backlinks-crawler)"
37.27.59.176 - - [29/Mar/2026:07:15:25 +0700] "GET /shop/page/1/?max_price=630&per_page=12 HTTP/1.1" 301 396 "-" "Mozilla/5.0 (compatible; SERankingBacklinksBot/1.0; +https://seranking.com/backlinks-crawler)"
37.27.59.176 - - [29/Mar/2026:07:15:25 +0700] "GET /shop/?max_price=630&per_page=12 HTTP/1.1" 200 41661 "-" "Mozilla/5.0 (compatible; SERankingBacklinksBot/1.0; +https://seranking.com/backlinks-crawler)"
37.27.59.176 - - [29/Mar/2026:07:15:30 +0700] "GET /shop/page/13/?orderby=date&per_page=18 HTTP/1.1" 200 41392 "-" "Mozilla/5.0 (compatible; SERankingBacklinksBot/1.0; +https://seranking.com/backlinks-crawler)"
37.27.59.176 - - [29/Mar/2026:07:15:36 +0700] "GET /shop/page/42/?max_price=630&per_page=8 HTTP/1.1" 200 40514 "-" "Mozilla/5.0 (compatible; SERankingBacklinksBot/1.0; +https://seranking.com/backlinks-crawler)"
103.131.51.123 - - [29/Mar/2026:07:15:41 +0700] "POST /wp-cron.php?doing_wp_cron=1774743341.5990710258483886718750 HTTP/1.1" 200 474 "-" "WordPress/6.9.4; https://lotushomemade.com"
37.27.59.176 - - [29/Mar/2026:07:15:41 +0700] "GET /shop/page/1/?max_price=630&per_page=18 HTTP/1.1" 301 574 "-" "Mozilla/5.0 (compatible; SERankingBacklinksBot/1.0; +https://seranking.com/backlinks-crawler)"
37.27.59.176 - - [29/Mar/2026:07:15:41 +0700] "GET /shop/?max_price=630&per_page=18 HTTP/1.1" 200 42476 "-" "Mozilla/5.0 (compatible; SERankingBacklinksBot/1.0; +https://seranking.com/backlinks-crawler)"
51.195.215.60 - - [29/Mar/2026:07:15:44 +0700] "GET /shop/page/9/?orderby=price-desc&stock_status=instock&per_page=8&shop_view=grid&per_row=2 HTTP/2" 200 33623 "-" "Mozilla/5.0 (compatible; AhrefsBot/7.0; +http://ahrefs.com/robot/)"
37.27.59.176 - - [29/Mar/2026:07:15:46 +0700] "GET /shop/page/13/?shop_view=grid&per_row=2 HTTP/1.1" 200 41000 "-" "Mozilla/5.0 (compatible; SERankingBacklinksBot/1.0; +https://seranking.com/backlinks-crawler)"
37.27.59.176 - - [29/Mar/2026:07:15:52 +0700] "GET /shop/page/42/?max_price=840&per_page=8 HTTP/1.1" 200 40684 "-" "Mozilla/5.0 (compatible; SERankingBacklinksBot/1.0; +https://seranking.com/backlinks-crawler)"
37.27.59.176 - - [29/Mar/2026:07:15:57 +0700] "GET /shop/page/1/?max_price=630&per_page=24 HTTP/1.1" 301 396 "-" "Mozilla/5.0 (compatible; SERankingBacklinksBot/1.0; +https://seranking.com/backlinks-crawler)"
213.180.203.249 - - [29/Mar/2026:07:15:57 +0700] "GET /robots.txt HTTP/1.1" 200 609 "-" "Mozilla/5.0 (compatible; YandexBot/3.0; +http://yandex.com/bots)"
37.27.59.176 - - [29/Mar/2026:07:15:57 +0700] "GET /shop/?max_price=630&per_page=24 HTTP/1.1" 200 42982 "-" "Mozilla/5.0 (compatible; SERankingBacklinksBot/1.0; +https://seranking.com/backlinks-crawler)"
95.108.213.140 - - [29/Mar/2026:07:15:58 +0700] "GET /shop/?orderby=rating HTTP/1.1" 200 41873 "-" "Mozilla/5.0 (compatible; YandexBot/3.0; +http://yandex.com/bots)"
37.27.59.176 - - [29/Mar/2026:07:16:03 +0700] "GET /shop/page/13/?shop_view=grid&per_row=4 HTTP/1.1" 200 41233 "-" "Mozilla/5.0 (compatible; SERankingBacklinksBot/1.0; +https://seranking.com/backlinks-crawler)"
37.27.59.176 - - [29/Mar/2026:07:16:08 +0700] "GET /shop/page/42/?max_price=845&per_page=8 HTTP/1.1" 200 40485 "-" "Mozilla/5.0 (compatible; SERankingBacklinksBot/1.0; +https://seranking.com/backlinks-crawler)"
37.27.59.176 - - [29/Mar/2026:07:16:13 +0700] "GET /shop/page/1/?max_price=840&per_page=12 HTTP/1.1" 301 574 "-" "Mozilla/5.0 (compatible; SERankingBacklinksBot/1.0; +https://seranking.com/backlinks-crawler)"
37.27.59.176 - - [29/Mar/2026:07:16:14 +0700] "GET /shop/?max_price=840&per_page=12 HTTP/1.1" 200 41622 "-" "Mozilla/5.0 (compatible; SERankingBacklinksBot/1.0; +https://seranking.com/backlinks-crawler)"
37.27.59.176 - - [29/Mar/2026:07:16:19 +0700] "GET /shop/page/13/?shop_view=grid&per_row=6 HTTP/1.1" 200 41177 "-" "Mozilla/5.0 (compatible; SERankingBacklinksBot/1.0; +https://seranking.com/backlinks-crawler)"
37.27.59.176 - - [29/Mar/2026:07:16:24 +0700] "GET /shop/page/43/?max_price=420&per_page=8 HTTP/1.1" 200 40310 "-" "Mozilla/5.0 (compatible; SERankingBacklinksBot/1.0; +https://seranking.com/backlinks-crawler)"
37.27.59.176 - - [29/Mar/2026:07:16:29 +0700] "GET /shop/page/1/?max_price=840&per_page=18 HTTP/1.1" 301 574 "-" "Mozilla/5.0 (compatible; SERankingBacklinksBot/1.0; +https://seranking.com/backlinks-crawler)"
107.189.10.248 - - [29/Mar/2026:07:16:30 +0700] "GET /wp-login.php HTTP/1.1" 200 2677 "-" "Mozilla/5.0 (Windows NT 10.0; Win64; x64) AppleWebKit/537.36 (KHTML, like Gecko) Chrome/134.0.0.0 Safari/537.36"
37.27.59.176 - - [29/Mar/2026:07:16:30 +0700] "GET /shop/?max_price=840&per_page=18 HTTP/1.1" 200 42451 "-" "Mozilla/5.0 (compatible; SERankingBacklinksBot/1.0; +https://seranking.com/backlinks-crawler)"
51.89.129.235 - - [29/Mar/2026:07:16:31 +0700] "GET /shop/page/41/?orderby=price-desc&per_page=8&stock_status=instock%2Consale HTTP/2" 200 33439 "-" "Mozilla/5.0 (compatible; AhrefsBot/7.0; +http://ahrefs.com/robot/)"
37.27.59.176 - - [29/Mar/2026:07:16:35 +0700] "GET /shop/page/14/?orderby=date&per_page=18 HTTP/1.1" 200 40863 "-" "Mozilla/5.0 (compatible; SERankingBacklinksBot/1.0; +https://seranking.com/backlinks-crawler)"
103.131.51.123 - - [29/Mar/2026:07:16:41 +0700] "POST /wp-cron.php?doing_wp_cron=1774743401.7746069431304931640625 HTTP/1.1" 200 474 "-" "WordPress/6.9.4; https://lotushomemade.com"
37.27.59.176 - - [29/Mar/2026:07:16:40 +0700] "GET /shop/page/43/?max_price=630&per_page=8 HTTP/1.1" 200 40449 "-" "Mozilla/5.0 (compatible; SERankingBacklinksBot/1.0; +https://seranking.com/backlinks-crawler)"
37.27.59.176 - - [29/Mar/2026:07:16:46 +0700] "GET /shop/page/1/?max_price=840&per_page=24 HTTP/1.1" 301 574 "-" "Mozilla/5.0 (compatible; SERankingBacklinksBot/1.0; +https://seranking.com/backlinks-crawler)"
37.27.59.176 - - [29/Mar/2026:07:16:46 +0700] "GET /shop/?max_price=840&per_page=24 HTTP/1.1" 200 42976 "-" "Mozilla/5.0 (compatible; SERankingBacklinksBot/1.0; +https://seranking.com/backlinks-crawler)"
37.27.59.176 - - [29/Mar/2026:07:16:51 +0700] "GET /shop/page/15/?orderby=date&per_page=18 HTTP/1.1" 200 41146 "-" "Mozilla/5.0 (compatible; SERankingBacklinksBot/1.0; +https://seranking.com/backlinks-crawler)"
37.27.59.176 - - [29/Mar/2026:07:16:56 +0700] "GET /shop/page/43/?max_price=840&per_page=8 HTTP/1.1" 200 40287 "-" "Mozilla/5.0 (compatible; SERankingBacklinksBot/1.0; +https://seranking.com/backlinks-crawler)"
37.27.59.176 - - [29/Mar/2026:07:17:02 +0700] "GET /shop/page/1/?max_price=845&per_page=12 HTTP/1.1" 301 574 "-" "Mozilla/5.0 (compatible; SERankingBacklinksBot/1.0; +https://seranking.com/backlinks-crawler)"
37.27.59.176 - - [29/Mar/2026:07:17:02 +0700] "GET /shop/?max_price=845&per_page=12 HTTP/1.1" 200 41617 "-" "Mozilla/5.0 (compatible; SERankingBacklinksBot/1.0; +https://seranking.com/backlinks-crawler)"
37.27.59.176 - - [29/Mar/2026:07:17:07 +0700] "GET /shop/page/21/?shop_view=grid&per_row=2 HTTP/1.1" 200 40360 "-" "Mozilla/5.0 (compatible; SERankingBacklinksBot/1.0; +https://seranking.com/backlinks-crawler)"
37.27.59.176 - - [29/Mar/2026:07:17:12 +0700] "GET /shop/page/43/?max_price=845&per_page=8 HTTP/1.1" 200 40479 "-" "Mozilla/5.0 (compatible; SERankingBacklinksBot/1.0; +https://seranking.com/backlinks-crawler)"
37.27.59.176 - - [29/Mar/2026:07:17:17 +0700] "GET /shop/page/1/?max_price=845&per_page=18 HTTP/1.1" 301 574 "-" "Mozilla/5.0 (compatible; SERankingBacklinksBot/1.0; +https://seranking.com/backlinks-crawler)"
37.27.59.176 - - [29/Mar/2026:07:17:18 +0700] "GET /shop/?max_price=845&per_page=18 HTTP/1.1" 200 42422 "-" "Mozilla/5.0 (compatible; SERankingBacklinksBot/1.0; +https://seranking.com/backlinks-crawler)"
198.244.240.87 - - [29/Mar/2026:07:17:21 +0700] "GET /shop/page/9/?orderby=rating&stock_status=instock&per_row=2&shop_view=grid&per_page=8 HTTP/2" 200 33621 "-" "Mozilla/5.0 (compatible; AhrefsBot/7.0; +http://ahrefs.com/robot/)"
37.27.59.176 - - [29/Mar/2026:07:17:24 +0700] "GET /shop/page/21/?shop_view=grid&per_row=4 HTTP/1.1" 200 40612 "-" "Mozilla/5.0 (compatible; SERankingBacklinksBot/1.0; +https://seranking.com/backlinks-crawler)"
37.27.59.176 - - [29/Mar/2026:07:17:28 +0700] "GET /shop/page/44/?max_price=420&per_page=8 HTTP/1.1" 200 40274 "-" "Mozilla/5.0 (compatible; SERankingBacklinksBot/1.0; +https://seranking.com/backlinks-crawler)"
37.27.59.176 - - [29/Mar/2026:07:17:34 +0700] "GET /shop/page/1/?max_price=845&per_page=24 HTTP/1.1" 301 574 "-" "Mozilla/5.0 (compatible; SERankingBacklinksBot/1.0; +https://seranking.com/backlinks-crawler)"
37.27.59.176 - - [29/Mar/2026:07:17:34 +0700] "GET /shop/?max_price=845&per_page=24 HTTP/1.1" 200 42984 "-" "Mozilla/5.0 (compatible; SERankingBacklinksBot/1.0; +https://seranking.com/backlinks-crawler)"
51.89.129.193 - - [29/Mar/2026:07:17:36 +0700] "GET /shop/page/9/?orderby=rating&per_row=2&per_page=12&shop_view=grid HTTP/2" 200 33900 "-" "Mozilla/5.0 (compatible; AhrefsBot/7.0; +http://ahrefs.com/robot/)"
103.131.51.123 - - [29/Mar/2026:07:17:41 +0700] "POST /wp-cron.php?doing_wp_cron=1774743461.3060960769653320312500 HTTP/1.1" 200 474 "-" "WordPress/6.9.4; https://lotushomemade.com"
37.27.59.176 - - [29/Mar/2026:07:17:40 +0700] "GET /shop/page/21/?shop_view=grid&per_row=6 HTTP/1.1" 200 40596 "-" "Mozilla/5.0 (compatible; SERankingBacklinksBot/1.0; +https://seranking.com/backlinks-crawler)"
37.27.59.176 - - [29/Mar/2026:07:17:45 +0700] "GET /shop/page/44/?max_price=630&per_page=8 HTTP/1.1" 200 40501 "-" "Mozilla/5.0 (compatible; SERankingBacklinksBot/1.0; +https://seranking.com/backlinks-crawler)"
51.195.183.134 - - [29/Mar/2026:07:17:46 +0700] "GET /shop/page/9/?orderby=rating&per_row=6&per_page=12&shop_view=grid HTTP/2" 200 33977 "-" "Mozilla/5.0 (compatible; AhrefsBot/7.0; +http://ahrefs.com/robot/)"
37.27.59.176 - - [29/Mar/2026:07:17:50 +0700] "GET /shop/page/10/?orderby=date&per_page=12 HTTP/1.1" 200 40799 "-" "Mozilla/5.0 (compatible; SERankingBacklinksBot/1.0; +https://seranking.com/backlinks-crawler)"
37.27.59.176 - - [29/Mar/2026:07:17:55 +0700] "GET /shop/page/22/?shop_view=grid&per_row=2 HTTP/1.1" 200 40495 "-" "Mozilla/5.0 (compatible; SERankingBacklinksBot/1.0; +https://seranking.com/backlinks-crawler)"
37.27.59.176 - - [29/Mar/2026:07:18:00 +0700] "GET /shop/page/44/?max_price=840&per_page=8 HTTP/1.1" 200 40306 "-" "Mozilla/5.0 (compatible; SERankingBacklinksBot/1.0; +https://seranking.com/backlinks-crawler)"
51.89.129.162 - - [29/Mar/2026:07:18:03 +0700] "GET /shop/page/9/?orderby=rating&stock_status=instock&per_page=8&shop_view=grid&per_row=6 HTTP/2" 200 33653 "-" "Mozilla/5.0 (compatible; AhrefsBot/7.0; +http://ahrefs.com/robot/)"
54.38.147.72 - - [29/Mar/2026:07:18:04 +0700] "GET /shop/page/41/?orderby=price-desc&per_page=8&stock_status=instock%2Consale HTTP/2" 200 33391 "-" "Mozilla/5.0 (compatible; AhrefsBot/7.0; +http://ahrefs.com/robot/)"
103.216.118.192 - - [29/Mar/2026:07:18:07 +0700] "GET /wp-login.php HTTP/2" 200 1889 "-" "Mozilla/5.0 (Macintosh; Intel Mac OS X 10_13_3) AppleWebKit/537.36 (KHTML, like Gecko) Chrome/65.0.3325.181 Safari/537.36"
37.27.59.176 - - [29/Mar/2026:07:18:08 +0700] "GET /shop/page/10/?orderby=date&per_page=18 HTTP/1.1" 200 42026 "-" "Mozilla/5.0 (compatible; SERankingBacklinksBot/1.0; +https://seranking.com/backlinks-crawler)"
103.216.118.192 - - [29/Mar/2026:07:18:11 +0700] "POST /wp-login.php HTTP/2" 200 2027 "https://lotushomemade.com/wp-login.php" "Mozilla/5.0 (Macintosh; Intel Mac OS X 10_13_3) AppleWebKit/537.36 (KHTML, like Gecko) Chrome/65.0.3325.181 Safari/537.36"
37.27.59.176 - - [29/Mar/2026:07:18:12 +0700] "GET /shop/page/22/?shop_view=grid&per_row=4 HTTP/1.1" 200 40487 "-" "Mozilla/5.0 (compatible; SERankingBacklinksBot/1.0; +https://seranking.com/backlinks-crawler)"
51.195.215.92 - - [29/Mar/2026:07:18:13 +0700] "GET /shop/page/9/?orderby=rating&stock_status=instock&per_row=2&shop_view=grid&per_page=8 HTTP/2" 200 33602 "-" "Mozilla/5.0 (compatible; AhrefsBot/7.0; +http://ahrefs.com/robot/)"
51.195.183.225 - - [29/Mar/2026:07:18:13 +0700] "GET /shop/page/9/?orderby=price&stock_status=instock&per_row=2&shop_view=grid&per_page=8 HTTP/2" 200 33585 "-" "Mozilla/5.0 (compatible; AhrefsBot/7.0; +http://ahrefs.com/robot/)"
37.27.59.176 - - [29/Mar/2026:07:18:17 +0700] "GET /shop/page/44/?max_price=845&per_page=8 HTTP/1.1" 200 40494 "-" "Mozilla/5.0 (compatible; SERankingBacklinksBot/1.0; +https://seranking.com/backlinks-crawler)"
37.27.59.176 - - [29/Mar/2026:07:18:22 +0700] "GET /shop/page/10/?orderby=date&per_page=24 HTTP/1.1" 200 41797 "-" "Mozilla/5.0 (compatible; SERankingBacklinksBot/1.0; +https://seranking.com/backlinks-crawler)"
37.27.59.176 - - [29/Mar/2026:07:18:27 +0700] "GET /shop/page/22/?shop_view=grid&per_row=6 HTTP/1.1" 200 40502 "-" "Mozilla/5.0 (compatible; SERankingBacklinksBot/1.0; +https://seranking.com/backlinks-crawler)"
37.27.59.176 - - [29/Mar/2026:07:18:32 +0700] "GET /shop/page/5/?max_price=420&per_page=12 HTTP/1.1" 200 41153 "-" "Mozilla/5.0 (compatible; SERankingBacklinksBot/1.0; +https://seranking.com/backlinks-crawler)"
103.131.51.123 - - [29/Mar/2026:07:18:38 +0700] "POST /wp-cron.php?doing_wp_cron=1774743518.3615760803222656250000 HTTP/1.1" 200 474 "-" "WordPress/6.9.4; https://lotushomemade.com"
54.38.147.136 - - [29/Mar/2026:07:18:36 +0700] "GET /shop/page/9/?orderby=price-desc&stock_status=onsale&per_page=8&shop_view=grid&per_row=4 HTTP/2" 200 33725 "-" "Mozilla/5.0 (compatible; AhrefsBot/7.0; +http://ahrefs.com/robot/)"
103.131.51.123 - - [29/Mar/2026:07:18:38 +0700] "POST /wp-cron.php?doing_wp_cron=1774743518.9650809764862060546875 HTTP/1.1" 200 474 "-" "WordPress/6.9.4; https://lotushomemade.com"
37.27.59.176 - - [29/Mar/2026:07:18:37 +0700] "GET /shop/page/10/?orderby=price&per_page=8 HTTP/1.1" 200 40390 "-" "Mozilla/5.0 (compatible; SERankingBacklinksBot/1.0; +https://seranking.com/backlinks-crawler)"
37.27.59.176 - - [29/Mar/2026:07:18:43 +0700] "GET /shop/page/23/?shop_view=grid&per_row=2 HTTP/1.1" 200 40530 "-" "Mozilla/5.0 (compatible; SERankingBacklinksBot/1.0; +https://seranking.com/backlinks-crawler)"
37.27.59.176 - - [29/Mar/2026:07:18:47 +0700] "GET /shop/page/5/?max_price=420&per_page=18 HTTP/1.1" 200 41802 "-" "Mozilla/5.0 (compatible; SERankingBacklinksBot/1.0; +https://seranking.com/backlinks-crawler)"
37.27.59.176 - - [29/Mar/2026:07:18:52 +0700] "GET /shop/page/10/?per_row=2&shop_view=grid HTTP/1.1" 200 40619 "-" "Mozilla/5.0 (compatible; SERankingBacklinksBot/1.0; +https://seranking.com/backlinks-crawler)"
37.27.59.176 - - [29/Mar/2026:07:18:57 +0700] "GET /shop/page/23/?shop_view=grid&per_row=4 HTTP/1.1" 200 40545 "-" "Mozilla/5.0 (compatible; SERankingBacklinksBot/1.0; +https://seranking.com/backlinks-crawler)"
37.27.59.176 - - [29/Mar/2026:07:19:02 +0700] "GET /shop/page/5/?max_price=420&per_page=24 HTTP/1.1" 200 42233 "-" "Mozilla/5.0 (compatible; SERankingBacklinksBot/1.0; +https://seranking.com/backlinks-crawler)"
37.27.59.176 - - [29/Mar/2026:07:19:07 +0700] "GET /shop/page/10/?per_row=4&shop_view=grid HTTP/1.1" 200 40561 "-" "Mozilla/5.0 (compatible; SERankingBacklinksBot/1.0; +https://seranking.com/backlinks-crawler)"
37.27.59.176 - - [29/Mar/2026:07:19:12 +0700] "GET /shop/page/23/?shop_view=grid&per_row=6 HTTP/1.1" 200 40520 "-" "Mozilla/5.0 (compatible; SERankingBacklinksBot/1.0; +https://seranking.com/backlinks-crawler)"
51.89.129.205 - - [29/Mar/2026:07:19:16 +0700] "GET /shop/page/9/?orderby=price-desc&stock_status=instock&per_page=8&shop_view=grid&per_row=2 HTTP/2" 200 33642 "-" "Mozilla/5.0 (compatible; AhrefsBot/7.0; +http://ahrefs.com/robot/)"
198.244.240.31 - - [29/Mar/2026:07:19:17 +0700] "GET /shop/page/40/?orderby=price-desc&stock_status=instock&per_row=4&shop_view=grid&per_page=8 HTTP/2" 200 33635 "-" "Mozilla/5.0 (compatible; AhrefsBot/7.0; +http://ahrefs.com/robot/)"
37.27.59.176 - - [29/Mar/2026:07:19:17 +0700] "GET /shop/page/5/?max_price=630&per_page=12 HTTP/1.1" 200 40997 "-" "Mozilla/5.0 (compatible; SERankingBacklinksBot/1.0; +https://seranking.com/backlinks-crawler)"
198.244.226.143 - - [29/Mar/2026:07:19:18 +0700] "GET /shop/page/9/?orderby=price-desc&stock_status=onsale&per_page=8&shop_view=grid&per_row=4 HTTP/2" 200 33729 "-" "Mozilla/5.0 (compatible; AhrefsBot/7.0; +http://ahrefs.com/robot/)"
37.27.59.176 - - [29/Mar/2026:07:19:23 +0700] "GET /shop/page/10/?per_row=6&shop_view=grid HTTP/1.1" 200 40754 "-" "Mozilla/5.0 (compatible; SERankingBacklinksBot/1.0; +https://seranking.com/backlinks-crawler)"
37.27.59.176 - - [29/Mar/2026:07:19:28 +0700] "GET /shop/page/24/?orderby=date&per_page=12 HTTP/1.1" 200 40439 "-" "Mozilla/5.0 (compatible; SERankingBacklinksBot/1.0; +https://seranking.com/backlinks-crawler)"
37.27.59.176 - - [29/Mar/2026:07:19:33 +0700] "GET /shop/page/5/?max_price=630&per_page=18 HTTP/1.1" 200 41960 "-" "Mozilla/5.0 (compatible; SERankingBacklinksBot/1.0; +https://seranking.com/backlinks-crawler)"
103.131.51.123 - - [29/Mar/2026:07:19:40 +0700] "POST /wp-cron.php?doing_wp_cron=1774743580.3426780700683593750000 HTTP/1.1" 200 474 "-" "WordPress/6.9.4; https://lotushomemade.com"
37.27.59.176 - - [29/Mar/2026:07:19:39 +0700] "GET /shop/page/11/?shop_view=grid&per_row=2 HTTP/1.1" 200 40819 "-" "Mozilla/5.0 (compatible; SERankingBacklinksBot/1.0; +https://seranking.com/backlinks-crawler)"
37.27.59.176 - - [29/Mar/2026:07:19:44 +0700] "GET /shop/page/24/?per_row=2&shop_view=grid HTTP/1.1" 200 40676 "-" "Mozilla/5.0 (compatible; SERankingBacklinksBot/1.0; +https://seranking.com/backlinks-crawler)"
37.27.59.176 - - [29/Mar/2026:07:19:49 +0700] "GET /shop/page/5/?max_price=630&per_page=24 HTTP/1.1" 200 42271 "-" "Mozilla/5.0 (compatible; SERankingBacklinksBot/1.0; +https://seranking.com/backlinks-crawler)"
37.27.59.176 - - [29/Mar/2026:07:19:53 +0700] "GET /shop/page/11/?shop_view=grid&per_row=4 HTTP/1.1" 200 40642 "-" "Mozilla/5.0 (compatible; SERankingBacklinksBot/1.0; +https://seranking.com/backlinks-crawler)"
37.27.59.176 - - [29/Mar/2026:07:20:01 +0700] "GET /shop/page/24/?per_row=4&shop_view=grid HTTP/1.1" 200 40650 "-" "Mozilla/5.0 (compatible; SERankingBacklinksBot/1.0; +https://seranking.com/backlinks-crawler)"
37.27.59.176 - - [29/Mar/2026:07:20:07 +0700] "GET /shop/page/5/?max_price=840&per_page=12 HTTP/1.1" 200 41137 "-" "Mozilla/5.0 (compatible; SERankingBacklinksBot/1.0; +https://seranking.com/backlinks-crawler)"
37.27.59.176 - - [29/Mar/2026:07:20:11 +0700] "GET /shop/page/11/?shop_view=grid&per_row=6 HTTP/1.1" 200 40613 "-" "Mozilla/5.0 (compatible; SERankingBacklinksBot/1.0; +https://seranking.com/backlinks-crawler)"
198.244.240.209 - - [29/Mar/2026:07:20:15 +0700] "GET /shop/page/40/?orderby=price-desc&stock_status=instock&per_row=6&shop_view=grid&per_page=8 HTTP/2" 200 33613 "-" "Mozilla/5.0 (compatible; AhrefsBot/7.0; +http://ahrefs.com/robot/)"
37.27.59.176 - - [29/Mar/2026:07:20:17 +0700] "GET /shop/page/24/?per_row=6&shop_view=grid HTTP/1.1" 200 40618 "-" "Mozilla/5.0 (compatible; SERankingBacklinksBot/1.0; +https://seranking.com/backlinks-crawler)"
37.27.59.176 - - [29/Mar/2026:07:20:21 +0700] "GET /shop/page/5/?max_price=840&per_page=18 HTTP/1.1" 200 41804 "-" "Mozilla/5.0 (compatible; SERankingBacklinksBot/1.0; +https://seranking.com/backlinks-crawler)"
37.27.59.176 - - [29/Mar/2026:07:20:26 +0700] "GET /shop/page/25/?orderby=date&per_page=12 HTTP/1.1" 200 40572 "-" "Mozilla/5.0 (compatible; SERankingBacklinksBot/1.0; +https://seranking.com/backlinks-crawler)"
37.27.59.176 - - [29/Mar/2026:07:20:31 +0700] "GET /shop/page/5/?max_price=840&per_page=24 HTTP/1.1" 200 42425 "-" "Mozilla/5.0 (compatible; SERankingBacklinksBot/1.0; +https://seranking.com/backlinks-crawler)"
103.131.51.123 - - [29/Mar/2026:07:20:38 +0700] "POST /wp-cron.php?doing_wp_cron=1774743638.5585420131683349609375 HTTP/1.1" 200 474 "-" "WordPress/6.9.4; https://lotushomemade.com"
37.27.59.176 - - [29/Mar/2026:07:20:37 +0700] "GET /shop/page/25/?per_row=2&shop_view=grid HTTP/1.1" 200 40826 "-" "Mozilla/5.0 (compatible; SERankingBacklinksBot/1.0; +https://seranking.com/backlinks-crawler)"
37.27.59.176 - - [29/Mar/2026:07:20:42 +0700] "GET /shop/page/5/?max_price=845&per_page=12 HTTP/1.1" 200 41167 "-" "Mozilla/5.0 (compatible; SERankingBacklinksBot/1.0; +https://seranking.com/backlinks-crawler)"
37.27.59.176 - - [29/Mar/2026:07:20:47 +0700] "GET /shop/page/25/?per_row=4&shop_view=grid HTTP/1.1" 200 40605 "-" "Mozilla/5.0 (compatible; SERankingBacklinksBot/1.0; +https://seranking.com/backlinks-crawler)"
37.27.59.176 - - [29/Mar/2026:07:20:52 +0700] "GET /shop/page/5/?max_price=845&per_page=18 HTTP/1.1" 200 41773 "-" "Mozilla/5.0 (compatible; SERankingBacklinksBot/1.0; +https://seranking.com/backlinks-crawler)"
37.27.59.176 - - [29/Mar/2026:07:20:57 +0700] "GET /shop/page/25/?per_row=6&shop_view=grid HTTP/1.1" 200 40820 "-" "Mozilla/5.0 (compatible; SERankingBacklinksBot/1.0; +https://seranking.com/backlinks-crawler)"
198.244.242.162 - - [29/Mar/2026:07:20:57 +0700] "GET /shop/page/9/?orderby=price-desc&stock_status=instock&per_row=6&shop_view=grid&per_page=8 HTTP/2" 200 33587 "-" "Mozilla/5.0 (compatible; AhrefsBot/7.0; +http://ahrefs.com/robot/)"
37.27.59.176 - - [29/Mar/2026:07:21:02 +0700] "GET /shop/page/5/?max_price=845&per_page=24 HTTP/1.1" 200 42305 "-" "Mozilla/5.0 (compatible; SERankingBacklinksBot/1.0; +https://seranking.com/backlinks-crawler)"
37.27.59.176 - - [29/Mar/2026:07:21:07 +0700] "GET /shop/page/26/?orderby=date&per_page=12 HTTP/1.1" 200 40325 "-" "Mozilla/5.0 (compatible; SERankingBacklinksBot/1.0; +https://seranking.com/backlinks-crawler)"
37.27.59.176 - - [29/Mar/2026:07:21:12 +0700] "GET /shop/page/6/?max_price=420&per_page=12 HTTP/1.1" 200 41214 "-" "Mozilla/5.0 (compatible; SERankingBacklinksBot/1.0; +https://seranking.com/backlinks-crawler)"
37.27.59.176 - - [29/Mar/2026:07:21:17 +0700] "GET /shop/page/26/?per_row=2&shop_view=grid HTTP/1.1" 200 40357 "-" "Mozilla/5.0 (compatible; SERankingBacklinksBot/1.0; +https://seranking.com/backlinks-crawler)"
37.27.59.176 - - [29/Mar/2026:07:21:22 +0700] "GET /shop/page/6/?max_price=420&per_page=18 HTTP/1.1" 200 41938 "-" "Mozilla/5.0 (compatible; SERankingBacklinksBot/1.0; +https://seranking.com/backlinks-crawler)"
37.27.59.176 - - [29/Mar/2026:07:21:27 +0700] "GET /shop/page/26/?per_row=4&shop_view=grid HTTP/1.1" 200 40408 "-" "Mozilla/5.0 (compatible; SERankingBacklinksBot/1.0; +https://seranking.com/backlinks-crawler)"
37.27.59.176 - - [29/Mar/2026:07:21:32 +0700] "GET /shop/page/6/?max_price=420&per_page=24 HTTP/1.1" 200 42251 "-" "Mozilla/5.0 (compatible; SERankingBacklinksBot/1.0; +https://seranking.com/backlinks-crawler)"
103.131.51.123 - - [29/Mar/2026:07:21:38 +0700] "POST /wp-cron.php?doing_wp_cron=1774743698.8547649383544921875000 HTTP/1.1" 200 474 "-" "WordPress/6.9.4; https://lotushomemade.com"
37.27.59.176 - - [29/Mar/2026:07:21:37 +0700] "GET /shop/page/26/?per_row=6&shop_view=grid HTTP/1.1" 200 40533 "-" "Mozilla/5.0 (compatible; SERankingBacklinksBot/1.0; +https://seranking.com/backlinks-crawler)"
37.27.59.176 - - [29/Mar/2026:07:21:42 +0700] "GET /shop/page/6/?max_price=630&per_page=12 HTTP/1.1" 200 41069 "-" "Mozilla/5.0 (compatible; SERankingBacklinksBot/1.0; +https://seranking.com/backlinks-crawler)"
198.244.242.31 - - [29/Mar/2026:07:21:45 +0700] "GET /shop/page/40/?orderby=popularity&stock_status=instock&per_row=6&shop_view=grid&per_page=8 HTTP/2" 200 33247 "-" "Mozilla/5.0 (compatible; AhrefsBot/7.0; +http://ahrefs.com/robot/)"
37.27.59.176 - - [29/Mar/2026:07:21:47 +0700] "GET /shop/page/39/?orderby=price&per_page=8 HTTP/1.1" 200 40547 "-" "Mozilla/5.0 (compatible; SERankingBacklinksBot/1.0; +https://seranking.com/backlinks-crawler)"
37.27.59.176 - - [29/Mar/2026:07:21:52 +0700] "GET /shop/page/6/?max_price=630&per_page=18 HTTP/1.1" 200 41900 "-" "Mozilla/5.0 (compatible; SERankingBacklinksBot/1.0; +https://seranking.com/backlinks-crawler)"
37.27.59.176 - - [29/Mar/2026:07:21:58 +0700] "GET /shop/page/6/?max_price=630&per_page=24 HTTP/1.1" 200 42411 "-" "Mozilla/5.0 (compatible; SERankingBacklinksBot/1.0; +https://seranking.com/backlinks-crawler)"
37.27.59.176 - - [29/Mar/2026:07:22:04 +0700] "GET /shop/page/6/?max_price=840&per_page=12 HTTP/1.1" 200 41199 "-" "Mozilla/5.0 (compatible; SERankingBacklinksBot/1.0; +https://seranking.com/backlinks-crawler)"
37.27.59.176 - - [29/Mar/2026:07:22:10 +0700] "GET /shop/page/6/?max_price=840&per_page=18 HTTP/1.1" 200 41913 "-" "Mozilla/5.0 (compatible; SERankingBacklinksBot/1.0; +https://seranking.com/backlinks-crawler)"
37.27.59.176 - - [29/Mar/2026:07:22:15 +0700] "GET /shop/page/6/?max_price=840&per_page=24 HTTP/1.1" 200 42387 "-" "Mozilla/5.0 (compatible; SERankingBacklinksBot/1.0; +https://seranking.com/backlinks-crawler)"
37.27.59.176 - - [29/Mar/2026:07:22:21 +0700] "GET /shop/page/6/?max_price=845&per_page=12 HTTP/1.1" 200 41251 "-" "Mozilla/5.0 (compatible; SERankingBacklinksBot/1.0; +https://seranking.com/backlinks-crawler)"
37.27.59.176 - - [29/Mar/2026:07:22:25 +0700] "GET /shop/page/6/?max_price=845&per_page=18 HTTP/1.1" 200 41762 "-" "Mozilla/5.0 (compatible; SERankingBacklinksBot/1.0; +https://seranking.com/backlinks-crawler)"
37.27.59.176 - - [29/Mar/2026:07:22:31 +0700] "GET /shop/page/6/?max_price=845&per_page=24 HTTP/1.1" 200 42491 "-" "Mozilla/5.0 (compatible; SERankingBacklinksBot/1.0; +https://seranking.com/backlinks-crawler)"
37.27.59.176 - - [29/Mar/2026:07:22:36 +0700] "GET /shop/page/7/?max_price=420&per_page=12 HTTP/1.1" 200 41024 "-" "Mozilla/5.0 (compatible; SERankingBacklinksBot/1.0; +https://seranking.com/backlinks-crawler)"
103.131.51.123 - - [29/Mar/2026:07:22:42 +0700] "POST /wp-cron.php?doing_wp_cron=1774743762.3977890014648437500000 HTTP/1.1" 200 474 "-" "WordPress/6.9.4; https://lotushomemade.com"
37.27.59.176 - - [29/Mar/2026:07:22:40 +0700] "GET /shop/page/7/?max_price=420&per_page=18 HTTP/1.1" 200 41426 "-" "Mozilla/5.0 (compatible; SERankingBacklinksBot/1.0; +https://seranking.com/backlinks-crawler)"
198.244.168.200 - - [29/Mar/2026:07:22:43 +0700] "GET /shop/page/40/?orderby=popularity&stock_status=instock&per_row=6&shop_view=grid&per_page=8 HTTP/2" 200 33277 "-" "Mozilla/5.0 (compatible; AhrefsBot/7.0; +http://ahrefs.com/robot/)"
37.27.59.176 - - [29/Mar/2026:07:22:46 +0700] "GET /shop/page/7/?max_price=420&per_page=24 HTTP/1.1" 200 42975 "-" "Mozilla/5.0 (compatible; SERankingBacklinksBot/1.0; +https://seranking.com/backlinks-crawler)"
37.27.59.176 - - [29/Mar/2026:07:22:51 +0700] "GET /shop/page/7/?max_price=630&per_page=12 HTTP/1.1" 200 40991 "-" "Mozilla/5.0 (compatible; SERankingBacklinksBot/1.0; +https://seranking.com/backlinks-crawler)"
51.89.129.42 - - [29/Mar/2026:07:22:54 +0700] "GET /shop/page/40/?orderby=price-desc&per_row=6&per_page=8&shop_view=grid HTTP/2" 200 33633 "-" "Mozilla/5.0 (compatible; AhrefsBot/7.0; +http://ahrefs.com/robot/)"
37.27.59.176 - - [29/Mar/2026:07:22:56 +0700] "GET /shop/page/7/?max_price=630&per_page=18 HTTP/1.1" 200 41563 "-" "Mozilla/5.0 (compatible; SERankingBacklinksBot/1.0; +https://seranking.com/backlinks-crawler)"
37.27.59.176 - - [29/Mar/2026:07:23:01 +0700] "GET /shop/page/7/?max_price=630&per_page=24 HTTP/1.1" 200 43036 "-" "Mozilla/5.0 (compatible; SERankingBacklinksBot/1.0; +https://seranking.com/backlinks-crawler)"
54.38.147.156 - - [29/Mar/2026:07:23:04 +0700] "GET /shop/page/9/?orderby=rating&stock_status=instock&per_page=8&shop_view=grid&per_row=6 HTTP/2" 200 33616 "-" "Mozilla/5.0 (compatible; AhrefsBot/7.0; +http://ahrefs.com/robot/)"
37.27.59.176 - - [29/Mar/2026:07:23:06 +0700] "GET /shop/page/7/?max_price=840&per_page=12 HTTP/1.1" 200 40995 "-" "Mozilla/5.0 (compatible; SERankingBacklinksBot/1.0; +https://seranking.com/backlinks-crawler)"
37.27.59.176 - - [29/Mar/2026:07:23:12 +0700] "GET /shop/page/7/?max_price=840&per_page=18 HTTP/1.1" 200 41611 "-" "Mozilla/5.0 (compatible; SERankingBacklinksBot/1.0; +https://seranking.com/backlinks-crawler)"
51.195.244.159 - - [29/Mar/2026:07:23:12 +0700] "GET /shop/page/9/?orderby=price-desc&per_row=6&per_page=8&shop_view=grid HTTP/2" 200 33671 "-" "Mozilla/5.0 (compatible; AhrefsBot/7.0; +http://ahrefs.com/robot/)"
37.27.59.176 - - [29/Mar/2026:07:23:16 +0700] "GET /shop/page/7/?max_price=840&per_page=24 HTTP/1.1" 200 42823 "-" "Mozilla/5.0 (compatible; SERankingBacklinksBot/1.0; +https://seranking.com/backlinks-crawler)"
37.27.59.176 - - [29/Mar/2026:07:23:22 +0700] "GET /shop/page/7/?max_price=845&per_page=12 HTTP/1.1" 200 41156 "-" "Mozilla/5.0 (compatible; SERankingBacklinksBot/1.0; +https://seranking.com/backlinks-crawler)"
37.27.59.176 - - [29/Mar/2026:07:23:27 +0700] "GET /shop/page/7/?max_price=845&per_page=18 HTTP/1.1" 200 41469 "-" "Mozilla/5.0 (compatible; SERankingBacklinksBot/1.0; +https://seranking.com/backlinks-crawler)"
37.27.59.176 - - [29/Mar/2026:07:23:31 +0700] "GET /shop/page/7/?max_price=845&per_page=24 HTTP/1.1" 200 42791 "-" "Mozilla/5.0 (compatible; SERankingBacklinksBot/1.0; +https://seranking.com/backlinks-crawler)"
103.131.51.123 - - [29/Mar/2026:07:23:38 +0700] "POST /wp-cron.php?doing_wp_cron=1774743818.8191080093383789062500 HTTP/1.1" 200 474 "-" "WordPress/6.9.4; https://lotushomemade.com"
37.27.59.176 - - [29/Mar/2026:07:23:37 +0700] "GET /shop/page/8/?orderby=price&per_page=12 HTTP/1.1" 200 40957 "-" "Mozilla/5.0 (compatible; SERankingBacklinksBot/1.0; +https://seranking.com/backlinks-crawler)"
37.27.59.176 - - [29/Mar/2026:07:23:42 +0700] "GET /shop/page/8/?orderby=price&per_page=18 HTTP/1.1" 200 41635 "-" "Mozilla/5.0 (compatible; SERankingBacklinksBot/1.0; +https://seranking.com/backlinks-crawler)"
37.27.59.176 - - [29/Mar/2026:07:23:47 +0700] "GET /shop/page/8/?orderby=price&per_page=24 HTTP/1.1" 200 42904 "-" "Mozilla/5.0 (compatible; SERankingBacklinksBot/1.0; +https://seranking.com/backlinks-crawler)"
37.27.59.176 - - [29/Mar/2026:07:23:52 +0700] "GET /shop/page/8/?orderby=rating&per_page=8 HTTP/1.1" 200 40181 "-" "Mozilla/5.0 (compatible; SERankingBacklinksBot/1.0; +https://seranking.com/backlinks-crawler)"
37.27.59.176 - - [29/Mar/2026:07:23:59 +0700] "GET /shop/page/9/?orderby=price&per_page=12 HTTP/1.1" 200 41010 "-" "Mozilla/5.0 (compatible; SERankingBacklinksBot/1.0; +https://seranking.com/backlinks-crawler)"
198.244.183.149 - - [29/Mar/2026:07:24:00 +0700] "GET /shop/page/40/?orderby=price-desc&per_row=4&per_page=8&shop_view=grid HTTP/2" 200 33672 "-" "Mozilla/5.0 (compatible; AhrefsBot/7.0; +http://ahrefs.com/robot/)"
37.27.59.176 - - [29/Mar/2026:07:24:03 +0700] "GET /shop/page/9/?orderby=price&per_page=18 HTTP/1.1" 200 41685 "-" "Mozilla/5.0 (compatible; SERankingBacklinksBot/1.0; +https://seranking.com/backlinks-crawler)"
103.131.51.123 - - [29/Mar/2026:07:24:10 +0700] "POST /wp-cron.php?doing_wp_cron=1774743850.7126851081848144531250 HTTP/1.1" 200 474 "-" "WordPress/6.9.4; https://lotushomemade.com"
37.27.59.176 - - [29/Mar/2026:07:24:09 +0700] "GET /shop/page/9/?orderby=price&per_page=24 HTTP/1.1" 200 42798 "-" "Mozilla/5.0 (compatible; SERankingBacklinksBot/1.0; +https://seranking.com/backlinks-crawler)"
37.27.59.176 - - [29/Mar/2026:07:24:14 +0700] "GET /shop/page/9/?orderby=rating&per_page=8 HTTP/1.1" 200 40306 "-" "Mozilla/5.0 (compatible; SERankingBacklinksBot/1.0; +https://seranking.com/backlinks-crawler)"
198.244.168.146 - - [29/Mar/2026:07:24:15 +0700] "GET /shop/page/40/?orderby=price-desc&stock_status=instock&per_row=4&shop_view=grid&per_page=8 HTTP/2" 200 33701 "-" "Mozilla/5.0 (compatible; AhrefsBot/7.0; +http://ahrefs.com/robot/)"
37.27.59.176 - - [29/Mar/2026:07:24:18 +0700] "GET /shop/page/10/?orderby=price&per_page=12 HTTP/1.1" 200 40738 "-" "Mozilla/5.0 (compatible; SERankingBacklinksBot/1.0; +https://seranking.com/backlinks-crawler)"
37.27.59.176 - - [29/Mar/2026:07:24:23 +0700] "GET /shop/page/13/?max_price=420&per_page=24 HTTP/1.1" 200 42215 "-" "Mozilla/5.0 (compatible; SERankingBacklinksBot/1.0; +https://seranking.com/backlinks-crawler)"
51.195.244.202 - - [29/Mar/2026:07:24:25 +0700] "GET /shop/page/40/?orderby=price-desc&stock_status=instock&per_row=6&shop_view=grid&per_page=8 HTTP/2" 200 33640 "-" "Mozilla/5.0 (compatible; AhrefsBot/7.0; +http://ahrefs.com/robot/)"
51.195.215.154 - - [29/Mar/2026:07:24:29 +0700] "GET /shop/page/9/?orderby=price-desc&stock_status=instock&per_row=6&shop_view=grid&per_page=8 HTTP/2" 200 33653 "-" "Mozilla/5.0 (compatible; AhrefsBot/7.0; +http://ahrefs.com/robot/)"
37.27.59.176 - - [29/Mar/2026:07:24:29 +0700] "GET /shop/page/40/?orderby=rating&per_page=8 HTTP/1.1" 200 40279 "-" "Mozilla/5.0 (compatible; SERankingBacklinksBot/1.0; +https://seranking.com/backlinks-crawler)"
37.27.59.176 - - [29/Mar/2026:07:24:34 +0700] "GET /shop/page/10/?orderby=price&per_page=18 HTTP/1.1" 200 41905 "-" "Mozilla/5.0 (compatible; SERankingBacklinksBot/1.0; +https://seranking.com/backlinks-crawler)"
103.131.51.123 - - [29/Mar/2026:07:24:40 +0700] "POST /wp-cron.php?doing_wp_cron=1774743880.7565290927886962890625 HTTP/1.1" 200 474 "-" "WordPress/6.9.4; https://lotushomemade.com"
37.27.59.176 - - [29/Mar/2026:07:24:39 +0700] "GET /shop/page/13/?max_price=630&per_page=24 HTTP/1.1" 200 41948 "-" "Mozilla/5.0 (compatible; SERankingBacklinksBot/1.0; +https://seranking.com/backlinks-crawler)"
43.166.246.180 - - [29/Mar/2026:07:24:42 +0700] "GET /shop/ HTTP/1.1" 200 41521 "-" "Mozilla/5.0 (iPhone; CPU iPhone OS 13_2_3 like Mac OS X) AppleWebKit/605.1.15 (KHTML, like Gecko) Version/13.0.3 Mobile/15E148 Safari/604.1"
37.27.59.176 - - [29/Mar/2026:07:24:44 +0700] "GET /shop/page/41/?orderby=rating&per_page=8 HTTP/1.1" 200 40162 "-" "Mozilla/5.0 (compatible; SERankingBacklinksBot/1.0; +https://seranking.com/backlinks-crawler)"
37.27.59.176 - - [29/Mar/2026:07:24:49 +0700] "GET /shop/page/10/?orderby=price&per_page=24 HTTP/1.1" 200 42937 "-" "Mozilla/5.0 (compatible; SERankingBacklinksBot/1.0; +https://seranking.com/backlinks-crawler)"
198.244.226.95 - - [29/Mar/2026:07:24:49 +0700] "GET /shop/page/40/?orderby=date&stock_status=instock&per_row=4&shop_view=grid&per_page=8 HTTP/2" 200 33287 "-" "Mozilla/5.0 (compatible; AhrefsBot/7.0; +http://ahrefs.com/robot/)"
37.27.59.176 - - [29/Mar/2026:07:24:54 +0700] "GET /shop/page/13/?max_price=840&per_page=24 HTTP/1.1" 200 42036 "-" "Mozilla/5.0 (compatible; SERankingBacklinksBot/1.0; +https://seranking.com/backlinks-crawler)"
37.27.59.176 - - [29/Mar/2026:07:24:58 +0700] "GET /shop/page/8/?orderby=rating&per_page=12 HTTP/1.1" 200 40594 "-" "Mozilla/5.0 (compatible; SERankingBacklinksBot/1.0; +https://seranking.com/backlinks-crawler)"
37.27.59.176 - - [29/Mar/2026:07:25:04 +0700] "GET /shop/page/10/?orderby=rating&per_page=8 HTTP/1.1" 200 40366 "-" "Mozilla/5.0 (compatible; SERankingBacklinksBot/1.0; +https://seranking.com/backlinks-crawler)"
37.27.59.176 - - [29/Mar/2026:07:25:09 +0700] "GET /shop/page/13/?max_price=845&per_page=24 HTTP/1.1" 200 42220 "-" "Mozilla/5.0 (compatible; SERankingBacklinksBot/1.0; +https://seranking.com/backlinks-crawler)"
37.27.59.176 - - [29/Mar/2026:07:25:15 +0700] "GET /shop/page/8/?orderby=rating&per_page=18 HTTP/1.1" 200 41766 "-" "Mozilla/5.0 (compatible; SERankingBacklinksBot/1.0; +https://seranking.com/backlinks-crawler)"
198.244.240.15 - - [29/Mar/2026:07:25:17 +0700] "GET /shop/page/40/?orderby=price-desc&per_row=4&per_page=8&shop_view=grid HTTP/2" 200 33668 "-" "Mozilla/5.0 (compatible; AhrefsBot/7.0; +http://ahrefs.com/robot/)"
37.27.59.176 - - [29/Mar/2026:07:25:20 +0700] "GET /shop/page/11/?max_price=420&per_page=24 HTTP/1.1" 200 41837 "-" "Mozilla/5.0 (compatible; SERankingBacklinksBot/1.0; +https://seranking.com/backlinks-crawler)"
37.27.59.176 - - [29/Mar/2026:07:25:25 +0700] "GET /shop/page/13/?min_price=0&max_price=210 HTTP/1.1" 200 41289 "-" "Mozilla/5.0 (compatible; SERankingBacklinksBot/1.0; +https://seranking.com/backlinks-crawler)"
198.244.240.161 - - [29/Mar/2026:07:25:30 +0700] "GET /product-category/traditional-cookies-series/page/4/?stock_status=instock%2Consale&per_row=6&shop_view=grid&per_page=8 HTTP/2" 200 33076 "-" "Mozilla/5.0 (compatible; AhrefsBot/7.0; +http://ahrefs.com/robot/)"
37.27.59.176 - - [29/Mar/2026:07:25:30 +0700] "GET /shop/page/8/?orderby=rating&per_page=24 HTTP/1.1" 200 43064 "-" "Mozilla/5.0 (compatible; SERankingBacklinksBot/1.0; +https://seranking.com/backlinks-crawler)"
37.27.59.176 - - [29/Mar/2026:07:25:36 +0700] "GET /shop/page/11/?max_price=630&per_page=24 HTTP/1.1" 200 42025 "-" "Mozilla/5.0 (compatible; SERankingBacklinksBot/1.0; +https://seranking.com/backlinks-crawler)"
103.131.51.123 - - [29/Mar/2026:07:25:42 +0700] "POST /wp-cron.php?doing_wp_cron=1774743942.5808920860290527343750 HTTP/1.1" 200 474 "-" "WordPress/6.9.4; https://lotushomemade.com"
37.27.59.176 - - [29/Mar/2026:07:25:41 +0700] "GET /shop/page/13/?orderby=price&per_page=18 HTTP/1.1" 200 41784 "-" "Mozilla/5.0 (compatible; SERankingBacklinksBot/1.0; +https://seranking.com/backlinks-crawler)"
37.27.59.176 - - [29/Mar/2026:07:25:48 +0700] "GET /shop/page/9/?orderby=rating&per_page=12 HTTP/1.1" 200 40789 "-" "Mozilla/5.0 (compatible; SERankingBacklinksBot/1.0; +https://seranking.com/backlinks-crawler)"
37.27.59.176 - - [29/Mar/2026:07:25:54 +0700] "GET /shop/page/11/?max_price=840&per_page=24 HTTP/1.1" 200 42002 "-" "Mozilla/5.0 (compatible; SERankingBacklinksBot/1.0; +https://seranking.com/backlinks-crawler)"
37.27.59.176 - - [29/Mar/2026:07:25:59 +0700] "GET /shop/page/14/?orderby=price&per_page=18 HTTP/1.1" 200 42074 "-" "Mozilla/5.0 (compatible; SERankingBacklinksBot/1.0; +https://seranking.com/backlinks-crawler)"
37.27.59.176 - - [29/Mar/2026:07:26:04 +0700] "GET /shop/page/9/?orderby=rating&per_page=18 HTTP/1.1" 200 41554 "-" "Mozilla/5.0 (compatible; SERankingBacklinksBot/1.0; +https://seranking.com/backlinks-crawler)"
37.27.59.176 - - [29/Mar/2026:07:26:09 +0700] "GET /shop/page/11/?max_price=845&per_page=24 HTTP/1.1" 200 41852 "-" "Mozilla/5.0 (compatible; SERankingBacklinksBot/1.0; +https://seranking.com/backlinks-crawler)"
37.27.59.176 - - [29/Mar/2026:07:26:14 +0700] "GET /shop/page/15/?orderby=price&per_page=18 HTTP/1.1" 200 42012 "-" "Mozilla/5.0 (compatible; SERankingBacklinksBot/1.0; +https://seranking.com/backlinks-crawler)"
40.77.167.0 - - [29/Mar/2026:07:26:19 +0700] "GET /wp-content/uploads/2023/11/1058-150x150.png HTTP/2" 200 38144 "-" "Mozilla/5.0 AppleWebKit/537.36 (KHTML, like Gecko; compatible; bingbot/2.0; +http://www.bing.com/bingbot.htm) Chrome/116.0.1938.76 Safari/537.36"
37.27.59.176 - - [29/Mar/2026:07:26:19 +0700] "GET /shop/page/9/?orderby=rating&per_page=24 HTTP/1.1" 200 42285 "-" "Mozilla/5.0 (compatible; SERankingBacklinksBot/1.0; +https://seranking.com/backlinks-crawler)"
51.195.215.120 - - [29/Mar/2026:07:26:24 +0700] "GET /shop/?stock_status=instock&per_row=6&shop_view=grid&per_page=8 HTTP/2" 200 33927 "-" "Mozilla/5.0 (compatible; AhrefsBot/7.0; +http://ahrefs.com/robot/)"
37.27.59.176 - - [29/Mar/2026:07:26:25 +0700] "GET /shop/page/11/?min_price=0&max_price=210 HTTP/1.1" 200 40893 "-" "Mozilla/5.0 (compatible; SERankingBacklinksBot/1.0; +https://seranking.com/backlinks-crawler)"
37.27.59.176 - - [29/Mar/2026:07:26:29 +0700] "GET /shop/page/16/?max_price=420&per_page=18 HTTP/1.1" 200 41276 "-" "Mozilla/5.0 (compatible; SERankingBacklinksBot/1.0; +https://seranking.com/backlinks-crawler)"
37.27.59.176 - - [29/Mar/2026:07:26:34 +0700] "GET /shop/page/12/?max_price=420&per_page=24 HTTP/1.1" 200 41792 "-" "Mozilla/5.0 (compatible; SERankingBacklinksBot/1.0; +https://seranking.com/backlinks-crawler)"
103.131.51.123 - - [29/Mar/2026:07:26:41 +0700] "POST /wp-cron.php?doing_wp_cron=1774744001.1501228809356689453125 HTTP/1.1" 200 474 "-" "WordPress/6.9.4; https://lotushomemade.com"
37.27.59.176 - - [29/Mar/2026:07:26:39 +0700] "GET /shop/page/16/?max_price=630&per_page=18 HTTP/1.1" 200 41372 "-" "Mozilla/5.0 (compatible; SERankingBacklinksBot/1.0; +https://seranking.com/backlinks-crawler)"
37.27.59.176 - - [29/Mar/2026:07:26:45 +0700] "GET /shop/page/12/?max_price=630&per_page=24 HTTP/1.1" 200 41934 "-" "Mozilla/5.0 (compatible; SERankingBacklinksBot/1.0; +https://seranking.com/backlinks-crawler)"
37.27.59.176 - - [29/Mar/2026:07:26:50 +0700] "GET /shop/page/16/?max_price=840&per_page=18 HTTP/1.1" 200 41455 "-" "Mozilla/5.0 (compatible; SERankingBacklinksBot/1.0; +https://seranking.com/backlinks-crawler)"
37.27.59.176 - - [29/Mar/2026:07:26:55 +0700] "GET /shop/page/12/?max_price=840&per_page=24 HTTP/1.1" 200 41758 "-" "Mozilla/5.0 (compatible; SERankingBacklinksBot/1.0; +https://seranking.com/backlinks-crawler)"
47.128.61.113 - - [29/Mar/2026:07:26:55 +0700] "GET /product/mocha-almond-crispy-cookies-sg/ HTTP/2" 200 35104 "-" "Mozilla/5.0 (Linux; Android 5.0) AppleWebKit/537.36 (KHTML, like Gecko) Mobile Safari/537.36 (compatible; Bytespider; spider-feedback@bytedance.com)"
47.128.61.113 - - [29/Mar/2026:07:26:57 +0700] "GET /wp-content/plugins/preloader-plus/assets/css/preloader-plus.min.css?ver=2.2.1 HTTP/2" 200 463 "https://lotushomemade.com/product/mocha-almond-crispy-cookies-sg/" "Mozilla/5.0 (Linux; Android 5.0) AppleWebKit/537.36 (KHTML, like Gecko) Mobile Safari/537.36 (compatible; Bytespider; spider-feedback@bytedance.com)"
47.128.61.113 - - [29/Mar/2026:07:26:57 +0700] "GET /wp-content/plugins/whatsapp-for-wordpress/assets/dist/css/style.css?ver=6.9.4 HTTP/2" 200 4985 "https://lotushomemade.com/product/mocha-almond-crispy-cookies-sg/" "Mozilla/5.0 (Linux; Android 5.0) AppleWebKit/537.36 (KHTML, like Gecko) Mobile Safari/537.36 (compatible; Bytespider; spider-feedback@bytedance.com)"
47.128.61.113 - - [29/Mar/2026:07:26:57 +0700] "GET /wp-content/plugins/elementor/assets/lib/eicons/css/elementor-icons.min.css?ver=5.23.0 HTTP/2" 200 3673 "https://lotushomemade.com/product/mocha-almond-crispy-cookies-sg/" "Mozilla/5.0 (Linux; Android 5.0) AppleWebKit/537.36 (KHTML, like Gecko) Mobile Safari/537.36 (compatible; Bytespider; spider-feedback@bytedance.com)"
47.128.61.113 - - [29/Mar/2026:07:26:57 +0700] "GET /wp-content/plugins/elementor/assets/lib/swiper/v8/css/swiper.min.css?ver=8.4.5 HTTP/2" 200 4248 "https://lotushomemade.com/product/mocha-almond-crispy-cookies-sg/" "Mozilla/5.0 (Linux; Android 5.0) AppleWebKit/537.36 (KHTML, like Gecko) Mobile Safari/537.36 (compatible; Bytespider; spider-feedback@bytedance.com)"
47.128.61.113 - - [29/Mar/2026:07:26:57 +0700] "GET /wp-content/plugins/elementor/assets/css/frontend-lite.min.css?ver=3.17.3 HTTP/2" 200 12935 "https://lotushomemade.com/product/mocha-almond-crispy-cookies-sg/" "Mozilla/5.0 (Linux; Android 5.0) AppleWebKit/537.36 (KHTML, like Gecko) Mobile Safari/537.36 (compatible; Bytespider; spider-feedback@bytedance.com)"
47.128.61.113 - - [29/Mar/2026:07:26:57 +0700] "GET /wp-content/uploads/elementor/css/post-6.css?ver=1700283748 HTTP/2" 200 593 "https://lotushomemade.com/product/mocha-almond-crispy-cookies-sg/" "Mozilla/5.0 (Linux; Android 5.0) AppleWebKit/537.36 (KHTML, like Gecko) Mobile Safari/537.36 (compatible; Bytespider; spider-feedback@bytedance.com)"
47.128.61.113 - - [29/Mar/2026:07:26:57 +0700] "GET /wp-content/themes/woodmart/css/bootstrap-light.min.css?ver=7.2.5 HTTP/2" 200 812 "https://lotushomemade.com/product/mocha-almond-crispy-cookies-sg/" "Mozilla/5.0 (Linux; Android 5.0) AppleWebKit/537.36 (KHTML, like Gecko) Mobile Safari/537.36 (compatible; Bytespider; spider-feedback@bytedance.com)"
47.128.61.113 - - [29/Mar/2026:07:26:57 +0700] "GET /wp-content/plugins/elementor-pro/assets/css/frontend-lite.min.css?ver=3.16.1 HTTP/2" 200 1511 "https://lotushomemade.com/product/mocha-almond-crispy-cookies-sg/" "Mozilla/5.0 (Linux; Android 5.0) AppleWebKit/537.36 (KHTML, like Gecko) Mobile Safari/537.36 (compatible; Bytespider; spider-feedback@bytedance.com)"
47.128.61.113 - - [29/Mar/2026:07:26:57 +0700] "GET /wp-content/themes/woodmart/css/parts/base.min.css?ver=7.2.5 HTTP/2" 200 10220 "https://lotushomemade.com/product/mocha-almond-crispy-cookies-sg/" "Mozilla/5.0 (Linux; Android 5.0) AppleWebKit/537.36 (KHTML, like Gecko) Mobile Safari/537.36 (compatible; Bytespider; spider-feedback@bytedance.com)"
47.128.61.113 - - [29/Mar/2026:07:26:57 +0700] "GET /wp-content/themes/woodmart/css/parts/widget-wd-recent-posts.min.css?ver=7.2.5 HTTP/2" 200 256 "https://lotushomemade.com/product/mocha-almond-crispy-cookies-sg/" "Mozilla/5.0 (Linux; Android 5.0) AppleWebKit/537.36 (KHTML, like Gecko) Mobile Safari/537.36 (compatible; Bytespider; spider-feedback@bytedance.com)"
47.128.61.113 - - [29/Mar/2026:07:26:57 +0700] "GET /wp-content/themes/woodmart/css/parts/widget-recent-post-comments.min.css?ver=7.2.5 HTTP/2" 200 266 "https://lotushomemade.com/product/mocha-almond-crispy-cookies-sg/" "Mozilla/5.0 (Linux; Android 5.0) AppleWebKit/537.36 (KHTML, like Gecko) Mobile Safari/537.36 (compatible; Bytespider; spider-feedback@bytedance.com)"
47.128.61.113 - - [29/Mar/2026:07:26:57 +0700] "GET /wp-content/themes/woodmart/css/parts/woo-widget-wd-layered-nav.min.css?ver=7.2.5 HTTP/2" 200 495 "https://lotushomemade.com/product/mocha-almond-crispy-cookies-sg/" "Mozilla/5.0 (Linux; Android 5.0) AppleWebKit/537.36 (KHTML, like Gecko) Mobile Safari/537.36 (compatible; Bytespider; spider-feedback@bytedance.com)"
47.128.61.113 - - [29/Mar/2026:07:26:57 +0700] "GET /wp-content/themes/woodmart/css/parts/widget-nav.min.css?ver=7.2.5 HTTP/2" 200 149 "https://lotushomemade.com/product/mocha-almond-crispy-cookies-sg/" "Mozilla/5.0 (Linux; Android 5.0) AppleWebKit/537.36 (KHTML, like Gecko) Mobile Safari/537.36 (compatible; Bytespider; spider-feedback@bytedance.com)"
47.128.61.113 - - [29/Mar/2026:07:26:57 +0700] "GET /wp-content/themes/woodmart/css/parts/woo-mod-swatches-filter.min.css?ver=7.2.5 HTTP/2" 200 572 "https://lotushomemade.com/product/mocha-almond-crispy-cookies-sg/" "Mozilla/5.0 (Linux; Android 5.0) AppleWebKit/537.36 (KHTML, like Gecko) Mobile Safari/537.36 (compatible; Bytespider; spider-feedback@bytedance.com)"
47.128.61.113 - - [29/Mar/2026:07:26:57 +0700] "GET /wp-content/themes/woodmart/css/parts/woo-mod-swatches-base.min.css?ver=7.2.5 HTTP/2" 200 709 "https://lotushomemade.com/product/mocha-almond-crispy-cookies-sg/" "Mozilla/5.0 (Linux; Android 5.0) AppleWebKit/537.36 (KHTML, like Gecko) Mobile Safari/537.36 (compatible; Bytespider; spider-feedback@bytedance.com)"
47.128.61.113 - - [29/Mar/2026:07:26:57 +0700] "GET /wp-content/themes/woodmart/css/parts/woo-widget-product-list.min.css?ver=7.2.5 HTTP/2" 200 310 "https://lotushomemade.com/product/mocha-almond-crispy-cookies-sg/" "Mozilla/5.0 (Linux; Android 5.0) AppleWebKit/537.36 (KHTML, like Gecko) Mobile Safari/537.36 (compatible; Bytespider; spider-feedback@bytedance.com)"
47.128.61.113 - - [29/Mar/2026:07:26:57 +0700] "GET /wp-content/themes/woodmart/css/parts/woo-widget-layered-nav-stock-status.min.css?ver=7.2.5 HTTP/2" 200 368 "https://lotushomemade.com/product/mocha-almond-crispy-cookies-sg/" "Mozilla/5.0 (Linux; Android 5.0) AppleWebKit/537.36 (KHTML, like Gecko) Mobile Safari/537.36 (compatible; Bytespider; spider-feedback@bytedance.com)"
47.128.61.113 - - [29/Mar/2026:07:26:57 +0700] "GET /wp-content/themes/woodmart/css/parts/int-wpcf7.min.css?ver=7.2.5 HTTP/2" 200 403 "https://lotushomemade.com/product/mocha-almond-crispy-cookies-sg/" "Mozilla/5.0 (Linux; Android 5.0) AppleWebKit/537.36 (KHTML, like Gecko) Mobile Safari/537.36 (compatible; Bytespider; spider-feedback@bytedance.com)"
47.128.61.113 - - [29/Mar/2026:07:26:57 +0700] "GET /wp-content/themes/woodmart/css/parts/woo-widget-slider-price-filter.min.css?ver=7.2.5 HTTP/2" 200 621 "https://lotushomemade.com/product/mocha-almond-crispy-cookies-sg/" "Mozilla/5.0 (Linux; Android 5.0) AppleWebKit/537.36 (KHTML, like Gecko) Mobile Safari/537.36 (compatible; Bytespider; spider-feedback@bytedance.com)"
47.128.61.113 - - [29/Mar/2026:07:26:57 +0700] "GET /wp-content/themes/woodmart/css/parts/int-elem-base.min.css?ver=7.2.5 HTTP/2" 200 960 "https://lotushomemade.com/product/mocha-almond-crispy-cookies-sg/" "Mozilla/5.0 (Linux; Android 5.0) AppleWebKit/537.36 (KHTML, like Gecko) Mobile Safari/537.36 (compatible; Bytespider; spider-feedback@bytedance.com)"
47.128.61.113 - - [29/Mar/2026:07:26:57 +0700] "GET /wp-content/themes/woodmart/css/parts/int-rev-slider.min.css?ver=7.2.5 HTTP/2" 200 256 "https://lotushomemade.com/product/mocha-almond-crispy-cookies-sg/" "Mozilla/5.0 (Linux; Android 5.0) AppleWebKit/537.36 (KHTML, like Gecko) Mobile Safari/537.36 (compatible; Bytespider; spider-feedback@bytedance.com)"
