37.27.59.176 - - [29/Mar/2026:12:41:03 +0700] "GET /shop/page/11/?max_price=630&per_row=2&per_page=8&shop_view=grid HTTP/1.1" 200 40541 "-" "Mozilla/5.0 (compatible; SERankingBacklinksBot/1.0; +https://seranking.com/backlinks-crawler)"
37.27.59.176 - - [29/Mar/2026:12:41:08 +0700] "GET /shop/page/44/?orderby=popularity&stock_status=onsale&per_page=8 HTTP/1.1" 200 40087 "-" "Mozilla/5.0 (compatible; SERankingBacklinksBot/1.0; +https://seranking.com/backlinks-crawler)"
37.27.59.176 - - [29/Mar/2026:12:41:13 +0700] "GET /shop/page/18/?orderby=date&per_page=18&shop_view=grid&per_row=4 HTTP/1.1" 200 41351 "-" "Mozilla/5.0 (compatible; SERankingBacklinksBot/1.0; +https://seranking.com/backlinks-crawler)"
37.27.59.176 - - [29/Mar/2026:12:41:20 +0700] "GET /shop/page/11/?max_price=630&per_row=4&per_page=8&shop_view=grid HTTP/1.1" 200 40696 "-" "Mozilla/5.0 (compatible; SERankingBacklinksBot/1.0; +https://seranking.com/backlinks-crawler)"
37.27.59.176 - - [29/Mar/2026:12:41:25 +0700] "GET /shop/page/44/?orderby=price&per_page=8&shop_view=grid&per_row=2 HTTP/1.1" 200 40506 "-" "Mozilla/5.0 (compatible; SERankingBacklinksBot/1.0; +https://seranking.com/backlinks-crawler)"
37.27.59.176 - - [29/Mar/2026:12:41:30 +0700] "GET /shop/page/18/?orderby=date&per_page=18&shop_view=grid&per_row=6 HTTP/1.1" 200 41537 "-" "Mozilla/5.0 (compatible; SERankingBacklinksBot/1.0; +https://seranking.com/backlinks-crawler)"
51.38.30.221 - - [29/Mar/2026:12:41:33 +0700] "GET /wp-login.php HTTP/2" 200 1889 "-" "Mozilla/5.0 (Macintosh; Intel Mac OS X 10_13_2) AppleWebKit/537.36 (KHTML, like Gecko) Chrome/65.0.3298.3 Safari/537.36"
51.38.30.221 - - [29/Mar/2026:12:41:34 +0700] "POST /wp-login.php HTTP/2" 200 2027 "https://lotushomemade.com/wp-login.php" "Mozilla/5.0 (Macintosh; Intel Mac OS X 10_13_2) AppleWebKit/537.36 (KHTML, like Gecko) Chrome/65.0.3298.3 Safari/537.36"
37.27.59.176 - - [29/Mar/2026:12:41:36 +0700] "GET /shop/page/11/?max_price=630&per_row=6&per_page=8&shop_view=grid HTTP/1.1" 200 40565 "-" "Mozilla/5.0 (compatible; SERankingBacklinksBot/1.0; +https://seranking.com/backlinks-crawler)"
103.131.51.123 - - [29/Mar/2026:12:41:38 +0700] "POST /wp-cron.php?doing_wp_cron=1774762898.5657749176025390625000 HTTP/1.1" 200 474 "-" "WordPress/6.9.4; https://lotushomemade.com"
92.222.104.192 - - [29/Mar/2026:12:41:37 +0700] "GET /shop/page/28/?orderby=price&stock_status=onsale&per_page=12&shop_view=grid&per_row=2 HTTP/2" 200 33886 "-" "Mozilla/5.0 (compatible; AhrefsBot/7.0; +http://ahrefs.com/robot/)"
37.27.59.176 - - [29/Mar/2026:12:41:40 +0700] "GET /shop/page/44/?orderby=price&per_page=8&shop_view=grid&per_row=4 HTTP/1.1" 200 40562 "-" "Mozilla/5.0 (compatible; SERankingBacklinksBot/1.0; +https://seranking.com/backlinks-crawler)"
37.27.59.176 - - [29/Mar/2026:12:41:46 +0700] "GET /shop/page/18/?orderby=date&per_row=2&shop_view=grid&per_page=18 HTTP/1.1" 200 41514 "-" "Mozilla/5.0 (compatible; SERankingBacklinksBot/1.0; +https://seranking.com/backlinks-crawler)"
37.27.59.176 - - [29/Mar/2026:12:41:51 +0700] "GET /shop/page/11/?max_price=840&per_row=2&per_page=8&shop_view=grid HTTP/1.1" 200 40511 "-" "Mozilla/5.0 (compatible; SERankingBacklinksBot/1.0; +https://seranking.com/backlinks-crawler)"
37.27.59.176 - - [29/Mar/2026:12:41:56 +0700] "GET /shop/page/44/?orderby=price&per_page=8&shop_view=grid&per_row=6 HTTP/1.1" 200 40714 "-" "Mozilla/5.0 (compatible; SERankingBacklinksBot/1.0; +https://seranking.com/backlinks-crawler)"
37.27.59.176 - - [29/Mar/2026:12:42:01 +0700] "GET /shop/page/18/?orderby=date&per_row=4&shop_view=grid&per_page=18 HTTP/1.1" 200 41421 "-" "Mozilla/5.0 (compatible; SERankingBacklinksBot/1.0; +https://seranking.com/backlinks-crawler)"
37.27.59.176 - - [29/Mar/2026:12:42:06 +0700] "GET /shop/page/11/?max_price=840&per_row=4&per_page=8&shop_view=grid HTTP/1.1" 200 40718 "-" "Mozilla/5.0 (compatible; SERankingBacklinksBot/1.0; +https://seranking.com/backlinks-crawler)"
176.31.139.17 - - [29/Mar/2026:12:42:08 +0700] "GET /shop/page/6/?orderby=price&stock_status=onsale&per_row=4&per_page=24&shop_view=grid HTTP/2" 200 35509 "-" "Mozilla/5.0 (compatible; AhrefsBot/7.0; +http://ahrefs.com/robot/)"
37.27.59.176 - - [29/Mar/2026:12:42:11 +0700] "GET /shop/page/44/?orderby=price&per_row=2&shop_view=grid&per_page=8 HTTP/1.1" 200 40517 "-" "Mozilla/5.0 (compatible; SERankingBacklinksBot/1.0; +https://seranking.com/backlinks-crawler)"
37.27.59.176 - - [29/Mar/2026:12:42:16 +0700] "GET /shop/page/18/?orderby=date&per_row=6&shop_view=grid&per_page=18 HTTP/1.1" 200 41306 "-" "Mozilla/5.0 (compatible; SERankingBacklinksBot/1.0; +https://seranking.com/backlinks-crawler)"
37.27.59.176 - - [29/Mar/2026:12:42:21 +0700] "GET /shop/page/11/?max_price=840&per_row=6&per_page=8&shop_view=grid HTTP/1.1" 200 40710 "-" "Mozilla/5.0 (compatible; SERankingBacklinksBot/1.0; +https://seranking.com/backlinks-crawler)"
37.27.59.176 - - [29/Mar/2026:12:42:27 +0700] "GET /shop/page/44/?orderby=price&per_row=4&shop_view=grid&per_page=8 HTTP/1.1" 200 40716 "-" "Mozilla/5.0 (compatible; SERankingBacklinksBot/1.0; +https://seranking.com/backlinks-crawler)"
37.27.59.176 - - [29/Mar/2026:12:42:32 +0700] "GET /shop/page/19/?orderby=date&per_row=2&per_page=18&shop_view=grid HTTP/1.1" 200 41914 "-" "Mozilla/5.0 (compatible; SERankingBacklinksBot/1.0; +https://seranking.com/backlinks-crawler)"
103.131.51.123 - - [29/Mar/2026:12:42:39 +0700] "POST /wp-cron.php?doing_wp_cron=1774762959.0702550411224365234375 HTTP/1.1" 200 474 "-" "WordPress/6.9.4; https://lotushomemade.com"
37.27.59.176 - - [29/Mar/2026:12:42:37 +0700] "GET /shop/page/11/?max_price=845&per_row=2&per_page=8&shop_view=grid HTTP/1.1" 200 40632 "-" "Mozilla/5.0 (compatible; SERankingBacklinksBot/1.0; +https://seranking.com/backlinks-crawler)"
185.199.223.93 - - [29/Mar/2026:12:42:43 +0700] "POST /xmlrpc.php HTTP/1.1" 200 676 "-" "Mozilla/5.0 (Windows NT 10.0; Win64; x64) AppleWebKit/537.36 (KHTML, like Gecko) Chrome/140.0.0.0 Safari/537.36"
37.27.59.176 - - [29/Mar/2026:12:42:42 +0700] "GET /shop/page/44/?orderby=price&per_row=6&shop_view=grid&per_page=8 HTTP/1.1" 200 40557 "-" "Mozilla/5.0 (compatible; SERankingBacklinksBot/1.0; +https://seranking.com/backlinks-crawler)"
37.27.59.176 - - [29/Mar/2026:12:42:47 +0700] "GET /shop/page/19/?orderby=date&per_row=4&per_page=18&shop_view=grid HTTP/1.1" 200 41906 "-" "Mozilla/5.0 (compatible; SERankingBacklinksBot/1.0; +https://seranking.com/backlinks-crawler)"
37.27.59.176 - - [29/Mar/2026:12:42:52 +0700] "GET /shop/page/11/?max_price=845&per_row=4&per_page=8&shop_view=grid HTTP/1.1" 200 40561 "-" "Mozilla/5.0 (compatible; SERankingBacklinksBot/1.0; +https://seranking.com/backlinks-crawler)"
92.222.104.216 - - [29/Mar/2026:12:42:56 +0700] "GET /product-category/traditional-cookies-series/page/5/?stock_status=instock%2Consale&per_page=12&shop_view=grid&per_row=2 HTTP/2" 200 33517 "-" "Mozilla/5.0 (compatible; AhrefsBot/7.0; +http://ahrefs.com/robot/)"
37.27.59.176 - - [29/Mar/2026:12:42:59 +0700] "GET /shop/page/44/?orderby=price-desc&per_page=8&stock_status=onsale HTTP/1.1" 200 40517 "-" "Mozilla/5.0 (compatible; SERankingBacklinksBot/1.0; +https://seranking.com/backlinks-crawler)"
37.27.59.176 - - [29/Mar/2026:12:43:04 +0700] "GET /shop/page/19/?orderby=date&per_row=6&per_page=18&shop_view=grid HTTP/1.1" 200 41762 "-" "Mozilla/5.0 (compatible; SERankingBacklinksBot/1.0; +https://seranking.com/backlinks-crawler)"
37.27.59.176 - - [29/Mar/2026:12:43:09 +0700] "GET /shop/page/11/?max_price=845&per_row=6&per_page=8&shop_view=grid HTTP/1.1" 200 40741 "-" "Mozilla/5.0 (compatible; SERankingBacklinksBot/1.0; +https://seranking.com/backlinks-crawler)"
37.27.59.176 - - [29/Mar/2026:12:43:14 +0700] "GET /shop/page/44/?orderby=price-desc&stock_status=onsale&per_page=8 HTTP/1.1" 200 40324 "-" "Mozilla/5.0 (compatible; SERankingBacklinksBot/1.0; +https://seranking.com/backlinks-crawler)"
37.27.59.176 - - [29/Mar/2026:12:43:19 +0700] "GET /shop/page/2/?max_price=420&per_page=12&shop_view=grid&per_row=2 HTTP/1.1" 200 41499 "-" "Mozilla/5.0 (compatible; SERankingBacklinksBot/1.0; +https://seranking.com/backlinks-crawler)"
37.27.59.176 - - [29/Mar/2026:12:43:24 +0700] "GET /shop/page/11/?orderby=date&per_page=24&shop_view=grid&per_row=2 HTTP/1.1" 200 42070 "-" "Mozilla/5.0 (compatible; SERankingBacklinksBot/1.0; +https://seranking.com/backlinks-crawler)"
37.27.59.176 - - [29/Mar/2026:12:43:29 +0700] "GET /shop/page/45/?max_price=420&per_page=8&shop_view=grid&per_row=2 HTTP/1.1" 200 40297 "-" "Mozilla/5.0 (compatible; SERankingBacklinksBot/1.0; +https://seranking.com/backlinks-crawler)"
5.39.1.254 - - [29/Mar/2026:12:43:32 +0700] "GET /shop/page/3/?orderby=rating&stock_status=instock&per_row=2&shop_view=grid&per_page=18 HTTP/2" 200 34905 "-" "Mozilla/5.0 (compatible; AhrefsBot/7.0; +http://ahrefs.com/robot/)"
37.27.59.176 - - [29/Mar/2026:12:43:35 +0700] "GET /shop/page/2/?max_price=420&per_page=12&shop_view=grid&per_row=4 HTTP/1.1" 200 41642 "-" "Mozilla/5.0 (compatible; SERankingBacklinksBot/1.0; +https://seranking.com/backlinks-crawler)"
103.131.51.123 - - [29/Mar/2026:12:43:41 +0700] "POST /wp-cron.php?doing_wp_cron=1774763021.4871311187744140625000 HTTP/1.1" 200 474 "-" "WordPress/6.9.4; https://lotushomemade.com"
37.27.59.176 - - [29/Mar/2026:12:43:40 +0700] "GET /shop/page/11/?orderby=date&per_page=24&shop_view=grid&per_row=4 HTTP/1.1" 200 41883 "-" "Mozilla/5.0 (compatible; SERankingBacklinksBot/1.0; +https://seranking.com/backlinks-crawler)"
37.27.59.176 - - [29/Mar/2026:12:43:44 +0700] "GET /shop/page/45/?max_price=420&per_page=8&shop_view=grid&per_row=4 HTTP/1.1" 200 40366 "-" "Mozilla/5.0 (compatible; SERankingBacklinksBot/1.0; +https://seranking.com/backlinks-crawler)"
37.27.59.176 - - [29/Mar/2026:12:43:50 +0700] "GET /shop/page/2/?max_price=420&per_page=12&shop_view=grid&per_row=6 HTTP/1.1" 200 41688 "-" "Mozilla/5.0 (compatible; SERankingBacklinksBot/1.0; +https://seranking.com/backlinks-crawler)"
37.27.59.176 - - [29/Mar/2026:12:43:55 +0700] "GET /shop/page/11/?orderby=date&per_page=24&shop_view=grid&per_row=6 HTTP/1.1" 200 41817 "-" "Mozilla/5.0 (compatible; SERankingBacklinksBot/1.0; +https://seranking.com/backlinks-crawler)"
37.27.59.176 - - [29/Mar/2026:12:43:59 +0700] "GET /shop/page/45/?max_price=420&per_page=8&shop_view=grid&per_row=6 HTTP/1.1" 200 40365 "-" "Mozilla/5.0 (compatible; SERankingBacklinksBot/1.0; +https://seranking.com/backlinks-crawler)"
37.27.59.176 - - [29/Mar/2026:12:44:04 +0700] "GET /shop/page/2/?max_price=420&per_page=18&shop_view=grid&per_row=2 HTTP/1.1" 200 42725 "-" "Mozilla/5.0 (compatible; SERankingBacklinksBot/1.0; +https://seranking.com/backlinks-crawler)"
37.27.59.176 - - [29/Mar/2026:12:44:10 +0700] "GET /shop/page/11/?orderby=date&per_row=2&shop_view=grid&per_page=24 HTTP/1.1" 200 42003 "-" "Mozilla/5.0 (compatible; SERankingBacklinksBot/1.0; +https://seranking.com/backlinks-crawler)"
37.27.59.176 - - [29/Mar/2026:12:44:15 +0700] "GET /shop/page/45/?max_price=420&per_row=2&shop_view=grid&per_page=8 HTTP/1.1" 200 40530 "-" "Mozilla/5.0 (compatible; SERankingBacklinksBot/1.0; +https://seranking.com/backlinks-crawler)"
5.39.109.161 - - [29/Mar/2026:12:44:20 +0700] "GET /product-category/kuih-kapit-series/?stock_status=instock%2Consale&per_row=6&per_page=18&shop_view=grid&filter_brand=blessing-food HTTP/2" 200 33210 "-" "Mozilla/5.0 (compatible; AhrefsBot/7.0; +http://ahrefs.com/robot/)"
37.27.59.176 - - [29/Mar/2026:12:44:20 +0700] "GET /shop/page/2/?max_price=420&per_page=18&shop_view=grid&per_row=4 HTTP/1.1" 200 42801 "-" "Mozilla/5.0 (compatible; SERankingBacklinksBot/1.0; +https://seranking.com/backlinks-crawler)"
37.27.59.176 - - [29/Mar/2026:12:44:26 +0700] "GET /shop/page/11/?orderby=date&per_row=4&shop_view=grid&per_page=24 HTTP/1.1" 200 41970 "-" "Mozilla/5.0 (compatible; SERankingBacklinksBot/1.0; +https://seranking.com/backlinks-crawler)"
37.27.59.176 - - [29/Mar/2026:12:44:31 +0700] "GET /shop/page/45/?max_price=420&per_row=4&shop_view=grid&per_page=8 HTTP/1.1" 200 40409 "-" "Mozilla/5.0 (compatible; SERankingBacklinksBot/1.0; +https://seranking.com/backlinks-crawler)"
14.242.206.104 - - [29/Mar/2026:12:44:32 +0700] "GET /shop/?filter_brand=blessing-food&max_price=630&per_page=8&per_row=6&shop_view=grid HTTP/1.1" 200 40173 "-" "Mozilla/5.0 (Macintosh; Intel Mac OS X 10_11_6) AppleWebKit/537.36 (KHTML, like Gecko) Brave Chrome/86.0.4240.198 Safari/537.36"
37.27.59.176 - - [29/Mar/2026:12:44:36 +0700] "GET /shop/page/2/?max_price=420&per_page=18&shop_view=grid&per_row=6 HTTP/1.1" 200 42541 "-" "Mozilla/5.0 (compatible; SERankingBacklinksBot/1.0; +https://seranking.com/backlinks-crawler)"
103.131.51.123 - - [29/Mar/2026:12:44:44 +0700] "POST /wp-cron.php?doing_wp_cron=1774763084.3029799461364746093750 HTTP/1.1" 200 474 "-" "WordPress/6.9.4; https://lotushomemade.com"
37.27.59.176 - - [29/Mar/2026:12:44:42 +0700] "GET /shop/page/11/?orderby=date&per_row=6&shop_view=grid&per_page=24 HTTP/1.1" 200 41939 "-" "Mozilla/5.0 (compatible; SERankingBacklinksBot/1.0; +https://seranking.com/backlinks-crawler)"
37.27.59.176 - - [29/Mar/2026:12:44:47 +0700] "GET /shop/page/45/?max_price=420&per_row=6&shop_view=grid&per_page=8 HTTP/1.1" 200 40313 "-" "Mozilla/5.0 (compatible; SERankingBacklinksBot/1.0; +https://seranking.com/backlinks-crawler)"
37.27.59.176 - - [29/Mar/2026:12:44:52 +0700] "GET /shop/page/2/?max_price=420&per_page=24&shop_view=grid&per_row=2 HTTP/1.1" 200 44104 "-" "Mozilla/5.0 (compatible; SERankingBacklinksBot/1.0; +https://seranking.com/backlinks-crawler)"
37.27.59.176 - - [29/Mar/2026:12:44:58 +0700] "GET /shop/page/12/?max_price=420&per_row=2&per_page=8&shop_view=grid HTTP/1.1" 200 40631 "-" "Mozilla/5.0 (compatible; SERankingBacklinksBot/1.0; +https://seranking.com/backlinks-crawler)"
37.59.204.140 - - [29/Mar/2026:12:45:02 +0700] "GET /product-category/traditional-cookies-series/page/4/?stock_status=onsale&per_page=8&shop_view=grid&per_row=2 HTTP/2" 200 33103 "-" "Mozilla/5.0 (compatible; AhrefsBot/7.0; +http://ahrefs.com/robot/)"
37.27.59.176 - - [29/Mar/2026:12:45:03 +0700] "GET /shop/page/45/?max_price=630&per_page=8&shop_view=grid&per_row=2 HTTP/1.1" 200 40475 "-" "Mozilla/5.0 (compatible; SERankingBacklinksBot/1.0; +https://seranking.com/backlinks-crawler)"
37.27.59.176 - - [29/Mar/2026:12:45:08 +0700] "GET /shop/page/2/?max_price=420&per_page=24&shop_view=grid&per_row=4 HTTP/1.1" 200 43917 "-" "Mozilla/5.0 (compatible; SERankingBacklinksBot/1.0; +https://seranking.com/backlinks-crawler)"
37.27.59.176 - - [29/Mar/2026:12:45:13 +0700] "GET /shop/page/12/?max_price=420&per_row=4&per_page=8&shop_view=grid HTTP/1.1" 200 40634 "-" "Mozilla/5.0 (compatible; SERankingBacklinksBot/1.0; +https://seranking.com/backlinks-crawler)"
37.27.59.176 - - [29/Mar/2026:12:45:18 +0700] "GET /shop/page/45/?max_price=630&per_page=8&shop_view=grid&per_row=4 HTTP/1.1" 200 40519 "-" "Mozilla/5.0 (compatible; SERankingBacklinksBot/1.0; +https://seranking.com/backlinks-crawler)"
37.27.59.176 - - [29/Mar/2026:12:45:23 +0700] "GET /shop/page/2/?max_price=420&per_page=24&shop_view=grid&per_row=6 HTTP/1.1" 200 43862 "-" "Mozilla/5.0 (compatible; SERankingBacklinksBot/1.0; +https://seranking.com/backlinks-crawler)"
37.27.59.176 - - [29/Mar/2026:12:45:29 +0700] "GET /shop/page/12/?max_price=420&per_row=6&per_page=8&shop_view=grid HTTP/1.1" 200 40798 "-" "Mozilla/5.0 (compatible; SERankingBacklinksBot/1.0; +https://seranking.com/backlinks-crawler)"
37.27.59.176 - - [29/Mar/2026:12:45:34 +0700] "GET /shop/page/45/?max_price=630&per_page=8&shop_view=grid&per_row=6 HTTP/1.1" 200 40333 "-" "Mozilla/5.0 (compatible; SERankingBacklinksBot/1.0; +https://seranking.com/backlinks-crawler)"
103.131.51.123 - - [29/Mar/2026:12:45:40 +0700] "POST /wp-cron.php?doing_wp_cron=1774763140.2966730594635009765625 HTTP/1.1" 200 474 "-" "WordPress/6.9.4; https://lotushomemade.com"
37.27.59.176 - - [29/Mar/2026:12:45:38 +0700] "GET /shop/page/2/?max_price=420&per_row=2&shop_view=grid&per_page=12 HTTP/1.1" 200 41472 "-" "Mozilla/5.0 (compatible; SERankingBacklinksBot/1.0; +https://seranking.com/backlinks-crawler)"
37.27.59.176 - - [29/Mar/2026:12:45:44 +0700] "GET /shop/page/12/?max_price=630&per_row=2&per_page=8&shop_view=grid HTTP/1.1" 200 40816 "-" "Mozilla/5.0 (compatible; SERankingBacklinksBot/1.0; +https://seranking.com/backlinks-crawler)"
37.27.59.176 - - [29/Mar/2026:12:45:49 +0700] "GET /shop/page/45/?max_price=630&per_row=2&shop_view=grid&per_page=8 HTTP/1.1" 200 40327 "-" "Mozilla/5.0 (compatible; SERankingBacklinksBot/1.0; +https://seranking.com/backlinks-crawler)"
37.27.59.176 - - [29/Mar/2026:12:45:53 +0700] "GET /shop/page/2/?max_price=420&per_row=2&shop_view=grid&per_page=18 HTTP/1.1" 200 42531 "-" "Mozilla/5.0 (compatible; SERankingBacklinksBot/1.0; +https://seranking.com/backlinks-crawler)"
37.27.59.176 - - [29/Mar/2026:12:45:59 +0700] "GET /shop/page/12/?max_price=630&per_row=4&per_page=8&shop_view=grid HTTP/1.1" 200 40891 "-" "Mozilla/5.0 (compatible; SERankingBacklinksBot/1.0; +https://seranking.com/backlinks-crawler)"
37.27.59.176 - - [29/Mar/2026:12:46:04 +0700] "GET /shop/page/45/?max_price=630&per_row=4&shop_view=grid&per_page=8 HTTP/1.1" 200 40351 "-" "Mozilla/5.0 (compatible; SERankingBacklinksBot/1.0; +https://seranking.com/backlinks-crawler)"
37.27.59.176 - - [29/Mar/2026:12:46:08 +0700] "GET /shop/page/2/?max_price=420&per_row=2&shop_view=grid&per_page=24 HTTP/1.1" 200 43758 "-" "Mozilla/5.0 (compatible; SERankingBacklinksBot/1.0; +https://seranking.com/backlinks-crawler)"
176.31.139.2 - - [29/Mar/2026:12:46:10 +0700] "GET /product-category/hot-item/?stock_status=instock&per_page=24 HTTP/2" 200 35951 "-" "Mozilla/5.0 (compatible; AhrefsBot/7.0; +http://ahrefs.com/robot/)"
37.27.59.176 - - [29/Mar/2026:12:46:14 +0700] "GET /shop/page/12/?max_price=630&per_row=6&per_page=8&shop_view=grid HTTP/1.1" 200 40823 "-" "Mozilla/5.0 (compatible; SERankingBacklinksBot/1.0; +https://seranking.com/backlinks-crawler)"
37.27.59.176 - - [29/Mar/2026:12:46:19 +0700] "GET /shop/page/45/?max_price=630&per_row=6&shop_view=grid&per_page=8 HTTP/1.1" 200 40315 "-" "Mozilla/5.0 (compatible; SERankingBacklinksBot/1.0; +https://seranking.com/backlinks-crawler)"
37.27.59.176 - - [29/Mar/2026:12:46:24 +0700] "GET /shop/?orderby=price-desc&stock_status=instock&per_page=24&filter_brand=blessing-food&shop_view=grid&per_row=2 HTTP/1.1" 200 40133 "-" "Mozilla/5.0 (compatible; SERankingBacklinksBot/1.0; +https://seranking.com/backlinks-crawler)"
5.255.231.138 - - [29/Mar/2026:12:46:30 +0700] "GET /robots.txt HTTP/1.1" 200 609 "-" "Mozilla/5.0 (compatible; YandexBot/3.0; +http://yandex.com/bots)"
37.27.59.176 - - [29/Mar/2026:12:46:29 +0700] "GET /shop/page/2/?max_price=420&per_row=4&shop_view=grid&per_page=12 HTTP/1.1" 200 41442 "-" "Mozilla/5.0 (compatible; SERankingBacklinksBot/1.0; +https://seranking.com/backlinks-crawler)"
95.108.213.186 - - [29/Mar/2026:12:46:31 +0700] "GET /product-category/hot-item/?per_page=12 HTTP/1.1" 200 42180 "-" "Mozilla/5.0 (compatible; YaDirectFetcher/1.0; +http://yandex.com/bots)"
103.131.51.123 - - [29/Mar/2026:12:46:38 +0700] "POST /wp-cron.php?doing_wp_cron=1774763198.1424219608306884765625 HTTP/1.1" 200 474 "-" "WordPress/6.9.4; https://lotushomemade.com"
37.27.59.176 - - [29/Mar/2026:12:46:36 +0700] "GET /shop/page/12/?max_price=840&per_row=2&per_page=8&shop_view=grid HTTP/1.1" 200 40792 "-" "Mozilla/5.0 (compatible; SERankingBacklinksBot/1.0; +https://seranking.com/backlinks-crawler)"
92.222.108.101 - - [29/Mar/2026:12:46:37 +0700] "GET /shop/page/12/?orderby=price&stock_status=onsale&per_row=4&per_page=24&shop_view=grid HTTP/2" 200 35521 "-" "Mozilla/5.0 (compatible; AhrefsBot/7.0; +http://ahrefs.com/robot/)"
37.27.59.176 - - [29/Mar/2026:12:46:42 +0700] "GET /shop/page/45/?max_price=840&per_page=8&shop_view=grid&per_row=2 HTTP/1.1" 200 40493 "-" "Mozilla/5.0 (compatible; SERankingBacklinksBot/1.0; +https://seranking.com/backlinks-crawler)"
37.27.59.176 - - [29/Mar/2026:12:46:47 +0700] "GET /shop/page/2/?max_price=420&per_row=4&shop_view=grid&per_page=18 HTTP/1.1" 200 42778 "-" "Mozilla/5.0 (compatible; SERankingBacklinksBot/1.0; +https://seranking.com/backlinks-crawler)"
37.27.59.176 - - [29/Mar/2026:12:46:52 +0700] "GET /shop/page/12/?max_price=840&per_row=4&per_page=8&shop_view=grid HTTP/1.1" 200 40873 "-" "Mozilla/5.0 (compatible; SERankingBacklinksBot/1.0; +https://seranking.com/backlinks-crawler)"
37.27.59.176 - - [29/Mar/2026:12:46:57 +0700] "GET /shop/page/45/?max_price=840&per_page=8&shop_view=grid&per_row=4 HTTP/1.1" 200 40386 "-" "Mozilla/5.0 (compatible; SERankingBacklinksBot/1.0; +https://seranking.com/backlinks-crawler)"
37.27.59.176 - - [29/Mar/2026:12:47:02 +0700] "GET /shop/page/2/?max_price=420&per_row=4&shop_view=grid&per_page=24 HTTP/1.1" 200 43858 "-" "Mozilla/5.0 (compatible; SERankingBacklinksBot/1.0; +https://seranking.com/backlinks-crawler)"
37.27.59.176 - - [29/Mar/2026:12:47:08 +0700] "GET /shop/page/12/?max_price=840&per_row=6&per_page=8&shop_view=grid HTTP/1.1" 200 40824 "-" "Mozilla/5.0 (compatible; SERankingBacklinksBot/1.0; +https://seranking.com/backlinks-crawler)"
37.27.59.176 - - [29/Mar/2026:12:47:12 +0700] "GET /shop/page/45/?max_price=840&per_page=8&shop_view=grid&per_row=6 HTTP/1.1" 200 40321 "-" "Mozilla/5.0 (compatible; SERankingBacklinksBot/1.0; +https://seranking.com/backlinks-crawler)"
37.27.59.176 - - [29/Mar/2026:12:47:18 +0700] "GET /shop/page/2/?max_price=420&per_row=6&shop_view=grid&per_page=12 HTTP/1.1" 200 41649 "-" "Mozilla/5.0 (compatible; SERankingBacklinksBot/1.0; +https://seranking.com/backlinks-crawler)"
51.68.247.218 - - [29/Mar/2026:12:47:22 +0700] "GET /shop/page/44/?max_price=630&per_row=4&per_page=8&shop_view=grid HTTP/2" 200 33376 "-" "Mozilla/5.0 (compatible; AhrefsBot/7.0; +http://ahrefs.com/robot/)"
37.27.59.176 - - [29/Mar/2026:12:47:23 +0700] "GET /shop/page/12/?max_price=845&per_row=2&per_page=8&shop_view=grid HTTP/1.1" 200 40644 "-" "Mozilla/5.0 (compatible; SERankingBacklinksBot/1.0; +https://seranking.com/backlinks-crawler)"
37.27.59.176 - - [29/Mar/2026:12:47:28 +0700] "GET /shop/page/45/?max_price=840&per_row=2&shop_view=grid&per_page=8 HTTP/1.1" 200 40486 "-" "Mozilla/5.0 (compatible; SERankingBacklinksBot/1.0; +https://seranking.com/backlinks-crawler)"
37.27.59.176 - - [29/Mar/2026:12:47:33 +0700] "GET /shop/page/2/?max_price=420&per_row=6&shop_view=grid&per_page=18 HTTP/1.1" 200 42758 "-" "Mozilla/5.0 (compatible; SERankingBacklinksBot/1.0; +https://seranking.com/backlinks-crawler)"
103.131.51.123 - - [29/Mar/2026:12:47:40 +0700] "POST /wp-cron.php?doing_wp_cron=1774763260.6391899585723876953125 HTTP/1.1" 200 474 "-" "WordPress/6.9.4; https://lotushomemade.com"
37.27.59.176 - - [29/Mar/2026:12:47:39 +0700] "GET /shop/page/12/?max_price=845&per_row=4&per_page=8&shop_view=grid HTTP/1.1" 200 40842 "-" "Mozilla/5.0 (compatible; SERankingBacklinksBot/1.0; +https://seranking.com/backlinks-crawler)"
40.77.167.224 - - [29/Mar/2026:12:47:42 +0700] "GET /product-category/kuih-kapit-series/page/3/?per_row=4&per_page=12&shop_view=grid&stock_status=instock%2Consale HTTP/2" 200 33628 "-" "Mozilla/5.0 AppleWebKit/537.36 (KHTML, like Gecko; compatible; bingbot/2.0; +http://www.bing.com/bingbot.htm) Chrome/116.0.1938.76 Safari/537.36"
37.27.59.176 - - [29/Mar/2026:12:47:44 +0700] "GET /shop/page/45/?max_price=840&per_row=4&shop_view=grid&per_page=8 HTTP/1.1" 200 40368 "-" "Mozilla/5.0 (compatible; SERankingBacklinksBot/1.0; +https://seranking.com/backlinks-crawler)"
37.27.59.176 - - [29/Mar/2026:12:47:48 +0700] "GET /shop/page/2/?max_price=420&per_row=6&shop_view=grid&per_page=24 HTTP/1.1" 200 43841 "-" "Mozilla/5.0 (compatible; SERankingBacklinksBot/1.0; +https://seranking.com/backlinks-crawler)"
37.27.59.176 - - [29/Mar/2026:12:47:54 +0700] "GET /shop/page/12/?max_price=845&per_row=6&per_page=8&shop_view=grid HTTP/1.1" 200 40856 "-" "Mozilla/5.0 (compatible; SERankingBacklinksBot/1.0; +https://seranking.com/backlinks-crawler)"
92.222.104.213 - - [29/Mar/2026:12:47:56 +0700] "GET /shop/page/2/?orderby=rating&stock_status=onsale&per_row=6&shop_view=grid&per_page=18 HTTP/2" 200 34790 "-" "Mozilla/5.0 (compatible; AhrefsBot/7.0; +http://ahrefs.com/robot/)"
37.27.59.176 - - [29/Mar/2026:12:47:59 +0700] "GET /shop/page/45/?max_price=840&per_row=6&shop_view=grid&per_page=8 HTTP/1.1" 200 40369 "-" "Mozilla/5.0 (compatible; SERankingBacklinksBot/1.0; +https://seranking.com/backlinks-crawler)"
37.27.59.176 - - [29/Mar/2026:12:48:04 +0700] "GET /shop/page/2/?max_price=630&per_page=12&shop_view=grid&per_row=2 HTTP/1.1" 200 41464 "-" "Mozilla/5.0 (compatible; SERankingBacklinksBot/1.0; +https://seranking.com/backlinks-crawler)"
37.27.59.176 - - [29/Mar/2026:12:48:09 +0700] "GET /shop/page/45/?max_price=845&per_page=8&shop_view=grid&per_row=2 HTTP/1.1" 200 40529 "-" "Mozilla/5.0 (compatible; SERankingBacklinksBot/1.0; +https://seranking.com/backlinks-crawler)"
37.27.59.176 - - [29/Mar/2026:12:48:15 +0700] "GET /shop/page/2/?max_price=630&per_page=12&shop_view=grid&per_row=4 HTTP/1.1" 200 41652 "-" "Mozilla/5.0 (compatible; SERankingBacklinksBot/1.0; +https://seranking.com/backlinks-crawler)"
216.244.66.239 - - [29/Mar/2026:12:48:21 +0700] "GET /shop/page/31/?orderby=price-desc&stock_status=instock HTTP/1.1" 200 230035 "-" "Mozilla/5.0 (compatible; DotBot/1.2; +https://opensiteexplorer.org/dotbot; help@moz.com)"
37.27.59.176 - - [29/Mar/2026:12:48:22 +0700] "GET /shop/page/45/?max_price=845&per_page=8&shop_view=grid&per_row=4 HTTP/1.1" 200 40518 "-" "Mozilla/5.0 (compatible; SERankingBacklinksBot/1.0; +https://seranking.com/backlinks-crawler)"
51.75.236.146 - - [29/Mar/2026:12:48:25 +0700] "GET /shop/page/30/?per_row=4&shop_view=grid HTTP/2" 200 33567 "-" "Mozilla/5.0 (compatible; AhrefsBot/7.0; +http://ahrefs.com/robot/)"
222.252.12.141 - - [29/Mar/2026:12:48:27 +0700] "GET /product/brownies-almond-cookies-sg/ HTTP/1.1" 200 42714 "-" "Mozilla/5.0 (Macintosh; Intel Mac OS X 10_12_6) AppleWebKit/537.36 (KHTML, like Gecko) Chrome/80.0.3987.132 Safari/537.36"
37.27.59.176 - - [29/Mar/2026:12:48:27 +0700] "GET /shop/page/2/?max_price=630&per_page=12&shop_view=grid&per_row=6 HTTP/1.1" 200 41455 "-" "Mozilla/5.0 (compatible; SERankingBacklinksBot/1.0; +https://seranking.com/backlinks-crawler)"
37.27.59.176 - - [29/Mar/2026:12:48:32 +0700] "GET /shop/page/45/?max_price=845&per_page=8&shop_view=grid&per_row=6 HTTP/1.1" 200 40331 "-" "Mozilla/5.0 (compatible; SERankingBacklinksBot/1.0; +https://seranking.com/backlinks-crawler)"
103.131.51.123 - - [29/Mar/2026:12:48:39 +0700] "POST /wp-cron.php?doing_wp_cron=1774763319.0869340896606445312500 HTTP/1.1" 200 474 "-" "WordPress/6.9.4; https://lotushomemade.com"
37.27.59.176 - - [29/Mar/2026:12:48:37 +0700] "GET /shop/page/2/?max_price=630&per_page=18&shop_view=grid&per_row=2 HTTP/1.1" 200 42677 "-" "Mozilla/5.0 (compatible; SERankingBacklinksBot/1.0; +https://seranking.com/backlinks-crawler)"
37.27.59.176 - - [29/Mar/2026:12:48:42 +0700] "GET /shop/page/45/?max_price=845&per_row=2&shop_view=grid&per_page=8 HTTP/1.1" 200 40359 "-" "Mozilla/5.0 (compatible; SERankingBacklinksBot/1.0; +https://seranking.com/backlinks-crawler)"
37.27.59.176 - - [29/Mar/2026:12:48:47 +0700] "GET /shop/page/2/?max_price=630&per_page=18&shop_view=grid&per_row=4 HTTP/1.1" 200 42569 "-" "Mozilla/5.0 (compatible; SERankingBacklinksBot/1.0; +https://seranking.com/backlinks-crawler)"
37.27.59.176 - - [29/Mar/2026:12:48:52 +0700] "GET /shop/page/45/?max_price=845&per_row=4&shop_view=grid&per_page=8 HTTP/1.1" 200 40544 "-" "Mozilla/5.0 (compatible; SERankingBacklinksBot/1.0; +https://seranking.com/backlinks-crawler)"
37.27.59.176 - - [29/Mar/2026:12:48:57 +0700] "GET /shop/page/2/?max_price=630&per_page=18&shop_view=grid&per_row=6 HTTP/1.1" 200 42631 "-" "Mozilla/5.0 (compatible; SERankingBacklinksBot/1.0; +https://seranking.com/backlinks-crawler)"
37.27.59.176 - - [29/Mar/2026:12:49:03 +0700] "GET /shop/page/45/?max_price=845&per_row=6&shop_view=grid&per_page=8 HTTP/1.1" 200 40504 "-" "Mozilla/5.0 (compatible; SERankingBacklinksBot/1.0; +https://seranking.com/backlinks-crawler)"
37.27.59.176 - - [29/Mar/2026:12:49:07 +0700] "GET /shop/page/2/?max_price=630&per_page=24&shop_view=grid&per_row=2 HTTP/1.1" 200 43799 "-" "Mozilla/5.0 (compatible; SERankingBacklinksBot/1.0; +https://seranking.com/backlinks-crawler)"
5.39.1.248 - - [29/Mar/2026:12:49:10 +0700] "GET /product-category/traditional-cookies-series/page/9/?stock_status=onsale&per_page=8&shop_view=grid&per_row=4 HTTP/2" 200 32980 "-" "Mozilla/5.0 (compatible; AhrefsBot/7.0; +http://ahrefs.com/robot/)"
37.27.59.176 - - [29/Mar/2026:12:49:13 +0700] "GET /shop/page/45/?orderby=price&per_row=2&per_page=8&shop_view=grid HTTP/1.1" 200 40492 "-" "Mozilla/5.0 (compatible; SERankingBacklinksBot/1.0; +https://seranking.com/backlinks-crawler)"
37.27.59.176 - - [29/Mar/2026:12:49:18 +0700] "GET /shop/page/2/?max_price=630&per_page=24&shop_view=grid&per_row=4 HTTP/1.1" 200 44075 "-" "Mozilla/5.0 (compatible; SERankingBacklinksBot/1.0; +https://seranking.com/backlinks-crawler)"
37.27.59.176 - - [29/Mar/2026:12:49:23 +0700] "GET /shop/page/45/?orderby=price&per_row=4&per_page=8&shop_view=grid HTTP/1.1" 200 40496 "-" "Mozilla/5.0 (compatible; SERankingBacklinksBot/1.0; +https://seranking.com/backlinks-crawler)"
37.27.59.176 - - [29/Mar/2026:12:49:28 +0700] "GET /shop/page/2/?max_price=630&per_page=24&shop_view=grid&per_row=6 HTTP/1.1" 200 44123 "-" "Mozilla/5.0 (compatible; SERankingBacklinksBot/1.0; +https://seranking.com/backlinks-crawler)"
37.27.59.176 - - [29/Mar/2026:12:49:34 +0700] "GET /shop/page/45/?orderby=price&per_row=6&per_page=8&shop_view=grid HTTP/1.1" 200 40474 "-" "Mozilla/5.0 (compatible; SERankingBacklinksBot/1.0; +https://seranking.com/backlinks-crawler)"
103.131.51.123 - - [29/Mar/2026:12:49:40 +0700] "POST /wp-cron.php?doing_wp_cron=1774763380.7498750686645507812500 HTTP/1.1" 200 474 "-" "WordPress/6.9.4; https://lotushomemade.com"
37.27.59.176 - - [29/Mar/2026:12:49:39 +0700] "GET /shop/page/2/?max_price=630&per_row=2&shop_view=grid&per_page=12 HTTP/1.1" 200 41634 "-" "Mozilla/5.0 (compatible; SERankingBacklinksBot/1.0; +https://seranking.com/backlinks-crawler)"
37.27.59.176 - - [29/Mar/2026:12:49:44 +0700] "GET /shop/page/46/?max_price=420&per_page=8&shop_view=grid&per_row=2 HTTP/1.1" 200 40172 "-" "Mozilla/5.0 (compatible; SERankingBacklinksBot/1.0; +https://seranking.com/backlinks-crawler)"
37.27.59.176 - - [29/Mar/2026:12:49:49 +0700] "GET /shop/page/2/?max_price=630&per_row=2&shop_view=grid&per_page=18 HTTP/1.1" 200 42493 "-" "Mozilla/5.0 (compatible; SERankingBacklinksBot/1.0; +https://seranking.com/backlinks-crawler)"
37.27.59.176 - - [29/Mar/2026:12:49:54 +0700] "GET /shop/page/46/?max_price=420&per_page=8&shop_view=grid&per_row=4 HTTP/1.1" 200 40400 "-" "Mozilla/5.0 (compatible; SERankingBacklinksBot/1.0; +https://seranking.com/backlinks-crawler)"
37.27.59.176 - - [29/Mar/2026:12:49:59 +0700] "GET /shop/page/2/?max_price=630&per_row=2&shop_view=grid&per_page=24 HTTP/1.1" 200 43844 "-" "Mozilla/5.0 (compatible; SERankingBacklinksBot/1.0; +https://seranking.com/backlinks-crawler)"
104.208.160.135 - - [29/Mar/2026:12:50:04 +0700] "POST /xmlrpc.php HTTP/1.1" 200 676 "-" "Mozilla/5.0 (Windows NT 10.0; WOW64) AppleWebKit/537.43 (KHTML, like Gecko) Chrome/134.0.0.0 Safari/537.36 OPR/119.0.0.0"
37.27.59.176 - - [29/Mar/2026:12:50:05 +0700] "GET /shop/page/46/?max_price=420&per_page=8&shop_view=grid&per_row=6 HTTP/1.1" 200 40389 "-" "Mozilla/5.0 (compatible; SERankingBacklinksBot/1.0; +https://seranking.com/backlinks-crawler)"
37.27.59.176 - - [29/Mar/2026:12:50:12 +0700] "GET /shop/page/2/?max_price=630&per_row=4&shop_view=grid&per_page=12 HTTP/1.1" 200 41701 "-" "Mozilla/5.0 (compatible; SERankingBacklinksBot/1.0; +https://seranking.com/backlinks-crawler)"
37.27.59.176 - - [29/Mar/2026:12:50:17 +0700] "GET /shop/page/46/?max_price=420&per_row=2&shop_view=grid&per_page=8 HTTP/1.1" 200 40382 "-" "Mozilla/5.0 (compatible; SERankingBacklinksBot/1.0; +https://seranking.com/backlinks-crawler)"
45.131.193.90 - - [29/Mar/2026:12:50:22 +0700] "POST /wp-login.php HTTP/1.1" 200 7854 "-" "Mozilla/5.0"
176.31.139.6 - - [29/Mar/2026:12:50:21 +0700] "GET /shop/page/9/?stock_status=instock%2Consale&shop_view=grid&per_row=4 HTTP/2" 200 34034 "-" "Mozilla/5.0 (compatible; AhrefsBot/7.0; +http://ahrefs.com/robot/)"
37.27.59.176 - - [29/Mar/2026:12:50:22 +0700] "GET /shop/page/2/?max_price=630&per_row=4&shop_view=grid&per_page=18 HTTP/1.1" 200 42588 "-" "Mozilla/5.0 (compatible; SERankingBacklinksBot/1.0; +https://seranking.com/backlinks-crawler)"
37.27.59.176 - - [29/Mar/2026:12:50:27 +0700] "GET /shop/page/46/?max_price=420&per_row=4&shop_view=grid&per_page=8 HTTP/1.1" 200 40360 "-" "Mozilla/5.0 (compatible; SERankingBacklinksBot/1.0; +https://seranking.com/backlinks-crawler)"
37.27.59.176 - - [29/Mar/2026:12:50:32 +0700] "GET /shop/page/2/?max_price=630&per_row=4&shop_view=grid&per_page=24 HTTP/1.1" 200 43855 "-" "Mozilla/5.0 (compatible; SERankingBacklinksBot/1.0; +https://seranking.com/backlinks-crawler)"
103.131.51.123 - - [29/Mar/2026:12:50:39 +0700] "POST /wp-cron.php?doing_wp_cron=1774763439.5327060222625732421875 HTTP/1.1" 200 474 "-" "WordPress/6.9.4; https://lotushomemade.com"
37.27.59.176 - - [29/Mar/2026:12:50:38 +0700] "GET /shop/page/46/?max_price=420&per_row=6&shop_view=grid&per_page=8 HTTP/1.1" 200 40373 "-" "Mozilla/5.0 (compatible; SERankingBacklinksBot/1.0; +https://seranking.com/backlinks-crawler)"
37.27.59.176 - - [29/Mar/2026:12:50:43 +0700] "GET /shop/page/2/?max_price=630&per_row=6&shop_view=grid&per_page=12 HTTP/1.1" 200 41626 "-" "Mozilla/5.0 (compatible; SERankingBacklinksBot/1.0; +https://seranking.com/backlinks-crawler)"
37.27.59.176 - - [29/Mar/2026:12:50:49 +0700] "GET /shop/page/46/?max_price=630&per_page=8&shop_view=grid&per_row=2 HTTP/1.1" 200 40347 "-" "Mozilla/5.0 (compatible; SERankingBacklinksBot/1.0; +https://seranking.com/backlinks-crawler)"
14.224.53.169 - - [29/Mar/2026:12:50:50 +0700] "GET /shop/page/32/?opts=hidden_sidebar HTTP/1.1" 200 39462 "-" "Mozilla/5.0 (Macintosh; Intel Mac OS X 10_12_6) AppleWebKit/537.36 (KHTML, like Gecko) Chrome/99.0.4844.84 Safari/537.36"
37.27.59.176 - - [29/Mar/2026:12:50:53 +0700] "GET /shop/page/2/?max_price=630&per_row=6&shop_view=grid&per_page=18 HTTP/1.1" 200 42542 "-" "Mozilla/5.0 (compatible; SERankingBacklinksBot/1.0; +https://seranking.com/backlinks-crawler)"
37.27.59.176 - - [29/Mar/2026:12:50:58 +0700] "GET /shop/page/46/?max_price=630&per_page=8&shop_view=grid&per_row=4 HTTP/1.1" 200 40219 "-" "Mozilla/5.0 (compatible; SERankingBacklinksBot/1.0; +https://seranking.com/backlinks-crawler)"
37.27.59.176 - - [29/Mar/2026:12:51:03 +0700] "GET /shop/page/2/?max_price=630&per_row=6&shop_view=grid&per_page=24 HTTP/1.1" 200 44040 "-" "Mozilla/5.0 (compatible; SERankingBacklinksBot/1.0; +https://seranking.com/backlinks-crawler)"
37.27.59.176 - - [29/Mar/2026:12:51:08 +0700] "GET /shop/page/46/?max_price=630&per_page=8&shop_view=grid&per_row=6 HTTP/1.1" 200 40178 "-" "Mozilla/5.0 (compatible; SERankingBacklinksBot/1.0; +https://seranking.com/backlinks-crawler)"
37.27.59.176 - - [29/Mar/2026:12:51:13 +0700] "GET /shop/page/2/?max_price=840&per_page=12&shop_view=grid&per_row=2 HTTP/1.1" 200 41443 "-" "Mozilla/5.0 (compatible; SERankingBacklinksBot/1.0; +https://seranking.com/backlinks-crawler)"
37.27.59.176 - - [29/Mar/2026:12:51:19 +0700] "GET /shop/page/46/?max_price=630&per_row=2&shop_view=grid&per_page=8 HTTP/1.1" 200 40366 "-" "Mozilla/5.0 (compatible; SERankingBacklinksBot/1.0; +https://seranking.com/backlinks-crawler)"
37.27.59.176 - - [29/Mar/2026:12:51:23 +0700] "GET /shop/page/2/?max_price=840&per_page=12&shop_view=grid&per_row=4 HTTP/1.1" 200 41457 "-" "Mozilla/5.0 (compatible; SERankingBacklinksBot/1.0; +https://seranking.com/backlinks-crawler)"
37.27.59.176 - - [29/Mar/2026:12:51:29 +0700] "GET /shop/page/46/?max_price=630&per_row=4&shop_view=grid&per_page=8 HTTP/1.1" 200 40405 "-" "Mozilla/5.0 (compatible; SERankingBacklinksBot/1.0; +https://seranking.com/backlinks-crawler)"
37.27.59.176 - - [29/Mar/2026:12:51:34 +0700] "GET /shop/page/2/?max_price=840&per_page=12&shop_view=grid&per_row=6 HTTP/1.1" 200 41656 "-" "Mozilla/5.0 (compatible; SERankingBacklinksBot/1.0; +https://seranking.com/backlinks-crawler)"
103.131.51.123 - - [29/Mar/2026:12:51:41 +0700] "POST /wp-cron.php?doing_wp_cron=1774763501.2529809474945068359375 HTTP/1.1" 200 474 "-" "WordPress/6.9.4; https://lotushomemade.com"
37.27.59.176 - - [29/Mar/2026:12:51:39 +0700] "GET /shop/page/46/?max_price=630&per_row=6&shop_view=grid&per_page=8 HTTP/1.1" 200 40419 "-" "Mozilla/5.0 (compatible; SERankingBacklinksBot/1.0; +https://seranking.com/backlinks-crawler)"
57.141.16.9 - - [29/Mar/2026:12:51:44 +0700] "GET /product/makmur-cookies_8080-s/ HTTP/2" 200 222100 "-" "meta-externalagent/1.1 (+https://developers.facebook.com/docs/sharing/webmasters/crawler)"
37.27.59.176 - - [29/Mar/2026:12:51:45 +0700] "GET /shop/page/2/?max_price=840&per_page=18&shop_view=grid&per_row=2 HTTP/1.1" 200 42697 "-" "Mozilla/5.0 (compatible; SERankingBacklinksBot/1.0; +https://seranking.com/backlinks-crawler)"
37.27.59.176 - - [29/Mar/2026:12:51:52 +0700] "GET /shop/page/46/?max_price=840&per_page=8&shop_view=grid&per_row=2 HTTP/1.1" 200 40383 "-" "Mozilla/5.0 (compatible; SERankingBacklinksBot/1.0; +https://seranking.com/backlinks-crawler)"
37.27.59.176 - - [29/Mar/2026:12:51:56 +0700] "GET /shop/page/2/?max_price=840&per_page=18&shop_view=grid&per_row=4 HTTP/1.1" 200 42570 "-" "Mozilla/5.0 (compatible; SERankingBacklinksBot/1.0; +https://seranking.com/backlinks-crawler)"
5.39.109.176 - - [29/Mar/2026:12:51:59 +0700] "GET /shop/page/25/?stock_status=instock%2Consale&shop_view=grid&per_row=4 HTTP/2" 200 33687 "-" "Mozilla/5.0 (compatible; AhrefsBot/7.0; +http://ahrefs.com/robot/)"
37.27.59.176 - - [29/Mar/2026:12:52:02 +0700] "GET /shop/page/46/?max_price=840&per_page=8&shop_view=grid&per_row=4 HTTP/1.1" 200 40369 "-" "Mozilla/5.0 (compatible; SERankingBacklinksBot/1.0; +https://seranking.com/backlinks-crawler)"
37.27.59.176 - - [29/Mar/2026:12:52:07 +0700] "GET /shop/page/2/?max_price=840&per_page=18&shop_view=grid&per_row=6 HTTP/1.1" 200 42574 "-" "Mozilla/5.0 (compatible; SERankingBacklinksBot/1.0; +https://seranking.com/backlinks-crawler)"
37.27.59.176 - - [29/Mar/2026:12:52:13 +0700] "GET /shop/page/46/?max_price=840&per_page=8&shop_view=grid&per_row=6 HTTP/1.1" 200 40395 "-" "Mozilla/5.0 (compatible; SERankingBacklinksBot/1.0; +https://seranking.com/backlinks-crawler)"
37.27.59.176 - - [29/Mar/2026:12:52:18 +0700] "GET /shop/page/2/?max_price=840&per_page=24&shop_view=grid&per_row=2 HTTP/1.1" 200 43769 "-" "Mozilla/5.0 (compatible; SERankingBacklinksBot/1.0; +https://seranking.com/backlinks-crawler)"
37.27.59.176 - - [29/Mar/2026:12:52:24 +0700] "GET /shop/page/46/?max_price=840&per_row=2&shop_view=grid&per_page=8 HTTP/1.1" 200 40378 "-" "Mozilla/5.0 (compatible; SERankingBacklinksBot/1.0; +https://seranking.com/backlinks-crawler)"
37.27.59.176 - - [29/Mar/2026:12:52:28 +0700] "GET /shop/page/2/?max_price=840&per_page=24&shop_view=grid&per_row=4 HTTP/1.1" 200 43895 "-" "Mozilla/5.0 (compatible; SERankingBacklinksBot/1.0; +https://seranking.com/backlinks-crawler)"
37.27.59.176 - - [29/Mar/2026:12:52:34 +0700] "GET /shop/page/46/?max_price=840&per_row=4&shop_view=grid&per_page=8 HTTP/1.1" 200 40406 "-" "Mozilla/5.0 (compatible; SERankingBacklinksBot/1.0; +https://seranking.com/backlinks-crawler)"
103.131.51.123 - - [29/Mar/2026:12:52:39 +0700] "POST /wp-cron.php?doing_wp_cron=1774763559.2736630439758300781250 HTTP/1.1" 200 474 "-" "WordPress/6.9.4; https://lotushomemade.com"
51.68.247.212 - - [29/Mar/2026:12:52:37 +0700] "GET /shop/page/25/?stock_status=instock%2Consale&shop_view=grid&per_row=6 HTTP/2" 200 33588 "-" "Mozilla/5.0 (compatible; AhrefsBot/7.0; +http://ahrefs.com/robot/)"
37.27.59.176 - - [29/Mar/2026:12:52:40 +0700] "GET /shop/page/2/?max_price=840&per_page=24&shop_view=grid&per_row=6 HTTP/1.1" 200 44044 "-" "Mozilla/5.0 (compatible; SERankingBacklinksBot/1.0; +https://seranking.com/backlinks-crawler)"
37.27.59.176 - - [29/Mar/2026:12:52:45 +0700] "GET /shop/page/46/?max_price=840&per_row=6&shop_view=grid&per_page=8 HTTP/1.1" 200 40359 "-" "Mozilla/5.0 (compatible; SERankingBacklinksBot/1.0; +https://seranking.com/backlinks-crawler)"
37.27.59.176 - - [29/Mar/2026:12:52:50 +0700] "GET /shop/page/2/?max_price=840&per_row=2&shop_view=grid&per_page=12 HTTP/1.1" 200 41445 "-" "Mozilla/5.0 (compatible; SERankingBacklinksBot/1.0; +https://seranking.com/backlinks-crawler)"
176.31.139.11 - - [29/Mar/2026:12:52:51 +0700] "GET /shop/page/25/?stock_status=instock%2Consale&shop_view=grid&per_row=4 HTTP/2" 200 33766 "-" "Mozilla/5.0 (compatible; AhrefsBot/7.0; +http://ahrefs.com/robot/)"
37.27.59.176 - - [29/Mar/2026:12:52:55 +0700] "GET /shop/page/46/?max_price=845&per_page=8&shop_view=grid&per_row=2 HTTP/1.1" 200 40380 "-" "Mozilla/5.0 (compatible; SERankingBacklinksBot/1.0; +https://seranking.com/backlinks-crawler)"
37.27.59.176 - - [29/Mar/2026:12:53:00 +0700] "GET /shop/page/2/?max_price=840&per_row=2&shop_view=grid&per_page=18 HTTP/1.1" 200 42568 "-" "Mozilla/5.0 (compatible; SERankingBacklinksBot/1.0; +https://seranking.com/backlinks-crawler)"
37.27.59.176 - - [29/Mar/2026:12:53:05 +0700] "GET /shop/page/46/?max_price=845&per_page=8&shop_view=grid&per_row=4 HTTP/1.1" 200 40205 "-" "Mozilla/5.0 (compatible; SERankingBacklinksBot/1.0; +https://seranking.com/backlinks-crawler)"
37.27.59.176 - - [29/Mar/2026:12:53:10 +0700] "GET /shop/page/2/?max_price=840&per_row=2&shop_view=grid&per_page=24 HTTP/1.1" 200 43961 "-" "Mozilla/5.0 (compatible; SERankingBacklinksBot/1.0; +https://seranking.com/backlinks-crawler)"
37.27.59.176 - - [29/Mar/2026:12:53:15 +0700] "GET /shop/page/46/?max_price=845&per_page=8&shop_view=grid&per_row=6 HTTP/1.1" 200 40238 "-" "Mozilla/5.0 (compatible; SERankingBacklinksBot/1.0; +https://seranking.com/backlinks-crawler)"
37.27.59.176 - - [29/Mar/2026:12:53:20 +0700] "GET /shop/page/2/?max_price=840&per_row=4&shop_view=grid&per_page=12 HTTP/1.1" 200 41482 "-" "Mozilla/5.0 (compatible; SERankingBacklinksBot/1.0; +https://seranking.com/backlinks-crawler)"
176.31.139.3 - - [29/Mar/2026:12:53:23 +0700] "GET /shop/page/25/?stock_status=instock%2Consale&shop_view=grid&per_row=2 HTTP/2" 200 33690 "-" "Mozilla/5.0 (compatible; AhrefsBot/7.0; +http://ahrefs.com/robot/)"
37.27.59.176 - - [29/Mar/2026:12:53:25 +0700] "GET /shop/page/46/?max_price=845&per_row=2&shop_view=grid&per_page=8 HTTP/1.1" 200 40365 "-" "Mozilla/5.0 (compatible; SERankingBacklinksBot/1.0; +https://seranking.com/backlinks-crawler)"
37.27.59.176 - - [29/Mar/2026:12:53:32 +0700] "GET /shop/page/2/?max_price=840&per_row=4&shop_view=grid&per_page=18 HTTP/1.1" 200 42771 "-" "Mozilla/5.0 (compatible; SERankingBacklinksBot/1.0; +https://seranking.com/backlinks-crawler)"
5.39.1.224 - - [29/Mar/2026:12:53:32 +0700] "GET /shop/page/25/?stock_status=instock%2Consale&shop_view=grid&per_row=6 HTTP/2" 200 33694 "-" "Mozilla/5.0 (compatible; AhrefsBot/7.0; +http://ahrefs.com/robot/)"
103.131.51.123 - - [29/Mar/2026:12:53:39 +0700] "POST /wp-cron.php?doing_wp_cron=1774763618.9862089157104492187500 HTTP/1.1" 200 474 "-" "WordPress/6.9.4; https://lotushomemade.com"
37.27.59.176 - - [29/Mar/2026:12:53:37 +0700] "GET /shop/page/46/?max_price=845&per_row=4&shop_view=grid&per_page=8 HTTP/1.1" 200 40419 "-" "Mozilla/5.0 (compatible; SERankingBacklinksBot/1.0; +https://seranking.com/backlinks-crawler)"
37.27.59.176 - - [29/Mar/2026:12:53:42 +0700] "GET /shop/page/2/?max_price=840&per_row=4&shop_view=grid&per_page=24 HTTP/1.1" 200 43849 "-" "Mozilla/5.0 (compatible; SERankingBacklinksBot/1.0; +https://seranking.com/backlinks-crawler)"
103.131.51.123 - - [29/Mar/2026:12:53:49 +0700] "POST /wp-cron.php?doing_wp_cron=1774763629.3442230224609375000000 HTTP/1.1" 200 474 "-" "WordPress/6.9.4; https://lotushomemade.com"
37.27.59.176 - - [29/Mar/2026:12:53:47 +0700] "GET /shop/page/46/?max_price=845&per_row=6&shop_view=grid&per_page=8 HTTP/1.1" 200 40406 "-" "Mozilla/5.0 (compatible; SERankingBacklinksBot/1.0; +https://seranking.com/backlinks-crawler)"
37.27.59.176 - - [29/Mar/2026:12:53:52 +0700] "GET /shop/page/2/?max_price=840&per_row=6&shop_view=grid&per_page=12 HTTP/1.1" 200 41436 "-" "Mozilla/5.0 (compatible; SERankingBacklinksBot/1.0; +https://seranking.com/backlinks-crawler)"
37.27.59.176 - - [29/Mar/2026:12:53:57 +0700] "GET /shop/page/46/?orderby=price&per_row=2&per_page=8&shop_view=grid HTTP/1.1" 200 40393 "-" "Mozilla/5.0 (compatible; SERankingBacklinksBot/1.0; +https://seranking.com/backlinks-crawler)"
37.27.59.176 - - [29/Mar/2026:12:54:02 +0700] "GET /shop/page/2/?max_price=840&per_row=6&shop_view=grid&per_page=18 HTTP/1.1" 200 42769 "-" "Mozilla/5.0 (compatible; SERankingBacklinksBot/1.0; +https://seranking.com/backlinks-crawler)"
37.59.204.128 - - [29/Mar/2026:12:54:02 +0700] "GET /product-category/traditional-cookies-series/page/9/?stock_status=onsale&per_page=8&shop_view=grid&per_row=4 HTTP/2" 200 32960 "-" "Mozilla/5.0 (compatible; AhrefsBot/7.0; +http://ahrefs.com/robot/)"
94.23.188.218 - - [29/Mar/2026:12:54:06 +0700] "GET /shop/page/25/?orderby=date&stock_status=instock&per_row=2&shop_view=grid&per_page=12 HTTP/2" 200 33768 "-" "Mozilla/5.0 (compatible; AhrefsBot/7.0; +http://ahrefs.com/robot/)"
37.27.59.176 - - [29/Mar/2026:12:54:07 +0700] "GET /shop/page/46/?orderby=price&per_row=4&per_page=8&shop_view=grid HTTP/1.1" 200 40353 "-" "Mozilla/5.0 (compatible; SERankingBacklinksBot/1.0; +https://seranking.com/backlinks-crawler)"
37.27.59.176 - - [29/Mar/2026:12:54:13 +0700] "GET /shop/page/2/?max_price=840&per_row=6&shop_view=grid&per_page=24 HTTP/1.1" 200 44033 "-" "Mozilla/5.0 (compatible; SERankingBacklinksBot/1.0; +https://seranking.com/backlinks-crawler)"
37.27.59.176 - - [29/Mar/2026:12:54:18 +0700] "GET /shop/page/46/?orderby=price&per_row=6&per_page=8&shop_view=grid HTTP/1.1" 200 40342 "-" "Mozilla/5.0 (compatible; SERankingBacklinksBot/1.0; +https://seranking.com/backlinks-crawler)"
92.222.108.113 - - [29/Mar/2026:12:54:19 +0700] "GET /shop/page/25/?stock_status=instock%2Consale&shop_view=grid&per_row=2 HTTP/2" 200 33676 "-" "Mozilla/5.0 (compatible; AhrefsBot/7.0; +http://ahrefs.com/robot/)"
37.59.204.140 - - [29/Mar/2026:12:54:19 +0700] "GET /shop/page/9/?stock_status=instock%2Consale&shop_view=grid&per_row=4 HTTP/2" 200 34027 "-" "Mozilla/5.0 (compatible; AhrefsBot/7.0; +http://ahrefs.com/robot/)"
37.27.59.176 - - [29/Mar/2026:12:54:22 +0700] "GET /shop/page/2/?max_price=845&per_page=12&shop_view=grid&per_row=2 HTTP/1.1" 200 41414 "-" "Mozilla/5.0 (compatible; SERankingBacklinksBot/1.0; +https://seranking.com/backlinks-crawler)"
37.27.59.176 - - [29/Mar/2026:12:54:28 +0700] "GET /shop/page/47/?max_price=420&per_page=8&shop_view=grid&per_row=2 HTTP/1.1" 200 40399 "-" "Mozilla/5.0 (compatible; SERankingBacklinksBot/1.0; +https://seranking.com/backlinks-crawler)"
37.27.59.176 - - [29/Mar/2026:12:54:33 +0700] "GET /shop/page/2/?max_price=845&per_page=12&shop_view=grid&per_row=4 HTTP/1.1" 200 41464 "-" "Mozilla/5.0 (compatible; SERankingBacklinksBot/1.0; +https://seranking.com/backlinks-crawler)"
103.131.51.123 - - [29/Mar/2026:12:54:39 +0700] "POST /wp-cron.php?doing_wp_cron=1774763679.9742329120635986328125 HTTP/1.1" 200 474 "-" "WordPress/6.9.4; https://lotushomemade.com"
37.27.59.176 - - [29/Mar/2026:12:54:38 +0700] "GET /shop/page/47/?max_price=420&per_page=8&shop_view=grid&per_row=4 HTTP/1.1" 200 40420 "-" "Mozilla/5.0 (compatible; SERankingBacklinksBot/1.0; +https://seranking.com/backlinks-crawler)"
37.27.59.176 - - [29/Mar/2026:12:54:43 +0700] "GET /shop/page/2/?max_price=845&per_page=12&shop_view=grid&per_row=6 HTTP/1.1" 200 41458 "-" "Mozilla/5.0 (compatible; SERankingBacklinksBot/1.0; +https://seranking.com/backlinks-crawler)"
5.39.109.162 - - [29/Mar/2026:12:54:49 +0700] "GET /shop/page/9/?orderby=price-desc&stock_status=onsale&per_page=8&shop_view=grid&per_row=6 HTTP/2" 200 33671 "-" "Mozilla/5.0 (compatible; AhrefsBot/7.0; +http://ahrefs.com/robot/)"
37.27.59.176 - - [29/Mar/2026:12:54:49 +0700] "GET /shop/page/47/?max_price=420&per_page=8&shop_view=grid&per_row=6 HTTP/1.1" 200 40444 "-" "Mozilla/5.0 (compatible; SERankingBacklinksBot/1.0; +https://seranking.com/backlinks-crawler)"
37.27.59.176 - - [29/Mar/2026:12:54:54 +0700] "GET /shop/page/2/?max_price=845&per_page=18&shop_view=grid&per_row=2 HTTP/1.1" 200 42742 "-" "Mozilla/5.0 (compatible; SERankingBacklinksBot/1.0; +https://seranking.com/backlinks-crawler)"
37.27.59.176 - - [29/Mar/2026:12:55:00 +0700] "GET /shop/page/47/?max_price=420&per_row=2&shop_view=grid&per_page=8 HTTP/1.1" 200 40403 "-" "Mozilla/5.0 (compatible; SERankingBacklinksBot/1.0; +https://seranking.com/backlinks-crawler)"
182.62.169.219 - - [29/Mar/2026:12:55:03 +0700] "GET /wp-content/uploads/2023/10/1021-V.png HTTP/2" 200 779298 "https://www.google.com/" "Mozilla/5.0 (Linux; Android 15; CPH2629 Build/AP3A.240617.008; wv) AppleWebKit/537.36 (KHTML, like Gecko) Version/4.0 Chrome/146.0.7680.119 Mobile Safari/537.36 GoogleApp/17.3.60.ve.arm64 GoogleLens"
37.27.59.176 - - [29/Mar/2026:12:55:05 +0700] "GET /shop/page/2/?max_price=845&per_page=18&shop_view=grid&per_row=4 HTTP/1.1" 200 42556 "-" "Mozilla/5.0 (compatible; SERankingBacklinksBot/1.0; +https://seranking.com/backlinks-crawler)"
37.27.59.176 - - [29/Mar/2026:12:55:09 +0700] "GET /shop/page/47/?max_price=420&per_row=4&shop_view=grid&per_page=8 HTTP/1.1" 200 40272 "-" "Mozilla/5.0 (compatible; SERankingBacklinksBot/1.0; +https://seranking.com/backlinks-crawler)"
37.27.59.176 - - [29/Mar/2026:12:55:15 +0700] "GET /shop/page/2/?max_price=845&per_page=18&shop_view=grid&per_row=6 HTTP/1.1" 200 42745 "-" "Mozilla/5.0 (compatible; SERankingBacklinksBot/1.0; +https://seranking.com/backlinks-crawler)"
