37.27.59.176 - - [29/Mar/2026:08:14:44 +0700] "GET /shop/page/14/?min_price=0&max_price=210&per_page=18 HTTP/1.1" 200 41316 "-" "Mozilla/5.0 (compatible; SERankingBacklinksBot/1.0; +https://seranking.com/backlinks-crawler)"
37.27.59.176 - - [29/Mar/2026:08:14:49 +0700] "GET /shop/page/4/?max_price=845&per_row=6&shop_view=grid HTTP/1.1" 200 41174 "-" "Mozilla/5.0 (compatible; SERankingBacklinksBot/1.0; +https://seranking.com/backlinks-crawler)"
37.27.59.176 - - [29/Mar/2026:08:14:54 +0700] "GET /shop/page/1/?max_price=420&shop_view=grid&per_row=6 HTTP/1.1" 301 451 "-" "Mozilla/5.0 (compatible; SERankingBacklinksBot/1.0; +https://seranking.com/backlinks-crawler)"
37.27.59.176 - - [29/Mar/2026:08:14:54 +0700] "GET /shop/?max_price=420&shop_view=grid&per_row=6 HTTP/1.1" 200 41742 "-" "Mozilla/5.0 (compatible; SERankingBacklinksBot/1.0; +https://seranking.com/backlinks-crawler)"
37.27.59.176 - - [29/Mar/2026:08:14:59 +0700] "GET /shop/page/15/?min_price=0&max_price=210&per_page=18 HTTP/1.1" 200 41367 "-" "Mozilla/5.0 (compatible; SERankingBacklinksBot/1.0; +https://seranking.com/backlinks-crawler)"
51.195.183.83 - - [29/Mar/2026:08:15:00 +0700] "GET /product-category/hot-item/?stock_status=instock&per_page=8 HTTP/2" 200 33906 "-" "Mozilla/5.0 (compatible; AhrefsBot/7.0; +http://ahrefs.com/robot/)"
37.27.59.176 - - [29/Mar/2026:08:15:04 +0700] "GET /shop/page/5/?max_price=420&shop_view=grid&per_row=2 HTTP/1.1" 200 41084 "-" "Mozilla/5.0 (compatible; SERankingBacklinksBot/1.0; +https://seranking.com/backlinks-crawler)"
37.27.59.176 - - [29/Mar/2026:08:15:09 +0700] "GET /shop/page/1/?max_price=630&shop_view=grid&per_row=2 HTTP/1.1" 301 629 "-" "Mozilla/5.0 (compatible; SERankingBacklinksBot/1.0; +https://seranking.com/backlinks-crawler)"
37.27.59.176 - - [29/Mar/2026:08:15:10 +0700] "GET /shop/?max_price=630&shop_view=grid&per_row=2 HTTP/1.1" 200 41694 "-" "Mozilla/5.0 (compatible; SERankingBacklinksBot/1.0; +https://seranking.com/backlinks-crawler)"
37.27.59.176 - - [29/Mar/2026:08:15:15 +0700] "GET /shop/page/2/?max_price=420&per_row=2&shop_view=grid HTTP/1.1" 200 41377 "-" "Mozilla/5.0 (compatible; SERankingBacklinksBot/1.0; +https://seranking.com/backlinks-crawler)"
177.149.165.96 - - [29/Mar/2026:08:15:19 +0700] "POST /xmlrpc.php HTTP/1.1" 200 822 "-" "Mozilla/5.0 (Windows NT 6.2; arm64) AppleWebKit/537.36 (KHTML, like Gecko) Safari/15.0.0.0 Safari/537.36"
37.27.59.176 - - [29/Mar/2026:08:15:20 +0700] "GET /shop/page/5/?max_price=420&shop_view=grid&per_row=4 HTTP/1.1" 200 41229 "-" "Mozilla/5.0 (compatible; SERankingBacklinksBot/1.0; +https://seranking.com/backlinks-crawler)"
37.27.59.176 - - [29/Mar/2026:08:15:25 +0700] "GET /shop/page/1/?max_price=630&shop_view=grid&per_row=4 HTTP/1.1" 301 451 "-" "Mozilla/5.0 (compatible; SERankingBacklinksBot/1.0; +https://seranking.com/backlinks-crawler)"
37.27.59.176 - - [29/Mar/2026:08:15:25 +0700] "GET /shop/?max_price=630&shop_view=grid&per_row=4 HTTP/1.1" 200 41648 "-" "Mozilla/5.0 (compatible; SERankingBacklinksBot/1.0; +https://seranking.com/backlinks-crawler)"
37.27.59.176 - - [29/Mar/2026:08:15:31 +0700] "GET /shop/page/2/?max_price=420&per_row=4&shop_view=grid HTTP/1.1" 200 41567 "-" "Mozilla/5.0 (compatible; SERankingBacklinksBot/1.0; +https://seranking.com/backlinks-crawler)"
37.27.59.176 - - [29/Mar/2026:08:15:35 +0700] "GET /shop/page/5/?max_price=420&shop_view=grid&per_row=6 HTTP/1.1" 200 41088 "-" "Mozilla/5.0 (compatible; SERankingBacklinksBot/1.0; +https://seranking.com/backlinks-crawler)"
103.131.51.123 - - [29/Mar/2026:08:15:43 +0700] "POST /wp-cron.php?doing_wp_cron=1774746943.1584589481353759765625 HTTP/1.1" 200 474 "-" "WordPress/6.9.4; https://lotushomemade.com"
37.27.59.176 - - [29/Mar/2026:08:15:42 +0700] "GET /shop/page/1/?max_price=630&shop_view=grid&per_row=6 HTTP/1.1" 301 629 "-" "Mozilla/5.0 (compatible; SERankingBacklinksBot/1.0; +https://seranking.com/backlinks-crawler)"
198.244.168.11 - - [29/Mar/2026:08:15:42 +0700] "GET /shop/page/17/?orderby=price-desc&stock_status=onsale&per_row=2&shop_view=grid&per_page=18 HTTP/2" 200 34749 "-" "Mozilla/5.0 (compatible; AhrefsBot/7.0; +http://ahrefs.com/robot/)"
37.27.59.176 - - [29/Mar/2026:08:15:43 +0700] "GET /shop/?max_price=630&shop_view=grid&per_row=6 HTTP/1.1" 200 41705 "-" "Mozilla/5.0 (compatible; SERankingBacklinksBot/1.0; +https://seranking.com/backlinks-crawler)"
37.27.59.176 - - [29/Mar/2026:08:15:48 +0700] "GET /shop/page/2/?max_price=420&per_row=6&shop_view=grid HTTP/1.1" 200 41574 "-" "Mozilla/5.0 (compatible; SERankingBacklinksBot/1.0; +https://seranking.com/backlinks-crawler)"
37.27.59.176 - - [29/Mar/2026:08:15:53 +0700] "GET /shop/page/5/?max_price=630&shop_view=grid&per_row=2 HTTP/1.1" 200 41017 "-" "Mozilla/5.0 (compatible; SERankingBacklinksBot/1.0; +https://seranking.com/backlinks-crawler)"
37.27.59.176 - - [29/Mar/2026:08:15:58 +0700] "GET /shop/page/1/?max_price=840&shop_view=grid&per_row=2 HTTP/1.1" 301 451 "-" "Mozilla/5.0 (compatible; SERankingBacklinksBot/1.0; +https://seranking.com/backlinks-crawler)"
37.27.59.176 - - [29/Mar/2026:08:15:59 +0700] "GET /shop/?max_price=840&shop_view=grid&per_row=2 HTTP/1.1" 200 41733 "-" "Mozilla/5.0 (compatible; SERankingBacklinksBot/1.0; +https://seranking.com/backlinks-crawler)"
37.27.59.176 - - [29/Mar/2026:08:16:05 +0700] "GET /shop/page/2/?max_price=630&per_row=2&shop_view=grid HTTP/1.1" 200 41523 "-" "Mozilla/5.0 (compatible; SERankingBacklinksBot/1.0; +https://seranking.com/backlinks-crawler)"
37.27.59.176 - - [29/Mar/2026:08:16:10 +0700] "GET /shop/page/5/?max_price=630&shop_view=grid&per_row=4 HTTP/1.1" 200 41056 "-" "Mozilla/5.0 (compatible; SERankingBacklinksBot/1.0; +https://seranking.com/backlinks-crawler)"
37.27.59.176 - - [29/Mar/2026:08:16:15 +0700] "GET /shop/page/1/?max_price=840&shop_view=grid&per_row=4 HTTP/1.1" 301 451 "-" "Mozilla/5.0 (compatible; SERankingBacklinksBot/1.0; +https://seranking.com/backlinks-crawler)"
37.27.59.176 - - [29/Mar/2026:08:16:15 +0700] "GET /shop/?max_price=840&shop_view=grid&per_row=4 HTTP/1.1" 200 41664 "-" "Mozilla/5.0 (compatible; SERankingBacklinksBot/1.0; +https://seranking.com/backlinks-crawler)"
198.244.183.192 - - [29/Mar/2026:08:16:15 +0700] "GET /product-category/blessing-series/?per_row=2&per_page=18&shop_view=grid HTTP/2" 200 34330 "-" "Mozilla/5.0 (compatible; AhrefsBot/7.0; +http://ahrefs.com/robot/)"
177.149.165.96 - - [29/Mar/2026:08:16:21 +0700] "POST /xmlrpc.php HTTP/1.1" 200 822 "-" "Mozilla/5.0 (Windows NT 10.0; x64) AppleWebKit/537.36 (KHTML, like Gecko) Chrome/102.0.0.0 Safari/537.36"
37.27.59.176 - - [29/Mar/2026:08:16:21 +0700] "GET /shop/page/2/?max_price=630&per_row=4&shop_view=grid HTTP/1.1" 200 41584 "-" "Mozilla/5.0 (compatible; SERankingBacklinksBot/1.0; +https://seranking.com/backlinks-crawler)"
37.27.59.176 - - [29/Mar/2026:08:16:27 +0700] "GET /shop/page/5/?max_price=630&shop_view=grid&per_row=6 HTTP/1.1" 200 41196 "-" "Mozilla/5.0 (compatible; SERankingBacklinksBot/1.0; +https://seranking.com/backlinks-crawler)"
37.27.59.176 - - [29/Mar/2026:08:16:31 +0700] "GET /shop/page/1/?max_price=840&shop_view=grid&per_row=6 HTTP/1.1" 301 451 "-" "Mozilla/5.0 (compatible; SERankingBacklinksBot/1.0; +https://seranking.com/backlinks-crawler)"
37.27.59.176 - - [29/Mar/2026:08:16:32 +0700] "GET /shop/?max_price=840&shop_view=grid&per_row=6 HTTP/1.1" 200 41664 "-" "Mozilla/5.0 (compatible; SERankingBacklinksBot/1.0; +https://seranking.com/backlinks-crawler)"
103.131.51.123 - - [29/Mar/2026:08:16:38 +0700] "POST /wp-cron.php?doing_wp_cron=1774746998.8501179218292236328125 HTTP/1.1" 200 474 "-" "WordPress/6.9.4; https://lotushomemade.com"
37.27.59.176 - - [29/Mar/2026:08:16:37 +0700] "GET /shop/page/2/?max_price=630&per_row=6&shop_view=grid HTTP/1.1" 200 41581 "-" "Mozilla/5.0 (compatible; SERankingBacklinksBot/1.0; +https://seranking.com/backlinks-crawler)"
37.27.59.176 - - [29/Mar/2026:08:16:42 +0700] "GET /shop/page/5/?max_price=840&shop_view=grid&per_row=2 HTTP/1.1" 200 41083 "-" "Mozilla/5.0 (compatible; SERankingBacklinksBot/1.0; +https://seranking.com/backlinks-crawler)"
37.27.59.176 - - [29/Mar/2026:08:16:47 +0700] "GET /shop/page/1/?max_price=845&shop_view=grid&per_row=2 HTTP/1.1" 301 629 "-" "Mozilla/5.0 (compatible; SERankingBacklinksBot/1.0; +https://seranking.com/backlinks-crawler)"
37.27.59.176 - - [29/Mar/2026:08:16:48 +0700] "GET /shop/?max_price=845&shop_view=grid&per_row=2 HTTP/1.1" 200 41746 "-" "Mozilla/5.0 (compatible; SERankingBacklinksBot/1.0; +https://seranking.com/backlinks-crawler)"
37.27.59.176 - - [29/Mar/2026:08:16:53 +0700] "GET /shop/page/2/?max_price=840&per_row=2&shop_view=grid HTTP/1.1" 200 41378 "-" "Mozilla/5.0 (compatible; SERankingBacklinksBot/1.0; +https://seranking.com/backlinks-crawler)"
54.38.147.254 - - [29/Mar/2026:08:16:57 +0700] "GET /shop/page/43/?orderby=price&stock_status=instock&per_page=8&shop_view=grid&per_row=2 HTTP/2" 200 33536 "-" "Mozilla/5.0 (compatible; AhrefsBot/7.0; +http://ahrefs.com/robot/)"
37.27.59.176 - - [29/Mar/2026:08:16:57 +0700] "GET /shop/page/5/?max_price=840&shop_view=grid&per_row=4 HTTP/1.1" 200 41057 "-" "Mozilla/5.0 (compatible; SERankingBacklinksBot/1.0; +https://seranking.com/backlinks-crawler)"
37.27.59.176 - - [29/Mar/2026:08:17:02 +0700] "GET /shop/page/1/?max_price=845&shop_view=grid&per_row=4 HTTP/1.1" 301 629 "-" "Mozilla/5.0 (compatible; SERankingBacklinksBot/1.0; +https://seranking.com/backlinks-crawler)"
37.27.59.176 - - [29/Mar/2026:08:17:03 +0700] "GET /shop/?max_price=845&shop_view=grid&per_row=4 HTTP/1.1" 200 41694 "-" "Mozilla/5.0 (compatible; SERankingBacklinksBot/1.0; +https://seranking.com/backlinks-crawler)"
37.27.59.176 - - [29/Mar/2026:08:17:09 +0700] "GET /shop/page/2/?max_price=840&per_row=4&shop_view=grid HTTP/1.1" 200 41592 "-" "Mozilla/5.0 (compatible; SERankingBacklinksBot/1.0; +https://seranking.com/backlinks-crawler)"
37.27.59.176 - - [29/Mar/2026:08:17:13 +0700] "GET /shop/page/5/?max_price=840&shop_view=grid&per_row=6 HTTP/1.1" 200 41090 "-" "Mozilla/5.0 (compatible; SERankingBacklinksBot/1.0; +https://seranking.com/backlinks-crawler)"
177.149.165.96 - - [29/Mar/2026:08:17:16 +0700] "POST /xmlrpc.php HTTP/1.1" 200 822 "-" "Mozilla/5.0 (Linux; Android 10; x64) AppleWebKit/537.36 (KHTML, like Gecko) Firefox/93.0.0.0 Safari/537.36"
37.27.59.176 - - [29/Mar/2026:08:17:18 +0700] "GET /shop/page/1/?max_price=845&shop_view=grid&per_row=6 HTTP/1.1" 301 451 "-" "Mozilla/5.0 (compatible; SERankingBacklinksBot/1.0; +https://seranking.com/backlinks-crawler)"
37.27.59.176 - - [29/Mar/2026:08:17:19 +0700] "GET /shop/?max_price=845&shop_view=grid&per_row=6 HTTP/1.1" 200 41671 "-" "Mozilla/5.0 (compatible; SERankingBacklinksBot/1.0; +https://seranking.com/backlinks-crawler)"
37.27.59.176 - - [29/Mar/2026:08:17:25 +0700] "GET /shop/page/2/?max_price=840&per_row=6&shop_view=grid HTTP/1.1" 200 41543 "-" "Mozilla/5.0 (compatible; SERankingBacklinksBot/1.0; +https://seranking.com/backlinks-crawler)"
157.245.134.15 - - [29/Mar/2026:08:17:31 +0700] "GET /wp-content/uploads/2023/11/1046.png HTTP/1.1" 200 929352 "https://lotushomemade.com/" "Mozilla/5.0 (Windows NT 10.0; Win64; x64) AppleWebKit/537.36 (KHTML, like Gecko) Chrome/131.0.0.0 Safari/537.36"
37.27.59.176 - - [29/Mar/2026:08:17:32 +0700] "GET /shop/page/5/?max_price=845&shop_view=grid&per_row=2 HTTP/1.1" 200 41255 "-" "Mozilla/5.0 (compatible; SERankingBacklinksBot/1.0; +https://seranking.com/backlinks-crawler)"
51.195.244.141 - - [29/Mar/2026:08:17:36 +0700] "GET /shop/page/12/?orderby=price&stock_status=onsale&per_row=2&per_page=24&shop_view=grid HTTP/2" 200 35488 "-" "Mozilla/5.0 (compatible; AhrefsBot/7.0; +http://ahrefs.com/robot/)"
37.27.59.176 - - [29/Mar/2026:08:17:37 +0700] "GET /shop/page/1/?orderby=price&per_row=2&shop_view=grid HTTP/1.1" 301 629 "-" "Mozilla/5.0 (compatible; SERankingBacklinksBot/1.0; +https://seranking.com/backlinks-crawler)"
103.131.51.123 - - [29/Mar/2026:08:17:39 +0700] "POST /wp-cron.php?doing_wp_cron=1774747059.3892779350280761718750 HTTP/1.1" 200 474 "-" "WordPress/6.9.4; https://lotushomemade.com"
37.27.59.176 - - [29/Mar/2026:08:17:38 +0700] "GET /shop/?orderby=price&per_row=2&shop_view=grid HTTP/1.1" 200 41263 "-" "Mozilla/5.0 (compatible; SERankingBacklinksBot/1.0; +https://seranking.com/backlinks-crawler)"
37.27.59.176 - - [29/Mar/2026:08:17:43 +0700] "GET /shop/page/2/?max_price=845&per_row=2&shop_view=grid HTTP/1.1" 200 41554 "-" "Mozilla/5.0 (compatible; SERankingBacklinksBot/1.0; +https://seranking.com/backlinks-crawler)"
37.27.59.176 - - [29/Mar/2026:08:17:48 +0700] "GET /shop/page/5/?max_price=845&shop_view=grid&per_row=4 HTTP/1.1" 200 41076 "-" "Mozilla/5.0 (compatible; SERankingBacklinksBot/1.0; +https://seranking.com/backlinks-crawler)"
37.27.59.176 - - [29/Mar/2026:08:17:53 +0700] "GET /shop/page/1/?orderby=price&per_row=4&shop_view=grid HTTP/1.1" 301 629 "-" "Mozilla/5.0 (compatible; SERankingBacklinksBot/1.0; +https://seranking.com/backlinks-crawler)"
37.27.59.176 - - [29/Mar/2026:08:17:54 +0700] "GET /shop/?orderby=price&per_row=4&shop_view=grid HTTP/1.1" 200 41287 "-" "Mozilla/5.0 (compatible; SERankingBacklinksBot/1.0; +https://seranking.com/backlinks-crawler)"
37.27.59.176 - - [29/Mar/2026:08:17:59 +0700] "GET /shop/page/2/?max_price=845&per_row=4&shop_view=grid HTTP/1.1" 200 41611 "-" "Mozilla/5.0 (compatible; SERankingBacklinksBot/1.0; +https://seranking.com/backlinks-crawler)"
37.27.59.176 - - [29/Mar/2026:08:18:04 +0700] "GET /shop/page/5/?max_price=845&shop_view=grid&per_row=6 HTTP/1.1" 200 41060 "-" "Mozilla/5.0 (compatible; SERankingBacklinksBot/1.0; +https://seranking.com/backlinks-crawler)"
37.27.59.176 - - [29/Mar/2026:08:18:09 +0700] "GET /shop/page/1/?orderby=price&per_row=6&shop_view=grid HTTP/1.1" 301 451 "-" "Mozilla/5.0 (compatible; SERankingBacklinksBot/1.0; +https://seranking.com/backlinks-crawler)"
51.89.129.102 - - [29/Mar/2026:08:18:08 +0700] "GET /shop/page/6/?orderby=popularity&stock_status=instock&per_row=2&shop_view=grid&per_page=8 HTTP/2" 200 33574 "-" "Mozilla/5.0 (compatible; AhrefsBot/7.0; +http://ahrefs.com/robot/)"
37.27.59.176 - - [29/Mar/2026:08:18:10 +0700] "GET /shop/?orderby=price&per_row=6&shop_view=grid HTTP/1.1" 200 41332 "-" "Mozilla/5.0 (compatible; SERankingBacklinksBot/1.0; +https://seranking.com/backlinks-crawler)"
37.27.59.176 - - [29/Mar/2026:08:18:15 +0700] "GET /shop/page/2/?max_price=845&per_row=6&shop_view=grid HTTP/1.1" 200 41604 "-" "Mozilla/5.0 (compatible; SERankingBacklinksBot/1.0; +https://seranking.com/backlinks-crawler)"
37.27.59.176 - - [29/Mar/2026:08:18:20 +0700] "GET /shop/page/5/?orderby=price&per_row=2&shop_view=grid HTTP/1.1" 200 41109 "-" "Mozilla/5.0 (compatible; SERankingBacklinksBot/1.0; +https://seranking.com/backlinks-crawler)"
37.27.59.176 - - [29/Mar/2026:08:18:25 +0700] "GET /shop/page/1/?per_page=8&stock_status=instock,onsale HTTP/1.1" 301 588 "-" "Mozilla/5.0 (compatible; SERankingBacklinksBot/1.0; +https://seranking.com/backlinks-crawler)"
177.149.165.96 - - [29/Mar/2026:08:18:25 +0700] "POST /xmlrpc.php HTTP/1.1" 200 822 "-" "Mozilla/5.0 (Windows NT 6.3; x86) AppleWebKit/537.36 (KHTML, like Gecko) Firefox/92.0.0.0 Safari/537.36"
37.27.59.176 - - [29/Mar/2026:08:18:25 +0700] "GET /shop/?per_page=8&stock_status=instock%2Consale HTTP/1.1" 200 41017 "-" "Mozilla/5.0 (compatible; SERankingBacklinksBot/1.0; +https://seranking.com/backlinks-crawler)"
37.27.59.176 - - [29/Mar/2026:08:18:30 +0700] "GET /shop/page/24/?min_price=0&max_price=210&per_page=12 HTTP/1.1" 200 40731 "-" "Mozilla/5.0 (compatible; SERankingBacklinksBot/1.0; +https://seranking.com/backlinks-crawler)"
37.27.59.176 - - [29/Mar/2026:08:18:36 +0700] "GET /shop/page/5/?orderby=price&per_row=4&shop_view=grid HTTP/1.1" 200 41206 "-" "Mozilla/5.0 (compatible; SERankingBacklinksBot/1.0; +https://seranking.com/backlinks-crawler)"
103.131.51.123 - - [29/Mar/2026:08:18:42 +0700] "POST /wp-cron.php?doing_wp_cron=1774747122.4006659984588623046875 HTTP/1.1" 200 474 "-" "WordPress/6.9.4; https://lotushomemade.com"
37.27.59.176 - - [29/Mar/2026:08:18:41 +0700] "GET /shop/page/10/?min_price=0&max_price=210&per_page=12 HTTP/1.1" 200 40791 "-" "Mozilla/5.0 (compatible; SERankingBacklinksBot/1.0; +https://seranking.com/backlinks-crawler)"
198.244.183.252 - - [29/Mar/2026:08:18:45 +0700] "GET /shop/page/6/?orderby=popularity&stock_status=instock&per_row=6&shop_view=grid&per_page=18 HTTP/2" 200 34593 "-" "Mozilla/5.0 (compatible; AhrefsBot/7.0; +http://ahrefs.com/robot/)"
37.27.59.176 - - [29/Mar/2026:08:18:45 +0700] "GET /shop/page/24/?orderby=date&shop_view=grid&per_row=2 HTTP/1.1" 200 40498 "-" "Mozilla/5.0 (compatible; SERankingBacklinksBot/1.0; +https://seranking.com/backlinks-crawler)"
37.27.59.176 - - [29/Mar/2026:08:18:51 +0700] "GET /shop/page/5/?orderby=price&per_row=6&shop_view=grid HTTP/1.1" 200 41200 "-" "Mozilla/5.0 (compatible; SERankingBacklinksBot/1.0; +https://seranking.com/backlinks-crawler)"
37.27.59.176 - - [29/Mar/2026:08:18:55 +0700] "GET /shop/page/10/?min_price=0&max_price=210&per_page=18 HTTP/1.1" 200 42120 "-" "Mozilla/5.0 (compatible; SERankingBacklinksBot/1.0; +https://seranking.com/backlinks-crawler)"
37.27.59.176 - - [29/Mar/2026:08:19:01 +0700] "GET /shop/page/24/?orderby=date&shop_view=grid&per_row=4 HTTP/1.1" 200 40742 "-" "Mozilla/5.0 (compatible; SERankingBacklinksBot/1.0; +https://seranking.com/backlinks-crawler)"
37.27.59.176 - - [29/Mar/2026:08:19:06 +0700] "GET /shop/page/5/?per_page=8&stock_status=instock,onsale HTTP/1.1" 301 595 "-" "Mozilla/5.0 (compatible; SERankingBacklinksBot/1.0; +https://seranking.com/backlinks-crawler)"
37.27.59.176 - - [29/Mar/2026:08:19:07 +0700] "GET /shop/page/5/?per_page=8&stock_status=instock%2Consale HTTP/1.1" 200 40437 "-" "Mozilla/5.0 (compatible; SERankingBacklinksBot/1.0; +https://seranking.com/backlinks-crawler)"
37.27.59.176 - - [29/Mar/2026:08:19:12 +0700] "GET /shop/page/10/?min_price=0&max_price=210&per_page=24 HTTP/1.1" 200 42210 "-" "Mozilla/5.0 (compatible; SERankingBacklinksBot/1.0; +https://seranking.com/backlinks-crawler)"
37.27.59.176 - - [29/Mar/2026:08:19:17 +0700] "GET /shop/page/24/?orderby=date&shop_view=grid&per_row=6 HTTP/1.1" 200 40551 "-" "Mozilla/5.0 (compatible; SERankingBacklinksBot/1.0; +https://seranking.com/backlinks-crawler)"
177.149.165.96 - - [29/Mar/2026:08:19:19 +0700] "POST /xmlrpc.php HTTP/1.1" 200 822 "-" "Mozilla/5.0 (Macintosh; Intel Mac OS X 10_15_7; x64) AppleWebKit/537.36 (KHTML, like Gecko) Opera/73.0.0.0 Safari/537.36"
198.244.242.16 - - [29/Mar/2026:08:19:20 +0700] "GET /shop/page/4/?orderby=price-desc&stock_status=instock%2Consale&per_row=2&per_page=24&shop_view=grid HTTP/2" 200 35528 "-" "Mozilla/5.0 (compatible; AhrefsBot/7.0; +http://ahrefs.com/robot/)"
37.27.59.176 - - [29/Mar/2026:08:19:22 +0700] "GET /shop/page/6/?max_price=420&shop_view=grid&per_row=2 HTTP/1.1" 200 41281 "-" "Mozilla/5.0 (compatible; SERankingBacklinksBot/1.0; +https://seranking.com/backlinks-crawler)"
37.27.59.176 - - [29/Mar/2026:08:19:29 +0700] "GET /shop/page/10/?orderby=date&shop_view=grid&per_row=2 HTTP/1.1" 200 40830 "-" "Mozilla/5.0 (compatible; SERankingBacklinksBot/1.0; +https://seranking.com/backlinks-crawler)"
123.24.2.9 - - [29/Mar/2026:08:19:31 +0700] "GET /product-category/hot-item/?per_row=6&shop_view=grid&stock_status=instock HTTP/1.1" 200 42344 "-" "Mozilla/5.0 (Windows NT 6.3; WOW64) AppleWebKit/537.36 (KHTML, like Gecko) Chrome/81.0.4044.129 Safari/537.36"
37.27.59.176 - - [29/Mar/2026:08:19:34 +0700] "GET /shop/page/25/?min_price=0&max_price=210&per_page=12 HTTP/1.1" 200 40815 "-" "Mozilla/5.0 (compatible; SERankingBacklinksBot/1.0; +https://seranking.com/backlinks-crawler)"
103.131.51.123 - - [29/Mar/2026:08:19:40 +0700] "POST /wp-cron.php?doing_wp_cron=1774747180.5941820144653320312500 HTTP/1.1" 200 474 "-" "WordPress/6.9.4; https://lotushomemade.com"
37.27.59.176 - - [29/Mar/2026:08:19:39 +0700] "GET /shop/page/6/?max_price=420&shop_view=grid&per_row=4 HTTP/1.1" 200 41129 "-" "Mozilla/5.0 (compatible; SERankingBacklinksBot/1.0; +https://seranking.com/backlinks-crawler)"
37.27.59.176 - - [29/Mar/2026:08:19:44 +0700] "GET /shop/page/10/?orderby=date&shop_view=grid&per_row=4 HTTP/1.1" 200 40833 "-" "Mozilla/5.0 (compatible; SERankingBacklinksBot/1.0; +https://seranking.com/backlinks-crawler)"
37.27.59.176 - - [29/Mar/2026:08:19:49 +0700] "GET /shop/page/25/?orderby=date&shop_view=grid&per_row=2 HTTP/1.1" 200 40690 "-" "Mozilla/5.0 (compatible; SERankingBacklinksBot/1.0; +https://seranking.com/backlinks-crawler)"
198.244.240.113 - - [29/Mar/2026:08:19:51 +0700] "GET /shop/page/6/?orderby=price-desc&stock_status=instock&per_row=2&per_page=24&shop_view=grid HTTP/2" 200 35690 "-" "Mozilla/5.0 (compatible; AhrefsBot/7.0; +http://ahrefs.com/robot/)"
37.27.59.176 - - [29/Mar/2026:08:19:54 +0700] "GET /shop/page/6/?max_price=420&shop_view=grid&per_row=6 HTTP/1.1" 200 41112 "-" "Mozilla/5.0 (compatible; SERankingBacklinksBot/1.0; +https://seranking.com/backlinks-crawler)"
37.27.59.176 - - [29/Mar/2026:08:19:59 +0700] "GET /shop/page/10/?orderby=date&shop_view=grid&per_row=6 HTTP/1.1" 200 40818 "-" "Mozilla/5.0 (compatible; SERankingBacklinksBot/1.0; +https://seranking.com/backlinks-crawler)"
37.27.59.176 - - [29/Mar/2026:08:20:04 +0700] "GET /shop/page/25/?orderby=date&shop_view=grid&per_row=4 HTTP/1.1" 200 40659 "-" "Mozilla/5.0 (compatible; SERankingBacklinksBot/1.0; +https://seranking.com/backlinks-crawler)"
37.27.59.176 - - [29/Mar/2026:08:20:09 +0700] "GET /shop/page/6/?max_price=630&shop_view=grid&per_row=2 HTTP/1.1" 200 41265 "-" "Mozilla/5.0 (compatible; SERankingBacklinksBot/1.0; +https://seranking.com/backlinks-crawler)"
177.149.165.96 - - [29/Mar/2026:08:20:15 +0700] "POST /xmlrpc.php HTTP/1.1" 200 822 "-" "Mozilla/5.0 (X11; Ubuntu; Linux x86_64; arm64) AppleWebKit/537.36 (KHTML, like Gecko) Chrome/82.0.0.0 Safari/537.36"
37.27.59.176 - - [29/Mar/2026:08:20:15 +0700] "GET /shop/page/25/?orderby=date&shop_view=grid&per_row=6 HTTP/1.1" 200 40819 "-" "Mozilla/5.0 (compatible; SERankingBacklinksBot/1.0; +https://seranking.com/backlinks-crawler)"
37.27.59.176 - - [29/Mar/2026:08:20:20 +0700] "GET /shop/page/6/?max_price=630&shop_view=grid&per_row=4 HTTP/1.1" 200 41318 "-" "Mozilla/5.0 (compatible; SERankingBacklinksBot/1.0; +https://seranking.com/backlinks-crawler)"
198.244.168.51 - - [29/Mar/2026:08:20:22 +0700] "GET /shop/page/6/?orderby=rating&stock_status=instock&per_row=6&shop_view=grid&per_page=12 HTTP/2" 200 34197 "-" "Mozilla/5.0 (compatible; AhrefsBot/7.0; +http://ahrefs.com/robot/)"
37.27.59.176 - - [29/Mar/2026:08:20:25 +0700] "GET /shop/page/26/?min_price=0&max_price=210&per_page=12 HTTP/1.1" 200 40568 "-" "Mozilla/5.0 (compatible; SERankingBacklinksBot/1.0; +https://seranking.com/backlinks-crawler)"
37.27.59.176 - - [29/Mar/2026:08:20:30 +0700] "GET /shop/page/6/?max_price=630&shop_view=grid&per_row=6 HTTP/1.1" 200 41104 "-" "Mozilla/5.0 (compatible; SERankingBacklinksBot/1.0; +https://seranking.com/backlinks-crawler)"
37.27.59.176 - - [29/Mar/2026:08:20:35 +0700] "GET /shop/page/26/?orderby=date&shop_view=grid&per_row=2 HTTP/1.1" 200 40547 "-" "Mozilla/5.0 (compatible; SERankingBacklinksBot/1.0; +https://seranking.com/backlinks-crawler)"
103.131.51.123 - - [29/Mar/2026:08:20:42 +0700] "POST /wp-cron.php?doing_wp_cron=1774747241.9858999252319335937500 HTTP/1.1" 200 474 "-" "WordPress/6.9.4; https://lotushomemade.com"
37.27.59.176 - - [29/Mar/2026:08:20:40 +0700] "GET /shop/page/6/?max_price=840&shop_view=grid&per_row=2 HTTP/1.1" 200 41086 "-" "Mozilla/5.0 (compatible; SERankingBacklinksBot/1.0; +https://seranking.com/backlinks-crawler)"
37.27.59.176 - - [29/Mar/2026:08:20:45 +0700] "GET /shop/page/26/?orderby=date&shop_view=grid&per_row=4 HTTP/1.1" 200 40415 "-" "Mozilla/5.0 (compatible; SERankingBacklinksBot/1.0; +https://seranking.com/backlinks-crawler)"
37.27.59.176 - - [29/Mar/2026:08:20:50 +0700] "GET /shop/page/6/?max_price=840&shop_view=grid&per_row=4 HTTP/1.1" 200 41335 "-" "Mozilla/5.0 (compatible; SERankingBacklinksBot/1.0; +https://seranking.com/backlinks-crawler)"
37.27.59.176 - - [29/Mar/2026:08:20:55 +0700] "GET /shop/page/26/?orderby=date&shop_view=grid&per_row=6 HTTP/1.1" 200 40383 "-" "Mozilla/5.0 (compatible; SERankingBacklinksBot/1.0; +https://seranking.com/backlinks-crawler)"
198.244.240.197 - - [29/Mar/2026:08:20:59 +0700] "GET /shop/page/6/?orderby=price&stock_status=onsale&per_row=2&per_page=24&shop_view=grid HTTP/2" 200 35527 "-" "Mozilla/5.0 (compatible; AhrefsBot/7.0; +http://ahrefs.com/robot/)"
37.27.59.176 - - [29/Mar/2026:08:21:00 +0700] "GET /shop/page/6/?max_price=840&shop_view=grid&per_row=6 HTTP/1.1" 200 41331 "-" "Mozilla/5.0 (compatible; SERankingBacklinksBot/1.0; +https://seranking.com/backlinks-crawler)"
37.27.59.176 - - [29/Mar/2026:08:21:06 +0700] "GET /shop/page/27/?orderby=date&per_row=2&shop_view=grid HTTP/1.1" 200 40827 "-" "Mozilla/5.0 (compatible; SERankingBacklinksBot/1.0; +https://seranking.com/backlinks-crawler)"
37.27.59.176 - - [29/Mar/2026:08:21:11 +0700] "GET /shop/page/6/?max_price=845&shop_view=grid&per_row=2 HTTP/1.1" 200 41306 "-" "Mozilla/5.0 (compatible; SERankingBacklinksBot/1.0; +https://seranking.com/backlinks-crawler)"
37.27.59.176 - - [29/Mar/2026:08:21:16 +0700] "GET /shop/page/27/?orderby=date&per_row=4&shop_view=grid HTTP/1.1" 200 40619 "-" "Mozilla/5.0 (compatible; SERankingBacklinksBot/1.0; +https://seranking.com/backlinks-crawler)"
37.27.59.176 - - [29/Mar/2026:08:21:23 +0700] "GET /shop/page/6/?max_price=845&shop_view=grid&per_row=4 HTTP/1.1" 200 41283 "-" "Mozilla/5.0 (compatible; SERankingBacklinksBot/1.0; +https://seranking.com/backlinks-crawler)"
177.149.165.96 - - [29/Mar/2026:08:21:27 +0700] "POST /xmlrpc.php HTTP/1.1" 200 822 "-" "Mozilla/5.0 (Macintosh; Intel Mac OS X 10_15_7; x64) AppleWebKit/537.36 (KHTML, like Gecko) Edge/80.0.0.0 Safari/537.36"
37.27.59.176 - - [29/Mar/2026:08:21:28 +0700] "GET /shop/page/27/?orderby=date&per_row=6&shop_view=grid HTTP/1.1" 200 40640 "-" "Mozilla/5.0 (compatible; SERankingBacklinksBot/1.0; +https://seranking.com/backlinks-crawler)"
37.27.59.176 - - [29/Mar/2026:08:21:33 +0700] "GET /shop/page/6/?max_price=845&shop_view=grid&per_row=6 HTTP/1.1" 200 41114 "-" "Mozilla/5.0 (compatible; SERankingBacklinksBot/1.0; +https://seranking.com/backlinks-crawler)"
198.244.242.112 - - [29/Mar/2026:08:21:33 +0700] "GET /shop/page/6/?orderby=price&stock_status=onsale&per_row=4&shop_view=grid&per_page=12 HTTP/2" 200 33956 "-" "Mozilla/5.0 (compatible; AhrefsBot/7.0; +http://ahrefs.com/robot/)"
103.131.51.123 - - [29/Mar/2026:08:21:40 +0700] "POST /wp-cron.php?doing_wp_cron=1774747299.9623129367828369140625 HTTP/1.1" 200 474 "-" "WordPress/6.9.4; https://lotushomemade.com"
37.27.59.176 - - [29/Mar/2026:08:21:38 +0700] "GET /shop/page/28/?orderby=date&per_row=2&shop_view=grid HTTP/1.1" 200 41031 "-" "Mozilla/5.0 (compatible; SERankingBacklinksBot/1.0; +https://seranking.com/backlinks-crawler)"
37.27.59.176 - - [29/Mar/2026:08:21:43 +0700] "GET /shop/page/6/?orderby=price&per_row=2&shop_view=grid HTTP/1.1" 200 40787 "-" "Mozilla/5.0 (compatible; SERankingBacklinksBot/1.0; +https://seranking.com/backlinks-crawler)"
37.27.59.176 - - [29/Mar/2026:08:21:48 +0700] "GET /shop/page/28/?orderby=date&per_row=4&shop_view=grid HTTP/1.1" 200 41001 "-" "Mozilla/5.0 (compatible; SERankingBacklinksBot/1.0; +https://seranking.com/backlinks-crawler)"
37.27.59.176 - - [29/Mar/2026:08:21:54 +0700] "GET /shop/page/6/?orderby=price&per_row=4&shop_view=grid HTTP/1.1" 200 41042 "-" "Mozilla/5.0 (compatible; SERankingBacklinksBot/1.0; +https://seranking.com/backlinks-crawler)"
37.27.59.176 - - [29/Mar/2026:08:21:59 +0700] "GET /shop/page/28/?orderby=date&per_row=6&shop_view=grid HTTP/1.1" 200 41008 "-" "Mozilla/5.0 (compatible; SERankingBacklinksBot/1.0; +https://seranking.com/backlinks-crawler)"
37.27.59.176 - - [29/Mar/2026:08:22:04 +0700] "GET /shop/page/6/?orderby=price&per_row=6&shop_view=grid HTTP/1.1" 200 40844 "-" "Mozilla/5.0 (compatible; SERankingBacklinksBot/1.0; +https://seranking.com/backlinks-crawler)"
198.244.168.0 - - [29/Mar/2026:08:22:05 +0700] "GET /shop/page/6/?orderby=price&stock_status=onsale&per_page=8&shop_view=grid&per_row=2 HTTP/2" 200 33362 "-" "Mozilla/5.0 (compatible; AhrefsBot/7.0; +http://ahrefs.com/robot/)"
37.27.59.176 - - [29/Mar/2026:08:22:09 +0700] "GET /shop/page/29/?orderby=date&per_row=2&shop_view=grid HTTP/1.1" 200 40722 "-" "Mozilla/5.0 (compatible; SERankingBacklinksBot/1.0; +https://seranking.com/backlinks-crawler)"
37.27.59.176 - - [29/Mar/2026:08:22:14 +0700] "GET /shop/page/6/?per_page=8&stock_status=instock,onsale HTTP/1.1" 301 417 "-" "Mozilla/5.0 (compatible; SERankingBacklinksBot/1.0; +https://seranking.com/backlinks-crawler)"
37.27.59.176 - - [29/Mar/2026:08:22:15 +0700] "GET /shop/page/6/?per_page=8&stock_status=instock%2Consale HTTP/1.1" 200 40375 "-" "Mozilla/5.0 (compatible; SERankingBacklinksBot/1.0; +https://seranking.com/backlinks-crawler)"
113.172.77.165 - - [29/Mar/2026:08:22:18 +0700] "GET /shop/page/16/?per_page=18 HTTP/1.1" 200 41117 "-" "Mozilla/5.0 (Windows NT 5.1) AppleWebKit/537.36 (KHTML, like Gecko) Chrome/35.0.2309.372 Safari/537.36"
37.27.59.176 - - [29/Mar/2026:08:22:20 +0700] "GET /shop/page/29/?orderby=date&per_row=4&shop_view=grid HTTP/1.1" 200 40795 "-" "Mozilla/5.0 (compatible; SERankingBacklinksBot/1.0; +https://seranking.com/backlinks-crawler)"
37.27.59.176 - - [29/Mar/2026:08:22:25 +0700] "GET /shop/page/7/?max_price=420&shop_view=grid&per_row=2 HTTP/1.1" 200 41226 "-" "Mozilla/5.0 (compatible; SERankingBacklinksBot/1.0; +https://seranking.com/backlinks-crawler)"
37.27.59.176 - - [29/Mar/2026:08:22:31 +0700] "GET /shop/page/29/?orderby=date&per_row=6&shop_view=grid HTTP/1.1" 200 40740 "-" "Mozilla/5.0 (compatible; SERankingBacklinksBot/1.0; +https://seranking.com/backlinks-crawler)"
37.27.59.176 - - [29/Mar/2026:08:22:36 +0700] "GET /shop/page/7/?max_price=420&shop_view=grid&per_row=4 HTTP/1.1" 200 41035 "-" "Mozilla/5.0 (compatible; SERankingBacklinksBot/1.0; +https://seranking.com/backlinks-crawler)"
103.131.51.123 - - [29/Mar/2026:08:22:43 +0700] "POST /wp-cron.php?doing_wp_cron=1774747363.7460260391235351562500 HTTP/1.1" 200 474 "-" "WordPress/6.9.4; https://lotushomemade.com"
37.27.59.176 - - [29/Mar/2026:08:22:42 +0700] "GET /shop/page/3/?max_price=420&per_row=2&shop_view=grid HTTP/1.1" 200 41519 "-" "Mozilla/5.0 (compatible; SERankingBacklinksBot/1.0; +https://seranking.com/backlinks-crawler)"
54.38.147.36 - - [29/Mar/2026:08:22:44 +0700] "GET /shop/page/6/?orderby=price-desc&stock_status=onsale&per_row=4&shop_view=grid&per_page=8 HTTP/2" 200 33426 "-" "Mozilla/5.0 (compatible; AhrefsBot/7.0; +http://ahrefs.com/robot/)"
38.166.8.37 - - [29/Mar/2026:08:22:44 +0700] "GET /shop/page/16/?per_page=18 HTTP/1.1" 200 41182 "-" "Mozilla/5.0 (Macintosh; Intel Mac OS X 10_14_6) AppleWebKit/537.36 (KHTML, like Gecko) Brave Chrome/89.0.4389.114 Safari/537.36"
37.27.59.176 - - [29/Mar/2026:08:22:47 +0700] "GET /shop/page/7/?max_price=420&shop_view=grid&per_row=6 HTTP/1.1" 200 41046 "-" "Mozilla/5.0 (compatible; SERankingBacklinksBot/1.0; +https://seranking.com/backlinks-crawler)"
198.244.242.26 - - [29/Mar/2026:08:22:49 +0700] "GET /shop/page/6/?orderby=popularity&stock_status=instock&per_row=6&shop_view=grid&per_page=18 HTTP/2" 200 34668 "-" "Mozilla/5.0 (compatible; AhrefsBot/7.0; +http://ahrefs.com/robot/)"
37.27.59.176 - - [29/Mar/2026:08:22:52 +0700] "GET /shop/page/3/?max_price=420&per_row=4&shop_view=grid HTTP/1.1" 200 41499 "-" "Mozilla/5.0 (compatible; SERankingBacklinksBot/1.0; +https://seranking.com/backlinks-crawler)"
37.27.59.176 - - [29/Mar/2026:08:22:57 +0700] "GET /shop/page/7/?max_price=630&shop_view=grid&per_row=2 HTTP/1.1" 200 41062 "-" "Mozilla/5.0 (compatible; SERankingBacklinksBot/1.0; +https://seranking.com/backlinks-crawler)"
37.27.59.176 - - [29/Mar/2026:08:23:03 +0700] "GET /shop/page/3/?max_price=420&per_row=6&shop_view=grid HTTP/1.1" 200 41509 "-" "Mozilla/5.0 (compatible; SERankingBacklinksBot/1.0; +https://seranking.com/backlinks-crawler)"
37.27.59.176 - - [29/Mar/2026:08:23:08 +0700] "GET /shop/page/7/?max_price=630&shop_view=grid&per_row=4 HTTP/1.1" 200 41034 "-" "Mozilla/5.0 (compatible; SERankingBacklinksBot/1.0; +https://seranking.com/backlinks-crawler)"
37.27.59.176 - - [29/Mar/2026:08:23:12 +0700] "GET /shop/page/3/?max_price=630&per_row=2&shop_view=grid HTTP/1.1" 200 41304 "-" "Mozilla/5.0 (compatible; SERankingBacklinksBot/1.0; +https://seranking.com/backlinks-crawler)"
198.244.242.171 - - [29/Mar/2026:08:23:16 +0700] "GET /shop/page/43/?orderby=rating&stock_status=onsale&per_page=8&shop_view=grid&per_row=4 HTTP/2" 200 33099 "-" "Mozilla/5.0 (compatible; AhrefsBot/7.0; +http://ahrefs.com/robot/)"
37.27.59.176 - - [29/Mar/2026:08:23:19 +0700] "GET /shop/page/7/?max_price=630&shop_view=grid&per_row=6 HTTP/1.1" 200 41240 "-" "Mozilla/5.0 (compatible; SERankingBacklinksBot/1.0; +https://seranking.com/backlinks-crawler)"
168.195.97.113 - - [29/Mar/2026:08:23:21 +0700] "GET /product/special-kuih-kapit-tin/ HTTP/1.1" 200 44156 "-" "Mozilla/5.0 (Windows NT 10.0; Win64; x64) AppleWebKit/537.36 (KHTML, like Gecko) Chrome/75.0.3770.90 Safari/537.36"
37.27.59.176 - - [29/Mar/2026:08:23:25 +0700] "GET /shop/page/3/?max_price=630&per_row=4&shop_view=grid HTTP/1.1" 200 41514 "-" "Mozilla/5.0 (compatible; SERankingBacklinksBot/1.0; +https://seranking.com/backlinks-crawler)"
37.27.59.176 - - [29/Mar/2026:08:23:29 +0700] "GET /shop/page/7/?max_price=840&shop_view=grid&per_row=2 HTTP/1.1" 200 41023 "-" "Mozilla/5.0 (compatible; SERankingBacklinksBot/1.0; +https://seranking.com/backlinks-crawler)"
103.131.51.123 - - [29/Mar/2026:08:23:36 +0700] "POST /wp-cron.php?doing_wp_cron=1774747416.7602989673614501953125 HTTP/1.1" 200 474 "-" "WordPress/6.9.4; https://lotushomemade.com"
37.27.59.176 - - [29/Mar/2026:08:23:35 +0700] "GET /shop/page/3/?max_price=630&per_row=6&shop_view=grid HTTP/1.1" 200 41526 "-" "Mozilla/5.0 (compatible; SERankingBacklinksBot/1.0; +https://seranking.com/backlinks-crawler)"
103.131.51.123 - - [29/Mar/2026:08:23:41 +0700] "POST /wp-cron.php?doing_wp_cron=1774747421.3686540126800537109375 HTTP/1.1" 200 474 "-" "WordPress/6.9.4; https://lotushomemade.com"
37.27.59.176 - - [29/Mar/2026:08:23:40 +0700] "GET /shop/page/7/?max_price=840&shop_view=grid&per_row=4 HTTP/1.1" 200 41094 "-" "Mozilla/5.0 (compatible; SERankingBacklinksBot/1.0; +https://seranking.com/backlinks-crawler)"
37.27.59.176 - - [29/Mar/2026:08:23:45 +0700] "GET /shop/page/3/?max_price=840&per_row=2&shop_view=grid HTTP/1.1" 200 41552 "-" "Mozilla/5.0 (compatible; SERankingBacklinksBot/1.0; +https://seranking.com/backlinks-crawler)"
37.27.59.176 - - [29/Mar/2026:08:23:50 +0700] "GET /shop/page/7/?max_price=840&shop_view=grid&per_row=6 HTTP/1.1" 200 41018 "-" "Mozilla/5.0 (compatible; SERankingBacklinksBot/1.0; +https://seranking.com/backlinks-crawler)"
37.27.59.176 - - [29/Mar/2026:08:23:55 +0700] "GET /shop/page/3/?max_price=840&per_row=4&shop_view=grid HTTP/1.1" 200 41331 "-" "Mozilla/5.0 (compatible; SERankingBacklinksBot/1.0; +https://seranking.com/backlinks-crawler)"
51.195.183.216 - - [29/Mar/2026:08:23:55 +0700] "GET /shop/page/43/?orderby=price-desc&stock_status=instock%2Consale&per_page=8 HTTP/2" 200 33368 "-" "Mozilla/5.0 (compatible; AhrefsBot/7.0; +http://ahrefs.com/robot/)"
37.27.59.176 - - [29/Mar/2026:08:24:00 +0700] "GET /shop/page/7/?max_price=845&shop_view=grid&per_row=2 HTTP/1.1" 200 41211 "-" "Mozilla/5.0 (compatible; SERankingBacklinksBot/1.0; +https://seranking.com/backlinks-crawler)"
37.27.59.176 - - [29/Mar/2026:08:24:04 +0700] "GET /shop/page/3/?max_price=840&per_row=6&shop_view=grid HTTP/1.1" 200 41314 "-" "Mozilla/5.0 (compatible; SERankingBacklinksBot/1.0; +https://seranking.com/backlinks-crawler)"
103.131.51.123 - - [29/Mar/2026:08:24:11 +0700] "POST /wp-cron.php?doing_wp_cron=1774747451.3946349620819091796875 HTTP/1.1" 200 474 "-" "WordPress/6.9.4; https://lotushomemade.com"
37.27.59.176 - - [29/Mar/2026:08:24:09 +0700] "GET /shop/page/7/?max_price=845&shop_view=grid&per_row=4 HTTP/1.1" 200 41014 "-" "Mozilla/5.0 (compatible; SERankingBacklinksBot/1.0; +https://seranking.com/backlinks-crawler)"
37.27.59.176 - - [29/Mar/2026:08:24:15 +0700] "GET /shop/page/3/?max_price=845&per_row=2&shop_view=grid HTTP/1.1" 200 41517 "-" "Mozilla/5.0 (compatible; SERankingBacklinksBot/1.0; +https://seranking.com/backlinks-crawler)"
37.27.59.176 - - [29/Mar/2026:08:24:20 +0700] "GET /shop/page/7/?max_price=845&shop_view=grid&per_row=6 HTTP/1.1" 200 41049 "-" "Mozilla/5.0 (compatible; SERankingBacklinksBot/1.0; +https://seranking.com/backlinks-crawler)"
54.38.147.201 - - [29/Mar/2026:08:24:24 +0700] "GET /shop/page/6/?orderby=price&stock_status=onsale&per_page=8&shop_view=grid&per_row=2 HTTP/2" 200 33445 "-" "Mozilla/5.0 (compatible; AhrefsBot/7.0; +http://ahrefs.com/robot/)"
37.27.59.176 - - [29/Mar/2026:08:24:25 +0700] "GET /shop/page/3/?max_price=845&per_row=4&shop_view=grid HTTP/1.1" 200 41521 "-" "Mozilla/5.0 (compatible; SERankingBacklinksBot/1.0; +https://seranking.com/backlinks-crawler)"
51.195.183.114 - - [29/Mar/2026:08:24:31 +0700] "GET /shop/page/12/?orderby=price-desc&stock_status=instock&per_row=2&per_page=24&shop_view=grid HTTP/2" 200 35521 "-" "Mozilla/5.0 (compatible; AhrefsBot/7.0; +http://ahrefs.com/robot/)"
37.27.59.176 - - [29/Mar/2026:08:24:31 +0700] "GET /shop/page/7/?orderby=price&per_row=2&shop_view=grid HTTP/1.1" 200 41148 "-" "Mozilla/5.0 (compatible; SERankingBacklinksBot/1.0; +https://seranking.com/backlinks-crawler)"
37.27.59.176 - - [29/Mar/2026:08:24:36 +0700] "GET /shop/page/3/?max_price=845&per_row=6&shop_view=grid HTTP/1.1" 200 41536 "-" "Mozilla/5.0 (compatible; SERankingBacklinksBot/1.0; +https://seranking.com/backlinks-crawler)"
103.131.51.123 - - [29/Mar/2026:08:24:43 +0700] "POST /wp-cron.php?doing_wp_cron=1774747483.5885519981384277343750 HTTP/1.1" 200 474 "-" "WordPress/6.9.4; https://lotushomemade.com"
37.27.59.176 - - [29/Mar/2026:08:24:42 +0700] "GET /shop/page/7/?orderby=price&per_row=4&shop_view=grid HTTP/1.1" 200 41138 "-" "Mozilla/5.0 (compatible; SERankingBacklinksBot/1.0; +https://seranking.com/backlinks-crawler)"
37.27.59.176 - - [29/Mar/2026:08:24:47 +0700] "GET /shop/page/4/?max_price=420&per_row=2&shop_view=grid HTTP/1.1" 200 41356 "-" "Mozilla/5.0 (compatible; SERankingBacklinksBot/1.0; +https://seranking.com/backlinks-crawler)"
37.27.59.176 - - [29/Mar/2026:08:24:52 +0700] "GET /shop/page/7/?orderby=price&per_row=6&shop_view=grid HTTP/1.1" 200 40953 "-" "Mozilla/5.0 (compatible; SERankingBacklinksBot/1.0; +https://seranking.com/backlinks-crawler)"
51.195.215.198 - - [29/Mar/2026:08:24:58 +0700] "GET /product-category/kuih-kapit-series/page/3/?stock_status=instock&per_page=12&shop_view=grid&per_row=2 HTTP/2" 200 33704 "-" "Mozilla/5.0 (compatible; AhrefsBot/7.0; +http://ahrefs.com/robot/)"
37.27.59.176 - - [29/Mar/2026:08:24:58 +0700] "GET /shop/page/4/?max_price=420&per_row=4&shop_view=grid HTTP/1.1" 200 41397 "-" "Mozilla/5.0 (compatible; SERankingBacklinksBot/1.0; +https://seranking.com/backlinks-crawler)"
37.27.59.176 - - [29/Mar/2026:08:25:05 +0700] "GET /shop/page/7/?per_page=8&stock_status=instock,onsale HTTP/1.1" 301 595 "-" "Mozilla/5.0 (compatible; SERankingBacklinksBot/1.0; +https://seranking.com/backlinks-crawler)"
37.27.59.176 - - [29/Mar/2026:08:25:05 +0700] "GET /shop/page/7/?per_page=8&stock_status=instock%2Consale HTTP/1.1" 200 40337 "-" "Mozilla/5.0 (compatible; SERankingBacklinksBot/1.0; +https://seranking.com/backlinks-crawler)"
37.27.59.176 - - [29/Mar/2026:08:25:10 +0700] "GET /shop/page/4/?max_price=420&per_row=6&shop_view=grid HTTP/1.1" 200 41285 "-" "Mozilla/5.0 (compatible; SERankingBacklinksBot/1.0; +https://seranking.com/backlinks-crawler)"
37.27.59.176 - - [29/Mar/2026:08:25:15 +0700] "GET /shop/page/8/?orderby=popularity&stock_status=onsale HTTP/1.1" 200 40616 "-" "Mozilla/5.0 (compatible; SERankingBacklinksBot/1.0; +https://seranking.com/backlinks-crawler)"
37.27.59.176 - - [29/Mar/2026:08:25:21 +0700] "GET /shop/page/4/?max_price=630&per_row=2&shop_view=grid HTTP/1.1" 200 41379 "-" "Mozilla/5.0 (compatible; SERankingBacklinksBot/1.0; +https://seranking.com/backlinks-crawler)"
37.27.59.176 - - [29/Mar/2026:08:25:25 +0700] "GET /shop/page/8/?orderby=price&shop_view=grid&per_row=2 HTTP/1.1" 200 40880 "-" "Mozilla/5.0 (compatible; SERankingBacklinksBot/1.0; +https://seranking.com/backlinks-crawler)"
37.27.59.176 - - [29/Mar/2026:08:25:31 +0700] "GET /shop/page/4/?max_price=630&per_row=4&shop_view=grid HTTP/1.1" 200 41423 "-" "Mozilla/5.0 (compatible; SERankingBacklinksBot/1.0; +https://seranking.com/backlinks-crawler)"
37.27.59.176 - - [29/Mar/2026:08:25:36 +0700] "GET /shop/page/8/?orderby=price&shop_view=grid&per_row=4 HTTP/1.1" 200 40879 "-" "Mozilla/5.0 (compatible; SERankingBacklinksBot/1.0; +https://seranking.com/backlinks-crawler)"
103.131.51.123 - - [29/Mar/2026:08:25:42 +0700] "POST /wp-cron.php?doing_wp_cron=1774747542.7916150093078613281250 HTTP/1.1" 200 474 "-" "WordPress/6.9.4; https://lotushomemade.com"
37.27.59.176 - - [29/Mar/2026:08:25:41 +0700] "GET /shop/page/4/?max_price=630&per_row=6&shop_view=grid HTTP/1.1" 200 41211 "-" "Mozilla/5.0 (compatible; SERankingBacklinksBot/1.0; +https://seranking.com/backlinks-crawler)"
198.244.242.46 - - [29/Mar/2026:08:25:44 +0700] "GET /shop/page/28/?orderby=price&stock_status=instock&per_row=2&shop_view=grid&per_page=12 HTTP/2" 200 33916 "-" "Mozilla/5.0 (compatible; AhrefsBot/7.0; +http://ahrefs.com/robot/)"
37.27.59.176 - - [29/Mar/2026:08:25:46 +0700] "GET /shop/page/8/?orderby=price&shop_view=grid&per_row=6 HTTP/1.1" 200 41073 "-" "Mozilla/5.0 (compatible; SERankingBacklinksBot/1.0; +https://seranking.com/backlinks-crawler)"
37.27.59.176 - - [29/Mar/2026:08:25:51 +0700] "GET /shop/page/4/?max_price=840&per_row=2&shop_view=grid HTTP/1.1" 200 41199 "-" "Mozilla/5.0 (compatible; SERankingBacklinksBot/1.0; +https://seranking.com/backlinks-crawler)"
37.27.59.176 - - [29/Mar/2026:08:25:56 +0700] "GET /shop/page/8/?orderby=price-desc&stock_status=onsale HTTP/1.1" 200 41146 "-" "Mozilla/5.0 (compatible; SERankingBacklinksBot/1.0; +https://seranking.com/backlinks-crawler)"
37.27.59.176 - - [29/Mar/2026:08:26:01 +0700] "GET /shop/page/4/?max_price=840&per_row=4&shop_view=grid HTTP/1.1" 200 41217 "-" "Mozilla/5.0 (compatible; SERankingBacklinksBot/1.0; +https://seranking.com/backlinks-crawler)"
37.27.59.176 - - [29/Mar/2026:08:26:06 +0700] "GET /shop/page/9/?orderby=popularity&stock_status=onsale HTTP/1.1" 200 40585 "-" "Mozilla/5.0 (compatible; SERankingBacklinksBot/1.0; +https://seranking.com/backlinks-crawler)"
37.27.59.176 - - [29/Mar/2026:08:26:11 +0700] "GET /shop/page/4/?max_price=840&per_row=6&shop_view=grid HTTP/1.1" 200 41387 "-" "Mozilla/5.0 (compatible; SERankingBacklinksBot/1.0; +https://seranking.com/backlinks-crawler)"
37.27.59.176 - - [29/Mar/2026:08:26:16 +0700] "GET /shop/page/9/?orderby=price&shop_view=grid&per_row=2 HTTP/1.1" 200 40892 "-" "Mozilla/5.0 (compatible; SERankingBacklinksBot/1.0; +https://seranking.com/backlinks-crawler)"
37.27.59.176 - - [29/Mar/2026:08:26:21 +0700] "GET /shop/page/9/?orderby=price&shop_view=grid&per_row=4 HTTP/1.1" 200 40912 "-" "Mozilla/5.0 (compatible; SERankingBacklinksBot/1.0; +https://seranking.com/backlinks-crawler)"
37.27.59.176 - - [29/Mar/2026:08:26:26 +0700] "GET /shop/page/9/?orderby=price&shop_view=grid&per_row=6 HTTP/1.1" 200 41089 "-" "Mozilla/5.0 (compatible; SERankingBacklinksBot/1.0; +https://seranking.com/backlinks-crawler)"
51.195.215.96 - - [29/Mar/2026:08:26:31 +0700] "GET /shop/page/5/?orderby=price&stock_status=instock%2Consale&per_row=6&shop_view=grid&per_page=12 HTTP/2" 200 34095 "-" "Mozilla/5.0 (compatible; AhrefsBot/7.0; +http://ahrefs.com/robot/)"
37.27.59.176 - - [29/Mar/2026:08:26:31 +0700] "GET /shop/page/9/?orderby=price-desc&stock_status=onsale HTTP/1.1" 200 40852 "-" "Mozilla/5.0 (compatible; SERankingBacklinksBot/1.0; +https://seranking.com/backlinks-crawler)"
37.27.59.176 - - [29/Mar/2026:08:26:37 +0700] "GET /shop/page/1/?orderby=rating&per_row=2&shop_view=grid HTTP/1.1" 301 630 "-" "Mozilla/5.0 (compatible; SERankingBacklinksBot/1.0; +https://seranking.com/backlinks-crawler)"
103.131.51.123 - - [29/Mar/2026:08:26:39 +0700] "POST /wp-cron.php?doing_wp_cron=1774747598.9794020652770996093750 HTTP/1.1" 200 474 "-" "WordPress/6.9.4; https://lotushomemade.com"
37.27.59.176 - - [29/Mar/2026:08:26:37 +0700] "GET /shop/?orderby=rating&per_row=2&shop_view=grid HTTP/1.1" 200 41840 "-" "Mozilla/5.0 (compatible; SERankingBacklinksBot/1.0; +https://seranking.com/backlinks-crawler)"
37.27.59.176 - - [29/Mar/2026:08:26:42 +0700] "GET /shop/page/12/?stock_status=instock,onsale&per_page=8 HTTP/1.1" 301 418 "-" "Mozilla/5.0 (compatible; SERankingBacklinksBot/1.0; +https://seranking.com/backlinks-crawler)"
37.27.59.176 - - [29/Mar/2026:08:26:43 +0700] "GET /shop/page/12/?stock_status=instock%2Consale&per_page=8 HTTP/1.1" 200 40350 "-" "Mozilla/5.0 (compatible; SERankingBacklinksBot/1.0; +https://seranking.com/backlinks-crawler)"
37.27.59.176 - - [29/Mar/2026:08:26:48 +0700] "GET /shop/page/42/?per_page=8&stock_status=instock,onsale HTTP/1.1" 301 596 "-" "Mozilla/5.0 (compatible; SERankingBacklinksBot/1.0; +https://seranking.com/backlinks-crawler)"
37.27.59.176 - - [29/Mar/2026:08:26:49 +0700] "GET /shop/page/42/?per_page=8&stock_status=instock%2Consale HTTP/1.1" 200 40326 "-" "Mozilla/5.0 (compatible; SERankingBacklinksBot/1.0; +https://seranking.com/backlinks-crawler)"
37.27.59.176 - - [29/Mar/2026:08:26:54 +0700] "GET /shop/page/1/?orderby=rating&per_row=4&shop_view=grid HTTP/1.1" 301 630 "-" "Mozilla/5.0 (compatible; SERankingBacklinksBot/1.0; +https://seranking.com/backlinks-crawler)"
37.27.59.176 - - [29/Mar/2026:08:26:55 +0700] "GET /shop/?orderby=rating&per_row=4&shop_view=grid HTTP/1.1" 200 41849 "-" "Mozilla/5.0 (compatible; SERankingBacklinksBot/1.0; +https://seranking.com/backlinks-crawler)"
37.27.59.176 - - [29/Mar/2026:08:26:59 +0700] "GET /shop/page/13/?stock_status=instock,onsale&per_page=8 HTTP/1.1" 301 418 "-" "Mozilla/5.0 (compatible; SERankingBacklinksBot/1.0; +https://seranking.com/backlinks-crawler)"
216.244.66.239 - - [29/Mar/2026:08:26:58 +0700] "GET /product-category/100-pure-vegan/page/3/?stock_status=instock&shop_view=grid&per_row=6 HTTP/1.1" 200 229030 "-" "Mozilla/5.0 (compatible; DotBot/1.2; +https://opensiteexplorer.org/dotbot; help@moz.com)"
37.27.59.176 - - [29/Mar/2026:08:27:00 +0700] "GET /shop/page/13/?stock_status=instock%2Consale&per_page=8 HTTP/1.1" 200 40323 "-" "Mozilla/5.0 (compatible; SERankingBacklinksBot/1.0; +https://seranking.com/backlinks-crawler)"
198.244.242.68 - - [29/Mar/2026:08:27:03 +0700] "GET /shop/page/7/?orderby=rating&shop_view=grid&per_row=4 HTTP/2" 200 33793 "-" "Mozilla/5.0 (compatible; AhrefsBot/7.0; +http://ahrefs.com/robot/)"
37.27.59.176 - - [29/Mar/2026:08:27:07 +0700] "GET /shop/page/43/?per_page=8&stock_status=instock,onsale HTTP/1.1" 301 596 "-" "Mozilla/5.0 (compatible; SERankingBacklinksBot/1.0; +https://seranking.com/backlinks-crawler)"
37.27.59.176 - - [29/Mar/2026:08:27:08 +0700] "GET /shop/page/43/?per_page=8&stock_status=instock%2Consale HTTP/1.1" 200 40146 "-" "Mozilla/5.0 (compatible; SERankingBacklinksBot/1.0; +https://seranking.com/backlinks-crawler)"
37.27.59.176 - - [29/Mar/2026:08:27:13 +0700] "GET /shop/page/1/?orderby=rating&per_row=6&shop_view=grid HTTP/1.1" 301 630 "-" "Mozilla/5.0 (compatible; SERankingBacklinksBot/1.0; +https://seranking.com/backlinks-crawler)"
37.27.59.176 - - [29/Mar/2026:08:27:14 +0700] "GET /shop/?orderby=rating&per_row=6&shop_view=grid HTTP/1.1" 200 41873 "-" "Mozilla/5.0 (compatible; SERankingBacklinksBot/1.0; +https://seranking.com/backlinks-crawler)"
37.27.59.176 - - [29/Mar/2026:08:27:19 +0700] "GET /shop/page/24/?orderby=popularity&stock_status=onsale HTTP/1.1" 200 40340 "-" "Mozilla/5.0 (compatible; SERankingBacklinksBot/1.0; +https://seranking.com/backlinks-crawler)"
37.27.59.176 - - [29/Mar/2026:08:27:24 +0700] "GET /shop/page/44/?per_page=8&stock_status=instock,onsale HTTP/1.1" 301 418 "-" "Mozilla/5.0 (compatible; SERankingBacklinksBot/1.0; +https://seranking.com/backlinks-crawler)"
37.27.59.176 - - [29/Mar/2026:08:27:24 +0700] "GET /shop/page/44/?per_page=8&stock_status=instock%2Consale HTTP/1.1" 200 40189 "-" "Mozilla/5.0 (compatible; SERankingBacklinksBot/1.0; +https://seranking.com/backlinks-crawler)"
37.27.59.176 - - [29/Mar/2026:08:27:30 +0700] "GET /shop/page/1/?per_page=12&stock_status=instock,onsale HTTP/1.1" 301 590 "-" "Mozilla/5.0 (compatible; SERankingBacklinksBot/1.0; +https://seranking.com/backlinks-crawler)"
37.27.59.176 - - [29/Mar/2026:08:27:31 +0700] "GET /shop/?per_page=12&stock_status=instock%2Consale HTTP/1.1" 200 41470 "-" "Mozilla/5.0 (compatible; SERankingBacklinksBot/1.0; +https://seranking.com/backlinks-crawler)"
54.38.147.68 - - [29/Mar/2026:08:27:34 +0700] "GET /product-category/new-item/?stock_status=onsale&per_row=6&per_page=12&shop_view=grid HTTP/2" 200 34322 "-" "Mozilla/5.0 (compatible; AhrefsBot/7.0; +http://ahrefs.com/robot/)"
37.27.59.176 - - [29/Mar/2026:08:27:36 +0700] "GET /shop/page/24/?orderby=price&shop_view=grid&per_row=2 HTTP/1.1" 200 41215 "-" "Mozilla/5.0 (compatible; SERankingBacklinksBot/1.0; +https://seranking.com/backlinks-crawler)"
103.131.51.123 - - [29/Mar/2026:08:27:42 +0700] "POST /wp-cron.php?doing_wp_cron=1774747662.4105520248413085937500 HTTP/1.1" 200 474 "-" "WordPress/6.9.4; https://lotushomemade.com"
37.27.59.176 - - [29/Mar/2026:08:27:41 +0700] "GET /shop/page/5/?orderby=rating&per_row=2&shop_view=grid HTTP/1.1" 200 41011 "-" "Mozilla/5.0 (compatible; SERankingBacklinksBot/1.0; +https://seranking.com/backlinks-crawler)"
37.27.59.176 - - [29/Mar/2026:08:27:46 +0700] "GET /shop/page/1/?per_page=18&stock_status=instock,onsale HTTP/1.1" 301 412 "-" "Mozilla/5.0 (compatible; SERankingBacklinksBot/1.0; +https://seranking.com/backlinks-crawler)"
