67.144.16.170 - - [29/Mar/2026:10:15:46 +0700] "GET /product/almond-crisps_8080-s/ HTTP/1.1" 200 35729 "-" "Mozilla/5.0 (compatible; MJ12bot/v1.4.8; http://mj12bot.com/)"
37.27.59.176 - - [29/Mar/2026:10:15:48 +0700] "GET /shop/page/24/?orderby=price-desc&shop_view=grid&per_row=6 HTTP/1.1" 200 41257 "-" "Mozilla/5.0 (compatible; SERankingBacklinksBot/1.0; +https://seranking.com/backlinks-crawler)"
67.144.16.170 - - [29/Mar/2026:10:15:49 +0700] "GET /product/black-sesame-ball-cookies-sg-2/ HTTP/1.1" 200 35650 "-" "Mozilla/5.0 (compatible; MJ12bot/v1.4.8; http://mj12bot.com/)"
37.27.59.176 - - [29/Mar/2026:10:15:53 +0700] "GET /shop/page/1/?orderby=date&per_page=12&stock_status=onsale HTTP/1.1" 301 415 "-" "Mozilla/5.0 (compatible; SERankingBacklinksBot/1.0; +https://seranking.com/backlinks-crawler)"
37.27.59.176 - - [29/Mar/2026:10:15:54 +0700] "GET /shop/?orderby=date&per_page=12&stock_status=onsale HTTP/1.1" 200 41498 "-" "Mozilla/5.0 (compatible; SERankingBacklinksBot/1.0; +https://seranking.com/backlinks-crawler)"
67.144.16.170 - - [29/Mar/2026:10:15:55 +0700] "GET /product/coffee-german-butter-cookies-sg/ HTTP/1.1" 200 35658 "-" "Mozilla/5.0 (compatible; MJ12bot/v1.4.8; http://mj12bot.com/)"
67.144.16.170 - - [29/Mar/2026:10:15:58 +0700] "GET /product/coriander-peanut-rice-xl/feed/ HTTP/1.1" 200 1122 "-" "Mozilla/5.0 (compatible; MJ12bot/v1.4.8; http://mj12bot.com/)"
37.27.59.176 - - [29/Mar/2026:10:15:59 +0700] "GET /shop/page/5/?max_price=630&per_page=8&stock_status=onsale HTTP/1.1" 200 40789 "-" "Mozilla/5.0 (compatible; SERankingBacklinksBot/1.0; +https://seranking.com/backlinks-crawler)"
67.144.16.170 - - [29/Mar/2026:10:16:00 +0700] "GET /product/green-peas-cookies_8080-s/feed/ HTTP/1.1" 200 1125 "-" "Mozilla/5.0 (compatible; MJ12bot/v1.4.8; http://mj12bot.com/)"
67.144.16.170 - - [29/Mar/2026:10:16:02 +0700] "GET /product/green-tea-german-butter-cookies-sg/feed/ HTTP/1.1" 200 1135 "-" "Mozilla/5.0 (compatible; MJ12bot/v1.4.8; http://mj12bot.com/)"
5.39.1.242 - - [29/Mar/2026:10:16:02 +0700] "GET /shop/page/7/?per_page=8&stock_status=instock HTTP/2" 200 33434 "-" "Mozilla/5.0 (compatible; AhrefsBot/7.0; +http://ahrefs.com/robot/)"
37.27.59.176 - - [29/Mar/2026:10:16:04 +0700] "GET /shop/page/25/?orderby=popularity&shop_view=grid&per_row=2 HTTP/1.1" 200 40454 "-" "Mozilla/5.0 (compatible; SERankingBacklinksBot/1.0; +https://seranking.com/backlinks-crawler)"
67.144.16.170 - - [29/Mar/2026:10:16:04 +0700] "GET /product/homemade-pineapple-ball_8080-s/ HTTP/1.1" 200 35700 "-" "Mozilla/5.0 (compatible; MJ12bot/v1.4.8; http://mj12bot.com/)"
37.27.59.176 - - [29/Mar/2026:10:16:08 +0700] "GET /shop/page/1/?orderby=date&per_page=18&stock_status=onsale HTTP/1.1" 301 415 "-" "Mozilla/5.0 (compatible; SERankingBacklinksBot/1.0; +https://seranking.com/backlinks-crawler)"
67.144.16.170 - - [29/Mar/2026:10:16:08 +0700] "GET /product/homemade-pineapple-tarts_8080-s/ HTTP/1.1" 200 35649 "-" "Mozilla/5.0 (compatible; MJ12bot/v1.4.8; http://mj12bot.com/)"
37.27.59.176 - - [29/Mar/2026:10:16:09 +0700] "GET /shop/?orderby=date&per_page=18&stock_status=onsale HTTP/1.1" 200 42363 "-" "Mozilla/5.0 (compatible; SERankingBacklinksBot/1.0; +https://seranking.com/backlinks-crawler)"
67.144.16.170 - - [29/Mar/2026:10:16:11 +0700] "GET /product/hong-kong-peanut-cookies-s/ HTTP/1.1" 200 35723 "-" "Mozilla/5.0 (compatible; MJ12bot/v1.4.8; http://mj12bot.com/)"
67.144.16.170 - - [29/Mar/2026:10:16:15 +0700] "GET /product/matcha-pineapple-ball_8080-s/feed/ HTTP/1.1" 200 1308 "-" "Mozilla/5.0 (compatible; MJ12bot/v1.4.8; http://mj12bot.com/)"
37.27.59.176 - - [29/Mar/2026:10:16:15 +0700] "GET /shop/page/5/?max_price=630&stock_status=onsale&per_page=8 HTTP/1.1" 200 40859 "-" "Mozilla/5.0 (compatible; SERankingBacklinksBot/1.0; +https://seranking.com/backlinks-crawler)"
67.144.16.170 - - [29/Mar/2026:10:16:18 +0700] "GET /product/oatmeal-cookies_8080-s/ HTTP/1.1" 200 35657 "-" "Mozilla/5.0 (compatible; MJ12bot/v1.4.8; http://mj12bot.com/)"
217.76.158.60 - - [29/Mar/2026:10:16:20 +0700] "GET /wp-login.php HTTP/2" 200 1889 "-" "Mozilla/5.0 (Windows NT 6.1; WOW64; Trident/7.0; MALCJS; rv:11.0) like Gecko"
217.76.158.60 - - [29/Mar/2026:10:16:20 +0700] "POST /wp-login.php HTTP/2" 200 2027 "https://lotushomemade.com/wp-login.php" "Mozilla/5.0 (Windows NT 6.1; WOW64; Trident/7.0; MALCJS; rv:11.0) like Gecko"
37.27.59.176 - - [29/Mar/2026:10:16:19 +0700] "GET /shop/page/25/?orderby=popularity&shop_view=grid&per_row=4 HTTP/1.1" 200 40488 "-" "Mozilla/5.0 (compatible; SERankingBacklinksBot/1.0; +https://seranking.com/backlinks-crawler)"
67.144.16.170 - - [29/Mar/2026:10:16:21 +0700] "GET /product/pineapple-tart_8080-s/feed/ HTTP/1.1" 200 1118 "-" "Mozilla/5.0 (compatible; MJ12bot/v1.4.8; http://mj12bot.com/)"
37.27.59.176 - - [29/Mar/2026:10:16:25 +0700] "GET /shop/page/1/?orderby=date&per_page=24&stock_status=onsale HTTP/1.1" 301 593 "-" "Mozilla/5.0 (compatible; SERankingBacklinksBot/1.0; +https://seranking.com/backlinks-crawler)"
37.27.59.176 - - [29/Mar/2026:10:16:25 +0700] "GET /shop/?orderby=date&per_page=24&stock_status=onsale HTTP/1.1" 200 42887 "-" "Mozilla/5.0 (compatible; SERankingBacklinksBot/1.0; +https://seranking.com/backlinks-crawler)"
37.27.59.176 - - [29/Mar/2026:10:16:30 +0700] "GET /shop/page/5/?max_price=840&per_page=8&stock_status=onsale HTTP/1.1" 200 40611 "-" "Mozilla/5.0 (compatible; SERankingBacklinksBot/1.0; +https://seranking.com/backlinks-crawler)"
37.27.59.176 - - [29/Mar/2026:10:16:35 +0700] "GET /shop/page/25/?orderby=popularity&shop_view=grid&per_row=6 HTTP/1.1" 200 40696 "-" "Mozilla/5.0 (compatible; SERankingBacklinksBot/1.0; +https://seranking.com/backlinks-crawler)"
103.131.51.123 - - [29/Mar/2026:10:16:40 +0700] "POST /wp-cron.php?doing_wp_cron=1774754200.2535839080810546875000 HTTP/1.1" 200 474 "-" "WordPress/6.9.4; https://lotushomemade.com"
5.39.1.225 - - [29/Mar/2026:10:16:38 +0700] "GET /shop/page/28/?orderby=price-desc&stock_status=instock&per_row=6&shop_view=grid&per_page=12 HTTP/2" 200 33848 "-" "Mozilla/5.0 (compatible; AhrefsBot/7.0; +http://ahrefs.com/robot/)"
37.27.59.176 - - [29/Mar/2026:10:16:40 +0700] "GET /shop/page/1/?orderby=date&per_page=8&stock_status=instock HTTP/1.1" 301 592 "-" "Mozilla/5.0 (compatible; SERankingBacklinksBot/1.0; +https://seranking.com/backlinks-crawler)"
37.27.59.176 - - [29/Mar/2026:10:16:41 +0700] "GET /shop/?orderby=date&per_page=8&stock_status=instock HTTP/1.1" 200 40963 "-" "Mozilla/5.0 (compatible; SERankingBacklinksBot/1.0; +https://seranking.com/backlinks-crawler)"
37.59.204.158 - - [29/Mar/2026:10:16:46 +0700] "GET /shop/?per_row=6&per_page=24&shop_view=grid&filter_brand=blessing-food HTTP/2" 200 33209 "-" "Mozilla/5.0 (compatible; AhrefsBot/7.0; +http://ahrefs.com/robot/)"
37.27.59.176 - - [29/Mar/2026:10:16:46 +0700] "GET /shop/page/5/?max_price=840&stock_status=onsale&per_page=8 HTTP/1.1" 200 40784 "-" "Mozilla/5.0 (compatible; SERankingBacklinksBot/1.0; +https://seranking.com/backlinks-crawler)"
37.27.59.176 - - [29/Mar/2026:10:16:51 +0700] "GET /shop/page/25/?orderby=price-desc&shop_view=grid&per_row=2 HTTP/1.1" 200 40956 "-" "Mozilla/5.0 (compatible; SERankingBacklinksBot/1.0; +https://seranking.com/backlinks-crawler)"
37.27.59.176 - - [29/Mar/2026:10:16:56 +0700] "GET /shop/page/1/?orderby=date&stock_status=instock&per_page=8 HTTP/1.1" 301 592 "-" "Mozilla/5.0 (compatible; SERankingBacklinksBot/1.0; +https://seranking.com/backlinks-crawler)"
37.27.59.176 - - [29/Mar/2026:10:16:57 +0700] "GET /shop/?orderby=date&stock_status=instock&per_page=8 HTTP/1.1" 200 41043 "-" "Mozilla/5.0 (compatible; SERankingBacklinksBot/1.0; +https://seranking.com/backlinks-crawler)"
37.27.59.176 - - [29/Mar/2026:10:17:02 +0700] "GET /shop/page/5/?max_price=845&per_page=8&stock_status=onsale HTTP/1.1" 200 40617 "-" "Mozilla/5.0 (compatible; SERankingBacklinksBot/1.0; +https://seranking.com/backlinks-crawler)"
37.27.59.176 - - [29/Mar/2026:10:17:07 +0700] "GET /shop/page/25/?orderby=price-desc&shop_view=grid&per_row=4 HTTP/1.1" 200 41116 "-" "Mozilla/5.0 (compatible; SERankingBacklinksBot/1.0; +https://seranking.com/backlinks-crawler)"
37.27.59.176 - - [29/Mar/2026:10:17:12 +0700] "GET /shop/page/1/?orderby=date&stock_status=onsale&per_page=12 HTTP/1.1" 301 415 "-" "Mozilla/5.0 (compatible; SERankingBacklinksBot/1.0; +https://seranking.com/backlinks-crawler)"
37.27.59.176 - - [29/Mar/2026:10:17:12 +0700] "GET /shop/?orderby=date&stock_status=onsale&per_page=12 HTTP/1.1" 200 41560 "-" "Mozilla/5.0 (compatible; SERankingBacklinksBot/1.0; +https://seranking.com/backlinks-crawler)"
54.37.118.90 - - [29/Mar/2026:10:17:16 +0700] "GET /shop/page/43/?orderby=price-desc&stock_status=onsale&per_row=2&shop_view=grid&per_page=8 HTTP/2" 200 33350 "-" "Mozilla/5.0 (compatible; AhrefsBot/7.0; +http://ahrefs.com/robot/)"
37.27.59.176 - - [29/Mar/2026:10:17:19 +0700] "GET /shop/page/5/?max_price=845&stock_status=onsale&per_page=8 HTTP/1.1" 200 40749 "-" "Mozilla/5.0 (compatible; SERankingBacklinksBot/1.0; +https://seranking.com/backlinks-crawler)"
37.27.59.176 - - [29/Mar/2026:10:17:24 +0700] "GET /shop/page/25/?orderby=price-desc&shop_view=grid&per_row=6 HTTP/1.1" 200 41000 "-" "Mozilla/5.0 (compatible; SERankingBacklinksBot/1.0; +https://seranking.com/backlinks-crawler)"
37.27.59.176 - - [29/Mar/2026:10:17:29 +0700] "GET /shop/page/1/?orderby=date&stock_status=onsale&per_page=18 HTTP/1.1" 301 593 "-" "Mozilla/5.0 (compatible; SERankingBacklinksBot/1.0; +https://seranking.com/backlinks-crawler)"
37.27.59.176 - - [29/Mar/2026:10:17:30 +0700] "GET /shop/?orderby=date&stock_status=onsale&per_page=18 HTTP/1.1" 200 42355 "-" "Mozilla/5.0 (compatible; SERankingBacklinksBot/1.0; +https://seranking.com/backlinks-crawler)"
37.27.59.176 - - [29/Mar/2026:10:17:34 +0700] "GET /shop/page/5/?min_price=0&per_page=12&stock_status=instock HTTP/1.1" 200 40916 "-" "Mozilla/5.0 (compatible; SERankingBacklinksBot/1.0; +https://seranking.com/backlinks-crawler)"
103.131.51.123 - - [29/Mar/2026:10:17:41 +0700] "POST /wp-cron.php?doing_wp_cron=1774754261.5406799316406250000000 HTTP/1.1" 200 474 "-" "WordPress/6.9.4; https://lotushomemade.com"
37.27.59.176 - - [29/Mar/2026:10:17:40 +0700] "GET /shop/page/26/?orderby=popularity&shop_view=grid&per_row=2 HTTP/1.1" 200 40620 "-" "Mozilla/5.0 (compatible; SERankingBacklinksBot/1.0; +https://seranking.com/backlinks-crawler)"
43.130.34.74 - - [29/Mar/2026:10:17:42 +0700] "GET /wp-json/wp/v2/pages/18383 HTTP/1.1" 200 59962 "-" "Mozilla/5.0 (iPhone; CPU iPhone OS 13_2_3 like Mac OS X) AppleWebKit/605.1.15 (KHTML, like Gecko) Version/13.0.3 Mobile/15E148 Safari/604.1"
23.98.142.189 - - [29/Mar/2026:10:17:42 +0700] "GET    /product-category/cake-series/ HTTP/2" 200 33534 "-" "Mozilla/5.0 AppleWebKit/537.36 (KHTML, like Gecko); compatible; ChatGPT-User/1.0; +https://openai.com/bot"
37.27.59.176 - - [29/Mar/2026:10:17:44 +0700] "GET /shop/page/1/?orderby=date&stock_status=onsale&per_page=24 HTTP/1.1" 301 415 "-" "Mozilla/5.0 (compatible; SERankingBacklinksBot/1.0; +https://seranking.com/backlinks-crawler)"
37.27.59.176 - - [29/Mar/2026:10:17:45 +0700] "GET /shop/?orderby=date&stock_status=onsale&per_page=24 HTTP/1.1" 200 42869 "-" "Mozilla/5.0 (compatible; SERankingBacklinksBot/1.0; +https://seranking.com/backlinks-crawler)"
37.27.59.176 - - [29/Mar/2026:10:17:50 +0700] "GET /shop/page/5/?min_price=0&per_page=18&stock_status=instock HTTP/1.1" 200 41880 "-" "Mozilla/5.0 (compatible; SERankingBacklinksBot/1.0; +https://seranking.com/backlinks-crawler)"
51.68.247.222 - - [29/Mar/2026:10:17:54 +0700] "GET /shop/page/28/?orderby=rating&stock_status=instock&per_row=2&shop_view=grid&per_page=12 HTTP/2" 200 33683 "-" "Mozilla/5.0 (compatible; AhrefsBot/7.0; +http://ahrefs.com/robot/)"
37.27.59.176 - - [29/Mar/2026:10:17:56 +0700] "GET /shop/page/26/?orderby=popularity&shop_view=grid&per_row=4 HTTP/1.1" 200 40447 "-" "Mozilla/5.0 (compatible; SERankingBacklinksBot/1.0; +https://seranking.com/backlinks-crawler)"
37.27.59.176 - - [29/Mar/2026:10:18:01 +0700] "GET /shop/page/1/?orderby=price&per_page=8&stock_status=onsale HTTP/1.1" 301 592 "-" "Mozilla/5.0 (compatible; SERankingBacklinksBot/1.0; +https://seranking.com/backlinks-crawler)"
37.27.59.176 - - [29/Mar/2026:10:18:02 +0700] "GET /shop/?orderby=price&per_page=8&stock_status=onsale HTTP/1.1" 200 40718 "-" "Mozilla/5.0 (compatible; SERankingBacklinksBot/1.0; +https://seranking.com/backlinks-crawler)"
37.27.59.176 - - [29/Mar/2026:10:18:06 +0700] "GET /shop/page/5/?min_price=0&per_page=24&stock_status=instock HTTP/1.1" 200 42174 "-" "Mozilla/5.0 (compatible; SERankingBacklinksBot/1.0; +https://seranking.com/backlinks-crawler)"
37.27.59.176 - - [29/Mar/2026:10:18:12 +0700] "GET /shop/page/26/?orderby=popularity&shop_view=grid&per_row=6 HTTP/1.1" 200 40667 "-" "Mozilla/5.0 (compatible; SERankingBacklinksBot/1.0; +https://seranking.com/backlinks-crawler)"
37.27.59.176 - - [29/Mar/2026:10:18:17 +0700] "GET /shop/page/1/?orderby=price&stock_status=onsale&per_page=8 HTTP/1.1" 301 414 "-" "Mozilla/5.0 (compatible; SERankingBacklinksBot/1.0; +https://seranking.com/backlinks-crawler)"
37.27.59.176 - - [29/Mar/2026:10:18:18 +0700] "GET /shop/?orderby=price&stock_status=onsale&per_page=8 HTTP/1.1" 200 40761 "-" "Mozilla/5.0 (compatible; SERankingBacklinksBot/1.0; +https://seranking.com/backlinks-crawler)"
37.27.59.176 - - [29/Mar/2026:10:18:23 +0700] "GET /shop/page/5/?min_price=0&stock_status=instock&per_page=12 HTTP/1.1" 200 41091 "-" "Mozilla/5.0 (compatible; SERankingBacklinksBot/1.0; +https://seranking.com/backlinks-crawler)"
37.27.59.176 - - [29/Mar/2026:10:18:28 +0700] "GET /shop/page/26/?orderby=price-desc&shop_view=grid&per_row=2 HTTP/1.1" 200 40909 "-" "Mozilla/5.0 (compatible; SERankingBacklinksBot/1.0; +https://seranking.com/backlinks-crawler)"
37.27.59.176 - - [29/Mar/2026:10:18:33 +0700] "GET /shop/page/1/?stock_status=onsale&per_row=2&shop_view=grid HTTP/1.1" 301 635 "-" "Mozilla/5.0 (compatible; SERankingBacklinksBot/1.0; +https://seranking.com/backlinks-crawler)"
37.27.59.176 - - [29/Mar/2026:10:18:33 +0700] "GET /shop/?stock_status=onsale&per_row=2&shop_view=grid HTTP/1.1" 200 41504 "-" "Mozilla/5.0 (compatible; SERankingBacklinksBot/1.0; +https://seranking.com/backlinks-crawler)"
103.131.51.123 - - [29/Mar/2026:10:18:38 +0700] "POST /wp-cron.php?doing_wp_cron=1774754318.8170709609985351562500 HTTP/1.1" 200 474 "-" "WordPress/6.9.4; https://lotushomemade.com"
51.75.236.134 - - [29/Mar/2026:10:18:37 +0700] "GET /shop/page/27/?min_price=0 HTTP/2" 200 33571 "-" "Mozilla/5.0 (compatible; AhrefsBot/7.0; +http://ahrefs.com/robot/)"
103.131.51.123 - - [29/Mar/2026:10:18:40 +0700] "POST /wp-cron.php?doing_wp_cron=1774754320.0955469608306884765625 HTTP/1.1" 200 474 "-" "WordPress/6.9.4; https://lotushomemade.com"
37.27.59.176 - - [29/Mar/2026:10:18:38 +0700] "GET /shop/page/5/?min_price=0&stock_status=instock&per_page=18 HTTP/1.1" 200 41717 "-" "Mozilla/5.0 (compatible; SERankingBacklinksBot/1.0; +https://seranking.com/backlinks-crawler)"
37.27.59.176 - - [29/Mar/2026:10:18:44 +0700] "GET /shop/page/26/?orderby=price-desc&shop_view=grid&per_row=4 HTTP/1.1" 200 41039 "-" "Mozilla/5.0 (compatible; SERankingBacklinksBot/1.0; +https://seranking.com/backlinks-crawler)"
37.27.59.176 - - [29/Mar/2026:10:18:49 +0700] "GET /shop/page/1/?stock_status=onsale&per_row=4&shop_view=grid HTTP/1.1" 301 457 "-" "Mozilla/5.0 (compatible; SERankingBacklinksBot/1.0; +https://seranking.com/backlinks-crawler)"
37.27.59.176 - - [29/Mar/2026:10:18:49 +0700] "GET /shop/?stock_status=onsale&per_row=4&shop_view=grid HTTP/1.1" 200 41512 "-" "Mozilla/5.0 (compatible; SERankingBacklinksBot/1.0; +https://seranking.com/backlinks-crawler)"
37.27.59.176 - - [29/Mar/2026:10:18:54 +0700] "GET /shop/page/5/?min_price=0&stock_status=instock&per_page=24 HTTP/1.1" 200 42267 "-" "Mozilla/5.0 (compatible; SERankingBacklinksBot/1.0; +https://seranking.com/backlinks-crawler)"
94.23.188.207 - - [29/Mar/2026:10:18:59 +0700] "GET /shop/page/12/?orderby=price-desc&stock_status=instock&per_row=4&per_page=24&shop_view=grid HTTP/2" 200 35586 "-" "Mozilla/5.0 (compatible; AhrefsBot/7.0; +http://ahrefs.com/robot/)"
37.27.59.176 - - [29/Mar/2026:10:18:59 +0700] "GET /shop/page/26/?orderby=price-desc&shop_view=grid&per_row=6 HTTP/1.1" 200 40866 "-" "Mozilla/5.0 (compatible; SERankingBacklinksBot/1.0; +https://seranking.com/backlinks-crawler)"
37.27.59.176 - - [29/Mar/2026:10:19:05 +0700] "GET /shop/page/1/?stock_status=onsale&per_row=6&shop_view=grid HTTP/1.1" 301 635 "-" "Mozilla/5.0 (compatible; SERankingBacklinksBot/1.0; +https://seranking.com/backlinks-crawler)"
37.27.59.176 - - [29/Mar/2026:10:19:05 +0700] "GET /shop/?stock_status=onsale&per_row=6&shop_view=grid HTTP/1.1" 200 41592 "-" "Mozilla/5.0 (compatible; SERankingBacklinksBot/1.0; +https://seranking.com/backlinks-crawler)"
37.27.59.176 - - [29/Mar/2026:10:19:12 +0700] "GET /shop/page/5/?orderby=date&per_page=12&stock_status=onsale HTTP/1.1" 200 41039 "-" "Mozilla/5.0 (compatible; SERankingBacklinksBot/1.0; +https://seranking.com/backlinks-crawler)"
37.27.59.176 - - [29/Mar/2026:10:19:17 +0700] "GET /shop/page/27/?min_price=0&per_page=12&stock_status=onsale HTTP/1.1" 200 40660 "-" "Mozilla/5.0 (compatible; SERankingBacklinksBot/1.0; +https://seranking.com/backlinks-crawler)"
222.255.253.179 - - [29/Mar/2026:10:19:17 +0700] "GET /shop/page/5/?orderby=popularity&per_page=18&per_row=2&shop_view=grid HTTP/1.1" 200 41609 "-" "Mozilla/5.0 (Macintosh; Intel Mac OS X 10_15_5) AppleWebKit/537.36 (KHTML, like Gecko) Brave Chrome/84.0.4147.105 Safari/537.36"
37.27.59.176 - - [29/Mar/2026:10:19:22 +0700] "GET /shop/page/10/?orderby=popularity&shop_view=grid&per_row=2 HTTP/1.1" 200 40938 "-" "Mozilla/5.0 (compatible; SERankingBacklinksBot/1.0; +https://seranking.com/backlinks-crawler)"
37.27.59.176 - - [29/Mar/2026:10:19:27 +0700] "GET /shop/page/5/?orderby=date&per_page=18&stock_status=onsale HTTP/1.1" 200 41597 "-" "Mozilla/5.0 (compatible; SERankingBacklinksBot/1.0; +https://seranking.com/backlinks-crawler)"
37.27.59.176 - - [29/Mar/2026:10:19:33 +0700] "GET /shop/page/27/?min_price=0&stock_status=onsale&per_page=12 HTTP/1.1" 200 40828 "-" "Mozilla/5.0 (compatible; SERankingBacklinksBot/1.0; +https://seranking.com/backlinks-crawler)"
37.27.59.176 - - [29/Mar/2026:10:19:38 +0700] "GET /shop/page/10/?orderby=popularity&shop_view=grid&per_row=4 HTTP/1.1" 200 40997 "-" "Mozilla/5.0 (compatible; SERankingBacklinksBot/1.0; +https://seranking.com/backlinks-crawler)"
103.131.51.123 - - [29/Mar/2026:10:19:40 +0700] "POST /wp-cron.php?doing_wp_cron=1774754380.2795290946960449218750 HTTP/1.1" 200 474 "-" "WordPress/6.9.4; https://lotushomemade.com"
92.222.108.111 - - [29/Mar/2026:10:19:38 +0700] "GET /shop/page/43/?orderby=date&stock_status=instock&per_row=2&shop_view=grid&per_page=8 HTTP/2" 200 33299 "-" "Mozilla/5.0 (compatible; AhrefsBot/7.0; +http://ahrefs.com/robot/)"
37.27.59.176 - - [29/Mar/2026:10:19:42 +0700] "GET /shop/page/5/?orderby=date&per_page=24&stock_status=onsale HTTP/1.1" 200 42112 "-" "Mozilla/5.0 (compatible; SERankingBacklinksBot/1.0; +https://seranking.com/backlinks-crawler)"
37.27.59.176 - - [29/Mar/2026:10:19:48 +0700] "GET /shop/page/27/?orderby=popularity&per_row=2&shop_view=grid HTTP/1.1" 200 40713 "-" "Mozilla/5.0 (compatible; SERankingBacklinksBot/1.0; +https://seranking.com/backlinks-crawler)"
37.27.59.176 - - [29/Mar/2026:10:19:53 +0700] "GET /shop/page/10/?orderby=popularity&shop_view=grid&per_row=6 HTTP/1.1" 200 40765 "-" "Mozilla/5.0 (compatible; SERankingBacklinksBot/1.0; +https://seranking.com/backlinks-crawler)"
37.27.59.176 - - [29/Mar/2026:10:19:58 +0700] "GET /shop/page/5/?orderby=date&per_page=8&stock_status=instock HTTP/1.1" 200 40610 "-" "Mozilla/5.0 (compatible; SERankingBacklinksBot/1.0; +https://seranking.com/backlinks-crawler)"
37.27.59.176 - - [29/Mar/2026:10:20:03 +0700] "GET /shop/page/27/?orderby=popularity&per_row=4&shop_view=grid HTTP/1.1" 200 40654 "-" "Mozilla/5.0 (compatible; SERankingBacklinksBot/1.0; +https://seranking.com/backlinks-crawler)"
37.27.59.176 - - [29/Mar/2026:10:20:08 +0700] "GET /shop/page/10/?orderby=price-desc&shop_view=grid&per_row=2 HTTP/1.1" 200 41028 "-" "Mozilla/5.0 (compatible; SERankingBacklinksBot/1.0; +https://seranking.com/backlinks-crawler)"
54.37.118.89 - - [29/Mar/2026:10:20:12 +0700] "GET /shop/page/43/?orderby=price&stock_status=instock&per_page=8&shop_view=grid&per_row=6 HTTP/2" 200 33540 "-" "Mozilla/5.0 (compatible; AhrefsBot/7.0; +http://ahrefs.com/robot/)"
37.27.59.176 - - [29/Mar/2026:10:20:13 +0700] "GET /shop/page/5/?orderby=date&stock_status=instock&per_page=8 HTTP/1.1" 200 40628 "-" "Mozilla/5.0 (compatible; SERankingBacklinksBot/1.0; +https://seranking.com/backlinks-crawler)"
37.27.59.176 - - [29/Mar/2026:10:20:18 +0700] "GET /shop/page/27/?orderby=popularity&per_row=6&shop_view=grid HTTP/1.1" 200 40541 "-" "Mozilla/5.0 (compatible; SERankingBacklinksBot/1.0; +https://seranking.com/backlinks-crawler)"
37.27.59.176 - - [29/Mar/2026:10:20:23 +0700] "GET /shop/page/10/?orderby=price-desc&shop_view=grid&per_row=4 HTTP/1.1" 200 41265 "-" "Mozilla/5.0 (compatible; SERankingBacklinksBot/1.0; +https://seranking.com/backlinks-crawler)"
37.27.59.176 - - [29/Mar/2026:10:20:29 +0700] "GET /shop/page/5/?orderby=date&stock_status=onsale&per_page=12 HTTP/1.1" 200 41143 "-" "Mozilla/5.0 (compatible; SERankingBacklinksBot/1.0; +https://seranking.com/backlinks-crawler)"
37.27.59.176 - - [29/Mar/2026:10:20:34 +0700] "GET /shop/page/27/?orderby=price-desc&per_row=2&shop_view=grid HTTP/1.1" 200 41254 "-" "Mozilla/5.0 (compatible; SERankingBacklinksBot/1.0; +https://seranking.com/backlinks-crawler)"
92.222.104.200 - - [29/Mar/2026:10:20:36 +0700] "GET /shop/page/28/?orderby=rating&stock_status=onsale&per_page=12&shop_view=grid&per_row=4 HTTP/2" 200 33750 "-" "Mozilla/5.0 (compatible; AhrefsBot/7.0; +http://ahrefs.com/robot/)"
103.131.51.123 - - [29/Mar/2026:10:20:42 +0700] "POST /wp-cron.php?doing_wp_cron=1774754442.2196600437164306640625 HTTP/1.1" 200 474 "-" "WordPress/6.9.4; https://lotushomemade.com"
37.27.59.176 - - [29/Mar/2026:10:20:40 +0700] "GET /shop/page/10/?orderby=price-desc&shop_view=grid&per_row=6 HTTP/1.1" 200 41246 "-" "Mozilla/5.0 (compatible; SERankingBacklinksBot/1.0; +https://seranking.com/backlinks-crawler)"
37.27.59.176 - - [29/Mar/2026:10:20:45 +0700] "GET /shop/page/5/?orderby=date&stock_status=onsale&per_page=18 HTTP/1.1" 200 41675 "-" "Mozilla/5.0 (compatible; SERankingBacklinksBot/1.0; +https://seranking.com/backlinks-crawler)"
37.27.59.176 - - [29/Mar/2026:10:20:50 +0700] "GET /shop/?orderby=popularity&stock_status=instock&per_page=18&filter_brand=blessing-food&shop_view=grid&per_row=2 HTTP/1.1" 200 39939 "-" "Mozilla/5.0 (compatible; SERankingBacklinksBot/1.0; +https://seranking.com/backlinks-crawler)"
37.27.59.176 - - [29/Mar/2026:10:20:57 +0700] "GET /shop/page/27/?orderby=price-desc&per_row=4&shop_view=grid HTTP/1.1" 200 41253 "-" "Mozilla/5.0 (compatible; SERankingBacklinksBot/1.0; +https://seranking.com/backlinks-crawler)"
37.27.59.176 - - [29/Mar/2026:10:21:03 +0700] "GET /shop/page/11/?min_price=0&per_page=24&stock_status=onsale HTTP/1.1" 200 41952 "-" "Mozilla/5.0 (compatible; SERankingBacklinksBot/1.0; +https://seranking.com/backlinks-crawler)"
37.27.59.176 - - [29/Mar/2026:10:21:09 +0700] "GET /shop/page/5/?orderby=date&stock_status=onsale&per_page=24 HTTP/1.1" 200 42322 "-" "Mozilla/5.0 (compatible; SERankingBacklinksBot/1.0; +https://seranking.com/backlinks-crawler)"
37.59.204.146 - - [29/Mar/2026:10:21:09 +0700] "GET /shop/page/43/?orderby=price&stock_status=onsale&per_page=8&shop_view=grid&per_row=6 HTTP/2" 200 33564 "-" "Mozilla/5.0 (compatible; AhrefsBot/7.0; +http://ahrefs.com/robot/)"
37.27.59.176 - - [29/Mar/2026:10:21:14 +0700] "GET /shop/page/27/?orderby=price-desc&per_row=6&shop_view=grid HTTP/1.1" 200 41113 "-" "Mozilla/5.0 (compatible; SERankingBacklinksBot/1.0; +https://seranking.com/backlinks-crawler)"
37.27.59.176 - - [29/Mar/2026:10:21:19 +0700] "GET /shop/page/11/?min_price=0&stock_status=onsale&per_page=24 HTTP/1.1" 200 42007 "-" "Mozilla/5.0 (compatible; SERankingBacklinksBot/1.0; +https://seranking.com/backlinks-crawler)"
37.27.59.176 - - [29/Mar/2026:10:21:24 +0700] "GET /shop/page/5/?orderby=price&per_page=8&stock_status=onsale HTTP/1.1" 200 40277 "-" "Mozilla/5.0 (compatible; SERankingBacklinksBot/1.0; +https://seranking.com/backlinks-crawler)"
37.27.59.176 - - [29/Mar/2026:10:21:29 +0700] "GET /shop/page/28/?min_price=0&per_page=12&stock_status=onsale HTTP/1.1" 200 40886 "-" "Mozilla/5.0 (compatible; SERankingBacklinksBot/1.0; +https://seranking.com/backlinks-crawler)"
92.222.108.119 - - [29/Mar/2026:10:21:31 +0700] "GET /shop/page/6/?stock_status=instock%2Consale&shop_view=grid&per_row=4 HTTP/2" 200 34047 "-" "Mozilla/5.0 (compatible; AhrefsBot/7.0; +http://ahrefs.com/robot/)"
37.27.59.176 - - [29/Mar/2026:10:21:34 +0700] "GET /shop/page/12/?min_price=0&per_page=24&stock_status=onsale HTTP/1.1" 200 41796 "-" "Mozilla/5.0 (compatible; SERankingBacklinksBot/1.0; +https://seranking.com/backlinks-crawler)"
103.131.51.123 - - [29/Mar/2026:10:21:40 +0700] "POST /wp-cron.php?doing_wp_cron=1774754500.4501349925994873046875 HTTP/1.1" 200 474 "-" "WordPress/6.9.4; https://lotushomemade.com"
37.27.59.176 - - [29/Mar/2026:10:21:39 +0700] "GET /shop/page/5/?orderby=price&stock_status=onsale&per_page=8 HTTP/1.1" 200 40270 "-" "Mozilla/5.0 (compatible; SERankingBacklinksBot/1.0; +https://seranking.com/backlinks-crawler)"
37.27.59.176 - - [29/Mar/2026:10:21:44 +0700] "GET /shop/page/28/?min_price=0&stock_status=onsale&per_page=12 HTTP/1.1" 200 40925 "-" "Mozilla/5.0 (compatible; SERankingBacklinksBot/1.0; +https://seranking.com/backlinks-crawler)"
37.27.59.176 - - [29/Mar/2026:10:21:49 +0700] "GET /shop/page/5/?stock_status=onsale&per_row=2&shop_view=grid HTTP/1.1" 200 41115 "-" "Mozilla/5.0 (compatible; SERankingBacklinksBot/1.0; +https://seranking.com/backlinks-crawler)"
37.27.59.176 - - [29/Mar/2026:10:21:54 +0700] "GET /shop/page/28/?orderby=popularity&per_row=2&shop_view=grid HTTP/1.1" 200 40537 "-" "Mozilla/5.0 (compatible; SERankingBacklinksBot/1.0; +https://seranking.com/backlinks-crawler)"
37.27.59.176 - - [29/Mar/2026:10:21:58 +0700] "GET /shop/page/5/?stock_status=onsale&per_row=4&shop_view=grid HTTP/1.1" 200 40900 "-" "Mozilla/5.0 (compatible; SERankingBacklinksBot/1.0; +https://seranking.com/backlinks-crawler)"
94.23.188.220 - - [29/Mar/2026:10:22:02 +0700] "GET /shop/page/27/?max_price=630&stock_status=onsale&per_row=4&per_page=8&shop_view=grid HTTP/2" 200 33667 "-" "Mozilla/5.0 (compatible; AhrefsBot/7.0; +http://ahrefs.com/robot/)"
37.27.59.176 - - [29/Mar/2026:10:22:03 +0700] "GET /shop/page/28/?orderby=popularity&per_row=4&shop_view=grid HTTP/1.1" 200 40790 "-" "Mozilla/5.0 (compatible; SERankingBacklinksBot/1.0; +https://seranking.com/backlinks-crawler)"
37.27.59.176 - - [29/Mar/2026:10:22:08 +0700] "GET /shop/page/5/?stock_status=onsale&per_row=6&shop_view=grid HTTP/1.1" 200 40881 "-" "Mozilla/5.0 (compatible; SERankingBacklinksBot/1.0; +https://seranking.com/backlinks-crawler)"
37.27.59.176 - - [29/Mar/2026:10:22:13 +0700] "GET /shop/page/28/?orderby=popularity&per_row=6&shop_view=grid HTTP/1.1" 200 40591 "-" "Mozilla/5.0 (compatible; SERankingBacklinksBot/1.0; +https://seranking.com/backlinks-crawler)"
37.27.59.176 - - [29/Mar/2026:10:22:19 +0700] "GET /shop/page/6/?max_price=420&per_page=8&stock_status=onsale HTTP/1.1" 200 40748 "-" "Mozilla/5.0 (compatible; SERankingBacklinksBot/1.0; +https://seranking.com/backlinks-crawler)"
37.27.59.176 - - [29/Mar/2026:10:22:24 +0700] "GET /shop/page/28/?orderby=price-desc&per_row=2&shop_view=grid HTTP/1.1" 200 40754 "-" "Mozilla/5.0 (compatible; SERankingBacklinksBot/1.0; +https://seranking.com/backlinks-crawler)"
92.222.108.126 - - [29/Mar/2026:10:22:26 +0700] "GET /shop/page/6/?orderby=popularity&stock_status=onsale&per_row=2&shop_view=grid&per_page=8 HTTP/2" 200 33573 "-" "Mozilla/5.0 (compatible; AhrefsBot/7.0; +http://ahrefs.com/robot/)"
37.27.59.176 - - [29/Mar/2026:10:22:29 +0700] "GET /shop/page/6/?max_price=420&stock_status=onsale&per_page=8 HTTP/1.1" 200 40781 "-" "Mozilla/5.0 (compatible; SERankingBacklinksBot/1.0; +https://seranking.com/backlinks-crawler)"
37.27.59.176 - - [29/Mar/2026:10:22:34 +0700] "GET /shop/page/28/?orderby=price-desc&per_row=4&shop_view=grid HTTP/1.1" 200 40734 "-" "Mozilla/5.0 (compatible; SERankingBacklinksBot/1.0; +https://seranking.com/backlinks-crawler)"
103.131.51.123 - - [29/Mar/2026:10:22:40 +0700] "POST /wp-cron.php?doing_wp_cron=1774754560.5232539176940917968750 HTTP/1.1" 200 474 "-" "WordPress/6.9.4; https://lotushomemade.com"
37.27.59.176 - - [29/Mar/2026:10:22:39 +0700] "GET /shop/page/6/?max_price=630&per_page=8&stock_status=onsale HTTP/1.1" 200 40590 "-" "Mozilla/5.0 (compatible; SERankingBacklinksBot/1.0; +https://seranking.com/backlinks-crawler)"
37.27.59.176 - - [29/Mar/2026:10:22:46 +0700] "GET /shop/page/28/?orderby=price-desc&per_row=6&shop_view=grid HTTP/1.1" 200 40960 "-" "Mozilla/5.0 (compatible; SERankingBacklinksBot/1.0; +https://seranking.com/backlinks-crawler)"
51.68.247.202 - - [29/Mar/2026:10:22:46 +0700] "GET /shop/page/43/?orderby=price&stock_status=instock&per_page=8&shop_view=grid&per_row=6 HTTP/2" 200 33492 "-" "Mozilla/5.0 (compatible; AhrefsBot/7.0; +http://ahrefs.com/robot/)"
37.27.59.176 - - [29/Mar/2026:10:22:51 +0700] "GET /shop/page/6/?max_price=630&stock_status=onsale&per_page=8 HTTP/1.1" 200 40826 "-" "Mozilla/5.0 (compatible; SERankingBacklinksBot/1.0; +https://seranking.com/backlinks-crawler)"
37.27.59.176 - - [29/Mar/2026:10:22:56 +0700] "GET /shop/page/29/?min_price=0&per_page=12&stock_status=onsale HTTP/1.1" 200 40632 "-" "Mozilla/5.0 (compatible; SERankingBacklinksBot/1.0; +https://seranking.com/backlinks-crawler)"
92.222.108.108 - - [29/Mar/2026:10:22:56 +0700] "GET /shop/page/28/?orderby=price-desc&stock_status=onsale&per_row=4&shop_view=grid&per_page=12 HTTP/2" 200 33878 "-" "Mozilla/5.0 (compatible; AhrefsBot/7.0; +http://ahrefs.com/robot/)"
37.27.59.176 - - [29/Mar/2026:10:23:01 +0700] "GET /shop/page/6/?max_price=840&per_page=8&stock_status=onsale HTTP/1.1" 200 40777 "-" "Mozilla/5.0 (compatible; SERankingBacklinksBot/1.0; +https://seranking.com/backlinks-crawler)"
216.244.66.239 - - [29/Mar/2026:10:23:06 +0700] "GET /robots.txt HTTP/1.1" 200 609 "-" "Mozilla/5.0 (compatible; DotBot/1.2; +https://opensiteexplorer.org/dotbot; help@moz.com)"
37.27.59.176 - - [29/Mar/2026:10:23:06 +0700] "GET /shop/page/29/?min_price=0&stock_status=onsale&per_page=12 HTTP/1.1" 200 40569 "-" "Mozilla/5.0 (compatible; SERankingBacklinksBot/1.0; +https://seranking.com/backlinks-crawler)"
37.27.59.176 - - [29/Mar/2026:10:23:10 +0700] "GET /shop/page/6/?max_price=840&stock_status=onsale&per_page=8 HTTP/1.1" 200 40575 "-" "Mozilla/5.0 (compatible; SERankingBacklinksBot/1.0; +https://seranking.com/backlinks-crawler)"
109.228.52.205 - - [29/Mar/2026:10:23:12 +0700] "POST /xmlrpc.php HTTP/1.1" 200 676 "-" "Mozilla/5.0 (Windows NT 10.0) AppleWebKit/537.43 (KHTML, like Gecko) Chrome/137.0.0.0 Safari/537.36 OPR/121.0.0.0"
37.27.59.176 - - [29/Mar/2026:10:23:15 +0700] "GET /shop/page/29/?orderby=popularity&per_row=2&shop_view=grid HTTP/1.1" 200 40373 "-" "Mozilla/5.0 (compatible; SERankingBacklinksBot/1.0; +https://seranking.com/backlinks-crawler)"
37.27.59.176 - - [29/Mar/2026:10:23:20 +0700] "GET /shop/page/6/?max_price=845&per_page=8&stock_status=onsale HTTP/1.1" 200 40787 "-" "Mozilla/5.0 (compatible; SERankingBacklinksBot/1.0; +https://seranking.com/backlinks-crawler)"
37.59.204.128 - - [29/Mar/2026:10:23:25 +0700] "GET /product-category/crispy-snack-series/?stock_status=instock HTTP/2" 200 33985 "-" "Mozilla/5.0 (compatible; AhrefsBot/7.0; +http://ahrefs.com/robot/)"
37.27.59.176 - - [29/Mar/2026:10:23:25 +0700] "GET /shop/page/29/?orderby=popularity&per_row=4&shop_view=grid HTTP/1.1" 200 40349 "-" "Mozilla/5.0 (compatible; SERankingBacklinksBot/1.0; +https://seranking.com/backlinks-crawler)"
37.27.59.176 - - [29/Mar/2026:10:23:31 +0700] "GET /shop/page/6/?max_price=845&stock_status=onsale&per_page=8 HTTP/1.1" 200 40759 "-" "Mozilla/5.0 (compatible; SERankingBacklinksBot/1.0; +https://seranking.com/backlinks-crawler)"
103.131.51.123 - - [29/Mar/2026:10:23:37 +0700] "POST /wp-cron.php?doing_wp_cron=1774754617.4681448936462402343750 HTTP/1.1" 200 474 "-" "WordPress/6.9.4; https://lotushomemade.com"
37.27.59.176 - - [29/Mar/2026:10:23:36 +0700] "GET /shop/page/29/?orderby=popularity&per_row=6&shop_view=grid HTTP/1.1" 200 40352 "-" "Mozilla/5.0 (compatible; SERankingBacklinksBot/1.0; +https://seranking.com/backlinks-crawler)"
103.131.51.123 - - [29/Mar/2026:10:23:42 +0700] "POST /wp-cron.php?doing_wp_cron=1774754622.9248690605163574218750 HTTP/1.1" 200 474 "-" "WordPress/6.9.4; https://lotushomemade.com"
37.27.59.176 - - [29/Mar/2026:10:23:41 +0700] "GET /shop/page/6/?min_price=0&per_page=12&stock_status=instock HTTP/1.1" 200 40899 "-" "Mozilla/5.0 (compatible; SERankingBacklinksBot/1.0; +https://seranking.com/backlinks-crawler)"
98.84.60.17 - - [29/Mar/2026:10:23:44 +0700] "GET /product/cornflake-cookies-sg/feed/ HTTP/1.1" 200 1302 "-" "Mozilla/5.0 AppleWebKit/537.36 (KHTML, like Gecko; compatible; Amazonbot/0.1; +https://developer.amazon.com/support/amazonbot) Chrome/119.0.6045.214 Safari/537.36"
37.27.59.176 - - [29/Mar/2026:10:23:46 +0700] "GET /shop/page/29/?orderby=price-desc&per_row=2&shop_view=grid HTTP/1.1" 200 40960 "-" "Mozilla/5.0 (compatible; SERankingBacklinksBot/1.0; +https://seranking.com/backlinks-crawler)"
54.37.118.64 - - [29/Mar/2026:10:23:48 +0700] "GET /shop/page/6/?orderby=date&stock_status=instock&per_row=2&shop_view=grid&per_page=12 HTTP/2" 200 34141 "-" "Mozilla/5.0 (compatible; AhrefsBot/7.0; +http://ahrefs.com/robot/)"
37.27.59.176 - - [29/Mar/2026:10:23:51 +0700] "GET /shop/page/6/?min_price=0&per_page=18&stock_status=instock HTTP/1.1" 200 41616 "-" "Mozilla/5.0 (compatible; SERankingBacklinksBot/1.0; +https://seranking.com/backlinks-crawler)"
37.27.59.176 - - [29/Mar/2026:10:23:57 +0700] "GET /shop/page/29/?orderby=price-desc&per_row=4&shop_view=grid HTTP/1.1" 200 40964 "-" "Mozilla/5.0 (compatible; SERankingBacklinksBot/1.0; +https://seranking.com/backlinks-crawler)"
37.27.59.176 - - [29/Mar/2026:10:24:01 +0700] "GET /shop/page/6/?min_price=0&per_page=24&stock_status=instock HTTP/1.1" 200 42044 "-" "Mozilla/5.0 (compatible; SERankingBacklinksBot/1.0; +https://seranking.com/backlinks-crawler)"
37.27.59.176 - - [29/Mar/2026:10:24:06 +0700] "GET /shop/page/29/?orderby=price-desc&per_row=6&shop_view=grid HTTP/1.1" 200 40795 "-" "Mozilla/5.0 (compatible; SERankingBacklinksBot/1.0; +https://seranking.com/backlinks-crawler)"
103.131.51.123 - - [29/Mar/2026:10:24:12 +0700] "POST /wp-cron.php?doing_wp_cron=1774754652.5540819168090820312500 HTTP/1.1" 200 474 "-" "WordPress/6.9.4; https://lotushomemade.com"
92.222.104.217 - - [29/Mar/2026:10:24:11 +0700] "GET /shop/page/6/?orderby=rating&stock_status=onsale&per_page=8&shop_view=grid&per_row=2 HTTP/2" 200 33490 "-" "Mozilla/5.0 (compatible; AhrefsBot/7.0; +http://ahrefs.com/robot/)"
103.131.51.123 - - [29/Mar/2026:10:24:13 +0700] "POST /wp-cron.php?doing_wp_cron=1774754653.5056779384613037109375 HTTP/1.1" 200 474 "-" "WordPress/6.9.4; https://lotushomemade.com"
37.27.59.176 - - [29/Mar/2026:10:24:12 +0700] "GET /shop/page/6/?min_price=0&stock_status=instock&per_page=12 HTTP/1.1" 200 41063 "-" "Mozilla/5.0 (compatible; SERankingBacklinksBot/1.0; +https://seranking.com/backlinks-crawler)"
37.27.59.176 - - [29/Mar/2026:10:24:16 +0700] "GET /shop/page/6/?min_price=0&stock_status=instock&per_page=18 HTTP/1.1" 200 41573 "-" "Mozilla/5.0 (compatible; SERankingBacklinksBot/1.0; +https://seranking.com/backlinks-crawler)"
37.27.59.176 - - [29/Mar/2026:10:24:22 +0700] "GET /shop/page/6/?min_price=0&stock_status=instock&per_page=24 HTTP/1.1" 200 42298 "-" "Mozilla/5.0 (compatible; SERankingBacklinksBot/1.0; +https://seranking.com/backlinks-crawler)"
37.27.59.176 - - [29/Mar/2026:10:24:29 +0700] "GET /shop/page/6/?orderby=date&per_page=12&stock_status=onsale HTTP/1.1" 200 41136 "-" "Mozilla/5.0 (compatible; SERankingBacklinksBot/1.0; +https://seranking.com/backlinks-crawler)"
37.27.59.176 - - [29/Mar/2026:10:24:34 +0700] "GET /shop/page/6/?orderby=date&per_page=18&stock_status=onsale HTTP/1.1" 200 41764 "-" "Mozilla/5.0 (compatible; SERankingBacklinksBot/1.0; +https://seranking.com/backlinks-crawler)"
37.27.59.176 - - [29/Mar/2026:10:24:39 +0700] "GET /shop/page/6/?orderby=date&per_page=24&stock_status=onsale HTTP/1.1" 200 42181 "-" "Mozilla/5.0 (compatible; SERankingBacklinksBot/1.0; +https://seranking.com/backlinks-crawler)"
37.27.59.176 - - [29/Mar/2026:10:24:44 +0700] "GET /shop/page/6/?orderby=date&per_page=8&stock_status=instock HTTP/1.1" 200 40536 "-" "Mozilla/5.0 (compatible; SERankingBacklinksBot/1.0; +https://seranking.com/backlinks-crawler)"
37.27.59.176 - - [29/Mar/2026:10:24:49 +0700] "GET /shop/page/6/?orderby=date&stock_status=instock&per_page=8 HTTP/1.1" 200 40363 "-" "Mozilla/5.0 (compatible; SERankingBacklinksBot/1.0; +https://seranking.com/backlinks-crawler)"
37.27.59.176 - - [29/Mar/2026:10:24:54 +0700] "GET /shop/page/6/?orderby=date&stock_status=onsale&per_page=12 HTTP/1.1" 200 40911 "-" "Mozilla/5.0 (compatible; SERankingBacklinksBot/1.0; +https://seranking.com/backlinks-crawler)"
37.27.59.176 - - [29/Mar/2026:10:24:59 +0700] "GET /shop/page/6/?orderby=date&stock_status=onsale&per_page=18 HTTP/1.1" 200 41739 "-" "Mozilla/5.0 (compatible; SERankingBacklinksBot/1.0; +https://seranking.com/backlinks-crawler)"
37.27.59.176 - - [29/Mar/2026:10:25:05 +0700] "GET /shop/page/6/?orderby=date&stock_status=onsale&per_page=24 HTTP/1.1" 200 42238 "-" "Mozilla/5.0 (compatible; SERankingBacklinksBot/1.0; +https://seranking.com/backlinks-crawler)"
37.27.59.176 - - [29/Mar/2026:10:25:10 +0700] "GET /shop/page/6/?orderby=price&per_page=8&stock_status=onsale HTTP/1.1" 200 40434 "-" "Mozilla/5.0 (compatible; SERankingBacklinksBot/1.0; +https://seranking.com/backlinks-crawler)"
103.131.51.123 - - [29/Mar/2026:10:25:17 +0700] "POST /wp-cron.php?doing_wp_cron=1774754716.9817349910736083984375 HTTP/1.1" 200 474 "-" "WordPress/6.9.4; https://lotushomemade.com"
37.27.59.176 - - [29/Mar/2026:10:25:15 +0700] "GET /shop/page/6/?orderby=price&stock_status=onsale&per_page=8 HTTP/1.1" 200 40316 "-" "Mozilla/5.0 (compatible; SERankingBacklinksBot/1.0; +https://seranking.com/backlinks-crawler)"
37.27.59.176 - - [29/Mar/2026:10:25:21 +0700] "GET /shop/page/6/?stock_status=onsale&per_row=2&shop_view=grid HTTP/1.1" 200 41137 "-" "Mozilla/5.0 (compatible; SERankingBacklinksBot/1.0; +https://seranking.com/backlinks-crawler)"
37.27.59.176 - - [29/Mar/2026:10:25:25 +0700] "GET /shop/page/6/?stock_status=onsale&per_row=4&shop_view=grid HTTP/1.1" 200 40999 "-" "Mozilla/5.0 (compatible; SERankingBacklinksBot/1.0; +https://seranking.com/backlinks-crawler)"
51.68.247.193 - - [29/Mar/2026:10:25:27 +0700] "GET /shop/page/7/?per_page=8&stock_status=onsale HTTP/2" 200 33433 "-" "Mozilla/5.0 (compatible; AhrefsBot/7.0; +http://ahrefs.com/robot/)"
37.27.59.176 - - [29/Mar/2026:10:25:30 +0700] "GET /shop/page/6/?stock_status=onsale&per_row=6&shop_view=grid HTTP/1.1" 200 40923 "-" "Mozilla/5.0 (compatible; SERankingBacklinksBot/1.0; +https://seranking.com/backlinks-crawler)"
37.27.59.176 - - [29/Mar/2026:10:25:36 +0700] "GET /shop/page/7/?max_price=420&per_page=8&stock_status=onsale HTTP/1.1" 200 40622 "-" "Mozilla/5.0 (compatible; SERankingBacklinksBot/1.0; +https://seranking.com/backlinks-crawler)"
103.131.51.123 - - [29/Mar/2026:10:25:39 +0700] "POST /wp-cron.php?doing_wp_cron=1774754739.4530329704284667968750 HTTP/1.1" 200 474 "-" "WordPress/6.9.4; https://lotushomemade.com"
51.68.247.204 - - [29/Mar/2026:10:25:38 +0700] "GET /shop/page/6/?orderby=rating&stock_status=onsale&per_row=6&shop_view=grid&per_page=8 HTTP/2" 200 33525 "-" "Mozilla/5.0 (compatible; AhrefsBot/7.0; +http://ahrefs.com/robot/)"
37.27.59.176 - - [29/Mar/2026:10:25:40 +0700] "GET /shop/page/7/?max_price=420&stock_status=onsale&per_page=8 HTTP/1.1" 200 40548 "-" "Mozilla/5.0 (compatible; SERankingBacklinksBot/1.0; +https://seranking.com/backlinks-crawler)"
37.27.59.176 - - [29/Mar/2026:10:25:45 +0700] "GET /shop/page/7/?max_price=630&per_page=8&stock_status=onsale HTTP/1.1" 200 40446 "-" "Mozilla/5.0 (compatible; SERankingBacklinksBot/1.0; +https://seranking.com/backlinks-crawler)"
37.27.59.176 - - [29/Mar/2026:10:25:50 +0700] "GET /shop/page/7/?max_price=630&stock_status=onsale&per_page=8 HTTP/1.1" 200 40696 "-" "Mozilla/5.0 (compatible; SERankingBacklinksBot/1.0; +https://seranking.com/backlinks-crawler)"
37.27.59.176 - - [29/Mar/2026:10:25:55 +0700] "GET /shop/page/7/?max_price=840&per_page=8&stock_status=onsale HTTP/1.1" 200 40444 "-" "Mozilla/5.0 (compatible; SERankingBacklinksBot/1.0; +https://seranking.com/backlinks-crawler)"
37.27.59.176 - - [29/Mar/2026:10:26:00 +0700] "GET /shop/page/7/?max_price=840&stock_status=onsale&per_page=8 HTTP/1.1" 200 40472 "-" "Mozilla/5.0 (compatible; SERankingBacklinksBot/1.0; +https://seranking.com/backlinks-crawler)"
37.27.59.176 - - [29/Mar/2026:10:26:05 +0700] "GET /shop/page/7/?max_price=845&per_page=8&stock_status=onsale HTTP/1.1" 200 40724 "-" "Mozilla/5.0 (compatible; SERankingBacklinksBot/1.0; +https://seranking.com/backlinks-crawler)"
37.27.59.176 - - [29/Mar/2026:10:26:10 +0700] "GET /shop/page/7/?max_price=845&stock_status=onsale&per_page=8 HTTP/1.1" 200 40579 "-" "Mozilla/5.0 (compatible; SERankingBacklinksBot/1.0; +https://seranking.com/backlinks-crawler)"
37.59.204.138 - - [29/Mar/2026:10:26:13 +0700] "GET /shop/page/6/?orderby=rating&stock_status=instock&per_row=6&shop_view=grid&per_page=8 HTTP/2" 200 33594 "-" "Mozilla/5.0 (compatible; AhrefsBot/7.0; +http://ahrefs.com/robot/)"
37.27.59.176 - - [29/Mar/2026:10:26:15 +0700] "GET /shop/page/7/?min_price=0&per_page=12&stock_status=instock HTTP/1.1" 200 40830 "-" "Mozilla/5.0 (compatible; SERankingBacklinksBot/1.0; +https://seranking.com/backlinks-crawler)"
37.27.59.176 - - [29/Mar/2026:10:26:22 +0700] "GET /shop/page/7/?min_price=0&per_page=18&stock_status=instock HTTP/1.1" 200 41454 "-" "Mozilla/5.0 (compatible; SERankingBacklinksBot/1.0; +https://seranking.com/backlinks-crawler)"
37.27.59.176 - - [29/Mar/2026:10:26:28 +0700] "GET /shop/page/7/?min_price=0&per_page=24&stock_status=instock HTTP/1.1" 200 42960 "-" "Mozilla/5.0 (compatible; SERankingBacklinksBot/1.0; +https://seranking.com/backlinks-crawler)"
109.228.37.48 - - [29/Mar/2026:10:26:32 +0700] "POST /xmlrpc.php HTTP/1.1" 200 676 "-" "Mozilla/5.0 (Windows NT 10.0; WOW64) AppleWebKit/537.43 (KHTML, like Gecko) Chrome/140.0.0.0 Safari/537.36 OPR/124.0.0.0"
37.27.59.176 - - [29/Mar/2026:10:26:33 +0700] "GET /shop/page/7/?min_price=0&stock_status=instock&per_page=12 HTTP/1.1" 200 40827 "-" "Mozilla/5.0 (compatible; SERankingBacklinksBot/1.0; +https://seranking.com/backlinks-crawler)"
37.59.204.155 - - [29/Mar/2026:10:26:33 +0700] "GET /shop/page/6/?orderby=price&stock_status=onsale&per_page=8&shop_view=grid&per_row=6 HTTP/2" 200 33485 "-" "Mozilla/5.0 (compatible; AhrefsBot/7.0; +http://ahrefs.com/robot/)"
103.131.51.123 - - [29/Mar/2026:10:26:39 +0700] "POST /wp-cron.php?doing_wp_cron=1774754799.2671139240264892578125 HTTP/1.1" 200 474 "-" "WordPress/6.9.4; https://lotushomemade.com"
37.27.59.176 - - [29/Mar/2026:10:26:37 +0700] "GET /shop/page/7/?min_price=0&stock_status=instock&per_page=18 HTTP/1.1" 200 41257 "-" "Mozilla/5.0 (compatible; SERankingBacklinksBot/1.0; +https://seranking.com/backlinks-crawler)"
37.27.59.176 - - [29/Mar/2026:10:26:43 +0700] "GET /shop/page/7/?min_price=0&stock_status=instock&per_page=24 HTTP/1.1" 200 42865 "-" "Mozilla/5.0 (compatible; SERankingBacklinksBot/1.0; +https://seranking.com/backlinks-crawler)"
37.27.59.176 - - [29/Mar/2026:10:26:48 +0700] "GET /shop/page/7/?orderby=date&per_page=12&stock_status=onsale HTTP/1.1" 200 40831 "-" "Mozilla/5.0 (compatible; SERankingBacklinksBot/1.0; +https://seranking.com/backlinks-crawler)"
162.241.2.158 - - [29/Mar/2026:10:26:54 +0700] "GET /wp-login.php HTTP/2" 200 1889 "-" "Mozilla/5.0 (X11; CrOS armv7l 10323.67.0) AppleWebKit/537.36 (KHTML, like Gecko) Chrome/65.0.3325.209 Safari/537.36"
37.27.59.176 - - [29/Mar/2026:10:26:53 +0700] "GET /shop/page/7/?orderby=date&per_page=18&stock_status=onsale HTTP/1.1" 200 41457 "-" "Mozilla/5.0 (compatible; SERankingBacklinksBot/1.0; +https://seranking.com/backlinks-crawler)"
162.241.2.158 - - [29/Mar/2026:10:26:56 +0700] "POST /wp-login.php HTTP/2" 200 2027 "https://lotushomemade.com/wp-login.php" "Mozilla/5.0 (X11; CrOS armv7l 10323.67.0) AppleWebKit/537.36 (KHTML, like Gecko) Chrome/65.0.3325.209 Safari/537.36"
37.27.59.176 - - [29/Mar/2026:10:26:58 +0700] "GET /shop/page/7/?orderby=date&per_page=24&stock_status=onsale HTTP/1.1" 200 42687 "-" "Mozilla/5.0 (compatible; SERankingBacklinksBot/1.0; +https://seranking.com/backlinks-crawler)"
37.27.59.176 - - [29/Mar/2026:10:27:04 +0700] "GET /shop/page/7/?orderby=date&per_page=8&stock_status=instock HTTP/1.1" 200 40452 "-" "Mozilla/5.0 (compatible; SERankingBacklinksBot/1.0; +https://seranking.com/backlinks-crawler)"
51.68.247.216 - - [29/Mar/2026:10:27:08 +0700] "GET /shop/page/7/?orderby=popularity&per_page=8 HTTP/2" 200 33493 "-" "Mozilla/5.0 (compatible; AhrefsBot/7.0; +http://ahrefs.com/robot/)"
37.27.59.176 - - [29/Mar/2026:10:27:08 +0700] "GET /shop/page/7/?orderby=date&stock_status=instock&per_page=8 HTTP/1.1" 200 40306 "-" "Mozilla/5.0 (compatible; SERankingBacklinksBot/1.0; +https://seranking.com/backlinks-crawler)"
37.27.59.176 - - [29/Mar/2026:10:27:14 +0700] "GET /shop/page/7/?orderby=date&stock_status=onsale&per_page=12 HTTP/1.1" 200 40852 "-" "Mozilla/5.0 (compatible; SERankingBacklinksBot/1.0; +https://seranking.com/backlinks-crawler)"
37.27.59.176 - - [29/Mar/2026:10:27:19 +0700] "GET /shop/page/7/?orderby=date&stock_status=onsale&per_page=18 HTTP/1.1" 200 41435 "-" "Mozilla/5.0 (compatible; SERankingBacklinksBot/1.0; +https://seranking.com/backlinks-crawler)"
37.27.59.176 - - [29/Mar/2026:10:27:24 +0700] "GET /shop/page/7/?orderby=date&stock_status=onsale&per_page=24 HTTP/1.1" 200 42738 "-" "Mozilla/5.0 (compatible; SERankingBacklinksBot/1.0; +https://seranking.com/backlinks-crawler)"
37.27.59.176 - - [29/Mar/2026:10:27:29 +0700] "GET /shop/page/7/?orderby=price&per_page=8&stock_status=onsale HTTP/1.1" 200 40451 "-" "Mozilla/5.0 (compatible; SERankingBacklinksBot/1.0; +https://seranking.com/backlinks-crawler)"
43.159.132.207 - - [29/Mar/2026:10:27:31 +0700] "GET /xmlrpc.php?rsd HTTP/1.1" 200 777 "-" "Mozilla/5.0 (iPhone; CPU iPhone OS 13_2_3 like Mac OS X) AppleWebKit/605.1.15 (KHTML, like Gecko) Version/13.0.3 Mobile/15E148 Safari/604.1"
37.27.59.176 - - [29/Mar/2026:10:27:34 +0700] "GET /shop/page/7/?orderby=price&stock_status=onsale&per_page=8 HTTP/1.1" 200 40462 "-" "Mozilla/5.0 (compatible; SERankingBacklinksBot/1.0; +https://seranking.com/backlinks-crawler)"
103.131.51.123 - - [29/Mar/2026:10:27:40 +0700] "POST /wp-cron.php?doing_wp_cron=1774754860.8314809799194335937500 HTTP/1.1" 200 474 "-" "WordPress/6.9.4; https://lotushomemade.com"
37.27.59.176 - - [29/Mar/2026:10:27:39 +0700] "GET /shop/page/7/?stock_status=onsale&per_row=2&shop_view=grid HTTP/1.1" 200 40834 "-" "Mozilla/5.0 (compatible; SERankingBacklinksBot/1.0; +https://seranking.com/backlinks-crawler)"
37.27.59.176 - - [29/Mar/2026:10:27:45 +0700] "GET /shop/page/7/?stock_status=onsale&per_row=4&shop_view=grid HTTP/1.1" 200 41039 "-" "Mozilla/5.0 (compatible; SERankingBacklinksBot/1.0; +https://seranking.com/backlinks-crawler)"
54.37.118.85 - - [29/Mar/2026:10:27:47 +0700] "GET /product-category/traditional-cookies-series/page/6/?stock_status=instock%2Consale&per_page=8&shop_view=grid&per_row=4 HTTP/2" 200 32960 "-" "Mozilla/5.0 (compatible; AhrefsBot/7.0; +http://ahrefs.com/robot/)"
37.27.59.176 - - [29/Mar/2026:10:27:49 +0700] "GET /shop/page/7/?stock_status=onsale&per_row=6&shop_view=grid HTTP/1.1" 200 40926 "-" "Mozilla/5.0 (compatible; SERankingBacklinksBot/1.0; +https://seranking.com/backlinks-crawler)"
37.27.59.176 - - [29/Mar/2026:10:27:55 +0700] "GET /shop/page/8/?per_row=2&shop_view=grid&stock_status=onsale HTTP/1.1" 200 41136 "-" "Mozilla/5.0 (compatible; SERankingBacklinksBot/1.0; +https://seranking.com/backlinks-crawler)"
37.27.59.176 - - [29/Mar/2026:10:28:00 +0700] "GET /shop/page/8/?per_row=4&shop_view=grid&stock_status=onsale HTTP/1.1" 200 40991 "-" "Mozilla/5.0 (compatible; SERankingBacklinksBot/1.0; +https://seranking.com/backlinks-crawler)"
37.27.59.176 - - [29/Mar/2026:10:28:07 +0700] "GET /shop/page/8/?per_row=6&shop_view=grid&stock_status=onsale HTTP/1.1" 200 41133 "-" "Mozilla/5.0 (compatible; SERankingBacklinksBot/1.0; +https://seranking.com/backlinks-crawler)"
37.27.59.176 - - [29/Mar/2026:10:28:12 +0700] "GET /shop/page/8/?stock_status=onsale&shop_view=grid&per_row=2 HTTP/1.1" 200 40927 "-" "Mozilla/5.0 (compatible; SERankingBacklinksBot/1.0; +https://seranking.com/backlinks-crawler)"
37.27.59.176 - - [29/Mar/2026:10:28:17 +0700] "GET /shop/page/8/?stock_status=onsale&shop_view=grid&per_row=4 HTTP/1.1" 200 41190 "-" "Mozilla/5.0 (compatible; SERankingBacklinksBot/1.0; +https://seranking.com/backlinks-crawler)"
37.27.59.176 - - [29/Mar/2026:10:28:22 +0700] "GET /shop/page/8/?stock_status=onsale&shop_view=grid&per_row=6 HTTP/1.1" 200 40956 "-" "Mozilla/5.0 (compatible; SERankingBacklinksBot/1.0; +https://seranking.com/backlinks-crawler)"
54.37.118.74 - - [29/Mar/2026:10:28:25 +0700] "GET /shop/page/28/?orderby=date&per_page=12&stock_status=instock%2Consale HTTP/2" 200 33886 "-" "Mozilla/5.0 (compatible; AhrefsBot/7.0; +http://ahrefs.com/robot/)"
37.27.59.176 - - [29/Mar/2026:10:28:26 +0700] "GET /shop/page/9/?per_row=2&shop_view=grid&stock_status=onsale HTTP/1.1" 200 40795 "-" "Mozilla/5.0 (compatible; SERankingBacklinksBot/1.0; +https://seranking.com/backlinks-crawler)"
