66.102.6.35 - - [29/Mar/2026:08:49:18 +0700] "GET /wp-content/themes/woodmart/css/parts/opt-bottom-toolbar.min.css?ver=7.2.5 HTTP/1.1" 200 1212 "https://lotushomemade.com/product/coffee-german-butter-cookies-sg/" "Mozilla/5.0 (Linux; Android 10; K) AppleWebKit/537.36 (KHTML, like Gecko) Chrome/138.0.0.0 Mobile Safari/537.36 (compatible; Google-Read-Aloud; +https://support.google.com/webmasters/answer/1061943)"
66.102.6.37 - - [29/Mar/2026:08:49:18 +0700] "GET /wp-content/plugins/revslider/public/assets/fonts/font-awesome/fonts/fontawesome-webfont.woff2?v=4.7.0 HTTP/1.1" 200 77733 "https://lotushomemade.com/product/coffee-german-butter-cookies-sg/" "Mozilla/5.0 (Linux; Android 10; K) AppleWebKit/537.36 (KHTML, like Gecko) Chrome/138.0.0.0 Mobile Safari/537.36 (compatible; Google-Read-Aloud; +https://support.google.com/webmasters/answer/1061943)"
66.102.6.36 - - [29/Mar/2026:08:49:18 +0700] "GET /wp-content/uploads/elementor/css/post-17692.css?ver=1740802143 HTTP/1.1" 200 1045 "https://lotushomemade.com/product/coffee-german-butter-cookies-sg/" "Mozilla/5.0 (Linux; Android 10; K) AppleWebKit/537.36 (KHTML, like Gecko) Chrome/138.0.0.0 Mobile Safari/537.36 (compatible; Google-Read-Aloud; +https://support.google.com/webmasters/answer/1061943)"
66.102.6.36 - - [29/Mar/2026:08:49:18 +0700] "GET /wp-content/uploads/elementor/css/post-714.css?ver=1740801881 HTTP/1.1" 200 835 "https://lotushomemade.com/product/coffee-german-butter-cookies-sg/" "Mozilla/5.0 (Linux; Android 10; K) AppleWebKit/537.36 (KHTML, like Gecko) Chrome/138.0.0.0 Mobile Safari/537.36 (compatible; Google-Read-Aloud; +https://support.google.com/webmasters/answer/1061943)"
66.102.6.37 - - [29/Mar/2026:08:49:18 +0700] "GET /wp-content/themes/woodmart/css/parts/woo-single-prod-and-quick-view-predefined.min.css?ver=7.2.5 HTTP/1.1" 200 1077 "https://lotushomemade.com/product/coffee-german-butter-cookies-sg/" "Mozilla/5.0 (Linux; Android 10; K) AppleWebKit/537.36 (KHTML, like Gecko) Chrome/138.0.0.0 Mobile Safari/537.36 (compatible; Google-Read-Aloud; +https://support.google.com/webmasters/answer/1061943)"
66.102.6.35 - - [29/Mar/2026:08:49:18 +0700] "GET /wp-content/themes/woodmart/css/parts/mod-comments.min.css?ver=7.2.5 HTTP/1.1" 200 1650 "https://lotushomemade.com/product/coffee-german-butter-cookies-sg/" "Mozilla/5.0 (Linux; Android 10; K) AppleWebKit/537.36 (KHTML, like Gecko) Chrome/138.0.0.0 Mobile Safari/537.36 (compatible; Google-Read-Aloud; +https://support.google.com/webmasters/answer/1061943)"
66.102.6.35 - - [29/Mar/2026:08:49:18 +0700] "GET /wp-content/uploads/elementor/css/post-228.css?ver=1700283749 HTTP/1.1" 200 866 "https://lotushomemade.com/product/coffee-german-butter-cookies-sg/" "Mozilla/5.0 (Linux; Android 10; K) AppleWebKit/537.36 (KHTML, like Gecko) Chrome/138.0.0.0 Mobile Safari/537.36 (compatible; Google-Read-Aloud; +https://support.google.com/webmasters/answer/1061943)"
66.102.6.36 - - [29/Mar/2026:08:49:18 +0700] "GET /wp-content/themes/woodmart/css/parts/opt-off-canvas-sidebar.min.css?ver=7.2.5 HTTP/1.1" 200 1227 "https://lotushomemade.com/product/coffee-german-butter-cookies-sg/" "Mozilla/5.0 (Linux; Android 10; K) AppleWebKit/537.36 (KHTML, like Gecko) Chrome/138.0.0.0 Mobile Safari/537.36 (compatible; Google-Read-Aloud; +https://support.google.com/webmasters/answer/1061943)"
66.102.6.36 - - [29/Mar/2026:08:49:18 +0700] "GET /wp-content/themes/woodmart/css/parts/header-el-cart.min.css?ver=7.2.5 HTTP/1.1" 200 1191 "https://lotushomemade.com/product/coffee-german-butter-cookies-sg/" "Mozilla/5.0 (Linux; Android 10; K) AppleWebKit/537.36 (KHTML, like Gecko) Chrome/138.0.0.0 Mobile Safari/537.36 (compatible; Google-Read-Aloud; +https://support.google.com/webmasters/answer/1061943)"
66.102.6.36 - - [29/Mar/2026:08:49:18 +0700] "GET /wp-content/themes/woodmart/css/parts/el-text-block.min.css?ver=7.2.5 HTTP/1.1" 200 724 "https://lotushomemade.com/product/coffee-german-butter-cookies-sg/" "Mozilla/5.0 (Linux; Android 10; K) AppleWebKit/537.36 (KHTML, like Gecko) Chrome/138.0.0.0 Mobile Safari/537.36 (compatible; Google-Read-Aloud; +https://support.google.com/webmasters/answer/1061943)"
66.102.6.37 - - [29/Mar/2026:08:49:18 +0700] "GET /wp-content/themes/woodmart/css/parts/woo-widget-slider-price-filter.min.css?ver=7.2.5 HTTP/1.1" 200 1233 "https://lotushomemade.com/product/coffee-german-butter-cookies-sg/" "Mozilla/5.0 (Linux; Android 10; K) AppleWebKit/537.36 (KHTML, like Gecko) Chrome/138.0.0.0 Mobile Safari/537.36 (compatible; Google-Read-Aloud; +https://support.google.com/webmasters/answer/1061943)"
66.102.6.37 - - [29/Mar/2026:08:49:18 +0700] "GET /wp-content/themes/woodmart/css/parts/woo-single-prod-el-reviews.min.css?ver=7.2.5 HTTP/1.1" 200 2197 "https://lotushomemade.com/product/coffee-german-butter-cookies-sg/" "Mozilla/5.0 (Linux; Android 10; K) AppleWebKit/537.36 (KHTML, like Gecko) Chrome/138.0.0.0 Mobile Safari/537.36 (compatible; Google-Read-Aloud; +https://support.google.com/webmasters/answer/1061943)"
66.102.6.35 - - [29/Mar/2026:08:49:18 +0700] "GET /wp-content/themes/woodmart/css/parts/header-el-my-account.min.css?ver=7.2.5 HTTP/1.1" 200 769 "https://lotushomemade.com/product/coffee-german-butter-cookies-sg/" "Mozilla/5.0 (Linux; Android 10; K) AppleWebKit/537.36 (KHTML, like Gecko) Chrome/138.0.0.0 Mobile Safari/537.36 (compatible; Google-Read-Aloud; +https://support.google.com/webmasters/answer/1061943)"
66.102.6.36 - - [29/Mar/2026:08:49:18 +0700] "GET /wp-content/themes/woodmart/css/parts/mod-star-rating.min.css?ver=7.2.5 HTTP/1.1" 200 808 "https://lotushomemade.com/product/coffee-german-butter-cookies-sg/" "Mozilla/5.0 (Linux; Android 10; K) AppleWebKit/537.36 (KHTML, like Gecko) Chrome/138.0.0.0 Mobile Safari/537.36 (compatible; Google-Read-Aloud; +https://support.google.com/webmasters/answer/1061943)"
66.102.6.36 - - [29/Mar/2026:08:49:18 +0700] "GET /wp-content/themes/woodmart/css/parts/wd-search-form.min.css?ver=7.2.5 HTTP/1.1" 200 1075 "https://lotushomemade.com/product/coffee-german-butter-cookies-sg/" "Mozilla/5.0 (Linux; Android 10; K) AppleWebKit/537.36 (KHTML, like Gecko) Chrome/138.0.0.0 Mobile Safari/537.36 (compatible; Google-Read-Aloud; +https://support.google.com/webmasters/answer/1061943)"
66.102.6.37 - - [29/Mar/2026:08:49:18 +0700] "GET /wp-content/uploads/elementor/css/post-726.css?ver=1700307687 HTTP/1.1" 200 802 "https://lotushomemade.com/product/coffee-german-butter-cookies-sg/" "Mozilla/5.0 (Linux; Android 10; K) AppleWebKit/537.36 (KHTML, like Gecko) Chrome/138.0.0.0 Mobile Safari/537.36 (compatible; Google-Read-Aloud; +https://support.google.com/webmasters/answer/1061943)"
66.102.6.36 - - [29/Mar/2026:08:49:18 +0700] "GET /wp-content/themes/woodmart/css/parts/opt-scrolltotop.min.css?ver=7.2.5 HTTP/1.1" 200 957 "https://lotushomemade.com/product/coffee-german-butter-cookies-sg/" "Mozilla/5.0 (Linux; Android 10; K) AppleWebKit/537.36 (KHTML, like Gecko) Chrome/138.0.0.0 Mobile Safari/537.36 (compatible; Google-Read-Aloud; +https://support.google.com/webmasters/answer/1061943)"
66.102.6.37 - - [29/Mar/2026:08:49:18 +0700] "GET /wp-content/themes/woodmart/css/parts/widget-recent-post-comments.min.css?ver=7.2.5 HTTP/1.1" 200 878 "https://lotushomemade.com/product/coffee-german-butter-cookies-sg/" "Mozilla/5.0 (Linux; Android 10; K) AppleWebKit/537.36 (KHTML, like Gecko) Chrome/138.0.0.0 Mobile Safari/537.36 (compatible; Google-Read-Aloud; +https://support.google.com/webmasters/answer/1061943)"
66.102.6.37 - - [29/Mar/2026:08:49:18 +0700] "GET /wp-content/themes/woodmart/css/parts/opt-scrolltotop.min.css?ver=7.2.5 HTTP/1.1" 200 957 "https://lotushomemade.com/product/coffee-german-butter-cookies-sg/" "Mozilla/5.0 (Linux; Android 10; K) AppleWebKit/537.36 (KHTML, like Gecko) Chrome/138.0.0.0 Mobile Safari/537.36 (compatible; Google-Read-Aloud; +https://support.google.com/webmasters/answer/1061943)"
66.102.6.37 - - [29/Mar/2026:08:49:18 +0700] "GET /wp-content/themes/woodmart/css/parts/mod-tools.min.css?ver=7.2.5 HTTP/1.1" 200 1480 "https://lotushomemade.com/product/coffee-german-butter-cookies-sg/" "Mozilla/5.0 (Linux; Android 10; K) AppleWebKit/537.36 (KHTML, like Gecko) Chrome/138.0.0.0 Mobile Safari/537.36 (compatible; Google-Read-Aloud; +https://support.google.com/webmasters/answer/1061943)"
66.102.6.35 - - [29/Mar/2026:08:49:18 +0700] "GET /wp-content/themes/woodmart/css/parts/lib-photoswipe.min.css?ver=7.2.5 HTTP/1.1" 200 2297 "https://lotushomemade.com/product/coffee-german-butter-cookies-sg/" "Mozilla/5.0 (Linux; Android 10; K) AppleWebKit/537.36 (KHTML, like Gecko) Chrome/138.0.0.0 Mobile Safari/537.36 (compatible; Google-Read-Aloud; +https://support.google.com/webmasters/answer/1061943)"
66.102.6.35 - - [29/Mar/2026:08:49:18 +0700] "GET /wp-content/plugins/revslider/public/assets/css/rs6.css?ver=6.6.18 HTTP/1.1" 200 12576 "https://lotushomemade.com/product/coffee-german-butter-cookies-sg/" "Mozilla/5.0 (Linux; Android 10; K) AppleWebKit/537.36 (KHTML, like Gecko) Chrome/138.0.0.0 Mobile Safari/537.36 (compatible; Google-Read-Aloud; +https://support.google.com/webmasters/answer/1061943)"
66.102.6.37 - - [29/Mar/2026:08:49:18 +0700] "GET /wp-content/uploads/elementor/css/post-18452.css?ver=1700284512 HTTP/1.1" 200 775 "https://lotushomemade.com/product/coffee-german-butter-cookies-sg/" "Mozilla/5.0 (Linux; Android 10; K) AppleWebKit/537.36 (KHTML, like Gecko) Chrome/138.0.0.0 Mobile Safari/537.36 (compatible; Google-Read-Aloud; +https://support.google.com/webmasters/answer/1061943)"
66.102.6.37 - - [29/Mar/2026:08:49:18 +0700] "GET /wp-content/themes/woodmart/css/parts/mod-nav-menu-label.min.css?ver=7.2.5 HTTP/1.1" 200 973 "https://lotushomemade.com/product/coffee-german-butter-cookies-sg/" "Mozilla/5.0 (Linux; Android 10; K) AppleWebKit/537.36 (KHTML, like Gecko) Chrome/138.0.0.0 Mobile Safari/537.36 (compatible; Google-Read-Aloud; +https://support.google.com/webmasters/answer/1061943)"
66.102.6.37 - - [29/Mar/2026:08:49:18 +0700] "GET /wp-content/plugins/revslider/public/assets/fonts/font-awesome/css/font-awesome.css HTTP/1.1" 200 7441 "https://lotushomemade.com/product/coffee-german-butter-cookies-sg/" "Mozilla/5.0 (Linux; Android 10; K) AppleWebKit/537.36 (KHTML, like Gecko) Chrome/138.0.0.0 Mobile Safari/537.36 (compatible; Google-Read-Aloud; +https://support.google.com/webmasters/answer/1061943)"
66.102.6.35 - - [29/Mar/2026:08:49:18 +0700] "GET /wp-content/plugins/preloader-plus/assets/css/preloader-plus.min.css?ver=2.2.1 HTTP/1.1" 200 1075 "https://lotushomemade.com/product/coffee-german-butter-cookies-sg/" "Mozilla/5.0 (Linux; Android 10; K) AppleWebKit/537.36 (KHTML, like Gecko) Chrome/138.0.0.0 Mobile Safari/537.36 (compatible; Google-Read-Aloud; +https://support.google.com/webmasters/answer/1061943)"
66.102.6.36 - - [29/Mar/2026:08:49:18 +0700] "GET /wp-content/themes/woodmart/css/parts/header-el-search.min.css?ver=7.2.5 HTTP/1.1" 200 938 "https://lotushomemade.com/product/coffee-german-butter-cookies-sg/" "Mozilla/5.0 (Linux; Android 10; K) AppleWebKit/537.36 (KHTML, like Gecko) Chrome/138.0.0.0 Mobile Safari/537.36 (compatible; Google-Read-Aloud; +https://support.google.com/webmasters/answer/1061943)"
66.102.6.36 - - [29/Mar/2026:08:49:18 +0700] "GET /wp-content/uploads/elementor/css/post-16719.css?ver=1700284512 HTTP/1.1" 200 733 "https://lotushomemade.com/product/coffee-german-butter-cookies-sg/" "Mozilla/5.0 (Linux; Android 10; K) AppleWebKit/537.36 (KHTML, like Gecko) Chrome/138.0.0.0 Mobile Safari/537.36 (compatible; Google-Read-Aloud; +https://support.google.com/webmasters/answer/1061943)"
66.102.6.37 - - [29/Mar/2026:08:49:18 +0700] "GET /wp-content/uploads/elementor/css/post-228.css?ver=1700283749 HTTP/1.1" 200 688 "https://lotushomemade.com/product/coffee-german-butter-cookies-sg/" "Mozilla/5.0 (Linux; Android 10; K) AppleWebKit/537.36 (KHTML, like Gecko) Chrome/138.0.0.0 Mobile Safari/537.36 (compatible; Google-Read-Aloud; +https://support.google.com/webmasters/answer/1061943)"
66.102.6.37 - - [29/Mar/2026:08:49:18 +0700] "GET /wp-content/uploads/elementor/css/post-16719.css?ver=1700284512 HTTP/1.1" 200 555 "https://lotushomemade.com/product/coffee-german-butter-cookies-sg/" "Mozilla/5.0 (Linux; Android 10; K) AppleWebKit/537.36 (KHTML, like Gecko) Chrome/138.0.0.0 Mobile Safari/537.36 (compatible; Google-Read-Aloud; +https://support.google.com/webmasters/answer/1061943)"
66.102.6.36 - - [29/Mar/2026:08:49:18 +0700] "GET /wp-content/plugins/whatsapp-for-wordpress/assets/dist/js/njt-whatsapp.js?ver=3.5 HTTP/1.1" 200 19297 "https://lotushomemade.com/product/coffee-german-butter-cookies-sg/" "Mozilla/5.0 (Linux; Android 10; K) AppleWebKit/537.36 (KHTML, like Gecko) Chrome/138.0.0.0 Mobile Safari/537.36 (compatible; Google-Read-Aloud; +https://support.google.com/webmasters/answer/1061943)"
66.102.6.37 - - [29/Mar/2026:08:49:18 +0700] "GET /wp-content/themes/woodmart/js/scripts/wc/ajaxFilters.min.js?ver=7.2.5 HTTP/1.1" 200 1368 "https://lotushomemade.com/product/coffee-german-butter-cookies-sg/" "Mozilla/5.0 (Linux; Android 10; K) AppleWebKit/537.36 (KHTML, like Gecko) Chrome/138.0.0.0 Mobile Safari/537.36 (compatible; Google-Read-Aloud; +https://support.google.com/webmasters/answer/1061943)"
66.102.6.36 - - [29/Mar/2026:08:49:18 +0700] "GET /wp-content/plugins/elementor-pro/assets/js/elements-handlers.min.js?ver=3.16.1 HTTP/1.1" 200 8549 "https://lotushomemade.com/product/coffee-german-butter-cookies-sg/" "Mozilla/5.0 (Linux; Android 10; K) AppleWebKit/537.36 (KHTML, like Gecko) Chrome/138.0.0.0 Mobile Safari/537.36 (compatible; Google-Read-Aloud; +https://support.google.com/webmasters/answer/1061943)"
66.102.6.36 - - [29/Mar/2026:08:49:18 +0700] "GET /wp-includes/js/jquery/ui/core.min.js?ver=1.13.3 HTTP/1.1" 200 7262 "https://lotushomemade.com/product/coffee-german-butter-cookies-sg/" "Mozilla/5.0 (Linux; Android 10; K) AppleWebKit/537.36 (KHTML, like Gecko) Chrome/138.0.0.0 Mobile Safari/537.36 (compatible; Google-Read-Aloud; +https://support.google.com/webmasters/answer/1061943)"
66.102.6.35 - - [29/Mar/2026:08:49:18 +0700] "GET /wp-content/themes/woodmart/js/scripts/menu/mobileNavigation.min.js?ver=7.2.5 HTTP/1.1" 200 1003 "https://lotushomemade.com/product/coffee-german-butter-cookies-sg/" "Mozilla/5.0 (Linux; Android 10; K) AppleWebKit/537.36 (KHTML, like Gecko) Chrome/138.0.0.0 Mobile Safari/537.36 (compatible; Google-Read-Aloud; +https://support.google.com/webmasters/answer/1061943)"
66.102.6.37 - - [29/Mar/2026:08:49:18 +0700] "GET /wp-content/themes/woodmart/js/scripts/global/ajaxSearch.min.js?ver=7.2.5 HTTP/1.1" 200 1704 "https://lotushomemade.com/product/coffee-german-butter-cookies-sg/" "Mozilla/5.0 (Linux; Android 10; K) AppleWebKit/537.36 (KHTML, like Gecko) Chrome/138.0.0.0 Mobile Safari/537.36 (compatible; Google-Read-Aloud; +https://support.google.com/webmasters/answer/1061943)"
66.102.6.37 - - [29/Mar/2026:08:49:18 +0700] "GET /wp-content/themes/woodmart/js/scripts/global/searchFullScreen.min.js?ver=7.2.5 HTTP/1.1" 200 1274 "https://lotushomemade.com/product/coffee-german-butter-cookies-sg/" "Mozilla/5.0 (Linux; Android 10; K) AppleWebKit/537.36 (KHTML, like Gecko) Chrome/138.0.0.0 Mobile Safari/537.36 (compatible; Google-Read-Aloud; +https://support.google.com/webmasters/answer/1061943)"
66.102.6.35 - - [29/Mar/2026:08:49:18 +0700] "GET /wp-content/plugins/revslider/public/assets/js/rs6.min.js?ver=6.6.18 HTTP/1.1" 200 104083 "https://lotushomemade.com/product/coffee-german-butter-cookies-sg/" "Mozilla/5.0 (Linux; Android 10; K) AppleWebKit/537.36 (KHTML, like Gecko) Chrome/138.0.0.0 Mobile Safari/537.36 (compatible; Google-Read-Aloud; +https://support.google.com/webmasters/answer/1061943)"
66.102.6.37 - - [29/Mar/2026:08:49:18 +0700] "GET /wp-content/themes/woodmart/js/scripts/wc/stickySidebarBtn.min.js?ver=7.2.5 HTTP/1.1" 200 694 "https://lotushomemade.com/product/coffee-german-butter-cookies-sg/" "Mozilla/5.0 (Linux; Android 10; K) AppleWebKit/537.36 (KHTML, like Gecko) Chrome/138.0.0.0 Mobile Safari/537.36 (compatible; Google-Read-Aloud; +https://support.google.com/webmasters/answer/1061943)"
66.102.6.35 - - [29/Mar/2026:08:49:18 +0700] "GET /wp-content/themes/woodmart/js/scripts/global/promoPopup.min.js?ver=7.2.5 HTTP/1.1" 200 1032 "https://lotushomemade.com/product/coffee-german-butter-cookies-sg/" "Mozilla/5.0 (Linux; Android 10; K) AppleWebKit/537.36 (KHTML, like Gecko) Chrome/138.0.0.0 Mobile Safari/537.36 (compatible; Google-Read-Aloud; +https://support.google.com/webmasters/answer/1061943)"
66.102.6.37 - - [29/Mar/2026:08:49:18 +0700] "GET /wp-content/plugins/woocommerce/assets/js/frontend/cart-fragments.min.js?ver=8.2.1 HTTP/1.1" 200 1391 "https://lotushomemade.com/product/coffee-german-butter-cookies-sg/" "Mozilla/5.0 (Linux; Android 10; K) AppleWebKit/537.36 (KHTML, like Gecko) Chrome/138.0.0.0 Mobile Safari/537.36 (compatible; Google-Read-Aloud; +https://support.google.com/webmasters/answer/1061943)"
66.102.6.35 - - [29/Mar/2026:08:49:18 +0700] "GET /wp-includes/js/comment-reply.min.js?ver=6.9.4 HTTP/1.1" 200 1696 "https://lotushomemade.com/product/coffee-german-butter-cookies-sg/" "Mozilla/5.0 (Linux; Android 10; K) AppleWebKit/537.36 (KHTML, like Gecko) Chrome/138.0.0.0 Mobile Safari/537.36 (compatible; Google-Read-Aloud; +https://support.google.com/webmasters/answer/1061943)"
66.102.6.35 - - [29/Mar/2026:08:49:18 +0700] "GET /wp-content/plugins/revslider/public/assets/js/rbtools.min.js?ver=6.6.18 HTTP/1.1" 200 60389 "https://lotushomemade.com/product/coffee-german-butter-cookies-sg/" "Mozilla/5.0 (Linux; Android 10; K) AppleWebKit/537.36 (KHTML, like Gecko) Chrome/138.0.0.0 Mobile Safari/537.36 (compatible; Google-Read-Aloud; +https://support.google.com/webmasters/answer/1061943)"
66.102.6.37 - - [29/Mar/2026:08:49:18 +0700] "GET /wp-content/themes/woodmart/js/scripts/global/hiddenSidebar.min.js?ver=7.2.5 HTTP/1.1" 200 927 "https://lotushomemade.com/product/coffee-german-butter-cookies-sg/" "Mozilla/5.0 (Linux; Android 10; K) AppleWebKit/537.36 (KHTML, like Gecko) Chrome/138.0.0.0 Mobile Safari/537.36 (compatible; Google-Read-Aloud; +https://support.google.com/webmasters/answer/1061943)"
66.102.6.36 - - [29/Mar/2026:08:49:18 +0700] "GET /wp-content/plugins/whatsapp-for-wordpress/assets/js/whatsapp-popup.js?ver=6.9.4 HTTP/1.1" 200 696 "https://lotushomemade.com/product/coffee-german-butter-cookies-sg/" "Mozilla/5.0 (Linux; Android 10; K) AppleWebKit/537.36 (KHTML, like Gecko) Chrome/138.0.0.0 Mobile Safari/537.36 (compatible; Google-Read-Aloud; +https://support.google.com/webmasters/answer/1061943)"
66.102.6.36 - - [29/Mar/2026:08:49:18 +0700] "GET /wp-content/themes/woodmart/js/scripts/wc/cartWidget.min.js?ver=7.2.5 HTTP/1.1" 200 771 "https://lotushomemade.com/product/coffee-german-butter-cookies-sg/" "Mozilla/5.0 (Linux; Android 10; K) AppleWebKit/537.36 (KHTML, like Gecko) Chrome/138.0.0.0 Mobile Safari/537.36 (compatible; Google-Read-Aloud; +https://support.google.com/webmasters/answer/1061943)"
66.102.6.36 - - [29/Mar/2026:08:49:18 +0700] "GET /wp-content/themes/woodmart/js/scripts/wc/woocommerceComments.min.js?ver=7.2.5 HTTP/1.1" 200 894 "https://lotushomemade.com/product/coffee-german-butter-cookies-sg/" "Mozilla/5.0 (Linux; Android 10; K) AppleWebKit/537.36 (KHTML, like Gecko) Chrome/138.0.0.0 Mobile Safari/537.36 (compatible; Google-Read-Aloud; +https://support.google.com/webmasters/answer/1061943)"
66.102.6.37 - - [29/Mar/2026:08:49:18 +0700] "GET /wp-content/themes/woodmart/fonts/woodmart-font-1-400.woff2?v=7.2.5 HTTP/1.1" 200 10846 "https://lotushomemade.com/wp-content/uploads/2023/11/xts-theme_settings_default-1701313920.css?ver=7.2.5" "Mozilla/5.0 (Linux; Android 10; K) AppleWebKit/537.36 (KHTML, like Gecko) Chrome/138.0.0.0 Mobile Safari/537.36 (compatible; Google-Read-Aloud; +https://support.google.com/webmasters/answer/1061943)"
66.102.6.37 - - [29/Mar/2026:08:49:18 +0700] "GET /wp-content/themes/woodmart/js/libs/autocomplete.min.js?ver=7.2.5 HTTP/1.1" 200 4450 "https://lotushomemade.com/product/coffee-german-butter-cookies-sg/" "Mozilla/5.0 (Linux; Android 10; K) AppleWebKit/537.36 (KHTML, like Gecko) Chrome/138.0.0.0 Mobile Safari/537.36 (compatible; Google-Read-Aloud; +https://support.google.com/webmasters/answer/1061943)"
66.102.6.35 - - [29/Mar/2026:08:49:18 +0700] "GET /wp-content/themes/woodmart/fonts/woodmart-font-1-400.woff2?v=7.2.5 HTTP/1.1" 200 10846 "https://lotushomemade.com/wp-content/uploads/2023/11/xts-theme_settings_default-1701313920.css?ver=7.2.5" "Mozilla/5.0 (Linux; Android 10; K) AppleWebKit/537.36 (KHTML, like Gecko) Chrome/138.0.0.0 Mobile Safari/537.36 (compatible; Google-Read-Aloud; +https://support.google.com/webmasters/answer/1061943)"
66.102.6.36 - - [29/Mar/2026:08:49:18 +0700] "GET /wp-content/themes/woodmart/js/scripts/global/scrollTop.min.js?ver=7.2.5 HTTP/1.1" 200 619 "https://lotushomemade.com/product/coffee-german-butter-cookies-sg/" "Mozilla/5.0 (Linux; Android 10; K) AppleWebKit/537.36 (KHTML, like Gecko) Chrome/138.0.0.0 Mobile Safari/537.36 (compatible; Google-Read-Aloud; +https://support.google.com/webmasters/answer/1061943)"
37.27.59.176 - - [29/Mar/2026:08:49:19 +0700] "GET /shop/page/11/?max_price=845&stock_status=instock,onsale HTTP/1.1" 301 554 "-" "Mozilla/5.0 (compatible; SERankingBacklinksBot/1.0; +https://seranking.com/backlinks-crawler)"
66.102.6.37 - - [29/Mar/2026:08:49:19 +0700] "POST /?wc-ajax=get_refreshed_fragments HTTP/1.1" 200 1108 "https://lotushomemade.com/product/coffee-german-butter-cookies-sg/" "Mozilla/5.0 (Linux; Android 10; K) AppleWebKit/537.36 (KHTML, like Gecko) Chrome/138.0.0.0 Mobile Safari/537.36 (compatible; Google-Read-Aloud; +https://support.google.com/webmasters/answer/1061943)"
37.27.59.176 - - [29/Mar/2026:08:49:20 +0700] "GET /shop/page/11/?max_price=845&stock_status=instock%2Consale HTTP/1.1" 200 40838 "-" "Mozilla/5.0 (compatible; SERankingBacklinksBot/1.0; +https://seranking.com/backlinks-crawler)"
37.27.59.176 - - [29/Mar/2026:08:49:25 +0700] "GET /shop/page/29/?orderby=price&stock_status=instock,onsale HTTP/1.1" 301 376 "-" "Mozilla/5.0 (compatible; SERankingBacklinksBot/1.0; +https://seranking.com/backlinks-crawler)"
37.27.59.176 - - [29/Mar/2026:08:49:26 +0700] "GET /shop/page/29/?orderby=price&stock_status=instock%2Consale HTTP/1.1" 200 41034 "-" "Mozilla/5.0 (compatible; SERankingBacklinksBot/1.0; +https://seranking.com/backlinks-crawler)"
176.31.139.9 - - [29/Mar/2026:08:49:29 +0700] "GET /shop/page/9/?orderby=popularity&stock_status=instock&per_row=6&shop_view=grid&per_page=18 HTTP/2" 200 34915 "-" "Mozilla/5.0 (compatible; AhrefsBot/7.0; +http://ahrefs.com/robot/)"
37.27.59.176 - - [29/Mar/2026:08:49:31 +0700] "GET /shop/page/12/?max_price=420&stock_status=instock,onsale HTTP/1.1" 301 554 "-" "Mozilla/5.0 (compatible; SERankingBacklinksBot/1.0; +https://seranking.com/backlinks-crawler)"
37.27.59.176 - - [29/Mar/2026:08:49:32 +0700] "GET /shop/page/12/?max_price=420&stock_status=instock%2Consale HTTP/1.1" 200 40845 "-" "Mozilla/5.0 (compatible; SERankingBacklinksBot/1.0; +https://seranking.com/backlinks-crawler)"
103.131.51.123 - - [29/Mar/2026:08:49:38 +0700] "POST /wp-cron.php?doing_wp_cron=1774748978.3283460140228271484375 HTTP/1.1" 200 474 "-" "WordPress/6.9.4; https://lotushomemade.com"
37.27.59.176 - - [29/Mar/2026:08:49:37 +0700] "GET /shop/page/12/?max_price=630&stock_status=instock,onsale HTTP/1.1" 301 554 "-" "Mozilla/5.0 (compatible; SERankingBacklinksBot/1.0; +https://seranking.com/backlinks-crawler)"
37.27.59.176 - - [29/Mar/2026:08:49:38 +0700] "GET /shop/page/12/?max_price=630&stock_status=instock%2Consale HTTP/1.1" 200 40848 "-" "Mozilla/5.0 (compatible; SERankingBacklinksBot/1.0; +https://seranking.com/backlinks-crawler)"
37.27.59.176 - - [29/Mar/2026:08:49:43 +0700] "GET /shop/page/12/?max_price=840&stock_status=instock,onsale HTTP/1.1" 301 554 "-" "Mozilla/5.0 (compatible; SERankingBacklinksBot/1.0; +https://seranking.com/backlinks-crawler)"
37.27.59.176 - - [29/Mar/2026:08:49:44 +0700] "GET /shop/page/12/?max_price=840&stock_status=instock%2Consale HTTP/1.1" 200 40816 "-" "Mozilla/5.0 (compatible; SERankingBacklinksBot/1.0; +https://seranking.com/backlinks-crawler)"
143.95.255.155 - - [29/Mar/2026:08:49:46 +0700] "GET /wp-login.php HTTP/2" 200 1889 "-" "Mozilla/5.0 (Windows NT 10.0; Win64; x64) AppleWebKit/537.36 (KHTML, like Gecko) Chrome/66.0.3359.181 Safari/537.36"
143.95.255.155 - - [29/Mar/2026:08:49:47 +0700] "POST /wp-login.php HTTP/2" 200 2027 "https://lotushomemade.com/wp-login.php" "Mozilla/5.0 (Windows NT 10.0; Win64; x64) AppleWebKit/537.36 (KHTML, like Gecko) Chrome/66.0.3359.181 Safari/537.36"
52.167.144.216 - - [29/Mar/2026:08:49:47 +0700] "GET /product-category/kuih-kapit-series/page/5/?per_row=4&shop_view=grid&per_page=8 HTTP/2" 200 32929 "-" "Mozilla/5.0 AppleWebKit/537.36 (KHTML, like Gecko; compatible; bingbot/2.0; +http://www.bing.com/bingbot.htm) Chrome/116.0.1938.76 Safari/537.36"
37.27.59.176 - - [29/Mar/2026:08:49:49 +0700] "GET /shop/page/12/?max_price=845&stock_status=instock,onsale HTTP/1.1" 301 376 "-" "Mozilla/5.0 (compatible; SERankingBacklinksBot/1.0; +https://seranking.com/backlinks-crawler)"
37.27.59.176 - - [29/Mar/2026:08:49:49 +0700] "GET /shop/page/12/?max_price=845&stock_status=instock%2Consale HTTP/1.1" 200 40833 "-" "Mozilla/5.0 (compatible; SERankingBacklinksBot/1.0; +https://seranking.com/backlinks-crawler)"
37.27.59.176 - - [29/Mar/2026:08:49:55 +0700] "GET /shop/page/42/?min_price=0&per_page=8&stock_status=onsale HTTP/1.1" 200 40557 "-" "Mozilla/5.0 (compatible; SERankingBacklinksBot/1.0; +https://seranking.com/backlinks-crawler)"
37.27.59.176 - - [29/Mar/2026:08:50:00 +0700] "GET /shop/page/27/?orderby=rating&stock_status=instock,onsale HTTP/1.1" 301 555 "-" "Mozilla/5.0 (compatible; SERankingBacklinksBot/1.0; +https://seranking.com/backlinks-crawler)"
37.27.59.176 - - [29/Mar/2026:08:50:01 +0700] "GET /shop/page/27/?orderby=rating&stock_status=instock%2Consale HTTP/1.1" 200 40546 "-" "Mozilla/5.0 (compatible; SERankingBacklinksBot/1.0; +https://seranking.com/backlinks-crawler)"
37.27.59.176 - - [29/Mar/2026:08:50:07 +0700] "GET /shop/?min_price=210&per_row=2&per_page=12&shop_view=grid HTTP/1.1" 200 40060 "-" "Mozilla/5.0 (compatible; SERankingBacklinksBot/1.0; +https://seranking.com/backlinks-crawler)"
51.75.236.144 - - [29/Mar/2026:08:50:08 +0700] "GET /shop/page/9/?orderby=rating&stock_status=onsale&per_page=18&shop_view=grid&per_row=6 HTTP/2" 200 34882 "-" "Mozilla/5.0 (compatible; AhrefsBot/7.0; +http://ahrefs.com/robot/)"
37.27.59.176 - - [29/Mar/2026:08:50:12 +0700] "GET /shop/page/42/?min_price=0&stock_status=onsale&per_page=8 HTTP/1.1" 200 40517 "-" "Mozilla/5.0 (compatible; SERankingBacklinksBot/1.0; +https://seranking.com/backlinks-crawler)"
37.27.59.176 - - [29/Mar/2026:08:50:17 +0700] "GET /shop/page/28/?orderby=rating&stock_status=instock,onsale HTTP/1.1" 301 555 "-" "Mozilla/5.0 (compatible; SERankingBacklinksBot/1.0; +https://seranking.com/backlinks-crawler)"
37.27.59.176 - - [29/Mar/2026:08:50:18 +0700] "GET /shop/page/28/?orderby=rating&stock_status=instock%2Consale HTTP/1.1" 200 40426 "-" "Mozilla/5.0 (compatible; SERankingBacklinksBot/1.0; +https://seranking.com/backlinks-crawler)"
37.27.59.176 - - [29/Mar/2026:08:50:23 +0700] "GET /shop/?min_price=210&per_row=2&per_page=18&shop_view=grid HTTP/1.1" 200 39886 "-" "Mozilla/5.0 (compatible; SERankingBacklinksBot/1.0; +https://seranking.com/backlinks-crawler)"
37.27.59.176 - - [29/Mar/2026:08:50:28 +0700] "GET /shop/page/43/?min_price=0&per_page=8&stock_status=onsale HTTP/1.1" 200 40351 "-" "Mozilla/5.0 (compatible; SERankingBacklinksBot/1.0; +https://seranking.com/backlinks-crawler)"
37.27.59.176 - - [29/Mar/2026:08:50:33 +0700] "GET /shop/page/29/?orderby=rating&stock_status=instock,onsale HTTP/1.1" 301 377 "-" "Mozilla/5.0 (compatible; SERankingBacklinksBot/1.0; +https://seranking.com/backlinks-crawler)"
37.27.59.176 - - [29/Mar/2026:08:50:33 +0700] "GET /shop/page/29/?orderby=rating&stock_status=instock%2Consale HTTP/1.1" 200 40195 "-" "Mozilla/5.0 (compatible; SERankingBacklinksBot/1.0; +https://seranking.com/backlinks-crawler)"
103.131.51.123 - - [29/Mar/2026:08:50:40 +0700] "POST /wp-cron.php?doing_wp_cron=1774749040.2915120124816894531250 HTTP/1.1" 200 474 "-" "WordPress/6.9.4; https://lotushomemade.com"
37.27.59.176 - - [29/Mar/2026:08:50:39 +0700] "GET /shop/?min_price=210&per_row=2&per_page=24&shop_view=grid HTTP/1.1" 200 40053 "-" "Mozilla/5.0 (compatible; SERankingBacklinksBot/1.0; +https://seranking.com/backlinks-crawler)"
37.27.59.176 - - [29/Mar/2026:08:50:44 +0700] "GET /shop/page/43/?min_price=0&stock_status=onsale&per_page=8 HTTP/1.1" 200 40142 "-" "Mozilla/5.0 (compatible; SERankingBacklinksBot/1.0; +https://seranking.com/backlinks-crawler)"
37.27.59.176 - - [29/Mar/2026:08:50:48 +0700] "GET /shop/?min_price=210&per_row=4&per_page=12&shop_view=grid HTTP/1.1" 200 39886 "-" "Mozilla/5.0 (compatible; SERankingBacklinksBot/1.0; +https://seranking.com/backlinks-crawler)"
37.27.59.176 - - [29/Mar/2026:08:50:53 +0700] "GET /shop/page/44/?min_price=0&per_page=8&stock_status=onsale HTTP/1.1" 200 40304 "-" "Mozilla/5.0 (compatible; SERankingBacklinksBot/1.0; +https://seranking.com/backlinks-crawler)"
37.27.59.176 - - [29/Mar/2026:08:50:59 +0700] "GET /shop/?min_price=210&per_row=4&per_page=18&shop_view=grid HTTP/1.1" 200 39892 "-" "Mozilla/5.0 (compatible; SERankingBacklinksBot/1.0; +https://seranking.com/backlinks-crawler)"
37.27.59.176 - - [29/Mar/2026:08:51:04 +0700] "GET /shop/page/44/?min_price=0&stock_status=onsale&per_page=8 HTTP/1.1" 200 40329 "-" "Mozilla/5.0 (compatible; SERankingBacklinksBot/1.0; +https://seranking.com/backlinks-crawler)"
37.27.59.176 - - [29/Mar/2026:08:51:09 +0700] "GET /shop/?min_price=210&per_row=4&per_page=24&shop_view=grid HTTP/1.1" 200 40081 "-" "Mozilla/5.0 (compatible; SERankingBacklinksBot/1.0; +https://seranking.com/backlinks-crawler)"
37.27.59.176 - - [29/Mar/2026:08:51:13 +0700] "GET /shop/page/5/?min_price=0&per_page=12&stock_status=onsale HTTP/1.1" 200 40941 "-" "Mozilla/5.0 (compatible; SERankingBacklinksBot/1.0; +https://seranking.com/backlinks-crawler)"
37.27.59.176 - - [29/Mar/2026:08:51:20 +0700] "GET /shop/?min_price=210&per_row=6&per_page=12&shop_view=grid HTTP/1.1" 200 40047 "-" "Mozilla/5.0 (compatible; SERankingBacklinksBot/1.0; +https://seranking.com/backlinks-crawler)"
37.59.204.148 - - [29/Mar/2026:08:51:21 +0700] "GET /shop/page/14/?orderby=rating&stock_status=onsale&per_page=18&shop_view=grid&per_row=6 HTTP/2" 200 34238 "-" "Mozilla/5.0 (compatible; AhrefsBot/7.0; +http://ahrefs.com/robot/)"
37.27.59.176 - - [29/Mar/2026:08:51:25 +0700] "GET /shop/page/5/?min_price=0&per_page=18&stock_status=onsale HTTP/1.1" 200 41862 "-" "Mozilla/5.0 (compatible; SERankingBacklinksBot/1.0; +https://seranking.com/backlinks-crawler)"
37.27.59.176 - - [29/Mar/2026:08:51:30 +0700] "GET /shop/?min_price=210&per_row=6&per_page=18&shop_view=grid HTTP/1.1" 200 39901 "-" "Mozilla/5.0 (compatible; SERankingBacklinksBot/1.0; +https://seranking.com/backlinks-crawler)"
37.27.59.176 - - [29/Mar/2026:08:51:35 +0700] "GET /shop/page/5/?min_price=0&per_page=24&stock_status=onsale HTTP/1.1" 200 42107 "-" "Mozilla/5.0 (compatible; SERankingBacklinksBot/1.0; +https://seranking.com/backlinks-crawler)"
103.131.51.123 - - [29/Mar/2026:08:51:41 +0700] "POST /wp-cron.php?doing_wp_cron=1774749101.7230279445648193359375 HTTP/1.1" 200 474 "-" "WordPress/6.9.4; https://lotushomemade.com"
37.27.59.176 - - [29/Mar/2026:08:51:40 +0700] "GET /shop/?min_price=210&per_row=6&per_page=24&shop_view=grid HTTP/1.1" 200 40059 "-" "Mozilla/5.0 (compatible; SERankingBacklinksBot/1.0; +https://seranking.com/backlinks-crawler)"
37.27.59.176 - - [29/Mar/2026:08:51:45 +0700] "GET /shop/page/5/?min_price=0&per_page=8&stock_status=instock HTTP/1.1" 200 40454 "-" "Mozilla/5.0 (compatible; SERankingBacklinksBot/1.0; +https://seranking.com/backlinks-crawler)"
37.27.59.176 - - [29/Mar/2026:08:51:50 +0700] "GET /shop/?min_price=420&per_row=2&per_page=12&shop_view=grid HTTP/1.1" 200 39930 "-" "Mozilla/5.0 (compatible; SERankingBacklinksBot/1.0; +https://seranking.com/backlinks-crawler)"
37.27.59.176 - - [29/Mar/2026:08:51:56 +0700] "GET /shop/page/5/?min_price=0&stock_status=instock&per_page=8 HTTP/1.1" 200 40628 "-" "Mozilla/5.0 (compatible; SERankingBacklinksBot/1.0; +https://seranking.com/backlinks-crawler)"
37.27.59.176 - - [29/Mar/2026:08:52:00 +0700] "GET /shop/?min_price=420&per_row=2&per_page=18&shop_view=grid HTTP/1.1" 200 39694 "-" "Mozilla/5.0 (compatible; SERankingBacklinksBot/1.0; +https://seranking.com/backlinks-crawler)"
37.27.59.176 - - [29/Mar/2026:08:52:06 +0700] "GET /shop/page/5/?min_price=0&stock_status=onsale&per_page=12 HTTP/1.1" 200 41080 "-" "Mozilla/5.0 (compatible; SERankingBacklinksBot/1.0; +https://seranking.com/backlinks-crawler)"
52.167.144.216 - - [29/Mar/2026:08:52:06 +0700] "GET /?post_type=post&s= HTTP/2" 200 31360 "-" "Mozilla/5.0 AppleWebKit/537.36 (KHTML, like Gecko; compatible; bingbot/2.0; +http://www.bing.com/bingbot.htm) Chrome/116.0.1938.76 Safari/537.36"
37.27.59.176 - - [29/Mar/2026:08:52:11 +0700] "GET /shop/?min_price=420&per_row=2&per_page=24&shop_view=grid HTTP/1.1" 200 39712 "-" "Mozilla/5.0 (compatible; SERankingBacklinksBot/1.0; +https://seranking.com/backlinks-crawler)"
37.27.59.176 - - [29/Mar/2026:08:52:16 +0700] "GET /shop/page/5/?min_price=0&stock_status=onsale&per_page=18 HTTP/1.1" 200 41820 "-" "Mozilla/5.0 (compatible; SERankingBacklinksBot/1.0; +https://seranking.com/backlinks-crawler)"
34.73.73.46 - - [29/Mar/2026:08:52:18 +0700] "POST /xmlrpc.php HTTP/1.1" 200 676 "-" "Mozilla/5.0 (Windows NT 10.0; rv:144.0) Gecko/20100101 Firefox/144.0"
37.27.59.176 - - [29/Mar/2026:08:52:21 +0700] "GET /shop/?min_price=420&per_row=4&per_page=12&shop_view=grid HTTP/1.1" 200 39729 "-" "Mozilla/5.0 (compatible; SERankingBacklinksBot/1.0; +https://seranking.com/backlinks-crawler)"
37.27.59.176 - - [29/Mar/2026:08:52:27 +0700] "GET /shop/page/5/?min_price=0&stock_status=onsale&per_page=24 HTTP/1.1" 200 42307 "-" "Mozilla/5.0 (compatible; SERankingBacklinksBot/1.0; +https://seranking.com/backlinks-crawler)"
37.27.59.176 - - [29/Mar/2026:08:52:32 +0700] "GET /shop/?min_price=420&per_row=4&per_page=18&shop_view=grid HTTP/1.1" 200 39713 "-" "Mozilla/5.0 (compatible; SERankingBacklinksBot/1.0; +https://seranking.com/backlinks-crawler)"
103.131.51.123 - - [29/Mar/2026:08:52:38 +0700] "POST /wp-cron.php?doing_wp_cron=1774749158.8905310630798339843750 HTTP/1.1" 200 474 "-" "WordPress/6.9.4; https://lotushomemade.com"
37.27.59.176 - - [29/Mar/2026:08:52:37 +0700] "GET /shop/page/5/?orderby=date&per_page=8&stock_status=onsale HTTP/1.1" 200 40614 "-" "Mozilla/5.0 (compatible; SERankingBacklinksBot/1.0; +https://seranking.com/backlinks-crawler)"
103.131.51.123 - - [29/Mar/2026:08:52:39 +0700] "POST /wp-cron.php?doing_wp_cron=1774749159.4091100692749023437500 HTTP/1.1" 200 474 "-" "WordPress/6.9.4; https://lotushomemade.com"
51.68.247.206 - - [29/Mar/2026:08:52:37 +0700] "GET /shop/page/9/?orderby=price-desc&stock_status=instock&per_page=18&shop_view=grid&per_row=6 HTTP/2" 200 35014 "-" "Mozilla/5.0 (compatible; AhrefsBot/7.0; +http://ahrefs.com/robot/)"
37.27.59.176 - - [29/Mar/2026:08:52:43 +0700] "GET /shop/?min_price=420&per_row=4&per_page=24&shop_view=grid HTTP/1.1" 200 39713 "-" "Mozilla/5.0 (compatible; SERankingBacklinksBot/1.0; +https://seranking.com/backlinks-crawler)"
37.27.59.176 - - [29/Mar/2026:08:52:48 +0700] "GET /shop/page/5/?orderby=date&stock_status=onsale&per_page=8 HTTP/1.1" 200 40620 "-" "Mozilla/5.0 (compatible; SERankingBacklinksBot/1.0; +https://seranking.com/backlinks-crawler)"
37.27.59.176 - - [29/Mar/2026:08:52:53 +0700] "GET /shop/?min_price=420&per_row=6&per_page=12&shop_view=grid HTTP/1.1" 200 39735 "-" "Mozilla/5.0 (compatible; SERankingBacklinksBot/1.0; +https://seranking.com/backlinks-crawler)"
94.23.188.211 - - [29/Mar/2026:08:52:56 +0700] "GET /shop/page/14/?orderby=popularity&stock_status=instock&per_row=6&shop_view=grid&per_page=18 HTTP/2" 200 34111 "-" "Mozilla/5.0 (compatible; AhrefsBot/7.0; +http://ahrefs.com/robot/)"
37.27.59.176 - - [29/Mar/2026:08:52:58 +0700] "GET /shop/page/5/?orderby=popularity&per_row=2&shop_view=grid HTTP/1.1" 200 41146 "-" "Mozilla/5.0 (compatible; SERankingBacklinksBot/1.0; +https://seranking.com/backlinks-crawler)"
37.27.59.176 - - [29/Mar/2026:08:53:03 +0700] "GET /shop/?min_price=420&per_row=6&per_page=18&shop_view=grid HTTP/1.1" 200 39720 "-" "Mozilla/5.0 (compatible; SERankingBacklinksBot/1.0; +https://seranking.com/backlinks-crawler)"
92.222.108.115 - - [29/Mar/2026:08:53:08 +0700] "GET /shop/page/14/?orderby=rating&stock_status=onsale&per_page=18&shop_view=grid&per_row=6 HTTP/2" 200 34229 "-" "Mozilla/5.0 (compatible; AhrefsBot/7.0; +http://ahrefs.com/robot/)"
37.27.59.176 - - [29/Mar/2026:08:53:09 +0700] "GET /shop/page/5/?orderby=popularity&per_row=4&shop_view=grid HTTP/1.1" 200 41180 "-" "Mozilla/5.0 (compatible; SERankingBacklinksBot/1.0; +https://seranking.com/backlinks-crawler)"
92.222.104.222 - - [29/Mar/2026:08:53:13 +0700] "GET /shop/page/9/?orderby=price-desc&stock_status=instock&per_page=18&shop_view=grid&per_row=6 HTTP/2" 200 34934 "-" "Mozilla/5.0 (compatible; AhrefsBot/7.0; +http://ahrefs.com/robot/)"
37.27.59.176 - - [29/Mar/2026:08:53:15 +0700] "GET /shop/?min_price=420&per_row=6&per_page=24&shop_view=grid HTTP/1.1" 200 39869 "-" "Mozilla/5.0 (compatible; SERankingBacklinksBot/1.0; +https://seranking.com/backlinks-crawler)"
37.27.59.176 - - [29/Mar/2026:08:53:19 +0700] "GET /shop/page/5/?orderby=popularity&per_row=6&shop_view=grid HTTP/1.1" 200 41046 "-" "Mozilla/5.0 (compatible; SERankingBacklinksBot/1.0; +https://seranking.com/backlinks-crawler)"
37.27.59.176 - - [29/Mar/2026:08:53:24 +0700] "GET /shop/?min_price=630&per_row=2&per_page=12&shop_view=grid HTTP/1.1" 200 39710 "-" "Mozilla/5.0 (compatible; SERankingBacklinksBot/1.0; +https://seranking.com/backlinks-crawler)"
37.27.59.176 - - [29/Mar/2026:08:53:30 +0700] "GET /shop/page/5/?orderby=price-desc&per_row=2&shop_view=grid HTTP/1.1" 200 41269 "-" "Mozilla/5.0 (compatible; SERankingBacklinksBot/1.0; +https://seranking.com/backlinks-crawler)"
37.27.59.176 - - [29/Mar/2026:08:53:34 +0700] "GET /shop/?min_price=630&per_row=2&per_page=18&shop_view=grid HTTP/1.1" 200 39692 "-" "Mozilla/5.0 (compatible; SERankingBacklinksBot/1.0; +https://seranking.com/backlinks-crawler)"
103.131.51.123 - - [29/Mar/2026:08:53:40 +0700] "POST /wp-cron.php?doing_wp_cron=1774749220.7400140762329101562500 HTTP/1.1" 200 474 "-" "WordPress/6.9.4; https://lotushomemade.com"
37.27.59.176 - - [29/Mar/2026:08:53:39 +0700] "GET /shop/page/5/?orderby=price-desc&per_row=4&shop_view=grid HTTP/1.1" 200 41067 "-" "Mozilla/5.0 (compatible; SERankingBacklinksBot/1.0; +https://seranking.com/backlinks-crawler)"
37.27.59.176 - - [29/Mar/2026:08:53:44 +0700] "GET /shop/?min_price=630&per_row=2&per_page=24&shop_view=grid HTTP/1.1" 200 39872 "-" "Mozilla/5.0 (compatible; SERankingBacklinksBot/1.0; +https://seranking.com/backlinks-crawler)"
103.131.51.123 - - [29/Mar/2026:08:53:51 +0700] "POST /wp-cron.php?doing_wp_cron=1774749231.2162990570068359375000 HTTP/1.1" 200 474 "-" "WordPress/6.9.4; https://lotushomemade.com"
37.27.59.176 - - [29/Mar/2026:08:53:49 +0700] "GET /shop/page/5/?orderby=price-desc&per_row=6&shop_view=grid HTTP/1.1" 200 41108 "-" "Mozilla/5.0 (compatible; SERankingBacklinksBot/1.0; +https://seranking.com/backlinks-crawler)"
37.27.59.176 - - [29/Mar/2026:08:53:55 +0700] "GET /shop/?min_price=630&per_row=4&per_page=12&shop_view=grid HTTP/1.1" 200 39901 "-" "Mozilla/5.0 (compatible; SERankingBacklinksBot/1.0; +https://seranking.com/backlinks-crawler)"
37.27.59.176 - - [29/Mar/2026:08:54:00 +0700] "GET /shop/page/6/?min_price=0&per_page=12&stock_status=onsale HTTP/1.1" 200 41070 "-" "Mozilla/5.0 (compatible; SERankingBacklinksBot/1.0; +https://seranking.com/backlinks-crawler)"
37.27.59.176 - - [29/Mar/2026:08:54:05 +0700] "GET /shop/?min_price=630&per_row=4&per_page=18&shop_view=grid HTTP/1.1" 200 39717 "-" "Mozilla/5.0 (compatible; SERankingBacklinksBot/1.0; +https://seranking.com/backlinks-crawler)"
51.68.247.209 - - [29/Mar/2026:08:54:06 +0700] "GET /shop/page/9/?orderby=rating&stock_status=onsale&per_row=4&shop_view=grid&per_page=18 HTTP/2" 200 34880 "-" "Mozilla/5.0 (compatible; AhrefsBot/7.0; +http://ahrefs.com/robot/)"
188.40.141.252 - - [29/Mar/2026:08:54:09 +0700] "GET /wp-login.php HTTP/2" 200 1889 "-" "Mozilla/5.0 (Windows NT 10.0; WOW64) AppleWebKit/537.36 (KHTML, like Gecko) Chrome/67.0.3396.79 Safari/537.36"
188.40.141.252 - - [29/Mar/2026:08:54:09 +0700] "POST /wp-login.php HTTP/2" 200 2027 "https://lotushomemade.com/wp-login.php" "Mozilla/5.0 (Windows NT 10.0; WOW64) AppleWebKit/537.36 (KHTML, like Gecko) Chrome/67.0.3396.79 Safari/537.36"
37.27.59.176 - - [29/Mar/2026:08:54:10 +0700] "GET /shop/page/6/?min_price=0&per_page=18&stock_status=onsale HTTP/1.1" 200 41808 "-" "Mozilla/5.0 (compatible; SERankingBacklinksBot/1.0; +https://seranking.com/backlinks-crawler)"
37.27.59.176 - - [29/Mar/2026:08:54:15 +0700] "GET /shop/?min_price=630&per_row=4&per_page=24&shop_view=grid HTTP/1.1" 200 39718 "-" "Mozilla/5.0 (compatible; SERankingBacklinksBot/1.0; +https://seranking.com/backlinks-crawler)"
37.27.59.176 - - [29/Mar/2026:08:54:20 +0700] "GET /shop/page/6/?min_price=0&per_page=24&stock_status=onsale HTTP/1.1" 200 42397 "-" "Mozilla/5.0 (compatible; SERankingBacklinksBot/1.0; +https://seranking.com/backlinks-crawler)"
92.222.104.194 - - [29/Mar/2026:08:54:22 +0700] "GET /shop/page/9/?orderby=rating&stock_status=onsale&per_row=4&shop_view=grid&per_page=18 HTTP/2" 200 34885 "-" "Mozilla/5.0 (compatible; AhrefsBot/7.0; +http://ahrefs.com/robot/)"
37.27.59.176 - - [29/Mar/2026:08:54:25 +0700] "GET /shop/?min_price=630&per_row=6&per_page=12&shop_view=grid HTTP/1.1" 200 39708 "-" "Mozilla/5.0 (compatible; SERankingBacklinksBot/1.0; +https://seranking.com/backlinks-crawler)"
51.68.247.207 - - [29/Mar/2026:08:54:26 +0700] "GET /shop/page/9/?orderby=rating&stock_status=onsale&per_page=18&shop_view=grid&per_row=6 HTTP/2" 200 34860 "-" "Mozilla/5.0 (compatible; AhrefsBot/7.0; +http://ahrefs.com/robot/)"
37.27.59.176 - - [29/Mar/2026:08:54:29 +0700] "GET /shop/page/6/?min_price=0&per_page=8&stock_status=instock HTTP/1.1" 200 40450 "-" "Mozilla/5.0 (compatible; SERankingBacklinksBot/1.0; +https://seranking.com/backlinks-crawler)"
37.27.59.176 - - [29/Mar/2026:08:54:35 +0700] "GET /shop/?min_price=630&per_row=6&per_page=18&shop_view=grid HTTP/1.1" 200 39887 "-" "Mozilla/5.0 (compatible; SERankingBacklinksBot/1.0; +https://seranking.com/backlinks-crawler)"
103.131.51.123 - - [29/Mar/2026:08:54:41 +0700] "POST /wp-cron.php?doing_wp_cron=1774749281.8993411064147949218750 HTTP/1.1" 200 474 "-" "WordPress/6.9.4; https://lotushomemade.com"
37.27.59.176 - - [29/Mar/2026:08:54:40 +0700] "GET /shop/page/6/?min_price=0&stock_status=instock&per_page=8 HTTP/1.1" 200 40417 "-" "Mozilla/5.0 (compatible; SERankingBacklinksBot/1.0; +https://seranking.com/backlinks-crawler)"
37.27.59.176 - - [29/Mar/2026:08:54:45 +0700] "GET /shop/?min_price=630&per_row=6&per_page=24&shop_view=grid HTTP/1.1" 200 39892 "-" "Mozilla/5.0 (compatible; SERankingBacklinksBot/1.0; +https://seranking.com/backlinks-crawler)"
37.27.59.176 - - [29/Mar/2026:08:54:51 +0700] "GET /shop/page/6/?min_price=0&stock_status=onsale&per_page=12 HTTP/1.1" 200 41060 "-" "Mozilla/5.0 (compatible; SERankingBacklinksBot/1.0; +https://seranking.com/backlinks-crawler)"
37.27.59.176 - - [29/Mar/2026:08:54:57 +0700] "GET /shop/?min_price=840&per_row=2&per_page=12&shop_view=grid HTTP/1.1" 200 39913 "-" "Mozilla/5.0 (compatible; SERankingBacklinksBot/1.0; +https://seranking.com/backlinks-crawler)"
107.20.25.33 - - [29/Mar/2026:08:54:58 +0700] "GET /product/kuih-bangkit-l/feed/ HTTP/1.1" 200 1303 "-" "Mozilla/5.0 AppleWebKit/537.36 (KHTML, like Gecko; compatible; Amazonbot/0.1; +https://developer.amazon.com/support/amazonbot) Chrome/119.0.6045.214 Safari/537.36"
37.27.59.176 - - [29/Mar/2026:08:55:02 +0700] "GET /shop/page/6/?min_price=0&stock_status=onsale&per_page=18 HTTP/1.1" 200 41789 "-" "Mozilla/5.0 (compatible; SERankingBacklinksBot/1.0; +https://seranking.com/backlinks-crawler)"
37.27.59.176 - - [29/Mar/2026:08:55:07 +0700] "GET /shop/?min_price=840&per_row=2&per_page=18&shop_view=grid HTTP/1.1" 200 39714 "-" "Mozilla/5.0 (compatible; SERankingBacklinksBot/1.0; +https://seranking.com/backlinks-crawler)"
37.27.59.176 - - [29/Mar/2026:08:55:12 +0700] "GET /shop/page/6/?min_price=0&stock_status=onsale&per_page=24 HTTP/1.1" 200 42099 "-" "Mozilla/5.0 (compatible; SERankingBacklinksBot/1.0; +https://seranking.com/backlinks-crawler)"
37.27.59.176 - - [29/Mar/2026:08:55:17 +0700] "GET /shop/?min_price=840&per_row=2&per_page=24&shop_view=grid HTTP/1.1" 200 39881 "-" "Mozilla/5.0 (compatible; SERankingBacklinksBot/1.0; +https://seranking.com/backlinks-crawler)"
37.27.59.176 - - [29/Mar/2026:08:55:22 +0700] "GET /shop/page/6/?orderby=date&per_page=8&stock_status=onsale HTTP/1.1" 200 40487 "-" "Mozilla/5.0 (compatible; SERankingBacklinksBot/1.0; +https://seranking.com/backlinks-crawler)"
37.27.59.176 - - [29/Mar/2026:08:55:27 +0700] "GET /shop/?min_price=840&per_row=4&per_page=12&shop_view=grid HTTP/1.1" 200 39716 "-" "Mozilla/5.0 (compatible; SERankingBacklinksBot/1.0; +https://seranking.com/backlinks-crawler)"
37.27.59.176 - - [29/Mar/2026:08:55:32 +0700] "GET /shop/page/6/?orderby=date&stock_status=onsale&per_page=8 HTTP/1.1" 200 40594 "-" "Mozilla/5.0 (compatible; SERankingBacklinksBot/1.0; +https://seranking.com/backlinks-crawler)"
5.39.109.180 - - [29/Mar/2026:08:55:33 +0700] "GET /shop/page/14/?orderby=rating&stock_status=onsale&per_row=4&shop_view=grid&per_page=18 HTTP/2" 200 34251 "-" "Mozilla/5.0 (compatible; AhrefsBot/7.0; +http://ahrefs.com/robot/)"
103.131.51.123 - - [29/Mar/2026:08:55:38 +0700] "POST /wp-cron.php?doing_wp_cron=1774749338.7631928920745849609375 HTTP/1.1" 200 474 "-" "WordPress/6.9.4; https://lotushomemade.com"
37.27.59.176 - - [29/Mar/2026:08:55:37 +0700] "GET /shop/?min_price=840&per_row=4&per_page=18&shop_view=grid HTTP/1.1" 200 39730 "-" "Mozilla/5.0 (compatible; SERankingBacklinksBot/1.0; +https://seranking.com/backlinks-crawler)"
37.27.59.176 - - [29/Mar/2026:08:55:42 +0700] "GET /shop/page/6/?orderby=popularity&per_row=2&shop_view=grid HTTP/1.1" 200 41047 "-" "Mozilla/5.0 (compatible; SERankingBacklinksBot/1.0; +https://seranking.com/backlinks-crawler)"
37.27.59.176 - - [29/Mar/2026:08:55:48 +0700] "GET /shop/?min_price=840&per_row=4&per_page=24&shop_view=grid HTTP/1.1" 200 39875 "-" "Mozilla/5.0 (compatible; SERankingBacklinksBot/1.0; +https://seranking.com/backlinks-crawler)"
37.27.59.176 - - [29/Mar/2026:08:55:52 +0700] "GET /shop/page/6/?orderby=popularity&per_row=4&shop_view=grid HTTP/1.1" 200 40936 "-" "Mozilla/5.0 (compatible; SERankingBacklinksBot/1.0; +https://seranking.com/backlinks-crawler)"
37.27.59.176 - - [29/Mar/2026:08:55:57 +0700] "GET /shop/?min_price=840&per_row=6&per_page=12&shop_view=grid HTTP/1.1" 200 39890 "-" "Mozilla/5.0 (compatible; SERankingBacklinksBot/1.0; +https://seranking.com/backlinks-crawler)"
37.27.59.176 - - [29/Mar/2026:08:56:02 +0700] "GET /shop/page/6/?orderby=popularity&per_row=6&shop_view=grid HTTP/1.1" 200 40937 "-" "Mozilla/5.0 (compatible; SERankingBacklinksBot/1.0; +https://seranking.com/backlinks-crawler)"
37.27.59.176 - - [29/Mar/2026:08:56:07 +0700] "GET /shop/?min_price=840&per_row=6&per_page=18&shop_view=grid HTTP/1.1" 200 39734 "-" "Mozilla/5.0 (compatible; SERankingBacklinksBot/1.0; +https://seranking.com/backlinks-crawler)"
37.27.59.176 - - [29/Mar/2026:08:56:12 +0700] "GET /shop/page/6/?orderby=price-desc&per_row=2&shop_view=grid HTTP/1.1" 200 41187 "-" "Mozilla/5.0 (compatible; SERankingBacklinksBot/1.0; +https://seranking.com/backlinks-crawler)"
37.27.59.176 - - [29/Mar/2026:08:56:17 +0700] "GET /shop/?min_price=840&per_row=6&per_page=24&shop_view=grid HTTP/1.1" 200 39726 "-" "Mozilla/5.0 (compatible; SERankingBacklinksBot/1.0; +https://seranking.com/backlinks-crawler)"
37.27.59.176 - - [29/Mar/2026:08:56:22 +0700] "GET /shop/page/6/?orderby=price-desc&per_row=4&shop_view=grid HTTP/1.1" 200 41054 "-" "Mozilla/5.0 (compatible; SERankingBacklinksBot/1.0; +https://seranking.com/backlinks-crawler)"
37.27.59.176 - - [29/Mar/2026:08:56:27 +0700] "GET /shop/page/1/?min_price=0&per_page=12&stock_status=onsale HTTP/1.1" 301 592 "-" "Mozilla/5.0 (compatible; SERankingBacklinksBot/1.0; +https://seranking.com/backlinks-crawler)"
37.27.59.176 - - [29/Mar/2026:08:56:28 +0700] "GET /shop/?min_price=0&per_page=12&stock_status=onsale HTTP/1.1" 200 41557 "-" "Mozilla/5.0 (compatible; SERankingBacklinksBot/1.0; +https://seranking.com/backlinks-crawler)"
37.27.59.176 - - [29/Mar/2026:08:56:32 +0700] "GET /shop/page/6/?orderby=price-desc&per_row=6&shop_view=grid HTTP/1.1" 200 40989 "-" "Mozilla/5.0 (compatible; SERankingBacklinksBot/1.0; +https://seranking.com/backlinks-crawler)"
103.131.51.123 - - [29/Mar/2026:08:56:39 +0700] "POST /wp-cron.php?doing_wp_cron=1774749399.1373660564422607421875 HTTP/1.1" 200 474 "-" "WordPress/6.9.4; https://lotushomemade.com"
40.77.167.27 - - [29/Mar/2026:08:56:37 +0700] "GET /product-category/kuih-kapit-series/?per_row=2&per_page=8&shop_view=grid&stock_status=onsale HTTP/2" 200 34258 "-" "Mozilla/5.0 AppleWebKit/537.36 (KHTML, like Gecko; compatible; bingbot/2.0; +http://www.bing.com/bingbot.htm) Chrome/116.0.1938.76 Safari/537.36"
37.27.59.176 - - [29/Mar/2026:08:56:39 +0700] "GET /shop/page/1/?min_price=0&per_page=18&stock_status=onsale HTTP/1.1" 301 592 "-" "Mozilla/5.0 (compatible; SERankingBacklinksBot/1.0; +https://seranking.com/backlinks-crawler)"
37.27.59.176 - - [29/Mar/2026:08:56:40 +0700] "GET /shop/?min_price=0&per_page=18&stock_status=onsale HTTP/1.1" 200 42321 "-" "Mozilla/5.0 (compatible; SERankingBacklinksBot/1.0; +https://seranking.com/backlinks-crawler)"
