37.27.59.176 - - [29/Mar/2026:12:18:30 +0700] "GET /shop/page/22/?min_price=0&per_row=4&per_page=12&shop_view=grid HTTP/1.1" 200 40602 "-" "Mozilla/5.0 (compatible; SERankingBacklinksBot/1.0; +https://seranking.com/backlinks-crawler)"
37.27.59.176 - - [29/Mar/2026:12:18:35 +0700] "GET /shop/page/6/?orderby=date&per_row=6&shop_view=grid&per_page=18 HTTP/1.1" 200 41895 "-" "Mozilla/5.0 (compatible; SERankingBacklinksBot/1.0; +https://seranking.com/backlinks-crawler)"
103.131.51.123 - - [29/Mar/2026:12:18:41 +0700] "POST /wp-cron.php?doing_wp_cron=1774761521.5295259952545166015625 HTTP/1.1" 200 474 "-" "WordPress/6.9.4; https://lotushomemade.com"
37.27.59.176 - - [29/Mar/2026:12:18:40 +0700] "GET /shop/page/22/?min_price=0&per_row=6&per_page=12&shop_view=grid HTTP/1.1" 200 40591 "-" "Mozilla/5.0 (compatible; SERankingBacklinksBot/1.0; +https://seranking.com/backlinks-crawler)"
37.27.59.176 - - [29/Mar/2026:12:18:45 +0700] "GET /shop/page/6/?orderby=date&per_row=6&shop_view=grid&per_page=24 HTTP/1.1" 200 42359 "-" "Mozilla/5.0 (compatible; SERankingBacklinksBot/1.0; +https://seranking.com/backlinks-crawler)"
37.27.59.176 - - [29/Mar/2026:12:18:50 +0700] "GET /shop/page/23/?min_price=0&per_row=2&per_page=12&shop_view=grid HTTP/1.1" 200 40465 "-" "Mozilla/5.0 (compatible; SERankingBacklinksBot/1.0; +https://seranking.com/backlinks-crawler)"
206.189.230.113 - - [29/Mar/2026:12:18:51 +0700] "GET /wp-content/uploads/2023/11/1069.png HTTP/1.1" 200 842249 "https://lotushomemade.com/" "Mozilla/5.0 (Windows NT 10.0; Win64; x64) AppleWebKit/537.36 (KHTML, like Gecko) Chrome/110.0.0.0 Safari/537.36"
104.248.232.91 - - [29/Mar/2026:12:18:51 +0700] "GET /product/scs-butter-pineapple-roll-sg/729 HTTP/1.1" 301 609 "https://lotushomemade.com/" "Mozilla/5.0 (Windows NT 10.0; Win64; x64) AppleWebKit/537.36 (KHTML, like Gecko) Chrome/116.0.0.0 Safari/537.36"
142.93.4.105 - - [29/Mar/2026:12:18:51 +0700] "GET /wp-content/uploads/2023/11/1143-430x430.png%20430w,%20https://lotushomemade.com/wp-content/uploads/2023/11/1143-300x300.png%20300w,%20https://lotushomemade.com/wp-content/uploads/2023/11/1143-150x150.png%20150w,%20https://lotushomemade.com/wp-content/uploads/2023/11/1143-700x700.png%20700w,%20https://lotushomemade.com/wp-content/uploads/2023/11/1143.png%20729w HTTP/1.1" 301 930 "https://lotushomemade.com/" "Mozilla/5.0 (Windows NT 10.0; Win64; x64) AppleWebKit/537.36 (KHTML, like Gecko) Chrome/104.0.5112.81 Safari/537.36"
137.184.210.160 - - [29/Mar/2026:12:18:51 +0700] "GET /wp-content/uploads/2023/11/1069-700x700.png%20700w,%20https://lotushomemade.com/wp-content/uploads/2023/11/1069-300x300.png%20300w,%20https://lotushomemade.com/wp-content/uploads/2023/11/1069-150x150.png%20150w,%20https://lotushomemade.com/wp-content/uploads/2023/11/1069-430x430.png%20430w,%20https://lotushomemade.com/wp-content/uploads/2023/11/1069.png%20729w HTTP/1.1" 301 930 "https://lotushomemade.com/" "Mozilla/5.0 (Windows NT 10.0; Win64; x64) AppleWebKit/537.36 (KHTML, like Gecko) Chrome/105.0.0.0 Safari/537.3"
104.248.60.125 - - [29/Mar/2026:12:18:51 +0700] "GET /product/cappucino-cheese-cookies_8080-s/729 HTTP/1.1" 301 612 "https://lotushomemade.com/" "Mozilla/5.0 (Windows NT 10.0; Win64; x64) AppleWebKit/537.36 (KHTML, like Gecko) Chrome/116.0.0.0 Safari/537.36"
206.189.230.113 - - [29/Mar/2026:12:18:51 +0700] "GET /product/spicy-belinjo-cracker_9002-xxl/729 HTTP/1.1" 301 611 "https://lotushomemade.com/" "Mozilla/5.0 (Windows NT 10.0; Win64; x64) AppleWebKit/537.36 (KHTML, like Gecko) Chrome/107.0.0.0 Safari/537.36"
159.89.91.127 - - [29/Mar/2026:12:18:52 +0700] "GET /wp-content/uploads/2023/11/1144.png HTTP/1.1" 200 844478 "https://lotushomemade.com/" "Mozilla/5.0 (Windows NT 10.0; Win64; x64) AppleWebKit/537.36 (KHTML, like Gecko) Chrome/105.0.0.0 Safari/537.3"
142.93.4.105 - - [29/Mar/2026:12:18:54 +0700] "GET /wp-content/uploads/2023/11/1143-430x430.png%20430w,%20https:/lotushomemade.com/wp-content/uploads/2023/11/1143-300x300.png%20300w,%20https:/lotushomemade.com/wp-content/uploads/2023/11/1143-150x150.png%20150w,%20https:/lotushomemade.com/wp-content/uploads/2023/11/1143-700x700.png%20700w,%20https:/lotushomemade.com/wp-content/uploads/2023/11/1143.png%20729w HTTP/1.1" 404 35853 "https://lotushomemade.com/" "Mozilla/5.0 (Windows NT 10.0; Win64; x64) AppleWebKit/537.36 (KHTML, like Gecko) Chrome/104.0.5112.81 Safari/537.36"
104.248.232.91 - - [29/Mar/2026:12:18:54 +0700] "GET /product/scs-butter-pineapple-roll-sg/ HTTP/1.1" 200 42949 "https://lotushomemade.com/" "Mozilla/5.0 (Windows NT 10.0; Win64; x64) AppleWebKit/537.36 (KHTML, like Gecko) Chrome/116.0.0.0 Safari/537.36"
137.184.210.160 - - [29/Mar/2026:12:18:54 +0700] "GET /wp-content/uploads/2023/11/1069-700x700.png%20700w,%20https:/lotushomemade.com/wp-content/uploads/2023/11/1069-300x300.png%20300w,%20https:/lotushomemade.com/wp-content/uploads/2023/11/1069-150x150.png%20150w,%20https:/lotushomemade.com/wp-content/uploads/2023/11/1069-430x430.png%20430w,%20https:/lotushomemade.com/wp-content/uploads/2023/11/1069.png%20729w HTTP/1.1" 404 35852 "https://lotushomemade.com/" "Mozilla/5.0 (Windows NT 10.0; Win64; x64) AppleWebKit/537.36 (KHTML, like Gecko) Chrome/105.0.0.0 Safari/537.3"
206.189.230.113 - - [29/Mar/2026:12:18:54 +0700] "GET /product/spicy-belinjo-cracker_9002-xxl/ HTTP/1.1" 200 42458 "https://lotushomemade.com/" "Mozilla/5.0 (Windows NT 10.0; Win64; x64) AppleWebKit/537.36 (KHTML, like Gecko) Chrome/107.0.0.0 Safari/537.36"
104.248.60.125 - - [29/Mar/2026:12:18:55 +0700] "GET /product/cappucino-cheese-cookies_8080-s/ HTTP/1.1" 200 42712 "https://lotushomemade.com/" "Mozilla/5.0 (Windows NT 10.0; Win64; x64) AppleWebKit/537.36 (KHTML, like Gecko) Chrome/116.0.0.0 Safari/537.36"
103.142.34.65 - - [29/Mar/2026:12:18:57 +0700] "GET /wp-content/uploads/2023/11/1143-430x430.png%20430w,%20https://lotushomemade.com/wp-content/uploads/2023/11/1143-300x300.png%20300w,%20https://lotushomemade.com/wp-content/uploads/2023/11/1143-150x150.png%20150w,%20https://lotushomemade.com/wp-content/uploads/2023/11/1143-700x700.png%20700w,%20https://lotushomemade.com/wp-content/uploads/2023/11/1143.png%20729w HTTP/1.1" 301 930 "https://lotushomemade.com/" "Mozilla/5.0 (Windows NT 10.0; Win64; x64) AppleWebKit/537.36 (KHTML, like Gecko) Chrome/104.0.5112.81 Safari/537.36"
37.27.59.176 - - [29/Mar/2026:12:18:56 +0700] "GET /shop/page/6/?orderby=popularity&per_page=8&stock_status=onsale HTTP/1.1" 200 40585 "-" "Mozilla/5.0 (compatible; SERankingBacklinksBot/1.0; +https://seranking.com/backlinks-crawler)"
113.182.62.33 - - [29/Mar/2026:12:18:58 +0700] "GET /wp-content/uploads/2023/11/1069-700x700.png%20700w,%20https://lotushomemade.com/wp-content/uploads/2023/11/1069-300x300.png%20300w,%20https://lotushomemade.com/wp-content/uploads/2023/11/1069-150x150.png%20150w,%20https://lotushomemade.com/wp-content/uploads/2023/11/1069-430x430.png%20430w,%20https://lotushomemade.com/wp-content/uploads/2023/11/1069.png%20729w HTTP/1.1" 301 930 "https://lotushomemade.com/" "Mozilla/5.0 (Windows NT 10.0; Win64; x64) AppleWebKit/537.36 (KHTML, like Gecko) Chrome/105.0.0.0 Safari/537.3"
102.209.76.25 - - [29/Mar/2026:12:19:02 +0700] "GET /wp-content/uploads/2023/11/1069-700x700.png%20700w,%20https:/lotushomemade.com/wp-content/uploads/2023/11/1069-300x300.png%20300w,%20https:/lotushomemade.com/wp-content/uploads/2023/11/1069-150x150.png%20150w,%20https:/lotushomemade.com/wp-content/uploads/2023/11/1069-430x430.png%20430w,%20https:/lotushomemade.com/wp-content/uploads/2023/11/1069.png%20729w HTTP/1.1" 404 35852 "https://lotushomemade.com/" "Mozilla/5.0 (Windows NT 10.0; Win64; x64) AppleWebKit/537.36 (KHTML, like Gecko) Chrome/105.0.0.0 Safari/537.3"
37.27.59.176 - - [29/Mar/2026:12:19:02 +0700] "GET /shop/page/23/?min_price=0&per_row=4&per_page=12&shop_view=grid HTTP/1.1" 200 40636 "-" "Mozilla/5.0 (compatible; SERankingBacklinksBot/1.0; +https://seranking.com/backlinks-crawler)"
37.27.59.176 - - [29/Mar/2026:12:19:07 +0700] "GET /shop/page/6/?orderby=popularity&stock_status=onsale&per_page=8 HTTP/1.1" 200 40360 "-" "Mozilla/5.0 (compatible; SERankingBacklinksBot/1.0; +https://seranking.com/backlinks-crawler)"
37.27.59.176 - - [29/Mar/2026:12:19:12 +0700] "GET /shop/page/23/?min_price=0&per_row=6&per_page=12&shop_view=grid HTTP/1.1" 200 40410 "-" "Mozilla/5.0 (compatible; SERankingBacklinksBot/1.0; +https://seranking.com/backlinks-crawler)"
37.27.59.176 - - [29/Mar/2026:12:19:17 +0700] "GET /shop/page/6/?orderby=price&per_page=8&shop_view=grid&per_row=2 HTTP/1.1" 200 40583 "-" "Mozilla/5.0 (compatible; SERankingBacklinksBot/1.0; +https://seranking.com/backlinks-crawler)"
37.27.59.176 - - [29/Mar/2026:12:19:22 +0700] "GET /shop/page/3/?max_price=420&per_page=8&shop_view=grid&per_row=2 HTTP/1.1" 200 40473 "-" "Mozilla/5.0 (compatible; SERankingBacklinksBot/1.0; +https://seranking.com/backlinks-crawler)"
37.27.59.176 - - [29/Mar/2026:12:19:27 +0700] "GET /shop/page/6/?orderby=price&per_page=8&shop_view=grid&per_row=4 HTTP/1.1" 200 40352 "-" "Mozilla/5.0 (compatible; SERankingBacklinksBot/1.0; +https://seranking.com/backlinks-crawler)"
37.27.59.176 - - [29/Mar/2026:12:19:32 +0700] "GET /shop/page/3/?max_price=420&per_page=8&shop_view=grid&per_row=4 HTTP/1.1" 200 40586 "-" "Mozilla/5.0 (compatible; SERankingBacklinksBot/1.0; +https://seranking.com/backlinks-crawler)"
37.59.204.151 - - [29/Mar/2026:12:19:33 +0700] "GET /product-category/crispy-snack-series/page/5/?per_row=2&shop_view=grid&per_page=12 HTTP/2" 200 32712 "-" "Mozilla/5.0 (compatible; AhrefsBot/7.0; +http://ahrefs.com/robot/)"
103.131.51.123 - - [29/Mar/2026:12:19:38 +0700] "POST /wp-cron.php?doing_wp_cron=1774761578.7643830776214599609375 HTTP/1.1" 200 474 "-" "WordPress/6.9.4; https://lotushomemade.com"
37.27.59.176 - - [29/Mar/2026:12:19:37 +0700] "GET /shop/page/6/?orderby=price&per_page=8&shop_view=grid&per_row=6 HTTP/1.1" 200 40347 "-" "Mozilla/5.0 (compatible; SERankingBacklinksBot/1.0; +https://seranking.com/backlinks-crawler)"
37.27.59.176 - - [29/Mar/2026:12:19:42 +0700] "GET /shop/page/3/?max_price=420&per_page=8&shop_view=grid&per_row=6 HTTP/1.1" 200 40477 "-" "Mozilla/5.0 (compatible; SERankingBacklinksBot/1.0; +https://seranking.com/backlinks-crawler)"
143.20.81.154 - - [29/Mar/2026:12:19:45 +0700] "GET /product/green-tea-german-butter-cookies-sg/729 HTTP/1.1" 301 615 "https://lotushomemade.com/" "Mozilla/5.0 (Windows NT 10.0; Win64; x64) AppleWebKit/537.36 (KHTML, like Gecko) Chrome/120.0.0.0 Safari/537.36"
161.35.0.250 - - [29/Mar/2026:12:19:46 +0700] "GET /wp-content/uploads/2023/11/1144-700x700.png%20700w,%20https://lotushomemade.com/wp-content/uploads/2023/11/1144-300x300.png%20300w,%20https://lotushomemade.com/wp-content/uploads/2023/11/1144-150x150.png%20150w,%20https://lotushomemade.com/wp-content/uploads/2023/11/1144-430x430.png%20430w,%20https://lotushomemade.com/wp-content/uploads/2023/11/1144.png%20729w HTTP/1.1" 301 930 "https://lotushomemade.com/" "Mozilla/5.0 (Windows NT 10.0; Win64; x64) AppleWebKit/537.36 (KHTML, like Gecko) Chrome/116.0.0.0 Safari/537.36"
143.20.81.116 - - [29/Mar/2026:12:19:46 +0700] "GET /product/green-tea-german-butter-cookies-sg/ HTTP/1.1" 200 42555 "https://lotushomemade.com/" "Mozilla/5.0 (Windows NT 10.0; Win64; x64) AppleWebKit/537.36 (KHTML, like Gecko) Chrome/120.0.0.0 Safari/537.36"
37.27.59.176 - - [29/Mar/2026:12:19:47 +0700] "GET /shop/page/6/?orderby=price&per_row=2&shop_view=grid&per_page=8 HTTP/1.1" 200 40544 "-" "Mozilla/5.0 (compatible; SERankingBacklinksBot/1.0; +https://seranking.com/backlinks-crawler)"
161.35.0.250 - - [29/Mar/2026:12:19:48 +0700] "GET /wp-content/uploads/2023/11/1144-700x700.png%20700w,%20https:/lotushomemade.com/wp-content/uploads/2023/11/1144-300x300.png%20300w,%20https:/lotushomemade.com/wp-content/uploads/2023/11/1144-150x150.png%20150w,%20https:/lotushomemade.com/wp-content/uploads/2023/11/1144-430x430.png%20430w,%20https:/lotushomemade.com/wp-content/uploads/2023/11/1144.png%20729w HTTP/1.1" 404 35853 "https://lotushomemade.com/" "Mozilla/5.0 (Windows NT 10.0; Win64; x64) AppleWebKit/537.36 (KHTML, like Gecko) Chrome/116.0.0.0 Safari/537.36"
147.182.219.31 - - [29/Mar/2026:12:19:50 +0700] "GET /product/cornflake-cookies-l/729 HTTP/1.1" 301 600 "https://lotushomemade.com/" "Mozilla/5.0 (Windows NT 10.0; Win64; x64) AppleWebKit/537.36 (KHTML, like Gecko) Chrome/133.0.0.0 Safari/537.36"
147.182.219.31 - - [29/Mar/2026:12:19:51 +0700] "GET /product/cornflake-cookies-l/ HTTP/1.1" 200 42624 "https://lotushomemade.com/" "Mozilla/5.0 (Windows NT 10.0; Win64; x64) AppleWebKit/537.36 (KHTML, like Gecko) Chrome/133.0.0.0 Safari/537.36"
181.51.92.157 - - [29/Mar/2026:12:19:52 +0700] "GET /wp-content/uploads/2023/11/1144-700x700.png%20700w,%20https://lotushomemade.com/wp-content/uploads/2023/11/1144-300x300.png%20300w,%20https://lotushomemade.com/wp-content/uploads/2023/11/1144-150x150.png%20150w,%20https://lotushomemade.com/wp-content/uploads/2023/11/1144-430x430.png%20430w,%20https://lotushomemade.com/wp-content/uploads/2023/11/1144.png%20729w HTTP/1.1" 301 930 "https://lotushomemade.com/" "Mozilla/5.0 (Windows NT 10.0; Win64; x64) AppleWebKit/537.36 (KHTML, like Gecko) Chrome/116.0.0.0 Safari/537.36"
14.164.129.129 - - [29/Mar/2026:12:19:54 +0700] "GET /wp-content/uploads/2023/11/1144-700x700.png%20700w,%20https:/lotushomemade.com/wp-content/uploads/2023/11/1144-300x300.png%20300w,%20https:/lotushomemade.com/wp-content/uploads/2023/11/1144-150x150.png%20150w,%20https:/lotushomemade.com/wp-content/uploads/2023/11/1144-430x430.png%20430w,%20https:/lotushomemade.com/wp-content/uploads/2023/11/1144.png%20729w HTTP/1.1" 404 35853 "https://lotushomemade.com/" "Mozilla/5.0 (Windows NT 10.0; Win64; x64) AppleWebKit/537.36 (KHTML, like Gecko) Chrome/116.0.0.0 Safari/537.36"
37.27.59.176 - - [29/Mar/2026:12:19:55 +0700] "GET /shop/page/3/?max_price=420&per_row=2&shop_view=grid&per_page=8 HTTP/1.1" 200 40605 "-" "Mozilla/5.0 (compatible; SERankingBacklinksBot/1.0; +https://seranking.com/backlinks-crawler)"
37.27.59.176 - - [29/Mar/2026:12:20:00 +0700] "GET /shop/page/6/?orderby=price&per_row=4&shop_view=grid&per_page=8 HTTP/1.1" 200 40553 "-" "Mozilla/5.0 (compatible; SERankingBacklinksBot/1.0; +https://seranking.com/backlinks-crawler)"
37.27.59.176 - - [29/Mar/2026:12:20:05 +0700] "GET /shop/page/3/?max_price=420&per_row=4&shop_view=grid&per_page=8 HTTP/1.1" 200 40413 "-" "Mozilla/5.0 (compatible; SERankingBacklinksBot/1.0; +https://seranking.com/backlinks-crawler)"
37.27.59.176 - - [29/Mar/2026:12:20:09 +0700] "GET /shop/page/6/?orderby=price&per_row=6&shop_view=grid&per_page=8 HTTP/1.1" 200 40362 "-" "Mozilla/5.0 (compatible; SERankingBacklinksBot/1.0; +https://seranking.com/backlinks-crawler)"
176.31.139.2 - - [29/Mar/2026:12:20:10 +0700] "GET /product-category/crispy-snack-series/page/5/?per_page=12&stock_status=instock HTTP/2" 200 32711 "-" "Mozilla/5.0 (compatible; AhrefsBot/7.0; +http://ahrefs.com/robot/)"
37.27.59.176 - - [29/Mar/2026:12:20:15 +0700] "GET /shop/page/3/?max_price=420&per_row=6&shop_view=grid&per_page=8 HTTP/1.1" 200 40591 "-" "Mozilla/5.0 (compatible; SERankingBacklinksBot/1.0; +https://seranking.com/backlinks-crawler)"
37.27.59.176 - - [29/Mar/2026:12:20:19 +0700] "GET /shop/page/6/?orderby=price-desc&per_page=8&stock_status=onsale HTTP/1.1" 200 40246 "-" "Mozilla/5.0 (compatible; SERankingBacklinksBot/1.0; +https://seranking.com/backlinks-crawler)"
37.27.59.176 - - [29/Mar/2026:12:20:25 +0700] "GET /shop/page/3/?max_price=630&per_page=8&shop_view=grid&per_row=2 HTTP/1.1" 200 40579 "-" "Mozilla/5.0 (compatible; SERankingBacklinksBot/1.0; +https://seranking.com/backlinks-crawler)"
37.27.59.176 - - [29/Mar/2026:12:20:30 +0700] "GET /shop/page/6/?orderby=price-desc&stock_status=onsale&per_page=8 HTTP/1.1" 200 40464 "-" "Mozilla/5.0 (compatible; SERankingBacklinksBot/1.0; +https://seranking.com/backlinks-crawler)"
37.27.59.176 - - [29/Mar/2026:12:20:35 +0700] "GET /shop/page/3/?max_price=630&per_page=8&shop_view=grid&per_row=4 HTTP/1.1" 200 40404 "-" "Mozilla/5.0 (compatible; SERankingBacklinksBot/1.0; +https://seranking.com/backlinks-crawler)"
103.131.51.123 - - [29/Mar/2026:12:20:40 +0700] "POST /wp-cron.php?doing_wp_cron=1774761640.9519679546356201171875 HTTP/1.1" 200 474 "-" "WordPress/6.9.4; https://lotushomemade.com"
176.31.139.11 - - [29/Mar/2026:12:20:39 +0700] "GET /product-category/crispy-snack-series/page/5/?per_row=2&shop_view=grid&stock_status=instock HTTP/2" 200 32843 "-" "Mozilla/5.0 (compatible; AhrefsBot/7.0; +http://ahrefs.com/robot/)"
103.131.51.123 - - [29/Mar/2026:12:20:41 +0700] "POST /wp-cron.php?doing_wp_cron=1774761641.9302880764007568359375 HTTP/1.1" 200 474 "-" "WordPress/6.9.4; https://lotushomemade.com"
37.27.59.176 - - [29/Mar/2026:12:20:40 +0700] "GET /shop/page/7/?orderby=date&per_page=12&shop_view=grid&per_row=2 HTTP/1.1" 200 41081 "-" "Mozilla/5.0 (compatible; SERankingBacklinksBot/1.0; +https://seranking.com/backlinks-crawler)"
52.167.144.232 - - [29/Mar/2026:12:20:42 +0700] "GET /product-category/kuih-kapit-series/page/4/?per_page=8&shop_view=grid&stock_status=instock HTTP/2" 200 33037 "-" "Mozilla/5.0 AppleWebKit/537.36 (KHTML, like Gecko; compatible; bingbot/2.0; +http://www.bing.com/bingbot.htm) Chrome/116.0.1938.76 Safari/537.36"
37.27.59.176 - - [29/Mar/2026:12:20:45 +0700] "GET /shop/page/3/?max_price=630&per_page=8&shop_view=grid&per_row=6 HTTP/1.1" 200 40415 "-" "Mozilla/5.0 (compatible; SERankingBacklinksBot/1.0; +https://seranking.com/backlinks-crawler)"
37.27.59.176 - - [29/Mar/2026:12:20:50 +0700] "GET /shop/page/7/?orderby=date&per_page=12&shop_view=grid&per_row=4 HTTP/1.1" 200 40903 "-" "Mozilla/5.0 (compatible; SERankingBacklinksBot/1.0; +https://seranking.com/backlinks-crawler)"
37.27.59.176 - - [29/Mar/2026:12:20:55 +0700] "GET /shop/page/3/?max_price=630&per_row=2&shop_view=grid&per_page=8 HTTP/1.1" 200 40585 "-" "Mozilla/5.0 (compatible; SERankingBacklinksBot/1.0; +https://seranking.com/backlinks-crawler)"
45.131.193.110 - - [29/Mar/2026:12:20:56 +0700] "POST /wp-login.php HTTP/1.1" 200 7854 "-" "Mozilla/5.0"
213.192.239.72 - - [29/Mar/2026:12:20:58 +0700] "POST /xmlrpc.php HTTP/1.1" 200 676 "-" "Mozilla/5.0 (Windows NT 10.0; Win64; x64) AppleWebKit/537.43 (KHTML, like Gecko) Chrome/139.0.0.0 Safari/537.36 OPR/123.0.0.0"
37.27.59.176 - - [29/Mar/2026:12:21:00 +0700] "GET /shop/page/7/?orderby=date&per_page=12&shop_view=grid&per_row=6 HTTP/1.1" 200 40875 "-" "Mozilla/5.0 (compatible; SERankingBacklinksBot/1.0; +https://seranking.com/backlinks-crawler)"
37.27.59.176 - - [29/Mar/2026:12:21:04 +0700] "GET /shop/page/3/?max_price=630&per_row=4&shop_view=grid&per_page=8 HTTP/1.1" 200 40409 "-" "Mozilla/5.0 (compatible; SERankingBacklinksBot/1.0; +https://seranking.com/backlinks-crawler)"
37.27.59.176 - - [29/Mar/2026:12:21:10 +0700] "GET /shop/page/7/?orderby=date&per_page=18&shop_view=grid&per_row=2 HTTP/1.1" 200 41577 "-" "Mozilla/5.0 (compatible; SERankingBacklinksBot/1.0; +https://seranking.com/backlinks-crawler)"
51.75.236.157 - - [29/Mar/2026:12:21:13 +0700] "GET /product-category/kuih-kapit-series/?stock_status=instock%2Consale&per_row=2&per_page=12&shop_view=grid&filter_brand=blessing-food HTTP/2" 200 33290 "-" "Mozilla/5.0 (compatible; AhrefsBot/7.0; +http://ahrefs.com/robot/)"
37.27.59.176 - - [29/Mar/2026:12:21:15 +0700] "GET /shop/page/3/?max_price=630&per_row=6&shop_view=grid&per_page=8 HTTP/1.1" 200 40401 "-" "Mozilla/5.0 (compatible; SERankingBacklinksBot/1.0; +https://seranking.com/backlinks-crawler)"
37.27.59.176 - - [29/Mar/2026:12:21:19 +0700] "GET /shop/page/7/?orderby=date&per_page=18&shop_view=grid&per_row=4 HTTP/1.1" 200 41406 "-" "Mozilla/5.0 (compatible; SERankingBacklinksBot/1.0; +https://seranking.com/backlinks-crawler)"
37.27.59.176 - - [29/Mar/2026:12:21:25 +0700] "GET /shop/page/3/?max_price=840&per_page=8&shop_view=grid&per_row=2 HTTP/1.1" 200 40607 "-" "Mozilla/5.0 (compatible; SERankingBacklinksBot/1.0; +https://seranking.com/backlinks-crawler)"
37.27.59.176 - - [29/Mar/2026:12:21:30 +0700] "GET /shop/page/7/?orderby=date&per_page=18&shop_view=grid&per_row=6 HTTP/1.1" 200 41328 "-" "Mozilla/5.0 (compatible; SERankingBacklinksBot/1.0; +https://seranking.com/backlinks-crawler)"
37.27.59.176 - - [29/Mar/2026:12:21:35 +0700] "GET /shop/page/3/?max_price=840&per_page=8&shop_view=grid&per_row=4 HTTP/1.1" 200 40600 "-" "Mozilla/5.0 (compatible; SERankingBacklinksBot/1.0; +https://seranking.com/backlinks-crawler)"
103.131.51.123 - - [29/Mar/2026:12:21:44 +0700] "POST /wp-cron.php?doing_wp_cron=1774761704.2993168830871582031250 HTTP/1.1" 200 474 "-" "WordPress/6.9.4; https://lotushomemade.com"
37.27.59.176 - - [29/Mar/2026:12:21:43 +0700] "GET /shop/page/7/?orderby=date&per_page=24&shop_view=grid&per_row=2 HTTP/1.1" 200 42948 "-" "Mozilla/5.0 (compatible; SERankingBacklinksBot/1.0; +https://seranking.com/backlinks-crawler)"
37.27.59.176 - - [29/Mar/2026:12:21:47 +0700] "GET /shop/page/3/?max_price=840&per_page=8&shop_view=grid&per_row=6 HTTP/1.1" 200 40411 "-" "Mozilla/5.0 (compatible; SERankingBacklinksBot/1.0; +https://seranking.com/backlinks-crawler)"
37.27.59.176 - - [29/Mar/2026:12:21:52 +0700] "GET /shop/page/7/?orderby=date&per_page=24&shop_view=grid&per_row=4 HTTP/1.1" 200 42694 "-" "Mozilla/5.0 (compatible; SERankingBacklinksBot/1.0; +https://seranking.com/backlinks-crawler)"
37.27.59.176 - - [29/Mar/2026:12:21:57 +0700] "GET /shop/page/3/?max_price=840&per_row=2&shop_view=grid&per_page=8 HTTP/1.1" 200 40587 "-" "Mozilla/5.0 (compatible; SERankingBacklinksBot/1.0; +https://seranking.com/backlinks-crawler)"
37.59.204.152 - - [29/Mar/2026:12:21:59 +0700] "GET /product-category/crispy-snack-series/page/7/?per_row=4&shop_view=grid&per_page=12 HTTP/2" 200 32979 "-" "Mozilla/5.0 (compatible; AhrefsBot/7.0; +http://ahrefs.com/robot/)"
37.27.59.176 - - [29/Mar/2026:12:22:02 +0700] "GET /shop/page/7/?orderby=date&per_page=24&shop_view=grid&per_row=6 HTTP/1.1" 200 42733 "-" "Mozilla/5.0 (compatible; SERankingBacklinksBot/1.0; +https://seranking.com/backlinks-crawler)"
37.27.59.176 - - [29/Mar/2026:12:22:07 +0700] "GET /shop/page/3/?max_price=840&per_row=4&shop_view=grid&per_page=8 HTTP/1.1" 200 40435 "-" "Mozilla/5.0 (compatible; SERankingBacklinksBot/1.0; +https://seranking.com/backlinks-crawler)"
37.27.59.176 - - [29/Mar/2026:12:22:12 +0700] "GET /shop/?orderby=price-desc&stock_status=instock&per_page=18&filter_brand=blessing-food&shop_view=grid&per_row=4 HTTP/1.1" 200 40110 "-" "Mozilla/5.0 (compatible; SERankingBacklinksBot/1.0; +https://seranking.com/backlinks-crawler)"
37.27.59.176 - - [29/Mar/2026:12:22:18 +0700] "GET /shop/page/7/?orderby=date&per_row=2&shop_view=grid&per_page=12 HTTP/1.1" 200 41138 "-" "Mozilla/5.0 (compatible; SERankingBacklinksBot/1.0; +https://seranking.com/backlinks-crawler)"
37.27.59.176 - - [29/Mar/2026:12:22:23 +0700] "GET /shop/page/3/?max_price=840&per_row=6&shop_view=grid&per_page=8 HTTP/1.1" 200 40605 "-" "Mozilla/5.0 (compatible; SERankingBacklinksBot/1.0; +https://seranking.com/backlinks-crawler)"
37.27.59.176 - - [29/Mar/2026:12:22:28 +0700] "GET /shop/page/7/?orderby=date&per_row=2&shop_view=grid&per_page=18 HTTP/1.1" 200 41397 "-" "Mozilla/5.0 (compatible; SERankingBacklinksBot/1.0; +https://seranking.com/backlinks-crawler)"
176.31.139.13 - - [29/Mar/2026:12:22:29 +0700] "GET /product-category/kuih-kapit-series/?stock_status=instock%2Consale&per_row=6&per_page=8&shop_view=grid&filter_brand=blessing-food HTTP/2" 200 33200 "-" "Mozilla/5.0 (compatible; AhrefsBot/7.0; +http://ahrefs.com/robot/)"
37.27.59.176 - - [29/Mar/2026:12:22:33 +0700] "GET /shop/page/3/?max_price=845&per_page=8&shop_view=grid&per_row=2 HTTP/1.1" 200 40561 "-" "Mozilla/5.0 (compatible; SERankingBacklinksBot/1.0; +https://seranking.com/backlinks-crawler)"
103.131.51.123 - - [29/Mar/2026:12:22:39 +0700] "POST /wp-cron.php?doing_wp_cron=1774761759.8225629329681396484375 HTTP/1.1" 200 474 "-" "WordPress/6.9.4; https://lotushomemade.com"
37.27.59.176 - - [29/Mar/2026:12:22:38 +0700] "GET /shop/page/7/?orderby=date&per_row=2&shop_view=grid&per_page=24 HTTP/1.1" 200 42789 "-" "Mozilla/5.0 (compatible; SERankingBacklinksBot/1.0; +https://seranking.com/backlinks-crawler)"
37.27.59.176 - - [29/Mar/2026:12:22:43 +0700] "GET /shop/page/3/?max_price=845&per_page=8&shop_view=grid&per_row=4 HTTP/1.1" 200 40447 "-" "Mozilla/5.0 (compatible; SERankingBacklinksBot/1.0; +https://seranking.com/backlinks-crawler)"
40.77.167.24 - - [29/Mar/2026:12:22:47 +0700] "GET /shop/page/3/?max_price=2650&per_row=6&per_page=8&shop_view=grid HTTP/2" 200 33484 "-" "Mozilla/5.0 AppleWebKit/537.36 (KHTML, like Gecko; compatible; bingbot/2.0; +http://www.bing.com/bingbot.htm) Chrome/116.0.1938.76 Safari/537.36"
37.27.59.176 - - [29/Mar/2026:12:22:48 +0700] "GET /shop/page/7/?orderby=date&per_row=4&shop_view=grid&per_page=12 HTTP/1.1" 200 41070 "-" "Mozilla/5.0 (compatible; SERankingBacklinksBot/1.0; +https://seranking.com/backlinks-crawler)"
37.27.59.176 - - [29/Mar/2026:12:22:53 +0700] "GET /shop/page/3/?max_price=845&per_page=8&shop_view=grid&per_row=6 HTTP/1.1" 200 40428 "-" "Mozilla/5.0 (compatible; SERankingBacklinksBot/1.0; +https://seranking.com/backlinks-crawler)"
37.59.204.154 - - [29/Mar/2026:12:22:55 +0700] "GET /product-category/crispy-snack-series/page/5/?per_row=2&shop_view=grid&stock_status=onsale HTTP/2" 200 32819 "-" "Mozilla/5.0 (compatible; AhrefsBot/7.0; +http://ahrefs.com/robot/)"
37.27.59.176 - - [29/Mar/2026:12:22:58 +0700] "GET /shop/page/7/?orderby=date&per_row=4&shop_view=grid&per_page=18 HTTP/1.1" 200 41366 "-" "Mozilla/5.0 (compatible; SERankingBacklinksBot/1.0; +https://seranking.com/backlinks-crawler)"
37.27.59.176 - - [29/Mar/2026:12:23:03 +0700] "GET /shop/page/3/?max_price=845&per_row=2&shop_view=grid&per_page=8 HTTP/1.1" 200 40630 "-" "Mozilla/5.0 (compatible; SERankingBacklinksBot/1.0; +https://seranking.com/backlinks-crawler)"
37.27.59.176 - - [29/Mar/2026:12:23:08 +0700] "GET /shop/page/7/?orderby=date&per_row=4&shop_view=grid&per_page=24 HTTP/1.1" 200 42842 "-" "Mozilla/5.0 (compatible; SERankingBacklinksBot/1.0; +https://seranking.com/backlinks-crawler)"
37.27.59.176 - - [29/Mar/2026:12:23:12 +0700] "GET /shop/page/3/?max_price=845&per_row=4&shop_view=grid&per_page=8 HTTP/1.1" 200 40398 "-" "Mozilla/5.0 (compatible; SERankingBacklinksBot/1.0; +https://seranking.com/backlinks-crawler)"
37.27.59.176 - - [29/Mar/2026:12:23:18 +0700] "GET /shop/page/7/?orderby=date&per_row=6&shop_view=grid&per_page=12 HTTP/1.1" 200 41080 "-" "Mozilla/5.0 (compatible; SERankingBacklinksBot/1.0; +https://seranking.com/backlinks-crawler)"
37.27.59.176 - - [29/Mar/2026:12:23:23 +0700] "GET /shop/page/3/?max_price=845&per_row=6&shop_view=grid&per_page=8 HTTP/1.1" 200 40462 "-" "Mozilla/5.0 (compatible; SERankingBacklinksBot/1.0; +https://seranking.com/backlinks-crawler)"
14.186.8.14 - - [29/Mar/2026:12:23:25 +0700] "GET /product-category/crispy-snack-series/page/3/?per_page=18&per_row=6&shop_view=grid&stock_status=onsale HTTP/1.1" 200 40652 "-" "Mozilla/5.0 (Macintosh; Intel Mac OS X 10_15_7) AppleWebKit/537.36 (KHTML, like Gecko) Chrome/108.0.0.0 Safari/537.36"
37.27.59.176 - - [29/Mar/2026:12:23:27 +0700] "GET /shop/page/7/?orderby=date&per_row=6&shop_view=grid&per_page=18 HTTP/1.1" 200 41403 "-" "Mozilla/5.0 (compatible; SERankingBacklinksBot/1.0; +https://seranking.com/backlinks-crawler)"
37.27.59.176 - - [29/Mar/2026:12:23:34 +0700] "GET /shop/page/3/?orderby=date&per_row=2&per_page=12&shop_view=grid HTTP/1.1" 200 41415 "-" "Mozilla/5.0 (compatible; SERankingBacklinksBot/1.0; +https://seranking.com/backlinks-crawler)"
103.131.51.123 - - [29/Mar/2026:12:23:41 +0700] "POST /wp-cron.php?doing_wp_cron=1774761821.5774369239807128906250 HTTP/1.1" 200 474 "-" "WordPress/6.9.4; https://lotushomemade.com"
37.27.59.176 - - [29/Mar/2026:12:23:40 +0700] "GET /shop/page/7/?orderby=date&per_row=6&shop_view=grid&per_page=24 HTTP/1.1" 200 42973 "-" "Mozilla/5.0 (compatible; SERankingBacklinksBot/1.0; +https://seranking.com/backlinks-crawler)"
37.27.59.176 - - [29/Mar/2026:12:23:45 +0700] "GET /shop/page/3/?orderby=date&per_row=2&per_page=18&shop_view=grid HTTP/1.1" 200 42123 "-" "Mozilla/5.0 (compatible; SERankingBacklinksBot/1.0; +https://seranking.com/backlinks-crawler)"
37.27.59.176 - - [29/Mar/2026:12:23:50 +0700] "GET /shop/page/7/?orderby=popularity&per_page=8&stock_status=onsale HTTP/1.1" 200 40394 "-" "Mozilla/5.0 (compatible; SERankingBacklinksBot/1.0; +https://seranking.com/backlinks-crawler)"
54.37.118.69 - - [29/Mar/2026:12:23:51 +0700] "GET /product-category/traditional-cookies-series/page/6/?stock_status=onsale&per_page=8&shop_view=grid&per_row=4 HTTP/2" 200 32993 "-" "Mozilla/5.0 (compatible; AhrefsBot/7.0; +http://ahrefs.com/robot/)"
161.35.70.183 - - [29/Mar/2026:12:23:52 +0700] "POST /xmlrpc.php HTTP/1.1" 200 676 "-" "Mozilla/5.0 (Windows NT 10.0) AppleWebKit/537.43 (KHTML, like Gecko) Chrome/138.0.0.0 Safari/537.36 OPR/122.0.0.0"
37.27.59.176 - - [29/Mar/2026:12:23:54 +0700] "GET /shop/page/3/?orderby=date&per_row=2&per_page=24&shop_view=grid HTTP/1.1" 200 42609 "-" "Mozilla/5.0 (compatible; SERankingBacklinksBot/1.0; +https://seranking.com/backlinks-crawler)"
54.37.118.77 - - [29/Mar/2026:12:23:56 +0700] "GET /shop/?orderby=price-desc&stock_status=instock&filter_brand=blessing-food&per_page=24 HTTP/2" 200 33160 "-" "Mozilla/5.0 (compatible; AhrefsBot/7.0; +http://ahrefs.com/robot/)"
37.27.59.176 - - [29/Mar/2026:12:24:00 +0700] "GET /shop/page/7/?orderby=popularity&stock_status=onsale&per_page=8 HTTP/1.1" 200 40594 "-" "Mozilla/5.0 (compatible; SERankingBacklinksBot/1.0; +https://seranking.com/backlinks-crawler)"
37.27.59.176 - - [29/Mar/2026:12:24:05 +0700] "GET /shop/page/3/?orderby=date&per_row=4&per_page=12&shop_view=grid HTTP/1.1" 200 41450 "-" "Mozilla/5.0 (compatible; SERankingBacklinksBot/1.0; +https://seranking.com/backlinks-crawler)"
103.131.51.123 - - [29/Mar/2026:12:24:11 +0700] "POST /wp-cron.php?doing_wp_cron=1774761851.8637599945068359375000 HTTP/1.1" 200 474 "-" "WordPress/6.9.4; https://lotushomemade.com"
37.27.59.176 - - [29/Mar/2026:12:24:10 +0700] "GET /shop/page/7/?orderby=price&per_page=8&shop_view=grid&per_row=2 HTTP/1.1" 200 40564 "-" "Mozilla/5.0 (compatible; SERankingBacklinksBot/1.0; +https://seranking.com/backlinks-crawler)"
37.27.59.176 - - [29/Mar/2026:12:24:15 +0700] "GET /shop/page/3/?orderby=date&per_row=4&per_page=18&shop_view=grid HTTP/1.1" 200 42094 "-" "Mozilla/5.0 (compatible; SERankingBacklinksBot/1.0; +https://seranking.com/backlinks-crawler)"
37.27.59.176 - - [29/Mar/2026:12:24:20 +0700] "GET /shop/page/7/?orderby=price&per_page=8&shop_view=grid&per_row=4 HTTP/1.1" 200 40447 "-" "Mozilla/5.0 (compatible; SERankingBacklinksBot/1.0; +https://seranking.com/backlinks-crawler)"
37.27.59.176 - - [29/Mar/2026:12:24:26 +0700] "GET /shop/page/3/?orderby=date&per_row=4&per_page=24&shop_view=grid HTTP/1.1" 200 42822 "-" "Mozilla/5.0 (compatible; SERankingBacklinksBot/1.0; +https://seranking.com/backlinks-crawler)"
37.27.59.176 - - [29/Mar/2026:12:24:30 +0700] "GET /shop/page/7/?orderby=price&per_page=8&shop_view=grid&per_row=6 HTTP/1.1" 200 40369 "-" "Mozilla/5.0 (compatible; SERankingBacklinksBot/1.0; +https://seranking.com/backlinks-crawler)"
5.39.1.229 - - [29/Mar/2026:12:24:31 +0700] "GET /shop/?orderby=price-desc&stock_status=instock&filter_brand=blessing-food&per_page=18 HTTP/2" 200 33192 "-" "Mozilla/5.0 (compatible; AhrefsBot/7.0; +http://ahrefs.com/robot/)"
37.27.59.176 - - [29/Mar/2026:12:24:35 +0700] "GET /shop/page/3/?orderby=date&per_row=6&per_page=12&shop_view=grid HTTP/1.1" 200 41188 "-" "Mozilla/5.0 (compatible; SERankingBacklinksBot/1.0; +https://seranking.com/backlinks-crawler)"
103.131.51.123 - - [29/Mar/2026:12:24:42 +0700] "POST /wp-cron.php?doing_wp_cron=1774761882.4488511085510253906250 HTTP/1.1" 200 474 "-" "WordPress/6.9.4; https://lotushomemade.com"
37.27.59.176 - - [29/Mar/2026:12:24:41 +0700] "GET /shop/page/7/?orderby=price&per_row=2&shop_view=grid&per_page=8 HTTP/1.1" 200 40545 "-" "Mozilla/5.0 (compatible; SERankingBacklinksBot/1.0; +https://seranking.com/backlinks-crawler)"
37.27.59.176 - - [29/Mar/2026:12:24:45 +0700] "GET /shop/page/3/?orderby=date&per_row=6&per_page=18&shop_view=grid HTTP/1.1" 200 41922 "-" "Mozilla/5.0 (compatible; SERankingBacklinksBot/1.0; +https://seranking.com/backlinks-crawler)"
37.27.59.176 - - [29/Mar/2026:12:24:51 +0700] "GET /shop/page/7/?orderby=price&per_row=4&shop_view=grid&per_page=8 HTTP/1.1" 200 40546 "-" "Mozilla/5.0 (compatible; SERankingBacklinksBot/1.0; +https://seranking.com/backlinks-crawler)"
37.27.59.176 - - [29/Mar/2026:12:24:56 +0700] "GET /shop/page/3/?orderby=date&per_row=6&per_page=24&shop_view=grid HTTP/1.1" 200 42637 "-" "Mozilla/5.0 (compatible; SERankingBacklinksBot/1.0; +https://seranking.com/backlinks-crawler)"
37.27.59.176 - - [29/Mar/2026:12:25:01 +0700] "GET /shop/page/7/?orderby=price&per_row=6&shop_view=grid&per_page=8 HTTP/1.1" 200 40378 "-" "Mozilla/5.0 (compatible; SERankingBacklinksBot/1.0; +https://seranking.com/backlinks-crawler)"
37.27.59.176 - - [29/Mar/2026:12:25:06 +0700] "GET /shop/page/3/?orderby=price&per_row=2&per_page=8&shop_view=grid HTTP/1.1" 200 40449 "-" "Mozilla/5.0 (compatible; SERankingBacklinksBot/1.0; +https://seranking.com/backlinks-crawler)"
37.27.59.176 - - [29/Mar/2026:12:25:11 +0700] "GET /shop/page/7/?orderby=price-desc&per_page=8&stock_status=onsale HTTP/1.1" 200 40462 "-" "Mozilla/5.0 (compatible; SERankingBacklinksBot/1.0; +https://seranking.com/backlinks-crawler)"
51.75.236.146 - - [29/Mar/2026:12:25:13 +0700] "GET /product-category/crispy-snack-series/page/5/?per_page=12&shop_view=grid&per_row=4 HTTP/2" 200 32884 "-" "Mozilla/5.0 (compatible; AhrefsBot/7.0; +http://ahrefs.com/robot/)"
37.27.59.176 - - [29/Mar/2026:12:25:16 +0700] "GET /shop/page/3/?orderby=price&per_row=4&per_page=8&shop_view=grid HTTP/1.1" 200 40500 "-" "Mozilla/5.0 (compatible; SERankingBacklinksBot/1.0; +https://seranking.com/backlinks-crawler)"
37.27.59.176 - - [29/Mar/2026:12:25:21 +0700] "GET /shop/page/7/?orderby=price-desc&stock_status=onsale&per_page=8 HTTP/1.1" 200 40445 "-" "Mozilla/5.0 (compatible; SERankingBacklinksBot/1.0; +https://seranking.com/backlinks-crawler)"
37.27.59.176 - - [29/Mar/2026:12:25:29 +0700] "GET /shop/page/3/?orderby=price&per_row=6&per_page=8&shop_view=grid HTTP/1.1" 200 40487 "-" "Mozilla/5.0 (compatible; SERankingBacklinksBot/1.0; +https://seranking.com/backlinks-crawler)"
37.27.59.176 - - [29/Mar/2026:12:25:34 +0700] "GET /shop/page/30/?min_price=0&per_page=12&shop_view=grid&per_row=2 HTTP/1.1" 200 40785 "-" "Mozilla/5.0 (compatible; SERankingBacklinksBot/1.0; +https://seranking.com/backlinks-crawler)"
103.131.51.123 - - [29/Mar/2026:12:25:41 +0700] "POST /wp-cron.php?doing_wp_cron=1774761941.0416860580444335937500 HTTP/1.1" 200 474 "-" "WordPress/6.9.4; https://lotushomemade.com"
37.27.59.176 - - [29/Mar/2026:12:25:39 +0700] "GET /shop/page/30/?min_price=0&per_page=12&shop_view=grid&per_row=4 HTTP/1.1" 200 40795 "-" "Mozilla/5.0 (compatible; SERankingBacklinksBot/1.0; +https://seranking.com/backlinks-crawler)"
37.27.59.176 - - [29/Mar/2026:12:25:44 +0700] "GET /shop/page/30/?min_price=0&per_page=12&shop_view=grid&per_row=6 HTTP/1.1" 200 40633 "-" "Mozilla/5.0 (compatible; SERankingBacklinksBot/1.0; +https://seranking.com/backlinks-crawler)"
37.27.59.176 - - [29/Mar/2026:12:25:49 +0700] "GET /shop/page/30/?min_price=0&per_row=2&shop_view=grid&per_page=12 HTTP/1.1" 200 40630 "-" "Mozilla/5.0 (compatible; SERankingBacklinksBot/1.0; +https://seranking.com/backlinks-crawler)"
40.77.167.42 - - [29/Mar/2026:12:25:50 +0700] "GET /shop/page/47/?stock_status=onsale&per_page=8&post_type=product HTTP/2" 200 33198 "-" "Mozilla/5.0 AppleWebKit/537.36 (KHTML, like Gecko; compatible; bingbot/2.0; +http://www.bing.com/bingbot.htm) Chrome/116.0.1938.76 Safari/537.36"
37.27.59.176 - - [29/Mar/2026:12:25:54 +0700] "GET /shop/page/30/?min_price=0&per_row=4&shop_view=grid&per_page=12 HTTP/1.1" 200 40826 "-" "Mozilla/5.0 (compatible; SERankingBacklinksBot/1.0; +https://seranking.com/backlinks-crawler)"
51.75.236.132 - - [29/Mar/2026:12:25:55 +0700] "GET /product-category/crispy-snack-series/page/7/?per_page=12&shop_view=grid&per_row=4 HTTP/2" 200 33018 "-" "Mozilla/5.0 (compatible; AhrefsBot/7.0; +http://ahrefs.com/robot/)"
37.27.59.176 - - [29/Mar/2026:12:25:59 +0700] "GET /shop/page/30/?min_price=0&per_row=6&shop_view=grid&per_page=12 HTTP/1.1" 200 40641 "-" "Mozilla/5.0 (compatible; SERankingBacklinksBot/1.0; +https://seranking.com/backlinks-crawler)"
37.27.59.176 - - [29/Mar/2026:12:26:04 +0700] "GET /shop/page/31/?min_price=0&per_page=12&shop_view=grid&per_row=2 HTTP/1.1" 200 40552 "-" "Mozilla/5.0 (compatible; SERankingBacklinksBot/1.0; +https://seranking.com/backlinks-crawler)"
37.27.59.176 - - [29/Mar/2026:12:26:09 +0700] "GET /shop/page/31/?min_price=0&per_page=12&shop_view=grid&per_row=4 HTTP/1.1" 200 40733 "-" "Mozilla/5.0 (compatible; SERankingBacklinksBot/1.0; +https://seranking.com/backlinks-crawler)"
37.27.59.176 - - [29/Mar/2026:12:26:14 +0700] "GET /shop/page/31/?min_price=0&per_page=12&shop_view=grid&per_row=6 HTTP/1.1" 200 40540 "-" "Mozilla/5.0 (compatible; SERankingBacklinksBot/1.0; +https://seranking.com/backlinks-crawler)"
37.27.59.176 - - [29/Mar/2026:12:26:20 +0700] "GET /shop/page/31/?min_price=0&per_row=2&shop_view=grid&per_page=12 HTTP/1.1" 200 40806 "-" "Mozilla/5.0 (compatible; SERankingBacklinksBot/1.0; +https://seranking.com/backlinks-crawler)"
37.27.59.176 - - [29/Mar/2026:12:26:25 +0700] "GET /shop/page/31/?min_price=0&per_row=4&shop_view=grid&per_page=12 HTTP/1.1" 200 40570 "-" "Mozilla/5.0 (compatible; SERankingBacklinksBot/1.0; +https://seranking.com/backlinks-crawler)"
37.27.59.176 - - [29/Mar/2026:12:26:29 +0700] "GET /shop/page/31/?min_price=0&per_row=6&shop_view=grid&per_page=12 HTTP/1.1" 200 40541 "-" "Mozilla/5.0 (compatible; SERankingBacklinksBot/1.0; +https://seranking.com/backlinks-crawler)"
37.27.59.176 - - [29/Mar/2026:12:26:35 +0700] "GET /shop/page/32/?min_price=0&per_page=12&shop_view=grid&per_row=2 HTTP/1.1" 200 39651 "-" "Mozilla/5.0 (compatible; SERankingBacklinksBot/1.0; +https://seranking.com/backlinks-crawler)"
103.131.51.123 - - [29/Mar/2026:12:26:41 +0700] "POST /wp-cron.php?doing_wp_cron=1774762001.2926089763641357421875 HTTP/1.1" 200 474 "-" "WordPress/6.9.4; https://lotushomemade.com"
37.27.59.176 - - [29/Mar/2026:12:26:39 +0700] "GET /shop/page/32/?min_price=0&per_page=12&shop_view=grid&per_row=4 HTTP/1.1" 200 39504 "-" "Mozilla/5.0 (compatible; SERankingBacklinksBot/1.0; +https://seranking.com/backlinks-crawler)"
37.27.59.176 - - [29/Mar/2026:12:26:45 +0700] "GET /shop/page/32/?min_price=0&per_page=12&shop_view=grid&per_row=6 HTTP/1.1" 200 39448 "-" "Mozilla/5.0 (compatible; SERankingBacklinksBot/1.0; +https://seranking.com/backlinks-crawler)"
37.27.59.176 - - [29/Mar/2026:12:26:50 +0700] "GET /shop/page/32/?min_price=0&per_row=2&shop_view=grid&per_page=12 HTTP/1.1" 200 39667 "-" "Mozilla/5.0 (compatible; SERankingBacklinksBot/1.0; +https://seranking.com/backlinks-crawler)"
51.75.236.144 - - [29/Mar/2026:12:26:53 +0700] "GET /product-category/hot-item/?stock_status=instock%2Consale&filter_brand=blessing-food&per_page=24 HTTP/2" 200 33164 "-" "Mozilla/5.0 (compatible; AhrefsBot/7.0; +http://ahrefs.com/robot/)"
37.27.59.176 - - [29/Mar/2026:12:26:55 +0700] "GET /shop/page/32/?min_price=0&per_row=4&shop_view=grid&per_page=12 HTTP/1.1" 200 39504 "-" "Mozilla/5.0 (compatible; SERankingBacklinksBot/1.0; +https://seranking.com/backlinks-crawler)"
92.222.108.126 - - [29/Mar/2026:12:26:59 +0700] "GET /product-category/crispy-snack-series/page/6/?per_page=12&shop_view=grid&per_row=4 HTTP/2" 200 32923 "-" "Mozilla/5.0 (compatible; AhrefsBot/7.0; +http://ahrefs.com/robot/)"
37.27.59.176 - - [29/Mar/2026:12:27:00 +0700] "GET /shop/page/32/?min_price=0&per_row=6&shop_view=grid&per_page=12 HTTP/1.1" 200 39528 "-" "Mozilla/5.0 (compatible; SERankingBacklinksBot/1.0; +https://seranking.com/backlinks-crawler)"
113.176.188.119 - - [29/Mar/2026:12:27:03 +0700] "GET /product-category/kuih-kapit-series/page/3/?per_page=18&stock_status=onsale HTTP/1.1" 200 41379 "-" "Mozilla/5.0 (Macintosh; Intel Mac OS X 10_12_5) AppleWebKit/537.36 (KHTML, like Gecko) Chrome/68.0.3440.106 Safari/537.36"
37.27.59.176 - - [29/Mar/2026:12:27:05 +0700] "GET /shop/page/4/?max_price=420&per_page=8&shop_view=grid&per_row=2 HTTP/1.1" 200 40947 "-" "Mozilla/5.0 (compatible; SERankingBacklinksBot/1.0; +https://seranking.com/backlinks-crawler)"
37.27.59.176 - - [29/Mar/2026:12:27:09 +0700] "GET /shop/page/4/?max_price=420&per_page=8&shop_view=grid&per_row=4 HTTP/1.1" 200 40798 "-" "Mozilla/5.0 (compatible; SERankingBacklinksBot/1.0; +https://seranking.com/backlinks-crawler)"
37.27.59.176 - - [29/Mar/2026:12:27:16 +0700] "GET /shop/page/4/?max_price=420&per_page=8&shop_view=grid&per_row=6 HTTP/1.1" 200 40999 "-" "Mozilla/5.0 (compatible; SERankingBacklinksBot/1.0; +https://seranking.com/backlinks-crawler)"
37.27.59.176 - - [29/Mar/2026:12:27:21 +0700] "GET /shop/page/4/?max_price=420&per_row=2&shop_view=grid&per_page=8 HTTP/1.1" 200 40982 "-" "Mozilla/5.0 (compatible; SERankingBacklinksBot/1.0; +https://seranking.com/backlinks-crawler)"
37.27.59.176 - - [29/Mar/2026:12:27:28 +0700] "GET /shop/page/4/?max_price=420&per_row=4&shop_view=grid&per_page=8 HTTP/1.1" 200 40977 "-" "Mozilla/5.0 (compatible; SERankingBacklinksBot/1.0; +https://seranking.com/backlinks-crawler)"
37.27.59.176 - - [29/Mar/2026:12:27:32 +0700] "GET /shop/page/4/?max_price=420&per_row=6&shop_view=grid&per_page=8 HTTP/1.1" 200 40800 "-" "Mozilla/5.0 (compatible; SERankingBacklinksBot/1.0; +https://seranking.com/backlinks-crawler)"
103.131.51.123 - - [29/Mar/2026:12:27:38 +0700] "POST /wp-cron.php?doing_wp_cron=1774762058.6784698963165283203125 HTTP/1.1" 200 474 "-" "WordPress/6.9.4; https://lotushomemade.com"
94.23.188.216 - - [29/Mar/2026:12:27:37 +0700] "GET /product-category/crispy-snack-series/page/5/?per_page=12&shop_view=grid&per_row=2 HTTP/2" 200 32817 "-" "Mozilla/5.0 (compatible; AhrefsBot/7.0; +http://ahrefs.com/robot/)"
103.131.51.123 - - [29/Mar/2026:12:27:39 +0700] "POST /wp-cron.php?doing_wp_cron=1774762059.4591429233551025390625 HTTP/1.1" 200 474 "-" "WordPress/6.9.4; https://lotushomemade.com"
37.27.59.176 - - [29/Mar/2026:12:27:38 +0700] "GET /shop/page/4/?max_price=630&per_page=8&shop_view=grid&per_row=2 HTTP/1.1" 200 40991 "-" "Mozilla/5.0 (compatible; SERankingBacklinksBot/1.0; +https://seranking.com/backlinks-crawler)"
37.27.59.176 - - [29/Mar/2026:12:27:43 +0700] "GET /shop/page/4/?max_price=630&per_page=8&shop_view=grid&per_row=4 HTTP/1.1" 200 40989 "-" "Mozilla/5.0 (compatible; SERankingBacklinksBot/1.0; +https://seranking.com/backlinks-crawler)"
37.27.59.176 - - [29/Mar/2026:12:27:48 +0700] "GET /shop/page/4/?max_price=630&per_page=8&shop_view=grid&per_row=6 HTTP/1.1" 200 40780 "-" "Mozilla/5.0 (compatible; SERankingBacklinksBot/1.0; +https://seranking.com/backlinks-crawler)"
37.27.59.176 - - [29/Mar/2026:12:27:52 +0700] "GET /shop/page/4/?max_price=630&per_row=2&shop_view=grid&per_page=8 HTTP/1.1" 200 40758 "-" "Mozilla/5.0 (compatible; SERankingBacklinksBot/1.0; +https://seranking.com/backlinks-crawler)"
37.27.59.176 - - [29/Mar/2026:12:27:58 +0700] "GET /shop/page/4/?max_price=630&per_row=4&shop_view=grid&per_page=8 HTTP/1.1" 200 40968 "-" "Mozilla/5.0 (compatible; SERankingBacklinksBot/1.0; +https://seranking.com/backlinks-crawler)"
37.27.59.176 - - [29/Mar/2026:12:28:03 +0700] "GET /shop/page/4/?max_price=630&per_row=6&shop_view=grid&per_page=8 HTTP/1.1" 200 40812 "-" "Mozilla/5.0 (compatible; SERankingBacklinksBot/1.0; +https://seranking.com/backlinks-crawler)"
37.27.59.176 - - [29/Mar/2026:12:28:07 +0700] "GET /shop/page/4/?max_price=840&per_page=8&shop_view=grid&per_row=2 HTTP/1.1" 200 40761 "-" "Mozilla/5.0 (compatible; SERankingBacklinksBot/1.0; +https://seranking.com/backlinks-crawler)"
37.27.59.176 - - [29/Mar/2026:12:28:13 +0700] "GET /shop/page/4/?max_price=840&per_page=8&shop_view=grid&per_row=4 HTTP/1.1" 200 40965 "-" "Mozilla/5.0 (compatible; SERankingBacklinksBot/1.0; +https://seranking.com/backlinks-crawler)"
37.27.59.176 - - [29/Mar/2026:12:28:17 +0700] "GET /shop/page/4/?max_price=840&per_page=8&shop_view=grid&per_row=6 HTTP/1.1" 200 40770 "-" "Mozilla/5.0 (compatible; SERankingBacklinksBot/1.0; +https://seranking.com/backlinks-crawler)"
51.68.247.213 - - [29/Mar/2026:12:28:20 +0700] "GET /shop/?orderby=rating&stock_status=onsale&filter_brand=blessing-food&per_page=24 HTTP/2" 200 33157 "-" "Mozilla/5.0 (compatible; AhrefsBot/7.0; +http://ahrefs.com/robot/)"
37.27.59.176 - - [29/Mar/2026:12:28:22 +0700] "GET /shop/page/4/?max_price=840&per_row=2&shop_view=grid&per_page=8 HTTP/1.1" 200 40789 "-" "Mozilla/5.0 (compatible; SERankingBacklinksBot/1.0; +https://seranking.com/backlinks-crawler)"
37.27.59.176 - - [29/Mar/2026:12:28:27 +0700] "GET /shop/page/4/?max_price=840&per_row=4&shop_view=grid&per_page=8 HTTP/1.1" 200 40958 "-" "Mozilla/5.0 (compatible; SERankingBacklinksBot/1.0; +https://seranking.com/backlinks-crawler)"
37.27.59.176 - - [29/Mar/2026:12:28:32 +0700] "GET /shop/page/4/?max_price=840&per_row=6&shop_view=grid&per_page=8 HTTP/1.1" 200 40785 "-" "Mozilla/5.0 (compatible; SERankingBacklinksBot/1.0; +https://seranking.com/backlinks-crawler)"
37.27.59.176 - - [29/Mar/2026:12:28:37 +0700] "GET /shop/page/1/?min_price=0&max_price=210&per_row=2&shop_view=grid HTTP/1.1" 301 463 "-" "Mozilla/5.0 (compatible; SERankingBacklinksBot/1.0; +https://seranking.com/backlinks-crawler)"
37.27.59.176 - - [29/Mar/2026:12:28:37 +0700] "GET /shop/?min_price=0&max_price=210&per_row=2&shop_view=grid HTTP/1.1" 200 41740 "-" "Mozilla/5.0 (compatible; SERankingBacklinksBot/1.0; +https://seranking.com/backlinks-crawler)"
103.131.51.123 - - [29/Mar/2026:12:28:44 +0700] "POST /wp-cron.php?doing_wp_cron=1774762124.0674960613250732421875 HTTP/1.1" 200 474 "-" "WordPress/6.9.4; https://lotushomemade.com"
37.27.59.176 - - [29/Mar/2026:12:28:42 +0700] "GET /shop/page/4/?max_price=845&per_page=24&shop_view=grid&per_row=2 HTTP/1.1" 200 43114 "-" "Mozilla/5.0 (compatible; SERankingBacklinksBot/1.0; +https://seranking.com/backlinks-crawler)"
37.27.59.176 - - [29/Mar/2026:12:28:47 +0700] "GET /shop/page/12/?orderby=date&per_page=24&shop_view=grid&per_row=2 HTTP/1.1" 200 41662 "-" "Mozilla/5.0 (compatible; SERankingBacklinksBot/1.0; +https://seranking.com/backlinks-crawler)"
37.27.59.176 - - [29/Mar/2026:12:28:52 +0700] "GET /shop/page/1/?min_price=0&max_price=210&per_row=4&shop_view=grid HTTP/1.1" 301 463 "-" "Mozilla/5.0 (compatible; SERankingBacklinksBot/1.0; +https://seranking.com/backlinks-crawler)"
92.222.108.110 - - [29/Mar/2026:12:28:52 +0700] "GET /product-category/crispy-snack-series/page/6/?per_row=4&shop_view=grid&per_page=12 HTTP/2" 200 32906 "-" "Mozilla/5.0 (compatible; AhrefsBot/7.0; +http://ahrefs.com/robot/)"
37.27.59.176 - - [29/Mar/2026:12:28:52 +0700] "GET /shop/?min_price=0&max_price=210&per_row=4&shop_view=grid HTTP/1.1" 200 41696 "-" "Mozilla/5.0 (compatible; SERankingBacklinksBot/1.0; +https://seranking.com/backlinks-crawler)"
37.27.59.176 - - [29/Mar/2026:12:28:58 +0700] "GET /shop/page/4/?max_price=845&per_page=24&shop_view=grid&per_row=4 HTTP/1.1" 200 43042 "-" "Mozilla/5.0 (compatible; SERankingBacklinksBot/1.0; +https://seranking.com/backlinks-crawler)"
37.27.59.176 - - [29/Mar/2026:12:29:03 +0700] "GET /shop/page/12/?orderby=date&per_page=24&shop_view=grid&per_row=4 HTTP/1.1" 200 41679 "-" "Mozilla/5.0 (compatible; SERankingBacklinksBot/1.0; +https://seranking.com/backlinks-crawler)"
37.27.59.176 - - [29/Mar/2026:12:29:08 +0700] "GET /shop/page/1/?min_price=0&max_price=210&per_row=6&shop_view=grid HTTP/1.1" 301 641 "-" "Mozilla/5.0 (compatible; SERankingBacklinksBot/1.0; +https://seranking.com/backlinks-crawler)"
37.27.59.176 - - [29/Mar/2026:12:29:09 +0700] "GET /shop/?min_price=0&max_price=210&per_row=6&shop_view=grid HTTP/1.1" 200 41714 "-" "Mozilla/5.0 (compatible; SERankingBacklinksBot/1.0; +https://seranking.com/backlinks-crawler)"
37.27.59.176 - - [29/Mar/2026:12:29:13 +0700] "GET /shop/page/4/?max_price=845&per_page=24&shop_view=grid&per_row=6 HTTP/1.1" 200 42904 "-" "Mozilla/5.0 (compatible; SERankingBacklinksBot/1.0; +https://seranking.com/backlinks-crawler)"
108.179.219.145 - - [29/Mar/2026:12:29:20 +0700] "GET /wp-login.php HTTP/2" 200 1889 "-" "Mozilla/5.0 (Windows NT 6.1; Trident/7.0; MALC; rv:11.0) like Gecko"
37.27.59.176 - - [29/Mar/2026:12:29:19 +0700] "GET /shop/page/12/?orderby=date&per_page=24&shop_view=grid&per_row=6 HTTP/1.1" 200 41850 "-" "Mozilla/5.0 (compatible; SERankingBacklinksBot/1.0; +https://seranking.com/backlinks-crawler)"
37.27.59.176 - - [29/Mar/2026:12:29:23 +0700] "GET /shop/page/1/?orderby=popularity&per_page=12&stock_status=onsale HTTP/1.1" 301 421 "-" "Mozilla/5.0 (compatible; SERankingBacklinksBot/1.0; +https://seranking.com/backlinks-crawler)"
108.179.219.145 - - [29/Mar/2026:12:29:24 +0700] "POST /wp-login.php HTTP/2" 200 2027 "https://lotushomemade.com/wp-login.php" "Mozilla/5.0 (Windows NT 6.1; Trident/7.0; MALC; rv:11.0) like Gecko"
37.27.59.176 - - [29/Mar/2026:12:29:24 +0700] "GET /shop/?orderby=popularity&per_page=12&stock_status=onsale HTTP/1.1" 200 41946 "-" "Mozilla/5.0 (compatible; SERankingBacklinksBot/1.0; +https://seranking.com/backlinks-crawler)"
37.27.59.176 - - [29/Mar/2026:12:29:29 +0700] "GET /shop/page/4/?max_price=845&per_row=2&shop_view=grid&per_page=12 HTTP/1.1" 200 41469 "-" "Mozilla/5.0 (compatible; SERankingBacklinksBot/1.0; +https://seranking.com/backlinks-crawler)"
37.27.59.176 - - [29/Mar/2026:12:29:34 +0700] "GET /shop/page/12/?orderby=date&per_row=2&shop_view=grid&per_page=24 HTTP/1.1" 200 41681 "-" "Mozilla/5.0 (compatible; SERankingBacklinksBot/1.0; +https://seranking.com/backlinks-crawler)"
