37.27.59.176 - - [29/Mar/2026:11:13:46 +0700] "GET /shop/page/5/?max_price=845&per_page=12&stock_status=instock HTTP/1.1" 200 41189 "-" "Mozilla/5.0 (compatible; SERankingBacklinksBot/1.0; +https://seranking.com/backlinks-crawler)"
37.27.59.176 - - [29/Mar/2026:11:13:51 +0700] "GET /shop/page/24/?per_row=6&shop_view=grid&stock_status=instock HTTP/1.1" 200 40570 "-" "Mozilla/5.0 (compatible; SERankingBacklinksBot/1.0; +https://seranking.com/backlinks-crawler)"
37.27.59.176 - - [29/Mar/2026:11:13:57 +0700] "GET /shop/page/1/?orderby=price-desc&stock_status=instock,onsale HTTP/1.1" 301 551 "-" "Mozilla/5.0 (compatible; SERankingBacklinksBot/1.0; +https://seranking.com/backlinks-crawler)"
37.27.59.176 - - [29/Mar/2026:11:13:57 +0700] "GET /shop/?orderby=price-desc&stock_status=instock%2Consale HTTP/1.1" 200 41488 "-" "Mozilla/5.0 (compatible; SERankingBacklinksBot/1.0; +https://seranking.com/backlinks-crawler)"
37.27.59.176 - - [29/Mar/2026:11:14:03 +0700] "GET /shop/page/5/?max_price=845&per_page=18&stock_status=instock HTTP/1.1" 200 42067 "-" "Mozilla/5.0 (compatible; SERankingBacklinksBot/1.0; +https://seranking.com/backlinks-crawler)"
37.27.59.176 - - [29/Mar/2026:11:14:08 +0700] "GET /shop/page/24/?stock_status=instock&shop_view=grid&per_row=2 HTTP/1.1" 200 40548 "-" "Mozilla/5.0 (compatible; SERankingBacklinksBot/1.0; +https://seranking.com/backlinks-crawler)"
37.27.59.176 - - [29/Mar/2026:11:14:13 +0700] "GET /shop/page/1/?orderby=rating&per_page=12&stock_status=onsale HTTP/1.1" 301 417 "-" "Mozilla/5.0 (compatible; SERankingBacklinksBot/1.0; +https://seranking.com/backlinks-crawler)"
37.27.59.176 - - [29/Mar/2026:11:14:13 +0700] "GET /shop/?orderby=rating&per_page=12&stock_status=onsale HTTP/1.1" 200 41824 "-" "Mozilla/5.0 (compatible; SERankingBacklinksBot/1.0; +https://seranking.com/backlinks-crawler)"
92.222.104.215 - - [29/Mar/2026:11:14:18 +0700] "GET /shop/page/40/?orderby=rating&per_row=4&per_page=8&shop_view=grid HTTP/2" 200 33254 "-" "Mozilla/5.0 (compatible; AhrefsBot/7.0; +http://ahrefs.com/robot/)"
45.131.193.111 - - [29/Mar/2026:11:14:19 +0700] "POST /wp-login.php HTTP/1.1" 200 7854 "-" "Mozilla/5.0"
37.27.59.176 - - [29/Mar/2026:11:14:18 +0700] "GET /shop/page/5/?max_price=845&per_page=24&stock_status=instock HTTP/1.1" 200 42465 "-" "Mozilla/5.0 (compatible; SERankingBacklinksBot/1.0; +https://seranking.com/backlinks-crawler)"
37.59.204.156 - - [29/Mar/2026:11:14:23 +0700] "GET /shop/page/41/?orderby=rating&stock_status=instock%2Consale&per_row=2&per_page=8&shop_view=grid HTTP/2" 200 33379 "-" "Mozilla/5.0 (compatible; AhrefsBot/7.0; +http://ahrefs.com/robot/)"
37.27.59.176 - - [29/Mar/2026:11:14:24 +0700] "GET /shop/page/24/?stock_status=instock&shop_view=grid&per_row=4 HTTP/1.1" 200 40744 "-" "Mozilla/5.0 (compatible; SERankingBacklinksBot/1.0; +https://seranking.com/backlinks-crawler)"
37.27.59.176 - - [29/Mar/2026:11:14:29 +0700] "GET /shop/page/1/?orderby=rating&per_page=18&stock_status=onsale HTTP/1.1" 301 417 "-" "Mozilla/5.0 (compatible; SERankingBacklinksBot/1.0; +https://seranking.com/backlinks-crawler)"
37.27.59.176 - - [29/Mar/2026:11:14:29 +0700] "GET /shop/?orderby=rating&per_page=18&stock_status=onsale HTTP/1.1" 200 42644 "-" "Mozilla/5.0 (compatible; SERankingBacklinksBot/1.0; +https://seranking.com/backlinks-crawler)"
37.27.59.176 - - [29/Mar/2026:11:14:35 +0700] "GET /shop/page/5/?max_price=845&stock_status=instock&per_page=12 HTTP/1.1" 200 41228 "-" "Mozilla/5.0 (compatible; SERankingBacklinksBot/1.0; +https://seranking.com/backlinks-crawler)"
103.131.51.123 - - [29/Mar/2026:11:14:41 +0700] "POST /wp-cron.php?doing_wp_cron=1774757681.2409849166870117187500 HTTP/1.1" 200 474 "-" "WordPress/6.9.4; https://lotushomemade.com"
37.27.59.176 - - [29/Mar/2026:11:14:39 +0700] "GET /shop/page/24/?stock_status=instock&shop_view=grid&per_row=6 HTTP/1.1" 200 40583 "-" "Mozilla/5.0 (compatible; SERankingBacklinksBot/1.0; +https://seranking.com/backlinks-crawler)"
37.27.59.176 - - [29/Mar/2026:11:14:44 +0700] "GET /shop/page/1/?orderby=rating&per_page=24&stock_status=onsale HTTP/1.1" 301 417 "-" "Mozilla/5.0 (compatible; SERankingBacklinksBot/1.0; +https://seranking.com/backlinks-crawler)"
37.27.59.176 - - [29/Mar/2026:11:14:45 +0700] "GET /shop/?orderby=rating&per_page=24&stock_status=onsale HTTP/1.1" 200 43269 "-" "Mozilla/5.0 (compatible; SERankingBacklinksBot/1.0; +https://seranking.com/backlinks-crawler)"
37.27.59.176 - - [29/Mar/2026:11:14:50 +0700] "GET /shop/page/5/?max_price=845&stock_status=instock&per_page=18 HTTP/1.1" 200 42008 "-" "Mozilla/5.0 (compatible; SERankingBacklinksBot/1.0; +https://seranking.com/backlinks-crawler)"
37.27.59.176 - - [29/Mar/2026:11:14:55 +0700] "GET /shop/page/25/?min_price=0&max_price=210&stock_status=onsale HTTP/1.1" 200 40734 "-" "Mozilla/5.0 (compatible; SERankingBacklinksBot/1.0; +https://seranking.com/backlinks-crawler)"
40.77.167.6 - - [29/Mar/2026:11:14:55 +0700] "GET /product-category/kuih-kapit-series/page/2/?per_page=8&stock_status=onsale HTTP/2" 200 33266 "-" "Mozilla/5.0 AppleWebKit/537.36 (KHTML, like Gecko; compatible; bingbot/2.0; +http://www.bing.com/bingbot.htm) Chrome/116.0.1938.76 Safari/537.36"
37.27.59.176 - - [29/Mar/2026:11:15:02 +0700] "GET /shop/page/1/?orderby=rating&per_page=8&stock_status=instock HTTP/1.1" 301 594 "-" "Mozilla/5.0 (compatible; SERankingBacklinksBot/1.0; +https://seranking.com/backlinks-crawler)"
37.27.59.176 - - [29/Mar/2026:11:15:02 +0700] "GET /shop/?orderby=rating&per_page=8&stock_status=instock HTTP/1.1" 200 41210 "-" "Mozilla/5.0 (compatible; SERankingBacklinksBot/1.0; +https://seranking.com/backlinks-crawler)"
37.27.59.176 - - [29/Mar/2026:11:15:07 +0700] "GET /shop/page/5/?max_price=845&stock_status=instock&per_page=24 HTTP/1.1" 200 42277 "-" "Mozilla/5.0 (compatible; SERankingBacklinksBot/1.0; +https://seranking.com/backlinks-crawler)"
37.27.59.176 - - [29/Mar/2026:11:15:13 +0700] "GET /shop/page/25/?per_row=2&shop_view=grid&stock_status=instock HTTP/1.1" 200 40808 "-" "Mozilla/5.0 (compatible; SERankingBacklinksBot/1.0; +https://seranking.com/backlinks-crawler)"
37.27.59.176 - - [29/Mar/2026:11:15:18 +0700] "GET /shop/page/1/?orderby=rating&stock_status=instock&per_page=8 HTTP/1.1" 301 416 "-" "Mozilla/5.0 (compatible; SERankingBacklinksBot/1.0; +https://seranking.com/backlinks-crawler)"
37.27.59.176 - - [29/Mar/2026:11:15:18 +0700] "GET /shop/?orderby=rating&stock_status=instock&per_page=8 HTTP/1.1" 200 41223 "-" "Mozilla/5.0 (compatible; SERankingBacklinksBot/1.0; +https://seranking.com/backlinks-crawler)"
37.27.59.176 - - [29/Mar/2026:11:15:23 +0700] "GET /shop/page/5/?orderby=popularity&stock_status=instock,onsale HTTP/1.1" 301 558 "-" "Mozilla/5.0 (compatible; SERankingBacklinksBot/1.0; +https://seranking.com/backlinks-crawler)"
37.27.59.176 - - [29/Mar/2026:11:15:24 +0700] "GET /shop/page/5/?orderby=popularity&stock_status=instock%2Consale HTTP/1.1" 200 40925 "-" "Mozilla/5.0 (compatible; SERankingBacklinksBot/1.0; +https://seranking.com/backlinks-crawler)"
37.27.59.176 - - [29/Mar/2026:11:15:29 +0700] "GET /shop/page/25/?per_row=4&shop_view=grid&stock_status=instock HTTP/1.1" 200 40728 "-" "Mozilla/5.0 (compatible; SERankingBacklinksBot/1.0; +https://seranking.com/backlinks-crawler)"
37.27.59.176 - - [29/Mar/2026:11:15:34 +0700] "GET /shop/page/1/?orderby=rating&stock_status=onsale&per_page=12 HTTP/1.1" 301 595 "-" "Mozilla/5.0 (compatible; SERankingBacklinksBot/1.0; +https://seranking.com/backlinks-crawler)"
37.27.59.176 - - [29/Mar/2026:11:15:34 +0700] "GET /shop/?orderby=rating&stock_status=onsale&per_page=12 HTTP/1.1" 200 41831 "-" "Mozilla/5.0 (compatible; SERankingBacklinksBot/1.0; +https://seranking.com/backlinks-crawler)"
103.131.51.123 - - [29/Mar/2026:11:15:41 +0700] "POST /wp-cron.php?doing_wp_cron=1774757741.1708769798278808593750 HTTP/1.1" 200 474 "-" "WordPress/6.9.4; https://lotushomemade.com"
37.27.59.176 - - [29/Mar/2026:11:15:39 +0700] "GET /shop/page/5/?orderby=price&per_page=12&stock_status=instock HTTP/1.1" 200 41006 "-" "Mozilla/5.0 (compatible; SERankingBacklinksBot/1.0; +https://seranking.com/backlinks-crawler)"
37.27.59.176 - - [29/Mar/2026:11:15:45 +0700] "GET /shop/page/25/?per_row=6&shop_view=grid&stock_status=instock HTTP/1.1" 200 40842 "-" "Mozilla/5.0 (compatible; SERankingBacklinksBot/1.0; +https://seranking.com/backlinks-crawler)"
37.27.59.176 - - [29/Mar/2026:11:15:49 +0700] "GET /shop/page/1/?orderby=rating&stock_status=onsale&per_page=18 HTTP/1.1" 301 417 "-" "Mozilla/5.0 (compatible; SERankingBacklinksBot/1.0; +https://seranking.com/backlinks-crawler)"
37.27.59.176 - - [29/Mar/2026:11:15:50 +0700] "GET /shop/?orderby=rating&stock_status=onsale&per_page=18 HTTP/1.1" 200 42671 "-" "Mozilla/5.0 (compatible; SERankingBacklinksBot/1.0; +https://seranking.com/backlinks-crawler)"
37.27.59.176 - - [29/Mar/2026:11:15:55 +0700] "GET /shop/page/5/?orderby=price&per_page=18&stock_status=instock HTTP/1.1" 200 42015 "-" "Mozilla/5.0 (compatible; SERankingBacklinksBot/1.0; +https://seranking.com/backlinks-crawler)"
37.27.59.176 - - [29/Mar/2026:11:16:00 +0700] "GET /shop/page/25/?stock_status=instock&shop_view=grid&per_row=2 HTTP/1.1" 200 40658 "-" "Mozilla/5.0 (compatible; SERankingBacklinksBot/1.0; +https://seranking.com/backlinks-crawler)"
5.39.1.237 - - [29/Mar/2026:11:16:01 +0700] "GET /shop/page/5/?orderby=rating&stock_status=instock%2Consale&per_row=4&per_page=24&shop_view=grid HTTP/2" 200 35183 "-" "Mozilla/5.0 (compatible; AhrefsBot/7.0; +http://ahrefs.com/robot/)"
37.27.59.176 - - [29/Mar/2026:11:16:05 +0700] "GET /shop/page/1/?orderby=rating&stock_status=onsale&per_page=24 HTTP/1.1" 301 417 "-" "Mozilla/5.0 (compatible; SERankingBacklinksBot/1.0; +https://seranking.com/backlinks-crawler)"
37.27.59.176 - - [29/Mar/2026:11:16:05 +0700] "GET /shop/?orderby=rating&stock_status=onsale&per_page=24 HTTP/1.1" 200 43260 "-" "Mozilla/5.0 (compatible; SERankingBacklinksBot/1.0; +https://seranking.com/backlinks-crawler)"
37.27.59.176 - - [29/Mar/2026:11:16:11 +0700] "GET /shop/page/5/?orderby=price&per_page=24&stock_status=instock HTTP/1.1" 200 42380 "-" "Mozilla/5.0 (compatible; SERankingBacklinksBot/1.0; +https://seranking.com/backlinks-crawler)"
37.27.59.176 - - [29/Mar/2026:11:16:15 +0700] "GET /shop/page/25/?stock_status=instock&shop_view=grid&per_row=4 HTTP/1.1" 200 40675 "-" "Mozilla/5.0 (compatible; SERankingBacklinksBot/1.0; +https://seranking.com/backlinks-crawler)"
37.27.59.176 - - [29/Mar/2026:11:16:20 +0700] "GET /shop/page/10/?min_price=0&max_price=210&stock_status=onsale HTTP/1.1" 200 40953 "-" "Mozilla/5.0 (compatible; SERankingBacklinksBot/1.0; +https://seranking.com/backlinks-crawler)"
37.27.59.176 - - [29/Mar/2026:11:16:25 +0700] "GET /shop/page/5/?orderby=price&stock_status=instock&per_page=12 HTTP/1.1" 200 40991 "-" "Mozilla/5.0 (compatible; SERankingBacklinksBot/1.0; +https://seranking.com/backlinks-crawler)"
37.27.59.176 - - [29/Mar/2026:11:16:30 +0700] "GET /shop/page/25/?stock_status=instock&shop_view=grid&per_row=6 HTTP/1.1" 200 40684 "-" "Mozilla/5.0 (compatible; SERankingBacklinksBot/1.0; +https://seranking.com/backlinks-crawler)"
37.27.59.176 - - [29/Mar/2026:11:16:36 +0700] "GET /shop/page/10/?per_row=2&shop_view=grid&stock_status=instock HTTP/1.1" 200 40814 "-" "Mozilla/5.0 (compatible; SERankingBacklinksBot/1.0; +https://seranking.com/backlinks-crawler)"
103.131.51.123 - - [29/Mar/2026:11:16:42 +0700] "POST /wp-cron.php?doing_wp_cron=1774757802.5389089584350585937500 HTTP/1.1" 200 474 "-" "WordPress/6.9.4; https://lotushomemade.com"
37.27.59.176 - - [29/Mar/2026:11:16:41 +0700] "GET /shop/page/5/?orderby=price&stock_status=instock&per_page=18 HTTP/1.1" 200 41816 "-" "Mozilla/5.0 (compatible; SERankingBacklinksBot/1.0; +https://seranking.com/backlinks-crawler)"
37.27.59.176 - - [29/Mar/2026:11:16:48 +0700] "GET /shop/page/26/?min_price=0&max_price=210&stock_status=onsale HTTP/1.1" 200 40740 "-" "Mozilla/5.0 (compatible; SERankingBacklinksBot/1.0; +https://seranking.com/backlinks-crawler)"
37.27.59.176 - - [29/Mar/2026:11:16:54 +0700] "GET /shop/page/10/?per_row=4&shop_view=grid&stock_status=instock HTTP/1.1" 200 40643 "-" "Mozilla/5.0 (compatible; SERankingBacklinksBot/1.0; +https://seranking.com/backlinks-crawler)"
37.27.59.176 - - [29/Mar/2026:11:16:59 +0700] "GET /shop/page/5/?orderby=price&stock_status=instock&per_page=24 HTTP/1.1" 200 42544 "-" "Mozilla/5.0 (compatible; SERankingBacklinksBot/1.0; +https://seranking.com/backlinks-crawler)"
37.27.59.176 - - [29/Mar/2026:11:17:04 +0700] "GET /shop/page/26/?per_row=2&shop_view=grid&stock_status=instock HTTP/1.1" 200 40423 "-" "Mozilla/5.0 (compatible; SERankingBacklinksBot/1.0; +https://seranking.com/backlinks-crawler)"
37.27.59.176 - - [29/Mar/2026:11:17:08 +0700] "GET /shop/page/10/?per_row=6&shop_view=grid&stock_status=instock HTTP/1.1" 200 40637 "-" "Mozilla/5.0 (compatible; SERankingBacklinksBot/1.0; +https://seranking.com/backlinks-crawler)"
92.222.108.101 - - [29/Mar/2026:11:17:13 +0700] "GET /shop/page/45/?orderby=date&stock_status=instock&per_page=8&shop_view=grid&per_row=4 HTTP/2" 200 33217 "-" "Mozilla/5.0 (compatible; AhrefsBot/7.0; +http://ahrefs.com/robot/)"
37.27.59.176 - - [29/Mar/2026:11:17:14 +0700] "GET /shop/page/5/?orderby=price-desc&stock_status=instock,onsale HTTP/1.1" 301 558 "-" "Mozilla/5.0 (compatible; SERankingBacklinksBot/1.0; +https://seranking.com/backlinks-crawler)"
37.27.59.176 - - [29/Mar/2026:11:17:14 +0700] "GET /shop/page/5/?orderby=price-desc&stock_status=instock%2Consale HTTP/1.1" 200 41042 "-" "Mozilla/5.0 (compatible; SERankingBacklinksBot/1.0; +https://seranking.com/backlinks-crawler)"
37.27.59.176 - - [29/Mar/2026:11:17:19 +0700] "GET /shop/page/26/?per_row=4&shop_view=grid&stock_status=instock HTTP/1.1" 200 40415 "-" "Mozilla/5.0 (compatible; SERankingBacklinksBot/1.0; +https://seranking.com/backlinks-crawler)"
37.27.59.176 - - [29/Mar/2026:11:17:24 +0700] "GET /shop/page/10/?stock_status=instock&shop_view=grid&per_row=2 HTTP/1.1" 200 40832 "-" "Mozilla/5.0 (compatible; SERankingBacklinksBot/1.0; +https://seranking.com/backlinks-crawler)"
37.27.59.176 - - [29/Mar/2026:11:17:29 +0700] "GET /shop/page/5/?orderby=rating&per_page=12&stock_status=onsale HTTP/1.1" 200 41022 "-" "Mozilla/5.0 (compatible; SERankingBacklinksBot/1.0; +https://seranking.com/backlinks-crawler)"
37.27.59.176 - - [29/Mar/2026:11:17:34 +0700] "GET /shop/page/26/?per_row=6&shop_view=grid&stock_status=instock HTTP/1.1" 200 40480 "-" "Mozilla/5.0 (compatible; SERankingBacklinksBot/1.0; +https://seranking.com/backlinks-crawler)"
103.131.51.123 - - [29/Mar/2026:11:17:40 +0700] "POST /wp-cron.php?doing_wp_cron=1774757860.7940371036529541015625 HTTP/1.1" 200 474 "-" "WordPress/6.9.4; https://lotushomemade.com"
37.27.59.176 - - [29/Mar/2026:11:17:39 +0700] "GET /shop/page/10/?stock_status=instock&shop_view=grid&per_row=4 HTTP/1.1" 200 40845 "-" "Mozilla/5.0 (compatible; SERankingBacklinksBot/1.0; +https://seranking.com/backlinks-crawler)"
37.27.59.176 - - [29/Mar/2026:11:17:44 +0700] "GET /shop/page/5/?orderby=rating&per_page=18&stock_status=onsale HTTP/1.1" 200 41430 "-" "Mozilla/5.0 (compatible; SERankingBacklinksBot/1.0; +https://seranking.com/backlinks-crawler)"
37.27.59.176 - - [29/Mar/2026:11:17:49 +0700] "GET /shop/page/26/?stock_status=instock&shop_view=grid&per_row=2 HTTP/1.1" 200 40441 "-" "Mozilla/5.0 (compatible; SERankingBacklinksBot/1.0; +https://seranking.com/backlinks-crawler)"
37.27.59.176 - - [29/Mar/2026:11:17:54 +0700] "GET /shop/page/10/?stock_status=instock&shop_view=grid&per_row=6 HTTP/1.1" 200 40816 "-" "Mozilla/5.0 (compatible; SERankingBacklinksBot/1.0; +https://seranking.com/backlinks-crawler)"
51.75.236.133 - - [29/Mar/2026:11:17:57 +0700] "GET /shop/page/41/?orderby=rating&stock_status=instock%2Consale&per_row=2&per_page=8&shop_view=grid HTTP/2" 200 33376 "-" "Mozilla/5.0 (compatible; AhrefsBot/7.0; +http://ahrefs.com/robot/)"
37.27.59.176 - - [29/Mar/2026:11:17:59 +0700] "GET /shop/page/5/?orderby=rating&per_page=24&stock_status=onsale HTTP/1.1" 200 42262 "-" "Mozilla/5.0 (compatible; SERankingBacklinksBot/1.0; +https://seranking.com/backlinks-crawler)"
37.27.59.176 - - [29/Mar/2026:11:18:04 +0700] "GET /shop/page/26/?stock_status=instock&shop_view=grid&per_row=4 HTTP/1.1" 200 40598 "-" "Mozilla/5.0 (compatible; SERankingBacklinksBot/1.0; +https://seranking.com/backlinks-crawler)"
37.27.59.176 - - [29/Mar/2026:11:18:09 +0700] "GET /shop/page/11/?max_price=420&per_page=24&stock_status=onsale HTTP/1.1" 200 41848 "-" "Mozilla/5.0 (compatible; SERankingBacklinksBot/1.0; +https://seranking.com/backlinks-crawler)"
37.27.59.176 - - [29/Mar/2026:11:18:14 +0700] "GET /shop/page/5/?orderby=rating&per_page=8&stock_status=instock HTTP/1.1" 200 40331 "-" "Mozilla/5.0 (compatible; SERankingBacklinksBot/1.0; +https://seranking.com/backlinks-crawler)"
43.130.102.223 - - [29/Mar/2026:11:18:18 +0700] "GET / HTTP/1.1" 200 90566 "-" "Mozilla/5.0 (iPhone; CPU iPhone OS 13_2_3 like Mac OS X) AppleWebKit/605.1.15 (KHTML, like Gecko) Version/13.0.3 Mobile/15E148 Safari/604.1"
37.27.59.176 - - [29/Mar/2026:11:18:19 +0700] "GET /shop/page/26/?stock_status=instock&shop_view=grid&per_row=6 HTTP/1.1" 200 40589 "-" "Mozilla/5.0 (compatible; SERankingBacklinksBot/1.0; +https://seranking.com/backlinks-crawler)"
94.23.188.208 - - [29/Mar/2026:11:18:19 +0700] "GET /product-category/crispy-snack-series/page/8/?stock_status=onsale&per_page=12&shop_view=grid&per_row=2 HTTP/2" 200 32794 "-" "Mozilla/5.0 (compatible; AhrefsBot/7.0; +http://ahrefs.com/robot/)"
37.27.59.176 - - [29/Mar/2026:11:18:24 +0700] "GET /shop/page/11/?max_price=420&stock_status=onsale&per_page=24 HTTP/1.1" 200 41858 "-" "Mozilla/5.0 (compatible; SERankingBacklinksBot/1.0; +https://seranking.com/backlinks-crawler)"
37.27.59.176 - - [29/Mar/2026:11:18:30 +0700] "GET /shop/page/5/?orderby=rating&stock_status=instock&per_page=8 HTTP/1.1" 200 40520 "-" "Mozilla/5.0 (compatible; SERankingBacklinksBot/1.0; +https://seranking.com/backlinks-crawler)"
43.173.182.61 - - [29/Mar/2026:11:18:30 +0700] "GET / HTTP/1.1" 200 90476 "-" "Mozilla/5.0 (Windows NT 10.0; Win64; x64) AppleWebKit/537.36 (KHTML, like Gecko) Chrome/109.0.0.0 Safari/537.36"
43.173.176.241 - - [29/Mar/2026:11:18:32 +0700] "GET /wp-content/themes/woodmart/css/parts/opt-lazy-load.min.css?ver=7.2.5 HTTP/1.1" 200 796 "https://lotushomemade.com/" "Mozilla/5.0 (Windows NT 10.0; Win64; x64) AppleWebKit/537.36 (KHTML, like Gecko) Chrome/109.0.0.0 Safari/537.36"
43.173.179.113 - - [29/Mar/2026:11:18:33 +0700] "GET /wp-content/themes/woodmart/js/scripts/wc/productMoreDescription.min.js?ver=7.2.5 HTTP/1.1" 200 1159 "https://lotushomemade.com/" "Mozilla/5.0 (Windows NT 10.0; Win64; x64) AppleWebKit/537.36 (KHTML, like Gecko) Chrome/109.0.0.0 Safari/537.36"
43.173.181.208 - - [29/Mar/2026:11:18:33 +0700] "GET /wp-content/themes/woodmart/js/scripts/global/owlCarouselInit.min.js?ver=7.2.5 HTTP/1.1" 200 1705 "https://lotushomemade.com/" "Mozilla/5.0 (Windows NT 10.0; Win64; x64) AppleWebKit/537.36 (KHTML, like Gecko) Chrome/109.0.0.0 Safari/537.36"
43.173.176.19 - - [29/Mar/2026:11:18:33 +0700] "GET /wp-content/themes/woodmart/js/scripts/wc/productHover.min.js?ver=7.2.5 HTTP/1.1" 200 1631 "https://lotushomemade.com/" "Mozilla/5.0 (Windows NT 10.0; Win64; x64) AppleWebKit/537.36 (KHTML, like Gecko) Chrome/109.0.0.0 Safari/537.36"
43.173.177.206 - - [29/Mar/2026:11:18:33 +0700] "GET /wp-content/themes/woodmart/js/scripts/global/lazyLoading.min.js?ver=7.2.5 HTTP/1.1" 200 1604 "https://lotushomemade.com/" "Mozilla/5.0 (Windows NT 10.0; Win64; x64) AppleWebKit/537.36 (KHTML, like Gecko) Chrome/109.0.0.0 Safari/537.36"
43.172.198.126 - - [29/Mar/2026:11:18:33 +0700] "GET /wp-content/themes/woodmart/js/scripts/wc/loginSidebar.min.js?ver=7.2.5 HTTP/1.1" 200 1017 "https://lotushomemade.com/" "Mozilla/5.0 (Windows NT 10.0; Win64; x64) AppleWebKit/537.36 (KHTML, like Gecko) Chrome/109.0.0.0 Safari/537.36"
103.131.51.123 - - [29/Mar/2026:11:18:39 +0700] "POST /wp-cron.php?doing_wp_cron=1774757919.7644360065460205078125 HTTP/1.1" 200 474 "-" "WordPress/6.9.4; https://lotushomemade.com"
43.172.194.176 - - [29/Mar/2026:11:18:39 +0700] "POST /?wc-ajax=get_refreshed_fragments HTTP/1.1" 200 1344 "https://lotushomemade.com/" "Mozilla/5.0 (Windows NT 10.0; Win64; x64) AppleWebKit/537.36 (KHTML, like Gecko) Chrome/109.0.0.0 Safari/537.36"
103.131.51.123 - - [29/Mar/2026:11:18:40 +0700] "POST /wp-cron.php?doing_wp_cron=1774757920.2272698879241943359375 HTTP/1.1" 200 474 "-" "WordPress/6.9.4; https://lotushomemade.com"
37.27.59.176 - - [29/Mar/2026:11:18:38 +0700] "GET /shop/page/27/?max_price=420&per_page=12&stock_status=onsale HTTP/1.1" 200 41053 "-" "Mozilla/5.0 (compatible; SERankingBacklinksBot/1.0; +https://seranking.com/backlinks-crawler)"
43.172.196.42 - - [29/Mar/2026:11:18:39 +0700] "GET / HTTP/1.1" 200 90809 "http://lotushomemade.com" "Mozilla/5.0 (Windows NT 10.0; Win64; x64) AppleWebKit/537.36 (KHTML, like Gecko) Chrome/108.0.0.0 Safari/537.36"
37.27.59.176 - - [29/Mar/2026:11:18:43 +0700] "GET /shop/page/11/?max_price=630&per_page=24&stock_status=onsale HTTP/1.1" 200 41958 "-" "Mozilla/5.0 (compatible; SERankingBacklinksBot/1.0; +https://seranking.com/backlinks-crawler)"
37.27.59.176 - - [29/Mar/2026:11:18:49 +0700] "GET /shop/page/5/?orderby=rating&stock_status=onsale&per_page=12 HTTP/1.1" 200 41190 "-" "Mozilla/5.0 (compatible; SERankingBacklinksBot/1.0; +https://seranking.com/backlinks-crawler)"
37.27.59.176 - - [29/Mar/2026:11:18:54 +0700] "GET /shop/page/27/?max_price=420&stock_status=onsale&per_page=12 HTTP/1.1" 200 40882 "-" "Mozilla/5.0 (compatible; SERankingBacklinksBot/1.0; +https://seranking.com/backlinks-crawler)"
37.27.59.176 - - [29/Mar/2026:11:18:58 +0700] "GET /shop/page/11/?max_price=630&stock_status=onsale&per_page=24 HTTP/1.1" 200 41859 "-" "Mozilla/5.0 (compatible; SERankingBacklinksBot/1.0; +https://seranking.com/backlinks-crawler)"
37.27.59.176 - - [29/Mar/2026:11:19:04 +0700] "GET /shop/page/5/?orderby=rating&stock_status=onsale&per_page=18 HTTP/1.1" 200 41549 "-" "Mozilla/5.0 (compatible; SERankingBacklinksBot/1.0; +https://seranking.com/backlinks-crawler)"
37.27.59.176 - - [29/Mar/2026:11:19:08 +0700] "GET /shop/page/27/?max_price=630&per_page=12&stock_status=onsale HTTP/1.1" 200 40792 "-" "Mozilla/5.0 (compatible; SERankingBacklinksBot/1.0; +https://seranking.com/backlinks-crawler)"
37.27.59.176 - - [29/Mar/2026:11:19:13 +0700] "GET /shop/page/11/?max_price=840&per_page=24&stock_status=onsale HTTP/1.1" 200 41789 "-" "Mozilla/5.0 (compatible; SERankingBacklinksBot/1.0; +https://seranking.com/backlinks-crawler)"
37.27.59.176 - - [29/Mar/2026:11:19:19 +0700] "GET /shop/page/5/?orderby=rating&stock_status=onsale&per_page=24 HTTP/1.1" 200 42439 "-" "Mozilla/5.0 (compatible; SERankingBacklinksBot/1.0; +https://seranking.com/backlinks-crawler)"
37.27.59.176 - - [29/Mar/2026:11:19:23 +0700] "GET /shop/page/27/?max_price=630&stock_status=onsale&per_page=12 HTTP/1.1" 200 40852 "-" "Mozilla/5.0 (compatible; SERankingBacklinksBot/1.0; +https://seranking.com/backlinks-crawler)"
37.27.59.176 - - [29/Mar/2026:11:19:29 +0700] "GET /shop/page/11/?max_price=840&stock_status=onsale&per_page=24 HTTP/1.1" 200 42002 "-" "Mozilla/5.0 (compatible; SERankingBacklinksBot/1.0; +https://seranking.com/backlinks-crawler)"
37.27.59.176 - - [29/Mar/2026:11:19:34 +0700] "GET /shop/page/6/?max_price=420&per_page=12&stock_status=instock HTTP/1.1" 200 41102 "-" "Mozilla/5.0 (compatible; SERankingBacklinksBot/1.0; +https://seranking.com/backlinks-crawler)"
103.131.51.123 - - [29/Mar/2026:11:19:40 +0700] "POST /wp-cron.php?doing_wp_cron=1774757980.4433240890502929687500 HTTP/1.1" 200 474 "-" "WordPress/6.9.4; https://lotushomemade.com"
37.27.59.176 - - [29/Mar/2026:11:19:39 +0700] "GET /shop/page/27/?max_price=840&per_page=12&stock_status=onsale HTTP/1.1" 200 40844 "-" "Mozilla/5.0 (compatible; SERankingBacklinksBot/1.0; +https://seranking.com/backlinks-crawler)"
5.39.109.185 - - [29/Mar/2026:11:19:43 +0700] "GET /shop/page/3/?orderby=popularity&shop_view=grid&per_row=2 HTTP/2" 200 33812 "-" "Mozilla/5.0 (compatible; AhrefsBot/7.0; +http://ahrefs.com/robot/)"
37.27.59.176 - - [29/Mar/2026:11:19:44 +0700] "GET /shop/page/11/?max_price=845&per_page=24&stock_status=onsale HTTP/1.1" 200 42116 "-" "Mozilla/5.0 (compatible; SERankingBacklinksBot/1.0; +https://seranking.com/backlinks-crawler)"
37.27.59.176 - - [29/Mar/2026:11:19:49 +0700] "GET /shop/page/6/?max_price=420&per_page=18&stock_status=instock HTTP/1.1" 200 41861 "-" "Mozilla/5.0 (compatible; SERankingBacklinksBot/1.0; +https://seranking.com/backlinks-crawler)"
37.27.59.176 - - [29/Mar/2026:11:19:54 +0700] "GET /shop/page/27/?max_price=840&stock_status=onsale&per_page=12 HTTP/1.1" 200 41031 "-" "Mozilla/5.0 (compatible; SERankingBacklinksBot/1.0; +https://seranking.com/backlinks-crawler)"
37.27.59.176 - - [29/Mar/2026:11:20:00 +0700] "GET /shop/page/11/?max_price=845&stock_status=onsale&per_page=24 HTTP/1.1" 200 41865 "-" "Mozilla/5.0 (compatible; SERankingBacklinksBot/1.0; +https://seranking.com/backlinks-crawler)"
37.27.59.176 - - [29/Mar/2026:11:20:05 +0700] "GET /shop/page/6/?max_price=420&per_page=24&stock_status=instock HTTP/1.1" 200 42472 "-" "Mozilla/5.0 (compatible; SERankingBacklinksBot/1.0; +https://seranking.com/backlinks-crawler)"
37.27.59.176 - - [29/Mar/2026:11:20:10 +0700] "GET /shop/page/27/?max_price=845&per_page=12&stock_status=onsale HTTP/1.1" 200 40833 "-" "Mozilla/5.0 (compatible; SERankingBacklinksBot/1.0; +https://seranking.com/backlinks-crawler)"
37.27.59.176 - - [29/Mar/2026:11:20:15 +0700] "GET /shop/page/11/?orderby=date&per_page=24&stock_status=instock HTTP/1.1" 200 41725 "-" "Mozilla/5.0 (compatible; SERankingBacklinksBot/1.0; +https://seranking.com/backlinks-crawler)"
37.27.59.176 - - [29/Mar/2026:11:20:20 +0700] "GET /shop/page/6/?max_price=420&stock_status=instock&per_page=12 HTTP/1.1" 200 41236 "-" "Mozilla/5.0 (compatible; SERankingBacklinksBot/1.0; +https://seranking.com/backlinks-crawler)"
37.27.59.176 - - [29/Mar/2026:11:20:27 +0700] "GET /shop/page/27/?max_price=845&stock_status=onsale&per_page=12 HTTP/1.1" 200 41000 "-" "Mozilla/5.0 (compatible; SERankingBacklinksBot/1.0; +https://seranking.com/backlinks-crawler)"
51.68.247.218 - - [29/Mar/2026:11:20:32 +0700] "GET /shop/page/31/?orderby=rating&stock_status=onsale&per_page=12&shop_view=grid&per_row=6 HTTP/2" 200 34039 "-" "Mozilla/5.0 (compatible; AhrefsBot/7.0; +http://ahrefs.com/robot/)"
37.27.59.176 - - [29/Mar/2026:11:20:32 +0700] "GET /shop/page/11/?orderby=date&stock_status=instock&per_page=24 HTTP/1.1" 200 41938 "-" "Mozilla/5.0 (compatible; SERankingBacklinksBot/1.0; +https://seranking.com/backlinks-crawler)"
51.75.236.155 - - [29/Mar/2026:11:20:35 +0700] "GET /shop/?orderby=date&stock_status=instock%2Consale&per_row=4&per_page=18&shop_view=grid HTTP/2" 200 35135 "-" "Mozilla/5.0 (compatible; AhrefsBot/7.0; +http://ahrefs.com/robot/)"
103.131.51.123 - - [29/Mar/2026:11:20:39 +0700] "POST /wp-cron.php?doing_wp_cron=1774758039.3413920402526855468750 HTTP/1.1" 200 474 "-" "WordPress/6.9.4; https://lotushomemade.com"
37.27.59.176 - - [29/Mar/2026:11:20:37 +0700] "GET /shop/page/6/?max_price=420&stock_status=instock&per_page=18 HTTP/1.1" 200 41824 "-" "Mozilla/5.0 (compatible; SERankingBacklinksBot/1.0; +https://seranking.com/backlinks-crawler)"
14.164.37.85 - - [29/Mar/2026:11:20:40 +0700] "GET /product-category/blessing-series/page/2/?per_row=6&shop_view=grid HTTP/1.1" 200 40007 "-" "Mozilla/5.0 (Windows NT 10.0) AppleWebKit/537.36 (KHTML, like Gecko) Chrome/88.0.4324.104 Safari/537.36"
37.27.59.176 - - [29/Mar/2026:11:20:43 +0700] "GET /shop/page/27/?orderby=date&per_page=12&stock_status=instock HTTP/1.1" 200 40767 "-" "Mozilla/5.0 (compatible; SERankingBacklinksBot/1.0; +https://seranking.com/backlinks-crawler)"
37.27.59.176 - - [29/Mar/2026:11:20:48 +0700] "GET /shop/page/11/?orderby=price&per_page=24&stock_status=onsale HTTP/1.1" 200 42814 "-" "Mozilla/5.0 (compatible; SERankingBacklinksBot/1.0; +https://seranking.com/backlinks-crawler)"
37.27.59.176 - - [29/Mar/2026:11:20:53 +0700] "GET /shop/page/6/?max_price=420&stock_status=instock&per_page=24 HTTP/1.1" 200 42458 "-" "Mozilla/5.0 (compatible; SERankingBacklinksBot/1.0; +https://seranking.com/backlinks-crawler)"
37.27.59.176 - - [29/Mar/2026:11:20:58 +0700] "GET /shop/page/27/?orderby=date&stock_status=instock&per_page=12 HTTP/1.1" 200 40578 "-" "Mozilla/5.0 (compatible; SERankingBacklinksBot/1.0; +https://seranking.com/backlinks-crawler)"
37.27.59.176 - - [29/Mar/2026:11:21:02 +0700] "GET /shop/page/11/?orderby=price&stock_status=onsale&per_page=24 HTTP/1.1" 200 42841 "-" "Mozilla/5.0 (compatible; SERankingBacklinksBot/1.0; +https://seranking.com/backlinks-crawler)"
37.27.59.176 - - [29/Mar/2026:11:21:08 +0700] "GET /shop/page/6/?max_price=630&per_page=12&stock_status=instock HTTP/1.1" 200 41296 "-" "Mozilla/5.0 (compatible; SERankingBacklinksBot/1.0; +https://seranking.com/backlinks-crawler)"
37.27.59.176 - - [29/Mar/2026:11:21:13 +0700] "GET /shop/page/27/?orderby=price&per_page=12&stock_status=onsale HTTP/1.1" 200 40913 "-" "Mozilla/5.0 (compatible; SERankingBacklinksBot/1.0; +https://seranking.com/backlinks-crawler)"
54.37.118.91 - - [29/Mar/2026:11:21:13 +0700] "GET /shop/?max_price=845&filter_brand=blessing-food HTTP/2" 200 33224 "-" "Mozilla/5.0 (compatible; AhrefsBot/7.0; +http://ahrefs.com/robot/)"
37.27.59.176 - - [29/Mar/2026:11:21:18 +0700] "GET /shop/page/12/?max_price=420&per_page=24&stock_status=onsale HTTP/1.1" 200 42015 "-" "Mozilla/5.0 (compatible; SERankingBacklinksBot/1.0; +https://seranking.com/backlinks-crawler)"
37.27.59.176 - - [29/Mar/2026:11:21:23 +0700] "GET /shop/page/6/?max_price=630&per_page=18&stock_status=instock HTTP/1.1" 200 41834 "-" "Mozilla/5.0 (compatible; SERankingBacklinksBot/1.0; +https://seranking.com/backlinks-crawler)"
37.27.59.176 - - [29/Mar/2026:11:21:28 +0700] "GET /shop/page/27/?orderby=price&stock_status=onsale&per_page=12 HTTP/1.1" 200 40936 "-" "Mozilla/5.0 (compatible; SERankingBacklinksBot/1.0; +https://seranking.com/backlinks-crawler)"
37.27.59.176 - - [29/Mar/2026:11:21:33 +0700] "GET /shop/page/12/?max_price=420&stock_status=onsale&per_page=24 HTTP/1.1" 200 42037 "-" "Mozilla/5.0 (compatible; SERankingBacklinksBot/1.0; +https://seranking.com/backlinks-crawler)"
103.131.51.123 - - [29/Mar/2026:11:21:40 +0700] "POST /wp-cron.php?doing_wp_cron=1774758100.7058229446411132812500 HTTP/1.1" 200 474 "-" "WordPress/6.9.4; https://lotushomemade.com"
37.27.59.176 - - [29/Mar/2026:11:21:39 +0700] "GET /shop/page/6/?max_price=630&per_page=24&stock_status=instock HTTP/1.1" 200 42370 "-" "Mozilla/5.0 (compatible; SERankingBacklinksBot/1.0; +https://seranking.com/backlinks-crawler)"
37.27.59.176 - - [29/Mar/2026:11:21:44 +0700] "GET /shop/page/27/?stock_status=instock&per_row=2&shop_view=grid HTTP/1.1" 200 40780 "-" "Mozilla/5.0 (compatible; SERankingBacklinksBot/1.0; +https://seranking.com/backlinks-crawler)"
37.27.59.176 - - [29/Mar/2026:11:21:49 +0700] "GET /shop/page/12/?max_price=630&per_page=24&stock_status=onsale HTTP/1.1" 200 41762 "-" "Mozilla/5.0 (compatible; SERankingBacklinksBot/1.0; +https://seranking.com/backlinks-crawler)"
5.39.1.255 - - [29/Mar/2026:11:21:53 +0700] "GET /product-category/crispy-snack-series/page/3/?stock_status=onsale&per_page=12&shop_view=grid&per_row=2 HTTP/2" 200 32861 "-" "Mozilla/5.0 (compatible; AhrefsBot/7.0; +http://ahrefs.com/robot/)"
37.27.59.176 - - [29/Mar/2026:11:21:54 +0700] "GET /shop/page/6/?max_price=630&stock_status=instock&per_page=12 HTTP/1.1" 200 41259 "-" "Mozilla/5.0 (compatible; SERankingBacklinksBot/1.0; +https://seranking.com/backlinks-crawler)"
37.27.59.176 - - [29/Mar/2026:11:21:59 +0700] "GET /shop/page/27/?stock_status=instock&per_row=4&shop_view=grid HTTP/1.1" 200 40668 "-" "Mozilla/5.0 (compatible; SERankingBacklinksBot/1.0; +https://seranking.com/backlinks-crawler)"
37.27.59.176 - - [29/Mar/2026:11:22:04 +0700] "GET /shop/page/12/?max_price=630&stock_status=onsale&per_page=24 HTTP/1.1" 200 41825 "-" "Mozilla/5.0 (compatible; SERankingBacklinksBot/1.0; +https://seranking.com/backlinks-crawler)"
37.27.59.176 - - [29/Mar/2026:11:22:11 +0700] "GET /shop/page/6/?max_price=630&stock_status=instock&per_page=18 HTTP/1.1" 200 42012 "-" "Mozilla/5.0 (compatible; SERankingBacklinksBot/1.0; +https://seranking.com/backlinks-crawler)"
37.27.59.176 - - [29/Mar/2026:11:22:17 +0700] "GET /shop/?orderby=popularity&stock_status=instock&per_page=24&filter_brand=blessing-food&shop_view=grid&per_row=6 HTTP/1.1" 200 40106 "-" "Mozilla/5.0 (compatible; SERankingBacklinksBot/1.0; +https://seranking.com/backlinks-crawler)"
216.244.66.239 - - [29/Mar/2026:11:22:14 +0700] "GET /product-category/traditional-cookies-series/page/9/?per_page=18&stock_status=onsale HTTP/1.1" 200 223077 "-" "Mozilla/5.0 (compatible; DotBot/1.2; +https://opensiteexplorer.org/dotbot; help@moz.com)"
37.27.59.176 - - [29/Mar/2026:11:22:21 +0700] "GET /shop/page/27/?stock_status=instock&per_row=6&shop_view=grid HTTP/1.1" 200 40637 "-" "Mozilla/5.0 (compatible; SERankingBacklinksBot/1.0; +https://seranking.com/backlinks-crawler)"
37.27.59.176 - - [29/Mar/2026:11:22:27 +0700] "GET /shop/page/12/?max_price=840&per_page=24&stock_status=onsale HTTP/1.1" 200 41992 "-" "Mozilla/5.0 (compatible; SERankingBacklinksBot/1.0; +https://seranking.com/backlinks-crawler)"
37.27.59.176 - - [29/Mar/2026:11:22:31 +0700] "GET /shop/page/6/?max_price=630&stock_status=instock&per_page=24 HTTP/1.1" 200 42278 "-" "Mozilla/5.0 (compatible; SERankingBacklinksBot/1.0; +https://seranking.com/backlinks-crawler)"
51.75.236.138 - - [29/Mar/2026:11:22:33 +0700] "GET /product-category/crispy-snack-series/?per_row=4&per_page=12&shop_view=grid&stock_status=instock,onsale HTTP/2" 200 34043 "-" "Mozilla/5.0 (compatible; AhrefsBot/7.0; +http://ahrefs.com/robot/)"
103.131.51.123 - - [29/Mar/2026:11:22:38 +0700] "POST /wp-cron.php?doing_wp_cron=1774758158.1696250438690185546875 HTTP/1.1" 200 474 "-" "WordPress/6.9.4; https://lotushomemade.com"
37.27.59.176 - - [29/Mar/2026:11:22:36 +0700] "GET /shop/page/28/?max_price=420&per_page=12&stock_status=onsale HTTP/1.1" 200 41119 "-" "Mozilla/5.0 (compatible; SERankingBacklinksBot/1.0; +https://seranking.com/backlinks-crawler)"
14.190.69.97 - - [29/Mar/2026:11:22:42 +0700] "GET /shop/?filter_brand=blessing-food&max_price=420&per_page=24&stock_status=instock%2Consale HTTP/1.1" 200 40059 "-" "Mozilla/5.0 (Windows NT 6.1) AppleWebKit/537.36 (KHTML, like Gecko) Chrome/93.0.4577.82 Safari/537.36"
37.27.59.176 - - [29/Mar/2026:11:22:42 +0700] "GET /shop/page/12/?max_price=840&stock_status=onsale&per_page=24 HTTP/1.1" 200 41962 "-" "Mozilla/5.0 (compatible; SERankingBacklinksBot/1.0; +https://seranking.com/backlinks-crawler)"
103.131.51.123 - - [29/Mar/2026:11:22:48 +0700] "POST /wp-cron.php?doing_wp_cron=1774758168.6912939548492431640625 HTTP/1.1" 200 474 "-" "WordPress/6.9.4; https://lotushomemade.com"
37.27.59.176 - - [29/Mar/2026:11:22:47 +0700] "GET /shop/page/6/?max_price=840&per_page=12&stock_status=instock HTTP/1.1" 200 41090 "-" "Mozilla/5.0 (compatible; SERankingBacklinksBot/1.0; +https://seranking.com/backlinks-crawler)"
37.27.59.176 - - [29/Mar/2026:11:22:52 +0700] "GET /shop/page/28/?max_price=420&stock_status=onsale&per_page=12 HTTP/1.1" 200 41214 "-" "Mozilla/5.0 (compatible; SERankingBacklinksBot/1.0; +https://seranking.com/backlinks-crawler)"
216.244.66.239 - - [29/Mar/2026:11:22:52 +0700] "GET /product-category/traditional-cookies-series/page/9/?stock_status=instock&per_page=18 HTTP/1.1" 200 223155 "-" "Mozilla/5.0 (compatible; DotBot/1.2; +https://opensiteexplorer.org/dotbot; help@moz.com)"
37.27.59.176 - - [29/Mar/2026:11:22:57 +0700] "GET /shop/page/12/?max_price=845&per_page=24&stock_status=onsale HTTP/1.1" 200 41860 "-" "Mozilla/5.0 (compatible; SERankingBacklinksBot/1.0; +https://seranking.com/backlinks-crawler)"
37.27.59.176 - - [29/Mar/2026:11:23:02 +0700] "GET /shop/page/6/?max_price=840&per_page=18&stock_status=instock HTTP/1.1" 200 41801 "-" "Mozilla/5.0 (compatible; SERankingBacklinksBot/1.0; +https://seranking.com/backlinks-crawler)"
37.27.59.176 - - [29/Mar/2026:11:23:07 +0700] "GET /shop/page/28/?max_price=630&per_page=12&stock_status=onsale HTTP/1.1" 200 41211 "-" "Mozilla/5.0 (compatible; SERankingBacklinksBot/1.0; +https://seranking.com/backlinks-crawler)"
37.27.59.176 - - [29/Mar/2026:11:23:12 +0700] "GET /shop/page/12/?max_price=845&stock_status=onsale&per_page=24 HTTP/1.1" 200 41816 "-" "Mozilla/5.0 (compatible; SERankingBacklinksBot/1.0; +https://seranking.com/backlinks-crawler)"
37.27.59.176 - - [29/Mar/2026:11:23:17 +0700] "GET /shop/page/6/?max_price=840&per_page=24&stock_status=instock HTTP/1.1" 200 42359 "-" "Mozilla/5.0 (compatible; SERankingBacklinksBot/1.0; +https://seranking.com/backlinks-crawler)"
37.59.204.140 - - [29/Mar/2026:11:23:18 +0700] "GET /shop/page/31/ HTTP/2" 200 33467 "-" "Mozilla/5.0 (compatible; AhrefsBot/7.0; +http://ahrefs.com/robot/)"
37.27.59.176 - - [29/Mar/2026:11:23:22 +0700] "GET /shop/page/28/?max_price=630&stock_status=onsale&per_page=12 HTTP/1.1" 200 41220 "-" "Mozilla/5.0 (compatible; SERankingBacklinksBot/1.0; +https://seranking.com/backlinks-crawler)"
216.244.66.239 - - [29/Mar/2026:11:23:26 +0700] "GET /shop/page/25/?max_price=420&per_page=8 HTTP/1.1" 200 226375 "-" "Mozilla/5.0 (compatible; DotBot/1.2; +https://opensiteexplorer.org/dotbot; help@moz.com)"
37.27.59.176 - - [29/Mar/2026:11:23:27 +0700] "GET /shop/page/6/?max_price=840&stock_status=instock&per_page=12 HTTP/1.1" 200 41121 "-" "Mozilla/5.0 (compatible; SERankingBacklinksBot/1.0; +https://seranking.com/backlinks-crawler)"
103.131.51.123 - - [29/Mar/2026:11:23:34 +0700] "POST /wp-cron.php?doing_wp_cron=1774758214.4837410449981689453125 HTTP/1.1" 200 474 "-" "WordPress/6.9.4; https://lotushomemade.com"
37.27.59.176 - - [29/Mar/2026:11:23:33 +0700] "GET /shop/page/28/?max_price=840&per_page=12&stock_status=onsale HTTP/1.1" 200 41273 "-" "Mozilla/5.0 (compatible; SERankingBacklinksBot/1.0; +https://seranking.com/backlinks-crawler)"
103.131.51.123 - - [29/Mar/2026:11:23:39 +0700] "POST /wp-cron.php?doing_wp_cron=1774758219.2813959121704101562500 HTTP/1.1" 200 474 "-" "WordPress/6.9.4; https://lotushomemade.com"
37.27.59.176 - - [29/Mar/2026:11:23:37 +0700] "GET /shop/page/6/?max_price=840&stock_status=instock&per_page=18 HTTP/1.1" 200 41780 "-" "Mozilla/5.0 (compatible; SERankingBacklinksBot/1.0; +https://seranking.com/backlinks-crawler)"
103.131.51.123 - - [29/Mar/2026:11:23:44 +0700] "POST /wp-cron.php?doing_wp_cron=1774758224.0165119171142578125000 HTTP/1.1" 200 474 "-" "WordPress/6.9.4; https://lotushomemade.com"
37.27.59.176 - - [29/Mar/2026:11:23:42 +0700] "GET /shop/page/28/?max_price=840&stock_status=onsale&per_page=12 HTTP/1.1" 200 41095 "-" "Mozilla/5.0 (compatible; SERankingBacklinksBot/1.0; +https://seranking.com/backlinks-crawler)"
103.131.51.123 - - [29/Mar/2026:11:23:44 +0700] "POST /wp-admin/admin-ajax.php?action=wp_1_wc_privacy_cleanup&nonce=d3bd7c2ea1 HTTP/1.1" 200 678 "-" "WordPress/6.9.4; https://lotushomemade.com"
103.131.51.123 - - [29/Mar/2026:11:23:49 +0700] "POST /wp-cron.php?doing_wp_cron=1774758229.8275899887084960937500 HTTP/1.1" 200 474 "-" "WordPress/6.9.4; https://lotushomemade.com"
37.27.59.176 - - [29/Mar/2026:11:23:48 +0700] "GET /shop/page/6/?max_price=840&stock_status=instock&per_page=24 HTTP/1.1" 200 42421 "-" "Mozilla/5.0 (compatible; SERankingBacklinksBot/1.0; +https://seranking.com/backlinks-crawler)"
5.39.1.249 - - [29/Mar/2026:11:23:53 +0700] "GET /shop/?max_price=420&per_row=4&shop_view=grid&per_page=18 HTTP/2" 200 35189 "-" "Mozilla/5.0 (compatible; AhrefsBot/7.0; +http://ahrefs.com/robot/)"
37.27.59.176 - - [29/Mar/2026:11:23:55 +0700] "GET /shop/page/28/?max_price=845&per_page=12&stock_status=onsale HTTP/1.1" 200 41270 "-" "Mozilla/5.0 (compatible; SERankingBacklinksBot/1.0; +https://seranking.com/backlinks-crawler)"
37.27.59.176 - - [29/Mar/2026:11:24:00 +0700] "GET /shop/page/6/?max_price=845&per_page=12&stock_status=instock HTTP/1.1" 200 41287 "-" "Mozilla/5.0 (compatible; SERankingBacklinksBot/1.0; +https://seranking.com/backlinks-crawler)"
37.27.59.176 - - [29/Mar/2026:11:24:05 +0700] "GET /shop/page/28/?max_price=845&stock_status=onsale&per_page=12 HTTP/1.1" 200 41083 "-" "Mozilla/5.0 (compatible; SERankingBacklinksBot/1.0; +https://seranking.com/backlinks-crawler)"
37.27.59.176 - - [29/Mar/2026:11:24:11 +0700] "GET /shop/page/6/?max_price=845&per_page=18&stock_status=instock HTTP/1.1" 200 41972 "-" "Mozilla/5.0 (compatible; SERankingBacklinksBot/1.0; +https://seranking.com/backlinks-crawler)"
37.27.59.176 - - [29/Mar/2026:11:24:16 +0700] "GET /shop/page/28/?orderby=date&per_page=12&stock_status=instock HTTP/1.1" 200 40874 "-" "Mozilla/5.0 (compatible; SERankingBacklinksBot/1.0; +https://seranking.com/backlinks-crawler)"
5.39.1.235 - - [29/Mar/2026:11:24:21 +0700] "GET /shop/?max_price=420&per_row=4&shop_view=grid&per_page=18 HTTP/2" 200 35244 "-" "Mozilla/5.0 (compatible; AhrefsBot/7.0; +http://ahrefs.com/robot/)"
37.27.59.176 - - [29/Mar/2026:11:24:21 +0700] "GET /shop/page/6/?max_price=845&per_page=24&stock_status=instock HTTP/1.1" 200 42500 "-" "Mozilla/5.0 (compatible; SERankingBacklinksBot/1.0; +https://seranking.com/backlinks-crawler)"
37.27.59.176 - - [29/Mar/2026:11:24:26 +0700] "GET /shop/page/28/?orderby=date&stock_status=instock&per_page=12 HTTP/1.1" 200 40809 "-" "Mozilla/5.0 (compatible; SERankingBacklinksBot/1.0; +https://seranking.com/backlinks-crawler)"
54.37.118.85 - - [29/Mar/2026:11:24:28 +0700] "GET /product-category/new-item/?stock_status=onsale&per_row=6&per_page=8&shop_view=grid HTTP/2" 200 33659 "-" "Mozilla/5.0 (compatible; AhrefsBot/7.0; +http://ahrefs.com/robot/)"
37.27.59.176 - - [29/Mar/2026:11:24:31 +0700] "GET /shop/page/6/?max_price=845&stock_status=instock&per_page=12 HTTP/1.1" 200 41099 "-" "Mozilla/5.0 (compatible; SERankingBacklinksBot/1.0; +https://seranking.com/backlinks-crawler)"
37.27.59.176 - - [29/Mar/2026:11:24:36 +0700] "GET /shop/page/28/?orderby=price&per_page=12&stock_status=onsale HTTP/1.1" 200 41073 "-" "Mozilla/5.0 (compatible; SERankingBacklinksBot/1.0; +https://seranking.com/backlinks-crawler)"
37.27.59.176 - - [29/Mar/2026:11:24:41 +0700] "GET /shop/page/6/?max_price=845&stock_status=instock&per_page=18 HTTP/1.1" 200 41773 "-" "Mozilla/5.0 (compatible; SERankingBacklinksBot/1.0; +https://seranking.com/backlinks-crawler)"
37.27.59.176 - - [29/Mar/2026:11:24:46 +0700] "GET /shop/page/28/?orderby=price&stock_status=onsale&per_page=12 HTTP/1.1" 200 40902 "-" "Mozilla/5.0 (compatible; SERankingBacklinksBot/1.0; +https://seranking.com/backlinks-crawler)"
103.131.51.123 - - [29/Mar/2026:11:24:53 +0700] "POST /wp-cron.php?doing_wp_cron=1774758292.9904289245605468750000 HTTP/1.1" 200 474 "-" "WordPress/6.9.4; https://lotushomemade.com"
37.27.59.176 - - [29/Mar/2026:11:24:51 +0700] "GET /shop/page/6/?max_price=845&stock_status=instock&per_page=24 HTTP/1.1" 200 42500 "-" "Mozilla/5.0 (compatible; SERankingBacklinksBot/1.0; +https://seranking.com/backlinks-crawler)"
37.59.204.142 - - [29/Mar/2026:11:24:55 +0700] "GET /shop/page/32/?orderby=date&shop_view=grid&per_row=6 HTTP/2" 200 32672 "-" "Mozilla/5.0 (compatible; AhrefsBot/7.0; +http://ahrefs.com/robot/)"
123.22.92.143 - - [29/Mar/2026:11:24:55 +0700] "GET /shop/page/2/?max_price=420&per_page=24&per_row=4&shop_view=grid HTTP/1.1" 200 44016 "-" "Mozilla/5.0 (Windows NT 6.3) AppleWebKit/537.36 (KHTML, like Gecko) Chrome/107.0.0.0 Safari/537.36"
37.27.59.176 - - [29/Mar/2026:11:24:56 +0700] "GET /shop/page/28/?stock_status=instock&per_row=2&shop_view=grid HTTP/1.1" 200 40945 "-" "Mozilla/5.0 (compatible; SERankingBacklinksBot/1.0; +https://seranking.com/backlinks-crawler)"
37.27.59.176 - - [29/Mar/2026:11:25:01 +0700] "GET /shop/page/6/?orderby=popularity&stock_status=instock,onsale HTTP/1.1" 301 558 "-" "Mozilla/5.0 (compatible; SERankingBacklinksBot/1.0; +https://seranking.com/backlinks-crawler)"
37.27.59.176 - - [29/Mar/2026:11:25:02 +0700] "GET /shop/page/6/?orderby=popularity&stock_status=instock%2Consale HTTP/1.1" 200 40797 "-" "Mozilla/5.0 (compatible; SERankingBacklinksBot/1.0; +https://seranking.com/backlinks-crawler)"
37.27.59.176 - - [29/Mar/2026:11:25:07 +0700] "GET /shop/page/28/?stock_status=instock&per_row=4&shop_view=grid HTTP/1.1" 200 40876 "-" "Mozilla/5.0 (compatible; SERankingBacklinksBot/1.0; +https://seranking.com/backlinks-crawler)"
37.27.59.176 - - [29/Mar/2026:11:25:12 +0700] "GET /shop/page/6/?orderby=price&per_page=12&stock_status=instock HTTP/1.1" 200 41042 "-" "Mozilla/5.0 (compatible; SERankingBacklinksBot/1.0; +https://seranking.com/backlinks-crawler)"
51.75.236.153 - - [29/Mar/2026:11:25:14 +0700] "GET /product-category/kuih-kapit-series/?stock_status=instock%2Consale&per_row=2&per_page=8&shop_view=grid&filter_brand=blessing-food HTTP/2" 200 33256 "-" "Mozilla/5.0 (compatible; AhrefsBot/7.0; +http://ahrefs.com/robot/)"
37.27.59.176 - - [29/Mar/2026:11:25:17 +0700] "GET /shop/page/28/?stock_status=instock&per_row=6&shop_view=grid HTTP/1.1" 200 40923 "-" "Mozilla/5.0 (compatible; SERankingBacklinksBot/1.0; +https://seranking.com/backlinks-crawler)"
37.27.59.176 - - [29/Mar/2026:11:25:22 +0700] "GET /shop/page/6/?orderby=price&per_page=18&stock_status=instock HTTP/1.1" 200 41708 "-" "Mozilla/5.0 (compatible; SERankingBacklinksBot/1.0; +https://seranking.com/backlinks-crawler)"
37.27.59.176 - - [29/Mar/2026:11:25:27 +0700] "GET /shop/page/29/?max_price=420&per_page=12&stock_status=onsale HTTP/1.1" 200 40898 "-" "Mozilla/5.0 (compatible; SERankingBacklinksBot/1.0; +https://seranking.com/backlinks-crawler)"
37.27.59.176 - - [29/Mar/2026:11:25:32 +0700] "GET /shop/page/6/?orderby=price&per_page=24&stock_status=instock HTTP/1.1" 200 42509 "-" "Mozilla/5.0 (compatible; SERankingBacklinksBot/1.0; +https://seranking.com/backlinks-crawler)"
103.131.51.123 - - [29/Mar/2026:11:25:39 +0700] "POST /wp-cron.php?doing_wp_cron=1774758339.6885669231414794921875 HTTP/1.1" 200 474 "-" "WordPress/6.9.4; https://lotushomemade.com"
37.27.59.176 - - [29/Mar/2026:11:25:38 +0700] "GET /shop/page/29/?max_price=420&stock_status=onsale&per_page=12 HTTP/1.1" 200 40927 "-" "Mozilla/5.0 (compatible; SERankingBacklinksBot/1.0; +https://seranking.com/backlinks-crawler)"
37.27.59.176 - - [29/Mar/2026:11:25:45 +0700] "GET /shop/page/6/?orderby=price&stock_status=instock&per_page=12 HTTP/1.1" 200 41058 "-" "Mozilla/5.0 (compatible; SERankingBacklinksBot/1.0; +https://seranking.com/backlinks-crawler)"
37.27.59.176 - - [29/Mar/2026:11:25:50 +0700] "GET /shop/page/29/?max_price=630&per_page=12&stock_status=onsale HTTP/1.1" 200 40912 "-" "Mozilla/5.0 (compatible; SERankingBacklinksBot/1.0; +https://seranking.com/backlinks-crawler)"
37.27.59.176 - - [29/Mar/2026:11:25:55 +0700] "GET /shop/page/6/?orderby=price&stock_status=instock&per_page=18 HTTP/1.1" 200 41711 "-" "Mozilla/5.0 (compatible; SERankingBacklinksBot/1.0; +https://seranking.com/backlinks-crawler)"
37.27.59.176 - - [29/Mar/2026:11:26:01 +0700] "GET /shop/page/29/?max_price=630&stock_status=onsale&per_page=12 HTTP/1.1" 200 40921 "-" "Mozilla/5.0 (compatible; SERankingBacklinksBot/1.0; +https://seranking.com/backlinks-crawler)"
37.27.59.176 - - [29/Mar/2026:11:26:06 +0700] "GET /shop/page/6/?orderby=price&stock_status=instock&per_page=24 HTTP/1.1" 200 42478 "-" "Mozilla/5.0 (compatible; SERankingBacklinksBot/1.0; +https://seranking.com/backlinks-crawler)"
37.27.59.176 - - [29/Mar/2026:11:26:11 +0700] "GET /shop/page/29/?max_price=840&per_page=12&stock_status=onsale HTTP/1.1" 200 40913 "-" "Mozilla/5.0 (compatible; SERankingBacklinksBot/1.0; +https://seranking.com/backlinks-crawler)"
37.27.59.176 - - [29/Mar/2026:11:26:16 +0700] "GET /shop/page/6/?orderby=price-desc&stock_status=instock,onsale HTTP/1.1" 301 380 "-" "Mozilla/5.0 (compatible; SERankingBacklinksBot/1.0; +https://seranking.com/backlinks-crawler)"
37.27.59.176 - - [29/Mar/2026:11:26:17 +0700] "GET /shop/page/6/?orderby=price-desc&stock_status=instock%2Consale HTTP/1.1" 200 40964 "-" "Mozilla/5.0 (compatible; SERankingBacklinksBot/1.0; +https://seranking.com/backlinks-crawler)"
37.27.59.176 - - [29/Mar/2026:11:26:22 +0700] "GET /shop/page/29/?max_price=840&stock_status=onsale&per_page=12 HTTP/1.1" 200 40979 "-" "Mozilla/5.0 (compatible; SERankingBacklinksBot/1.0; +https://seranking.com/backlinks-crawler)"
92.222.108.110 - - [29/Mar/2026:11:26:23 +0700] "GET /shop/page/3/?per_row=2&shop_view=grid&stock_status=instock HTTP/2" 200 34142 "-" "Mozilla/5.0 (compatible; AhrefsBot/7.0; +http://ahrefs.com/robot/)"
37.27.59.176 - - [29/Mar/2026:11:26:27 +0700] "GET /shop/page/6/?orderby=rating&per_page=12&stock_status=onsale HTTP/1.1" 200 40879 "-" "Mozilla/5.0 (compatible; SERankingBacklinksBot/1.0; +https://seranking.com/backlinks-crawler)"
37.27.59.176 - - [29/Mar/2026:11:26:32 +0700] "GET /shop/page/29/?max_price=845&per_page=12&stock_status=onsale HTTP/1.1" 200 40919 "-" "Mozilla/5.0 (compatible; SERankingBacklinksBot/1.0; +https://seranking.com/backlinks-crawler)"
103.131.51.123 - - [29/Mar/2026:11:26:39 +0700] "POST /wp-cron.php?doing_wp_cron=1774758399.5963029861450195312500 HTTP/1.1" 200 474 "-" "WordPress/6.9.4; https://lotushomemade.com"
37.27.59.176 - - [29/Mar/2026:11:26:38 +0700] "GET /shop/page/6/?orderby=rating&per_page=18&stock_status=onsale HTTP/1.1" 200 41486 "-" "Mozilla/5.0 (compatible; SERankingBacklinksBot/1.0; +https://seranking.com/backlinks-crawler)"
103.131.51.123 - - [29/Mar/2026:11:26:40 +0700] "POST /wp-cron.php?doing_wp_cron=1774758400.2326190471649169921875 HTTP/1.1" 200 474 "-" "WordPress/6.9.4; https://lotushomemade.com"
51.75.236.140 - - [29/Mar/2026:11:26:38 +0700] "GET /shop/page/6/?orderby=date&per_page=8 HTTP/2" 200 33541 "-" "Mozilla/5.0 (compatible; AhrefsBot/7.0; +http://ahrefs.com/robot/)"
