88.216.210.20 - - [29/Mar/2026:09:15:04 +0700] "GET /shop/?opts=filters_area HTTP/1.1" 200 98282 "-" "Mozilla/5.0 (Windows NT 10.0; Win64; x64) AppleWebKit/537.36 (KHTML, like Gecko) Chrome/91.0.4472.124 Safari/537.36"
88.216.210.20 - - [29/Mar/2026:09:15:04 +0700] "GET /product/scs-nyonya-pineapple-tart-sg/ HTTP/1.1" 200 98282 "-" "Mozilla/5.0 (Windows NT 10.0; Win64; x64) AppleWebKit/537.36 (KHTML, like Gecko) Chrome/91.0.4472.124 Safari/537.36"
88.216.210.20 - - [29/Mar/2026:09:15:04 +0700] "GET /product-category/crispy-snack-series/ HTTP/1.1" 200 98282 "-" "Mozilla/5.0 (Windows NT 10.0; Win64; x64) AppleWebKit/537.36 (KHTML, like Gecko) Chrome/91.0.4472.124 Safari/537.36"
88.216.210.20 - - [29/Mar/2026:09:15:04 +0700] "GET /product/kuih-bahulu_20s/ HTTP/1.1" 200 163818 "-" "Mozilla/5.0 (Windows NT 10.0; Win64; x64) AppleWebKit/537.36 (KHTML, like Gecko) Chrome/91.0.4472.124 Safari/537.36"
88.216.210.20 - - [29/Mar/2026:09:15:04 +0700] "GET /product/banana-leaf-rice-cake-600g/ HTTP/1.1" 200 98282 "-" "Mozilla/5.0 (Windows NT 10.0; Win64; x64) AppleWebKit/537.36 (KHTML, like Gecko) Chrome/91.0.4472.124 Safari/537.36"
88.216.210.20 - - [29/Mar/2026:09:15:04 +0700] "GET /product-category/100-pure-vegan/ HTTP/1.1" 200 115314 "-" "Mozilla/5.0 (Windows NT 10.0; Win64; x64) AppleWebKit/537.36 (KHTML, like Gecko) Chrome/91.0.4472.124 Safari/537.36"
88.216.210.20 - - [29/Mar/2026:09:15:04 +0700] "GET /product/crispy-seaweed_400g-x-8/ HTTP/1.1" 200 98282 "-" "Mozilla/5.0 (Windows NT 10.0; Win64; x64) AppleWebKit/537.36 (KHTML, like Gecko) Chrome/91.0.4472.124 Safari/537.36"
88.216.210.20 - - [29/Mar/2026:09:15:04 +0700] "GET /product/salted-egg-hong-kong-egg-roll-gift-series/ HTTP/1.1" 200 98282 "-" "Mozilla/5.0 (Windows NT 10.0; Win64; x64) AppleWebKit/537.36 (KHTML, like Gecko) Chrome/91.0.4472.124 Safari/537.36"
88.216.210.20 - - [29/Mar/2026:09:15:04 +0700] "GET /product/banana-leaf-rice-cake-300g/ HTTP/1.1" 200 82648 "-" "Mozilla/5.0 (Windows NT 10.0; Win64; x64) AppleWebKit/537.36 (KHTML, like Gecko) Chrome/91.0.4472.124 Safari/537.36"
88.216.210.20 - - [29/Mar/2026:09:15:04 +0700] "GET / HTTP/1.1" 200 98282 "-" "Mozilla/5.0 (Windows NT 10.0; Win64; x64) AppleWebKit/537.36 (KHTML, like Gecko) Chrome/91.0.4472.124 Safari/537.36"
88.216.210.20 - - [29/Mar/2026:09:15:04 +0700] "GET /cart/ HTTP/1.1" 302 590 "-" "Mozilla/5.0 (Windows NT 10.0; Win64; x64) AppleWebKit/537.36 (KHTML, like Gecko) Chrome/91.0.4472.124 Safari/537.36"
88.216.210.20 - - [29/Mar/2026:09:15:04 +0700] "GET /product/honey-pumpkin-seeds-flake-sg/ HTTP/1.1" 200 98282 "-" "Mozilla/5.0 (Windows NT 10.0; Win64; x64) AppleWebKit/537.36 (KHTML, like Gecko) Chrome/91.0.4472.124 Safari/537.36"
116.240.149.7 - - [29/Mar/2026:09:15:08 +0700] "GET /product-category/hot-item/page/1/?stock_status=instock,onsale&per_row=2&per_page=24&shop_view=grid HTTP/1.1" 301 687 "-" "Mozilla/5.0 (compatible; MJ12bot/v1.4.8; http://mj12bot.com/)"
88.216.210.20 - - [29/Mar/2026:09:15:04 +0700] "GET /product/honey-mix-nuts-flake-sg/ HTTP/1.1" 200 98282 "-" "Mozilla/5.0 (Windows NT 10.0; Win64; x64) AppleWebKit/537.36 (KHTML, like Gecko) Chrome/91.0.4472.124 Safari/537.36"
88.216.210.20 - - [29/Mar/2026:09:15:04 +0700] "GET /product/chicken-floss-poh-pia_5kg-x-1/ HTTP/1.1" 200 98282 "-" "Mozilla/5.0 (Windows NT 10.0; Win64; x64) AppleWebKit/537.36 (KHTML, like Gecko) Chrome/91.0.4472.124 Safari/537.36"
88.216.210.20 - - [29/Mar/2026:09:15:04 +0700] "GET /product/hao-yun-tang_50g/ HTTP/1.1" 200 98282 "-" "Mozilla/5.0 (Windows NT 10.0; Win64; x64) AppleWebKit/537.36 (KHTML, like Gecko) Chrome/91.0.4472.124 Safari/537.36"
88.216.210.20 - - [29/Mar/2026:09:15:04 +0700] "GET /product/choc-chip-peanut-nyonya-kuih-l/ HTTP/1.1" 200 102412 "-" "Mozilla/5.0 (Windows NT 10.0; Win64; x64) AppleWebKit/537.36 (KHTML, like Gecko) Chrome/91.0.4472.124 Safari/537.36"
88.216.210.20 - - [29/Mar/2026:09:15:04 +0700] "GET /product/sesame-hong-kong-egg-roll-gift-series/ HTTP/1.1" 200 102412 "-" "Mozilla/5.0 (Windows NT 10.0; Win64; x64) AppleWebKit/537.36 (KHTML, like Gecko) Chrome/91.0.4472.124 Safari/537.36"
88.216.210.20 - - [29/Mar/2026:09:15:04 +0700] "GET /my-account/lost-password/ HTTP/1.1" 200 98282 "-" "Mozilla/5.0 (Windows NT 10.0; Win64; x64) AppleWebKit/537.36 (KHTML, like Gecko) Chrome/91.0.4472.124 Safari/537.36"
88.216.210.20 - - [29/Mar/2026:09:15:04 +0700] "GET /product/mocha-almond-crispy-cookies-sg/ HTTP/1.1" 200 98282 "-" "Mozilla/5.0 (Windows NT 10.0; Win64; x64) AppleWebKit/537.36 (KHTML, like Gecko) Chrome/91.0.4472.124 Safari/537.36"
88.216.210.20 - - [29/Mar/2026:09:15:04 +0700] "GET /product/honey-almond-flake-sg/ HTTP/1.1" 200 163818 "-" "Mozilla/5.0 (Windows NT 10.0; Win64; x64) AppleWebKit/537.36 (KHTML, like Gecko) Chrome/91.0.4472.124 Safari/537.36"
88.216.210.20 - - [29/Mar/2026:09:15:04 +0700] "GET /product/crispy-cuttlefish-roll_saltedegg_8150-l/ HTTP/1.1" 200 98282 "-" "Mozilla/5.0 (Windows NT 10.0; Win64; x64) AppleWebKit/537.36 (KHTML, like Gecko) Chrome/91.0.4472.124 Safari/537.36"
88.216.210.20 - - [29/Mar/2026:09:15:10 +0700] "GET /shop/?filter_brand=blessing-food HTTP/1.1" 200 212527 "-" "Mozilla/5.0 (Windows NT 10.0; Win64; x64) AppleWebKit/537.36 (KHTML, like Gecko) Chrome/91.0.4472.124 Safari/537.36"
88.216.210.20 - - [29/Mar/2026:09:15:11 +0700] "GET /product/premium-salted-egg-fish-skin_8118-l/ HTTP/1.1" 200 131831 "-" "Mozilla/5.0 (Windows NT 10.0; Win64; x64) AppleWebKit/537.36 (KHTML, like Gecko) Chrome/91.0.4472.124 Safari/537.36"
88.216.210.20 - - [29/Mar/2026:09:15:11 +0700] "GET /shop/?stock_status=onsale HTTP/1.1" 200 163818 "-" "Mozilla/5.0 (Windows NT 10.0; Win64; x64) AppleWebKit/537.36 (KHTML, like Gecko) Chrome/91.0.4472.124 Safari/537.36"
88.216.210.20 - - [29/Mar/2026:09:15:11 +0700] "GET /product/golden-peanut-cookies-sg/ HTTP/1.1" 200 163818 "-" "Mozilla/5.0 (Windows NT 10.0; Win64; x64) AppleWebKit/537.36 (KHTML, like Gecko) Chrome/91.0.4472.124 Safari/537.36"
88.216.210.20 - - [29/Mar/2026:09:15:11 +0700] "GET /product/black-sesame-ball-cookies-sg-2/ HTTP/1.1" 200 163818 "-" "Mozilla/5.0 (Windows NT 10.0; Win64; x64) AppleWebKit/537.36 (KHTML, like Gecko) Chrome/91.0.4472.124 Safari/537.36"
88.216.210.20 - - [29/Mar/2026:09:15:11 +0700] "GET /product/golden-pineapple-roll-sg/ HTTP/1.1" 200 163818 "-" "Mozilla/5.0 (Windows NT 10.0; Win64; x64) AppleWebKit/537.36 (KHTML, like Gecko) Chrome/91.0.4472.124 Safari/537.36"
88.216.210.20 - - [29/Mar/2026:09:15:11 +0700] "GET /product/scs-butter-sunkit-orange-ball-sg/ HTTP/1.1" 200 131831 "-" "Mozilla/5.0 (Windows NT 10.0; Win64; x64) AppleWebKit/537.36 (KHTML, like Gecko) Chrome/91.0.4472.124 Safari/537.36"
88.216.210.20 - - [29/Mar/2026:09:15:11 +0700] "GET /shop/?shop_view=grid&per_row=2 HTTP/1.1" 200 163818 "-" "Mozilla/5.0 (Windows NT 10.0; Win64; x64) AppleWebKit/537.36 (KHTML, like Gecko) Chrome/91.0.4472.124 Safari/537.36"
88.216.210.20 - - [29/Mar/2026:09:15:11 +0700] "GET /product/healthy-walnut-cookies-sg/ HTTP/1.1" 200 163818 "-" "Mozilla/5.0 (Windows NT 10.0; Win64; x64) AppleWebKit/537.36 (KHTML, like Gecko) Chrome/91.0.4472.124 Safari/537.36"
88.216.210.20 - - [29/Mar/2026:09:15:11 +0700] "GET /product/peach-pineapple-roll-sg/ HTTP/1.1" 200 131831 "-" "Mozilla/5.0 (Windows NT 10.0; Win64; x64) AppleWebKit/537.36 (KHTML, like Gecko) Chrome/91.0.4472.124 Safari/537.36"
51.75.236.151 - - [29/Mar/2026:09:15:26 +0700] "GET /shop/page/9/?orderby=price&stock_status=instock&per_page=8&shop_view=grid&per_row=2 HTTP/2" 200 0 "-" "Mozilla/5.0 (compatible; AhrefsBot/7.0; +http://ahrefs.com/robot/)"
88.216.210.20 - - [29/Mar/2026:09:15:11 +0700] "GET /product/blackcurrant-pineapple-roll-sg/ HTTP/1.1" 200 163818 "-" "Mozilla/5.0 (Windows NT 10.0; Win64; x64) AppleWebKit/537.36 (KHTML, like Gecko) Chrome/91.0.4472.124 Safari/537.36"
88.216.210.20 - - [29/Mar/2026:09:15:11 +0700] "GET /product/crabstick_dodo_8118-l/ HTTP/1.1" 200 98282 "-" "Mozilla/5.0 (Windows NT 10.0; Win64; x64) AppleWebKit/537.36 (KHTML, like Gecko) Chrome/91.0.4472.124 Safari/537.36"
88.216.210.20 - - [29/Mar/2026:09:15:11 +0700] "GET /product/fish-nian-gao/ HTTP/1.1" 200 131831 "-" "Mozilla/5.0 (Windows NT 10.0; Win64; x64) AppleWebKit/537.36 (KHTML, like Gecko) Chrome/91.0.4472.124 Safari/537.36"
88.216.210.20 - - [29/Mar/2026:09:15:11 +0700] "GET /shop/page/4/ HTTP/1.1" 200 163818 "-" "Mozilla/5.0 (Windows NT 10.0; Win64; x64) AppleWebKit/537.36 (KHTML, like Gecko) Chrome/91.0.4472.124 Safari/537.36"
88.216.210.20 - - [29/Mar/2026:09:15:11 +0700] "GET /shop/page/32/ HTTP/1.1" 200 163818 "-" "Mozilla/5.0 (Windows NT 10.0; Win64; x64) AppleWebKit/537.36 (KHTML, like Gecko) Chrome/91.0.4472.124 Safari/537.36"
88.216.210.20 - - [29/Mar/2026:09:15:11 +0700] "GET /shop/?per_page=8 HTTP/1.1" 200 102414 "-" "Mozilla/5.0 (Windows NT 10.0; Win64; x64) AppleWebKit/537.36 (KHTML, like Gecko) Chrome/91.0.4472.124 Safari/537.36"
88.216.210.20 - - [29/Mar/2026:09:15:11 +0700] "GET /shop/page/31/ HTTP/1.1" 200 163818 "-" "Mozilla/5.0 (Windows NT 10.0; Win64; x64) AppleWebKit/537.36 (KHTML, like Gecko) Chrome/91.0.4472.124 Safari/537.36"
88.216.210.20 - - [29/Mar/2026:09:15:11 +0700] "GET /product/golden-green-peas-cookies-sg/ HTTP/1.1" 200 98282 "-" "Mozilla/5.0 (Windows NT 10.0; Win64; x64) AppleWebKit/537.36 (KHTML, like Gecko) Chrome/91.0.4472.124 Safari/537.36"
88.216.210.20 - - [29/Mar/2026:09:15:11 +0700] "GET /shop/page/2/ HTTP/1.1" 200 163818 "-" "Mozilla/5.0 (Windows NT 10.0; Win64; x64) AppleWebKit/537.36 (KHTML, like Gecko) Chrome/91.0.4472.124 Safari/537.36"
88.216.210.20 - - [29/Mar/2026:09:15:11 +0700] "GET /shop/page/3/ HTTP/1.1" 200 163818 "-" "Mozilla/5.0 (Windows NT 10.0; Win64; x64) AppleWebKit/537.36 (KHTML, like Gecko) Chrome/91.0.4472.124 Safari/537.36"
88.216.210.20 - - [29/Mar/2026:09:15:12 +0700] "GET /shop/page/30/ HTTP/1.1" 200 163818 "-" "Mozilla/5.0 (Windows NT 10.0; Win64; x64) AppleWebKit/537.36 (KHTML, like Gecko) Chrome/91.0.4472.124 Safari/537.36"
88.216.210.20 - - [29/Mar/2026:09:15:12 +0700] "GET /product/golden-scs-butter-pineapple-ball-sg/ HTTP/1.1" 200 163818 "-" "Mozilla/5.0 (Windows NT 10.0; Win64; x64) AppleWebKit/537.36 (KHTML, like Gecko) Chrome/91.0.4472.124 Safari/537.36"
88.216.210.20 - - [29/Mar/2026:09:15:15 +0700] "GET /product/new-year-cake-big/ HTTP/1.1" 200 197208 "-" "Mozilla/5.0 (Windows NT 10.0; Win64; x64) AppleWebKit/537.36 (KHTML, like Gecko) Chrome/91.0.4472.124 Safari/537.36"
88.216.210.20 - - [29/Mar/2026:09:15:15 +0700] "GET /product/peanut-puff_5kg-x-2/ HTTP/1.1" 200 131841 "-" "Mozilla/5.0 (Windows NT 10.0; Win64; x64) AppleWebKit/537.36 (KHTML, like Gecko) Chrome/91.0.4472.124 Safari/537.36"
14.191.12.245 - - [29/Mar/2026:09:15:57 +0700] "GET /shop/page/20/?orderby=popularity&stock_status=onsale HTTP/1.1" 200 0 "-" "Mozilla/5.0 (Macintosh; Intel Mac OS X 11_2_0) AppleWebKit/537.36 (KHTML, like Gecko) Chrome/88.0.4324.96 Safari/537.36"
88.216.210.20 - - [29/Mar/2026:09:15:15 +0700] "GET /product/seaweed-peanut-anchovies-cracker_9002-xxl-2/ HTTP/1.1" 200 98282 "-" "Mozilla/5.0 (Windows NT 10.0; Win64; x64) AppleWebKit/537.36 (KHTML, like Gecko) Chrome/91.0.4472.124 Safari/537.36"
88.216.210.20 - - [29/Mar/2026:09:15:15 +0700] "GET /product/honey-bahulu_8142-xl/ HTTP/1.1" 200 163818 "-" "Mozilla/5.0 (Windows NT 10.0; Win64; x64) AppleWebKit/537.36 (KHTML, like Gecko) Chrome/91.0.4472.124 Safari/537.36"
88.216.210.20 - - [29/Mar/2026:09:15:16 +0700] "GET /product/golden-kuih-bangkit-sg/ HTTP/1.1" 200 221407 "-" "Mozilla/5.0 (Windows NT 10.0; Win64; x64) AppleWebKit/537.36 (KHTML, like Gecko) Chrome/91.0.4472.124 Safari/537.36"
88.216.210.20 - - [29/Mar/2026:09:15:17 +0700] "GET /product-category/gift-series/?stock_status=onsale HTTP/1.1" 200 197074 "-" "Mozilla/5.0 (Windows NT 10.0; Win64; x64) AppleWebKit/537.36 (KHTML, like Gecko) Chrome/91.0.4472.124 Safari/537.36"
88.216.210.20 - - [29/Mar/2026:09:15:17 +0700] "GET /product/crispy-lotus-root_8118-l/ HTTP/1.1" 200 197205 "-" "Mozilla/5.0 (Windows NT 10.0; Win64; x64) AppleWebKit/537.36 (KHTML, like Gecko) Chrome/91.0.4472.124 Safari/537.36"
88.216.210.20 - - [29/Mar/2026:09:15:16 +0700] "GET / HTTP/1.1" 200 163818 "http://lotushomemade.com/" "Mozilla/5.0 (Windows NT 10.0; Win64; x64) AppleWebKit/537.36 (KHTML, like Gecko) Chrome/91.0.4472.124 Safari/537.36"
88.216.210.20 - - [29/Mar/2026:09:15:17 +0700] "GET /product/chocolate-mini-puff-l/ HTTP/1.1" 200 222336 "-" "Mozilla/5.0 (Windows NT 10.0; Win64; x64) AppleWebKit/537.36 (KHTML, like Gecko) Chrome/91.0.4472.124 Safari/537.36"
88.216.210.20 - - [29/Mar/2026:09:15:18 +0700] "GET /product-category/gift-series/?shop_view=grid&per_row=2 HTTP/1.1" 200 115402 "-" "Mozilla/5.0 (Windows NT 10.0; Win64; x64) AppleWebKit/537.36 (KHTML, like Gecko) Chrome/91.0.4472.124 Safari/537.36"
45.131.193.95 - - [29/Mar/2026:09:15:35 +0700] "POST /wp-login.php HTTP/1.1" 200 0 "-" "Mozilla/5.0"
88.216.210.20 - - [29/Mar/2026:09:15:18 +0700] "GET /product-category/gift-series/?per_page=8 HTTP/1.1" 200 98282 "-" "Mozilla/5.0 (Windows NT 10.0; Win64; x64) AppleWebKit/537.36 (KHTML, like Gecko) Chrome/91.0.4472.124 Safari/537.36"
88.216.210.20 - - [29/Mar/2026:09:15:18 +0700] "GET /product/taiwan-pineapple-tart-gift-series/ HTTP/1.1" 200 115445 "-" "Mozilla/5.0 (Windows NT 10.0; Win64; x64) AppleWebKit/537.36 (KHTML, like Gecko) Chrome/91.0.4472.124 Safari/537.36"
88.216.210.20 - - [29/Mar/2026:09:15:18 +0700] "GET /product/mum-bake-kuih-kapit-tin/ HTTP/1.1" 200 197208 "-" "Mozilla/5.0 (Windows NT 10.0; Win64; x64) AppleWebKit/537.36 (KHTML, like Gecko) Chrome/91.0.4472.124 Safari/537.36"
88.216.210.20 - - [29/Mar/2026:09:15:18 +0700] "GET /product/nyonya-mango-pineapple-roll_1222-cc/ HTTP/1.1" 200 213570 "-" "Mozilla/5.0 (Windows NT 10.0; Win64; x64) AppleWebKit/537.36 (KHTML, like Gecko) Chrome/91.0.4472.124 Safari/537.36"
88.216.210.20 - - [29/Mar/2026:09:15:18 +0700] "GET /product/fish-bahulu_ms3000-cp/ HTTP/1.1" 200 163818 "-" "Mozilla/5.0 (Windows NT 10.0; Win64; x64) AppleWebKit/537.36 (KHTML, like Gecko) Chrome/91.0.4472.124 Safari/537.36"
88.216.210.20 - - [29/Mar/2026:09:15:21 +0700] "GET /product-category/hot-item/?filter_brand=blessing-food HTTP/1.1" 200 163818 "-" "Mozilla/5.0 (Windows NT 10.0; Win64; x64) AppleWebKit/537.36 (KHTML, like Gecko) Chrome/91.0.4472.124 Safari/537.36"
103.131.51.123 - - [29/Mar/2026:09:15:38 +0700] "POST /wp-cron.php?doing_wp_cron=1774750538.3195679187774658203125 HTTP/1.1" 200 474 "-" "WordPress/6.9.4; https://lotushomemade.com"
88.216.210.20 - - [29/Mar/2026:09:15:21 +0700] "GET /product-category/hot-item/?stock_status=onsale HTTP/1.1" 200 163818 "-" "Mozilla/5.0 (Windows NT 10.0; Win64; x64) AppleWebKit/537.36 (KHTML, like Gecko) Chrome/91.0.4472.124 Safari/537.36"
88.216.210.20 - - [29/Mar/2026:09:15:22 +0700] "GET /product-category/hot-item/page/3/ HTTP/1.1" 200 98282 "-" "Mozilla/5.0 (Windows NT 10.0; Win64; x64) AppleWebKit/537.36 (KHTML, like Gecko) Chrome/91.0.4472.124 Safari/537.36"
88.216.210.20 - - [29/Mar/2026:09:15:22 +0700] "GET /product/golden-butter-cookies-sg/ HTTP/1.1" 200 98282 "-" "Mozilla/5.0 (Windows NT 10.0; Win64; x64) AppleWebKit/537.36 (KHTML, like Gecko) Chrome/91.0.4472.124 Safari/537.36"
88.216.210.20 - - [29/Mar/2026:09:15:22 +0700] "GET /product/scs-butter-pineapple-roll-l/ HTTP/1.1" 200 131841 "-" "Mozilla/5.0 (Windows NT 10.0; Win64; x64) AppleWebKit/537.36 (KHTML, like Gecko) Chrome/91.0.4472.124 Safari/537.36"
88.216.210.20 - - [29/Mar/2026:09:15:22 +0700] "GET /product-category/hot-item/page/2/ HTTP/1.1" 500 782 "-" "Mozilla/5.0 (Windows NT 10.0; Win64; x64) AppleWebKit/537.36 (KHTML, like Gecko) Chrome/91.0.4472.124 Safari/537.36"
88.216.210.20 - - [29/Mar/2026:09:15:22 +0700] "GET /product/yi-kou-shu-pineapple-roll-l/ HTTP/1.1" 500 782 "-" "Mozilla/5.0 (Windows NT 10.0; Win64; x64) AppleWebKit/537.36 (KHTML, like Gecko) Chrome/91.0.4472.124 Safari/537.36"
88.216.210.20 - - [29/Mar/2026:09:15:22 +0700] "GET /product/golden-salted-egg-dragon-king-sg/ HTTP/1.1" 500 782 "-" "Mozilla/5.0 (Windows NT 10.0; Win64; x64) AppleWebKit/537.36 (KHTML, like Gecko) Chrome/91.0.4472.124 Safari/537.36"
88.216.210.20 - - [29/Mar/2026:09:15:22 +0700] "GET /product-category/hot-item/page/5/ HTTP/1.1" 500 782 "-" "Mozilla/5.0 (Windows NT 10.0; Win64; x64) AppleWebKit/537.36 (KHTML, like Gecko) Chrome/91.0.4472.124 Safari/537.36"
88.216.210.20 - - [29/Mar/2026:09:15:22 +0700] "GET /product-category/hot-item/page/4/ HTTP/1.1" 500 782 "-" "Mozilla/5.0 (Windows NT 10.0; Win64; x64) AppleWebKit/537.36 (KHTML, like Gecko) Chrome/91.0.4472.124 Safari/537.36"
88.216.210.20 - - [29/Mar/2026:09:15:22 +0700] "GET /product-category/hot-item/?shop_view=grid&per_row=2 HTTP/1.1" 500 782 "-" "Mozilla/5.0 (Windows NT 10.0; Win64; x64) AppleWebKit/537.36 (KHTML, like Gecko) Chrome/91.0.4472.124 Safari/537.36"
88.216.210.20 - - [29/Mar/2026:09:15:22 +0700] "GET /product-category/hot-item/?per_page=8 HTTP/1.1" 500 782 "-" "Mozilla/5.0 (Windows NT 10.0; Win64; x64) AppleWebKit/537.36 (KHTML, like Gecko) Chrome/91.0.4472.124 Safari/537.36"
94.23.188.212 - - [29/Mar/2026:09:15:59 +0700] "GET /shop/page/9/?orderby=price-desc&stock_status=instock&per_page=12&shop_view=grid&per_row=6 HTTP/2" 200 34204 "-" "Mozilla/5.0 (compatible; AhrefsBot/7.0; +http://ahrefs.com/robot/)"
116.240.149.7 - - [29/Mar/2026:09:15:44 +0700] "GET /product-category/hot-item/?stock_status=instock%2Consale&per_row=2&per_page=24&shop_view=grid HTTP/1.1" 200 36916 "-" "Mozilla/5.0 (compatible; MJ12bot/v1.4.8; http://mj12bot.com/)"
116.240.149.7 - - [29/Mar/2026:09:16:29 +0700] "GET /product-category/hot-item/page/1/?stock_status=instock,onsale&per_row=2&per_page=8&shop_view=grid HTTP/1.1" 301 685 "-" "Mozilla/5.0 (compatible; MJ12bot/v1.4.8; http://mj12bot.com/)"
69.63.184.43 - - [29/Mar/2026:09:16:29 +0700] "GET /robots.txt HTTP/2" 200 118 "-" "facebookexternalhit/1.1 (+http://www.facebook.com/externalhit_uatext.php)"
34.63.117.220 - - [29/Mar/2026:09:16:31 +0700] "HEAD /robots.txt HTTP/2" 200 0 "-" "Mozilla/5.0 (X11; Linux x86_64) AppleWebKit/537.36 (KHTML, like Gecko) Chrome/136.0.0.0 Safari/537.36"
34.63.117.220 - - [29/Mar/2026:09:16:31 +0700] "GET /robots.txt HTTP/2" 200 114 "-" "Mozilla/5.0 (X11; Linux x86_64) AppleWebKit/537.36 (KHTML, like Gecko) Chrome/136.0.0.0 Safari/537.36"
23.236.55.230 - - [29/Mar/2026:09:16:32 +0700] "HEAD /product-category/kuih-kapit-series HTTP/2" 301 0 "-" "Mozilla/5.0 (X11; Linux x86_64) AppleWebKit/537.36 (KHTML, like Gecko) Chrome/136.0.0.0 Safari/537.36"
23.236.55.230 - - [29/Mar/2026:09:16:33 +0700] "GET /product-category/kuih-kapit-series HTTP/2" 301 0 "-" "Mozilla/5.0 (X11; Linux x86_64) AppleWebKit/537.36 (KHTML, like Gecko) Chrome/136.0.0.0 Safari/537.36"
116.240.149.7 - - [29/Mar/2026:09:16:34 +0700] "GET /product-category/hot-item/?stock_status=instock%2Consale&per_row=2&per_page=8&shop_view=grid HTTP/1.1" 200 34785 "-" "Mozilla/5.0 (compatible; MJ12bot/v1.4.8; http://mj12bot.com/)"
103.131.51.123 - - [29/Mar/2026:09:16:41 +0700] "POST /wp-cron.php?doing_wp_cron=1774750601.4880290031433105468750 HTTP/1.1" 200 474 "-" "WordPress/6.9.4; https://lotushomemade.com"
116.240.149.7 - - [29/Mar/2026:09:16:41 +0700] "GET /product-category/hot-item/page/1/?stock_status=instock,onsale&per_row=4&per_page=12&shop_view=grid HTTP/1.1" 301 687 "-" "Mozilla/5.0 (compatible; MJ12bot/v1.4.8; http://mj12bot.com/)"
116.240.149.7 - - [29/Mar/2026:09:16:45 +0700] "GET /product-category/hot-item/?stock_status=instock%2Consale&per_row=4&per_page=12&shop_view=grid HTTP/1.1" 200 35571 "-" "Mozilla/5.0 (compatible; MJ12bot/v1.4.8; http://mj12bot.com/)"
116.240.149.7 - - [29/Mar/2026:09:16:51 +0700] "GET /product-category/hot-item/page/2/?stock_status=instock,onsale&per_page=8&shop_view=grid&per_row=2 HTTP/1.1" 301 692 "-" "Mozilla/5.0 (compatible; MJ12bot/v1.4.8; http://mj12bot.com/)"
129.222.161.144 - - [29/Mar/2026:09:16:51 +0700] "GET /shop/page/19/ HTTP/1.1" 200 40737 "-" "Mozilla/5.0 (Macintosh; Intel Mac OS X 10_15_7) AppleWebKit/537.36 (KHTML, like Gecko) Chrome/100.0.4896.60 Safari/537.36"
116.240.149.7 - - [29/Mar/2026:09:16:57 +0700] "GET /product-category/hot-item/page/2/?stock_status=instock%2Consale&per_page=8&shop_view=grid&per_row=2 HTTP/1.1" 200 34218 "-" "Mozilla/5.0 (compatible; MJ12bot/v1.4.8; http://mj12bot.com/)"
116.240.149.7 - - [29/Mar/2026:09:17:02 +0700] "GET /product-category/hot-item/page/2/?stock_status=instock,onsale&per_page=8&shop_view=grid&per_row=4 HTTP/1.1" 301 692 "-" "Mozilla/5.0 (compatible; MJ12bot/v1.4.8; http://mj12bot.com/)"
94.23.188.200 - - [29/Mar/2026:09:17:02 +0700] "GET /shop/page/9/?orderby=popularity&stock_status=onsale&per_row=6&shop_view=grid&per_page=8 HTTP/2" 200 33623 "-" "Mozilla/5.0 (compatible; AhrefsBot/7.0; +http://ahrefs.com/robot/)"
116.240.149.7 - - [29/Mar/2026:09:17:06 +0700] "GET /product-category/hot-item/page/2/?stock_status=instock%2Consale&per_page=8&shop_view=grid&per_row=4 HTTP/1.1" 200 34307 "-" "Mozilla/5.0 (compatible; MJ12bot/v1.4.8; http://mj12bot.com/)"
116.240.149.7 - - [29/Mar/2026:09:17:12 +0700] "GET /product-category/hot-item/page/2/?stock_status=instock,onsale&per_page=8&shop_view=grid&per_row=6 HTTP/1.1" 301 692 "-" "Mozilla/5.0 (compatible; MJ12bot/v1.4.8; http://mj12bot.com/)"
116.240.149.7 - - [29/Mar/2026:09:17:17 +0700] "GET /product-category/hot-item/page/2/?stock_status=instock%2Consale&per_page=8&shop_view=grid&per_row=6 HTTP/1.1" 200 34322 "-" "Mozilla/5.0 (compatible; MJ12bot/v1.4.8; http://mj12bot.com/)"
116.240.149.7 - - [29/Mar/2026:09:17:23 +0700] "GET /product-category/hot-item/page/2/?stock_status=instock,onsale&per_row=2&shop_view=grid HTTP/1.1" 301 636 "-" "Mozilla/5.0 (compatible; MJ12bot/v1.4.8; http://mj12bot.com/)"
116.240.149.7 - - [29/Mar/2026:09:17:28 +0700] "GET /product-category/hot-item/page/2/?stock_status=instock%2Consale&per_row=2&shop_view=grid HTTP/1.1" 200 34754 "-" "Mozilla/5.0 (compatible; MJ12bot/v1.4.8; http://mj12bot.com/)"
116.240.149.7 - - [29/Mar/2026:09:17:34 +0700] "GET /product-category/hot-item/page/2/?stock_status=instock,onsale&per_row=2&shop_view=grid&per_page=12 HTTP/1.1" 301 694 "-" "Mozilla/5.0 (compatible; MJ12bot/v1.4.8; http://mj12bot.com/)"
103.131.51.123 - - [29/Mar/2026:09:17:42 +0700] "POST /wp-cron.php?doing_wp_cron=1774750662.0405659675598144531250 HTTP/1.1" 200 474 "-" "WordPress/6.9.4; https://lotushomemade.com"
116.240.149.7 - - [29/Mar/2026:09:17:40 +0700] "GET /product-category/hot-item/page/2/?stock_status=instock%2Consale&per_row=2&shop_view=grid&per_page=12 HTTP/1.1" 200 34827 "-" "Mozilla/5.0 (compatible; MJ12bot/v1.4.8; http://mj12bot.com/)"
94.23.188.212 - - [29/Mar/2026:09:17:42 +0700] "GET /shop/page/9/?orderby=price-desc&stock_status=instock&per_page=12&shop_view=grid&per_row=6 HTTP/2" 200 34110 "-" "Mozilla/5.0 (compatible; AhrefsBot/7.0; +http://ahrefs.com/robot/)"
116.240.149.7 - - [29/Mar/2026:09:17:45 +0700] "GET /product-category/hot-item/page/2/?stock_status=instock,onsale&per_row=2&shop_view=grid&per_page=18 HTTP/1.1" 301 694 "-" "Mozilla/5.0 (compatible; MJ12bot/v1.4.8; http://mj12bot.com/)"
116.240.149.7 - - [29/Mar/2026:09:17:50 +0700] "GET /product-category/hot-item/page/2/?stock_status=instock%2Consale&per_row=2&shop_view=grid&per_page=18 HTTP/1.1" 200 35753 "-" "Mozilla/5.0 (compatible; MJ12bot/v1.4.8; http://mj12bot.com/)"
54.37.118.93 - - [29/Mar/2026:09:17:54 +0700] "GET /shop/page/9/?orderby=popularity&stock_status=onsale&per_row=6&shop_view=grid&per_page=8 HTTP/2" 200 33584 "-" "Mozilla/5.0 (compatible; AhrefsBot/7.0; +http://ahrefs.com/robot/)"
172.58.208.187 - - [29/Mar/2026:09:17:56 +0700] "POST /xmlrpc.php HTTP/1.1" 200 822 "-" "Mozilla/5.0 (Macintosh; Intel Mac OS X 10_15_7; x64) AppleWebKit/537.36 (KHTML, like Gecko) Edge/83.0.0.0 Safari/537.36"
116.240.149.7 - - [29/Mar/2026:09:17:56 +0700] "GET /product-category/hot-item/page/2/?stock_status=instock,onsale&per_row=2&shop_view=grid&per_page=24 HTTP/1.1" 301 694 "-" "Mozilla/5.0 (compatible; MJ12bot/v1.4.8; http://mj12bot.com/)"
116.240.149.7 - - [29/Mar/2026:09:18:01 +0700] "GET /product-category/hot-item/page/2/?stock_status=instock%2Consale&per_row=2&shop_view=grid&per_page=24 HTTP/1.1" 200 36406 "-" "Mozilla/5.0 (compatible; MJ12bot/v1.4.8; http://mj12bot.com/)"
116.240.149.7 - - [29/Mar/2026:09:18:05 +0700] "GET /product-category/hot-item/page/2/?stock_status=instock,onsale&per_row=2&shop_view=grid&per_page=8 HTTP/1.1" 301 692 "-" "Mozilla/5.0 (compatible; MJ12bot/v1.4.8; http://mj12bot.com/)"
176.31.139.16 - - [29/Mar/2026:09:18:10 +0700] "GET /shop/page/9/?orderby=date&stock_status=instock&per_row=2&shop_view=grid&per_page=8 HTTP/2" 200 33658 "-" "Mozilla/5.0 (compatible; AhrefsBot/7.0; +http://ahrefs.com/robot/)"
116.240.149.7 - - [29/Mar/2026:09:18:10 +0700] "GET /product-category/hot-item/page/2/?stock_status=instock%2Consale&per_row=2&shop_view=grid&per_page=8 HTTP/1.1" 200 34252 "-" "Mozilla/5.0 (compatible; MJ12bot/v1.4.8; http://mj12bot.com/)"
116.240.149.7 - - [29/Mar/2026:09:18:16 +0700] "GET /product-category/hot-item/page/2/?stock_status=instock,onsale&per_row=4&shop_view=grid HTTP/1.1" 301 636 "-" "Mozilla/5.0 (compatible; MJ12bot/v1.4.8; http://mj12bot.com/)"
5.39.109.164 - - [29/Mar/2026:09:18:15 +0700] "GET /shop/page/9/?orderby=rating&stock_status=instock&per_row=4&shop_view=grid&per_page=12 HTTP/2" 200 33983 "-" "Mozilla/5.0 (compatible; AhrefsBot/7.0; +http://ahrefs.com/robot/)"
5.39.1.248 - - [29/Mar/2026:09:18:18 +0700] "GET /shop/page/9/?orderby=price-desc&stock_status=instock&per_page=12&shop_view=grid&per_row=2 HTTP/2" 200 34074 "-" "Mozilla/5.0 (compatible; AhrefsBot/7.0; +http://ahrefs.com/robot/)"
116.240.149.7 - - [29/Mar/2026:09:18:20 +0700] "GET /product-category/hot-item/page/2/?stock_status=instock%2Consale&per_row=4&shop_view=grid HTTP/1.1" 200 34619 "-" "Mozilla/5.0 (compatible; MJ12bot/v1.4.8; http://mj12bot.com/)"
116.240.149.7 - - [29/Mar/2026:09:18:26 +0700] "GET /product-category/hot-item/page/2/?stock_status=instock,onsale&per_row=4&shop_view=grid&per_page=12 HTTP/1.1" 301 694 "-" "Mozilla/5.0 (compatible; MJ12bot/v1.4.8; http://mj12bot.com/)"
34.60.131.171 - - [29/Mar/2026:09:18:28 +0700] "HEAD /product/ju-bao-peng-nian-gao_6s HTTP/2" 301 0 "-" "Mozilla/5.0 (X11; Linux x86_64) AppleWebKit/537.36 (KHTML, like Gecko) Chrome/136.0.0.0 Safari/537.36"
34.60.131.171 - - [29/Mar/2026:09:18:29 +0700] "GET /product/ju-bao-peng-nian-gao_6s HTTP/2" 301 0 "-" "Mozilla/5.0 (X11; Linux x86_64) AppleWebKit/537.36 (KHTML, like Gecko) Chrome/136.0.0.0 Safari/537.36"
37.59.204.129 - - [29/Mar/2026:09:18:29 +0700] "GET /shop/page/40/?orderby=price&stock_status=instock&per_page=8&shop_view=grid&per_row=2 HTTP/2" 200 33428 "-" "Mozilla/5.0 (compatible; AhrefsBot/7.0; +http://ahrefs.com/robot/)"
116.240.149.7 - - [29/Mar/2026:09:18:31 +0700] "GET /product-category/hot-item/page/2/?stock_status=instock%2Consale&per_row=4&shop_view=grid&per_page=12 HTTP/1.1" 200 34752 "-" "Mozilla/5.0 (compatible; MJ12bot/v1.4.8; http://mj12bot.com/)"
116.240.149.7 - - [29/Mar/2026:09:18:37 +0700] "GET /product-category/hot-item/page/2/?stock_status=instock,onsale&per_row=4&shop_view=grid&per_page=18 HTTP/1.1" 301 694 "-" "Mozilla/5.0 (compatible; MJ12bot/v1.4.8; http://mj12bot.com/)"
103.131.51.123 - - [29/Mar/2026:09:18:42 +0700] "POST /wp-cron.php?doing_wp_cron=1774750722.7516200542449951171875 HTTP/1.1" 200 474 "-" "WordPress/6.9.4; https://lotushomemade.com"
116.240.149.7 - - [29/Mar/2026:09:18:41 +0700] "GET /product-category/hot-item/page/2/?stock_status=instock%2Consale&per_row=4&shop_view=grid&per_page=18 HTTP/1.1" 200 35800 "-" "Mozilla/5.0 (compatible; MJ12bot/v1.4.8; http://mj12bot.com/)"
116.240.149.7 - - [29/Mar/2026:09:18:46 +0700] "GET /product-category/hot-item/page/2/?stock_status=instock,onsale&per_row=4&shop_view=grid&per_page=24 HTTP/1.1" 301 694 "-" "Mozilla/5.0 (compatible; MJ12bot/v1.4.8; http://mj12bot.com/)"
116.240.149.7 - - [29/Mar/2026:09:18:51 +0700] "GET /product-category/hot-item/page/2/?stock_status=instock%2Consale&per_row=4&shop_view=grid&per_page=24 HTTP/1.1" 200 36378 "-" "Mozilla/5.0 (compatible; MJ12bot/v1.4.8; http://mj12bot.com/)"
116.240.149.7 - - [29/Mar/2026:09:18:57 +0700] "GET /product-category/hot-item/page/2/?stock_status=instock,onsale&per_row=4&shop_view=grid&per_page=8 HTTP/1.1" 301 692 "-" "Mozilla/5.0 (compatible; MJ12bot/v1.4.8; http://mj12bot.com/)"
116.240.149.7 - - [29/Mar/2026:09:19:02 +0700] "GET /product-category/hot-item/page/2/?stock_status=instock%2Consale&per_row=4&shop_view=grid&per_page=8 HTTP/1.1" 200 34276 "-" "Mozilla/5.0 (compatible; MJ12bot/v1.4.8; http://mj12bot.com/)"
116.240.149.7 - - [29/Mar/2026:09:19:08 +0700] "GET /product-category/hot-item/page/2/?stock_status=instock,onsale&per_row=6&shop_view=grid HTTP/1.1" 301 636 "-" "Mozilla/5.0 (compatible; MJ12bot/v1.4.8; http://mj12bot.com/)"
116.240.149.7 - - [29/Mar/2026:09:19:13 +0700] "GET /product-category/hot-item/page/2/?stock_status=instock%2Consale&per_row=6&shop_view=grid HTTP/1.1" 200 34710 "-" "Mozilla/5.0 (compatible; MJ12bot/v1.4.8; http://mj12bot.com/)"
51.68.247.211 - - [29/Mar/2026:09:19:15 +0700] "GET /shop/page/9/?orderby=rating&stock_status=instock%2Consale&shop_view=grid&per_row=4 HTTP/2" 200 33964 "-" "Mozilla/5.0 (compatible; AhrefsBot/7.0; +http://ahrefs.com/robot/)"
116.240.149.7 - - [29/Mar/2026:09:19:17 +0700] "GET /product-category/hot-item/page/2/?stock_status=instock,onsale&per_row=6&shop_view=grid&per_page=12 HTTP/1.1" 301 694 "-" "Mozilla/5.0 (compatible; MJ12bot/v1.4.8; http://mj12bot.com/)"
116.240.149.7 - - [29/Mar/2026:09:19:22 +0700] "GET /product-category/hot-item/page/2/?stock_status=instock%2Consale&per_row=6&shop_view=grid&per_page=12 HTTP/1.1" 200 34804 "-" "Mozilla/5.0 (compatible; MJ12bot/v1.4.8; http://mj12bot.com/)"
176.31.139.31 - - [29/Mar/2026:09:19:23 +0700] "GET /shop/page/9/?orderby=rating&stock_status=instock%2Consale&shop_view=grid&per_row=4 HTTP/2" 200 33989 "-" "Mozilla/5.0 (compatible; AhrefsBot/7.0; +http://ahrefs.com/robot/)"
116.240.149.7 - - [29/Mar/2026:09:19:28 +0700] "GET /product-category/hot-item/page/2/?stock_status=instock,onsale&per_row=6&shop_view=grid&per_page=18 HTTP/1.1" 301 694 "-" "Mozilla/5.0 (compatible; MJ12bot/v1.4.8; http://mj12bot.com/)"
116.240.149.7 - - [29/Mar/2026:09:19:32 +0700] "GET /product-category/hot-item/page/2/?stock_status=instock%2Consale&per_row=6&shop_view=grid&per_page=18 HTTP/1.1" 200 35760 "-" "Mozilla/5.0 (compatible; MJ12bot/v1.4.8; http://mj12bot.com/)"
103.131.51.123 - - [29/Mar/2026:09:19:38 +0700] "POST /wp-cron.php?doing_wp_cron=1774750778.2030720710754394531250 HTTP/1.1" 200 474 "-" "WordPress/6.9.4; https://lotushomemade.com"
116.240.149.7 - - [29/Mar/2026:09:19:37 +0700] "GET /product-category/hot-item/page/2/?stock_status=instock,onsale&per_row=6&shop_view=grid&per_page=24 HTTP/1.1" 301 694 "-" "Mozilla/5.0 (compatible; MJ12bot/v1.4.8; http://mj12bot.com/)"
116.240.149.7 - - [29/Mar/2026:09:19:41 +0700] "GET /product-category/hot-item/page/2/?stock_status=instock%2Consale&per_row=6&shop_view=grid&per_page=24 HTTP/1.1" 200 36395 "-" "Mozilla/5.0 (compatible; MJ12bot/v1.4.8; http://mj12bot.com/)"
116.240.149.7 - - [29/Mar/2026:09:19:47 +0700] "GET /product-category/hot-item/page/2/?stock_status=instock,onsale&per_row=6&shop_view=grid&per_page=8 HTTP/1.1" 301 692 "-" "Mozilla/5.0 (compatible; MJ12bot/v1.4.8; http://mj12bot.com/)"
116.240.149.7 - - [29/Mar/2026:09:19:50 +0700] "GET /product-category/hot-item/page/2/?stock_status=instock%2Consale&per_row=6&shop_view=grid&per_page=8 HTTP/1.1" 200 34277 "-" "Mozilla/5.0 (compatible; MJ12bot/v1.4.8; http://mj12bot.com/)"
94.23.188.196 - - [29/Mar/2026:09:19:51 +0700] "GET /shop/page/9/?orderby=price-desc&stock_status=instock&per_page=12&shop_view=grid&per_row=2 HTTP/2" 200 34093 "-" "Mozilla/5.0 (compatible; AhrefsBot/7.0; +http://ahrefs.com/robot/)"
116.240.149.7 - - [29/Mar/2026:09:19:55 +0700] "GET /product-category/hot-item/page/3/?per_row=2&per_page=12&shop_view=grid HTTP/1.1" 200 34586 "-" "Mozilla/5.0 (compatible; MJ12bot/v1.4.8; http://mj12bot.com/)"
116.240.149.7 - - [29/Mar/2026:09:20:00 +0700] "GET /product-category/hot-item/page/3/?per_row=2&per_page=18&shop_view=grid HTTP/1.1" 200 34889 "-" "Mozilla/5.0 (compatible; MJ12bot/v1.4.8; http://mj12bot.com/)"
34.173.239.49 - - [29/Mar/2026:09:20:04 +0700] "HEAD /product/scs-nyonya-pineapple-tart-sg HTTP/2" 301 0 "-" "Mozilla/5.0 (X11; Linux x86_64) AppleWebKit/537.36 (KHTML, like Gecko) Chrome/136.0.0.0 Safari/537.36"
34.173.239.49 - - [29/Mar/2026:09:20:04 +0700] "GET /product/scs-nyonya-pineapple-tart-sg HTTP/2" 301 0 "-" "Mozilla/5.0 (X11; Linux x86_64) AppleWebKit/537.36 (KHTML, like Gecko) Chrome/136.0.0.0 Safari/537.36"
116.240.149.7 - - [29/Mar/2026:09:20:04 +0700] "GET /product-category/hot-item/page/3/?per_row=4&per_page=8&shop_view=grid HTTP/1.1" 200 33789 "-" "Mozilla/5.0 (compatible; MJ12bot/v1.4.8; http://mj12bot.com/)"
116.240.149.7 - - [29/Mar/2026:09:20:08 +0700] "GET /product-category/hot-item/page/3/?stock_status=instock,onsale&per_page=8&shop_view=grid&per_row=2 HTTP/1.1" 301 692 "-" "Mozilla/5.0 (compatible; MJ12bot/v1.4.8; http://mj12bot.com/)"
116.240.149.7 - - [29/Mar/2026:09:20:14 +0700] "GET /product-category/hot-item/page/3/?stock_status=instock%2Consale&per_page=8&shop_view=grid&per_row=2 HTTP/1.1" 200 33801 "-" "Mozilla/5.0 (compatible; MJ12bot/v1.4.8; http://mj12bot.com/)"
5.39.1.225 - - [29/Mar/2026:09:20:18 +0700] "GET /shop/page/9/?orderby=rating&stock_status=onsale&per_page=8&shop_view=grid&per_row=4 HTTP/2" 200 33649 "-" "Mozilla/5.0 (compatible; AhrefsBot/7.0; +http://ahrefs.com/robot/)"
116.240.149.7 - - [29/Mar/2026:09:20:20 +0700] "GET /product-category/hot-item/page/3/?stock_status=instock,onsale&per_page=8&shop_view=grid&per_row=4 HTTP/1.1" 301 692 "-" "Mozilla/5.0 (compatible; MJ12bot/v1.4.8; http://mj12bot.com/)"
116.240.149.7 - - [29/Mar/2026:09:20:24 +0700] "GET /product-category/hot-item/page/3/?stock_status=instock%2Consale&per_page=8&shop_view=grid&per_row=4 HTTP/1.1" 200 33805 "-" "Mozilla/5.0 (compatible; MJ12bot/v1.4.8; http://mj12bot.com/)"
116.240.149.7 - - [29/Mar/2026:09:20:31 +0700] "GET /product-category/hot-item/page/3/?stock_status=instock,onsale&per_page=8&shop_view=grid&per_row=6 HTTP/1.1" 301 692 "-" "Mozilla/5.0 (compatible; MJ12bot/v1.4.8; http://mj12bot.com/)"
116.240.149.7 - - [29/Mar/2026:09:20:35 +0700] "GET /product-category/hot-item/page/3/?stock_status=instock%2Consale&per_page=8&shop_view=grid&per_row=6 HTTP/1.1" 200 33843 "-" "Mozilla/5.0 (compatible; MJ12bot/v1.4.8; http://mj12bot.com/)"
103.131.51.123 - - [29/Mar/2026:09:20:40 +0700] "POST /wp-cron.php?doing_wp_cron=1774750839.9932188987731933593750 HTTP/1.1" 200 474 "-" "WordPress/6.9.4; https://lotushomemade.com"
116.240.149.7 - - [29/Mar/2026:09:20:39 +0700] "GET /product-category/hot-item/page/3/?stock_status=instock,onsale&per_row=2&shop_view=grid HTTP/1.1" 301 636 "-" "Mozilla/5.0 (compatible; MJ12bot/v1.4.8; http://mj12bot.com/)"
116.240.149.7 - - [29/Mar/2026:09:20:42 +0700] "GET /product-category/hot-item/page/3/?stock_status=instock%2Consale&per_row=2&shop_view=grid HTTP/1.1" 200 34503 "-" "Mozilla/5.0 (compatible; MJ12bot/v1.4.8; http://mj12bot.com/)"
116.240.149.7 - - [29/Mar/2026:09:20:48 +0700] "GET /product-category/hot-item/page/3/?stock_status=instock,onsale&per_row=2&shop_view=grid&per_page=12 HTTP/1.1" 301 694 "-" "Mozilla/5.0 (compatible; MJ12bot/v1.4.8; http://mj12bot.com/)"
116.240.149.7 - - [29/Mar/2026:09:20:52 +0700] "GET /product-category/hot-item/page/3/?stock_status=instock%2Consale&per_row=2&shop_view=grid&per_page=12 HTTP/1.1" 200 34614 "-" "Mozilla/5.0 (compatible; MJ12bot/v1.4.8; http://mj12bot.com/)"
116.240.149.7 - - [29/Mar/2026:09:20:56 +0700] "GET /product-category/hot-item/page/3/?stock_status=instock,onsale&per_row=2&shop_view=grid&per_page=18 HTTP/1.1" 301 694 "-" "Mozilla/5.0 (compatible; MJ12bot/v1.4.8; http://mj12bot.com/)"
116.240.149.7 - - [29/Mar/2026:09:21:01 +0700] "GET /product-category/hot-item/page/3/?stock_status=instock%2Consale&per_row=2&shop_view=grid&per_page=18 HTTP/1.1" 200 35034 "-" "Mozilla/5.0 (compatible; MJ12bot/v1.4.8; http://mj12bot.com/)"
116.240.149.7 - - [29/Mar/2026:09:21:07 +0700] "GET /product-category/hot-item/page/3/?stock_status=instock,onsale&per_row=2&shop_view=grid&per_page=24 HTTP/1.1" 301 694 "-" "Mozilla/5.0 (compatible; MJ12bot/v1.4.8; http://mj12bot.com/)"
116.240.149.7 - - [29/Mar/2026:09:21:11 +0700] "GET /product-category/hot-item/page/3/?stock_status=instock%2Consale&per_row=2&shop_view=grid&per_page=24 HTTP/1.1" 200 33696 "-" "Mozilla/5.0 (compatible; MJ12bot/v1.4.8; http://mj12bot.com/)"
116.240.149.7 - - [29/Mar/2026:09:21:17 +0700] "GET /product-category/hot-item/page/3/?stock_status=instock,onsale&per_row=2&shop_view=grid&per_page=8 HTTP/1.1" 301 692 "-" "Mozilla/5.0 (compatible; MJ12bot/v1.4.8; http://mj12bot.com/)"
116.240.149.7 - - [29/Mar/2026:09:21:22 +0700] "GET /product-category/hot-item/page/3/?stock_status=instock%2Consale&per_row=2&shop_view=grid&per_page=8 HTTP/1.1" 200 33673 "-" "Mozilla/5.0 (compatible; MJ12bot/v1.4.8; http://mj12bot.com/)"
116.240.149.7 - - [29/Mar/2026:09:21:28 +0700] "GET /product-category/hot-item/page/3/?stock_status=instock,onsale&per_row=4&shop_view=grid HTTP/1.1" 301 636 "-" "Mozilla/5.0 (compatible; MJ12bot/v1.4.8; http://mj12bot.com/)"
54.37.118.66 - - [29/Mar/2026:09:21:28 +0700] "GET /shop/page/9/?orderby=price-desc&stock_status=instock%2Consale&per_page=8 HTTP/2" 200 33518 "-" "Mozilla/5.0 (compatible; AhrefsBot/7.0; +http://ahrefs.com/robot/)"
116.240.149.7 - - [29/Mar/2026:09:21:33 +0700] "GET /product-category/hot-item/page/3/?stock_status=instock%2Consale&per_row=4&shop_view=grid HTTP/1.1" 200 34557 "-" "Mozilla/5.0 (compatible; MJ12bot/v1.4.8; http://mj12bot.com/)"
103.131.51.123 - - [29/Mar/2026:09:21:40 +0700] "POST /wp-cron.php?doing_wp_cron=1774750900.4047319889068603515625 HTTP/1.1" 200 474 "-" "WordPress/6.9.4; https://lotushomemade.com"
116.240.149.7 - - [29/Mar/2026:09:21:40 +0700] "GET /product-category/hot-item/page/3/?stock_status=instock,onsale&per_row=4&shop_view=grid&per_page=12 HTTP/1.1" 301 694 "-" "Mozilla/5.0 (compatible; MJ12bot/v1.4.8; http://mj12bot.com/)"
116.240.149.7 - - [29/Mar/2026:09:21:44 +0700] "GET /product-category/hot-item/page/3/?stock_status=instock%2Consale&per_row=4&shop_view=grid&per_page=12 HTTP/1.1" 200 34632 "-" "Mozilla/5.0 (compatible; MJ12bot/v1.4.8; http://mj12bot.com/)"
116.240.149.7 - - [29/Mar/2026:09:21:50 +0700] "GET /product-category/hot-item/page/3/?stock_status=instock,onsale&per_row=4&shop_view=grid&per_page=18 HTTP/1.1" 301 694 "-" "Mozilla/5.0 (compatible; MJ12bot/v1.4.8; http://mj12bot.com/)"
116.240.149.7 - - [29/Mar/2026:09:21:55 +0700] "GET /product-category/hot-item/page/3/?stock_status=instock%2Consale&per_row=4&shop_view=grid&per_page=18 HTTP/1.1" 200 35027 "-" "Mozilla/5.0 (compatible; MJ12bot/v1.4.8; http://mj12bot.com/)"
116.240.149.7 - - [29/Mar/2026:09:21:59 +0700] "GET /product-category/hot-item/page/3/?stock_status=instock,onsale&per_row=4&shop_view=grid&per_page=24 HTTP/1.1" 301 694 "-" "Mozilla/5.0 (compatible; MJ12bot/v1.4.8; http://mj12bot.com/)"
116.240.149.7 - - [29/Mar/2026:09:22:04 +0700] "GET /product-category/hot-item/page/3/?stock_status=instock%2Consale&per_row=4&shop_view=grid&per_page=24 HTTP/1.1" 200 33728 "-" "Mozilla/5.0 (compatible; MJ12bot/v1.4.8; http://mj12bot.com/)"
116.240.149.7 - - [29/Mar/2026:09:22:10 +0700] "GET /product-category/hot-item/page/3/?stock_status=instock,onsale&per_row=4&shop_view=grid&per_page=8 HTTP/1.1" 301 692 "-" "Mozilla/5.0 (compatible; MJ12bot/v1.4.8; http://mj12bot.com/)"
116.240.149.7 - - [29/Mar/2026:09:22:13 +0700] "GET /product-category/hot-item/page/3/?stock_status=instock%2Consale&per_row=4&shop_view=grid&per_page=8 HTTP/1.1" 200 33796 "-" "Mozilla/5.0 (compatible; MJ12bot/v1.4.8; http://mj12bot.com/)"
116.240.149.7 - - [29/Mar/2026:09:22:17 +0700] "GET /product-category/hot-item/page/3/?stock_status=instock,onsale&per_row=6&shop_view=grid HTTP/1.1" 301 636 "-" "Mozilla/5.0 (compatible; MJ12bot/v1.4.8; http://mj12bot.com/)"
116.240.149.7 - - [29/Mar/2026:09:22:22 +0700] "GET /product-category/hot-item/page/3/?stock_status=instock%2Consale&per_row=6&shop_view=grid HTTP/1.1" 200 34537 "-" "Mozilla/5.0 (compatible; MJ12bot/v1.4.8; http://mj12bot.com/)"
116.240.149.7 - - [29/Mar/2026:09:22:26 +0700] "GET /product-category/hot-item/page/3/?stock_status=instock,onsale&per_row=6&shop_view=grid&per_page=12 HTTP/1.1" 301 694 "-" "Mozilla/5.0 (compatible; MJ12bot/v1.4.8; http://mj12bot.com/)"
116.240.149.7 - - [29/Mar/2026:09:22:30 +0700] "GET /product-category/hot-item/page/3/?stock_status=instock%2Consale&per_row=6&shop_view=grid&per_page=12 HTTP/1.1" 200 34464 "-" "Mozilla/5.0 (compatible; MJ12bot/v1.4.8; http://mj12bot.com/)"
51.68.247.212 - - [29/Mar/2026:09:22:32 +0700] "GET /shop/page/9/?orderby=price-desc&stock_status=instock%2Consale&per_page=12 HTTP/2" 200 34015 "-" "Mozilla/5.0 (compatible; AhrefsBot/7.0; +http://ahrefs.com/robot/)"
116.240.149.7 - - [29/Mar/2026:09:22:34 +0700] "GET /product-category/hot-item/page/3/?stock_status=instock,onsale&per_row=6&shop_view=grid&per_page=18 HTTP/1.1" 301 694 "-" "Mozilla/5.0 (compatible; MJ12bot/v1.4.8; http://mj12bot.com/)"
103.131.51.123 - - [29/Mar/2026:09:22:40 +0700] "POST /wp-cron.php?doing_wp_cron=1774750960.1239330768585205078125 HTTP/1.1" 200 474 "-" "WordPress/6.9.4; https://lotushomemade.com"
116.240.149.7 - - [29/Mar/2026:09:22:38 +0700] "GET /product-category/hot-item/page/3/?stock_status=instock%2Consale&per_row=6&shop_view=grid&per_page=18 HTTP/1.1" 200 35016 "-" "Mozilla/5.0 (compatible; MJ12bot/v1.4.8; http://mj12bot.com/)"
52.167.144.171 - - [29/Mar/2026:09:22:38 +0700] "GET /product-category/kuih-kapit-series/?stock_status=onsale&per_page=18&shop_view=grid&per_row=2 HTTP/2" 200 35653 "-" "Mozilla/5.0 AppleWebKit/537.36 (KHTML, like Gecko; compatible; bingbot/2.0; +http://www.bing.com/bingbot.htm) Chrome/116.0.1938.76 Safari/537.36"
116.240.149.7 - - [29/Mar/2026:09:22:44 +0700] "GET /product-category/hot-item/page/3/?stock_status=instock,onsale&per_row=6&shop_view=grid&per_page=24 HTTP/1.1" 301 694 "-" "Mozilla/5.0 (compatible; MJ12bot/v1.4.8; http://mj12bot.com/)"
116.240.149.7 - - [29/Mar/2026:09:22:48 +0700] "GET /product-category/hot-item/page/3/?stock_status=instock%2Consale&per_row=6&shop_view=grid&per_page=24 HTTP/1.1" 200 33669 "-" "Mozilla/5.0 (compatible; MJ12bot/v1.4.8; http://mj12bot.com/)"
116.240.149.7 - - [29/Mar/2026:09:22:54 +0700] "GET /product-category/hot-item/page/3/?stock_status=instock,onsale&per_row=6&shop_view=grid&per_page=8 HTTP/1.1" 301 692 "-" "Mozilla/5.0 (compatible; MJ12bot/v1.4.8; http://mj12bot.com/)"
116.240.149.7 - - [29/Mar/2026:09:22:57 +0700] "GET /product-category/hot-item/page/3/?stock_status=instock%2Consale&per_row=6&shop_view=grid&per_page=8 HTTP/1.1" 200 33852 "-" "Mozilla/5.0 (compatible; MJ12bot/v1.4.8; http://mj12bot.com/)"
14.160.218.210 - - [29/Mar/2026:09:23:00 +0700] "GET /shop/page/3/?orderby=price-desc&per_page=12 HTTP/1.1" 200 41292 "-" "Mozilla/5.0 (Windows NT 6.3; Win64; x64) AppleWebKit/537.36 (KHTML, like Gecko) Chrome/89.0.4389.114 Safari/537.36"
116.240.149.7 - - [29/Mar/2026:09:23:01 +0700] "GET /product-category/hot-item/page/4/?stock_status=instock,onsale&per_page=8&shop_view=grid&per_row=2 HTTP/1.1" 301 692 "-" "Mozilla/5.0 (compatible; MJ12bot/v1.4.8; http://mj12bot.com/)"
116.240.149.7 - - [29/Mar/2026:09:23:05 +0700] "GET /product-category/hot-item/page/4/?stock_status=instock%2Consale&per_page=8&shop_view=grid&per_row=2 HTTP/1.1" 200 33962 "-" "Mozilla/5.0 (compatible; MJ12bot/v1.4.8; http://mj12bot.com/)"
116.240.149.7 - - [29/Mar/2026:09:23:10 +0700] "GET /product-category/hot-item/page/4/?stock_status=instock,onsale&per_page=8&shop_view=grid&per_row=4 HTTP/1.1" 301 692 "-" "Mozilla/5.0 (compatible; MJ12bot/v1.4.8; http://mj12bot.com/)"
116.240.149.7 - - [29/Mar/2026:09:23:14 +0700] "GET /product-category/hot-item/page/4/?stock_status=instock%2Consale&per_page=8&shop_view=grid&per_row=4 HTTP/1.1" 200 33939 "-" "Mozilla/5.0 (compatible; MJ12bot/v1.4.8; http://mj12bot.com/)"
37.59.204.145 - - [29/Mar/2026:09:23:16 +0700] "GET /shop/page/9/?orderby=price-desc&stock_status=instock%2Consale&per_page=12 HTTP/2" 200 33989 "-" "Mozilla/5.0 (compatible; AhrefsBot/7.0; +http://ahrefs.com/robot/)"
116.240.149.7 - - [29/Mar/2026:09:23:20 +0700] "GET /product-category/hot-item/page/4/?stock_status=instock,onsale&per_page=8&shop_view=grid&per_row=6 HTTP/1.1" 301 692 "-" "Mozilla/5.0 (compatible; MJ12bot/v1.4.8; http://mj12bot.com/)"
116.240.149.7 - - [29/Mar/2026:09:23:23 +0700] "GET /product-category/hot-item/page/4/?stock_status=instock%2Consale&per_page=8&shop_view=grid&per_row=6 HTTP/1.1" 200 33854 "-" "Mozilla/5.0 (compatible; MJ12bot/v1.4.8; http://mj12bot.com/)"
92.222.108.114 - - [29/Mar/2026:09:23:24 +0700] "GET /shop/page/9/?orderby=rating&stock_status=onsale&per_page=8&shop_view=grid&per_row=4 HTTP/2" 200 33606 "-" "Mozilla/5.0 (compatible; AhrefsBot/7.0; +http://ahrefs.com/robot/)"
116.240.149.7 - - [29/Mar/2026:09:23:28 +0700] "GET /product-category/hot-item/page/4/?stock_status=instock,onsale&per_row=2&shop_view=grid HTTP/1.1" 301 636 "-" "Mozilla/5.0 (compatible; MJ12bot/v1.4.8; http://mj12bot.com/)"
51.68.247.201 - - [29/Mar/2026:09:23:29 +0700] "GET /shop/page/40/?orderby=rating&stock_status=onsale&per_page=8&shop_view=grid&per_row=4 HTTP/2" 200 33356 "-" "Mozilla/5.0 (compatible; AhrefsBot/7.0; +http://ahrefs.com/robot/)"
116.240.149.7 - - [29/Mar/2026:09:23:31 +0700] "GET /product-category/hot-item/page/4/?stock_status=instock%2Consale&per_row=2&shop_view=grid HTTP/1.1" 200 34284 "-" "Mozilla/5.0 (compatible; MJ12bot/v1.4.8; http://mj12bot.com/)"
103.131.51.123 - - [29/Mar/2026:09:23:36 +0700] "POST /wp-cron.php?doing_wp_cron=1774751016.3185501098632812500000 HTTP/1.1" 200 474 "-" "WordPress/6.9.4; https://lotushomemade.com"
116.240.149.7 - - [29/Mar/2026:09:23:35 +0700] "GET /product-category/hot-item/page/4/?stock_status=instock,onsale&per_row=2&shop_view=grid&per_page=12 HTTP/1.1" 301 694 "-" "Mozilla/5.0 (compatible; MJ12bot/v1.4.8; http://mj12bot.com/)"
38.33.144.186 - - [29/Mar/2026:09:23:15 +0700] "GET /wp-content/uploads/2023/11/sweets-bakery-FINAL_2.png HTTP/1.1" 200 164413 "-" "Mozilla/5.0 (compatible; crawler)"
103.131.51.123 - - [29/Mar/2026:09:23:40 +0700] "POST /wp-cron.php?doing_wp_cron=1774751020.7844600677490234375000 HTTP/1.1" 200 474 "-" "WordPress/6.9.4; https://lotushomemade.com"
116.240.149.7 - - [29/Mar/2026:09:23:39 +0700] "GET /product-category/hot-item/page/4/?stock_status=instock%2Consale&per_row=2&shop_view=grid&per_page=12 HTTP/1.1" 200 34330 "-" "Mozilla/5.0 (compatible; MJ12bot/v1.4.8; http://mj12bot.com/)"
116.240.149.7 - - [29/Mar/2026:09:23:44 +0700] "GET /product-category/hot-item/page/4/?stock_status=instock,onsale&per_row=2&shop_view=grid&per_page=18 HTTP/1.1" 301 694 "-" "Mozilla/5.0 (compatible; MJ12bot/v1.4.8; http://mj12bot.com/)"
116.240.149.7 - - [29/Mar/2026:09:23:47 +0700] "GET /product-category/hot-item/page/4/?stock_status=instock%2Consale&per_row=2&shop_view=grid&per_page=18 HTTP/1.1" 200 32892 "-" "Mozilla/5.0 (compatible; MJ12bot/v1.4.8; http://mj12bot.com/)"
116.240.149.7 - - [29/Mar/2026:09:23:51 +0700] "GET /product-category/hot-item/page/4/?stock_status=instock,onsale&per_row=2&shop_view=grid&per_page=8 HTTP/1.1" 301 692 "-" "Mozilla/5.0 (compatible; MJ12bot/v1.4.8; http://mj12bot.com/)"
116.240.149.7 - - [29/Mar/2026:09:23:55 +0700] "GET /product-category/hot-item/page/4/?stock_status=instock%2Consale&per_row=2&shop_view=grid&per_page=8 HTTP/1.1" 200 34010 "-" "Mozilla/5.0 (compatible; MJ12bot/v1.4.8; http://mj12bot.com/)"
116.240.149.7 - - [29/Mar/2026:09:23:59 +0700] "GET /product-category/hot-item/page/4/?stock_status=instock,onsale&per_row=4&shop_view=grid HTTP/1.1" 301 636 "-" "Mozilla/5.0 (compatible; MJ12bot/v1.4.8; http://mj12bot.com/)"
116.240.149.7 - - [29/Mar/2026:09:24:02 +0700] "GET /product-category/hot-item/page/4/?stock_status=instock%2Consale&per_row=4&shop_view=grid HTTP/1.1" 200 34271 "-" "Mozilla/5.0 (compatible; MJ12bot/v1.4.8; http://mj12bot.com/)"
116.240.149.7 - - [29/Mar/2026:09:24:07 +0700] "GET /product-category/hot-item/page/4/?stock_status=instock,onsale&per_row=4&shop_view=grid&per_page=12 HTTP/1.1" 301 694 "-" "Mozilla/5.0 (compatible; MJ12bot/v1.4.8; http://mj12bot.com/)"
103.131.51.123 - - [29/Mar/2026:09:24:12 +0700] "POST /wp-cron.php?doing_wp_cron=1774751052.1409559249877929687500 HTTP/1.1" 200 474 "-" "WordPress/6.9.4; https://lotushomemade.com"
116.240.149.7 - - [29/Mar/2026:09:24:10 +0700] "GET /product-category/hot-item/page/4/?stock_status=instock%2Consale&per_row=4&shop_view=grid&per_page=12 HTTP/1.1" 200 34361 "-" "Mozilla/5.0 (compatible; MJ12bot/v1.4.8; http://mj12bot.com/)"
116.240.149.7 - - [29/Mar/2026:09:24:15 +0700] "GET /product-category/hot-item/page/4/?stock_status=instock,onsale&per_row=4&shop_view=grid&per_page=18 HTTP/1.1" 301 694 "-" "Mozilla/5.0 (compatible; MJ12bot/v1.4.8; http://mj12bot.com/)"
92.222.104.219 - - [29/Mar/2026:09:24:15 +0700] "GET /shop/page/9/?orderby=price&stock_status=instock%2Consale&per_page=8 HTTP/2" 200 33535 "-" "Mozilla/5.0 (compatible; AhrefsBot/7.0; +http://ahrefs.com/robot/)"
116.240.149.7 - - [29/Mar/2026:09:24:18 +0700] "GET /product-category/hot-item/page/4/?stock_status=instock%2Consale&per_row=4&shop_view=grid&per_page=18 HTTP/1.1" 200 32942 "-" "Mozilla/5.0 (compatible; MJ12bot/v1.4.8; http://mj12bot.com/)"
116.240.149.7 - - [29/Mar/2026:09:24:23 +0700] "GET /product-category/hot-item/page/4/?stock_status=instock,onsale&per_row=4&shop_view=grid&per_page=8 HTTP/1.1" 301 692 "-" "Mozilla/5.0 (compatible; MJ12bot/v1.4.8; http://mj12bot.com/)"
92.222.108.105 - - [29/Mar/2026:09:24:23 +0700] "GET /shop/page/9/?orderby=price-desc&stock_status=instock%2Consale&per_page=8 HTTP/2" 200 33642 "-" "Mozilla/5.0 (compatible; AhrefsBot/7.0; +http://ahrefs.com/robot/)"
