65.108.78.33 - - [29/Mar/2026:07:08:39 +0700] "GET /product-category/hot-item/page/3/?stock_status=instock,onsale&per_page=8 HTTP/1.1" 301 579 "-" "Mozilla/5.0 (compatible; MJ12bot/v1.4.8; http://mj12bot.com/)"
193.70.33.35 - - [29/Mar/2026:07:08:41 +0700] "GET /product-category/hot-item/page/1/?stock_status=instock&per_row=2&per_page=18&shop_view=grid HTTP/1.1" 301 500 "-" "Mozilla/5.0 (compatible; MJ12bot/v1.4.8; http://mj12bot.com/)"
37.27.59.176 - - [29/Mar/2026:07:08:41 +0700] "GET /shop/page/21/?stock_status=instock HTTP/1.1" 200 40229 "-" "Mozilla/5.0 (compatible; SERankingBacklinksBot/1.0; +https://seranking.com/backlinks-crawler)"
65.108.78.33 - - [29/Mar/2026:07:08:42 +0700] "GET /product-category/hot-item/page/3/?stock_status=instock%2Consale&per_page=8 HTTP/1.1" 200 33680 "-" "Mozilla/5.0 (compatible; MJ12bot/v1.4.8; http://mj12bot.com/)"
193.70.33.35 - - [29/Mar/2026:07:08:44 +0700] "GET /product-category/hot-item/?stock_status=instock&per_row=2&per_page=18&shop_view=grid HTTP/1.1" 200 36239 "-" "Mozilla/5.0 (compatible; MJ12bot/v1.4.8; http://mj12bot.com/)"
65.108.78.33 - - [29/Mar/2026:07:08:46 +0700] "GET /product-category/hot-item/page/3/?stock_status=instock,onsale&per_row=2&per_page=12&shop_view=grid HTTP/1.1" 301 694 "-" "Mozilla/5.0 (compatible; MJ12bot/v1.4.8; http://mj12bot.com/)"
37.27.59.176 - - [29/Mar/2026:07:08:46 +0700] "GET /shop/page/22/?stock_status=instock HTTP/1.1" 200 40352 "-" "Mozilla/5.0 (compatible; SERankingBacklinksBot/1.0; +https://seranking.com/backlinks-crawler)"
193.70.33.35 - - [29/Mar/2026:07:08:47 +0700] "GET /product-category/hot-item/page/1/?stock_status=instock&per_row=2&per_page=24&shop_view=grid HTTP/1.1" 301 537 "-" "Mozilla/5.0 (compatible; MJ12bot/v1.4.8; http://mj12bot.com/)"
65.108.78.33 - - [29/Mar/2026:07:08:48 +0700] "GET /product-category/hot-item/page/3/?stock_status=instock%2Consale&per_row=2&per_page=12&shop_view=grid HTTP/1.1" 200 34486 "-" "Mozilla/5.0 (compatible; MJ12bot/v1.4.8; http://mj12bot.com/)"
193.70.33.35 - - [29/Mar/2026:07:08:50 +0700] "GET /product-category/hot-item/?stock_status=instock&per_row=2&per_page=24&shop_view=grid HTTP/1.1" 200 36975 "-" "Mozilla/5.0 (compatible; MJ12bot/v1.4.8; http://mj12bot.com/)"
37.27.59.176 - - [29/Mar/2026:07:08:51 +0700] "GET /shop/page/23/?stock_status=instock HTTP/1.1" 200 40418 "-" "Mozilla/5.0 (compatible; SERankingBacklinksBot/1.0; +https://seranking.com/backlinks-crawler)"
65.108.78.33 - - [29/Mar/2026:07:08:52 +0700] "GET /product-category/hot-item/page/3/?stock_status=instock,onsale&per_row=2&per_page=18&shop_view=grid HTTP/1.1" 301 694 "-" "Mozilla/5.0 (compatible; MJ12bot/v1.4.8; http://mj12bot.com/)"
193.70.33.35 - - [29/Mar/2026:07:08:53 +0700] "GET /product-category/hot-item/page/1/?stock_status=instock&per_row=4&per_page=12&shop_view=grid HTTP/1.1" 301 537 "-" "Mozilla/5.0 (compatible; MJ12bot/v1.4.8; http://mj12bot.com/)"
65.108.78.33 - - [29/Mar/2026:07:08:55 +0700] "GET /product-category/hot-item/page/3/?stock_status=instock%2Consale&per_row=2&per_page=18&shop_view=grid HTTP/1.1" 200 35039 "-" "Mozilla/5.0 (compatible; MJ12bot/v1.4.8; http://mj12bot.com/)"
193.70.33.35 - - [29/Mar/2026:07:08:55 +0700] "GET /product-category/hot-item/?stock_status=instock&per_row=4&per_page=12&shop_view=grid HTTP/1.1" 200 35355 "-" "Mozilla/5.0 (compatible; MJ12bot/v1.4.8; http://mj12bot.com/)"
37.27.59.176 - - [29/Mar/2026:07:08:56 +0700] "GET /shop/page/5/?min_price=0&per_page=8 HTTP/1.1" 200 40350 "-" "Mozilla/5.0 (compatible; SERankingBacklinksBot/1.0; +https://seranking.com/backlinks-crawler)"
193.70.33.35 - - [29/Mar/2026:07:08:58 +0700] "GET /product-category/hot-item/page/1/?stock_status=onsale&per_row=4&per_page=12&shop_view=grid HTTP/1.1" 301 536 "-" "Mozilla/5.0 (compatible; MJ12bot/v1.4.8; http://mj12bot.com/)"
37.27.59.176 - - [29/Mar/2026:07:09:01 +0700] "GET /shop/page/1/?min_price=0&per_page=8 HTTP/1.1" 301 392 "-" "Mozilla/5.0 (compatible; SERankingBacklinksBot/1.0; +https://seranking.com/backlinks-crawler)"
193.70.33.35 - - [29/Mar/2026:07:09:00 +0700] "GET /product-category/hot-item/?stock_status=onsale&per_row=4&per_page=12&shop_view=grid HTTP/1.1" 200 35387 "-" "Mozilla/5.0 (compatible; MJ12bot/v1.4.8; http://mj12bot.com/)"
37.27.59.176 - - [29/Mar/2026:07:09:01 +0700] "GET /shop/?min_price=0&per_page=8 HTTP/1.1" 200 40945 "-" "Mozilla/5.0 (compatible; SERankingBacklinksBot/1.0; +https://seranking.com/backlinks-crawler)"
193.70.33.35 - - [29/Mar/2026:07:09:03 +0700] "GET /product-category/hot-item/page/1/?stock_status=onsale&per_row=4&per_page=18&shop_view=grid HTTP/1.1" 301 536 "-" "Mozilla/5.0 (compatible; MJ12bot/v1.4.8; http://mj12bot.com/)"
198.244.183.176 - - [29/Mar/2026:07:09:04 +0700] "GET /shop/page/8/?orderby=price-desc&stock_status=onsale&per_page=12&shop_view=grid&per_row=6 HTTP/2" 200 34168 "-" "Mozilla/5.0 (compatible; AhrefsBot/7.0; +http://ahrefs.com/robot/)"
193.70.33.35 - - [29/Mar/2026:07:09:05 +0700] "GET /product-category/hot-item/?stock_status=onsale&per_row=4&per_page=18&shop_view=grid HTTP/1.1" 200 36165 "-" "Mozilla/5.0 (compatible; MJ12bot/v1.4.8; http://mj12bot.com/)"
65.108.78.33 - - [29/Mar/2026:07:09:08 +0700] "GET /product-category/hot-item/page/3/?stock_status=instock,onsale&per_row=2&per_page=24&shop_view=grid HTTP/1.1" 301 694 "-" "Mozilla/5.0 (compatible; MJ12bot/v1.4.8; http://mj12bot.com/)"
37.27.59.176 - - [29/Mar/2026:07:09:07 +0700] "GET /shop/page/6/?min_price=0&per_page=8 HTTP/1.1" 200 40582 "-" "Mozilla/5.0 (compatible; SERankingBacklinksBot/1.0; +https://seranking.com/backlinks-crawler)"
193.70.33.35 - - [29/Mar/2026:07:09:09 +0700] "GET /product-category/hot-item/page/2/?stock_status=instock,onsale&per_page=8 HTTP/1.1" 301 438 "-" "Mozilla/5.0 (compatible; MJ12bot/v1.4.8; http://mj12bot.com/)"
65.108.78.33 - - [29/Mar/2026:07:09:10 +0700] "GET /product-category/hot-item/page/3/?stock_status=instock%2Consale&per_row=2&per_page=24&shop_view=grid HTTP/1.1" 200 33610 "-" "Mozilla/5.0 (compatible; MJ12bot/v1.4.8; http://mj12bot.com/)"
193.70.33.35 - - [29/Mar/2026:07:09:11 +0700] "GET /product-category/hot-item/page/2/?stock_status=instock%2Consale&per_page=8 HTTP/1.1" 200 33935 "-" "Mozilla/5.0 (compatible; MJ12bot/v1.4.8; http://mj12bot.com/)"
37.27.59.176 - - [29/Mar/2026:07:09:12 +0700] "GET /shop/page/7/?min_price=0&per_page=8 HTTP/1.1" 200 40425 "-" "Mozilla/5.0 (compatible; SERankingBacklinksBot/1.0; +https://seranking.com/backlinks-crawler)"
193.70.33.35 - - [29/Mar/2026:07:09:14 +0700] "GET /product-category/hot-item/page/2/?stock_status=instock,onsale&per_row=2&per_page=12&shop_view=grid HTTP/1.1" 301 553 "-" "Mozilla/5.0 (compatible; MJ12bot/v1.4.8; http://mj12bot.com/)"
65.108.78.33 - - [29/Mar/2026:07:09:14 +0700] "GET /product-category/hot-item/page/3/?stock_status=instock,onsale&per_row=2&per_page=8&shop_view=grid HTTP/1.1" 301 692 "-" "Mozilla/5.0 (compatible; MJ12bot/v1.4.8; http://mj12bot.com/)"
193.70.33.35 - - [29/Mar/2026:07:09:16 +0700] "GET /product-category/hot-item/page/2/?stock_status=instock%2Consale&per_row=2&per_page=12&shop_view=grid HTTP/1.1" 200 34701 "-" "Mozilla/5.0 (compatible; MJ12bot/v1.4.8; http://mj12bot.com/)"
37.27.59.176 - - [29/Mar/2026:07:09:17 +0700] "GET /shop/page/1/?min_price=0&per_page=12 HTTP/1.1" 301 394 "-" "Mozilla/5.0 (compatible; SERankingBacklinksBot/1.0; +https://seranking.com/backlinks-crawler)"
51.195.215.147 - - [29/Mar/2026:07:09:16 +0700] "GET /shop/page/9/?orderby=price-desc&stock_status=onsale&per_page=12&shop_view=grid&per_row=4 HTTP/2" 200 34137 "-" "Mozilla/5.0 (compatible; AhrefsBot/7.0; +http://ahrefs.com/robot/)"
65.108.78.33 - - [29/Mar/2026:07:09:17 +0700] "GET /product-category/hot-item/page/3/?stock_status=instock%2Consale&per_row=2&per_page=8&shop_view=grid HTTP/1.1" 200 33776 "-" "Mozilla/5.0 (compatible; MJ12bot/v1.4.8; http://mj12bot.com/)"
37.27.59.176 - - [29/Mar/2026:07:09:18 +0700] "GET /shop/?min_price=0&per_page=12 HTTP/1.1" 200 41459 "-" "Mozilla/5.0 (compatible; SERankingBacklinksBot/1.0; +https://seranking.com/backlinks-crawler)"
193.70.33.35 - - [29/Mar/2026:07:09:19 +0700] "GET /product-category/hot-item/page/2/?stock_status=instock,onsale&per_row=2&per_page=18&shop_view=grid HTTP/1.1" 301 553 "-" "Mozilla/5.0 (compatible; MJ12bot/v1.4.8; http://mj12bot.com/)"
198.244.240.213 - - [29/Mar/2026:07:09:19 +0700] "GET /shop/page/9/?orderby=rating&stock_status=instock%2Consale&shop_view=grid&per_row=6 HTTP/2" 200 34090 "-" "Mozilla/5.0 (compatible; AhrefsBot/7.0; +http://ahrefs.com/robot/)"
65.108.78.33 - - [29/Mar/2026:07:09:21 +0700] "GET /product-category/hot-item/page/3/?stock_status=instock,onsale&per_row=4&per_page=12&shop_view=grid HTTP/1.1" 301 694 "-" "Mozilla/5.0 (compatible; MJ12bot/v1.4.8; http://mj12bot.com/)"
193.70.33.35 - - [29/Mar/2026:07:09:21 +0700] "GET /product-category/hot-item/page/2/?stock_status=instock%2Consale&per_row=2&per_page=18&shop_view=grid HTTP/1.1" 200 35645 "-" "Mozilla/5.0 (compatible; MJ12bot/v1.4.8; http://mj12bot.com/)"
193.70.33.35 - - [29/Mar/2026:07:09:24 +0700] "GET /product-category/hot-item/page/2/?stock_status=instock,onsale&per_row=2&per_page=24&shop_view=grid HTTP/1.1" 301 553 "-" "Mozilla/5.0 (compatible; MJ12bot/v1.4.8; http://mj12bot.com/)"
37.27.59.176 - - [29/Mar/2026:07:09:23 +0700] "GET /shop/page/42/?min_price=0&per_page=8 HTTP/1.1" 200 40523 "-" "Mozilla/5.0 (compatible; SERankingBacklinksBot/1.0; +https://seranking.com/backlinks-crawler)"
65.108.78.33 - - [29/Mar/2026:07:09:23 +0700] "GET /product-category/hot-item/page/3/?stock_status=instock%2Consale&per_row=4&per_page=12&shop_view=grid HTTP/1.1" 200 34599 "-" "Mozilla/5.0 (compatible; MJ12bot/v1.4.8; http://mj12bot.com/)"
65.108.78.33 - - [29/Mar/2026:07:09:27 +0700] "GET /product-category/hot-item/page/3/?stock_status=instock,onsale&per_row=4&per_page=18&shop_view=grid HTTP/1.1" 301 694 "-" "Mozilla/5.0 (compatible; MJ12bot/v1.4.8; http://mj12bot.com/)"
193.70.33.35 - - [29/Mar/2026:07:09:26 +0700] "GET /product-category/hot-item/page/2/?stock_status=instock%2Consale&per_row=2&per_page=24&shop_view=grid HTTP/1.1" 200 36262 "-" "Mozilla/5.0 (compatible; MJ12bot/v1.4.8; http://mj12bot.com/)"
37.27.59.176 - - [29/Mar/2026:07:09:28 +0700] "GET /shop/page/1/?min_price=0&per_page=18 HTTP/1.1" 301 394 "-" "Mozilla/5.0 (compatible; SERankingBacklinksBot/1.0; +https://seranking.com/backlinks-crawler)"
37.27.59.176 - - [29/Mar/2026:07:09:29 +0700] "GET /shop/?min_price=0&per_page=18 HTTP/1.1" 200 42239 "-" "Mozilla/5.0 (compatible; SERankingBacklinksBot/1.0; +https://seranking.com/backlinks-crawler)"
193.70.33.35 - - [29/Mar/2026:07:09:30 +0700] "GET /product-category/hot-item/page/2/?stock_status=instock,onsale&per_row=2&per_page=8&shop_view=grid HTTP/1.1" 301 514 "-" "Mozilla/5.0 (compatible; MJ12bot/v1.4.8; http://mj12bot.com/)"
65.108.78.33 - - [29/Mar/2026:07:09:30 +0700] "GET /product-category/hot-item/page/3/?stock_status=instock%2Consale&per_row=4&per_page=18&shop_view=grid HTTP/1.1" 200 35022 "-" "Mozilla/5.0 (compatible; MJ12bot/v1.4.8; http://mj12bot.com/)"
193.70.33.35 - - [29/Mar/2026:07:09:32 +0700] "GET /product-category/hot-item/page/2/?stock_status=instock%2Consale&per_row=2&per_page=8&shop_view=grid HTTP/1.1" 200 34050 "-" "Mozilla/5.0 (compatible; MJ12bot/v1.4.8; http://mj12bot.com/)"
65.108.78.33 - - [29/Mar/2026:07:09:34 +0700] "GET /product-category/hot-item/page/3/?stock_status=instock,onsale&per_row=4&per_page=24&shop_view=grid HTTP/1.1" 301 694 "-" "Mozilla/5.0 (compatible; MJ12bot/v1.4.8; http://mj12bot.com/)"
193.70.33.35 - - [29/Mar/2026:07:09:35 +0700] "GET /product-category/hot-item/page/2/?stock_status=instock,onsale&per_row=4&per_page=12&shop_view=grid HTTP/1.1" 301 516 "-" "Mozilla/5.0 (compatible; MJ12bot/v1.4.8; http://mj12bot.com/)"
37.27.59.176 - - [29/Mar/2026:07:09:34 +0700] "GET /shop/page/43/?min_price=0&per_page=8 HTTP/1.1" 200 40287 "-" "Mozilla/5.0 (compatible; SERankingBacklinksBot/1.0; +https://seranking.com/backlinks-crawler)"
103.131.51.123 - - [29/Mar/2026:07:09:38 +0700] "POST /wp-cron.php?doing_wp_cron=1774742978.2897770404815673828125 HTTP/1.1" 200 474 "-" "WordPress/6.9.4; https://lotushomemade.com"
65.108.78.33 - - [29/Mar/2026:07:09:36 +0700] "GET /product-category/hot-item/page/3/?stock_status=instock%2Consale&per_row=4&per_page=24&shop_view=grid HTTP/1.1" 200 33691 "-" "Mozilla/5.0 (compatible; MJ12bot/v1.4.8; http://mj12bot.com/)"
103.131.51.123 - - [29/Mar/2026:07:09:39 +0700] "POST /wp-cron.php?doing_wp_cron=1774742979.1661829948425292968750 HTTP/1.1" 200 474 "-" "WordPress/6.9.4; https://lotushomemade.com"
193.70.33.35 - - [29/Mar/2026:07:09:37 +0700] "GET /product-category/hot-item/page/2/?stock_status=instock%2Consale&per_row=4&per_page=12&shop_view=grid HTTP/1.1" 200 34780 "-" "Mozilla/5.0 (compatible; MJ12bot/v1.4.8; http://mj12bot.com/)"
37.27.59.176 - - [29/Mar/2026:07:09:39 +0700] "GET /shop/page/1/?min_price=0&per_page=24 HTTP/1.1" 301 572 "-" "Mozilla/5.0 (compatible; SERankingBacklinksBot/1.0; +https://seranking.com/backlinks-crawler)"
37.27.59.176 - - [29/Mar/2026:07:09:40 +0700] "GET /shop/?min_price=0&per_page=24 HTTP/1.1" 200 42795 "-" "Mozilla/5.0 (compatible; SERankingBacklinksBot/1.0; +https://seranking.com/backlinks-crawler)"
37.27.59.176 - - [29/Mar/2026:07:09:45 +0700] "GET /shop/page/44/?min_price=0&per_page=8 HTTP/1.1" 200 40167 "-" "Mozilla/5.0 (compatible; SERankingBacklinksBot/1.0; +https://seranking.com/backlinks-crawler)"
65.108.78.33 - - [29/Mar/2026:07:09:49 +0700] "GET /product-category/hot-item/page/3/?stock_status=instock,onsale&per_row=4&per_page=8&shop_view=grid HTTP/1.1" 301 692 "-" "Mozilla/5.0 (compatible; MJ12bot/v1.4.8; http://mj12bot.com/)"
37.27.59.176 - - [29/Mar/2026:07:09:50 +0700] "GET /shop/page/5/?min_price=0&per_page=12 HTTP/1.1" 200 41067 "-" "Mozilla/5.0 (compatible; SERankingBacklinksBot/1.0; +https://seranking.com/backlinks-crawler)"
65.108.78.33 - - [29/Mar/2026:07:09:52 +0700] "GET /product-category/hot-item/page/3/?stock_status=instock%2Consale&per_row=4&per_page=8&shop_view=grid HTTP/1.1" 200 33804 "-" "Mozilla/5.0 (compatible; MJ12bot/v1.4.8; http://mj12bot.com/)"
65.108.78.33 - - [29/Mar/2026:07:09:56 +0700] "GET /product-category/hot-item/page/3/?stock_status=instock,onsale&per_row=6&per_page=12&shop_view=grid HTTP/1.1" 301 694 "-" "Mozilla/5.0 (compatible; MJ12bot/v1.4.8; http://mj12bot.com/)"
37.27.59.176 - - [29/Mar/2026:07:09:55 +0700] "GET /shop/page/5/?min_price=0&per_page=18 HTTP/1.1" 200 41639 "-" "Mozilla/5.0 (compatible; SERankingBacklinksBot/1.0; +https://seranking.com/backlinks-crawler)"
65.108.78.33 - - [29/Mar/2026:07:09:58 +0700] "GET /product-category/hot-item/page/3/?stock_status=instock%2Consale&per_row=6&per_page=12&shop_view=grid HTTP/1.1" 200 34545 "-" "Mozilla/5.0 (compatible; MJ12bot/v1.4.8; http://mj12bot.com/)"
37.27.59.176 - - [29/Mar/2026:07:10:00 +0700] "GET /shop/page/5/?min_price=0&per_page=24 HTTP/1.1" 200 42055 "-" "Mozilla/5.0 (compatible; SERankingBacklinksBot/1.0; +https://seranking.com/backlinks-crawler)"
65.108.78.33 - - [29/Mar/2026:07:10:02 +0700] "GET /product-category/hot-item/page/3/?stock_status=instock,onsale&per_row=6&per_page=18&shop_view=grid HTTP/1.1" 301 694 "-" "Mozilla/5.0 (compatible; MJ12bot/v1.4.8; http://mj12bot.com/)"
51.195.183.35 - - [29/Mar/2026:07:10:02 +0700] "GET /shop/page/9/?orderby=rating&stock_status=onsale&per_row=6&shop_view=grid&per_page=12 HTTP/2" 200 34018 "-" "Mozilla/5.0 (compatible; AhrefsBot/7.0; +http://ahrefs.com/robot/)"
65.108.78.33 - - [29/Mar/2026:07:10:05 +0700] "GET /product-category/hot-item/page/3/?stock_status=instock%2Consale&per_row=6&per_page=18&shop_view=grid HTTP/1.1" 200 35021 "-" "Mozilla/5.0 (compatible; MJ12bot/v1.4.8; http://mj12bot.com/)"
37.27.59.176 - - [29/Mar/2026:07:10:06 +0700] "GET /shop/page/6/?min_price=0&per_page=12 HTTP/1.1" 200 41052 "-" "Mozilla/5.0 (compatible; SERankingBacklinksBot/1.0; +https://seranking.com/backlinks-crawler)"
65.108.78.33 - - [29/Mar/2026:07:10:09 +0700] "GET /product-category/hot-item/page/3/?stock_status=instock,onsale&per_row=6&per_page=24&shop_view=grid HTTP/1.1" 301 694 "-" "Mozilla/5.0 (compatible; MJ12bot/v1.4.8; http://mj12bot.com/)"
37.27.59.176 - - [29/Mar/2026:07:10:11 +0700] "GET /shop/page/6/?min_price=0&per_page=18 HTTP/1.1" 200 41565 "-" "Mozilla/5.0 (compatible; SERankingBacklinksBot/1.0; +https://seranking.com/backlinks-crawler)"
65.108.78.33 - - [29/Mar/2026:07:10:12 +0700] "GET /product-category/hot-item/page/3/?stock_status=instock%2Consale&per_row=6&per_page=24&shop_view=grid HTTP/1.1" 200 33661 "-" "Mozilla/5.0 (compatible; MJ12bot/v1.4.8; http://mj12bot.com/)"
65.108.78.33 - - [29/Mar/2026:07:10:15 +0700] "GET /product-category/hot-item/page/3/?stock_status=instock,onsale&per_row=6&per_page=8&shop_view=grid HTTP/1.1" 301 692 "-" "Mozilla/5.0 (compatible; MJ12bot/v1.4.8; http://mj12bot.com/)"
37.27.59.176 - - [29/Mar/2026:07:10:16 +0700] "GET /shop/page/6/?min_price=0&per_page=24 HTTP/1.1" 200 42246 "-" "Mozilla/5.0 (compatible; SERankingBacklinksBot/1.0; +https://seranking.com/backlinks-crawler)"
65.108.78.33 - - [29/Mar/2026:07:10:18 +0700] "GET /product-category/hot-item/page/3/?stock_status=instock%2Consale&per_row=6&per_page=8&shop_view=grid HTTP/1.1" 200 33788 "-" "Mozilla/5.0 (compatible; MJ12bot/v1.4.8; http://mj12bot.com/)"
65.108.78.33 - - [29/Mar/2026:07:10:22 +0700] "GET /product-category/hot-item/page/3/?stock_status=instock,onsale&shop_view=grid&per_row=2 HTTP/1.1" 301 636 "-" "Mozilla/5.0 (compatible; MJ12bot/v1.4.8; http://mj12bot.com/)"
37.27.59.176 - - [29/Mar/2026:07:10:23 +0700] "GET /shop/page/7/?min_price=0&per_page=12 HTTP/1.1" 200 40970 "-" "Mozilla/5.0 (compatible; SERankingBacklinksBot/1.0; +https://seranking.com/backlinks-crawler)"
65.108.78.33 - - [29/Mar/2026:07:10:25 +0700] "GET /product-category/hot-item/page/3/?stock_status=instock%2Consale&shop_view=grid&per_row=2 HTTP/1.1" 200 34535 "-" "Mozilla/5.0 (compatible; MJ12bot/v1.4.8; http://mj12bot.com/)"
65.108.78.33 - - [29/Mar/2026:07:10:28 +0700] "GET /product-category/hot-item/page/3/?stock_status=instock,onsale&shop_view=grid&per_row=4 HTTP/1.1" 301 636 "-" "Mozilla/5.0 (compatible; MJ12bot/v1.4.8; http://mj12bot.com/)"
37.27.59.176 - - [29/Mar/2026:07:10:28 +0700] "GET /shop/page/7/?min_price=0&per_page=18 HTTP/1.1" 200 41193 "-" "Mozilla/5.0 (compatible; SERankingBacklinksBot/1.0; +https://seranking.com/backlinks-crawler)"
65.108.78.33 - - [29/Mar/2026:07:10:31 +0700] "GET /product-category/hot-item/page/3/?stock_status=instock%2Consale&shop_view=grid&per_row=4 HTTP/1.1" 200 34567 "-" "Mozilla/5.0 (compatible; MJ12bot/v1.4.8; http://mj12bot.com/)"
37.27.59.176 - - [29/Mar/2026:07:10:33 +0700] "GET /shop/page/7/?min_price=0&per_page=24 HTTP/1.1" 200 42740 "-" "Mozilla/5.0 (compatible; SERankingBacklinksBot/1.0; +https://seranking.com/backlinks-crawler)"
65.108.78.33 - - [29/Mar/2026:07:10:35 +0700] "GET /product-category/hot-item/page/3/?stock_status=instock,onsale&shop_view=grid&per_row=6 HTTP/1.1" 301 636 "-" "Mozilla/5.0 (compatible; MJ12bot/v1.4.8; http://mj12bot.com/)"
103.131.51.123 - - [29/Mar/2026:07:10:39 +0700] "POST /wp-cron.php?doing_wp_cron=1774743039.3668138980865478515625 HTTP/1.1" 200 474 "-" "WordPress/6.9.4; https://lotushomemade.com"
65.108.78.33 - - [29/Mar/2026:07:10:37 +0700] "GET /product-category/hot-item/page/3/?stock_status=instock%2Consale&shop_view=grid&per_row=6 HTTP/1.1" 200 34590 "-" "Mozilla/5.0 (compatible; MJ12bot/v1.4.8; http://mj12bot.com/)"
103.131.51.123 - - [29/Mar/2026:07:10:39 +0700] "POST /wp-cron.php?doing_wp_cron=1774743039.8485109806060791015625 HTTP/1.1" 200 474 "-" "WordPress/6.9.4; https://lotushomemade.com"
37.27.59.176 - - [29/Mar/2026:07:10:38 +0700] "GET /shop/page/8/?orderby=date&per_page=8 HTTP/1.1" 200 40239 "-" "Mozilla/5.0 (compatible; SERankingBacklinksBot/1.0; +https://seranking.com/backlinks-crawler)"
65.108.78.33 - - [29/Mar/2026:07:10:41 +0700] "GET /product-category/hot-item/page/4/?stock_status=instock,onsale&per_page=8 HTTP/1.1" 301 579 "-" "Mozilla/5.0 (compatible; MJ12bot/v1.4.8; http://mj12bot.com/)"
37.27.59.176 - - [29/Mar/2026:07:10:43 +0700] "GET /shop/page/9/?orderby=date&per_page=8 HTTP/1.1" 200 40314 "-" "Mozilla/5.0 (compatible; SERankingBacklinksBot/1.0; +https://seranking.com/backlinks-crawler)"
65.108.78.33 - - [29/Mar/2026:07:10:44 +0700] "GET /product-category/hot-item/page/4/?stock_status=instock%2Consale&per_page=8 HTTP/1.1" 200 33866 "-" "Mozilla/5.0 (compatible; MJ12bot/v1.4.8; http://mj12bot.com/)"
65.108.78.33 - - [29/Mar/2026:07:10:48 +0700] "GET /product-category/hot-item/page/4/?stock_status=instock,onsale&per_row=2&per_page=12&shop_view=grid HTTP/1.1" 301 694 "-" "Mozilla/5.0 (compatible; MJ12bot/v1.4.8; http://mj12bot.com/)"
37.27.59.176 - - [29/Mar/2026:07:10:48 +0700] "GET /shop/page/13/?min_price=0&per_page=24 HTTP/1.1" 200 42016 "-" "Mozilla/5.0 (compatible; SERankingBacklinksBot/1.0; +https://seranking.com/backlinks-crawler)"
65.108.78.33 - - [29/Mar/2026:07:10:50 +0700] "GET /product-category/hot-item/page/4/?stock_status=instock%2Consale&per_row=2&per_page=12&shop_view=grid HTTP/1.1" 200 34312 "-" "Mozilla/5.0 (compatible; MJ12bot/v1.4.8; http://mj12bot.com/)"
37.27.59.176 - - [29/Mar/2026:07:10:53 +0700] "GET /shop/page/1/?max_price=420&per_page=8 HTTP/1.1" 301 394 "-" "Mozilla/5.0 (compatible; SERankingBacklinksBot/1.0; +https://seranking.com/backlinks-crawler)"
198.244.183.220 - - [29/Mar/2026:07:10:53 +0700] "GET /shop/page/9/?orderby=popularity&per_row=6&per_page=12&shop_view=grid HTTP/2" 200 33947 "-" "Mozilla/5.0 (compatible; AhrefsBot/7.0; +http://ahrefs.com/robot/)"
65.108.78.33 - - [29/Mar/2026:07:10:54 +0700] "GET /product-category/hot-item/page/4/?stock_status=instock,onsale&per_row=2&per_page=18&shop_view=grid HTTP/1.1" 301 694 "-" "Mozilla/5.0 (compatible; MJ12bot/v1.4.8; http://mj12bot.com/)"
37.27.59.176 - - [29/Mar/2026:07:10:54 +0700] "GET /shop/?max_price=420&per_page=8 HTTP/1.1" 200 41090 "-" "Mozilla/5.0 (compatible; SERankingBacklinksBot/1.0; +https://seranking.com/backlinks-crawler)"
65.108.78.33 - - [29/Mar/2026:07:10:57 +0700] "GET /product-category/hot-item/page/4/?stock_status=instock%2Consale&per_row=2&per_page=18&shop_view=grid HTTP/1.1" 200 32883 "-" "Mozilla/5.0 (compatible; MJ12bot/v1.4.8; http://mj12bot.com/)"
37.27.59.176 - - [29/Mar/2026:07:10:59 +0700] "GET /shop/page/40/?orderby=date&per_page=8 HTTP/1.1" 200 40300 "-" "Mozilla/5.0 (compatible; SERankingBacklinksBot/1.0; +https://seranking.com/backlinks-crawler)"
65.108.78.33 - - [29/Mar/2026:07:11:01 +0700] "GET /product-category/hot-item/page/4/?stock_status=instock,onsale&per_row=2&per_page=8&shop_view=grid HTTP/1.1" 301 692 "-" "Mozilla/5.0 (compatible; MJ12bot/v1.4.8; http://mj12bot.com/)"
65.108.78.33 - - [29/Mar/2026:07:11:03 +0700] "GET /product-category/hot-item/page/4/?stock_status=instock%2Consale&per_row=2&per_page=8&shop_view=grid HTTP/1.1" 200 34005 "-" "Mozilla/5.0 (compatible; MJ12bot/v1.4.8; http://mj12bot.com/)"
37.27.59.176 - - [29/Mar/2026:07:11:05 +0700] "GET /shop/page/16/?min_price=0&per_page=18 HTTP/1.1" 200 41257 "-" "Mozilla/5.0 (compatible; SERankingBacklinksBot/1.0; +https://seranking.com/backlinks-crawler)"
65.108.78.33 - - [29/Mar/2026:07:11:07 +0700] "GET /product-category/hot-item/page/4/?stock_status=instock,onsale&per_row=4&per_page=12&shop_view=grid HTTP/1.1" 301 694 "-" "Mozilla/5.0 (compatible; MJ12bot/v1.4.8; http://mj12bot.com/)"
37.27.59.176 - - [29/Mar/2026:07:11:10 +0700] "GET /shop/page/1/?max_price=630&per_page=8 HTTP/1.1" 301 394 "-" "Mozilla/5.0 (compatible; SERankingBacklinksBot/1.0; +https://seranking.com/backlinks-crawler)"
65.108.78.33 - - [29/Mar/2026:07:11:09 +0700] "GET /product-category/hot-item/page/4/?stock_status=instock%2Consale&per_row=4&per_page=12&shop_view=grid HTTP/1.1" 200 34322 "-" "Mozilla/5.0 (compatible; MJ12bot/v1.4.8; http://mj12bot.com/)"
37.27.59.176 - - [29/Mar/2026:07:11:10 +0700] "GET /shop/?max_price=630&per_page=8 HTTP/1.1" 200 41108 "-" "Mozilla/5.0 (compatible; SERankingBacklinksBot/1.0; +https://seranking.com/backlinks-crawler)"
65.108.78.33 - - [29/Mar/2026:07:11:13 +0700] "GET /product-category/hot-item/page/4/?stock_status=instock,onsale&per_row=4&per_page=18&shop_view=grid HTTP/1.1" 301 694 "-" "Mozilla/5.0 (compatible; MJ12bot/v1.4.8; http://mj12bot.com/)"
65.108.78.33 - - [29/Mar/2026:07:11:15 +0700] "GET /product-category/hot-item/page/4/?stock_status=instock%2Consale&per_row=4&per_page=18&shop_view=grid HTTP/1.1" 200 32870 "-" "Mozilla/5.0 (compatible; MJ12bot/v1.4.8; http://mj12bot.com/)"
37.27.59.176 - - [29/Mar/2026:07:11:16 +0700] "GET /shop/page/41/?orderby=date&per_page=8 HTTP/1.1" 200 40200 "-" "Mozilla/5.0 (compatible; SERankingBacklinksBot/1.0; +https://seranking.com/backlinks-crawler)"
65.108.78.33 - - [29/Mar/2026:07:11:19 +0700] "GET /product-category/hot-item/page/4/?stock_status=instock,onsale&per_row=4&per_page=8&shop_view=grid HTTP/1.1" 301 692 "-" "Mozilla/5.0 (compatible; MJ12bot/v1.4.8; http://mj12bot.com/)"
37.27.59.176 - - [29/Mar/2026:07:11:20 +0700] "GET /shop/page/17/?min_price=0&per_page=18 HTTP/1.1" 200 41148 "-" "Mozilla/5.0 (compatible; SERankingBacklinksBot/1.0; +https://seranking.com/backlinks-crawler)"
216.244.66.239 - - [29/Mar/2026:07:11:23 +0700] "GET /robots.txt HTTP/1.1" 200 609 "-" "Mozilla/5.0 (compatible; DotBot/1.2; +https://opensiteexplorer.org/dotbot; help@moz.com)"
65.108.78.33 - - [29/Mar/2026:07:11:22 +0700] "GET /product-category/hot-item/page/4/?stock_status=instock%2Consale&per_row=4&per_page=8&shop_view=grid HTTP/1.1" 200 34011 "-" "Mozilla/5.0 (compatible; MJ12bot/v1.4.8; http://mj12bot.com/)"
37.27.59.176 - - [29/Mar/2026:07:11:25 +0700] "GET /shop/page/1/?max_price=840&per_page=8 HTTP/1.1" 301 394 "-" "Mozilla/5.0 (compatible; SERankingBacklinksBot/1.0; +https://seranking.com/backlinks-crawler)"
65.108.78.33 - - [29/Mar/2026:07:11:26 +0700] "GET /product-category/hot-item/page/4/?stock_status=instock,onsale&per_row=6&per_page=12&shop_view=grid HTTP/1.1" 301 694 "-" "Mozilla/5.0 (compatible; MJ12bot/v1.4.8; http://mj12bot.com/)"
37.27.59.176 - - [29/Mar/2026:07:11:26 +0700] "GET /shop/?max_price=840&per_page=8 HTTP/1.1" 200 41111 "-" "Mozilla/5.0 (compatible; SERankingBacklinksBot/1.0; +https://seranking.com/backlinks-crawler)"
65.108.78.33 - - [29/Mar/2026:07:11:28 +0700] "GET /product-category/hot-item/page/4/?stock_status=instock%2Consale&per_row=6&per_page=12&shop_view=grid HTTP/1.1" 200 34327 "-" "Mozilla/5.0 (compatible; MJ12bot/v1.4.8; http://mj12bot.com/)"
65.108.78.33 - - [29/Mar/2026:07:11:32 +0700] "GET /product-category/hot-item/page/4/?stock_status=instock,onsale&per_row=6&per_page=18&shop_view=grid HTTP/1.1" 301 694 "-" "Mozilla/5.0 (compatible; MJ12bot/v1.4.8; http://mj12bot.com/)"
37.27.59.176 - - [29/Mar/2026:07:11:32 +0700] "GET /shop/page/5/?max_price=420&per_page=8 HTTP/1.1" 200 40807 "-" "Mozilla/5.0 (compatible; SERankingBacklinksBot/1.0; +https://seranking.com/backlinks-crawler)"
65.108.78.33 - - [29/Mar/2026:07:11:34 +0700] "GET /product-category/hot-item/page/4/?stock_status=instock%2Consale&per_row=6&per_page=18&shop_view=grid HTTP/1.1" 200 32805 "-" "Mozilla/5.0 (compatible; MJ12bot/v1.4.8; http://mj12bot.com/)"
103.131.51.123 - - [29/Mar/2026:07:11:39 +0700] "POST /wp-cron.php?doing_wp_cron=1774743099.1069240570068359375000 HTTP/1.1" 200 474 "-" "WordPress/6.9.4; https://lotushomemade.com"
65.108.78.33 - - [29/Mar/2026:07:11:38 +0700] "GET /product-category/hot-item/page/4/?stock_status=instock,onsale&per_row=6&per_page=8&shop_view=grid HTTP/1.1" 301 692 "-" "Mozilla/5.0 (compatible; MJ12bot/v1.4.8; http://mj12bot.com/)"
37.27.59.176 - - [29/Mar/2026:07:11:37 +0700] "GET /shop/page/18/?min_price=0&per_page=18 HTTP/1.1" 200 41354 "-" "Mozilla/5.0 (compatible; SERankingBacklinksBot/1.0; +https://seranking.com/backlinks-crawler)"
65.108.78.33 - - [29/Mar/2026:07:11:41 +0700] "GET /product-category/hot-item/page/4/?stock_status=instock%2Consale&per_row=6&per_page=8&shop_view=grid HTTP/1.1" 200 34117 "-" "Mozilla/5.0 (compatible; MJ12bot/v1.4.8; http://mj12bot.com/)"
51.195.183.202 - - [29/Mar/2026:07:11:41 +0700] "GET /shop/page/9/?orderby=rating&stock_status=instock%2Consale&per_page=12 HTTP/2" 200 33944 "-" "Mozilla/5.0 (compatible; AhrefsBot/7.0; +http://ahrefs.com/robot/)"
37.27.59.176 - - [29/Mar/2026:07:11:43 +0700] "GET /shop/page/1/?max_price=845&per_page=8 HTTP/1.1" 301 572 "-" "Mozilla/5.0 (compatible; SERankingBacklinksBot/1.0; +https://seranking.com/backlinks-crawler)"
37.27.59.176 - - [29/Mar/2026:07:11:44 +0700] "GET /shop/?max_price=845&per_page=8 HTTP/1.1" 200 41200 "-" "Mozilla/5.0 (compatible; SERankingBacklinksBot/1.0; +https://seranking.com/backlinks-crawler)"
65.108.78.33 - - [29/Mar/2026:07:11:45 +0700] "GET /product-category/hot-item/page/4/?stock_status=instock,onsale&shop_view=grid&per_row=2 HTTP/1.1" 301 636 "-" "Mozilla/5.0 (compatible; MJ12bot/v1.4.8; http://mj12bot.com/)"
65.108.78.33 - - [29/Mar/2026:07:11:48 +0700] "GET /product-category/hot-item/page/4/?stock_status=instock%2Consale&shop_view=grid&per_row=2 HTTP/1.1" 200 34172 "-" "Mozilla/5.0 (compatible; MJ12bot/v1.4.8; http://mj12bot.com/)"
37.27.59.176 - - [29/Mar/2026:07:11:49 +0700] "GET /shop/page/5/?max_price=630&per_page=8 HTTP/1.1" 200 40600 "-" "Mozilla/5.0 (compatible; SERankingBacklinksBot/1.0; +https://seranking.com/backlinks-crawler)"
65.108.78.33 - - [29/Mar/2026:07:11:54 +0700] "GET /product-category/hot-item/page/4/?stock_status=instock,onsale&shop_view=grid&per_row=4 HTTP/1.1" 301 636 "-" "Mozilla/5.0 (compatible; MJ12bot/v1.4.8; http://mj12bot.com/)"
37.27.59.176 - - [29/Mar/2026:07:11:54 +0700] "GET /shop/page/27/?min_price=0&per_page=12 HTTP/1.1" 200 40766 "-" "Mozilla/5.0 (compatible; SERankingBacklinksBot/1.0; +https://seranking.com/backlinks-crawler)"
65.108.78.33 - - [29/Mar/2026:07:11:57 +0700] "GET /product-category/hot-item/page/4/?stock_status=instock%2Consale&shop_view=grid&per_row=4 HTTP/1.1" 200 34168 "-" "Mozilla/5.0 (compatible; MJ12bot/v1.4.8; http://mj12bot.com/)"
37.27.59.176 - - [29/Mar/2026:07:11:59 +0700] "GET /shop/page/10/?orderby=date&per_page=8 HTTP/1.1" 200 40257 "-" "Mozilla/5.0 (compatible; SERankingBacklinksBot/1.0; +https://seranking.com/backlinks-crawler)"
65.108.78.33 - - [29/Mar/2026:07:12:00 +0700] "GET /product-category/hot-item/page/4/?stock_status=instock,onsale&shop_view=grid&per_row=6 HTTP/1.1" 301 636 "-" "Mozilla/5.0 (compatible; MJ12bot/v1.4.8; http://mj12bot.com/)"
65.108.78.33 - - [29/Mar/2026:07:12:03 +0700] "GET /product-category/hot-item/page/4/?stock_status=instock%2Consale&shop_view=grid&per_row=6 HTTP/1.1" 200 34303 "-" "Mozilla/5.0 (compatible; MJ12bot/v1.4.8; http://mj12bot.com/)"
37.27.59.176 - - [29/Mar/2026:07:12:04 +0700] "GET /shop/page/5/?max_price=840&per_page=8 HTTP/1.1" 200 40623 "-" "Mozilla/5.0 (compatible; SERankingBacklinksBot/1.0; +https://seranking.com/backlinks-crawler)"
65.108.78.33 - - [29/Mar/2026:07:12:07 +0700] "GET /product-category/hot-item/page/5/?stock_status=instock,onsale&per_page=8 HTTP/1.1" 301 579 "-" "Mozilla/5.0 (compatible; MJ12bot/v1.4.8; http://mj12bot.com/)"
37.27.59.176 - - [29/Mar/2026:07:12:09 +0700] "GET /shop/page/28/?min_price=0&per_page=12 HTTP/1.1" 200 40958 "-" "Mozilla/5.0 (compatible; SERankingBacklinksBot/1.0; +https://seranking.com/backlinks-crawler)"
65.108.78.33 - - [29/Mar/2026:07:12:10 +0700] "GET /product-category/hot-item/page/5/?stock_status=instock%2Consale&per_page=8 HTTP/1.1" 200 33772 "-" "Mozilla/5.0 (compatible; MJ12bot/v1.4.8; http://mj12bot.com/)"
65.108.78.33 - - [29/Mar/2026:07:12:13 +0700] "GET /product-category/hot-item/page/5/?stock_status=instock,onsale&per_row=2&per_page=12&shop_view=grid HTTP/1.1" 301 694 "-" "Mozilla/5.0 (compatible; MJ12bot/v1.4.8; http://mj12bot.com/)"
37.27.59.176 - - [29/Mar/2026:07:12:14 +0700] "GET /shop/page/11/?min_price=0&per_page=24 HTTP/1.1" 200 41738 "-" "Mozilla/5.0 (compatible; SERankingBacklinksBot/1.0; +https://seranking.com/backlinks-crawler)"
65.108.78.33 - - [29/Mar/2026:07:12:16 +0700] "GET /product-category/hot-item/page/5/?stock_status=instock%2Consale&per_row=2&per_page=12&shop_view=grid HTTP/1.1" 200 33703 "-" "Mozilla/5.0 (compatible; MJ12bot/v1.4.8; http://mj12bot.com/)"
65.108.78.33 - - [29/Mar/2026:07:12:20 +0700] "GET /product-category/hot-item/page/5/?stock_status=instock,onsale&per_row=2&per_page=8&shop_view=grid HTTP/1.1" 301 692 "-" "Mozilla/5.0 (compatible; MJ12bot/v1.4.8; http://mj12bot.com/)"
37.27.59.176 - - [29/Mar/2026:07:12:22 +0700] "GET /shop/page/5/?max_price=845&per_page=8 HTTP/1.1" 200 40816 "-" "Mozilla/5.0 (compatible; SERankingBacklinksBot/1.0; +https://seranking.com/backlinks-crawler)"
65.108.78.33 - - [29/Mar/2026:07:12:22 +0700] "GET /product-category/hot-item/page/5/?stock_status=instock%2Consale&per_row=2&per_page=8&shop_view=grid HTTP/1.1" 200 33960 "-" "Mozilla/5.0 (compatible; MJ12bot/v1.4.8; http://mj12bot.com/)"
65.108.78.33 - - [29/Mar/2026:07:12:26 +0700] "GET /product-category/hot-item/page/5/?stock_status=instock,onsale&per_row=4&per_page=12&shop_view=grid HTTP/1.1" 301 694 "-" "Mozilla/5.0 (compatible; MJ12bot/v1.4.8; http://mj12bot.com/)"
37.27.59.176 - - [29/Mar/2026:07:12:27 +0700] "GET /shop/page/29/?min_price=0&per_page=12 HTTP/1.1" 200 40763 "-" "Mozilla/5.0 (compatible; SERankingBacklinksBot/1.0; +https://seranking.com/backlinks-crawler)"
65.108.78.33 - - [29/Mar/2026:07:12:29 +0700] "GET /product-category/hot-item/page/5/?stock_status=instock%2Consale&per_row=4&per_page=12&shop_view=grid HTTP/1.1" 200 33729 "-" "Mozilla/5.0 (compatible; MJ12bot/v1.4.8; http://mj12bot.com/)"
65.108.78.33 - - [29/Mar/2026:07:12:32 +0700] "GET /product-category/hot-item/page/5/?stock_status=instock,onsale&per_row=4&per_page=8&shop_view=grid HTTP/1.1" 301 692 "-" "Mozilla/5.0 (compatible; MJ12bot/v1.4.8; http://mj12bot.com/)"
37.27.59.176 - - [29/Mar/2026:07:12:32 +0700] "GET /shop/page/12/?min_price=0&per_page=24 HTTP/1.1" 200 41507 "-" "Mozilla/5.0 (compatible; SERankingBacklinksBot/1.0; +https://seranking.com/backlinks-crawler)"
198.244.240.216 - - [29/Mar/2026:07:12:32 +0700] "GET /shop/page/9/?orderby=rating&per_row=4&per_page=12&shop_view=grid HTTP/2" 200 33972 "-" "Mozilla/5.0 (compatible; AhrefsBot/7.0; +http://ahrefs.com/robot/)"
65.108.78.33 - - [29/Mar/2026:07:12:35 +0700] "GET /product-category/hot-item/page/5/?stock_status=instock%2Consale&per_row=4&per_page=8&shop_view=grid HTTP/1.1" 200 33889 "-" "Mozilla/5.0 (compatible; MJ12bot/v1.4.8; http://mj12bot.com/)"
103.131.51.123 - - [29/Mar/2026:07:12:39 +0700] "POST /wp-cron.php?doing_wp_cron=1774743159.2685930728912353515625 HTTP/1.1" 200 474 "-" "WordPress/6.9.4; https://lotushomemade.com"
37.27.59.176 - - [29/Mar/2026:07:12:37 +0700] "GET /shop/page/6/?max_price=420&per_page=8 HTTP/1.1" 200 40744 "-" "Mozilla/5.0 (compatible; SERankingBacklinksBot/1.0; +https://seranking.com/backlinks-crawler)"
65.108.78.33 - - [29/Mar/2026:07:12:39 +0700] "GET /product-category/hot-item/page/5/?stock_status=instock,onsale&per_row=6&per_page=12&shop_view=grid HTTP/1.1" 301 694 "-" "Mozilla/5.0 (compatible; MJ12bot/v1.4.8; http://mj12bot.com/)"
65.108.78.33 - - [29/Mar/2026:07:12:42 +0700] "GET /product-category/hot-item/page/5/?stock_status=instock%2Consale&per_row=6&per_page=12&shop_view=grid HTTP/1.1" 200 33647 "-" "Mozilla/5.0 (compatible; MJ12bot/v1.4.8; http://mj12bot.com/)"
37.27.59.176 - - [29/Mar/2026:07:12:42 +0700] "GET /shop/page/39/?orderby=date&per_page=8 HTTP/1.1" 200 39952 "-" "Mozilla/5.0 (compatible; SERankingBacklinksBot/1.0; +https://seranking.com/backlinks-crawler)"
198.244.240.67 - - [29/Mar/2026:07:12:43 +0700] "GET /shop/page/9/?orderby=rating&stock_status=instock%2Consale&shop_view=grid&per_row=2 HTTP/2" 200 33982 "-" "Mozilla/5.0 (compatible; AhrefsBot/7.0; +http://ahrefs.com/robot/)"
65.108.78.33 - - [29/Mar/2026:07:12:46 +0700] "GET /product-category/hot-item/page/5/?stock_status=instock,onsale&per_row=6&per_page=8&shop_view=grid HTTP/1.1" 301 692 "-" "Mozilla/5.0 (compatible; MJ12bot/v1.4.8; http://mj12bot.com/)"
51.195.183.181 - - [29/Mar/2026:07:12:46 +0700] "GET /shop/page/9/?orderby=rating&stock_status=onsale&per_row=6&shop_view=grid&per_page=12 HTTP/2" 200 33972 "-" "Mozilla/5.0 (compatible; AhrefsBot/7.0; +http://ahrefs.com/robot/)"
37.27.59.176 - - [29/Mar/2026:07:12:47 +0700] "GET /shop/page/6/?max_price=630&per_page=8 HTTP/1.1" 200 40500 "-" "Mozilla/5.0 (compatible; SERankingBacklinksBot/1.0; +https://seranking.com/backlinks-crawler)"
65.108.78.33 - - [29/Mar/2026:07:12:48 +0700] "GET /product-category/hot-item/page/5/?stock_status=instock%2Consale&per_row=6&per_page=8&shop_view=grid HTTP/1.1" 200 33876 "-" "Mozilla/5.0 (compatible; MJ12bot/v1.4.8; http://mj12bot.com/)"
54.38.147.68 - - [29/Mar/2026:07:12:49 +0700] "GET /shop/page/9/?orderby=rating&per_row=4&per_page=12&shop_view=grid HTTP/2" 200 33972 "-" "Mozilla/5.0 (compatible; AhrefsBot/7.0; +http://ahrefs.com/robot/)"
37.27.59.176 - - [29/Mar/2026:07:12:53 +0700] "GET /shop/page/6/?max_price=840&per_page=8 HTTP/1.1" 200 40760 "-" "Mozilla/5.0 (compatible; SERankingBacklinksBot/1.0; +https://seranking.com/backlinks-crawler)"
65.108.78.33 - - [29/Mar/2026:07:12:55 +0700] "GET /product-category/hot-item/page/5/?stock_status=instock,onsale&shop_view=grid&per_row=4 HTTP/1.1" 301 636 "-" "Mozilla/5.0 (compatible; MJ12bot/v1.4.8; http://mj12bot.com/)"
198.244.168.3 - - [29/Mar/2026:07:12:55 +0700] "GET /shop/page/9/?orderby=price&stock_status=instock&per_row=4&shop_view=grid&per_page=12 HTTP/2" 200 34076 "-" "Mozilla/5.0 (compatible; AhrefsBot/7.0; +http://ahrefs.com/robot/)"
65.108.78.33 - - [29/Mar/2026:07:12:58 +0700] "GET /product-category/hot-item/page/5/?stock_status=instock%2Consale&shop_view=grid&per_row=4 HTTP/1.1" 200 33532 "-" "Mozilla/5.0 (compatible; MJ12bot/v1.4.8; http://mj12bot.com/)"
37.27.59.176 - - [29/Mar/2026:07:12:58 +0700] "GET /shop/page/6/?max_price=845&per_page=8 HTTP/1.1" 200 40535 "-" "Mozilla/5.0 (compatible; SERankingBacklinksBot/1.0; +https://seranking.com/backlinks-crawler)"
65.108.78.33 - - [29/Mar/2026:07:13:01 +0700] "GET /product-category/hot-item/page/6/?stock_status=instock,onsale&per_row=2&per_page=8&shop_view=grid HTTP/1.1" 301 692 "-" "Mozilla/5.0 (compatible; MJ12bot/v1.4.8; http://mj12bot.com/)"
51.89.129.162 - - [29/Mar/2026:07:13:00 +0700] "GET /shop/page/9/?orderby=popularity&per_row=6&per_page=12&shop_view=grid HTTP/2" 200 33959 "-" "Mozilla/5.0 (compatible; AhrefsBot/7.0; +http://ahrefs.com/robot/)"
43.130.57.76 - - [29/Mar/2026:07:13:02 +0700] "GET /comments/feed/ HTTP/1.1" 200 1070 "-" "Mozilla/5.0 (iPhone; CPU iPhone OS 13_2_3 like Mac OS X) AppleWebKit/605.1.15 (KHTML, like Gecko) Version/13.0.3 Mobile/15E148 Safari/604.1"
37.27.59.176 - - [29/Mar/2026:07:13:03 +0700] "GET /shop/page/7/?max_price=420&per_page=8 HTTP/1.1" 200 40568 "-" "Mozilla/5.0 (compatible; SERankingBacklinksBot/1.0; +https://seranking.com/backlinks-crawler)"
65.108.78.33 - - [29/Mar/2026:07:13:04 +0700] "GET /product-category/hot-item/page/6/?stock_status=instock%2Consale&per_row=2&per_page=8&shop_view=grid HTTP/1.1" 200 33798 "-" "Mozilla/5.0 (compatible; MJ12bot/v1.4.8; http://mj12bot.com/)"
51.195.183.30 - - [29/Mar/2026:07:13:04 +0700] "GET /shop/page/8/?orderby=price-desc&stock_status=onsale&per_page=12&shop_view=grid&per_row=6 HTTP/2" 200 34250 "-" "Mozilla/5.0 (compatible; AhrefsBot/7.0; +http://ahrefs.com/robot/)"
65.108.78.33 - - [29/Mar/2026:07:13:07 +0700] "GET /product-category/hot-item/page/6/?stock_status=instock,onsale&per_row=4&per_page=8&shop_view=grid HTTP/1.1" 301 692 "-" "Mozilla/5.0 (compatible; MJ12bot/v1.4.8; http://mj12bot.com/)"
37.27.59.176 - - [29/Mar/2026:07:13:08 +0700] "GET /shop/page/7/?max_price=630&per_page=8 HTTP/1.1" 200 40436 "-" "Mozilla/5.0 (compatible; SERankingBacklinksBot/1.0; +https://seranking.com/backlinks-crawler)"
65.108.78.33 - - [29/Mar/2026:07:13:10 +0700] "GET /product-category/hot-item/page/6/?stock_status=instock%2Consale&per_row=4&per_page=8&shop_view=grid HTTP/1.1" 200 33800 "-" "Mozilla/5.0 (compatible; MJ12bot/v1.4.8; http://mj12bot.com/)"
65.108.78.33 - - [29/Mar/2026:07:13:14 +0700] "GET /product-category/hot-item/page/6/?stock_status=instock,onsale&per_row=6&per_page=8&shop_view=grid HTTP/1.1" 301 692 "-" "Mozilla/5.0 (compatible; MJ12bot/v1.4.8; http://mj12bot.com/)"
37.27.59.176 - - [29/Mar/2026:07:13:13 +0700] "GET /shop/page/7/?max_price=840&per_page=8 HTTP/1.1" 200 40604 "-" "Mozilla/5.0 (compatible; SERankingBacklinksBot/1.0; +https://seranking.com/backlinks-crawler)"
65.108.78.33 - - [29/Mar/2026:07:13:16 +0700] "GET /product-category/hot-item/page/6/?stock_status=instock%2Consale&per_row=6&per_page=8&shop_view=grid HTTP/1.1" 200 33831 "-" "Mozilla/5.0 (compatible; MJ12bot/v1.4.8; http://mj12bot.com/)"
217.154.105.13 - - [29/Mar/2026:07:13:18 +0700] "GET /wp-login.php HTTP/2" 200 1889 "-" "Mozilla/5.0 (Macintosh; Intel Mac OS X 10_11_6) AppleWebKit/602.3.12 (KHTML, like Gecko) Version/10.0.2 Safari/602.3.12"
37.27.59.176 - - [29/Mar/2026:07:13:18 +0700] "GET /shop/page/7/?max_price=845&per_page=8 HTTP/1.1" 200 40437 "-" "Mozilla/5.0 (compatible; SERankingBacklinksBot/1.0; +https://seranking.com/backlinks-crawler)"
65.108.78.33 - - [29/Mar/2026:07:13:20 +0700] "GET /product-category/hot-item/page/7/?stock_status=instock,onsale&per_row=2&per_page=8&shop_view=grid HTTP/1.1" 301 692 "-" "Mozilla/5.0 (compatible; MJ12bot/v1.4.8; http://mj12bot.com/)"
51.89.129.167 - - [29/Mar/2026:07:13:21 +0700] "GET /shop/page/9/?orderby=rating&per_row=2&per_page=12&shop_view=grid HTTP/2" 200 33927 "-" "Mozilla/5.0 (compatible; AhrefsBot/7.0; +http://ahrefs.com/robot/)"
217.154.105.13 - - [29/Mar/2026:07:13:23 +0700] "POST /wp-login.php HTTP/2" 200 2027 "https://lotushomemade.com/wp-login.php" "Mozilla/5.0 (Macintosh; Intel Mac OS X 10_11_6) AppleWebKit/602.3.12 (KHTML, like Gecko) Version/10.0.2 Safari/602.3.12"
65.108.78.33 - - [29/Mar/2026:07:13:23 +0700] "GET /product-category/hot-item/page/7/?stock_status=instock%2Consale&per_row=2&per_page=8&shop_view=grid HTTP/1.1" 200 33726 "-" "Mozilla/5.0 (compatible; MJ12bot/v1.4.8; http://mj12bot.com/)"
37.27.59.176 - - [29/Mar/2026:07:13:23 +0700] "GET /shop/page/8/?orderby=date&per_page=12 HTTP/1.1" 200 40870 "-" "Mozilla/5.0 (compatible; SERankingBacklinksBot/1.0; +https://seranking.com/backlinks-crawler)"
65.108.78.33 - - [29/Mar/2026:07:13:26 +0700] "GET /product-category/hot-item/page/7/?stock_status=instock,onsale&per_row=4&per_page=8&shop_view=grid HTTP/1.1" 301 692 "-" "Mozilla/5.0 (compatible; MJ12bot/v1.4.8; http://mj12bot.com/)"
37.27.59.176 - - [29/Mar/2026:07:13:29 +0700] "GET /shop/page/8/?orderby=date&per_page=18 HTTP/1.1" 200 41517 "-" "Mozilla/5.0 (compatible; SERankingBacklinksBot/1.0; +https://seranking.com/backlinks-crawler)"
65.108.78.33 - - [29/Mar/2026:07:13:29 +0700] "GET /product-category/hot-item/page/7/?stock_status=instock%2Consale&per_row=4&per_page=8&shop_view=grid HTTP/1.1" 200 33705 "-" "Mozilla/5.0 (compatible; MJ12bot/v1.4.8; http://mj12bot.com/)"
65.108.78.33 - - [29/Mar/2026:07:13:33 +0700] "GET /product-category/hot-item/page/7/?stock_status=instock,onsale&per_row=6&per_page=8&shop_view=grid HTTP/1.1" 301 692 "-" "Mozilla/5.0 (compatible; MJ12bot/v1.4.8; http://mj12bot.com/)"
37.27.59.176 - - [29/Mar/2026:07:13:33 +0700] "GET /shop/page/8/?orderby=date&per_page=24 HTTP/1.1" 200 42557 "-" "Mozilla/5.0 (compatible; SERankingBacklinksBot/1.0; +https://seranking.com/backlinks-crawler)"
65.108.78.33 - - [29/Mar/2026:07:13:35 +0700] "GET /product-category/hot-item/page/7/?stock_status=instock%2Consale&per_row=6&per_page=8&shop_view=grid HTTP/1.1" 200 33734 "-" "Mozilla/5.0 (compatible; MJ12bot/v1.4.8; http://mj12bot.com/)"
103.131.51.123 - - [29/Mar/2026:07:13:39 +0700] "POST /wp-cron.php?doing_wp_cron=1774743219.9273970127105712890625 HTTP/1.1" 200 474 "-" "WordPress/6.9.4; https://lotushomemade.com"
37.27.59.176 - - [29/Mar/2026:07:13:38 +0700] "GET /shop/page/8/?orderby=price&per_page=8 HTTP/1.1" 200 40416 "-" "Mozilla/5.0 (compatible; SERankingBacklinksBot/1.0; +https://seranking.com/backlinks-crawler)"
65.108.78.33 - - [29/Mar/2026:07:13:39 +0700] "GET /product/cheese-stick-s/feed/ HTTP/1.1" 200 1253 "-" "Mozilla/5.0 (compatible; MJ12bot/v1.4.8; http://mj12bot.com/)"
65.108.78.33 - - [29/Mar/2026:07:13:42 +0700] "GET /product/coriander-peanut-rice-xl/ HTTP/1.1" 200 35699 "-" "Mozilla/5.0 (compatible; MJ12bot/v1.4.8; http://mj12bot.com/)"
37.27.59.176 - - [29/Mar/2026:07:13:44 +0700] "GET /shop/page/8/?per_row=2&shop_view=grid HTTP/1.1" 200 41037 "-" "Mozilla/5.0 (compatible; SERankingBacklinksBot/1.0; +https://seranking.com/backlinks-crawler)"
65.108.78.33 - - [29/Mar/2026:07:13:45 +0700] "GET /product/delicious-prawn-cracker-xxl/feed/ HTTP/1.1" 200 1269 "-" "Mozilla/5.0 (compatible; MJ12bot/v1.4.8; http://mj12bot.com/)"
65.108.78.33 - - [29/Mar/2026:07:13:48 +0700] "GET /product/green-peas-cookies_8080-s/ HTTP/1.1" 200 35729 "-" "Mozilla/5.0 (compatible; MJ12bot/v1.4.8; http://mj12bot.com/)"
37.27.59.176 - - [29/Mar/2026:07:13:48 +0700] "GET /shop/page/8/?per_row=4&shop_view=grid HTTP/1.1" 200 40918 "-" "Mozilla/5.0 (compatible; SERankingBacklinksBot/1.0; +https://seranking.com/backlinks-crawler)"
65.108.78.33 - - [29/Mar/2026:07:13:52 +0700] "GET /product/green-tea-german-butter-cookies-sg/ HTTP/1.1" 200 35742 "-" "Mozilla/5.0 (compatible; MJ12bot/v1.4.8; http://mj12bot.com/)"
37.27.59.176 - - [29/Mar/2026:07:13:54 +0700] "GET /shop/page/8/?per_row=6&shop_view=grid HTTP/1.1" 200 41095 "-" "Mozilla/5.0 (compatible; SERankingBacklinksBot/1.0; +https://seranking.com/backlinks-crawler)"
65.108.78.33 - - [29/Mar/2026:07:13:56 +0700] "GET /product/matcha-pineapple-ball_8080-s/ HTTP/1.1" 200 35806 "-" "Mozilla/5.0 (compatible; MJ12bot/v1.4.8; http://mj12bot.com/)"
65.108.78.33 - - [29/Mar/2026:07:13:59 +0700] "GET /product/peanut-cookies_8080-s-2/feed/ HTTP/1.1" 200 1262 "-" "Mozilla/5.0 (compatible; MJ12bot/v1.4.8; http://mj12bot.com/)"
37.27.59.176 - - [29/Mar/2026:07:13:59 +0700] "GET /shop/page/9/?orderby=date&per_page=12 HTTP/1.1" 200 40910 "-" "Mozilla/5.0 (compatible; SERankingBacklinksBot/1.0; +https://seranking.com/backlinks-crawler)"
65.108.78.33 - - [29/Mar/2026:07:14:02 +0700] "GET /product/pineapple-tart_8080-s/ HTTP/1.1" 200 35768 "-" "Mozilla/5.0 (compatible; MJ12bot/v1.4.8; http://mj12bot.com/)"
37.27.59.176 - - [29/Mar/2026:07:14:04 +0700] "GET /shop/page/9/?orderby=date&per_page=18 HTTP/1.1" 200 41844 "-" "Mozilla/5.0 (compatible; SERankingBacklinksBot/1.0; +https://seranking.com/backlinks-crawler)"
198.244.240.168 - - [29/Mar/2026:07:14:07 +0700] "GET /shop/page/9/?orderby=rating&per_row=6&per_page=12&shop_view=grid HTTP/2" 200 33944 "-" "Mozilla/5.0 (compatible; AhrefsBot/7.0; +http://ahrefs.com/robot/)"
37.27.59.176 - - [29/Mar/2026:07:14:09 +0700] "GET /shop/page/9/?orderby=date&per_page=24 HTTP/1.1" 200 42730 "-" "Mozilla/5.0 (compatible; SERankingBacklinksBot/1.0; +https://seranking.com/backlinks-crawler)"
37.27.59.176 - - [29/Mar/2026:07:14:16 +0700] "GET /shop/page/9/?orderby=price&per_page=8 HTTP/1.1" 200 40495 "-" "Mozilla/5.0 (compatible; SERankingBacklinksBot/1.0; +https://seranking.com/backlinks-crawler)"
51.89.129.224 - - [29/Mar/2026:07:14:17 +0700] "GET /shop/page/9/?orderby=rating&stock_status=instock%2Consale&per_page=12 HTTP/2" 200 33932 "-" "Mozilla/5.0 (compatible; AhrefsBot/7.0; +http://ahrefs.com/robot/)"
37.27.59.176 - - [29/Mar/2026:07:14:21 +0700] "GET /shop/page/9/?per_row=2&shop_view=grid HTTP/1.1" 200 40734 "-" "Mozilla/5.0 (compatible; SERankingBacklinksBot/1.0; +https://seranking.com/backlinks-crawler)"
37.27.59.176 - - [29/Mar/2026:07:14:27 +0700] "GET /shop/page/9/?per_row=4&shop_view=grid HTTP/1.1" 200 40956 "-" "Mozilla/5.0 (compatible; SERankingBacklinksBot/1.0; +https://seranking.com/backlinks-crawler)"
37.27.59.176 - - [29/Mar/2026:07:14:32 +0700] "GET /shop/page/9/?per_row=6&shop_view=grid HTTP/1.1" 200 40768 "-" "Mozilla/5.0 (compatible; SERankingBacklinksBot/1.0; +https://seranking.com/backlinks-crawler)"
37.27.59.176 - - [29/Mar/2026:07:14:37 +0700] "GET /shop/page/1/?max_price=420&per_page=12 HTTP/1.1" 301 574 "-" "Mozilla/5.0 (compatible; SERankingBacklinksBot/1.0; +https://seranking.com/backlinks-crawler)"
103.131.51.123 - - [29/Mar/2026:07:14:39 +0700] "POST /wp-cron.php?doing_wp_cron=1774743279.5256299972534179687500 HTTP/1.1" 200 474 "-" "WordPress/6.9.4; https://lotushomemade.com"
37.27.59.176 - - [29/Mar/2026:07:14:38 +0700] "GET /shop/?max_price=420&per_page=12 HTTP/1.1" 200 41603 "-" "Mozilla/5.0 (compatible; SERankingBacklinksBot/1.0; +https://seranking.com/backlinks-crawler)"
37.27.59.176 - - [29/Mar/2026:07:14:42 +0700] "GET /shop/page/12/?shop_view=grid&per_row=2 HTTP/1.1" 200 40680 "-" "Mozilla/5.0 (compatible; SERankingBacklinksBot/1.0; +https://seranking.com/backlinks-crawler)"
37.27.59.176 - - [29/Mar/2026:07:14:48 +0700] "GET /shop/page/40/?orderby=price&per_page=8 HTTP/1.1" 200 40475 "-" "Mozilla/5.0 (compatible; SERankingBacklinksBot/1.0; +https://seranking.com/backlinks-crawler)"
37.27.59.176 - - [29/Mar/2026:07:14:53 +0700] "GET /shop/page/1/?max_price=420&per_page=18 HTTP/1.1" 301 396 "-" "Mozilla/5.0 (compatible; SERankingBacklinksBot/1.0; +https://seranking.com/backlinks-crawler)"
37.27.59.176 - - [29/Mar/2026:07:14:53 +0700] "GET /shop/?max_price=420&per_page=18 HTTP/1.1" 200 42437 "-" "Mozilla/5.0 (compatible; SERankingBacklinksBot/1.0; +https://seranking.com/backlinks-crawler)"
198.244.240.145 - - [29/Mar/2026:07:14:54 +0700] "GET /shop/page/9/?orderby=price&stock_status=instock&per_row=2&shop_view=grid&per_page=8 HTTP/2" 200 33590 "-" "Mozilla/5.0 (compatible; AhrefsBot/7.0; +http://ahrefs.com/robot/)"
157.55.39.9 - - [29/Mar/2026:07:14:56 +0700] "GET /wp-sitemap-posts-product-1.xml HTTP/2" 200 5157 "-" "Mozilla/5.0 AppleWebKit/537.36 (KHTML, like Gecko; compatible; bingbot/2.0; +http://www.bing.com/bingbot.htm) Chrome/116.0.1938.76 Safari/537.36"
