5.39.1.235 - - [29/Mar/2026:12:29:35 +0700] "GET /shop/page/4/?orderby=rating&stock_status=instock%2Consale&per_row=2&shop_view=grid&per_page=8 HTTP/2" 200 33495 "-" "Mozilla/5.0 (compatible; AhrefsBot/7.0; +http://ahrefs.com/robot/)"
103.131.51.123 - - [29/Mar/2026:12:29:40 +0700] "POST /wp-cron.php?doing_wp_cron=1774762179.9777998924255371093750 HTTP/1.1" 200 474 "-" "WordPress/6.9.4; https://lotushomemade.com"
37.27.59.176 - - [29/Mar/2026:12:29:39 +0700] "GET /shop/page/1/?orderby=popularity&per_page=18&stock_status=onsale HTTP/1.1" 301 421 "-" "Mozilla/5.0 (compatible; SERankingBacklinksBot/1.0; +https://seranking.com/backlinks-crawler)"
37.27.59.176 - - [29/Mar/2026:12:29:40 +0700] "GET /shop/?orderby=popularity&per_page=18&stock_status=onsale HTTP/1.1" 200 42775 "-" "Mozilla/5.0 (compatible; SERankingBacklinksBot/1.0; +https://seranking.com/backlinks-crawler)"
103.131.51.123 - - [29/Mar/2026:12:29:46 +0700] "POST /wp-cron.php?doing_wp_cron=1774762186.8448669910430908203125 HTTP/1.1" 200 474 "-" "WordPress/6.9.4; https://lotushomemade.com"
37.27.59.176 - - [29/Mar/2026:12:29:45 +0700] "GET /shop/page/4/?max_price=845&per_row=2&shop_view=grid&per_page=18 HTTP/1.1" 200 42089 "-" "Mozilla/5.0 (compatible; SERankingBacklinksBot/1.0; +https://seranking.com/backlinks-crawler)"
37.27.59.176 - - [29/Mar/2026:12:29:51 +0700] "GET /shop/page/12/?orderby=date&per_row=4&shop_view=grid&per_page=24 HTTP/1.1" 200 41853 "-" "Mozilla/5.0 (compatible; SERankingBacklinksBot/1.0; +https://seranking.com/backlinks-crawler)"
37.27.59.176 - - [29/Mar/2026:12:29:55 +0700] "GET /shop/page/1/?orderby=popularity&per_page=24&stock_status=onsale HTTP/1.1" 301 421 "-" "Mozilla/5.0 (compatible; SERankingBacklinksBot/1.0; +https://seranking.com/backlinks-crawler)"
37.27.59.176 - - [29/Mar/2026:12:29:56 +0700] "GET /shop/?orderby=popularity&per_page=24&stock_status=onsale HTTP/1.1" 200 43456 "-" "Mozilla/5.0 (compatible; SERankingBacklinksBot/1.0; +https://seranking.com/backlinks-crawler)"
37.27.59.176 - - [29/Mar/2026:12:30:01 +0700] "GET /shop/page/4/?max_price=845&per_row=2&shop_view=grid&per_page=24 HTTP/1.1" 200 43073 "-" "Mozilla/5.0 (compatible; SERankingBacklinksBot/1.0; +https://seranking.com/backlinks-crawler)"
37.27.59.176 - - [29/Mar/2026:12:30:06 +0700] "GET /shop/page/12/?orderby=date&per_row=6&shop_view=grid&per_page=24 HTTP/1.1" 200 41617 "-" "Mozilla/5.0 (compatible; SERankingBacklinksBot/1.0; +https://seranking.com/backlinks-crawler)"
37.27.59.176 - - [29/Mar/2026:12:30:12 +0700] "GET /shop/page/1/?orderby=popularity&per_page=8&stock_status=instock HTTP/1.1" 301 598 "-" "Mozilla/5.0 (compatible; SERankingBacklinksBot/1.0; +https://seranking.com/backlinks-crawler)"
37.27.59.176 - - [29/Mar/2026:12:30:12 +0700] "GET /shop/?orderby=popularity&per_page=8&stock_status=instock HTTP/1.1" 200 41252 "-" "Mozilla/5.0 (compatible; SERankingBacklinksBot/1.0; +https://seranking.com/backlinks-crawler)"
51.75.236.136 - - [29/Mar/2026:12:30:15 +0700] "GET /product-category/100-pure-vegan/?per_row=6&shop_view=grid HTTP/2" 200 33516 "-" "Mozilla/5.0 (compatible; AhrefsBot/7.0; +http://ahrefs.com/robot/)"
37.27.59.176 - - [29/Mar/2026:12:30:17 +0700] "GET /shop/page/4/?max_price=845&per_row=4&shop_view=grid&per_page=12 HTTP/1.1" 200 41284 "-" "Mozilla/5.0 (compatible; SERankingBacklinksBot/1.0; +https://seranking.com/backlinks-crawler)"
37.27.59.176 - - [29/Mar/2026:12:30:23 +0700] "GET /shop/page/13/?max_price=420&per_row=2&per_page=8&shop_view=grid HTTP/1.1" 200 40702 "-" "Mozilla/5.0 (compatible; SERankingBacklinksBot/1.0; +https://seranking.com/backlinks-crawler)"
37.27.59.176 - - [29/Mar/2026:12:30:27 +0700] "GET /shop/page/1/?orderby=popularity&stock_status=instock&per_page=8 HTTP/1.1" 301 420 "-" "Mozilla/5.0 (compatible; SERankingBacklinksBot/1.0; +https://seranking.com/backlinks-crawler)"
37.27.59.176 - - [29/Mar/2026:12:30:28 +0700] "GET /shop/?orderby=popularity&stock_status=instock&per_page=8 HTTP/1.1" 200 41269 "-" "Mozilla/5.0 (compatible; SERankingBacklinksBot/1.0; +https://seranking.com/backlinks-crawler)"
37.27.59.176 - - [29/Mar/2026:12:30:33 +0700] "GET /shop/page/4/?max_price=845&per_row=4&shop_view=grid&per_page=18 HTTP/1.1" 200 42114 "-" "Mozilla/5.0 (compatible; SERankingBacklinksBot/1.0; +https://seranking.com/backlinks-crawler)"
103.131.51.123 - - [29/Mar/2026:12:30:44 +0700] "POST /wp-cron.php?doing_wp_cron=1774762244.1707899570465087890625 HTTP/1.1" 200 474 "-" "WordPress/6.9.4; https://lotushomemade.com"
37.27.59.176 - - [29/Mar/2026:12:30:42 +0700] "GET /shop/page/13/?max_price=420&per_row=4&per_page=8&shop_view=grid HTTP/1.1" 200 40737 "-" "Mozilla/5.0 (compatible; SERankingBacklinksBot/1.0; +https://seranking.com/backlinks-crawler)"
92.222.104.222 - - [29/Mar/2026:12:30:42 +0700] "GET /product-category/crispy-snack-series/page/5/?per_row=4&shop_view=grid&per_page=12 HTTP/2" 200 32813 "-" "Mozilla/5.0 (compatible; AhrefsBot/7.0; +http://ahrefs.com/robot/)"
37.27.59.176 - - [29/Mar/2026:12:30:48 +0700] "GET /shop/page/1/?orderby=popularity&stock_status=onsale&per_page=12 HTTP/1.1" 301 599 "-" "Mozilla/5.0 (compatible; SERankingBacklinksBot/1.0; +https://seranking.com/backlinks-crawler)"
37.27.59.176 - - [29/Mar/2026:12:30:48 +0700] "GET /shop/?orderby=popularity&stock_status=onsale&per_page=12 HTTP/1.1" 200 41960 "-" "Mozilla/5.0 (compatible; SERankingBacklinksBot/1.0; +https://seranking.com/backlinks-crawler)"
34.196.6.199 - - [29/Mar/2026:12:30:50 +0700] "GET /product/mini-popiah_8080-s/feed/ HTTP/1.1" 200 1304 "-" "Mozilla/5.0 AppleWebKit/537.36 (KHTML, like Gecko; compatible; Amazonbot/0.1; +https://developer.amazon.com/support/amazonbot) Chrome/119.0.6045.214 Safari/537.36"
37.27.59.176 - - [29/Mar/2026:12:30:53 +0700] "GET /shop/page/4/?max_price=845&per_row=4&shop_view=grid&per_page=24 HTTP/1.1" 200 42902 "-" "Mozilla/5.0 (compatible; SERankingBacklinksBot/1.0; +https://seranking.com/backlinks-crawler)"
37.27.59.176 - - [29/Mar/2026:12:30:58 +0700] "GET /shop/page/13/?max_price=420&per_row=6&per_page=8&shop_view=grid HTTP/1.1" 200 40731 "-" "Mozilla/5.0 (compatible; SERankingBacklinksBot/1.0; +https://seranking.com/backlinks-crawler)"
37.27.59.176 - - [29/Mar/2026:12:31:03 +0700] "GET /shop/page/1/?orderby=popularity&stock_status=onsale&per_page=18 HTTP/1.1" 301 421 "-" "Mozilla/5.0 (compatible; SERankingBacklinksBot/1.0; +https://seranking.com/backlinks-crawler)"
37.27.59.176 - - [29/Mar/2026:12:31:03 +0700] "GET /shop/?orderby=popularity&stock_status=onsale&per_page=18 HTTP/1.1" 200 42806 "-" "Mozilla/5.0 (compatible; SERankingBacklinksBot/1.0; +https://seranking.com/backlinks-crawler)"
37.27.59.176 - - [29/Mar/2026:12:31:08 +0700] "GET /shop/page/4/?max_price=845&per_row=6&shop_view=grid&per_page=12 HTTP/1.1" 200 41477 "-" "Mozilla/5.0 (compatible; SERankingBacklinksBot/1.0; +https://seranking.com/backlinks-crawler)"
37.27.59.176 - - [29/Mar/2026:12:31:14 +0700] "GET /shop/page/13/?max_price=630&per_row=2&per_page=8&shop_view=grid HTTP/1.1" 200 40532 "-" "Mozilla/5.0 (compatible; SERankingBacklinksBot/1.0; +https://seranking.com/backlinks-crawler)"
14.254.54.195 - - [29/Mar/2026:12:31:14 +0700] "GET /product-category/cake-series/?per_page=24&per_row=2&shop_view=grid&stock_status=instock%2Consale HTTP/1.1" 200 41228 "-" "Mozilla/5.0 (Windows NT 6.1; Win64; x64) AppleWebKit/537.36 (KHTML, like Gecko) Chrome/89.0.4389.114 Safari/537.36"
176.31.139.15 - - [29/Mar/2026:12:31:16 +0700] "GET /shop/page/32/?max_price=630 HTTP/2" 200 32659 "-" "Mozilla/5.0 (compatible; AhrefsBot/7.0; +http://ahrefs.com/robot/)"
37.27.59.176 - - [29/Mar/2026:12:31:18 +0700] "GET /shop/page/1/?orderby=popularity&stock_status=onsale&per_page=24 HTTP/1.1" 301 421 "-" "Mozilla/5.0 (compatible; SERankingBacklinksBot/1.0; +https://seranking.com/backlinks-crawler)"
37.27.59.176 - - [29/Mar/2026:12:31:19 +0700] "GET /shop/?orderby=popularity&stock_status=onsale&per_page=24 HTTP/1.1" 200 43456 "-" "Mozilla/5.0 (compatible; SERankingBacklinksBot/1.0; +https://seranking.com/backlinks-crawler)"
37.27.59.176 - - [29/Mar/2026:12:31:24 +0700] "GET /shop/page/4/?max_price=845&per_row=6&shop_view=grid&per_page=18 HTTP/1.1" 200 42101 "-" "Mozilla/5.0 (compatible; SERankingBacklinksBot/1.0; +https://seranking.com/backlinks-crawler)"
37.27.59.176 - - [29/Mar/2026:12:31:29 +0700] "GET /shop/page/13/?max_price=630&per_row=4&per_page=8&shop_view=grid HTTP/1.1" 200 40527 "-" "Mozilla/5.0 (compatible; SERankingBacklinksBot/1.0; +https://seranking.com/backlinks-crawler)"
37.27.59.176 - - [29/Mar/2026:12:31:34 +0700] "GET /shop/page/1/?orderby=price&per_page=12&shop_view=grid&per_row=2 HTTP/1.1" 301 687 "-" "Mozilla/5.0 (compatible; SERankingBacklinksBot/1.0; +https://seranking.com/backlinks-crawler)"
37.27.59.176 - - [29/Mar/2026:12:31:35 +0700] "GET /shop/?orderby=price&per_page=12&shop_view=grid&per_row=2 HTTP/1.1" 200 41338 "-" "Mozilla/5.0 (compatible; SERankingBacklinksBot/1.0; +https://seranking.com/backlinks-crawler)"
103.131.51.123 - - [29/Mar/2026:12:31:39 +0700] "POST /wp-cron.php?doing_wp_cron=1774762299.9547910690307617187500 HTTP/1.1" 200 474 "-" "WordPress/6.9.4; https://lotushomemade.com"
103.183.117.29 - - [29/Mar/2026:12:31:38 +0700] "GET /shop/page/3/?orderby=date&per_page=18&per_row=4&shop_view=grid&stock_status=onsale HTTP/1.1" 200 42138 "-" "Mozilla/5.0 (Macintosh; Intel Mac OS X 10_15_3) AppleWebKit/537.36 (KHTML, like Gecko) Chrome/98.0.4758.80 Safari/537.36"
103.131.51.123 - - [29/Mar/2026:12:31:41 +0700] "POST /wp-cron.php?doing_wp_cron=1774762301.2393560409545898437500 HTTP/1.1" 200 474 "-" "WordPress/6.9.4; https://lotushomemade.com"
37.27.59.176 - - [29/Mar/2026:12:31:39 +0700] "GET /shop/page/4/?max_price=845&per_row=6&shop_view=grid&per_page=24 HTTP/1.1" 200 42870 "-" "Mozilla/5.0 (compatible; SERankingBacklinksBot/1.0; +https://seranking.com/backlinks-crawler)"
37.27.59.176 - - [29/Mar/2026:12:31:45 +0700] "GET /shop/page/13/?max_price=630&per_row=6&per_page=8&shop_view=grid HTTP/1.1" 200 40689 "-" "Mozilla/5.0 (compatible; SERankingBacklinksBot/1.0; +https://seranking.com/backlinks-crawler)"
37.27.59.176 - - [29/Mar/2026:12:31:50 +0700] "GET /shop/page/1/?orderby=price&per_page=12&shop_view=grid&per_row=4 HTTP/1.1" 301 509 "-" "Mozilla/5.0 (compatible; SERankingBacklinksBot/1.0; +https://seranking.com/backlinks-crawler)"
37.27.59.176 - - [29/Mar/2026:12:31:50 +0700] "GET /shop/?orderby=price&per_page=12&shop_view=grid&per_row=4 HTTP/1.1" 200 41391 "-" "Mozilla/5.0 (compatible; SERankingBacklinksBot/1.0; +https://seranking.com/backlinks-crawler)"
37.27.59.176 - - [29/Mar/2026:12:31:55 +0700] "GET /shop/page/4/?min_price=0&per_page=8&stock_status=instock,onsale HTTP/1.1" 301 607 "-" "Mozilla/5.0 (compatible; SERankingBacklinksBot/1.0; +https://seranking.com/backlinks-crawler)"
51.75.236.151 - - [29/Mar/2026:12:31:55 +0700] "GET /shop/?orderby=rating&stock_status=onsale&filter_brand=blessing-food&per_page=12 HTTP/2" 200 33173 "-" "Mozilla/5.0 (compatible; AhrefsBot/7.0; +http://ahrefs.com/robot/)"
37.27.59.176 - - [29/Mar/2026:12:31:56 +0700] "GET /shop/page/4/?min_price=0&per_page=8&stock_status=instock%2Consale HTTP/1.1" 200 40514 "-" "Mozilla/5.0 (compatible; SERankingBacklinksBot/1.0; +https://seranking.com/backlinks-crawler)"
37.27.59.176 - - [29/Mar/2026:12:32:02 +0700] "GET /shop/page/13/?max_price=840&per_row=2&per_page=8&shop_view=grid HTTP/1.1" 200 40711 "-" "Mozilla/5.0 (compatible; SERankingBacklinksBot/1.0; +https://seranking.com/backlinks-crawler)"
37.27.59.176 - - [29/Mar/2026:12:32:06 +0700] "GET /shop/page/1/?orderby=price&per_page=12&shop_view=grid&per_row=6 HTTP/1.1" 301 509 "-" "Mozilla/5.0 (compatible; SERankingBacklinksBot/1.0; +https://seranking.com/backlinks-crawler)"
37.27.59.176 - - [29/Mar/2026:12:32:07 +0700] "GET /shop/?orderby=price&per_page=12&shop_view=grid&per_row=6 HTTP/1.1" 200 41342 "-" "Mozilla/5.0 (compatible; SERankingBacklinksBot/1.0; +https://seranking.com/backlinks-crawler)"
37.27.59.176 - - [29/Mar/2026:12:32:12 +0700] "GET /shop/page/4/?orderby=price&per_row=2&per_page=12&shop_view=grid HTTP/1.1" 200 41014 "-" "Mozilla/5.0 (compatible; SERankingBacklinksBot/1.0; +https://seranking.com/backlinks-crawler)"
37.27.59.176 - - [29/Mar/2026:12:32:18 +0700] "GET /shop/page/13/?max_price=840&per_row=4&per_page=8&shop_view=grid HTTP/1.1" 200 40735 "-" "Mozilla/5.0 (compatible; SERankingBacklinksBot/1.0; +https://seranking.com/backlinks-crawler)"
54.37.118.92 - - [29/Mar/2026:12:32:23 +0700] "GET /product-category/crispy-snack-series/page/5/?per_page=12&shop_view=grid&per_row=6 HTTP/2" 200 32745 "-" "Mozilla/5.0 (compatible; AhrefsBot/7.0; +http://ahrefs.com/robot/)"
37.27.59.176 - - [29/Mar/2026:12:32:25 +0700] "GET /shop/page/1/?orderby=price&per_page=18&shop_view=grid&per_row=2 HTTP/1.1" 301 687 "-" "Mozilla/5.0 (compatible; SERankingBacklinksBot/1.0; +https://seranking.com/backlinks-crawler)"
37.27.59.176 - - [29/Mar/2026:12:32:26 +0700] "GET /shop/?orderby=price&per_page=18&shop_view=grid&per_row=2 HTTP/1.1" 200 42153 "-" "Mozilla/5.0 (compatible; SERankingBacklinksBot/1.0; +https://seranking.com/backlinks-crawler)"
37.27.59.176 - - [29/Mar/2026:12:32:31 +0700] "GET /shop/page/4/?orderby=price&per_row=2&per_page=18&shop_view=grid HTTP/1.1" 200 42115 "-" "Mozilla/5.0 (compatible; SERankingBacklinksBot/1.0; +https://seranking.com/backlinks-crawler)"
69.63.184.17 - - [29/Mar/2026:12:32:32 +0700] "GET /robots.txt HTTP/2" 301 0 "-" "facebookexternalhit/1.1 (+http://www.facebook.com/externalhit_uatext.php)"
69.63.184.17 - - [29/Mar/2026:12:32:34 +0700] "GET /robots.txt HTTP/2" 200 118 "-" "facebookexternalhit/1.1 (+http://www.facebook.com/externalhit_uatext.php)"
37.27.59.176 - - [29/Mar/2026:12:32:36 +0700] "GET /shop/page/13/?max_price=840&per_row=6&per_page=8&shop_view=grid HTTP/1.1" 200 40500 "-" "Mozilla/5.0 (compatible; SERankingBacklinksBot/1.0; +https://seranking.com/backlinks-crawler)"
37.27.59.176 - - [29/Mar/2026:12:32:40 +0700] "GET /shop/page/1/?orderby=price&per_page=18&shop_view=grid&per_row=4 HTTP/1.1" 301 509 "-" "Mozilla/5.0 (compatible; SERankingBacklinksBot/1.0; +https://seranking.com/backlinks-crawler)"
103.131.51.123 - - [29/Mar/2026:12:32:42 +0700] "POST /wp-cron.php?doing_wp_cron=1774762362.5537281036376953125000 HTTP/1.1" 200 474 "-" "WordPress/6.9.4; https://lotushomemade.com"
37.27.59.176 - - [29/Mar/2026:12:32:41 +0700] "GET /shop/?orderby=price&per_page=18&shop_view=grid&per_row=4 HTTP/1.1" 200 42174 "-" "Mozilla/5.0 (compatible; SERankingBacklinksBot/1.0; +https://seranking.com/backlinks-crawler)"
37.27.59.176 - - [29/Mar/2026:12:32:46 +0700] "GET /shop/page/4/?orderby=price&per_row=2&per_page=24&shop_view=grid HTTP/1.1" 200 42792 "-" "Mozilla/5.0 (compatible; SERankingBacklinksBot/1.0; +https://seranking.com/backlinks-crawler)"
37.27.59.176 - - [29/Mar/2026:12:32:51 +0700] "GET /shop/page/13/?max_price=845&per_row=2&per_page=8&shop_view=grid HTTP/1.1" 200 40517 "-" "Mozilla/5.0 (compatible; SERankingBacklinksBot/1.0; +https://seranking.com/backlinks-crawler)"
51.68.247.196 - - [29/Mar/2026:12:32:52 +0700] "GET /shop/?max_price=420&per_row=4&shop_view=grid&per_page=8 HTTP/2" 200 34099 "-" "Mozilla/5.0 (compatible; AhrefsBot/7.0; +http://ahrefs.com/robot/)"
37.27.59.176 - - [29/Mar/2026:12:32:56 +0700] "GET /shop/page/1/?orderby=price&per_page=18&shop_view=grid&per_row=6 HTTP/1.1" 301 687 "-" "Mozilla/5.0 (compatible; SERankingBacklinksBot/1.0; +https://seranking.com/backlinks-crawler)"
37.27.59.176 - - [29/Mar/2026:12:32:57 +0700] "GET /shop/?orderby=price&per_page=18&shop_view=grid&per_row=6 HTTP/1.1" 200 42102 "-" "Mozilla/5.0 (compatible; SERankingBacklinksBot/1.0; +https://seranking.com/backlinks-crawler)"
52.167.144.138 - - [29/Mar/2026:12:32:58 +0700] "GET /product-category/kuih-kapit-series/page/3/?stock_status=instock%2Consale&per_row=6&shop_view=grid&per_page=8 HTTP/2" 200 33048 "-" "Mozilla/5.0 AppleWebKit/537.36 (KHTML, like Gecko; compatible; bingbot/2.0; +http://www.bing.com/bingbot.htm) Chrome/116.0.1938.76 Safari/537.36"
37.27.59.176 - - [29/Mar/2026:12:33:01 +0700] "GET /shop/page/4/?orderby=price&per_row=4&per_page=12&shop_view=grid HTTP/1.1" 200 40843 "-" "Mozilla/5.0 (compatible; SERankingBacklinksBot/1.0; +https://seranking.com/backlinks-crawler)"
37.27.59.176 - - [29/Mar/2026:12:33:07 +0700] "GET /shop/page/13/?max_price=845&per_row=4&per_page=8&shop_view=grid HTTP/1.1" 200 40720 "-" "Mozilla/5.0 (compatible; SERankingBacklinksBot/1.0; +https://seranking.com/backlinks-crawler)"
37.27.59.176 - - [29/Mar/2026:12:33:13 +0700] "GET /shop/page/1/?orderby=price&per_page=24&shop_view=grid&per_row=2 HTTP/1.1" 301 687 "-" "Mozilla/5.0 (compatible; SERankingBacklinksBot/1.0; +https://seranking.com/backlinks-crawler)"
37.27.59.176 - - [29/Mar/2026:12:33:13 +0700] "GET /shop/?orderby=price&per_page=24&shop_view=grid&per_row=2 HTTP/1.1" 200 42945 "-" "Mozilla/5.0 (compatible; SERankingBacklinksBot/1.0; +https://seranking.com/backlinks-crawler)"
37.27.59.176 - - [29/Mar/2026:12:33:19 +0700] "GET /shop/page/4/?orderby=price&per_row=4&per_page=18&shop_view=grid HTTP/1.1" 200 42119 "-" "Mozilla/5.0 (compatible; SERankingBacklinksBot/1.0; +https://seranking.com/backlinks-crawler)"
92.222.104.218 - - [29/Mar/2026:12:33:23 +0700] "GET /product-category/kuih-kapit-series/?stock_status=instock%2Consale&per_row=4&per_page=24&shop_view=grid&filter_brand=blessing-food HTTP/2" 200 33314 "-" "Mozilla/5.0 (compatible; AhrefsBot/7.0; +http://ahrefs.com/robot/)"
37.27.59.176 - - [29/Mar/2026:12:33:24 +0700] "GET /shop/page/13/?max_price=845&per_row=6&per_page=8&shop_view=grid HTTP/1.1" 200 40772 "-" "Mozilla/5.0 (compatible; SERankingBacklinksBot/1.0; +https://seranking.com/backlinks-crawler)"
37.27.59.176 - - [29/Mar/2026:12:33:29 +0700] "GET /shop/page/1/?orderby=price&per_page=24&shop_view=grid&per_row=4 HTTP/1.1" 301 509 "-" "Mozilla/5.0 (compatible; SERankingBacklinksBot/1.0; +https://seranking.com/backlinks-crawler)"
37.27.59.176 - - [29/Mar/2026:12:33:30 +0700] "GET /shop/?orderby=price&per_page=24&shop_view=grid&per_row=4 HTTP/1.1" 200 42956 "-" "Mozilla/5.0 (compatible; SERankingBacklinksBot/1.0; +https://seranking.com/backlinks-crawler)"
85.208.96.199 - - [29/Mar/2026:12:33:35 +0700] "GET /robots.txt HTTP/1.1" 200 615 "-" "Mozilla/5.0 (compatible; SemrushBot/7~bl; +http://www.semrush.com/bot.html)"
37.27.59.176 - - [29/Mar/2026:12:33:35 +0700] "GET /shop/page/4/?orderby=price&per_row=4&per_page=24&shop_view=grid HTTP/1.1" 200 42832 "-" "Mozilla/5.0 (compatible; SERankingBacklinksBot/1.0; +https://seranking.com/backlinks-crawler)"
103.131.51.123 - - [29/Mar/2026:12:33:38 +0700] "POST /wp-cron.php?doing_wp_cron=1774762418.5403120517730712890625 HTTP/1.1" 200 474 "-" "WordPress/6.9.4; https://lotushomemade.com"
85.208.96.201 - - [29/Mar/2026:12:33:37 +0700] "GET /shop/?product_count=36 HTTP/1.1" 200 41613 "-" "Mozilla/5.0 (compatible; SemrushBot/7~bl; +http://www.semrush.com/bot.html)"
37.27.59.176 - - [29/Mar/2026:12:33:40 +0700] "GET /shop/page/13/?orderby=date&per_page=24&shop_view=grid&per_row=2 HTTP/1.1" 200 41963 "-" "Mozilla/5.0 (compatible; SERankingBacklinksBot/1.0; +https://seranking.com/backlinks-crawler)"
37.27.59.176 - - [29/Mar/2026:12:33:45 +0700] "GET /shop/page/1/?orderby=price&per_page=24&shop_view=grid&per_row=6 HTTP/1.1" 301 509 "-" "Mozilla/5.0 (compatible; SERankingBacklinksBot/1.0; +https://seranking.com/backlinks-crawler)"
37.27.59.176 - - [29/Mar/2026:12:33:45 +0700] "GET /shop/?orderby=price&per_page=24&shop_view=grid&per_row=6 HTTP/1.1" 200 42889 "-" "Mozilla/5.0 (compatible; SERankingBacklinksBot/1.0; +https://seranking.com/backlinks-crawler)"
37.27.59.176 - - [29/Mar/2026:12:33:50 +0700] "GET /shop/page/4/?orderby=price&per_row=6&per_page=12&shop_view=grid HTTP/1.1" 200 41013 "-" "Mozilla/5.0 (compatible; SERankingBacklinksBot/1.0; +https://seranking.com/backlinks-crawler)"
216.244.66.239 - - [29/Mar/2026:12:33:53 +0700] "GET /robots.txt HTTP/1.1" 200 609 "-" "Mozilla/5.0 (compatible; DotBot/1.2; +https://opensiteexplorer.org/dotbot; help@moz.com)"
37.27.59.176 - - [29/Mar/2026:12:33:55 +0700] "GET /shop/page/13/?orderby=date&per_page=24&shop_view=grid&per_row=4 HTTP/1.1" 200 41905 "-" "Mozilla/5.0 (compatible; SERankingBacklinksBot/1.0; +https://seranking.com/backlinks-crawler)"
51.75.236.150 - - [29/Mar/2026:12:33:58 +0700] "GET /shop/?per_row=2&per_page=18&shop_view=grid&filter_brand=blessing-food HTTP/2" 200 33081 "-" "Mozilla/5.0 (compatible; AhrefsBot/7.0; +http://ahrefs.com/robot/)"
113.180.192.112 - - [29/Mar/2026:12:33:59 +0700] "GET /product-category/100-pure-vegan/?per_page=18&stock_status=instock HTTP/1.1" 200 42080 "-" "Mozilla/5.0 (Macintosh; Intel Mac OS X 10_15_6) AppleWebKit/537.36 (KHTML, like Gecko) Chrome/95.0.4638.69 Safari/537.36"
37.27.59.176 - - [29/Mar/2026:12:34:01 +0700] "GET /shop/page/1/?orderby=price&per_row=2&shop_view=grid&per_page=12 HTTP/1.1" 301 687 "-" "Mozilla/5.0 (compatible; SERankingBacklinksBot/1.0; +https://seranking.com/backlinks-crawler)"
37.27.59.176 - - [29/Mar/2026:12:34:01 +0700] "GET /shop/?orderby=price&per_row=2&shop_view=grid&per_page=12 HTTP/1.1" 200 41400 "-" "Mozilla/5.0 (compatible; SERankingBacklinksBot/1.0; +https://seranking.com/backlinks-crawler)"
37.27.59.176 - - [29/Mar/2026:12:34:08 +0700] "GET /shop/page/4/?orderby=price&per_row=6&per_page=18&shop_view=grid HTTP/1.1" 200 42050 "-" "Mozilla/5.0 (compatible; SERankingBacklinksBot/1.0; +https://seranking.com/backlinks-crawler)"
37.27.59.176 - - [29/Mar/2026:12:34:13 +0700] "GET /shop/page/13/?orderby=date&per_page=24&shop_view=grid&per_row=6 HTTP/1.1" 200 41846 "-" "Mozilla/5.0 (compatible; SERankingBacklinksBot/1.0; +https://seranking.com/backlinks-crawler)"
37.27.59.176 - - [29/Mar/2026:12:34:19 +0700] "GET /shop/?orderby=price-desc&stock_status=instock&per_page=18&filter_brand=blessing-food&shop_view=grid&per_row=6 HTTP/1.1" 200 40128 "-" "Mozilla/5.0 (compatible; SERankingBacklinksBot/1.0; +https://seranking.com/backlinks-crawler)"
37.27.59.176 - - [29/Mar/2026:12:34:23 +0700] "GET /shop/page/1/?orderby=price&per_row=2&shop_view=grid&per_page=18 HTTP/1.1" 301 509 "-" "Mozilla/5.0 (compatible; SERankingBacklinksBot/1.0; +https://seranking.com/backlinks-crawler)"
37.27.59.176 - - [29/Mar/2026:12:34:24 +0700] "GET /shop/?orderby=price&per_row=2&shop_view=grid&per_page=18 HTTP/1.1" 200 42149 "-" "Mozilla/5.0 (compatible; SERankingBacklinksBot/1.0; +https://seranking.com/backlinks-crawler)"
37.27.59.176 - - [29/Mar/2026:12:34:29 +0700] "GET /shop/page/4/?orderby=price&per_row=6&per_page=24&shop_view=grid HTTP/1.1" 200 42782 "-" "Mozilla/5.0 (compatible; SERankingBacklinksBot/1.0; +https://seranking.com/backlinks-crawler)"
37.27.59.176 - - [29/Mar/2026:12:34:34 +0700] "GET /shop/page/13/?orderby=date&per_row=2&shop_view=grid&per_page=24 HTTP/1.1" 200 41919 "-" "Mozilla/5.0 (compatible; SERankingBacklinksBot/1.0; +https://seranking.com/backlinks-crawler)"
94.23.188.199 - - [29/Mar/2026:12:34:36 +0700] "GET /shop/page/6/?orderby=price&stock_status=instock&per_row=4&per_page=24&shop_view=grid HTTP/2" 200 35518 "-" "Mozilla/5.0 (compatible; AhrefsBot/7.0; +http://ahrefs.com/robot/)"
103.131.51.123 - - [29/Mar/2026:12:34:39 +0700] "POST /wp-cron.php?doing_wp_cron=1774762479.7089190483093261718750 HTTP/1.1" 200 474 "-" "WordPress/6.9.4; https://lotushomemade.com"
37.27.59.176 - - [29/Mar/2026:12:34:39 +0700] "GET /shop/page/1/?orderby=price&per_row=2&shop_view=grid&per_page=24 HTTP/1.1" 301 509 "-" "Mozilla/5.0 (compatible; SERankingBacklinksBot/1.0; +https://seranking.com/backlinks-crawler)"
52.167.144.138 - - [29/Mar/2026:12:34:38 +0700] "GET /product-category/kuih-kapit-series/page/2/?per_row=2&per_page=24&shop_view=grid&stock_status=onsale HTTP/2" 200 35179 "-" "Mozilla/5.0 AppleWebKit/537.36 (KHTML, like Gecko; compatible; bingbot/2.0; +http://www.bing.com/bingbot.htm) Chrome/116.0.1938.76 Safari/537.36"
37.27.59.176 - - [29/Mar/2026:12:34:39 +0700] "GET /shop/?orderby=price&per_row=2&shop_view=grid&per_page=24 HTTP/1.1" 200 42894 "-" "Mozilla/5.0 (compatible; SERankingBacklinksBot/1.0; +https://seranking.com/backlinks-crawler)"
37.27.59.176 - - [29/Mar/2026:12:34:45 +0700] "GET /shop/page/4/?orderby=rating&per_row=2&per_page=8&shop_view=grid HTTP/1.1" 200 40274 "-" "Mozilla/5.0 (compatible; SERankingBacklinksBot/1.0; +https://seranking.com/backlinks-crawler)"
37.27.59.176 - - [29/Mar/2026:12:34:49 +0700] "GET /shop/page/13/?orderby=date&per_row=4&shop_view=grid&per_page=24 HTTP/1.1" 200 41939 "-" "Mozilla/5.0 (compatible; SERankingBacklinksBot/1.0; +https://seranking.com/backlinks-crawler)"
37.27.59.176 - - [29/Mar/2026:12:34:55 +0700] "GET /shop/page/1/?orderby=price&per_row=4&shop_view=grid&per_page=12 HTTP/1.1" 301 687 "-" "Mozilla/5.0 (compatible; SERankingBacklinksBot/1.0; +https://seranking.com/backlinks-crawler)"
37.27.59.176 - - [29/Mar/2026:12:34:55 +0700] "GET /shop/?orderby=price&per_row=4&shop_view=grid&per_page=12 HTTP/1.1" 200 41373 "-" "Mozilla/5.0 (compatible; SERankingBacklinksBot/1.0; +https://seranking.com/backlinks-crawler)"
37.27.59.176 - - [29/Mar/2026:12:35:00 +0700] "GET /shop/page/4/?orderby=rating&per_row=4&per_page=8&shop_view=grid HTTP/1.1" 200 40319 "-" "Mozilla/5.0 (compatible; SERankingBacklinksBot/1.0; +https://seranking.com/backlinks-crawler)"
37.27.59.176 - - [29/Mar/2026:12:35:05 +0700] "GET /shop/page/13/?orderby=date&per_row=6&shop_view=grid&per_page=24 HTTP/1.1" 200 41934 "-" "Mozilla/5.0 (compatible; SERankingBacklinksBot/1.0; +https://seranking.com/backlinks-crawler)"
37.27.59.176 - - [29/Mar/2026:12:35:10 +0700] "GET /shop/page/1/?orderby=price&per_row=4&shop_view=grid&per_page=18 HTTP/1.1" 301 687 "-" "Mozilla/5.0 (compatible; SERankingBacklinksBot/1.0; +https://seranking.com/backlinks-crawler)"
37.27.59.176 - - [29/Mar/2026:12:35:11 +0700] "GET /shop/?orderby=price&per_row=4&shop_view=grid&per_page=18 HTTP/1.1" 200 42169 "-" "Mozilla/5.0 (compatible; SERankingBacklinksBot/1.0; +https://seranking.com/backlinks-crawler)"
37.27.59.176 - - [29/Mar/2026:12:35:16 +0700] "GET /shop/page/4/?orderby=rating&per_row=6&per_page=8&shop_view=grid HTTP/1.1" 200 40511 "-" "Mozilla/5.0 (compatible; SERankingBacklinksBot/1.0; +https://seranking.com/backlinks-crawler)"
37.27.59.176 - - [29/Mar/2026:12:35:21 +0700] "GET /shop/page/14/?orderby=date&per_row=2&per_page=24&shop_view=grid HTTP/1.1" 200 42280 "-" "Mozilla/5.0 (compatible; SERankingBacklinksBot/1.0; +https://seranking.com/backlinks-crawler)"
37.27.59.176 - - [29/Mar/2026:12:35:27 +0700] "GET /shop/page/1/?orderby=price&per_row=4&shop_view=grid&per_page=24 HTTP/1.1" 301 687 "-" "Mozilla/5.0 (compatible; SERankingBacklinksBot/1.0; +https://seranking.com/backlinks-crawler)"
37.27.59.176 - - [29/Mar/2026:12:35:27 +0700] "GET /shop/?orderby=price&per_row=4&shop_view=grid&per_page=24 HTTP/1.1" 200 42914 "-" "Mozilla/5.0 (compatible; SERankingBacklinksBot/1.0; +https://seranking.com/backlinks-crawler)"
45.131.193.96 - - [29/Mar/2026:12:35:32 +0700] "POST /wp-login.php HTTP/1.1" 200 7854 "-" "Mozilla/5.0"
37.27.59.176 - - [29/Mar/2026:12:35:32 +0700] "GET /shop/page/42/?orderby=popularity&per_page=8&stock_status=onsale HTTP/1.1" 200 40103 "-" "Mozilla/5.0 (compatible; SERankingBacklinksBot/1.0; +https://seranking.com/backlinks-crawler)"
176.31.139.20 - - [29/Mar/2026:12:35:36 +0700] "GET /shop/page/12/?orderby=price&stock_status=instock&per_row=4&per_page=24&shop_view=grid HTTP/2" 200 35501 "-" "Mozilla/5.0 (compatible; AhrefsBot/7.0; +http://ahrefs.com/robot/)"
103.131.51.123 - - [29/Mar/2026:12:35:39 +0700] "POST /wp-cron.php?doing_wp_cron=1774762539.1114249229431152343750 HTTP/1.1" 200 474 "-" "WordPress/6.9.4; https://lotushomemade.com"
37.27.59.176 - - [29/Mar/2026:12:35:37 +0700] "GET /shop/page/14/?orderby=date&per_row=4&per_page=24&shop_view=grid HTTP/1.1" 200 42458 "-" "Mozilla/5.0 (compatible; SERankingBacklinksBot/1.0; +https://seranking.com/backlinks-crawler)"
37.27.59.176 - - [29/Mar/2026:12:35:42 +0700] "GET /shop/page/1/?orderby=price&per_row=6&shop_view=grid&per_page=12 HTTP/1.1" 301 509 "-" "Mozilla/5.0 (compatible; SERankingBacklinksBot/1.0; +https://seranking.com/backlinks-crawler)"
37.27.59.176 - - [29/Mar/2026:12:35:45 +0700] "GET /shop/?orderby=price&per_row=6&shop_view=grid&per_page=12 HTTP/1.1" 200 41357 "-" "Mozilla/5.0 (compatible; SERankingBacklinksBot/1.0; +https://seranking.com/backlinks-crawler)"
37.27.59.176 - - [29/Mar/2026:12:35:51 +0700] "GET /shop/page/42/?orderby=popularity&stock_status=onsale&per_page=8 HTTP/1.1" 200 40340 "-" "Mozilla/5.0 (compatible; SERankingBacklinksBot/1.0; +https://seranking.com/backlinks-crawler)"
51.68.247.210 - - [29/Mar/2026:12:35:52 +0700] "GET /product-category/kuih-kapit-series/?stock_status=instock%2Consale&per_row=6&per_page=12&shop_view=grid&filter_brand=blessing-food HTTP/2" 200 33315 "-" "Mozilla/5.0 (compatible; AhrefsBot/7.0; +http://ahrefs.com/robot/)"
37.27.59.176 - - [29/Mar/2026:12:35:55 +0700] "GET /shop/page/14/?orderby=date&per_row=6&per_page=24&shop_view=grid HTTP/1.1" 200 42265 "-" "Mozilla/5.0 (compatible; SERankingBacklinksBot/1.0; +https://seranking.com/backlinks-crawler)"
37.27.59.176 - - [29/Mar/2026:12:36:00 +0700] "GET /shop/page/1/?orderby=price&per_row=6&shop_view=grid&per_page=18 HTTP/1.1" 301 687 "-" "Mozilla/5.0 (compatible; SERankingBacklinksBot/1.0; +https://seranking.com/backlinks-crawler)"
37.27.59.176 - - [29/Mar/2026:12:36:01 +0700] "GET /shop/?orderby=price&per_row=6&shop_view=grid&per_page=18 HTTP/1.1" 200 42126 "-" "Mozilla/5.0 (compatible; SERankingBacklinksBot/1.0; +https://seranking.com/backlinks-crawler)"
37.27.59.176 - - [29/Mar/2026:12:36:06 +0700] "GET /shop/page/42/?orderby=price&per_page=8&shop_view=grid&per_row=2 HTTP/1.1" 200 40340 "-" "Mozilla/5.0 (compatible; SERankingBacklinksBot/1.0; +https://seranking.com/backlinks-crawler)"
37.27.59.176 - - [29/Mar/2026:12:36:11 +0700] "GET /shop/page/15/?orderby=date&per_row=2&per_page=24&shop_view=grid HTTP/1.1" 200 41926 "-" "Mozilla/5.0 (compatible; SERankingBacklinksBot/1.0; +https://seranking.com/backlinks-crawler)"
37.27.59.176 - - [29/Mar/2026:12:36:16 +0700] "GET /shop/page/1/?orderby=price&per_row=6&shop_view=grid&per_page=24 HTTP/1.1" 301 509 "-" "Mozilla/5.0 (compatible; SERankingBacklinksBot/1.0; +https://seranking.com/backlinks-crawler)"
37.27.59.176 - - [29/Mar/2026:12:36:17 +0700] "GET /shop/?orderby=price&per_row=6&shop_view=grid&per_page=24 HTTP/1.1" 200 42894 "-" "Mozilla/5.0 (compatible; SERankingBacklinksBot/1.0; +https://seranking.com/backlinks-crawler)"
217.76.158.60 - - [29/Mar/2026:12:36:18 +0700] "GET /wp-login.php HTTP/2" 200 1889 "-" "Mozilla/5.0 (Windows NT 6.1; WOW64; Trident/7.0; HO32600; HO32600R; rv:11.0) like Gecko"
217.76.158.60 - - [29/Mar/2026:12:36:19 +0700] "POST /wp-login.php HTTP/2" 200 2027 "https://lotushomemade.com/wp-login.php" "Mozilla/5.0 (Windows NT 6.1; WOW64; Trident/7.0; HO32600; HO32600R; rv:11.0) like Gecko"
37.27.59.176 - - [29/Mar/2026:12:36:22 +0700] "GET /shop/page/42/?orderby=price&per_page=8&shop_view=grid&per_row=4 HTTP/1.1" 200 40557 "-" "Mozilla/5.0 (compatible; SERankingBacklinksBot/1.0; +https://seranking.com/backlinks-crawler)"
37.27.59.176 - - [29/Mar/2026:12:36:27 +0700] "GET /shop/page/15/?orderby=date&per_row=4&per_page=24&shop_view=grid HTTP/1.1" 200 41783 "-" "Mozilla/5.0 (compatible; SERankingBacklinksBot/1.0; +https://seranking.com/backlinks-crawler)"
37.27.59.176 - - [29/Mar/2026:12:36:33 +0700] "GET /shop/page/1/?orderby=price-desc&per_page=12&stock_status=onsale HTTP/1.1" 301 599 "-" "Mozilla/5.0 (compatible; SERankingBacklinksBot/1.0; +https://seranking.com/backlinks-crawler)"
37.27.59.176 - - [29/Mar/2026:12:36:33 +0700] "GET /shop/?orderby=price-desc&per_page=12&stock_status=onsale HTTP/1.1" 200 41595 "-" "Mozilla/5.0 (compatible; SERankingBacklinksBot/1.0; +https://seranking.com/backlinks-crawler)"
103.131.51.123 - - [29/Mar/2026:12:36:39 +0700] "POST /wp-cron.php?doing_wp_cron=1774762599.7893900871276855468750 HTTP/1.1" 200 474 "-" "WordPress/6.9.4; https://lotushomemade.com"
37.27.59.176 - - [29/Mar/2026:12:36:38 +0700] "GET /shop/page/42/?orderby=price&per_page=8&shop_view=grid&per_row=6 HTTP/1.1" 200 40321 "-" "Mozilla/5.0 (compatible; SERankingBacklinksBot/1.0; +https://seranking.com/backlinks-crawler)"
37.27.59.176 - - [29/Mar/2026:12:36:43 +0700] "GET /shop/page/15/?orderby=date&per_row=6&per_page=24&shop_view=grid HTTP/1.1" 200 41962 "-" "Mozilla/5.0 (compatible; SERankingBacklinksBot/1.0; +https://seranking.com/backlinks-crawler)"
37.27.59.176 - - [29/Mar/2026:12:36:48 +0700] "GET /shop/page/1/?orderby=price-desc&per_page=18&stock_status=onsale HTTP/1.1" 301 421 "-" "Mozilla/5.0 (compatible; SERankingBacklinksBot/1.0; +https://seranking.com/backlinks-crawler)"
37.27.59.176 - - [29/Mar/2026:12:36:49 +0700] "GET /shop/?orderby=price-desc&per_page=18&stock_status=onsale HTTP/1.1" 200 42320 "-" "Mozilla/5.0 (compatible; SERankingBacklinksBot/1.0; +https://seranking.com/backlinks-crawler)"
37.27.59.176 - - [29/Mar/2026:12:36:54 +0700] "GET /shop/page/42/?orderby=price&per_row=2&shop_view=grid&per_page=8 HTTP/1.1" 200 40505 "-" "Mozilla/5.0 (compatible; SERankingBacklinksBot/1.0; +https://seranking.com/backlinks-crawler)"
51.68.247.222 - - [29/Mar/2026:12:36:56 +0700] "GET /product-category/crispy-snack-series/page/4/?stock_status=instock%2Consale&per_row=6&shop_view=grid&per_page=12 HTTP/2" 200 33012 "-" "Mozilla/5.0 (compatible; AhrefsBot/7.0; +http://ahrefs.com/robot/)"
37.27.59.176 - - [29/Mar/2026:12:36:59 +0700] "GET /shop/page/16/?orderby=date&per_page=18&shop_view=grid&per_row=2 HTTP/1.1" 200 41187 "-" "Mozilla/5.0 (compatible; SERankingBacklinksBot/1.0; +https://seranking.com/backlinks-crawler)"
37.27.59.176 - - [29/Mar/2026:12:37:04 +0700] "GET /shop/page/1/?orderby=price-desc&per_page=24&stock_status=onsale HTTP/1.1" 301 421 "-" "Mozilla/5.0 (compatible; SERankingBacklinksBot/1.0; +https://seranking.com/backlinks-crawler)"
37.27.59.176 - - [29/Mar/2026:12:37:04 +0700] "GET /shop/?orderby=price-desc&per_page=24&stock_status=onsale HTTP/1.1" 200 43084 "-" "Mozilla/5.0 (compatible; SERankingBacklinksBot/1.0; +https://seranking.com/backlinks-crawler)"
51.75.236.156 - - [29/Mar/2026:12:37:08 +0700] "GET /product-category/traditional-cookies-series/page/6/?per_page=18 HTTP/2" 200 33956 "-" "Mozilla/5.0 (compatible; AhrefsBot/7.0; +http://ahrefs.com/robot/)"
37.27.59.176 - - [29/Mar/2026:12:37:10 +0700] "GET /shop/page/42/?orderby=price&per_row=4&shop_view=grid&per_page=8 HTTP/1.1" 200 40505 "-" "Mozilla/5.0 (compatible; SERankingBacklinksBot/1.0; +https://seranking.com/backlinks-crawler)"
37.27.59.176 - - [29/Mar/2026:12:37:15 +0700] "GET /shop/page/16/?orderby=date&per_page=18&shop_view=grid&per_row=4 HTTP/1.1" 200 41357 "-" "Mozilla/5.0 (compatible; SERankingBacklinksBot/1.0; +https://seranking.com/backlinks-crawler)"
37.27.59.176 - - [29/Mar/2026:12:37:20 +0700] "GET /shop/page/1/?orderby=price-desc&per_page=8&stock_status=instock HTTP/1.1" 301 420 "-" "Mozilla/5.0 (compatible; SERankingBacklinksBot/1.0; +https://seranking.com/backlinks-crawler)"
37.27.59.176 - - [29/Mar/2026:12:37:20 +0700] "GET /shop/?orderby=price-desc&per_page=8&stock_status=instock HTTP/1.1" 200 40903 "-" "Mozilla/5.0 (compatible; SERankingBacklinksBot/1.0; +https://seranking.com/backlinks-crawler)"
37.27.59.176 - - [29/Mar/2026:12:37:26 +0700] "GET /shop/page/42/?orderby=price&per_row=6&shop_view=grid&per_page=8 HTTP/1.1" 200 40565 "-" "Mozilla/5.0 (compatible; SERankingBacklinksBot/1.0; +https://seranking.com/backlinks-crawler)"
37.27.59.176 - - [29/Mar/2026:12:37:31 +0700] "GET /shop/page/16/?orderby=date&per_page=18&shop_view=grid&per_row=6 HTTP/1.1" 200 41190 "-" "Mozilla/5.0 (compatible; SERankingBacklinksBot/1.0; +https://seranking.com/backlinks-crawler)"
37.27.59.176 - - [29/Mar/2026:12:37:35 +0700] "GET /shop/page/1/?orderby=price-desc&stock_status=instock&per_page=8 HTTP/1.1" 301 420 "-" "Mozilla/5.0 (compatible; SERankingBacklinksBot/1.0; +https://seranking.com/backlinks-crawler)"
37.27.59.176 - - [29/Mar/2026:12:37:36 +0700] "GET /shop/?orderby=price-desc&stock_status=instock&per_page=8 HTTP/1.1" 200 40937 "-" "Mozilla/5.0 (compatible; SERankingBacklinksBot/1.0; +https://seranking.com/backlinks-crawler)"
103.131.51.123 - - [29/Mar/2026:12:37:44 +0700] "POST /wp-cron.php?doing_wp_cron=1774762664.8346679210662841796875 HTTP/1.1" 200 474 "-" "WordPress/6.9.4; https://lotushomemade.com"
37.27.59.176 - - [29/Mar/2026:12:37:43 +0700] "GET /shop/page/42/?orderby=price-desc&per_page=8&stock_status=onsale HTTP/1.1" 200 40483 "-" "Mozilla/5.0 (compatible; SERankingBacklinksBot/1.0; +https://seranking.com/backlinks-crawler)"
37.27.59.176 - - [29/Mar/2026:12:37:48 +0700] "GET /shop/page/16/?orderby=date&per_row=2&per_page=24&shop_view=grid HTTP/1.1" 200 40972 "-" "Mozilla/5.0 (compatible; SERankingBacklinksBot/1.0; +https://seranking.com/backlinks-crawler)"
51.68.247.205 - - [29/Mar/2026:12:37:48 +0700] "GET /product-category/kuih-kapit-series/?stock_status=instock%2Consale&per_row=4&per_page=12&shop_view=grid&filter_brand=blessing-food HTTP/2" 200 33295 "-" "Mozilla/5.0 (compatible; AhrefsBot/7.0; +http://ahrefs.com/robot/)"
37.27.59.176 - - [29/Mar/2026:12:37:53 +0700] "GET /shop/page/1/?orderby=price-desc&stock_status=onsale&per_page=12 HTTP/1.1" 301 599 "-" "Mozilla/5.0 (compatible; SERankingBacklinksBot/1.0; +https://seranking.com/backlinks-crawler)"
37.27.59.176 - - [29/Mar/2026:12:37:54 +0700] "GET /shop/?orderby=price-desc&stock_status=onsale&per_page=12 HTTP/1.1" 200 41571 "-" "Mozilla/5.0 (compatible; SERankingBacklinksBot/1.0; +https://seranking.com/backlinks-crawler)"
37.27.59.176 - - [29/Mar/2026:12:37:59 +0700] "GET /shop/page/42/?orderby=price-desc&stock_status=onsale&per_page=8 HTTP/1.1" 200 40290 "-" "Mozilla/5.0 (compatible; SERankingBacklinksBot/1.0; +https://seranking.com/backlinks-crawler)"
37.27.59.176 - - [29/Mar/2026:12:38:05 +0700] "GET /shop/page/16/?orderby=date&per_row=2&shop_view=grid&per_page=18 HTTP/1.1" 200 41337 "-" "Mozilla/5.0 (compatible; SERankingBacklinksBot/1.0; +https://seranking.com/backlinks-crawler)"
37.27.59.176 - - [29/Mar/2026:12:38:09 +0700] "GET /shop/page/1/?orderby=price-desc&stock_status=onsale&per_page=18 HTTP/1.1" 301 421 "-" "Mozilla/5.0 (compatible; SERankingBacklinksBot/1.0; +https://seranking.com/backlinks-crawler)"
37.27.59.176 - - [29/Mar/2026:12:38:10 +0700] "GET /shop/?orderby=price-desc&stock_status=onsale&per_page=18 HTTP/1.1" 200 42321 "-" "Mozilla/5.0 (compatible; SERankingBacklinksBot/1.0; +https://seranking.com/backlinks-crawler)"
37.27.59.176 - - [29/Mar/2026:12:38:16 +0700] "GET /shop/page/43/?orderby=popularity&per_page=8&stock_status=onsale HTTP/1.1" 200 40168 "-" "Mozilla/5.0 (compatible; SERankingBacklinksBot/1.0; +https://seranking.com/backlinks-crawler)"
37.27.59.176 - - [29/Mar/2026:12:38:20 +0700] "GET /shop/page/16/?orderby=date&per_row=4&per_page=24&shop_view=grid HTTP/1.1" 200 40930 "-" "Mozilla/5.0 (compatible; SERankingBacklinksBot/1.0; +https://seranking.com/backlinks-crawler)"
37.27.59.176 - - [29/Mar/2026:12:38:25 +0700] "GET /shop/page/1/?orderby=price-desc&stock_status=onsale&per_page=24 HTTP/1.1" 301 599 "-" "Mozilla/5.0 (compatible; SERankingBacklinksBot/1.0; +https://seranking.com/backlinks-crawler)"
37.27.59.176 - - [29/Mar/2026:12:38:26 +0700] "GET /shop/?orderby=price-desc&stock_status=onsale&per_page=24 HTTP/1.1" 200 43150 "-" "Mozilla/5.0 (compatible; SERankingBacklinksBot/1.0; +https://seranking.com/backlinks-crawler)"
37.27.59.176 - - [29/Mar/2026:12:38:31 +0700] "GET /shop/page/43/?orderby=popularity&stock_status=onsale&per_page=8 HTTP/1.1" 200 39954 "-" "Mozilla/5.0 (compatible; SERankingBacklinksBot/1.0; +https://seranking.com/backlinks-crawler)"
54.37.118.80 - - [29/Mar/2026:12:38:32 +0700] "GET /product-category/new-item/page/2/?stock_status=onsale&per_row=4&shop_view=grid&per_page=18 HTTP/2" 200 34675 "-" "Mozilla/5.0 (compatible; AhrefsBot/7.0; +http://ahrefs.com/robot/)"
37.27.59.176 - - [29/Mar/2026:12:38:36 +0700] "GET /shop/page/16/?orderby=date&per_row=4&shop_view=grid&per_page=18 HTTP/1.1" 200 41351 "-" "Mozilla/5.0 (compatible; SERankingBacklinksBot/1.0; +https://seranking.com/backlinks-crawler)"
103.131.51.123 - - [29/Mar/2026:12:38:41 +0700] "POST /wp-cron.php?doing_wp_cron=1774762721.7859449386596679687500 HTTP/1.1" 200 474 "-" "WordPress/6.9.4; https://lotushomemade.com"
37.27.59.176 - - [29/Mar/2026:12:38:41 +0700] "GET /shop/page/1/?orderby=rating&per_page=8&shop_view=grid&per_row=2 HTTP/1.1" 301 508 "-" "Mozilla/5.0 (compatible; SERankingBacklinksBot/1.0; +https://seranking.com/backlinks-crawler)"
37.27.59.176 - - [29/Mar/2026:12:38:41 +0700] "GET /shop/?orderby=rating&per_page=8&shop_view=grid&per_row=2 HTTP/1.1" 200 41279 "-" "Mozilla/5.0 (compatible; SERankingBacklinksBot/1.0; +https://seranking.com/backlinks-crawler)"
37.27.59.176 - - [29/Mar/2026:12:38:47 +0700] "GET /shop/page/43/?orderby=price&per_page=8&shop_view=grid&per_row=2 HTTP/1.1" 200 40699 "-" "Mozilla/5.0 (compatible; SERankingBacklinksBot/1.0; +https://seranking.com/backlinks-crawler)"
37.27.59.176 - - [29/Mar/2026:12:38:52 +0700] "GET /shop/page/16/?orderby=date&per_row=6&per_page=24&shop_view=grid HTTP/1.1" 200 41006 "-" "Mozilla/5.0 (compatible; SERankingBacklinksBot/1.0; +https://seranking.com/backlinks-crawler)"
37.27.59.176 - - [29/Mar/2026:12:38:56 +0700] "GET /shop/page/1/?orderby=rating&per_page=8&shop_view=grid&per_row=4 HTTP/1.1" 301 508 "-" "Mozilla/5.0 (compatible; SERankingBacklinksBot/1.0; +https://seranking.com/backlinks-crawler)"
37.27.59.176 - - [29/Mar/2026:12:38:57 +0700] "GET /shop/?orderby=rating&per_page=8&shop_view=grid&per_row=4 HTTP/1.1" 200 41259 "-" "Mozilla/5.0 (compatible; SERankingBacklinksBot/1.0; +https://seranking.com/backlinks-crawler)"
37.27.59.176 - - [29/Mar/2026:12:39:02 +0700] "GET /shop/page/43/?orderby=price&per_page=8&shop_view=grid&per_row=4 HTTP/1.1" 200 40734 "-" "Mozilla/5.0 (compatible; SERankingBacklinksBot/1.0; +https://seranking.com/backlinks-crawler)"
37.27.59.176 - - [29/Mar/2026:12:39:08 +0700] "GET /shop/page/16/?orderby=date&per_row=6&shop_view=grid&per_page=18 HTTP/1.1" 200 41337 "-" "Mozilla/5.0 (compatible; SERankingBacklinksBot/1.0; +https://seranking.com/backlinks-crawler)"
54.37.118.77 - - [29/Mar/2026:12:39:10 +0700] "GET /product-category/crispy-snack-series/page/10/?stock_status=onsale&per_page=12&shop_view=grid&per_row=2 HTTP/2" 200 32908 "-" "Mozilla/5.0 (compatible; AhrefsBot/7.0; +http://ahrefs.com/robot/)"
37.27.59.176 - - [29/Mar/2026:12:39:13 +0700] "GET /shop/page/1/?orderby=rating&per_page=8&shop_view=grid&per_row=6 HTTP/1.1" 301 686 "-" "Mozilla/5.0 (compatible; SERankingBacklinksBot/1.0; +https://seranking.com/backlinks-crawler)"
37.27.59.176 - - [29/Mar/2026:12:39:13 +0700] "GET /shop/?orderby=rating&per_page=8&shop_view=grid&per_row=6 HTTP/1.1" 200 41285 "-" "Mozilla/5.0 (compatible; SERankingBacklinksBot/1.0; +https://seranking.com/backlinks-crawler)"
37.27.59.176 - - [29/Mar/2026:12:39:19 +0700] "GET /shop/page/43/?orderby=price&per_page=8&shop_view=grid&per_row=6 HTTP/1.1" 200 40682 "-" "Mozilla/5.0 (compatible; SERankingBacklinksBot/1.0; +https://seranking.com/backlinks-crawler)"
37.27.59.176 - - [29/Mar/2026:12:39:24 +0700] "GET /shop/page/17/?orderby=date&per_page=18&shop_view=grid&per_row=2 HTTP/1.1" 200 41301 "-" "Mozilla/5.0 (compatible; SERankingBacklinksBot/1.0; +https://seranking.com/backlinks-crawler)"
47.128.16.173 - - [29/Mar/2026:12:39:26 +0700] "GET /robots.txt HTTP/2" 200 114 "-" "Go-http-client/2.0"
37.27.59.176 - - [29/Mar/2026:12:39:30 +0700] "GET /shop/page/1/?orderby=rating&per_row=2&shop_view=grid&per_page=8 HTTP/1.1" 301 686 "-" "Mozilla/5.0 (compatible; SERankingBacklinksBot/1.0; +https://seranking.com/backlinks-crawler)"
37.27.59.176 - - [29/Mar/2026:12:39:31 +0700] "GET /shop/?orderby=rating&per_row=2&shop_view=grid&per_page=8 HTTP/1.1" 200 41251 "-" "Mozilla/5.0 (compatible; SERankingBacklinksBot/1.0; +https://seranking.com/backlinks-crawler)"
103.131.51.123 - - [29/Mar/2026:12:39:38 +0700] "POST /wp-cron.php?doing_wp_cron=1774762778.1271460056304931640625 HTTP/1.1" 200 474 "-" "WordPress/6.9.4; https://lotushomemade.com"
37.27.59.176 - - [29/Mar/2026:12:39:36 +0700] "GET /shop/page/43/?orderby=price&per_row=2&shop_view=grid&per_page=8 HTTP/1.1" 200 40580 "-" "Mozilla/5.0 (compatible; SERankingBacklinksBot/1.0; +https://seranking.com/backlinks-crawler)"
92.222.108.115 - - [29/Mar/2026:12:39:41 +0700] "GET /shop/?orderby=date&per_page=12&shop_view=grid&per_row=2 HTTP/2" 200 34333 "-" "Mozilla/5.0 (compatible; AhrefsBot/7.0; +http://ahrefs.com/robot/)"
37.27.59.176 - - [29/Mar/2026:12:39:42 +0700] "GET /shop/page/17/?orderby=date&per_page=18&shop_view=grid&per_row=4 HTTP/1.1" 200 41498 "-" "Mozilla/5.0 (compatible; SERankingBacklinksBot/1.0; +https://seranking.com/backlinks-crawler)"
37.27.59.176 - - [29/Mar/2026:12:39:46 +0700] "GET /shop/page/1/?orderby=rating&per_row=4&shop_view=grid&per_page=8 HTTP/1.1" 301 508 "-" "Mozilla/5.0 (compatible; SERankingBacklinksBot/1.0; +https://seranking.com/backlinks-crawler)"
37.27.59.176 - - [29/Mar/2026:12:39:47 +0700] "GET /shop/?orderby=rating&per_row=4&shop_view=grid&per_page=8 HTTP/1.1" 200 41276 "-" "Mozilla/5.0 (compatible; SERankingBacklinksBot/1.0; +https://seranking.com/backlinks-crawler)"
37.27.59.176 - - [29/Mar/2026:12:39:52 +0700] "GET /shop/page/43/?orderby=price&per_row=4&shop_view=grid&per_page=8 HTTP/1.1" 200 40739 "-" "Mozilla/5.0 (compatible; SERankingBacklinksBot/1.0; +https://seranking.com/backlinks-crawler)"
37.27.59.176 - - [29/Mar/2026:12:39:57 +0700] "GET /shop/page/17/?orderby=date&per_page=18&shop_view=grid&per_row=6 HTTP/1.1" 200 41299 "-" "Mozilla/5.0 (compatible; SERankingBacklinksBot/1.0; +https://seranking.com/backlinks-crawler)"
37.27.59.176 - - [29/Mar/2026:12:40:02 +0700] "GET /shop/page/1/?orderby=rating&per_row=6&shop_view=grid&per_page=8 HTTP/1.1" 301 508 "-" "Mozilla/5.0 (compatible; SERankingBacklinksBot/1.0; +https://seranking.com/backlinks-crawler)"
37.27.59.176 - - [29/Mar/2026:12:40:02 +0700] "GET /shop/?orderby=rating&per_row=6&shop_view=grid&per_page=8 HTTP/1.1" 200 41294 "-" "Mozilla/5.0 (compatible; SERankingBacklinksBot/1.0; +https://seranking.com/backlinks-crawler)"
37.27.59.176 - - [29/Mar/2026:12:40:07 +0700] "GET /shop/page/43/?orderby=price&per_row=6&shop_view=grid&per_page=8 HTTP/1.1" 200 40546 "-" "Mozilla/5.0 (compatible; SERankingBacklinksBot/1.0; +https://seranking.com/backlinks-crawler)"
37.27.59.176 - - [29/Mar/2026:12:40:12 +0700] "GET /shop/page/17/?orderby=date&per_row=2&shop_view=grid&per_page=18 HTTP/1.1" 200 41270 "-" "Mozilla/5.0 (compatible; SERankingBacklinksBot/1.0; +https://seranking.com/backlinks-crawler)"
37.27.59.176 - - [29/Mar/2026:12:40:18 +0700] "GET /shop/page/11/?max_price=420&per_row=2&per_page=8&shop_view=grid HTTP/1.1" 200 40718 "-" "Mozilla/5.0 (compatible; SERankingBacklinksBot/1.0; +https://seranking.com/backlinks-crawler)"
176.31.139.16 - - [29/Mar/2026:12:40:21 +0700] "GET /shop/?orderby=popularity&stock_status=instock%2Consale&filter_brand=blessing-food&per_page=12 HTTP/2" 200 33077 "-" "Mozilla/5.0 (compatible; AhrefsBot/7.0; +http://ahrefs.com/robot/)"
37.27.59.176 - - [29/Mar/2026:12:40:23 +0700] "GET /shop/page/43/?orderby=price-desc&per_page=8&stock_status=onsale HTTP/1.1" 200 40206 "-" "Mozilla/5.0 (compatible; SERankingBacklinksBot/1.0; +https://seranking.com/backlinks-crawler)"
37.27.59.176 - - [29/Mar/2026:12:40:28 +0700] "GET /shop/page/17/?orderby=date&per_row=4&shop_view=grid&per_page=18 HTTP/1.1" 200 41455 "-" "Mozilla/5.0 (compatible; SERankingBacklinksBot/1.0; +https://seranking.com/backlinks-crawler)"
37.27.59.176 - - [29/Mar/2026:12:40:33 +0700] "GET /shop/page/11/?max_price=420&per_row=4&per_page=8&shop_view=grid HTTP/1.1" 200 40539 "-" "Mozilla/5.0 (compatible; SERankingBacklinksBot/1.0; +https://seranking.com/backlinks-crawler)"
103.131.51.123 - - [29/Mar/2026:12:40:40 +0700] "POST /wp-cron.php?doing_wp_cron=1774762840.4605169296264648437500 HTTP/1.1" 200 474 "-" "WordPress/6.9.4; https://lotushomemade.com"
37.27.59.176 - - [29/Mar/2026:12:40:39 +0700] "GET /shop/page/43/?orderby=price-desc&stock_status=onsale&per_page=8 HTTP/1.1" 200 40419 "-" "Mozilla/5.0 (compatible; SERankingBacklinksBot/1.0; +https://seranking.com/backlinks-crawler)"
37.27.59.176 - - [29/Mar/2026:12:40:43 +0700] "GET /shop/page/17/?orderby=date&per_row=6&shop_view=grid&per_page=18 HTTP/1.1" 200 41402 "-" "Mozilla/5.0 (compatible; SERankingBacklinksBot/1.0; +https://seranking.com/backlinks-crawler)"
37.27.59.176 - - [29/Mar/2026:12:40:48 +0700] "GET /shop/page/11/?max_price=420&per_row=6&per_page=8&shop_view=grid HTTP/1.1" 200 40617 "-" "Mozilla/5.0 (compatible; SERankingBacklinksBot/1.0; +https://seranking.com/backlinks-crawler)"
57.141.16.92 - - [29/Mar/2026:12:40:49 +0700] "GET /product/golden-salted-egg-cornflake-almond-sg/ HTTP/2" 200 222343 "-" "meta-externalagent/1.1 (+https://developers.facebook.com/docs/sharing/webmasters/crawler)"
37.27.59.176 - - [29/Mar/2026:12:40:54 +0700] "GET /shop/page/44/?orderby=popularity&per_page=8&stock_status=onsale HTTP/1.1" 200 40070 "-" "Mozilla/5.0 (compatible; SERankingBacklinksBot/1.0; +https://seranking.com/backlinks-crawler)"
92.222.108.115 - - [29/Mar/2026:12:40:56 +0700] "GET /shop/page/4/?orderby=popularity&stock_status=instock%2Consale&per_row=6&per_page=12&shop_view=grid HTTP/2" 200 34116 "-" "Mozilla/5.0 (compatible; AhrefsBot/7.0; +http://ahrefs.com/robot/)"
124.236.100.56 - - [29/Mar/2026:12:40:57 +0700] "GET / HTTP/1.1" 200 90741 "-" "Mozilla/5.0 (Macintosh; Intel Mac OS X 10_12_6) AppleWebKit/604.1.38 (KHTML, like Gecko) Version/11.0 Safari/604.1.38"
37.27.59.176 - - [29/Mar/2026:12:40:58 +0700] "GET /shop/page/18/?orderby=date&per_page=18&shop_view=grid&per_row=2 HTTP/1.1" 200 41362 "-" "Mozilla/5.0 (compatible; SERankingBacklinksBot/1.0; +https://seranking.com/backlinks-crawler)"
