103.131.51.123 - - [11/Jan/2026:04:36:32 +0700] "POST /wp-cron.php?doing_wp_cron=1768080992.7030429840087890625000 HTTP/1.1" 200 474 "-" "WordPress/6.9; https://view.lotushomemade.com"
114.119.148.197 - - [11/Jan/2026:04:36:28 +0700] "GET /shop/page/8/?max_price=780&per_row=2&shop_view=grid&stock_status=onsale HTTP/1.1" 200 39943 "https://view.lotushomemade.com/shop/page/6/?max_price=780&per_row=2&shop_view=grid&stock_status=onsale" "Mozilla/5.0 (Linux; Android 7.0;) AppleWebKit/537.36 (KHTML, like Gecko) Mobile Safari/537.36 (compatible; PetalBot;+https://webmaster.petalsearch.com/site/petalbot)"
103.131.51.123 - - [11/Jan/2026:04:37:56 +0700] "POST /wp-cron.php?doing_wp_cron=1768081076.2921850681304931640625 HTTP/1.1" 200 474 "-" "WordPress/6.9; https://view.lotushomemade.com"
114.119.150.215 - - [11/Jan/2026:04:37:52 +0700] "GET /shop/page/8/?max_price=1050&per_page=24&stock_status=instock HTTP/1.1" 200 42275 "https://view.lotushomemade.com/shop/page/7/?max_price=1050&per_page=24&stock_status=instock" "Mozilla/5.0 (Linux; Android 7.0;) AppleWebKit/537.36 (KHTML, like Gecko) Mobile Safari/537.36 (compatible; PetalBot;+https://webmaster.petalsearch.com/site/petalbot)"
103.131.51.123 - - [11/Jan/2026:04:39:20 +0700] "POST /wp-cron.php?doing_wp_cron=1768081160.2894821166992187500000 HTTP/1.1" 200 474 "-" "WordPress/6.9; https://view.lotushomemade.com"
114.119.156.27 - - [11/Jan/2026:04:39:16 +0700] "GET /shop/page/8/?max_price=1040&per_row=6&shop_view=grid&stock_status=instock HTTP/1.1" 200 39962 "https://view.lotushomemade.com/shop/page/9/?max_price=1040&per_row=6&shop_view=grid&stock_status=instock" "Mozilla/5.0 (Linux; Android 7.0;) AppleWebKit/537.36 (KHTML, like Gecko) Mobile Safari/537.36 (compatible; PetalBot;+https://webmaster.petalsearch.com/site/petalbot)"
103.131.51.123 - - [11/Jan/2026:04:40:28 +0700] "POST /wp-cron.php?doing_wp_cron=1768081228.0738120079040527343750 HTTP/1.1" 200 474 "-" "WordPress/6.9; https://view.lotushomemade.com"
52.167.144.234 - - [11/Jan/2026:04:40:26 +0700] "GET /product/golden-scs-butter-pineapple-ball-sg/ HTTP/2" 200 35949 "-" "Mozilla/5.0 AppleWebKit/537.36 (KHTML, like Gecko; compatible; bingbot/2.0; +http://www.bing.com/bingbot.htm) Chrome/116.0.1938.76 Safari/537.36"
103.131.51.123 - - [11/Jan/2026:04:40:43 +0700] "POST /wp-cron.php?doing_wp_cron=1768081243.2935791015625000000000 HTTP/1.1" 200 474 "-" "WordPress/6.9; https://view.lotushomemade.com"
114.119.130.97 - - [11/Jan/2026:04:40:42 +0700] "GET /shop/page/7?orderby=price&stock_status=instock&shop_view=grid&per_row=6 HTTP/1.1" 301 625 "https://view.lotushomemade.com/shop/page/9?orderby=price&stock_status=instock&shop_view=grid&per_row=6" "Mozilla/5.0 (Linux; Android 7.0;) AppleWebKit/537.36 (KHTML, like Gecko) Mobile Safari/537.36 (compatible; PetalBot;+https://webmaster.petalsearch.com/site/petalbot)"
114.119.130.97 - - [11/Jan/2026:04:40:44 +0700] "GET /shop/page/7/?orderby=price&stock_status=instock&shop_view=grid&per_row=6 HTTP/1.1" 200 39902 "https://view.lotushomemade.com/shop/page/9?orderby=price&stock_status=instock&shop_view=grid&per_row=6" "Mozilla/5.0 (Linux; Android 7.0;) AppleWebKit/537.36 (KHTML, like Gecko) Mobile Safari/537.36 (compatible; PetalBot;+https://webmaster.petalsearch.com/site/petalbot)"
103.131.51.123 - - [11/Jan/2026:04:42:06 +0700] "POST /wp-cron.php?doing_wp_cron=1768081326.4157550334930419921875 HTTP/1.1" 200 474 "-" "WordPress/6.9; https://view.lotushomemade.com"
114.119.151.206 - - [11/Jan/2026:04:42:03 +0700] "GET /shop?stock_status=onsale&per_row=6&per_page=12&shop_view=grid HTTP/1.1" 301 661 "https://view.lotushomemade.com/shop?stock_status=onsale&per_row=6&shop_view=grid&per_page=24" "Mozilla/5.0 (Linux; Android 7.0;) AppleWebKit/537.36 (KHTML, like Gecko) Mobile Safari/537.36 (compatible; PetalBot;+https://webmaster.petalsearch.com/site/petalbot)"
114.119.151.206 - - [11/Jan/2026:04:42:06 +0700] "GET /shop/?stock_status=onsale&per_row=6&per_page=12&shop_view=grid HTTP/1.1" 200 41036 "https://view.lotushomemade.com/shop?stock_status=onsale&per_row=6&shop_view=grid&per_page=24" "Mozilla/5.0 (Linux; Android 7.0;) AppleWebKit/537.36 (KHTML, like Gecko) Mobile Safari/537.36 (compatible; PetalBot;+https://webmaster.petalsearch.com/site/petalbot)"
103.131.51.123 - - [11/Jan/2026:04:42:44 +0700] "POST /wp-cron.php?doing_wp_cron=1768081364.4591898918151855468750 HTTP/1.1" 200 474 "-" "WordPress/6.9; https://view.lotushomemade.com"
114.119.150.215 - - [11/Jan/2026:04:43:26 +0700] "GET /shop?stock_status=instock&per_page=24&shop_view=grid&per_row=2 HTTP/1.1" 301 662 "https://view.lotushomemade.com/shop/page/14/?stock_status=instock&per_page=24" "Mozilla/5.0 (Linux; Android 7.0;) AppleWebKit/537.36 (KHTML, like Gecko) Mobile Safari/537.36 (compatible; PetalBot;+https://webmaster.petalsearch.com/site/petalbot)"
114.119.150.215 - - [11/Jan/2026:04:43:27 +0700] "GET /shop/?stock_status=instock&per_page=24&shop_view=grid&per_row=2 HTTP/1.1" 200 43399 "https://view.lotushomemade.com/shop/page/14/?stock_status=instock&per_page=24" "Mozilla/5.0 (Linux; Android 7.0;) AppleWebKit/537.36 (KHTML, like Gecko) Mobile Safari/537.36 (compatible; PetalBot;+https://webmaster.petalsearch.com/site/petalbot)"
103.131.51.123 - - [11/Jan/2026:04:44:54 +0700] "POST /wp-cron.php?doing_wp_cron=1768081494.4732539653778076171875 HTTP/1.1" 200 474 "-" "WordPress/6.9; https://view.lotushomemade.com"
114.119.130.97 - - [11/Jan/2026:04:44:52 +0700] "GET /shop?orderby=date&per_row=2&per_page=18&shop_view=grid HTTP/1.1" 301 654 "https://view.lotushomemade.com/shop/page/9?orderby=date&per_row=2&shop_view=grid&per_page=8" "Mozilla/5.0 (Linux; Android 7.0;) AppleWebKit/537.36 (KHTML, like Gecko) Mobile Safari/537.36 (compatible; PetalBot;+https://webmaster.petalsearch.com/site/petalbot)"
114.119.130.97 - - [11/Jan/2026:04:44:54 +0700] "GET /shop/?orderby=date&per_row=2&per_page=18&shop_view=grid HTTP/1.1" 200 41960 "https://view.lotushomemade.com/shop/page/9?orderby=date&per_row=2&shop_view=grid&per_page=8" "Mozilla/5.0 (Linux; Android 7.0;) AppleWebKit/537.36 (KHTML, like Gecko) Mobile Safari/537.36 (compatible; PetalBot;+https://webmaster.petalsearch.com/site/petalbot)"
103.131.51.123 - - [11/Jan/2026:04:46:17 +0700] "POST /wp-cron.php?doing_wp_cron=1768081577.4531021118164062500000 HTTP/1.1" 200 474 "-" "WordPress/6.9; https://view.lotushomemade.com"
114.119.130.97 - - [11/Jan/2026:04:46:15 +0700] "GET /shop?orderby=date&per_page=18&stock_status=instock HTTP/1.1" 301 562 "https://view.lotushomemade.com/shop?orderby=date&per_page=18&stock_status=instock" "Mozilla/5.0 (Linux; Android 7.0;) AppleWebKit/537.36 (KHTML, like Gecko) Mobile Safari/537.36 (compatible; PetalBot;+https://webmaster.petalsearch.com/site/petalbot)"
114.119.130.97 - - [11/Jan/2026:04:46:18 +0700] "GET /shop/?orderby=date&per_page=18&stock_status=instock HTTP/1.1" 200 41843 "https://view.lotushomemade.com/shop?orderby=date&per_page=18&stock_status=instock" "Mozilla/5.0 (Linux; Android 7.0;) AppleWebKit/537.36 (KHTML, like Gecko) Mobile Safari/537.36 (compatible; PetalBot;+https://webmaster.petalsearch.com/site/petalbot)"
66.249.70.97 - - [11/Jan/2026:04:47:18 +0700] "GET /wp-content/uploads/2023/11/1111.png HTTP/1.1" 200 850762 "-" "Googlebot-Image/1.0"
103.131.51.123 - - [11/Jan/2026:04:47:40 +0700] "POST /wp-cron.php?doing_wp_cron=1768081660.0607008934020996093750 HTTP/1.1" 200 474 "-" "WordPress/6.9; https://view.lotushomemade.com"
114.119.142.208 - - [11/Jan/2026:04:47:37 +0700] "GET /shop?min_price=1040&max_price=1050&per_page=24&stock_status=instock HTTP/1.1" 301 579 "https://view.lotushomemade.com/shop?min_price=1040&max_price=1050&stock_status=instock%2Consale&per_page=24" "Mozilla/5.0 (Linux; Android 7.0;) AppleWebKit/537.36 (KHTML, like Gecko) Mobile Safari/537.36 (compatible; PetalBot;+https://webmaster.petalsearch.com/site/petalbot)"
114.119.142.208 - - [11/Jan/2026:04:47:40 +0700] "GET /shop/?min_price=1040&max_price=1050&per_page=24&stock_status=instock HTTP/1.1" 200 38590 "https://view.lotushomemade.com/shop?min_price=1040&max_price=1050&stock_status=instock%2Consale&per_page=24" "Mozilla/5.0 (Linux; Android 7.0;) AppleWebKit/537.36 (KHTML, like Gecko) Mobile Safari/537.36 (compatible; PetalBot;+https://webmaster.petalsearch.com/site/petalbot)"
103.131.51.123 - - [11/Jan/2026:04:49:03 +0700] "POST /wp-cron.php?doing_wp_cron=1768081743.5186278820037841796875 HTTP/1.1" 200 474 "-" "WordPress/6.9; https://view.lotushomemade.com"
114.119.150.215 - - [11/Jan/2026:04:49:01 +0700] "GET /shop?max_price=1050&shop_view=grid&per_row=4 HTTP/1.1" 301 598 "https://view.lotushomemade.com/shop/page/4?max_price=1050" "Mozilla/5.0 (Linux; Android 7.0;) AppleWebKit/537.36 (KHTML, like Gecko) Mobile Safari/537.36 (compatible; PetalBot;+https://webmaster.petalsearch.com/site/petalbot)"
114.119.150.215 - - [11/Jan/2026:04:49:03 +0700] "GET /shop/?max_price=1050&shop_view=grid&per_row=4 HTTP/1.1" 200 41226 "https://view.lotushomemade.com/shop/page/4?max_price=1050" "Mozilla/5.0 (Linux; Android 7.0;) AppleWebKit/537.36 (KHTML, like Gecko) Mobile Safari/537.36 (compatible; PetalBot;+https://webmaster.petalsearch.com/site/petalbot)"
103.131.51.123 - - [11/Jan/2026:04:50:28 +0700] "POST /wp-cron.php?doing_wp_cron=1768081828.5270988941192626953125 HTTP/1.1" 200 474 "-" "WordPress/6.9; https://view.lotushomemade.com"
114.119.151.206 - - [11/Jan/2026:04:50:24 +0700] "GET /shop/page/8/?orderby=price-desc&per_row=2&shop_view=grid&per_page=18 HTTP/1.1" 200 41167 "https://view.lotushomemade.com/shop/page/5/?orderby=price-desc&per_row=2&shop_view=grid&per_page=18" "Mozilla/5.0 (Linux; Android 7.0;) AppleWebKit/537.36 (KHTML, like Gecko) Mobile Safari/537.36 (compatible; PetalBot;+https://webmaster.petalsearch.com/site/petalbot)"
103.131.51.123 - - [11/Jan/2026:04:51:19 +0700] "POST /wp-cron.php?doing_wp_cron=1768081879.0657420158386230468750 HTTP/1.1" 200 474 "-" "WordPress/6.9; https://view.lotushomemade.com"
177.146.136.167 - - [11/Jan/2026:04:51:13 +0700] "GET /?add-to-cart=17116 HTTP/1.1" 200 78778 "-" "Mozilla/5.0 (Macintosh; Intel Mac OS X 10_8_6 rv:3.0; os-RU) AppleWebKit/534.37.7 (KHTML, like Gecko) Version/4.0.5 Safari/534.37.7"
103.131.51.123 - - [11/Jan/2026:04:51:48 +0700] "POST /wp-cron.php?doing_wp_cron=1768081908.8722510337829589843750 HTTP/1.1" 200 474 "-" "WordPress/6.9; https://view.lotushomemade.com"
114.119.150.215 - - [11/Jan/2026:04:51:48 +0700] "GET /shop/page/7?max_price=780&per_row=2&shop_view=grid&stock_status=instock HTTP/1.1" 301 625 "-" "Mozilla/5.0 (Linux; Android 7.0;) AppleWebKit/537.36 (KHTML, like Gecko) Mobile Safari/537.36 (compatible; PetalBot;+https://webmaster.petalsearch.com/site/petalbot)"
114.119.150.215 - - [11/Jan/2026:04:51:49 +0700] "GET /shop/page/7/?max_price=780&per_row=2&shop_view=grid&stock_status=instock HTTP/1.1" 200 40163 "-" "Mozilla/5.0 (Linux; Android 7.0;) AppleWebKit/537.36 (KHTML, like Gecko) Mobile Safari/537.36 (compatible; PetalBot;+https://webmaster.petalsearch.com/site/petalbot)"
103.131.51.123 - - [11/Jan/2026:04:53:15 +0700] "POST /wp-cron.php?doing_wp_cron=1768081995.6265530586242675781250 HTTP/1.1" 200 474 "-" "WordPress/6.9; https://view.lotushomemade.com"
114.119.149.78 - - [11/Jan/2026:04:53:13 +0700] "GET /shop/page/7?max_price=1050&per_page=12&shop_view=grid&per_row=6 HTTP/1.1" 301 663 "-" "Mozilla/5.0 (Linux; Android 7.0;) AppleWebKit/537.36 (KHTML, like Gecko) Mobile Safari/537.36 (compatible; PetalBot;+https://webmaster.petalsearch.com/site/petalbot)"
114.119.149.78 - - [11/Jan/2026:04:53:16 +0700] "GET /shop/page/7/?max_price=1050&per_page=12&shop_view=grid&per_row=6 HTTP/1.1" 200 40141 "-" "Mozilla/5.0 (Linux; Android 7.0;) AppleWebKit/537.36 (KHTML, like Gecko) Mobile Safari/537.36 (compatible; PetalBot;+https://webmaster.petalsearch.com/site/petalbot)"
103.131.51.123 - - [11/Jan/2026:04:54:40 +0700] "POST /wp-cron.php?doing_wp_cron=1768082080.2515809535980224609375 HTTP/1.1" 200 474 "-" "WordPress/6.9; https://view.lotushomemade.com"
114.119.142.208 - - [11/Jan/2026:04:54:36 +0700] "GET /shop/page/7/?shop_view=grid&per_row=6 HTTP/1.1" 200 39848 "https://view.lotushomemade.com/shop/page/9/?shop_view=grid&per_row=6" "Mozilla/5.0 (Linux; Android 7.0;) AppleWebKit/537.36 (KHTML, like Gecko) Mobile Safari/537.36 (compatible; PetalBot;+https://webmaster.petalsearch.com/site/petalbot)"
103.131.51.123 - - [11/Jan/2026:04:56:05 +0700] "POST /wp-cron.php?doing_wp_cron=1768082165.3401849269866943359375 HTTP/1.1" 200 474 "-" "WordPress/6.9; https://view.lotushomemade.com"
114.119.150.215 - - [11/Jan/2026:04:56:01 +0700] "GET /shop/page/7/?orderby=price-desc&stock_status=onsale&per_row=4&shop_view=grid HTTP/1.1" 200 40119 "https://view.lotushomemade.com/shop/page/5/?orderby=price-desc&stock_status=onsale&per_row=4&shop_view=grid" "Mozilla/5.0 (Linux; Android 7.0;) AppleWebKit/537.36 (KHTML, like Gecko) Mobile Safari/537.36 (compatible; PetalBot;+https://webmaster.petalsearch.com/site/petalbot)"
103.131.51.123 - - [11/Jan/2026:04:57:29 +0700] "POST /wp-cron.php?doing_wp_cron=1768082249.0836849212646484375000 HTTP/1.1" 200 474 "-" "WordPress/6.9; https://view.lotushomemade.com"
114.119.142.208 - - [11/Jan/2026:04:57:25 +0700] "GET /shop/page/7/?orderby=popularity&stock_status=instock HTTP/1.1" 200 39710 "https://view.lotushomemade.com/shop/page/4?orderby=popularity&stock_status=instock" "Mozilla/5.0 (Linux; Android 7.0;) AppleWebKit/537.36 (KHTML, like Gecko) Mobile Safari/537.36 (compatible; PetalBot;+https://webmaster.petalsearch.com/site/petalbot)"
103.131.51.123 - - [11/Jan/2026:04:58:52 +0700] "POST /wp-cron.php?doing_wp_cron=1768082332.4753758907318115234375 HTTP/1.1" 200 474 "-" "WordPress/6.9; https://view.lotushomemade.com"
114.119.145.110 - - [11/Jan/2026:04:58:48 +0700] "GET /shop/page/7/?orderby=popularity&per_page=24&stock_status=onsale HTTP/1.1" 200 42214 "https://view.lotushomemade.com/shop/page/6?orderby=popularity&per_page=24&stock_status=onsale" "Mozilla/5.0 (Linux; Android 7.0;) AppleWebKit/537.36 (KHTML, like Gecko) Mobile Safari/537.36 (compatible; PetalBot;+https://webmaster.petalsearch.com/site/petalbot)"
103.131.51.123 - - [11/Jan/2026:05:00:16 +0700] "POST /wp-cron.php?doing_wp_cron=1768082416.7375121116638183593750 HTTP/1.1" 200 474 "-" "WordPress/6.9; https://view.lotushomemade.com"
114.119.130.97 - - [11/Jan/2026:05:00:14 +0700] "GET /shop/page/6?orderby=price-desc HTTP/1.1" 301 496 "https://view.lotushomemade.com/shop/page/7?orderby=price-desc" "Mozilla/5.0 (Linux; Android 7.0;) AppleWebKit/537.36 (KHTML, like Gecko) Mobile Safari/537.36 (compatible; PetalBot;+https://webmaster.petalsearch.com/site/petalbot)"
114.119.130.97 - - [11/Jan/2026:05:00:16 +0700] "GET /shop/page/6/?orderby=price-desc HTTP/1.1" 200 40028 "https://view.lotushomemade.com/shop/page/7?orderby=price-desc" "Mozilla/5.0 (Linux; Android 7.0;) AppleWebKit/537.36 (KHTML, like Gecko) Mobile Safari/537.36 (compatible; PetalBot;+https://webmaster.petalsearch.com/site/petalbot)"
103.131.51.123 - - [11/Jan/2026:05:01:38 +0700] "POST /wp-cron.php?doing_wp_cron=1768082498.2598559856414794921875 HTTP/1.1" 200 474 "-" "WordPress/6.9; https://view.lotushomemade.com"
114.119.156.27 - - [11/Jan/2026:05:01:35 +0700] "GET /shop/page/6?orderby=price&per_row=2&shop_view=grid&per_page=8 HTTP/1.1" 301 660 "https://view.lotushomemade.com/shop/page/6?orderby=price&per_row=2&shop_view=grid&per_page=8" "Mozilla/5.0 (Linux; Android 7.0;) AppleWebKit/537.36 (KHTML, like Gecko) Mobile Safari/537.36 (compatible; PetalBot;+https://webmaster.petalsearch.com/site/petalbot)"
114.119.156.27 - - [11/Jan/2026:05:01:38 +0700] "GET /shop/page/6/?orderby=price&per_row=2&shop_view=grid&per_page=8 HTTP/1.1" 200 39388 "https://view.lotushomemade.com/shop/page/6?orderby=price&per_row=2&shop_view=grid&per_page=8" "Mozilla/5.0 (Linux; Android 7.0;) AppleWebKit/537.36 (KHTML, like Gecko) Mobile Safari/537.36 (compatible; PetalBot;+https://webmaster.petalsearch.com/site/petalbot)"
103.131.51.123 - - [11/Jan/2026:05:03:03 +0700] "POST /wp-cron.php?doing_wp_cron=1768082583.2303330898284912109375 HTTP/1.1" 200 474 "-" "WordPress/6.9; https://view.lotushomemade.com"
114.119.142.208 - - [11/Jan/2026:05:03:00 +0700] "GET /shop/page/6?min_price=0&max_price=260&per_page=8&stock_status=onsale HTTP/1.1" 301 579 "-" "Mozilla/5.0 (Linux; Android 7.0;) AppleWebKit/537.36 (KHTML, like Gecko) Mobile Safari/537.36 (compatible; PetalBot;+https://webmaster.petalsearch.com/site/petalbot)"
114.119.142.208 - - [11/Jan/2026:05:03:03 +0700] "GET /shop/page/6/?min_price=0&max_price=260&per_page=8&stock_status=onsale HTTP/1.1" 200 39582 "-" "Mozilla/5.0 (Linux; Android 7.0;) AppleWebKit/537.36 (KHTML, like Gecko) Mobile Safari/537.36 (compatible; PetalBot;+https://webmaster.petalsearch.com/site/petalbot)"
52.167.144.197 - - [11/Jan/2026:05:03:08 +0700] "GET /wp-content/uploads/2021/08/Size_2012-430x154.jpg HTTP/2" 200 32500 "-" "Mozilla/5.0 AppleWebKit/537.36 (KHTML, like Gecko; compatible; bingbot/2.0; +http://www.bing.com/bingbot.htm) Chrome/116.0.1938.76 Safari/537.36"
103.131.51.123 - - [11/Jan/2026:05:03:41 +0700] "POST /wp-cron.php?doing_wp_cron=1768082621.3280899524688720703125 HTTP/1.1" 200 474 "-" "WordPress/6.9; https://view.lotushomemade.com"
52.167.144.197 - - [11/Jan/2026:05:03:39 +0700] "GET /product/sou-mian_21-inch/ HTTP/2" 200 35574 "-" "Mozilla/5.0 AppleWebKit/537.36 (KHTML, like Gecko; compatible; bingbot/2.0; +http://www.bing.com/bingbot.htm) Chrome/116.0.1938.76 Safari/537.36"
114.119.156.27 - - [11/Jan/2026:05:04:26 +0700] "GET /shop/page/6/?max_price=520&per_row=6&per_page=12&shop_view=grid HTTP/1.1" 200 40378 "https://view.lotushomemade.com/shop/page/4/?max_price=520&per_row=6&per_page=12&shop_view=grid" "Mozilla/5.0 (Linux; Android 7.0;) AppleWebKit/537.36 (KHTML, like Gecko) Mobile Safari/537.36 (compatible; PetalBot;+https://webmaster.petalsearch.com/site/petalbot)"
103.131.51.123 - - [11/Jan/2026:05:05:51 +0700] "POST /wp-cron.php?doing_wp_cron=1768082751.7745389938354492187500 HTTP/1.1" 200 474 "-" "WordPress/6.9; https://view.lotushomemade.com"
114.119.145.110 - - [11/Jan/2026:05:05:48 +0700] "GET /shop/page/6/?max_price=1040&stock_status=onsale&shop_view=grid&per_row=6 HTTP/1.1" 200 40391 "https://view.lotushomemade.com/shop/page/4/?max_price=1040&stock_status=onsale&shop_view=grid&per_row=6" "Mozilla/5.0 (Linux; Android 7.0;) AppleWebKit/537.36 (KHTML, like Gecko) Mobile Safari/537.36 (compatible; PetalBot;+https://webmaster.petalsearch.com/site/petalbot)"
103.131.51.123 - - [11/Jan/2026:05:07:14 +0700] "POST /wp-cron.php?doing_wp_cron=1768082834.2568039894104003906250 HTTP/1.1" 200 474 "-" "WordPress/6.9; https://view.lotushomemade.com"
114.119.150.215 - - [11/Jan/2026:05:07:11 +0700] "GET /shop/page/5?per_page=8&shop_view=grid&per_row=6 HTTP/1.1" 301 646 "-" "Mozilla/5.0 (Linux; Android 7.0;) AppleWebKit/537.36 (KHTML, like Gecko) Mobile Safari/537.36 (compatible; PetalBot;+https://webmaster.petalsearch.com/site/petalbot)"
114.119.150.215 - - [11/Jan/2026:05:07:14 +0700] "GET /shop/page/5/?per_page=8&shop_view=grid&per_row=6 HTTP/1.1" 200 39403 "-" "Mozilla/5.0 (Linux; Android 7.0;) AppleWebKit/537.36 (KHTML, like Gecko) Mobile Safari/537.36 (compatible; PetalBot;+https://webmaster.petalsearch.com/site/petalbot)"
103.131.51.123 - - [11/Jan/2026:05:08:38 +0700] "POST /wp-cron.php?doing_wp_cron=1768082918.7166490554809570312500 HTTP/1.1" 200 474 "-" "WordPress/6.9; https://view.lotushomemade.com"
114.119.151.206 - - [11/Jan/2026:05:08:36 +0700] "GET /shop/page/5?orderby=price&stock_status=instock&per_page=8 HTTP/1.1" 301 568 "https://view.lotushomemade.com/shop/page/3?orderby=price&stock_status=instock&per_page=8" "Mozilla/5.0 (Linux; Android 7.0;) AppleWebKit/537.36 (KHTML, like Gecko) Mobile Safari/537.36 (compatible; PetalBot;+https://webmaster.petalsearch.com/site/petalbot)"
114.119.151.206 - - [11/Jan/2026:05:08:38 +0700] "GET /shop/page/5/?orderby=price&stock_status=instock&per_page=8 HTTP/1.1" 200 39246 "https://view.lotushomemade.com/shop/page/3?orderby=price&stock_status=instock&per_page=8" "Mozilla/5.0 (Linux; Android 7.0;) AppleWebKit/537.36 (KHTML, like Gecko) Mobile Safari/537.36 (compatible; PetalBot;+https://webmaster.petalsearch.com/site/petalbot)"
103.131.51.123 - - [11/Jan/2026:05:10:03 +0700] "POST /wp-cron.php?doing_wp_cron=1768083003.8588390350341796875000 HTTP/1.1" 200 474 "-" "WordPress/6.9; https://view.lotushomemade.com"
114.119.149.78 - - [11/Jan/2026:05:10:00 +0700] "GET /shop/page/5/?orderby=rating&per_row=2&per_page=8&shop_view=grid HTTP/1.1" 200 39358 "https://view.lotushomemade.com/shop/page/3/?orderby=rating&per_row=2&per_page=8&shop_view=grid" "Mozilla/5.0 (Linux; Android 7.0;) AppleWebKit/537.36 (KHTML, like Gecko) Mobile Safari/537.36 (compatible; PetalBot;+https://webmaster.petalsearch.com/site/petalbot)"
103.131.51.123 - - [11/Jan/2026:05:11:26 +0700] "POST /wp-cron.php?doing_wp_cron=1768083086.5793359279632568359375 HTTP/1.1" 200 474 "-" "WordPress/6.9; https://view.lotushomemade.com"
114.119.145.110 - - [11/Jan/2026:05:11:22 +0700] "GET /shop/page/5/?orderby=price&shop_view=grid&per_row=4 HTTP/1.1" 200 39916 "https://view.lotushomemade.com/shop/page/2/?orderby=price&shop_view=grid&per_row=4" "Mozilla/5.0 (Linux; Android 7.0;) AppleWebKit/537.36 (KHTML, like Gecko) Mobile Safari/537.36 (compatible; PetalBot;+https://webmaster.petalsearch.com/site/petalbot)"
103.131.51.123 - - [11/Jan/2026:05:12:50 +0700] "POST /wp-cron.php?doing_wp_cron=1768083170.2257039546966552734375 HTTP/1.1" 200 474 "-" "WordPress/6.9; https://view.lotushomemade.com"
114.119.130.97 - - [11/Jan/2026:05:12:46 +0700] "GET /shop/page/5/?orderby=price&per_row=6&shop_view=grid&per_page=8 HTTP/1.1" 200 39353 "https://view.lotushomemade.com/shop/page/2?orderby=price&per_row=6&shop_view=grid&per_page=8" "Mozilla/5.0 (Linux; Android 7.0;) AppleWebKit/537.36 (KHTML, like Gecko) Mobile Safari/537.36 (compatible; PetalBot;+https://webmaster.petalsearch.com/site/petalbot)"
103.131.51.123 - - [11/Jan/2026:05:14:13 +0700] "POST /wp-cron.php?doing_wp_cron=1768083253.7585330009460449218750 HTTP/1.1" 200 474 "-" "WordPress/6.9; https://view.lotushomemade.com"
114.119.156.27 - - [11/Jan/2026:05:14:10 +0700] "GET /shop/page/5/?orderby=popularity&stock_status=instock&per_row=6&shop_view=grid HTTP/1.1" 200 40131 "https://view.lotushomemade.com/shop/page/7/?orderby=popularity&stock_status=instock&per_row=6&shop_view=grid" "Mozilla/5.0 (Linux; Android 7.0;) AppleWebKit/537.36 (KHTML, like Gecko) Mobile Safari/537.36 (compatible; PetalBot;+https://webmaster.petalsearch.com/site/petalbot)"
103.131.51.123 - - [11/Jan/2026:05:15:40 +0700] "POST /wp-cron.php?doing_wp_cron=1768083340.4994668960571289062500 HTTP/1.1" 200 474 "-" "WordPress/6.9; https://view.lotushomemade.com"
114.119.151.206 - - [11/Jan/2026:05:15:36 +0700] "GET /shop/page/5/?max_price=520&per_page=8&stock_status=onsale HTTP/1.1" 200 39557 "https://view.lotushomemade.com/shop/page/8/?max_price=520&per_page=8&stock_status=onsale" "Mozilla/5.0 (Linux; Android 7.0;) AppleWebKit/537.36 (KHTML, like Gecko) Mobile Safari/537.36 (compatible; PetalBot;+https://webmaster.petalsearch.com/site/petalbot)"
103.131.51.123 - - [11/Jan/2026:05:17:01 +0700] "POST /wp-cron.php?doing_wp_cron=1768083421.1899700164794921875000 HTTP/1.1" 200 474 "-" "WordPress/6.9; https://view.lotushomemade.com"
114.119.150.215 - - [11/Jan/2026:05:16:57 +0700] "GET /shop/page/5/?max_price=1050&shop_view=grid&per_row=6 HTTP/1.1" 200 40300 "https://view.lotushomemade.com/shop/page/3/?max_price=1050&shop_view=grid&per_row=6" "Mozilla/5.0 (Linux; Android 7.0;) AppleWebKit/537.36 (KHTML, like Gecko) Mobile Safari/537.36 (compatible; PetalBot;+https://webmaster.petalsearch.com/site/petalbot)"
103.131.51.123 - - [11/Jan/2026:05:18:23 +0700] "POST /wp-cron.php?doing_wp_cron=1768083503.7648758888244628906250 HTTP/1.1" 200 474 "-" "WordPress/6.9; https://view.lotushomemade.com"
114.119.130.97 - - [11/Jan/2026:05:18:20 +0700] "GET /shop/page/5/?max_price=1040&stock_status=onsale&per_row=6&shop_view=grid HTTP/1.1" 200 40452 "https://view.lotushomemade.com/shop/page/2/?max_price=1040&stock_status=onsale&per_row=6&shop_view=grid" "Mozilla/5.0 (Linux; Android 7.0;) AppleWebKit/537.36 (KHTML, like Gecko) Mobile Safari/537.36 (compatible; PetalBot;+https://webmaster.petalsearch.com/site/petalbot)"
103.131.51.123 - - [11/Jan/2026:05:19:46 +0700] "POST /wp-cron.php?doing_wp_cron=1768083586.7873539924621582031250 HTTP/1.1" 200 474 "-" "WordPress/6.9; https://view.lotushomemade.com"
114.119.156.27 - - [11/Jan/2026:05:19:44 +0700] "GET /shop/page/4?stock_status=instock,onsale HTTP/1.1" 301 507 "https://view.lotushomemade.com/shop/?stock_status=instock%2Consale" "Mozilla/5.0 (Linux; Android 7.0;) AppleWebKit/537.36 (KHTML, like Gecko) Mobile Safari/537.36 (compatible; PetalBot;+https://webmaster.petalsearch.com/site/petalbot)"
114.119.156.27 - - [11/Jan/2026:05:19:46 +0700] "GET /shop/page/4/?stock_status=instock,onsale HTTP/1.1" 301 507 "https://view.lotushomemade.com/shop/?stock_status=instock%2Consale" "Mozilla/5.0 (Linux; Android 7.0;) AppleWebKit/537.36 (KHTML, like Gecko) Mobile Safari/537.36 (compatible; PetalBot;+https://webmaster.petalsearch.com/site/petalbot)"
114.119.156.27 - - [11/Jan/2026:05:19:47 +0700] "GET /shop/page/4/?stock_status=instock,onsale HTTP/1.1" 301 507 "https://view.lotushomemade.com/shop/?stock_status=instock%2Consale" "Mozilla/5.0 (Linux; Android 7.0;) AppleWebKit/537.36 (KHTML, like Gecko) Mobile Safari/537.36 (compatible; PetalBot;+https://webmaster.petalsearch.com/site/petalbot)"
114.119.156.27 - - [11/Jan/2026:05:19:47 +0700] "GET /shop/page/4/?stock_status=instock,onsale HTTP/1.1" 301 507 "https://view.lotushomemade.com/shop/?stock_status=instock%2Consale" "Mozilla/5.0 (Linux; Android 7.0;) AppleWebKit/537.36 (KHTML, like Gecko) Mobile Safari/537.36 (compatible; PetalBot;+https://webmaster.petalsearch.com/site/petalbot)"
114.119.156.27 - - [11/Jan/2026:05:19:48 +0700] "GET /shop/page/4/?stock_status=instock,onsale HTTP/1.1" 301 507 "https://view.lotushomemade.com/shop/?stock_status=instock%2Consale" "Mozilla/5.0 (Linux; Android 7.0;) AppleWebKit/537.36 (KHTML, like Gecko) Mobile Safari/537.36 (compatible; PetalBot;+https://webmaster.petalsearch.com/site/petalbot)"
114.119.156.27 - - [11/Jan/2026:05:19:48 +0700] "GET /shop/page/4/?stock_status=instock,onsale HTTP/1.1" 301 507 "https://view.lotushomemade.com/shop/?stock_status=instock%2Consale" "Mozilla/5.0 (Linux; Android 7.0;) AppleWebKit/537.36 (KHTML, like Gecko) Mobile Safari/537.36 (compatible; PetalBot;+https://webmaster.petalsearch.com/site/petalbot)"
114.119.156.27 - - [11/Jan/2026:05:19:49 +0700] "GET /shop/page/4/?stock_status=instock,onsale HTTP/1.1" 301 507 "https://view.lotushomemade.com/shop/?stock_status=instock%2Consale" "Mozilla/5.0 (Linux; Android 7.0;) AppleWebKit/537.36 (KHTML, like Gecko) Mobile Safari/537.36 (compatible; PetalBot;+https://webmaster.petalsearch.com/site/petalbot)"
114.119.156.27 - - [11/Jan/2026:05:19:49 +0700] "GET /shop/page/4/?stock_status=instock,onsale HTTP/1.1" 301 507 "https://view.lotushomemade.com/shop/?stock_status=instock%2Consale" "Mozilla/5.0 (Linux; Android 7.0;) AppleWebKit/537.36 (KHTML, like Gecko) Mobile Safari/537.36 (compatible; PetalBot;+https://webmaster.petalsearch.com/site/petalbot)"
114.119.156.27 - - [11/Jan/2026:05:19:50 +0700] "GET /shop/page/4/?stock_status=instock,onsale HTTP/1.1" 301 507 "https://view.lotushomemade.com/shop/?stock_status=instock%2Consale" "Mozilla/5.0 (Linux; Android 7.0;) AppleWebKit/537.36 (KHTML, like Gecko) Mobile Safari/537.36 (compatible; PetalBot;+https://webmaster.petalsearch.com/site/petalbot)"
114.119.156.27 - - [11/Jan/2026:05:19:50 +0700] "GET /shop/page/4/?stock_status=instock,onsale HTTP/1.1" 301 507 "https://view.lotushomemade.com/shop/?stock_status=instock%2Consale" "Mozilla/5.0 (Linux; Android 7.0;) AppleWebKit/537.36 (KHTML, like Gecko) Mobile Safari/537.36 (compatible; PetalBot;+https://webmaster.petalsearch.com/site/petalbot)"
103.131.51.123 - - [11/Jan/2026:05:21:10 +0700] "POST /wp-cron.php?doing_wp_cron=1768083670.7214748859405517578125 HTTP/1.1" 200 474 "-" "WordPress/6.9; https://view.lotushomemade.com"
114.119.156.27 - - [11/Jan/2026:05:21:08 +0700] "GET /shop/page/4?orderby=price&per_page=24 HTTP/1.1" 301 549 "-" "Mozilla/5.0 (Linux; Android 7.0;) AppleWebKit/537.36 (KHTML, like Gecko) Mobile Safari/537.36 (compatible; PetalBot;+https://webmaster.petalsearch.com/site/petalbot)"
114.119.156.27 - - [11/Jan/2026:05:21:10 +0700] "GET /shop/page/4/?orderby=price&per_page=24 HTTP/1.1" 200 41776 "-" "Mozilla/5.0 (Linux; Android 7.0;) AppleWebKit/537.36 (KHTML, like Gecko) Mobile Safari/537.36 (compatible; PetalBot;+https://webmaster.petalsearch.com/site/petalbot)"
103.131.51.123 - - [11/Jan/2026:05:22:36 +0700] "POST /wp-cron.php?doing_wp_cron=1768083756.0447480678558349609375 HTTP/1.1" 200 474 "-" "WordPress/6.9; https://view.lotushomemade.com"
114.119.151.206 - - [11/Jan/2026:05:22:32 +0700] "GET /shop/page/48/?orderby=price-desc&per_row=2&shop_view=grid&per_page=8 HTTP/1.1" 200 38874 "https://view.lotushomemade.com/shop/page/33/?orderby=price-desc&per_row=2&shop_view=grid&per_page=8" "Mozilla/5.0 (Linux; Android 7.0;) AppleWebKit/537.36 (KHTML, like Gecko) Mobile Safari/537.36 (compatible; PetalBot;+https://webmaster.petalsearch.com/site/petalbot)"
103.131.51.123 - - [11/Jan/2026:05:23:58 +0700] "POST /wp-cron.php?doing_wp_cron=1768083838.3407959938049316406250 HTTP/1.1" 200 474 "-" "WordPress/6.9; https://view.lotushomemade.com"
114.119.149.78 - - [11/Jan/2026:05:23:56 +0700] "GET /shop/page/48/?min_price=0&max_price=260&per_page=8&stock_status=instock,onsale HTTP/1.1" 301 590 "https://view.lotushomemade.com/shop?min_price=0&max_price=260&per_page=8&stock_status=instock%2Consale" "Mozilla/5.0 (Linux; Android 7.0;) AppleWebKit/537.36 (KHTML, like Gecko) Mobile Safari/537.36 (compatible; PetalBot;+https://webmaster.petalsearch.com/site/petalbot)"
114.119.149.78 - - [11/Jan/2026:05:23:58 +0700] "GET /shop/page/48/?min_price=0&max_price=260&per_page=8&stock_status=instock,onsale HTTP/1.1" 301 590 "https://view.lotushomemade.com/shop?min_price=0&max_price=260&per_page=8&stock_status=instock%2Consale" "Mozilla/5.0 (Linux; Android 7.0;) AppleWebKit/537.36 (KHTML, like Gecko) Mobile Safari/537.36 (compatible; PetalBot;+https://webmaster.petalsearch.com/site/petalbot)"
114.119.149.78 - - [11/Jan/2026:05:23:59 +0700] "GET /shop/page/48/?min_price=0&max_price=260&per_page=8&stock_status=instock,onsale HTTP/1.1" 301 590 "https://view.lotushomemade.com/shop?min_price=0&max_price=260&per_page=8&stock_status=instock%2Consale" "Mozilla/5.0 (Linux; Android 7.0;) AppleWebKit/537.36 (KHTML, like Gecko) Mobile Safari/537.36 (compatible; PetalBot;+https://webmaster.petalsearch.com/site/petalbot)"
114.119.149.78 - - [11/Jan/2026:05:23:59 +0700] "GET /shop/page/48/?min_price=0&max_price=260&per_page=8&stock_status=instock,onsale HTTP/1.1" 301 590 "https://view.lotushomemade.com/shop?min_price=0&max_price=260&per_page=8&stock_status=instock%2Consale" "Mozilla/5.0 (Linux; Android 7.0;) AppleWebKit/537.36 (KHTML, like Gecko) Mobile Safari/537.36 (compatible; PetalBot;+https://webmaster.petalsearch.com/site/petalbot)"
114.119.149.78 - - [11/Jan/2026:05:24:00 +0700] "GET /shop/page/48/?min_price=0&max_price=260&per_page=8&stock_status=instock,onsale HTTP/1.1" 301 590 "https://view.lotushomemade.com/shop?min_price=0&max_price=260&per_page=8&stock_status=instock%2Consale" "Mozilla/5.0 (Linux; Android 7.0;) AppleWebKit/537.36 (KHTML, like Gecko) Mobile Safari/537.36 (compatible; PetalBot;+https://webmaster.petalsearch.com/site/petalbot)"
114.119.149.78 - - [11/Jan/2026:05:24:00 +0700] "GET /shop/page/48/?min_price=0&max_price=260&per_page=8&stock_status=instock,onsale HTTP/1.1" 301 590 "https://view.lotushomemade.com/shop?min_price=0&max_price=260&per_page=8&stock_status=instock%2Consale" "Mozilla/5.0 (Linux; Android 7.0;) AppleWebKit/537.36 (KHTML, like Gecko) Mobile Safari/537.36 (compatible; PetalBot;+https://webmaster.petalsearch.com/site/petalbot)"
114.119.149.78 - - [11/Jan/2026:05:24:01 +0700] "GET /shop/page/48/?min_price=0&max_price=260&per_page=8&stock_status=instock,onsale HTTP/1.1" 301 590 "https://view.lotushomemade.com/shop?min_price=0&max_price=260&per_page=8&stock_status=instock%2Consale" "Mozilla/5.0 (Linux; Android 7.0;) AppleWebKit/537.36 (KHTML, like Gecko) Mobile Safari/537.36 (compatible; PetalBot;+https://webmaster.petalsearch.com/site/petalbot)"
114.119.149.78 - - [11/Jan/2026:05:24:01 +0700] "GET /shop/page/48/?min_price=0&max_price=260&per_page=8&stock_status=instock,onsale HTTP/1.1" 301 590 "https://view.lotushomemade.com/shop?min_price=0&max_price=260&per_page=8&stock_status=instock%2Consale" "Mozilla/5.0 (Linux; Android 7.0;) AppleWebKit/537.36 (KHTML, like Gecko) Mobile Safari/537.36 (compatible; PetalBot;+https://webmaster.petalsearch.com/site/petalbot)"
114.119.149.78 - - [11/Jan/2026:05:24:02 +0700] "GET /shop/page/48/?min_price=0&max_price=260&per_page=8&stock_status=instock,onsale HTTP/1.1" 301 590 "https://view.lotushomemade.com/shop?min_price=0&max_price=260&per_page=8&stock_status=instock%2Consale" "Mozilla/5.0 (Linux; Android 7.0;) AppleWebKit/537.36 (KHTML, like Gecko) Mobile Safari/537.36 (compatible; PetalBot;+https://webmaster.petalsearch.com/site/petalbot)"
114.119.149.78 - - [11/Jan/2026:05:24:02 +0700] "GET /shop/page/48/?min_price=0&max_price=260&per_page=8&stock_status=instock,onsale HTTP/1.1" 301 590 "https://view.lotushomemade.com/shop?min_price=0&max_price=260&per_page=8&stock_status=instock%2Consale" "Mozilla/5.0 (Linux; Android 7.0;) AppleWebKit/537.36 (KHTML, like Gecko) Mobile Safari/537.36 (compatible; PetalBot;+https://webmaster.petalsearch.com/site/petalbot)"
103.131.51.123 - - [11/Jan/2026:05:25:23 +0700] "POST /wp-cron.php?doing_wp_cron=1768083923.3497190475463867187500 HTTP/1.1" 200 474 "-" "WordPress/6.9; https://view.lotushomemade.com"
114.119.148.197 - - [11/Jan/2026:05:25:19 +0700] "GET /shop/page/48/?max_price=780&stock_status=instock&per_page=8 HTTP/1.1" 200 39193 "https://view.lotushomemade.com/shop/page/40/?max_price=780&stock_status=instock&per_page=8" "Mozilla/5.0 (Linux; Android 7.0;) AppleWebKit/537.36 (KHTML, like Gecko) Mobile Safari/537.36 (compatible; PetalBot;+https://webmaster.petalsearch.com/site/petalbot)"
103.131.51.123 - - [11/Jan/2026:05:26:45 +0700] "POST /wp-cron.php?doing_wp_cron=1768084005.3061270713806152343750 HTTP/1.1" 200 474 "-" "WordPress/6.9; https://view.lotushomemade.com"
114.119.148.197 - - [11/Jan/2026:05:26:43 +0700] "GET /shop/page/4?orderby=date&stock_status=instock,onsale&per_page=18 HTTP/1.1" 301 578 "https://view.lotushomemade.com/shop/?orderby=date&stock_status=instock%2Consale&per_page=18" "Mozilla/5.0 (Linux; Android 7.0;) AppleWebKit/537.36 (KHTML, like Gecko) Mobile Safari/537.36 (compatible; PetalBot;+https://webmaster.petalsearch.com/site/petalbot)"
114.119.148.197 - - [11/Jan/2026:05:26:45 +0700] "GET /shop/page/4/?orderby=date&stock_status=instock,onsale&per_page=18 HTTP/1.1" 301 578 "https://view.lotushomemade.com/shop/?orderby=date&stock_status=instock%2Consale&per_page=18" "Mozilla/5.0 (Linux; Android 7.0;) AppleWebKit/537.36 (KHTML, like Gecko) Mobile Safari/537.36 (compatible; PetalBot;+https://webmaster.petalsearch.com/site/petalbot)"
114.119.148.197 - - [11/Jan/2026:05:26:46 +0700] "GET /shop/page/4/?orderby=date&stock_status=instock,onsale&per_page=18 HTTP/1.1" 301 578 "https://view.lotushomemade.com/shop/?orderby=date&stock_status=instock%2Consale&per_page=18" "Mozilla/5.0 (Linux; Android 7.0;) AppleWebKit/537.36 (KHTML, like Gecko) Mobile Safari/537.36 (compatible; PetalBot;+https://webmaster.petalsearch.com/site/petalbot)"
114.119.148.197 - - [11/Jan/2026:05:26:46 +0700] "GET /shop/page/4/?orderby=date&stock_status=instock,onsale&per_page=18 HTTP/1.1" 301 578 "https://view.lotushomemade.com/shop/?orderby=date&stock_status=instock%2Consale&per_page=18" "Mozilla/5.0 (Linux; Android 7.0;) AppleWebKit/537.36 (KHTML, like Gecko) Mobile Safari/537.36 (compatible; PetalBot;+https://webmaster.petalsearch.com/site/petalbot)"
114.119.148.197 - - [11/Jan/2026:05:26:47 +0700] "GET /shop/page/4/?orderby=date&stock_status=instock,onsale&per_page=18 HTTP/1.1" 301 578 "https://view.lotushomemade.com/shop/?orderby=date&stock_status=instock%2Consale&per_page=18" "Mozilla/5.0 (Linux; Android 7.0;) AppleWebKit/537.36 (KHTML, like Gecko) Mobile Safari/537.36 (compatible; PetalBot;+https://webmaster.petalsearch.com/site/petalbot)"
114.119.148.197 - - [11/Jan/2026:05:26:47 +0700] "GET /shop/page/4/?orderby=date&stock_status=instock,onsale&per_page=18 HTTP/1.1" 301 578 "https://view.lotushomemade.com/shop/?orderby=date&stock_status=instock%2Consale&per_page=18" "Mozilla/5.0 (Linux; Android 7.0;) AppleWebKit/537.36 (KHTML, like Gecko) Mobile Safari/537.36 (compatible; PetalBot;+https://webmaster.petalsearch.com/site/petalbot)"
114.119.148.197 - - [11/Jan/2026:05:26:48 +0700] "GET /shop/page/4/?orderby=date&stock_status=instock,onsale&per_page=18 HTTP/1.1" 301 578 "https://view.lotushomemade.com/shop/?orderby=date&stock_status=instock%2Consale&per_page=18" "Mozilla/5.0 (Linux; Android 7.0;) AppleWebKit/537.36 (KHTML, like Gecko) Mobile Safari/537.36 (compatible; PetalBot;+https://webmaster.petalsearch.com/site/petalbot)"
114.119.148.197 - - [11/Jan/2026:05:26:48 +0700] "GET /shop/page/4/?orderby=date&stock_status=instock,onsale&per_page=18 HTTP/1.1" 301 578 "https://view.lotushomemade.com/shop/?orderby=date&stock_status=instock%2Consale&per_page=18" "Mozilla/5.0 (Linux; Android 7.0;) AppleWebKit/537.36 (KHTML, like Gecko) Mobile Safari/537.36 (compatible; PetalBot;+https://webmaster.petalsearch.com/site/petalbot)"
114.119.148.197 - - [11/Jan/2026:05:26:49 +0700] "GET /shop/page/4/?orderby=date&stock_status=instock,onsale&per_page=18 HTTP/1.1" 301 578 "https://view.lotushomemade.com/shop/?orderby=date&stock_status=instock%2Consale&per_page=18" "Mozilla/5.0 (Linux; Android 7.0;) AppleWebKit/537.36 (KHTML, like Gecko) Mobile Safari/537.36 (compatible; PetalBot;+https://webmaster.petalsearch.com/site/petalbot)"
114.119.148.197 - - [11/Jan/2026:05:26:49 +0700] "GET /shop/page/4/?orderby=date&stock_status=instock,onsale&per_page=18 HTTP/1.1" 301 578 "https://view.lotushomemade.com/shop/?orderby=date&stock_status=instock%2Consale&per_page=18" "Mozilla/5.0 (Linux; Android 7.0;) AppleWebKit/537.36 (KHTML, like Gecko) Mobile Safari/537.36 (compatible; PetalBot;+https://webmaster.petalsearch.com/site/petalbot)"
103.131.51.123 - - [11/Jan/2026:05:28:09 +0700] "POST /wp-cron.php?doing_wp_cron=1768084089.9544460773468017578125 HTTP/1.1" 200 474 "-" "WordPress/6.9; https://view.lotushomemade.com"
114.119.130.97 - - [11/Jan/2026:05:28:07 +0700] "GET /shop/page/47?per_page=8&shop_view=grid&per_row=2 HTTP/1.1" 301 647 "https://view.lotushomemade.com/shop/?per_page=8&shop_view=grid&per_row=2" "Mozilla/5.0 (Linux; Android 7.0;) AppleWebKit/537.36 (KHTML, like Gecko) Mobile Safari/537.36 (compatible; PetalBot;+https://webmaster.petalsearch.com/site/petalbot)"
114.119.130.97 - - [11/Jan/2026:05:28:10 +0700] "GET /shop/page/47/?per_page=8&shop_view=grid&per_row=2 HTTP/1.1" 200 39513 "https://view.lotushomemade.com/shop/?per_page=8&shop_view=grid&per_row=2" "Mozilla/5.0 (Linux; Android 7.0;) AppleWebKit/537.36 (KHTML, like Gecko) Mobile Safari/537.36 (compatible; PetalBot;+https://webmaster.petalsearch.com/site/petalbot)"
103.131.51.123 - - [11/Jan/2026:05:29:33 +0700] "POST /wp-cron.php?doing_wp_cron=1768084173.4459979534149169921875 HTTP/1.1" 200 474 "-" "WordPress/6.9; https://view.lotushomemade.com"
114.119.149.78 - - [11/Jan/2026:05:29:29 +0700] "GET /shop/page/47/?per_page=8&shop_view=grid&per_row=4 HTTP/1.1" 200 39526 "https://view.lotushomemade.com/shop/page/43/?per_page=8&shop_view=grid&per_row=4" "Mozilla/5.0 (Linux; Android 7.0;) AppleWebKit/537.36 (KHTML, like Gecko) Mobile Safari/537.36 (compatible; PetalBot;+https://webmaster.petalsearch.com/site/petalbot)"
103.131.51.123 - - [11/Jan/2026:05:30:57 +0700] "POST /wp-cron.php?doing_wp_cron=1768084256.9904088973999023437500 HTTP/1.1" 200 474 "-" "WordPress/6.9; https://view.lotushomemade.com"
114.119.156.27 - - [11/Jan/2026:05:30:54 +0700] "GET /shop/page/46?per_row=2&per_page=8&shop_view=grid&stock_status=instock,onsale HTTP/1.1" 301 677 "https://view.lotushomemade.com/shop/?per_row=2&per_page=8&shop_view=grid&stock_status=instock%2Consale" "Mozilla/5.0 (Linux; Android 7.0;) AppleWebKit/537.36 (KHTML, like Gecko) Mobile Safari/537.36 (compatible; PetalBot;+https://webmaster.petalsearch.com/site/petalbot)"
114.119.156.27 - - [11/Jan/2026:05:30:57 +0700] "GET /shop/page/46/?per_row=2&per_page=8&shop_view=grid&stock_status=instock,onsale HTTP/1.1" 301 677 "https://view.lotushomemade.com/shop/?per_row=2&per_page=8&shop_view=grid&stock_status=instock%2Consale" "Mozilla/5.0 (Linux; Android 7.0;) AppleWebKit/537.36 (KHTML, like Gecko) Mobile Safari/537.36 (compatible; PetalBot;+https://webmaster.petalsearch.com/site/petalbot)"
114.119.156.27 - - [11/Jan/2026:05:30:57 +0700] "GET /shop/page/46/?per_row=2&per_page=8&shop_view=grid&stock_status=instock,onsale HTTP/1.1" 301 677 "https://view.lotushomemade.com/shop/?per_row=2&per_page=8&shop_view=grid&stock_status=instock%2Consale" "Mozilla/5.0 (Linux; Android 7.0;) AppleWebKit/537.36 (KHTML, like Gecko) Mobile Safari/537.36 (compatible; PetalBot;+https://webmaster.petalsearch.com/site/petalbot)"
114.119.156.27 - - [11/Jan/2026:05:30:58 +0700] "GET /shop/page/46/?per_row=2&per_page=8&shop_view=grid&stock_status=instock,onsale HTTP/1.1" 301 677 "https://view.lotushomemade.com/shop/?per_row=2&per_page=8&shop_view=grid&stock_status=instock%2Consale" "Mozilla/5.0 (Linux; Android 7.0;) AppleWebKit/537.36 (KHTML, like Gecko) Mobile Safari/537.36 (compatible; PetalBot;+https://webmaster.petalsearch.com/site/petalbot)"
114.119.156.27 - - [11/Jan/2026:05:30:58 +0700] "GET /shop/page/46/?per_row=2&per_page=8&shop_view=grid&stock_status=instock,onsale HTTP/1.1" 301 677 "https://view.lotushomemade.com/shop/?per_row=2&per_page=8&shop_view=grid&stock_status=instock%2Consale" "Mozilla/5.0 (Linux; Android 7.0;) AppleWebKit/537.36 (KHTML, like Gecko) Mobile Safari/537.36 (compatible; PetalBot;+https://webmaster.petalsearch.com/site/petalbot)"
114.119.156.27 - - [11/Jan/2026:05:30:58 +0700] "GET /shop/page/46/?per_row=2&per_page=8&shop_view=grid&stock_status=instock,onsale HTTP/1.1" 301 677 "https://view.lotushomemade.com/shop/?per_row=2&per_page=8&shop_view=grid&stock_status=instock%2Consale" "Mozilla/5.0 (Linux; Android 7.0;) AppleWebKit/537.36 (KHTML, like Gecko) Mobile Safari/537.36 (compatible; PetalBot;+https://webmaster.petalsearch.com/site/petalbot)"
114.119.156.27 - - [11/Jan/2026:05:30:59 +0700] "GET /shop/page/46/?per_row=2&per_page=8&shop_view=grid&stock_status=instock,onsale HTTP/1.1" 301 677 "https://view.lotushomemade.com/shop/?per_row=2&per_page=8&shop_view=grid&stock_status=instock%2Consale" "Mozilla/5.0 (Linux; Android 7.0;) AppleWebKit/537.36 (KHTML, like Gecko) Mobile Safari/537.36 (compatible; PetalBot;+https://webmaster.petalsearch.com/site/petalbot)"
114.119.156.27 - - [11/Jan/2026:05:30:59 +0700] "GET /shop/page/46/?per_row=2&per_page=8&shop_view=grid&stock_status=instock,onsale HTTP/1.1" 301 677 "https://view.lotushomemade.com/shop/?per_row=2&per_page=8&shop_view=grid&stock_status=instock%2Consale" "Mozilla/5.0 (Linux; Android 7.0;) AppleWebKit/537.36 (KHTML, like Gecko) Mobile Safari/537.36 (compatible; PetalBot;+https://webmaster.petalsearch.com/site/petalbot)"
114.119.156.27 - - [11/Jan/2026:05:31:00 +0700] "GET /shop/page/46/?per_row=2&per_page=8&shop_view=grid&stock_status=instock,onsale HTTP/1.1" 301 677 "https://view.lotushomemade.com/shop/?per_row=2&per_page=8&shop_view=grid&stock_status=instock%2Consale" "Mozilla/5.0 (Linux; Android 7.0;) AppleWebKit/537.36 (KHTML, like Gecko) Mobile Safari/537.36 (compatible; PetalBot;+https://webmaster.petalsearch.com/site/petalbot)"
114.119.156.27 - - [11/Jan/2026:05:31:00 +0700] "GET /shop/page/46/?per_row=2&per_page=8&shop_view=grid&stock_status=instock,onsale HTTP/1.1" 301 677 "https://view.lotushomemade.com/shop/?per_row=2&per_page=8&shop_view=grid&stock_status=instock%2Consale" "Mozilla/5.0 (Linux; Android 7.0;) AppleWebKit/537.36 (KHTML, like Gecko) Mobile Safari/537.36 (compatible; PetalBot;+https://webmaster.petalsearch.com/site/petalbot)"
103.131.51.123 - - [11/Jan/2026:05:32:21 +0700] "POST /wp-cron.php?doing_wp_cron=1768084341.0034019947052001953125 HTTP/1.1" 200 474 "-" "WordPress/6.9; https://view.lotushomemade.com"
114.119.156.27 - - [11/Jan/2026:05:32:18 +0700] "GET /shop/page/46?max_price=1040&per_row=2&shop_view=grid&per_page=8 HTTP/1.1" 301 662 "https://view.lotushomemade.com/shop?max_price=1040&per_row=2&shop_view=grid&per_page=8" "Mozilla/5.0 (Linux; Android 7.0;) AppleWebKit/537.36 (KHTML, like Gecko) Mobile Safari/537.36 (compatible; PetalBot;+https://webmaster.petalsearch.com/site/petalbot)"
114.119.156.27 - - [11/Jan/2026:05:32:21 +0700] "GET /shop/page/46/?max_price=1040&per_row=2&shop_view=grid&per_page=8 HTTP/1.1" 200 39488 "https://view.lotushomemade.com/shop?max_price=1040&per_row=2&shop_view=grid&per_page=8" "Mozilla/5.0 (Linux; Android 7.0;) AppleWebKit/537.36 (KHTML, like Gecko) Mobile Safari/537.36 (compatible; PetalBot;+https://webmaster.petalsearch.com/site/petalbot)"
103.131.51.123 - - [11/Jan/2026:05:33:44 +0700] "POST /wp-cron.php?doing_wp_cron=1768084424.2716801166534423828125 HTTP/1.1" 200 474 "-" "WordPress/6.9; https://view.lotushomemade.com"
114.119.149.78 - - [11/Jan/2026:05:33:41 +0700] "GET /shop/page/46/?orderby=date&per_page=8&stock_status=instock,onsale HTTP/1.1" 301 577 "https://view.lotushomemade.com/shop?orderby=date&per_page=8&stock_status=instock%2Consale" "Mozilla/5.0 (Linux; Android 7.0;) AppleWebKit/537.36 (KHTML, like Gecko) Mobile Safari/537.36 (compatible; PetalBot;+https://webmaster.petalsearch.com/site/petalbot)"
114.119.149.78 - - [11/Jan/2026:05:33:44 +0700] "GET /shop/page/46/?orderby=date&per_page=8&stock_status=instock,onsale HTTP/1.1" 301 577 "https://view.lotushomemade.com/shop?orderby=date&per_page=8&stock_status=instock%2Consale" "Mozilla/5.0 (Linux; Android 7.0;) AppleWebKit/537.36 (KHTML, like Gecko) Mobile Safari/537.36 (compatible; PetalBot;+https://webmaster.petalsearch.com/site/petalbot)"
114.119.149.78 - - [11/Jan/2026:05:33:44 +0700] "GET /shop/page/46/?orderby=date&per_page=8&stock_status=instock,onsale HTTP/1.1" 301 577 "https://view.lotushomemade.com/shop?orderby=date&per_page=8&stock_status=instock%2Consale" "Mozilla/5.0 (Linux; Android 7.0;) AppleWebKit/537.36 (KHTML, like Gecko) Mobile Safari/537.36 (compatible; PetalBot;+https://webmaster.petalsearch.com/site/petalbot)"
114.119.149.78 - - [11/Jan/2026:05:33:45 +0700] "GET /shop/page/46/?orderby=date&per_page=8&stock_status=instock,onsale HTTP/1.1" 301 577 "https://view.lotushomemade.com/shop?orderby=date&per_page=8&stock_status=instock%2Consale" "Mozilla/5.0 (Linux; Android 7.0;) AppleWebKit/537.36 (KHTML, like Gecko) Mobile Safari/537.36 (compatible; PetalBot;+https://webmaster.petalsearch.com/site/petalbot)"
114.119.149.78 - - [11/Jan/2026:05:33:45 +0700] "GET /shop/page/46/?orderby=date&per_page=8&stock_status=instock,onsale HTTP/1.1" 301 577 "https://view.lotushomemade.com/shop?orderby=date&per_page=8&stock_status=instock%2Consale" "Mozilla/5.0 (Linux; Android 7.0;) AppleWebKit/537.36 (KHTML, like Gecko) Mobile Safari/537.36 (compatible; PetalBot;+https://webmaster.petalsearch.com/site/petalbot)"
114.119.149.78 - - [11/Jan/2026:05:33:46 +0700] "GET /shop/page/46/?orderby=date&per_page=8&stock_status=instock,onsale HTTP/1.1" 301 577 "https://view.lotushomemade.com/shop?orderby=date&per_page=8&stock_status=instock%2Consale" "Mozilla/5.0 (Linux; Android 7.0;) AppleWebKit/537.36 (KHTML, like Gecko) Mobile Safari/537.36 (compatible; PetalBot;+https://webmaster.petalsearch.com/site/petalbot)"
114.119.149.78 - - [11/Jan/2026:05:33:46 +0700] "GET /shop/page/46/?orderby=date&per_page=8&stock_status=instock,onsale HTTP/1.1" 301 577 "https://view.lotushomemade.com/shop?orderby=date&per_page=8&stock_status=instock%2Consale" "Mozilla/5.0 (Linux; Android 7.0;) AppleWebKit/537.36 (KHTML, like Gecko) Mobile Safari/537.36 (compatible; PetalBot;+https://webmaster.petalsearch.com/site/petalbot)"
114.119.149.78 - - [11/Jan/2026:05:33:47 +0700] "GET /shop/page/46/?orderby=date&per_page=8&stock_status=instock,onsale HTTP/1.1" 301 577 "https://view.lotushomemade.com/shop?orderby=date&per_page=8&stock_status=instock%2Consale" "Mozilla/5.0 (Linux; Android 7.0;) AppleWebKit/537.36 (KHTML, like Gecko) Mobile Safari/537.36 (compatible; PetalBot;+https://webmaster.petalsearch.com/site/petalbot)"
114.119.149.78 - - [11/Jan/2026:05:33:47 +0700] "GET /shop/page/46/?orderby=date&per_page=8&stock_status=instock,onsale HTTP/1.1" 301 577 "https://view.lotushomemade.com/shop?orderby=date&per_page=8&stock_status=instock%2Consale" "Mozilla/5.0 (Linux; Android 7.0;) AppleWebKit/537.36 (KHTML, like Gecko) Mobile Safari/537.36 (compatible; PetalBot;+https://webmaster.petalsearch.com/site/petalbot)"
114.119.149.78 - - [11/Jan/2026:05:33:47 +0700] "GET /shop/page/46/?orderby=date&per_page=8&stock_status=instock,onsale HTTP/1.1" 301 577 "https://view.lotushomemade.com/shop?orderby=date&per_page=8&stock_status=instock%2Consale" "Mozilla/5.0 (Linux; Android 7.0;) AppleWebKit/537.36 (KHTML, like Gecko) Mobile Safari/537.36 (compatible; PetalBot;+https://webmaster.petalsearch.com/site/petalbot)"
103.131.51.123 - - [11/Jan/2026:05:35:10 +0700] "POST /wp-cron.php?doing_wp_cron=1768084510.5326890945434570312500 HTTP/1.1" 200 474 "-" "WordPress/6.9; https://view.lotushomemade.com"
