114.119.150.215 - - [11/Jan/2026:12:51:48 +0700] "GET /shop/?min_price=780&per_row=4&per_page=8&shop_view=grid HTTP/1.1" 200 38595 "https://view.lotushomemade.com/shop?min_price=780&per_page=24&shop_view=grid&per_row=4" "Mozilla/5.0 (Linux; Android 7.0;) AppleWebKit/537.36 (KHTML, like Gecko) Mobile Safari/537.36 (compatible; PetalBot;+https://webmaster.petalsearch.com/site/petalbot)"
114.119.145.110 - - [11/Jan/2026:12:53:09 +0700] "GET /shop/page/9/?orderby=date&per_row=2&per_page=18&shop_view=grid HTTP/1.1" 200 41159 "https://view.lotushomemade.com/shop/page/8/?orderby=date&per_row=2&per_page=18&shop_view=grid" "Mozilla/5.0 (Linux; Android 7.0;) AppleWebKit/537.36 (KHTML, like Gecko) Mobile Safari/537.36 (compatible; PetalBot;+https://webmaster.petalsearch.com/site/petalbot)"
103.131.51.123 - - [11/Jan/2026:12:54:34 +0700] "POST /wp-cron.php?doing_wp_cron=1768110874.0046339035034179687500 HTTP/1.1" 200 474 "-" "WordPress/6.9; https://view.lotushomemade.com"
114.119.156.27 - - [11/Jan/2026:12:54:31 +0700] "GET /shop/page/7?per_page=18 HTTP/1.1" 301 535 "https://view.lotushomemade.com/shop/page/4?per_page=18" "Mozilla/5.0 (Linux; Android 7.0;) AppleWebKit/537.36 (KHTML, like Gecko) Mobile Safari/537.36 (compatible; PetalBot;+https://webmaster.petalsearch.com/site/petalbot)"
114.119.156.27 - - [11/Jan/2026:12:54:34 +0700] "GET /shop/page/7/?per_page=18 HTTP/1.1" 200 40863 "https://view.lotushomemade.com/shop/page/4?per_page=18" "Mozilla/5.0 (Linux; Android 7.0;) AppleWebKit/537.36 (KHTML, like Gecko) Mobile Safari/537.36 (compatible; PetalBot;+https://webmaster.petalsearch.com/site/petalbot)"
103.131.51.123 - - [11/Jan/2026:12:55:58 +0700] "POST /wp-cron.php?doing_wp_cron=1768110958.7860040664672851562500 HTTP/1.1" 200 474 "-" "WordPress/6.9; https://view.lotushomemade.com"
114.119.151.206 - - [11/Jan/2026:12:55:56 +0700] "GET /shop/page/7?orderby=rating&per_page=12&stock_status=onsale HTTP/1.1" 301 570 "https://view.lotushomemade.com/shop/page/6?orderby=rating&per_page=12&stock_status=onsale" "Mozilla/5.0 (Linux; Android 7.0;) AppleWebKit/537.36 (KHTML, like Gecko) Mobile Safari/537.36 (compatible; PetalBot;+https://webmaster.petalsearch.com/site/petalbot)"
114.119.151.206 - - [11/Jan/2026:12:55:58 +0700] "GET /shop/page/7/?orderby=rating&per_page=12&stock_status=onsale HTTP/1.1" 200 39781 "https://view.lotushomemade.com/shop/page/6?orderby=rating&per_page=12&stock_status=onsale" "Mozilla/5.0 (Linux; Android 7.0;) AppleWebKit/537.36 (KHTML, like Gecko) Mobile Safari/537.36 (compatible; PetalBot;+https://webmaster.petalsearch.com/site/petalbot)"
103.131.51.123 - - [11/Jan/2026:12:57:23 +0700] "POST /wp-cron.php?doing_wp_cron=1768111043.0805130004882812500000 HTTP/1.1" 200 474 "-" "WordPress/6.9; https://view.lotushomemade.com"
114.119.151.206 - - [11/Jan/2026:12:57:19 +0700] "GET /shop/page/6/?orderby=popularity&per_row=2&shop_view=grid&per_page=8 HTTP/1.1" 200 39439 "https://view.lotushomemade.com/shop/page/8/?orderby=popularity&per_row=2&shop_view=grid&per_page=8" "Mozilla/5.0 (Linux; Android 7.0;) AppleWebKit/537.36 (KHTML, like Gecko) Mobile Safari/537.36 (compatible; PetalBot;+https://webmaster.petalsearch.com/site/petalbot)"
103.131.51.123 - - [11/Jan/2026:12:58:45 +0700] "POST /wp-cron.php?doing_wp_cron=1768111125.9399869441986083984375 HTTP/1.1" 200 474 "-" "WordPress/6.9; https://view.lotushomemade.com"
114.119.145.110 - - [11/Jan/2026:12:58:43 +0700] "GET /shop/page/2?max_price=1040&stock_status=onsale HTTP/1.1" 301 512 "https://view.lotushomemade.com/shop/page/13/?max_price=1040&stock_status=onsale" "Mozilla/5.0 (Linux; Android 7.0;) AppleWebKit/537.36 (KHTML, like Gecko) Mobile Safari/537.36 (compatible; PetalBot;+https://webmaster.petalsearch.com/site/petalbot)"
114.119.145.110 - - [11/Jan/2026:12:58:46 +0700] "GET /shop/page/2/?max_price=1040&stock_status=onsale HTTP/1.1" 200 40627 "https://view.lotushomemade.com/shop/page/13/?max_price=1040&stock_status=onsale" "Mozilla/5.0 (Linux; Android 7.0;) AppleWebKit/537.36 (KHTML, like Gecko) Mobile Safari/537.36 (compatible; PetalBot;+https://webmaster.petalsearch.com/site/petalbot)"
114.119.151.206 - - [11/Jan/2026:13:00:06 +0700] "GET /shop/page/29/?stock_status=onsale&per_row=2&shop_view=grid&per_page=8 HTTP/1.1" 200 39504 "https://view.lotushomemade.com/shop/page/26/?stock_status=onsale&per_row=2&shop_view=grid&per_page=8" "Mozilla/5.0 (Linux; Android 7.0;) AppleWebKit/537.36 (KHTML, like Gecko) Mobile Safari/537.36 (compatible; PetalBot;+https://webmaster.petalsearch.com/site/petalbot)"
103.131.51.123 - - [11/Jan/2026:13:01:31 +0700] "POST /wp-cron.php?doing_wp_cron=1768111291.9551329612731933593750 HTTP/1.1" 200 474 "-" "WordPress/6.9; https://view.lotushomemade.com"
114.119.149.78 - - [11/Jan/2026:13:01:30 +0700] "GET /shop/page/25/?max_price=520&per_page=12&shop_view=grid&per_row=6 HTTP/1.1" 200 40201 "https://view.lotushomemade.com/shop/page/27/?max_price=520&per_page=12&shop_view=grid&per_row=6" "Mozilla/5.0 (Linux; Android 7.0;) AppleWebKit/537.36 (KHTML, like Gecko) Mobile Safari/537.36 (compatible; PetalBot;+https://webmaster.petalsearch.com/site/petalbot)"
103.131.51.123 - - [11/Jan/2026:13:02:57 +0700] "POST /wp-cron.php?doing_wp_cron=1768111377.2165300846099853515625 HTTP/1.1" 200 474 "-" "WordPress/6.9; https://view.lotushomemade.com"
114.119.148.197 - - [11/Jan/2026:13:02:53 +0700] "GET /shop/page/23/?min_price=0&stock_status=onsale&shop_view=grid&per_row=4 HTTP/1.1" 200 40027 "https://view.lotushomemade.com/shop/page/24/?min_price=0&stock_status=onsale&shop_view=grid&per_row=4" "Mozilla/5.0 (Linux; Android 7.0;) AppleWebKit/537.36 (KHTML, like Gecko) Mobile Safari/537.36 (compatible; PetalBot;+https://webmaster.petalsearch.com/site/petalbot)"
103.131.51.123 - - [11/Jan/2026:13:04:21 +0700] "POST /wp-cron.php?doing_wp_cron=1768111461.8346979618072509765625 HTTP/1.1" 200 474 "-" "WordPress/6.9; https://view.lotushomemade.com"
114.119.150.215 - - [11/Jan/2026:13:04:18 +0700] "GET /shop/page/23/?max_price=520&stock_status=onsale&per_page=8 HTTP/1.1" 200 39446 "https://view.lotushomemade.com/shop/page/24/?max_price=520&stock_status=onsale&per_page=8" "Mozilla/5.0 (Linux; Android 7.0;) AppleWebKit/537.36 (KHTML, like Gecko) Mobile Safari/537.36 (compatible; PetalBot;+https://webmaster.petalsearch.com/site/petalbot)"
103.131.51.123 - - [11/Jan/2026:13:05:43 +0700] "POST /wp-cron.php?doing_wp_cron=1768111543.1798260211944580078125 HTTP/1.1" 200 474 "-" "WordPress/6.9; https://view.lotushomemade.com"
114.119.130.97 - - [11/Jan/2026:13:05:40 +0700] "GET /shop/page/21?per_page=8&stock_status=instock HTTP/1.1" 301 555 "https://view.lotushomemade.com/shop/page/18/?per_page=8&stock_status=instock" "Mozilla/5.0 (Linux; Android 7.0;) AppleWebKit/537.36 (KHTML, like Gecko) Mobile Safari/537.36 (compatible; PetalBot;+https://webmaster.petalsearch.com/site/petalbot)"
114.119.130.97 - - [11/Jan/2026:13:05:43 +0700] "GET /shop/page/21/?per_page=8&stock_status=instock HTTP/1.1" 200 39377 "https://view.lotushomemade.com/shop/page/18/?per_page=8&stock_status=instock" "Mozilla/5.0 (Linux; Android 7.0;) AppleWebKit/537.36 (KHTML, like Gecko) Mobile Safari/537.36 (compatible; PetalBot;+https://webmaster.petalsearch.com/site/petalbot)"
103.131.51.123 - - [11/Jan/2026:13:07:09 +0700] "POST /wp-cron.php?doing_wp_cron=1768111629.5212049484252929687500 HTTP/1.1" 200 474 "-" "WordPress/6.9; https://view.lotushomemade.com"
114.119.130.97 - - [11/Jan/2026:13:07:05 +0700] "GET /shop/page/21/?orderby=price-desc&stock_status=instock HTTP/1.1" 200 39759 "https://view.lotushomemade.com/shop/page/19/?orderby=price-desc&stock_status=instock" "Mozilla/5.0 (Linux; Android 7.0;) AppleWebKit/537.36 (KHTML, like Gecko) Mobile Safari/537.36 (compatible; PetalBot;+https://webmaster.petalsearch.com/site/petalbot)"
103.131.51.123 - - [11/Jan/2026:13:08:32 +0700] "POST /wp-cron.php?doing_wp_cron=1768111712.6170079708099365234375 HTTP/1.1" 200 474 "-" "WordPress/6.9; https://view.lotushomemade.com"
114.119.130.97 - - [11/Jan/2026:13:08:28 +0700] "GET /shop/page/21/?orderby=date&shop_view=grid&per_row=2 HTTP/1.1" 200 39496 "https://view.lotushomemade.com/shop/page/18?orderby=date&shop_view=grid&per_row=2" "Mozilla/5.0 (Linux; Android 7.0;) AppleWebKit/537.36 (KHTML, like Gecko) Mobile Safari/537.36 (compatible; PetalBot;+https://webmaster.petalsearch.com/site/petalbot)"
103.131.51.123 - - [11/Jan/2026:13:09:54 +0700] "POST /wp-cron.php?doing_wp_cron=1768111794.5722599029541015625000 HTTP/1.1" 200 474 "-" "WordPress/6.9; https://view.lotushomemade.com"
114.119.142.208 - - [11/Jan/2026:13:09:52 +0700] "GET /shop/page/20?orderby=popularity&per_row=2&shop_view=grid&stock_status=instock HTTP/1.1" 301 631 "https://view.lotushomemade.com/shop/page/17/?orderby=popularity&per_row=2&shop_view=grid&stock_status=instock" "Mozilla/5.0 (Linux; Android 7.0;) AppleWebKit/537.36 (KHTML, like Gecko) Mobile Safari/537.36 (compatible; PetalBot;+https://webmaster.petalsearch.com/site/petalbot)"
114.119.142.208 - - [11/Jan/2026:13:09:54 +0700] "GET /shop/page/20/?orderby=popularity&per_row=2&shop_view=grid&stock_status=instock HTTP/1.1" 200 39684 "https://view.lotushomemade.com/shop/page/17/?orderby=popularity&per_row=2&shop_view=grid&stock_status=instock" "Mozilla/5.0 (Linux; Android 7.0;) AppleWebKit/537.36 (KHTML, like Gecko) Mobile Safari/537.36 (compatible; PetalBot;+https://webmaster.petalsearch.com/site/petalbot)"
173.252.82.16 - - [11/Jan/2026:13:10:29 +0700] "GET /robots.txt HTTP/2" 200 123 "-" "facebookexternalhit/1.1 (+http://www.facebook.com/externalhit_uatext.php)"
103.131.51.123 - - [11/Jan/2026:13:11:02 +0700] "POST /wp-cron.php?doing_wp_cron=1768111862.7929708957672119140625 HTTP/1.1" 200 474 "-" "WordPress/6.9; https://view.lotushomemade.com"
66.249.71.130 - - [11/Jan/2026:13:11:01 +0700] "GET /shop/page/3/?min_price=0&max_price=260&per_page=8&shop_view=grid&per_row=2 HTTP/1.1" 200 33267 "-" "Mozilla/5.0 (Linux; Android 6.0.1; Nexus 5X Build/MMB29P) AppleWebKit/537.36 (KHTML, like Gecko) Chrome/143.0.7499.192 Mobile Safari/537.36 (compatible; GoogleOther)"
114.119.149.78 - - [11/Jan/2026:13:11:15 +0700] "GET /shop/page/9/?stock_status=onsale&per_row=4&shop_view=grid HTTP/1.1" 200 40131 "https://view.lotushomemade.com/shop/page/6/?stock_status=onsale&per_row=4&shop_view=grid" "Mozilla/5.0 (Linux; Android 7.0;) AppleWebKit/537.36 (KHTML, like Gecko) Mobile Safari/537.36 (compatible; PetalBot;+https://webmaster.petalsearch.com/site/petalbot)"
103.131.51.123 - - [11/Jan/2026:13:12:43 +0700] "POST /wp-cron.php?doing_wp_cron=1768111963.3930699825286865234375 HTTP/1.1" 200 474 "-" "WordPress/6.9; https://view.lotushomemade.com"
114.119.145.110 - - [11/Jan/2026:13:12:39 +0700] "GET /shop/page/7/?min_price=0&stock_status=instock&shop_view=grid&per_row=6 HTTP/1.1" 200 39986 "https://view.lotushomemade.com/shop/page/8/?min_price=0&stock_status=instock&shop_view=grid&per_row=6" "Mozilla/5.0 (Linux; Android 7.0;) AppleWebKit/537.36 (KHTML, like Gecko) Mobile Safari/537.36 (compatible; PetalBot;+https://webmaster.petalsearch.com/site/petalbot)"
103.131.51.123 - - [11/Jan/2026:13:14:09 +0700] "POST /wp-cron.php?doing_wp_cron=1768112049.3098139762878417968750 HTTP/1.1" 200 474 "-" "WordPress/6.9; https://view.lotushomemade.com"
114.119.148.197 - - [11/Jan/2026:13:14:05 +0700] "GET /shop/page/6/?orderby=popularity&stock_status=instock&per_row=2&shop_view=grid HTTP/1.1" 200 39989 "https://view.lotushomemade.com/shop/page/8?orderby=popularity&stock_status=instock&per_row=2&shop_view=grid" "Mozilla/5.0 (Linux; Android 7.0;) AppleWebKit/537.36 (KHTML, like Gecko) Mobile Safari/537.36 (compatible; PetalBot;+https://webmaster.petalsearch.com/site/petalbot)"
103.131.51.123 - - [11/Jan/2026:13:15:30 +0700] "POST /wp-cron.php?doing_wp_cron=1768112130.2994410991668701171875 HTTP/1.1" 200 474 "-" "WordPress/6.9; https://view.lotushomemade.com"
114.119.151.206 - - [11/Jan/2026:13:15:26 +0700] "GET /shop/page/5/?orderby=popularity&stock_status=instock&shop_view=grid&per_row=4 HTTP/1.1" 200 40111 "https://view.lotushomemade.com/shop/page/4/?orderby=popularity&stock_status=instock&shop_view=grid&per_row=4" "Mozilla/5.0 (Linux; Android 7.0;) AppleWebKit/537.36 (KHTML, like Gecko) Mobile Safari/537.36 (compatible; PetalBot;+https://webmaster.petalsearch.com/site/petalbot)"
103.131.51.123 - - [11/Jan/2026:13:16:56 +0700] "POST /wp-cron.php?doing_wp_cron=1768112216.6778581142425537109375 HTTP/1.1" 200 474 "-" "WordPress/6.9; https://view.lotushomemade.com"
114.119.150.215 - - [11/Jan/2026:13:16:53 +0700] "GET /shop/page/44/?max_price=1040&per_row=4&shop_view=grid&per_page=8 HTTP/1.1" 200 39716 "https://view.lotushomemade.com/shop/page/46/?max_price=1040&per_row=4&shop_view=grid&per_page=8" "Mozilla/5.0 (Linux; Android 7.0;) AppleWebKit/537.36 (KHTML, like Gecko) Mobile Safari/537.36 (compatible; PetalBot;+https://webmaster.petalsearch.com/site/petalbot)"
114.119.142.208 - - [11/Jan/2026:13:18:13 +0700] "GET /shop/page/42/?per_page=8&shop_view=grid&per_row=4 HTTP/1.1" 200 39407 "https://view.lotushomemade.com/shop/page/43/?per_page=8&shop_view=grid&per_row=4" "Mozilla/5.0 (Linux; Android 7.0;) AppleWebKit/537.36 (KHTML, like Gecko) Mobile Safari/537.36 (compatible; PetalBot;+https://webmaster.petalsearch.com/site/petalbot)"
103.131.51.123 - - [11/Jan/2026:13:19:41 +0700] "POST /wp-cron.php?doing_wp_cron=1768112381.5607380867004394531250 HTTP/1.1" 200 474 "-" "WordPress/6.9; https://view.lotushomemade.com"
114.119.156.27 - - [11/Jan/2026:13:19:37 +0700] "GET /shop/page/4/?min_price=0&stock_status=instock&shop_view=grid&per_row=2 HTTP/1.1" 200 40203 "https://view.lotushomemade.com/shop/page/5/?min_price=0&stock_status=instock&shop_view=grid&per_row=2" "Mozilla/5.0 (Linux; Android 7.0;) AppleWebKit/537.36 (KHTML, like Gecko) Mobile Safari/537.36 (compatible; PetalBot;+https://webmaster.petalsearch.com/site/petalbot)"
103.131.51.123 - - [11/Jan/2026:13:21:05 +0700] "POST /wp-cron.php?doing_wp_cron=1768112465.1326520442962646484375 HTTP/1.1" 200 474 "-" "WordPress/6.9; https://view.lotushomemade.com"
114.119.142.208 - - [11/Jan/2026:13:21:01 +0700] "GET /shop/page/4/?max_price=520&shop_view=grid&per_row=6 HTTP/1.1" 200 40350 "https://view.lotushomemade.com/shop/page/2?max_price=520&shop_view=grid&per_row=6" "Mozilla/5.0 (Linux; Android 7.0;) AppleWebKit/537.36 (KHTML, like Gecko) Mobile Safari/537.36 (compatible; PetalBot;+https://webmaster.petalsearch.com/site/petalbot)"
103.131.51.123 - - [11/Jan/2026:13:22:27 +0700] "POST /wp-cron.php?doing_wp_cron=1768112547.0161828994750976562500 HTTP/1.1" 200 474 "-" "WordPress/6.9; https://view.lotushomemade.com"
114.119.142.208 - - [11/Jan/2026:13:22:24 +0700] "GET /shop/page/4/?max_price=1040&stock_status=instock,onsale&per_page=8 HTTP/1.1" 301 578 "https://view.lotushomemade.com/shop?max_price=1040&stock_status=instock%2Consale&per_page=8" "Mozilla/5.0 (Linux; Android 7.0;) AppleWebKit/537.36 (KHTML, like Gecko) Mobile Safari/537.36 (compatible; PetalBot;+https://webmaster.petalsearch.com/site/petalbot)"
114.119.142.208 - - [11/Jan/2026:13:22:27 +0700] "GET /shop/page/4/?max_price=1040&stock_status=instock,onsale&per_page=8 HTTP/1.1" 301 578 "https://view.lotushomemade.com/shop?max_price=1040&stock_status=instock%2Consale&per_page=8" "Mozilla/5.0 (Linux; Android 7.0;) AppleWebKit/537.36 (KHTML, like Gecko) Mobile Safari/537.36 (compatible; PetalBot;+https://webmaster.petalsearch.com/site/petalbot)"
114.119.142.208 - - [11/Jan/2026:13:22:27 +0700] "GET /shop/page/4/?max_price=1040&stock_status=instock,onsale&per_page=8 HTTP/1.1" 301 578 "https://view.lotushomemade.com/shop?max_price=1040&stock_status=instock%2Consale&per_page=8" "Mozilla/5.0 (Linux; Android 7.0;) AppleWebKit/537.36 (KHTML, like Gecko) Mobile Safari/537.36 (compatible; PetalBot;+https://webmaster.petalsearch.com/site/petalbot)"
114.119.142.208 - - [11/Jan/2026:13:22:28 +0700] "GET /shop/page/4/?max_price=1040&stock_status=instock,onsale&per_page=8 HTTP/1.1" 301 578 "https://view.lotushomemade.com/shop?max_price=1040&stock_status=instock%2Consale&per_page=8" "Mozilla/5.0 (Linux; Android 7.0;) AppleWebKit/537.36 (KHTML, like Gecko) Mobile Safari/537.36 (compatible; PetalBot;+https://webmaster.petalsearch.com/site/petalbot)"
114.119.142.208 - - [11/Jan/2026:13:22:29 +0700] "GET /shop/page/4/?max_price=1040&stock_status=instock,onsale&per_page=8 HTTP/1.1" 301 578 "https://view.lotushomemade.com/shop?max_price=1040&stock_status=instock%2Consale&per_page=8" "Mozilla/5.0 (Linux; Android 7.0;) AppleWebKit/537.36 (KHTML, like Gecko) Mobile Safari/537.36 (compatible; PetalBot;+https://webmaster.petalsearch.com/site/petalbot)"
114.119.142.208 - - [11/Jan/2026:13:22:29 +0700] "GET /shop/page/4/?max_price=1040&stock_status=instock,onsale&per_page=8 HTTP/1.1" 301 578 "https://view.lotushomemade.com/shop?max_price=1040&stock_status=instock%2Consale&per_page=8" "Mozilla/5.0 (Linux; Android 7.0;) AppleWebKit/537.36 (KHTML, like Gecko) Mobile Safari/537.36 (compatible; PetalBot;+https://webmaster.petalsearch.com/site/petalbot)"
114.119.142.208 - - [11/Jan/2026:13:22:29 +0700] "GET /shop/page/4/?max_price=1040&stock_status=instock,onsale&per_page=8 HTTP/1.1" 301 578 "https://view.lotushomemade.com/shop?max_price=1040&stock_status=instock%2Consale&per_page=8" "Mozilla/5.0 (Linux; Android 7.0;) AppleWebKit/537.36 (KHTML, like Gecko) Mobile Safari/537.36 (compatible; PetalBot;+https://webmaster.petalsearch.com/site/petalbot)"
114.119.142.208 - - [11/Jan/2026:13:22:30 +0700] "GET /shop/page/4/?max_price=1040&stock_status=instock,onsale&per_page=8 HTTP/1.1" 301 578 "https://view.lotushomemade.com/shop?max_price=1040&stock_status=instock%2Consale&per_page=8" "Mozilla/5.0 (Linux; Android 7.0;) AppleWebKit/537.36 (KHTML, like Gecko) Mobile Safari/537.36 (compatible; PetalBot;+https://webmaster.petalsearch.com/site/petalbot)"
114.119.142.208 - - [11/Jan/2026:13:22:31 +0700] "GET /shop/page/4/?max_price=1040&stock_status=instock,onsale&per_page=8 HTTP/1.1" 301 578 "https://view.lotushomemade.com/shop?max_price=1040&stock_status=instock%2Consale&per_page=8" "Mozilla/5.0 (Linux; Android 7.0;) AppleWebKit/537.36 (KHTML, like Gecko) Mobile Safari/537.36 (compatible; PetalBot;+https://webmaster.petalsearch.com/site/petalbot)"
114.119.142.208 - - [11/Jan/2026:13:22:31 +0700] "GET /shop/page/4/?max_price=1040&stock_status=instock,onsale&per_page=8 HTTP/1.1" 301 578 "https://view.lotushomemade.com/shop?max_price=1040&stock_status=instock%2Consale&per_page=8" "Mozilla/5.0 (Linux; Android 7.0;) AppleWebKit/537.36 (KHTML, like Gecko) Mobile Safari/537.36 (compatible; PetalBot;+https://webmaster.petalsearch.com/site/petalbot)"
103.131.51.123 - - [11/Jan/2026:13:23:50 +0700] "POST /wp-cron.php?doing_wp_cron=1768112630.5366580486297607421875 HTTP/1.1" 200 474 "-" "WordPress/6.9; https://view.lotushomemade.com"
114.119.151.206 - - [11/Jan/2026:13:23:48 +0700] "GET /shop/page/32/?max_price=1050&stock_status=instock,onsale&shop_view=grid&per_row=6 HTTP/1.1" 301 636 "https://view.lotushomemade.com/shop?max_price=1050&stock_status=instock%2Consale&shop_view=grid&per_row=6" "Mozilla/5.0 (Linux; Android 7.0;) AppleWebKit/537.36 (KHTML, like Gecko) Mobile Safari/537.36 (compatible; PetalBot;+https://webmaster.petalsearch.com/site/petalbot)"
114.119.151.206 - - [11/Jan/2026:13:23:52 +0700] "GET /shop/page/32/?max_price=1050&stock_status=instock,onsale&shop_view=grid&per_row=6 HTTP/1.1" 301 636 "https://view.lotushomemade.com/shop?max_price=1050&stock_status=instock%2Consale&shop_view=grid&per_row=6" "Mozilla/5.0 (Linux; Android 7.0;) AppleWebKit/537.36 (KHTML, like Gecko) Mobile Safari/537.36 (compatible; PetalBot;+https://webmaster.petalsearch.com/site/petalbot)"
114.119.151.206 - - [11/Jan/2026:13:23:53 +0700] "GET /shop/page/32/?max_price=1050&stock_status=instock,onsale&shop_view=grid&per_row=6 HTTP/1.1" 301 636 "https://view.lotushomemade.com/shop?max_price=1050&stock_status=instock%2Consale&shop_view=grid&per_row=6" "Mozilla/5.0 (Linux; Android 7.0;) AppleWebKit/537.36 (KHTML, like Gecko) Mobile Safari/537.36 (compatible; PetalBot;+https://webmaster.petalsearch.com/site/petalbot)"
114.119.151.206 - - [11/Jan/2026:13:23:54 +0700] "GET /shop/page/32/?max_price=1050&stock_status=instock,onsale&shop_view=grid&per_row=6 HTTP/1.1" 301 636 "https://view.lotushomemade.com/shop?max_price=1050&stock_status=instock%2Consale&shop_view=grid&per_row=6" "Mozilla/5.0 (Linux; Android 7.0;) AppleWebKit/537.36 (KHTML, like Gecko) Mobile Safari/537.36 (compatible; PetalBot;+https://webmaster.petalsearch.com/site/petalbot)"
114.119.151.206 - - [11/Jan/2026:13:23:55 +0700] "GET /shop/page/32/?max_price=1050&stock_status=instock,onsale&shop_view=grid&per_row=6 HTTP/1.1" 301 636 "https://view.lotushomemade.com/shop?max_price=1050&stock_status=instock%2Consale&shop_view=grid&per_row=6" "Mozilla/5.0 (Linux; Android 7.0;) AppleWebKit/537.36 (KHTML, like Gecko) Mobile Safari/537.36 (compatible; PetalBot;+https://webmaster.petalsearch.com/site/petalbot)"
114.119.151.206 - - [11/Jan/2026:13:23:55 +0700] "GET /shop/page/32/?max_price=1050&stock_status=instock,onsale&shop_view=grid&per_row=6 HTTP/1.1" 301 636 "https://view.lotushomemade.com/shop?max_price=1050&stock_status=instock%2Consale&shop_view=grid&per_row=6" "Mozilla/5.0 (Linux; Android 7.0;) AppleWebKit/537.36 (KHTML, like Gecko) Mobile Safari/537.36 (compatible; PetalBot;+https://webmaster.petalsearch.com/site/petalbot)"
114.119.151.206 - - [11/Jan/2026:13:23:56 +0700] "GET /shop/page/32/?max_price=1050&stock_status=instock,onsale&shop_view=grid&per_row=6 HTTP/1.1" 301 636 "https://view.lotushomemade.com/shop?max_price=1050&stock_status=instock%2Consale&shop_view=grid&per_row=6" "Mozilla/5.0 (Linux; Android 7.0;) AppleWebKit/537.36 (KHTML, like Gecko) Mobile Safari/537.36 (compatible; PetalBot;+https://webmaster.petalsearch.com/site/petalbot)"
114.119.151.206 - - [11/Jan/2026:13:23:56 +0700] "GET /shop/page/32/?max_price=1050&stock_status=instock,onsale&shop_view=grid&per_row=6 HTTP/1.1" 301 636 "https://view.lotushomemade.com/shop?max_price=1050&stock_status=instock%2Consale&shop_view=grid&per_row=6" "Mozilla/5.0 (Linux; Android 7.0;) AppleWebKit/537.36 (KHTML, like Gecko) Mobile Safari/537.36 (compatible; PetalBot;+https://webmaster.petalsearch.com/site/petalbot)"
114.119.151.206 - - [11/Jan/2026:13:23:57 +0700] "GET /shop/page/32/?max_price=1050&stock_status=instock,onsale&shop_view=grid&per_row=6 HTTP/1.1" 301 636 "https://view.lotushomemade.com/shop?max_price=1050&stock_status=instock%2Consale&shop_view=grid&per_row=6" "Mozilla/5.0 (Linux; Android 7.0;) AppleWebKit/537.36 (KHTML, like Gecko) Mobile Safari/537.36 (compatible; PetalBot;+https://webmaster.petalsearch.com/site/petalbot)"
114.119.151.206 - - [11/Jan/2026:13:23:57 +0700] "GET /shop/page/32/?max_price=1050&stock_status=instock,onsale&shop_view=grid&per_row=6 HTTP/1.1" 301 636 "https://view.lotushomemade.com/shop?max_price=1050&stock_status=instock%2Consale&shop_view=grid&per_row=6" "Mozilla/5.0 (Linux; Android 7.0;) AppleWebKit/537.36 (KHTML, like Gecko) Mobile Safari/537.36 (compatible; PetalBot;+https://webmaster.petalsearch.com/site/petalbot)"
103.131.51.123 - - [11/Jan/2026:13:25:14 +0700] "POST /wp-cron.php?doing_wp_cron=1768112714.5332429409027099609375 HTTP/1.1" 200 474 "-" "WordPress/6.9; https://view.lotushomemade.com"
114.119.142.208 - - [11/Jan/2026:13:25:12 +0700] "GET /shop/page/30/?orderby=price-desc&stock_status=instock,onsale&shop_view=grid&per_row=2 HTTP/1.1" 301 640 "https://view.lotushomemade.com/shop?orderby=price-desc&stock_status=instock%2Consale&shop_view=grid&per_row=2" "Mozilla/5.0 (Linux; Android 7.0;) AppleWebKit/537.36 (KHTML, like Gecko) Mobile Safari/537.36 (compatible; PetalBot;+https://webmaster.petalsearch.com/site/petalbot)"
114.119.142.208 - - [11/Jan/2026:13:25:14 +0700] "GET /shop/page/30/?orderby=price-desc&stock_status=instock,onsale&shop_view=grid&per_row=2 HTTP/1.1" 301 640 "https://view.lotushomemade.com/shop?orderby=price-desc&stock_status=instock%2Consale&shop_view=grid&per_row=2" "Mozilla/5.0 (Linux; Android 7.0;) AppleWebKit/537.36 (KHTML, like Gecko) Mobile Safari/537.36 (compatible; PetalBot;+https://webmaster.petalsearch.com/site/petalbot)"
114.119.142.208 - - [11/Jan/2026:13:25:15 +0700] "GET /shop/page/30/?orderby=price-desc&stock_status=instock,onsale&shop_view=grid&per_row=2 HTTP/1.1" 301 640 "https://view.lotushomemade.com/shop?orderby=price-desc&stock_status=instock%2Consale&shop_view=grid&per_row=2" "Mozilla/5.0 (Linux; Android 7.0;) AppleWebKit/537.36 (KHTML, like Gecko) Mobile Safari/537.36 (compatible; PetalBot;+https://webmaster.petalsearch.com/site/petalbot)"
114.119.142.208 - - [11/Jan/2026:13:25:15 +0700] "GET /shop/page/30/?orderby=price-desc&stock_status=instock,onsale&shop_view=grid&per_row=2 HTTP/1.1" 301 640 "https://view.lotushomemade.com/shop?orderby=price-desc&stock_status=instock%2Consale&shop_view=grid&per_row=2" "Mozilla/5.0 (Linux; Android 7.0;) AppleWebKit/537.36 (KHTML, like Gecko) Mobile Safari/537.36 (compatible; PetalBot;+https://webmaster.petalsearch.com/site/petalbot)"
114.119.142.208 - - [11/Jan/2026:13:25:16 +0700] "GET /shop/page/30/?orderby=price-desc&stock_status=instock,onsale&shop_view=grid&per_row=2 HTTP/1.1" 301 640 "https://view.lotushomemade.com/shop?orderby=price-desc&stock_status=instock%2Consale&shop_view=grid&per_row=2" "Mozilla/5.0 (Linux; Android 7.0;) AppleWebKit/537.36 (KHTML, like Gecko) Mobile Safari/537.36 (compatible; PetalBot;+https://webmaster.petalsearch.com/site/petalbot)"
114.119.142.208 - - [11/Jan/2026:13:25:16 +0700] "GET /shop/page/30/?orderby=price-desc&stock_status=instock,onsale&shop_view=grid&per_row=2 HTTP/1.1" 301 640 "https://view.lotushomemade.com/shop?orderby=price-desc&stock_status=instock%2Consale&shop_view=grid&per_row=2" "Mozilla/5.0 (Linux; Android 7.0;) AppleWebKit/537.36 (KHTML, like Gecko) Mobile Safari/537.36 (compatible; PetalBot;+https://webmaster.petalsearch.com/site/petalbot)"
114.119.142.208 - - [11/Jan/2026:13:25:17 +0700] "GET /shop/page/30/?orderby=price-desc&stock_status=instock,onsale&shop_view=grid&per_row=2 HTTP/1.1" 301 640 "https://view.lotushomemade.com/shop?orderby=price-desc&stock_status=instock%2Consale&shop_view=grid&per_row=2" "Mozilla/5.0 (Linux; Android 7.0;) AppleWebKit/537.36 (KHTML, like Gecko) Mobile Safari/537.36 (compatible; PetalBot;+https://webmaster.petalsearch.com/site/petalbot)"
114.119.142.208 - - [11/Jan/2026:13:25:18 +0700] "GET /shop/page/30/?orderby=price-desc&stock_status=instock,onsale&shop_view=grid&per_row=2 HTTP/1.1" 301 640 "https://view.lotushomemade.com/shop?orderby=price-desc&stock_status=instock%2Consale&shop_view=grid&per_row=2" "Mozilla/5.0 (Linux; Android 7.0;) AppleWebKit/537.36 (KHTML, like Gecko) Mobile Safari/537.36 (compatible; PetalBot;+https://webmaster.petalsearch.com/site/petalbot)"
114.119.142.208 - - [11/Jan/2026:13:25:18 +0700] "GET /shop/page/30/?orderby=price-desc&stock_status=instock,onsale&shop_view=grid&per_row=2 HTTP/1.1" 301 640 "https://view.lotushomemade.com/shop?orderby=price-desc&stock_status=instock%2Consale&shop_view=grid&per_row=2" "Mozilla/5.0 (Linux; Android 7.0;) AppleWebKit/537.36 (KHTML, like Gecko) Mobile Safari/537.36 (compatible; PetalBot;+https://webmaster.petalsearch.com/site/petalbot)"
114.119.142.208 - - [11/Jan/2026:13:25:19 +0700] "GET /shop/page/30/?orderby=price-desc&stock_status=instock,onsale&shop_view=grid&per_row=2 HTTP/1.1" 301 640 "https://view.lotushomemade.com/shop?orderby=price-desc&stock_status=instock%2Consale&shop_view=grid&per_row=2" "Mozilla/5.0 (Linux; Android 7.0;) AppleWebKit/537.36 (KHTML, like Gecko) Mobile Safari/537.36 (compatible; PetalBot;+https://webmaster.petalsearch.com/site/petalbot)"
103.131.51.123 - - [11/Jan/2026:13:26:42 +0700] "POST /wp-cron.php?doing_wp_cron=1768112802.5427711009979248046875 HTTP/1.1" 200 474 "-" "WordPress/6.9; https://view.lotushomemade.com"
114.119.150.215 - - [11/Jan/2026:13:26:38 +0700] "GET /shop/page/3/?orderby=price&per_row=2&shop_view=grid HTTP/1.1" 200 39861 "https://view.lotushomemade.com/shop/page/24/?orderby=price&per_row=2&shop_view=grid" "Mozilla/5.0 (Linux; Android 7.0;) AppleWebKit/537.36 (KHTML, like Gecko) Mobile Safari/537.36 (compatible; PetalBot;+https://webmaster.petalsearch.com/site/petalbot)"
103.131.51.123 - - [11/Jan/2026:13:28:02 +0700] "POST /wp-cron.php?doing_wp_cron=1768112882.1084980964660644531250 HTTP/1.1" 200 474 "-" "WordPress/6.9; https://view.lotushomemade.com"
114.119.130.97 - - [11/Jan/2026:13:27:59 +0700] "GET /shop/page/2?orderby=price&stock_status=onsale HTTP/1.1" 301 511 "https://view.lotushomemade.com/shop?orderby=price&stock_status=onsale" "Mozilla/5.0 (Linux; Android 7.0;) AppleWebKit/537.36 (KHTML, like Gecko) Mobile Safari/537.36 (compatible; PetalBot;+https://webmaster.petalsearch.com/site/petalbot)"
114.119.130.97 - - [11/Jan/2026:13:28:02 +0700] "GET /shop/page/2/?orderby=price&stock_status=onsale HTTP/1.1" 200 40203 "https://view.lotushomemade.com/shop?orderby=price&stock_status=onsale" "Mozilla/5.0 (Linux; Android 7.0;) AppleWebKit/537.36 (KHTML, like Gecko) Mobile Safari/537.36 (compatible; PetalBot;+https://webmaster.petalsearch.com/site/petalbot)"
103.131.51.123 - - [11/Jan/2026:13:29:25 +0700] "POST /wp-cron.php?doing_wp_cron=1768112965.3377370834350585937500 HTTP/1.1" 200 474 "-" "WordPress/6.9; https://view.lotushomemade.com"
114.119.142.208 - - [11/Jan/2026:13:29:23 +0700] "GET /shop/page/2?max_price=1040&per_page=8&shop_view=grid&per_row=2 HTTP/1.1" 301 661 "https://view.lotushomemade.com/shop/page/10/?max_price=1040&per_page=8&shop_view=grid&per_row=2" "Mozilla/5.0 (Linux; Android 7.0;) AppleWebKit/537.36 (KHTML, like Gecko) Mobile Safari/537.36 (compatible; PetalBot;+https://webmaster.petalsearch.com/site/petalbot)"
114.119.142.208 - - [11/Jan/2026:13:29:25 +0700] "GET /shop/page/2/?max_price=1040&per_page=8&shop_view=grid&per_row=2 HTTP/1.1" 200 40171 "https://view.lotushomemade.com/shop/page/10/?max_price=1040&per_page=8&shop_view=grid&per_row=2" "Mozilla/5.0 (Linux; Android 7.0;) AppleWebKit/537.36 (KHTML, like Gecko) Mobile Safari/537.36 (compatible; PetalBot;+https://webmaster.petalsearch.com/site/petalbot)"
103.131.51.123 - - [11/Jan/2026:13:30:50 +0700] "POST /wp-cron.php?doing_wp_cron=1768113050.8123929500579833984375 HTTP/1.1" 200 474 "-" "WordPress/6.9; https://view.lotushomemade.com"
114.119.150.215 - - [11/Jan/2026:13:30:46 +0700] "GET /shop/page/27/?min_price=0&stock_status=instock&shop_view=grid&per_row=4 HTTP/1.1" 200 40141 "https://view.lotushomemade.com/shop/page/24/?min_price=0&stock_status=instock&shop_view=grid&per_row=4" "Mozilla/5.0 (Linux; Android 7.0;) AppleWebKit/537.36 (KHTML, like Gecko) Mobile Safari/537.36 (compatible; PetalBot;+https://webmaster.petalsearch.com/site/petalbot)"
103.131.51.123 - - [11/Jan/2026:13:32:13 +0700] "POST /wp-cron.php?doing_wp_cron=1768113133.6681730747222900390625 HTTP/1.1" 200 474 "-" "WordPress/6.9; https://view.lotushomemade.com"
114.119.130.97 - - [11/Jan/2026:13:32:10 +0700] "GET /shop/page/26/?stock_status=instock&per_row=2&shop_view=grid HTTP/1.1" 200 39868 "https://view.lotushomemade.com/shop/page/25/?stock_status=instock&per_row=2&shop_view=grid" "Mozilla/5.0 (Linux; Android 7.0;) AppleWebKit/537.36 (KHTML, like Gecko) Mobile Safari/537.36 (compatible; PetalBot;+https://webmaster.petalsearch.com/site/petalbot)"
103.131.51.123 - - [11/Jan/2026:13:33:36 +0700] "POST /wp-cron.php?doing_wp_cron=1768113216.5975260734558105468750 HTTP/1.1" 200 474 "-" "WordPress/6.9; https://view.lotushomemade.com"
114.119.151.206 - - [11/Jan/2026:13:33:34 +0700] "GET /shop?stock_status=onsale&per_page=18&shop_view=grid&per_row=6 HTTP/1.1" 301 661 "https://view.lotushomemade.com/shop/page/4?stock_status=onsale&per_page=18" "Mozilla/5.0 (Linux; Android 7.0;) AppleWebKit/537.36 (KHTML, like Gecko) Mobile Safari/537.36 (compatible; PetalBot;+https://webmaster.petalsearch.com/site/petalbot)"
114.119.151.206 - - [11/Jan/2026:13:33:36 +0700] "GET /shop/?stock_status=onsale&per_page=18&shop_view=grid&per_row=6 HTTP/1.1" 200 42368 "https://view.lotushomemade.com/shop/page/4?stock_status=onsale&per_page=18" "Mozilla/5.0 (Linux; Android 7.0;) AppleWebKit/537.36 (KHTML, like Gecko) Mobile Safari/537.36 (compatible; PetalBot;+https://webmaster.petalsearch.com/site/petalbot)"
103.131.51.123 - - [11/Jan/2026:13:35:02 +0700] "POST /wp-cron.php?doing_wp_cron=1768113302.3282840251922607421875 HTTP/1.1" 200 474 "-" "WordPress/6.9; https://view.lotushomemade.com"
114.119.145.110 - - [11/Jan/2026:13:34:59 +0700] "GET /shop/page/9?orderby=popularity&per_row=4&shop_view=grid&per_page=18 HTTP/1.1" 301 667 "https://view.lotushomemade.com/shop/page/6?orderby=popularity&per_row=4&shop_view=grid&per_page=18" "Mozilla/5.0 (Linux; Android 7.0;) AppleWebKit/537.36 (KHTML, like Gecko) Mobile Safari/537.36 (compatible; PetalBot;+https://webmaster.petalsearch.com/site/petalbot)"
114.119.145.110 - - [11/Jan/2026:13:35:02 +0700] "GET /shop/page/9/?orderby=popularity&per_row=4&shop_view=grid&per_page=18 HTTP/1.1" 200 41239 "https://view.lotushomemade.com/shop/page/6?orderby=popularity&per_row=4&shop_view=grid&per_page=18" "Mozilla/5.0 (Linux; Android 7.0;) AppleWebKit/537.36 (KHTML, like Gecko) Mobile Safari/537.36 (compatible; PetalBot;+https://webmaster.petalsearch.com/site/petalbot)"
103.131.51.123 - - [11/Jan/2026:13:35:50 +0700] "POST /wp-cron.php?doing_wp_cron=1768113350.3443670272827148437500 HTTP/1.1" 200 474 "-" "WordPress/6.9; https://view.lotushomemade.com"
66.249.70.99 - - [11/Jan/2026:13:35:48 +0700] "GET /product/kai-yun-nian-gao_5s/ HTTP/1.1" 200 36469 "-" "Mozilla/5.0 (Linux; Android 6.0.1; Nexus 5X Build/MMB29P) AppleWebKit/537.36 (KHTML, like Gecko) Chrome/143.0.7499.192 Mobile Safari/537.36 (compatible; Googlebot/2.1; +http://www.google.com/bot.html)"
114.119.156.27 - - [11/Jan/2026:13:36:26 +0700] "GET /shop/page/8/?stock_status=onsale&per_row=6&per_page=24&shop_view=grid HTTP/1.1" 200 42221 "https://view.lotushomemade.com/shop/page/8?stock_status=onsale&per_row=6&per_page=24&shop_view=grid" "Mozilla/5.0 (Linux; Android 7.0;) AppleWebKit/537.36 (KHTML, like Gecko) Mobile Safari/537.36 (compatible; PetalBot;+https://webmaster.petalsearch.com/site/petalbot)"
103.131.51.123 - - [11/Jan/2026:13:37:48 +0700] "POST /wp-cron.php?doing_wp_cron=1768113468.9407649040222167968750 HTTP/1.1" 200 474 "-" "WordPress/6.9; https://view.lotushomemade.com"
114.119.142.208 - - [11/Jan/2026:13:37:45 +0700] "GET /shop/page/8/?orderby=popularity&per_row=6&shop_view=grid&per_page=8 HTTP/1.1" 200 39397 "https://view.lotushomemade.com/shop/page/6/?orderby=popularity&per_row=6&shop_view=grid&per_page=8" "Mozilla/5.0 (Linux; Android 7.0;) AppleWebKit/537.36 (KHTML, like Gecko) Mobile Safari/537.36 (compatible; PetalBot;+https://webmaster.petalsearch.com/site/petalbot)"
103.131.51.123 - - [11/Jan/2026:13:39:10 +0700] "POST /wp-cron.php?doing_wp_cron=1768113550.4851520061492919921875 HTTP/1.1" 200 474 "-" "WordPress/6.9; https://view.lotushomemade.com"
114.119.130.97 - - [11/Jan/2026:13:39:08 +0700] "GET /shop/page/4?orderby=price-desc&per_page=24&shop_view=grid&per_row=6 HTTP/1.1" 301 667 "-" "Mozilla/5.0 (Linux; Android 7.0;) AppleWebKit/537.36 (KHTML, like Gecko) Mobile Safari/537.36 (compatible; PetalBot;+https://webmaster.petalsearch.com/site/petalbot)"
114.119.130.97 - - [11/Jan/2026:13:39:10 +0700] "GET /shop/page/4/?orderby=price-desc&per_page=24&shop_view=grid&per_row=6 HTTP/1.1" 200 42540 "-" "Mozilla/5.0 (Linux; Android 7.0;) AppleWebKit/537.36 (KHTML, like Gecko) Mobile Safari/537.36 (compatible; PetalBot;+https://webmaster.petalsearch.com/site/petalbot)"
103.131.51.123 - - [11/Jan/2026:13:40:35 +0700] "POST /wp-cron.php?doing_wp_cron=1768113635.5051369667053222656250 HTTP/1.1" 200 474 "-" "WordPress/6.9; https://view.lotushomemade.com"
114.119.145.110 - - [11/Jan/2026:13:40:31 +0700] "GET /shop/page/39/?min_price=0&per_page=8&stock_status=instock HTTP/1.1" 200 39170 "https://view.lotushomemade.com/shop/page/37/?min_price=0&per_page=8&stock_status=instock" "Mozilla/5.0 (Linux; Android 7.0;) AppleWebKit/537.36 (KHTML, like Gecko) Mobile Safari/537.36 (compatible; PetalBot;+https://webmaster.petalsearch.com/site/petalbot)"
114.119.156.27 - - [11/Jan/2026:13:41:56 +0700] "GET /shop/page/31?orderby=popularity&stock_status=instock HTTP/1.1" 301 518 "https://view.lotushomemade.com/shop/page/12/?orderby=popularity&stock_status=instock" "Mozilla/5.0 (Linux; Android 7.0;) AppleWebKit/537.36 (KHTML, like Gecko) Mobile Safari/537.36 (compatible; PetalBot;+https://webmaster.petalsearch.com/site/petalbot)"
114.119.156.27 - - [11/Jan/2026:13:42:04 +0700] "GET /shop/page/31/?orderby=popularity&stock_status=instock HTTP/1.1" 200 39742 "https://view.lotushomemade.com/shop/page/12/?orderby=popularity&stock_status=instock" "Mozilla/5.0 (Linux; Android 7.0;) AppleWebKit/537.36 (KHTML, like Gecko) Mobile Safari/537.36 (compatible; PetalBot;+https://webmaster.petalsearch.com/site/petalbot)"
103.131.51.123 - - [11/Jan/2026:13:43:22 +0700] "POST /wp-cron.php?doing_wp_cron=1768113802.2025899887084960937500 HTTP/1.1" 200 474 "-" "WordPress/6.9; https://view.lotushomemade.com"
114.119.130.97 - - [11/Jan/2026:13:43:19 +0700] "GET /shop/page/30/?orderby=price&stock_status=instock,onsale&per_page=12 HTTP/1.1" 301 580 "https://view.lotushomemade.com/shop?orderby=price&stock_status=instock%2Consale&per_page=12" "Mozilla/5.0 (Linux; Android 7.0;) AppleWebKit/537.36 (KHTML, like Gecko) Mobile Safari/537.36 (compatible; PetalBot;+https://webmaster.petalsearch.com/site/petalbot)"
114.119.130.97 - - [11/Jan/2026:13:43:23 +0700] "GET /shop/page/30/?orderby=price&stock_status=instock,onsale&per_page=12 HTTP/1.1" 301 580 "https://view.lotushomemade.com/shop?orderby=price&stock_status=instock%2Consale&per_page=12" "Mozilla/5.0 (Linux; Android 7.0;) AppleWebKit/537.36 (KHTML, like Gecko) Mobile Safari/537.36 (compatible; PetalBot;+https://webmaster.petalsearch.com/site/petalbot)"
114.119.130.97 - - [11/Jan/2026:13:43:25 +0700] "GET /shop/page/30/?orderby=price&stock_status=instock,onsale&per_page=12 HTTP/1.1" 301 580 "https://view.lotushomemade.com/shop?orderby=price&stock_status=instock%2Consale&per_page=12" "Mozilla/5.0 (Linux; Android 7.0;) AppleWebKit/537.36 (KHTML, like Gecko) Mobile Safari/537.36 (compatible; PetalBot;+https://webmaster.petalsearch.com/site/petalbot)"
114.119.130.97 - - [11/Jan/2026:13:43:26 +0700] "GET /shop/page/30/?orderby=price&stock_status=instock,onsale&per_page=12 HTTP/1.1" 301 580 "https://view.lotushomemade.com/shop?orderby=price&stock_status=instock%2Consale&per_page=12" "Mozilla/5.0 (Linux; Android 7.0;) AppleWebKit/537.36 (KHTML, like Gecko) Mobile Safari/537.36 (compatible; PetalBot;+https://webmaster.petalsearch.com/site/petalbot)"
114.119.130.97 - - [11/Jan/2026:13:43:27 +0700] "GET /shop/page/30/?orderby=price&stock_status=instock,onsale&per_page=12 HTTP/1.1" 301 580 "https://view.lotushomemade.com/shop?orderby=price&stock_status=instock%2Consale&per_page=12" "Mozilla/5.0 (Linux; Android 7.0;) AppleWebKit/537.36 (KHTML, like Gecko) Mobile Safari/537.36 (compatible; PetalBot;+https://webmaster.petalsearch.com/site/petalbot)"
114.119.130.97 - - [11/Jan/2026:13:43:27 +0700] "GET /shop/page/30/?orderby=price&stock_status=instock,onsale&per_page=12 HTTP/1.1" 301 580 "https://view.lotushomemade.com/shop?orderby=price&stock_status=instock%2Consale&per_page=12" "Mozilla/5.0 (Linux; Android 7.0;) AppleWebKit/537.36 (KHTML, like Gecko) Mobile Safari/537.36 (compatible; PetalBot;+https://webmaster.petalsearch.com/site/petalbot)"
114.119.130.97 - - [11/Jan/2026:13:43:28 +0700] "GET /shop/page/30/?orderby=price&stock_status=instock,onsale&per_page=12 HTTP/1.1" 301 580 "https://view.lotushomemade.com/shop?orderby=price&stock_status=instock%2Consale&per_page=12" "Mozilla/5.0 (Linux; Android 7.0;) AppleWebKit/537.36 (KHTML, like Gecko) Mobile Safari/537.36 (compatible; PetalBot;+https://webmaster.petalsearch.com/site/petalbot)"
114.119.130.97 - - [11/Jan/2026:13:43:28 +0700] "GET /shop/page/30/?orderby=price&stock_status=instock,onsale&per_page=12 HTTP/1.1" 301 580 "https://view.lotushomemade.com/shop?orderby=price&stock_status=instock%2Consale&per_page=12" "Mozilla/5.0 (Linux; Android 7.0;) AppleWebKit/537.36 (KHTML, like Gecko) Mobile Safari/537.36 (compatible; PetalBot;+https://webmaster.petalsearch.com/site/petalbot)"
114.119.130.97 - - [11/Jan/2026:13:43:29 +0700] "GET /shop/page/30/?orderby=price&stock_status=instock,onsale&per_page=12 HTTP/1.1" 301 580 "https://view.lotushomemade.com/shop?orderby=price&stock_status=instock%2Consale&per_page=12" "Mozilla/5.0 (Linux; Android 7.0;) AppleWebKit/537.36 (KHTML, like Gecko) Mobile Safari/537.36 (compatible; PetalBot;+https://webmaster.petalsearch.com/site/petalbot)"
114.119.130.97 - - [11/Jan/2026:13:43:29 +0700] "GET /shop/page/30/?orderby=price&stock_status=instock,onsale&per_page=12 HTTP/1.1" 301 580 "https://view.lotushomemade.com/shop?orderby=price&stock_status=instock%2Consale&per_page=12" "Mozilla/5.0 (Linux; Android 7.0;) AppleWebKit/537.36 (KHTML, like Gecko) Mobile Safari/537.36 (compatible; PetalBot;+https://webmaster.petalsearch.com/site/petalbot)"
103.131.51.123 - - [11/Jan/2026:13:44:46 +0700] "POST /wp-cron.php?doing_wp_cron=1768113886.2191300392150878906250 HTTP/1.1" 200 474 "-" "WordPress/6.9; https://view.lotushomemade.com"
114.119.148.197 - - [11/Jan/2026:13:44:43 +0700] "GET /shop/page/30/?max_price=520&stock_status=instock,onsale&per_row=2&shop_view=grid HTTP/1.1" 301 635 "https://view.lotushomemade.com/shop?max_price=520&stock_status=instock%2Consale&per_row=2&shop_view=grid" "Mozilla/5.0 (Linux; Android 7.0;) AppleWebKit/537.36 (KHTML, like Gecko) Mobile Safari/537.36 (compatible; PetalBot;+https://webmaster.petalsearch.com/site/petalbot)"
114.119.148.197 - - [11/Jan/2026:13:44:46 +0700] "GET /shop/page/30/?max_price=520&stock_status=instock,onsale&per_row=2&shop_view=grid HTTP/1.1" 301 635 "https://view.lotushomemade.com/shop?max_price=520&stock_status=instock%2Consale&per_row=2&shop_view=grid" "Mozilla/5.0 (Linux; Android 7.0;) AppleWebKit/537.36 (KHTML, like Gecko) Mobile Safari/537.36 (compatible; PetalBot;+https://webmaster.petalsearch.com/site/petalbot)"
114.119.148.197 - - [11/Jan/2026:13:44:46 +0700] "GET /shop/page/30/?max_price=520&stock_status=instock,onsale&per_row=2&shop_view=grid HTTP/1.1" 301 635 "https://view.lotushomemade.com/shop?max_price=520&stock_status=instock%2Consale&per_row=2&shop_view=grid" "Mozilla/5.0 (Linux; Android 7.0;) AppleWebKit/537.36 (KHTML, like Gecko) Mobile Safari/537.36 (compatible; PetalBot;+https://webmaster.petalsearch.com/site/petalbot)"
114.119.148.197 - - [11/Jan/2026:13:44:47 +0700] "GET /shop/page/30/?max_price=520&stock_status=instock,onsale&per_row=2&shop_view=grid HTTP/1.1" 301 635 "https://view.lotushomemade.com/shop?max_price=520&stock_status=instock%2Consale&per_row=2&shop_view=grid" "Mozilla/5.0 (Linux; Android 7.0;) AppleWebKit/537.36 (KHTML, like Gecko) Mobile Safari/537.36 (compatible; PetalBot;+https://webmaster.petalsearch.com/site/petalbot)"
114.119.148.197 - - [11/Jan/2026:13:44:47 +0700] "GET /shop/page/30/?max_price=520&stock_status=instock,onsale&per_row=2&shop_view=grid HTTP/1.1" 301 635 "https://view.lotushomemade.com/shop?max_price=520&stock_status=instock%2Consale&per_row=2&shop_view=grid" "Mozilla/5.0 (Linux; Android 7.0;) AppleWebKit/537.36 (KHTML, like Gecko) Mobile Safari/537.36 (compatible; PetalBot;+https://webmaster.petalsearch.com/site/petalbot)"
114.119.148.197 - - [11/Jan/2026:13:44:48 +0700] "GET /shop/page/30/?max_price=520&stock_status=instock,onsale&per_row=2&shop_view=grid HTTP/1.1" 301 635 "https://view.lotushomemade.com/shop?max_price=520&stock_status=instock%2Consale&per_row=2&shop_view=grid" "Mozilla/5.0 (Linux; Android 7.0;) AppleWebKit/537.36 (KHTML, like Gecko) Mobile Safari/537.36 (compatible; PetalBot;+https://webmaster.petalsearch.com/site/petalbot)"
114.119.148.197 - - [11/Jan/2026:13:44:48 +0700] "GET /shop/page/30/?max_price=520&stock_status=instock,onsale&per_row=2&shop_view=grid HTTP/1.1" 301 635 "https://view.lotushomemade.com/shop?max_price=520&stock_status=instock%2Consale&per_row=2&shop_view=grid" "Mozilla/5.0 (Linux; Android 7.0;) AppleWebKit/537.36 (KHTML, like Gecko) Mobile Safari/537.36 (compatible; PetalBot;+https://webmaster.petalsearch.com/site/petalbot)"
114.119.148.197 - - [11/Jan/2026:13:44:49 +0700] "GET /shop/page/30/?max_price=520&stock_status=instock,onsale&per_row=2&shop_view=grid HTTP/1.1" 301 635 "https://view.lotushomemade.com/shop?max_price=520&stock_status=instock%2Consale&per_row=2&shop_view=grid" "Mozilla/5.0 (Linux; Android 7.0;) AppleWebKit/537.36 (KHTML, like Gecko) Mobile Safari/537.36 (compatible; PetalBot;+https://webmaster.petalsearch.com/site/petalbot)"
114.119.148.197 - - [11/Jan/2026:13:44:49 +0700] "GET /shop/page/30/?max_price=520&stock_status=instock,onsale&per_row=2&shop_view=grid HTTP/1.1" 301 635 "https://view.lotushomemade.com/shop?max_price=520&stock_status=instock%2Consale&per_row=2&shop_view=grid" "Mozilla/5.0 (Linux; Android 7.0;) AppleWebKit/537.36 (KHTML, like Gecko) Mobile Safari/537.36 (compatible; PetalBot;+https://webmaster.petalsearch.com/site/petalbot)"
114.119.148.197 - - [11/Jan/2026:13:44:50 +0700] "GET /shop/page/30/?max_price=520&stock_status=instock,onsale&per_row=2&shop_view=grid HTTP/1.1" 301 635 "https://view.lotushomemade.com/shop?max_price=520&stock_status=instock%2Consale&per_row=2&shop_view=grid" "Mozilla/5.0 (Linux; Android 7.0;) AppleWebKit/537.36 (KHTML, like Gecko) Mobile Safari/537.36 (compatible; PetalBot;+https://webmaster.petalsearch.com/site/petalbot)"
103.131.51.123 - - [11/Jan/2026:13:46:10 +0700] "POST /wp-cron.php?doing_wp_cron=1768113970.0852150917053222656250 HTTP/1.1" 200 474 "-" "WordPress/6.9; https://view.lotushomemade.com"
114.119.148.197 - - [11/Jan/2026:13:46:06 +0700] "GET /shop/page/3/?max_price=1050&per_page=12&stock_status=onsale HTTP/1.1" 200 40123 "https://view.lotushomemade.com/shop/page/30/?max_price=1050&per_page=12&stock_status=onsale" "Mozilla/5.0 (Linux; Android 7.0;) AppleWebKit/537.36 (KHTML, like Gecko) Mobile Safari/537.36 (compatible; PetalBot;+https://webmaster.petalsearch.com/site/petalbot)"
103.131.51.123 - - [11/Jan/2026:13:47:34 +0700] "POST /wp-cron.php?doing_wp_cron=1768114054.8500568866729736328125 HTTP/1.1" 200 474 "-" "WordPress/6.9; https://view.lotushomemade.com"
114.119.149.78 - - [11/Jan/2026:13:47:31 +0700] "GET /shop/page/24/?per_page=12&shop_view=grid&per_row=6 HTTP/1.1" 200 40125 "https://view.lotushomemade.com/shop/page/26/?per_page=12&shop_view=grid&per_row=6" "Mozilla/5.0 (Linux; Android 7.0;) AppleWebKit/537.36 (KHTML, like Gecko) Mobile Safari/537.36 (compatible; PetalBot;+https://webmaster.petalsearch.com/site/petalbot)"
103.131.51.123 - - [11/Jan/2026:13:48:57 +0700] "POST /wp-cron.php?doing_wp_cron=1768114137.5876679420471191406250 HTTP/1.1" 200 474 "-" "WordPress/6.9; https://view.lotushomemade.com"
114.119.151.206 - - [11/Jan/2026:13:48:54 +0700] "GET /shop/page/24/?orderby=rating&stock_status=onsale&per_row=4&shop_view=grid HTTP/1.1" 200 39475 "https://view.lotushomemade.com/shop/page/21/?orderby=rating&stock_status=onsale&per_row=4&shop_view=grid" "Mozilla/5.0 (Linux; Android 7.0;) AppleWebKit/537.36 (KHTML, like Gecko) Mobile Safari/537.36 (compatible; PetalBot;+https://webmaster.petalsearch.com/site/petalbot)"
103.131.51.123 - - [11/Jan/2026:13:50:22 +0700] "POST /wp-cron.php?doing_wp_cron=1768114222.4086649417877197265625 HTTP/1.1" 200 474 "-" "WordPress/6.9; https://view.lotushomemade.com"
114.119.148.197 - - [11/Jan/2026:13:50:18 +0700] "GET /shop/page/23/?min_price=0&per_page=12&shop_view=grid&per_row=6 HTTP/1.1" 200 40020 "https://view.lotushomemade.com/shop/page/20/?min_price=0&per_page=12&shop_view=grid&per_row=6" "Mozilla/5.0 (Linux; Android 7.0;) AppleWebKit/537.36 (KHTML, like Gecko) Mobile Safari/537.36 (compatible; PetalBot;+https://webmaster.petalsearch.com/site/petalbot)"
103.131.51.123 - - [11/Jan/2026:13:51:50 +0700] "POST /wp-cron.php?doing_wp_cron=1768114310.2289829254150390625000 HTTP/1.1" 200 474 "-" "WordPress/6.9; https://view.lotushomemade.com"
114.119.156.27 - - [11/Jan/2026:13:51:46 +0700] "GET /shop/page/23/?max_price=520&stock_status=onsale HTTP/1.1" 200 40021 "https://view.lotushomemade.com/shop/page/21/?max_price=520&stock_status=onsale" "Mozilla/5.0 (Linux; Android 7.0;) AppleWebKit/537.36 (KHTML, like Gecko) Mobile Safari/537.36 (compatible; PetalBot;+https://webmaster.petalsearch.com/site/petalbot)"
103.131.51.123 - - [11/Jan/2026:13:53:07 +0700] "POST /wp-cron.php?doing_wp_cron=1768114387.8445711135864257812500 HTTP/1.1" 200 474 "-" "WordPress/6.9; https://view.lotushomemade.com"
114.119.130.97 - - [11/Jan/2026:13:53:04 +0700] "GET /shop/page/22/?max_price=780&per_row=4&shop_view=grid&per_page=18 HTTP/1.1" 200 38899 "https://view.lotushomemade.com/shop/page/4/?max_price=780&per_row=4&shop_view=grid&per_page=18" "Mozilla/5.0 (Linux; Android 7.0;) AppleWebKit/537.36 (KHTML, like Gecko) Mobile Safari/537.36 (compatible; PetalBot;+https://webmaster.petalsearch.com/site/petalbot)"
40.77.167.37 - - [11/Jan/2026:13:53:04 +0700] "GET /product/chocolate-nyonya-kapet_8150-l/ HTTP/2" 200 36131 "-" "Mozilla/5.0 AppleWebKit/537.36 (KHTML, like Gecko; compatible; bingbot/2.0; +http://www.bing.com/bingbot.htm) Chrome/116.0.1938.76 Safari/537.36"
103.131.51.123 - - [11/Jan/2026:13:54:31 +0700] "POST /wp-cron.php?doing_wp_cron=1768114471.8527650833129882812500 HTTP/1.1" 200 474 "-" "WordPress/6.9; https://view.lotushomemade.com"
114.119.151.206 - - [11/Jan/2026:13:54:28 +0700] "GET /shop/page/22/?max_price=1050&stock_status=instock&shop_view=grid&per_row=2 HTTP/1.1" 200 40238 "https://view.lotushomemade.com/shop/page/21/?max_price=1050&stock_status=instock&shop_view=grid&per_row=2" "Mozilla/5.0 (Linux; Android 7.0;) AppleWebKit/537.36 (KHTML, like Gecko) Mobile Safari/537.36 (compatible; PetalBot;+https://webmaster.petalsearch.com/site/petalbot)"
