HEX
Server: LiteSpeed
System: Linux 112.webhostingindonesia.co.id 5.14.0-570.62.1.el9_6.x86_64 #1 SMP PREEMPT_DYNAMIC Tue Nov 11 10:10:59 EST 2025 x86_64
User: iyfwylsv (10313)
PHP: 8.2.30
Disabled: NONE
Upload Files
File: //home/lotushomemade.com/logs/view.lotushomemade.com/access_ssl_log.processed
103.131.51.123 - - [10/Jan/2026:05:26:17 +0700] "POST /wp-cron.php?doing_wp_cron=1767997577.5487101078033447265625 HTTP/1.1" 200 474 "-" "WordPress/6.9; https://view.lotushomemade.com"
114.119.151.206 - - [10/Jan/2026:05:26:13 +0700] "GET /shop/page/19/?orderby=rating&per_row=2&shop_view=grid&per_page=18 HTTP/1.1" 200 40393 "https://view.lotushomemade.com/shop/page/18?orderby=rating&per_row=2&shop_view=grid&per_page=18" "Mozilla/5.0 (Linux; Android 7.0;) AppleWebKit/537.36 (KHTML, like Gecko) Mobile Safari/537.36 (compatible; PetalBot;+https://webmaster.petalsearch.com/site/petalbot)"
103.131.51.123 - - [10/Jan/2026:05:27:42 +0700] "POST /wp-cron.php?doing_wp_cron=1767997662.3097469806671142578125 HTTP/1.1" 200 474 "-" "WordPress/6.9; https://view.lotushomemade.com"
114.119.148.197 - - [10/Jan/2026:05:27:38 +0700] "GET /shop/page/19/?orderby=rating&per_row=2&per_page=8&shop_view=grid HTTP/1.1" 200 39347 "https://view.lotushomemade.com/shop/page/19/?orderby=rating&per_row=2&per_page=8&shop_view=grid" "Mozilla/5.0 (Linux; Android 7.0;) AppleWebKit/537.36 (KHTML, like Gecko) Mobile Safari/537.36 (compatible; PetalBot;+https://webmaster.petalsearch.com/site/petalbot)"
103.131.51.123 - - [10/Jan/2026:05:29:04 +0700] "POST /wp-cron.php?doing_wp_cron=1767997744.3906331062316894531250 HTTP/1.1" 200 474 "-" "WordPress/6.9; https://view.lotushomemade.com"
114.119.142.208 - - [10/Jan/2026:05:29:00 +0700] "GET /shop/page/19/?orderby=rating&per_page=12&shop_view=grid&per_row=6 HTTP/1.1" 200 39824 "https://view.lotushomemade.com/shop/page/22/?orderby=rating&per_page=12&shop_view=grid&per_row=6" "Mozilla/5.0 (Linux; Android 7.0;) AppleWebKit/537.36 (KHTML, like Gecko) Mobile Safari/537.36 (compatible; PetalBot;+https://webmaster.petalsearch.com/site/petalbot)"
103.131.51.123 - - [10/Jan/2026:05:30:28 +0700] "POST /wp-cron.php?doing_wp_cron=1767997828.3675448894500732421875 HTTP/1.1" 200 474 "-" "WordPress/6.9; https://view.lotushomemade.com"
114.119.148.197 - - [10/Jan/2026:05:30:24 +0700] "GET /shop/page/19/?orderby=price-desc&shop_view=grid&per_row=6 HTTP/1.1" 200 40060 "https://view.lotushomemade.com/shop/page/18/?orderby=price-desc&shop_view=grid&per_row=6" "Mozilla/5.0 (Linux; Android 7.0;) AppleWebKit/537.36 (KHTML, like Gecko) Mobile Safari/537.36 (compatible; PetalBot;+https://webmaster.petalsearch.com/site/petalbot)"
103.131.51.123 - - [10/Jan/2026:05:31:52 +0700] "POST /wp-cron.php?doing_wp_cron=1767997912.3848280906677246093750 HTTP/1.1" 200 474 "-" "WordPress/6.9; https://view.lotushomemade.com"
114.119.151.206 - - [10/Jan/2026:05:31:48 +0700] "GET /shop/page/19/?orderby=price-desc&per_row=4&shop_view=grid&per_page=12 HTTP/1.1" 200 40152 "https://view.lotushomemade.com/shop/page/17/?orderby=price-desc&per_row=4&shop_view=grid&per_page=12" "Mozilla/5.0 (Linux; Android 7.0;) AppleWebKit/537.36 (KHTML, like Gecko) Mobile Safari/537.36 (compatible; PetalBot;+https://webmaster.petalsearch.com/site/petalbot)"
103.131.51.123 - - [10/Jan/2026:05:33:16 +0700] "POST /wp-cron.php?doing_wp_cron=1767997996.7041590213775634765625 HTTP/1.1" 200 474 "-" "WordPress/6.9; https://view.lotushomemade.com"
114.119.148.197 - - [10/Jan/2026:05:33:13 +0700] "GET /shop/page/19/?orderby=price-desc&per_row=2&per_page=12&shop_view=grid HTTP/1.1" 200 40143 "https://view.lotushomemade.com/shop/page/22/?orderby=price-desc&per_row=2&per_page=12&shop_view=grid" "Mozilla/5.0 (Linux; Android 7.0;) AppleWebKit/537.36 (KHTML, like Gecko) Mobile Safari/537.36 (compatible; PetalBot;+https://webmaster.petalsearch.com/site/petalbot)"
103.131.51.123 - - [10/Jan/2026:05:33:42 +0700] "POST /wp-cron.php?doing_wp_cron=1767998022.0498208999633789062500 HTTP/1.1" 200 474 "-" "WordPress/6.9; https://view.lotushomemade.com"
66.249.70.97 - - [10/Jan/2026:05:33:40 +0700] "GET /shop/?min_price=0&max_price=260&stock_status=onsale&per_row=4&shop_view=grid&filter_brand=blessing-food&per_page=18 HTTP/1.1" 200 32481 "-" "Mozilla/5.0 (Linux; Android 6.0.1; Nexus 5X Build/MMB29P) AppleWebKit/537.36 (KHTML, like Gecko) Chrome/143.0.7499.192 Mobile Safari/537.36 (compatible; Googlebot/2.1; +http://www.google.com/bot.html)"
103.131.51.123 - - [10/Jan/2026:05:34:37 +0700] "POST /wp-cron.php?doing_wp_cron=1767998077.7352108955383300781250 HTTP/1.1" 200 474 "-" "WordPress/6.9; https://view.lotushomemade.com"
114.119.150.215 - - [10/Jan/2026:05:34:36 +0700] "GET /shop/page/19/?orderby=price&stock_status=onsale&shop_view=grid&per_row=4 HTTP/1.1" 200 40172 "https://view.lotushomemade.com/shop/page/21/?orderby=price&stock_status=onsale&shop_view=grid&per_row=4" "Mozilla/5.0 (Linux; Android 7.0;) AppleWebKit/537.36 (KHTML, like Gecko) Mobile Safari/537.36 (compatible; PetalBot;+https://webmaster.petalsearch.com/site/petalbot)"
40.77.167.48 - - [10/Jan/2026:05:34:52 +0700] "GET /wp-content/uploads/2023/04/9CC293A71SA-700x391.png HTTP/2" 200 319106 "-" "Mozilla/5.0 AppleWebKit/537.36 (KHTML, like Gecko; compatible; bingbot/2.0; +http://www.bing.com/bingbot.htm) Chrome/116.0.1938.76 Safari/537.36"
103.131.51.123 - - [10/Jan/2026:05:36:04 +0700] "POST /wp-cron.php?doing_wp_cron=1767998163.5341589450836181640625 HTTP/1.1" 200 474 "-" "WordPress/6.9; https://view.lotushomemade.com"
114.119.151.206 - - [10/Jan/2026:05:35:59 +0700] "GET /shop/page/19/?orderby=price&stock_status=onsale&per_page=12 HTTP/1.1" 200 40099 "https://view.lotushomemade.com/shop/page/20?orderby=price&stock_status=onsale&per_page=12" "Mozilla/5.0 (Linux; Android 7.0;) AppleWebKit/537.36 (KHTML, like Gecko) Mobile Safari/537.36 (compatible; PetalBot;+https://webmaster.petalsearch.com/site/petalbot)"
103.131.51.123 - - [10/Jan/2026:05:37:28 +0700] "POST /wp-cron.php?doing_wp_cron=1767998248.4661140441894531250000 HTTP/1.1" 200 474 "-" "WordPress/6.9; https://view.lotushomemade.com"
114.119.145.110 - - [10/Jan/2026:05:37:24 +0700] "GET /shop/page/19/?orderby=price&stock_status=instock&shop_view=grid&per_row=4 HTTP/1.1" 200 40179 "https://view.lotushomemade.com/shop/page/21/?orderby=price&stock_status=instock&shop_view=grid&per_row=4" "Mozilla/5.0 (Linux; Android 7.0;) AppleWebKit/537.36 (KHTML, like Gecko) Mobile Safari/537.36 (compatible; PetalBot;+https://webmaster.petalsearch.com/site/petalbot)"
103.131.51.123 - - [10/Jan/2026:05:37:40 +0700] "POST /wp-cron.php?doing_wp_cron=1767998260.0194840431213378906250 HTTP/1.1" 200 474 "-" "WordPress/6.9; https://view.lotushomemade.com"
74.125.151.97 - - [10/Jan/2026:05:37:38 +0700] "GET /product/sou-mian_18-inch/ HTTP/1.1" 200 36430 "-" "Mozilla/5.0 (X11; Linux x86_64) AppleWebKit/537.36 (KHTML, like Gecko) Chrome/143.0.7499.169 Safari/537.36"
74.125.151.97 - - [10/Jan/2026:05:38:04 +0700] "GET /wp-content/themes/woodmart/css/bootstrap-light.min.css?ver=7.2.5 HTTP/1.1" 200 1425 "https://view.lotushomemade.com/product/sou-mian_18-inch/" "Mozilla/5.0 (X11; Linux x86_64) AppleWebKit/537.36 (KHTML, like Gecko) Chrome/143.0.7499.169 Safari/537.36"
40.77.167.235 - - [10/Jan/2026:05:38:05 +0700] "GET /wp-content/uploads/2023/11/1047-430x430.png HTTP/2" 200 280065 "-" "Mozilla/5.0 AppleWebKit/537.36 (KHTML, like Gecko; compatible; bingbot/2.0; +http://www.bing.com/bingbot.htm) Chrome/116.0.1938.76 Safari/537.36"
66.249.70.97 - - [10/Jan/2026:05:38:27 +0700] "GET /product/scs-blueberry-cheese-ball-sg/ HTTP/1.1" 200 37213 "-" "Mozilla/5.0 (Linux; Android 6.0.1; Nexus 5X Build/MMB29P) AppleWebKit/537.36 (KHTML, like Gecko) Chrome/143.0.7499.192 Mobile Safari/537.36 (compatible; GoogleOther)"
103.131.51.123 - - [10/Jan/2026:05:38:48 +0700] "POST /wp-cron.php?doing_wp_cron=1767998328.4948348999023437500000 HTTP/1.1" 200 474 "-" "WordPress/6.9; https://view.lotushomemade.com"
114.119.150.215 - - [10/Jan/2026:05:38:47 +0700] "GET /shop/page/19/?orderby=price&stock_status=instock&per_row=2&shop_view=grid HTTP/1.1" 200 40178 "https://view.lotushomemade.com/shop/page/22/?orderby=price&stock_status=instock&per_row=2&shop_view=grid" "Mozilla/5.0 (Linux; Android 7.0;) AppleWebKit/537.36 (KHTML, like Gecko) Mobile Safari/537.36 (compatible; PetalBot;+https://webmaster.petalsearch.com/site/petalbot)"
74.125.151.97 - - [10/Jan/2026:05:38:51 +0700] "GET /wp-content/themes/woodmart/css/parts/lib-photoswipe.min.css?ver=7.2.5 HTTP/1.1" 200 2297 "https://view.lotushomemade.com/product/sou-mian_18-inch/" "Mozilla/5.0 (X11; Linux x86_64) AppleWebKit/537.36 (KHTML, like Gecko) Chrome/143.0.7499.169 Safari/537.36"
74.125.151.97 - - [10/Jan/2026:05:39:13 +0700] "GET /wp-content/themes/woodmart/css/parts/woo-widget-product-list.min.css?ver=7.2.5 HTTP/1.1" 200 922 "https://view.lotushomemade.com/product/sou-mian_18-inch/" "Mozilla/5.0 (X11; Linux x86_64) AppleWebKit/537.36 (KHTML, like Gecko) Chrome/143.0.7499.169 Safari/537.36"
74.125.151.98 - - [10/Jan/2026:05:39:33 +0700] "GET /wp-content/themes/woodmart/css/parts/wd-search-form.min.css?ver=7.2.5 HTTP/1.1" 200 1075 "https://view.lotushomemade.com/product/sou-mian_18-inch/" "Mozilla/5.0 (X11; Linux x86_64) AppleWebKit/537.36 (KHTML, like Gecko) Chrome/143.0.7499.169 Safari/537.36"
74.125.151.97 - - [10/Jan/2026:05:39:51 +0700] "GET /wp-content/uploads/2023/04/Motif.jpg HTTP/1.1" 200 37437 "https://view.lotushomemade.com/product/sou-mian_18-inch/" "Mozilla/5.0 (X11; Linux x86_64) AppleWebKit/537.36 (KHTML, like Gecko) Chrome/143.0.7499.169 Safari/537.36"
103.131.51.123 - - [10/Jan/2026:05:40:15 +0700] "POST /wp-cron.php?doing_wp_cron=1767998415.6116518974304199218750 HTTP/1.1" 200 474 "-" "WordPress/6.9; https://view.lotushomemade.com"
114.119.142.208 - - [10/Jan/2026:05:40:11 +0700] "GET /shop/page/19/?orderby=price&stock_status=instock&per_page=12 HTTP/1.1" 200 40114 "https://view.lotushomemade.com/shop/page/18?orderby=price&stock_status=instock&per_page=12" "Mozilla/5.0 (Linux; Android 7.0;) AppleWebKit/537.36 (KHTML, like Gecko) Mobile Safari/537.36 (compatible; PetalBot;+https://webmaster.petalsearch.com/site/petalbot)"
103.131.51.123 - - [10/Jan/2026:05:41:38 +0700] "POST /wp-cron.php?doing_wp_cron=1767998498.1407101154327392578125 HTTP/1.1" 200 474 "-" "WordPress/6.9; https://view.lotushomemade.com"
114.119.150.215 - - [10/Jan/2026:05:41:34 +0700] "GET /shop/page/19/?orderby=price&per_row=6&shop_view=grid&stock_status=onsale HTTP/1.1" 200 40160 "https://view.lotushomemade.com/shop/page/20/?orderby=price&per_row=6&shop_view=grid&stock_status=onsale" "Mozilla/5.0 (Linux; Android 7.0;) AppleWebKit/537.36 (KHTML, like Gecko) Mobile Safari/537.36 (compatible; PetalBot;+https://webmaster.petalsearch.com/site/petalbot)"
103.131.51.123 - - [10/Jan/2026:05:43:02 +0700] "POST /wp-cron.php?doing_wp_cron=1767998582.3967299461364746093750 HTTP/1.1" 200 474 "-" "WordPress/6.9; https://view.lotushomemade.com"
114.119.150.215 - - [10/Jan/2026:05:42:58 +0700] "GET /shop/page/19/?orderby=price&per_row=6&shop_view=grid&per_page=18 HTTP/1.1" 200 41013 "https://view.lotushomemade.com/shop/page/18/?orderby=price&per_row=6&shop_view=grid&per_page=18" "Mozilla/5.0 (Linux; Android 7.0;) AppleWebKit/537.36 (KHTML, like Gecko) Mobile Safari/537.36 (compatible; PetalBot;+https://webmaster.petalsearch.com/site/petalbot)"
78.243.128.83 - - [10/Jan/2026:05:43:02 +0700] "GET /product/fish-bahulu-_-8142-xl/ HTTP/1.1" 200 36897 "-" "Mozilla/5.0 (iPod; U; CPU iPhone OS 4_3 like Mac OS X; or-IN) AppleWebKit/533.9.2 (KHTML, like Gecko) Version/3.0.5 Mobile/8B115 Safari/6533.9.2"
103.131.51.123 - - [10/Jan/2026:05:44:25 +0700] "POST /wp-cron.php?doing_wp_cron=1767998665.1987149715423583984375 HTTP/1.1" 200 474 "-" "WordPress/6.9; https://view.lotushomemade.com"
114.119.145.110 - - [10/Jan/2026:05:44:21 +0700] "GET /shop/page/19/?orderby=price&per_page=18&stock_status=onsale HTTP/1.1" 200 40936 "https://view.lotushomemade.com/shop/page/17/?orderby=price&per_page=18&stock_status=onsale" "Mozilla/5.0 (Linux; Android 7.0;) AppleWebKit/537.36 (KHTML, like Gecko) Mobile Safari/537.36 (compatible; PetalBot;+https://webmaster.petalsearch.com/site/petalbot)"
103.131.51.123 - - [10/Jan/2026:05:45:49 +0700] "POST /wp-cron.php?doing_wp_cron=1767998749.8609089851379394531250 HTTP/1.1" 200 474 "-" "WordPress/6.9; https://view.lotushomemade.com"
114.119.150.215 - - [10/Jan/2026:05:45:46 +0700] "GET /shop/page/19/?orderby=price&per_page=18&stock_status=instock HTTP/1.1" 200 40901 "https://view.lotushomemade.com/shop/page/21/?orderby=price&per_page=18&stock_status=instock" "Mozilla/5.0 (Linux; Android 7.0;) AppleWebKit/537.36 (KHTML, like Gecko) Mobile Safari/537.36 (compatible; PetalBot;+https://webmaster.petalsearch.com/site/petalbot)"
103.131.51.123 - - [10/Jan/2026:05:47:13 +0700] "POST /wp-cron.php?doing_wp_cron=1767998833.4709780216217041015625 HTTP/1.1" 200 474 "-" "WordPress/6.9; https://view.lotushomemade.com"
114.119.142.208 - - [10/Jan/2026:05:47:09 +0700] "GET /shop/page/19/?orderby=price&per_page=18&shop_view=grid&per_row=4 HTTP/1.1" 200 41042 "https://view.lotushomemade.com/shop/page/22/?orderby=price&per_page=18&shop_view=grid&per_row=4" "Mozilla/5.0 (Linux; Android 7.0;) AppleWebKit/537.36 (KHTML, like Gecko) Mobile Safari/537.36 (compatible; PetalBot;+https://webmaster.petalsearch.com/site/petalbot)"
103.131.51.123 - - [10/Jan/2026:05:48:37 +0700] "POST /wp-cron.php?doing_wp_cron=1767998917.1747450828552246093750 HTTP/1.1" 200 474 "-" "WordPress/6.9; https://view.lotushomemade.com"
114.119.149.78 - - [10/Jan/2026:05:48:33 +0700] "GET /shop/page/19/?orderby=price&per_page=12&shop_view=grid&per_row=4 HTTP/1.1" 200 40220 "https://view.lotushomemade.com/shop/page/17/?orderby=price&per_page=12&shop_view=grid&per_row=4" "Mozilla/5.0 (Linux; Android 7.0;) AppleWebKit/537.36 (KHTML, like Gecko) Mobile Safari/537.36 (compatible; PetalBot;+https://webmaster.petalsearch.com/site/petalbot)"
103.131.51.123 - - [10/Jan/2026:05:49:56 +0700] "POST /wp-cron.php?doing_wp_cron=1767998996.4603929519653320312500 HTTP/1.1" 200 474 "-" "WordPress/6.9; https://view.lotushomemade.com"
66.249.70.98 - - [10/Jan/2026:05:49:52 +0700] "GET /shop/?orderby=price&stock_status=instock%2Consale&per_page=18&filter_brand=blessing-food&shop_view=grid&per_row=2 HTTP/1.1" 200 32446 "-" "Mozilla/5.0 (Linux; Android 6.0.1; Nexus 5X Build/MMB29P) AppleWebKit/537.36 (KHTML, like Gecko) Chrome/143.0.7499.192 Mobile Safari/537.36 (compatible; Googlebot/2.1; +http://www.google.com/bot.html)"
114.119.130.97 - - [10/Jan/2026:05:49:57 +0700] "GET /shop/page/19/?orderby=price&per_page=12&shop_view=grid&per_row=2 HTTP/1.1" 200 40197 "https://view.lotushomemade.com/shop/page/21/?orderby=price&per_page=12&shop_view=grid&per_row=2" "Mozilla/5.0 (Linux; Android 7.0;) AppleWebKit/537.36 (KHTML, like Gecko) Mobile Safari/537.36 (compatible; PetalBot;+https://webmaster.petalsearch.com/site/petalbot)"
103.131.51.123 - - [10/Jan/2026:05:51:26 +0700] "POST /wp-cron.php?doing_wp_cron=1767999086.0449330806732177734375 HTTP/1.1" 200 474 "-" "WordPress/6.9; https://view.lotushomemade.com"
114.119.151.206 - - [10/Jan/2026:05:51:22 +0700] "GET /shop/page/19/?orderby=popularity&stock_status=onsale HTTP/1.1" 200 39750 "https://view.lotushomemade.com/shop/page/22/?orderby=popularity&stock_status=onsale" "Mozilla/5.0 (Linux; Android 7.0;) AppleWebKit/537.36 (KHTML, like Gecko) Mobile Safari/537.36 (compatible; PetalBot;+https://webmaster.petalsearch.com/site/petalbot)"
103.131.51.123 - - [10/Jan/2026:05:52:50 +0700] "POST /wp-cron.php?doing_wp_cron=1767999170.2864069938659667968750 HTTP/1.1" 200 474 "-" "WordPress/6.9; https://view.lotushomemade.com"
114.119.149.78 - - [10/Jan/2026:05:52:46 +0700] "GET /shop/page/19/?orderby=popularity&stock_status=instock&shop_view=grid&per_row=2 HTTP/1.1" 200 39893 "https://view.lotushomemade.com/shop/page/21/?orderby=popularity&stock_status=instock&shop_view=grid&per_row=2" "Mozilla/5.0 (Linux; Android 7.0;) AppleWebKit/537.36 (KHTML, like Gecko) Mobile Safari/537.36 (compatible; PetalBot;+https://webmaster.petalsearch.com/site/petalbot)"
103.131.51.123 - - [10/Jan/2026:05:54:13 +0700] "POST /wp-cron.php?doing_wp_cron=1767999253.0441288948059082031250 HTTP/1.1" 200 474 "-" "WordPress/6.9; https://view.lotushomemade.com"
114.119.145.110 - - [10/Jan/2026:05:54:09 +0700] "GET /shop/page/19/?orderby=popularity&stock_status=instock&per_page=18 HTTP/1.1" 200 40330 "https://view.lotushomemade.com/shop/page/22/?orderby=popularity&stock_status=instock&per_page=18" "Mozilla/5.0 (Linux; Android 7.0;) AppleWebKit/537.36 (KHTML, like Gecko) Mobile Safari/537.36 (compatible; PetalBot;+https://webmaster.petalsearch.com/site/petalbot)"
103.131.51.123 - - [10/Jan/2026:05:55:35 +0700] "POST /wp-cron.php?doing_wp_cron=1767999335.8852241039276123046875 HTTP/1.1" 200 474 "-" "WordPress/6.9; https://view.lotushomemade.com"
114.119.156.27 - - [10/Jan/2026:05:55:32 +0700] "GET /shop/page/19/?orderby=popularity&stock_status=instock HTTP/1.1" 200 39735 "https://view.lotushomemade.com/shop/page/19?orderby=popularity&stock_status=instock" "Mozilla/5.0 (Linux; Android 7.0;) AppleWebKit/537.36 (KHTML, like Gecko) Mobile Safari/537.36 (compatible; PetalBot;+https://webmaster.petalsearch.com/site/petalbot)"
103.131.51.123 - - [10/Jan/2026:05:57:00 +0700] "POST /wp-cron.php?doing_wp_cron=1767999420.2769699096679687500000 HTTP/1.1" 200 474 "-" "WordPress/6.9; https://view.lotushomemade.com"
114.119.151.206 - - [10/Jan/2026:05:56:56 +0700] "GET /shop/page/19/?orderby=popularity&shop_view=grid&per_row=6 HTTP/1.1" 200 39841 "https://view.lotushomemade.com/shop/page/21/?orderby=popularity&shop_view=grid&per_row=6" "Mozilla/5.0 (Linux; Android 7.0;) AppleWebKit/537.36 (KHTML, like Gecko) Mobile Safari/537.36 (compatible; PetalBot;+https://webmaster.petalsearch.com/site/petalbot)"
103.131.51.123 - - [10/Jan/2026:05:58:24 +0700] "POST /wp-cron.php?doing_wp_cron=1767999504.1240880489349365234375 HTTP/1.1" 200 474 "-" "WordPress/6.9; https://view.lotushomemade.com"
114.119.150.215 - - [10/Jan/2026:05:58:20 +0700] "GET /shop/page/19/?orderby=popularity&shop_view=grid&per_row=2 HTTP/1.1" 200 39827 "https://view.lotushomemade.com/shop/page/19/?orderby=popularity&shop_view=grid&per_row=2" "Mozilla/5.0 (Linux; Android 7.0;) AppleWebKit/537.36 (KHTML, like Gecko) Mobile Safari/537.36 (compatible; PetalBot;+https://webmaster.petalsearch.com/site/petalbot)"
103.131.51.123 - - [10/Jan/2026:05:59:48 +0700] "POST /wp-cron.php?doing_wp_cron=1767999588.3946330547332763671875 HTTP/1.1" 200 474 "-" "WordPress/6.9; https://view.lotushomemade.com"
114.119.142.208 - - [10/Jan/2026:05:59:44 +0700] "GET /shop/page/19/?orderby=popularity&per_row=6&per_page=8&shop_view=grid HTTP/1.1" 200 39360 "https://view.lotushomemade.com/shop/page/21/?orderby=popularity&per_row=6&per_page=8&shop_view=grid" "Mozilla/5.0 (Linux; Android 7.0;) AppleWebKit/537.36 (KHTML, like Gecko) Mobile Safari/537.36 (compatible; PetalBot;+https://webmaster.petalsearch.com/site/petalbot)"
103.131.51.123 - - [10/Jan/2026:06:01:12 +0700] "POST /wp-cron.php?doing_wp_cron=1767999672.8641450405120849609375 HTTP/1.1" 200 474 "-" "WordPress/6.9; https://view.lotushomemade.com"
114.119.148.197 - - [10/Jan/2026:06:01:09 +0700] "GET /shop/page/19/?orderby=popularity&per_row=4&shop_view=grid&stock_status=onsale HTTP/1.1" 200 39879 "https://view.lotushomemade.com/shop/page/18/?orderby=popularity&per_row=4&shop_view=grid&stock_status=onsale" "Mozilla/5.0 (Linux; Android 7.0;) AppleWebKit/537.36 (KHTML, like Gecko) Mobile Safari/537.36 (compatible; PetalBot;+https://webmaster.petalsearch.com/site/petalbot)"
103.131.51.123 - - [10/Jan/2026:06:02:36 +0700] "POST /wp-cron.php?doing_wp_cron=1767999756.8065099716186523437500 HTTP/1.1" 200 474 "-" "WordPress/6.9; https://view.lotushomemade.com"
114.119.156.27 - - [10/Jan/2026:06:02:33 +0700] "GET /shop/page/19/?orderby=popularity&per_row=4&shop_view=grid&per_page=12 HTTP/1.1" 200 39923 "https://view.lotushomemade.com/shop/page/20/?orderby=popularity&per_row=4&shop_view=grid&per_page=12" "Mozilla/5.0 (Linux; Android 7.0;) AppleWebKit/537.36 (KHTML, like Gecko) Mobile Safari/537.36 (compatible; PetalBot;+https://webmaster.petalsearch.com/site/petalbot)"
103.131.51.123 - - [10/Jan/2026:06:03:59 +0700] "POST /wp-cron.php?doing_wp_cron=1767999839.2706570625305175781250 HTTP/1.1" 200 474 "-" "WordPress/6.9; https://view.lotushomemade.com"
114.119.156.27 - - [10/Jan/2026:06:03:55 +0700] "GET /shop/page/19/?orderby=popularity&per_row=4&shop_view=grid HTTP/1.1" 200 39833 "https://view.lotushomemade.com/shop/page/17?orderby=popularity&per_row=4&shop_view=grid" "Mozilla/5.0 (Linux; Android 7.0;) AppleWebKit/537.36 (KHTML, like Gecko) Mobile Safari/537.36 (compatible; PetalBot;+https://webmaster.petalsearch.com/site/petalbot)"
103.131.51.123 - - [10/Jan/2026:06:05:23 +0700] "POST /wp-cron.php?doing_wp_cron=1767999923.7569570541381835937500 HTTP/1.1" 200 474 "-" "WordPress/6.9; https://view.lotushomemade.com"
114.119.130.97 - - [10/Jan/2026:06:05:20 +0700] "GET /shop/page/19/?orderby=popularity&per_row=4&per_page=18&shop_view=grid HTTP/1.1" 200 40438 "https://view.lotushomemade.com/shop/page/22/?orderby=popularity&per_row=4&per_page=18&shop_view=grid" "Mozilla/5.0 (Linux; Android 7.0;) AppleWebKit/537.36 (KHTML, like Gecko) Mobile Safari/537.36 (compatible; PetalBot;+https://webmaster.petalsearch.com/site/petalbot)"
103.131.51.123 - - [10/Jan/2026:06:06:46 +0700] "POST /wp-cron.php?doing_wp_cron=1768000006.7746500968933105468750 HTTP/1.1" 200 474 "-" "WordPress/6.9; https://view.lotushomemade.com"
114.119.130.97 - - [10/Jan/2026:06:06:43 +0700] "GET /shop/page/19/?orderby=popularity&per_row=2&shop_view=grid&stock_status=onsale HTTP/1.1" 200 39874 "https://view.lotushomemade.com/shop/page/20/?orderby=popularity&per_row=2&shop_view=grid&stock_status=onsale" "Mozilla/5.0 (Linux; Android 7.0;) AppleWebKit/537.36 (KHTML, like Gecko) Mobile Safari/537.36 (compatible; PetalBot;+https://webmaster.petalsearch.com/site/petalbot)"
103.131.51.123 - - [10/Jan/2026:06:08:10 +0700] "POST /wp-cron.php?doing_wp_cron=1768000090.7106180191040039062500 HTTP/1.1" 200 474 "-" "WordPress/6.9; https://view.lotushomemade.com"
114.119.130.97 - - [10/Jan/2026:06:08:06 +0700] "GET /shop/page/19/?orderby=popularity&per_row=2&shop_view=grid&stock_status=instock HTTP/1.1" 200 39863 "https://view.lotushomemade.com/shop/page/18/?orderby=popularity&per_row=2&shop_view=grid&stock_status=instock" "Mozilla/5.0 (Linux; Android 7.0;) AppleWebKit/537.36 (KHTML, like Gecko) Mobile Safari/537.36 (compatible; PetalBot;+https://webmaster.petalsearch.com/site/petalbot)"
103.131.51.123 - - [10/Jan/2026:06:09:35 +0700] "POST /wp-cron.php?doing_wp_cron=1768000175.4882869720458984375000 HTTP/1.1" 200 474 "-" "WordPress/6.9; https://view.lotushomemade.com"
114.119.150.215 - - [10/Jan/2026:06:09:31 +0700] "GET /shop/page/19/?orderby=popularity&per_row=2&per_page=12&shop_view=grid HTTP/1.1" 200 39900 "https://view.lotushomemade.com/shop/page/21/?orderby=popularity&per_row=2&per_page=12&shop_view=grid" "Mozilla/5.0 (Linux; Android 7.0;) AppleWebKit/537.36 (KHTML, like Gecko) Mobile Safari/537.36 (compatible; PetalBot;+https://webmaster.petalsearch.com/site/petalbot)"
103.131.51.123 - - [10/Jan/2026:06:13:37 +0700] "POST /wp-cron.php?doing_wp_cron=1768000417.5176730155944824218750 HTTP/1.1" 200 474 "-" "WordPress/6.9; https://view.lotushomemade.com"
51.161.65.209 - - [10/Jan/2026:06:13:35 +0700] "GET /robots.txt HTTP/2" 200 103 "-" "Mozilla/5.0 (compatible; AhrefsBot/7.0; +http://ahrefs.com/robot/)"
176.31.139.25 - - [10/Jan/2026:06:13:41 +0700] "GET /product/oatmeal-cookies_8080-s-2/ HTTP/2" 200 35948 "-" "Mozilla/5.0 (compatible; AhrefsBot/7.0; +http://ahrefs.com/robot/)"
114.119.149.78 - - [10/Jan/2026:06:14:28 +0700] "GET /shop/page/19/?orderby=popularity&per_page=8&shop_view=grid&per_row=6 HTTP/1.1" 200 39367 "https://view.lotushomemade.com/shop/page/22/?orderby=popularity&per_page=8&shop_view=grid&per_row=6" "Mozilla/5.0 (Linux; Android 7.0;) AppleWebKit/537.36 (KHTML, like Gecko) Mobile Safari/537.36 (compatible; PetalBot;+https://webmaster.petalsearch.com/site/petalbot)"
103.131.51.123 - - [10/Jan/2026:06:14:54 +0700] "POST /wp-cron.php?doing_wp_cron=1768000494.0923330783843994140625 HTTP/1.1" 200 474 "-" "WordPress/6.9; https://view.lotushomemade.com"
114.119.142.208 - - [10/Jan/2026:06:14:52 +0700] "GET /shop/page/19/?orderby=popularity&per_page=18 HTTP/1.1" 200 40265 "https://view.lotushomemade.com/shop/page/21/?orderby=popularity&per_page=18" "Mozilla/5.0 (Linux; Android 7.0;) AppleWebKit/537.36 (KHTML, like Gecko) Mobile Safari/537.36 (compatible; PetalBot;+https://webmaster.petalsearch.com/site/petalbot)"
176.31.139.30 - - [10/Jan/2026:06:15:05 +0700] "GET /product/pineapple-tart_8080-s-2/ HTTP/2" 200 36220 "-" "Mozilla/5.0 (compatible; AhrefsBot/7.0; +http://ahrefs.com/robot/)"
103.131.51.123 - - [10/Jan/2026:06:15:37 +0700] "POST /wp-cron.php?doing_wp_cron=1768000537.5098628997802734375000 HTTP/1.1" 200 474 "-" "WordPress/6.9; https://view.lotushomemade.com"
114.119.150.215 - - [10/Jan/2026:06:15:37 +0700] "GET /shop?orderby=price&per_page=8&filter_brand=hss&stock_status=instock,onsale HTTP/1.1" 301 585 "https://view.lotushomemade.com/shop?orderby=price&per_page=8&filter_brand=hss&stock_status=instock" "Mozilla/5.0 (Linux; Android 7.0;) AppleWebKit/537.36 (KHTML, like Gecko) Mobile Safari/537.36 (compatible; PetalBot;+https://webmaster.petalsearch.com/site/petalbot)"
114.119.150.215 - - [10/Jan/2026:06:15:37 +0700] "GET /shop/?orderby=price&per_page=8&filter_brand=hss&stock_status=instock,onsale HTTP/1.1" 200 38777 "https://view.lotushomemade.com/shop?orderby=price&per_page=8&filter_brand=hss&stock_status=instock" "Mozilla/5.0 (Linux; Android 7.0;) AppleWebKit/537.36 (KHTML, like Gecko) Mobile Safari/537.36 (compatible; PetalBot;+https://webmaster.petalsearch.com/site/petalbot)"
103.131.51.123 - - [10/Jan/2026:06:16:57 +0700] "POST /wp-cron.php?doing_wp_cron=1768000617.8358709812164306640625 HTTP/1.1" 200 474 "-" "WordPress/6.9; https://view.lotushomemade.com"
114.119.151.206 - - [10/Jan/2026:06:16:55 +0700] "GET /shop/page/4?per_page=8&shop_view=grid&per_row=6 HTTP/1.1" 301 646 "https://view.lotushomemade.com/shop?per_page=8&shop_view=grid&per_row=6" "Mozilla/5.0 (Linux; Android 7.0;) AppleWebKit/537.36 (KHTML, like Gecko) Mobile Safari/537.36 (compatible; PetalBot;+https://webmaster.petalsearch.com/site/petalbot)"
114.119.151.206 - - [10/Jan/2026:06:16:57 +0700] "GET /shop/page/4/?per_page=8&shop_view=grid&per_row=6 HTTP/1.1" 200 39300 "https://view.lotushomemade.com/shop?per_page=8&shop_view=grid&per_row=6" "Mozilla/5.0 (Linux; Android 7.0;) AppleWebKit/537.36 (KHTML, like Gecko) Mobile Safari/537.36 (compatible; PetalBot;+https://webmaster.petalsearch.com/site/petalbot)"
103.131.51.123 - - [10/Jan/2026:06:17:33 +0700] "POST /wp-cron.php?doing_wp_cron=1768000653.1483469009399414062500 HTTP/1.1" 200 474 "-" "WordPress/6.9; https://view.lotushomemade.com"
114.119.148.197 - - [10/Jan/2026:06:17:31 +0700] "GET /shop/page/19/?orderby=popularity&per_page=12&stock_status=instock HTTP/1.1" 200 39839 "https://view.lotushomemade.com/shop/page/21/?orderby=popularity&per_page=12&stock_status=instock" "Mozilla/5.0 (Linux; Android 7.0;) AppleWebKit/537.36 (KHTML, like Gecko) Mobile Safari/537.36 (compatible; PetalBot;+https://webmaster.petalsearch.com/site/petalbot)"
103.131.51.123 - - [10/Jan/2026:06:18:37 +0700] "POST /wp-cron.php?doing_wp_cron=1768000717.2872519493103027343750 HTTP/1.1" 200 474 "-" "WordPress/6.9; https://view.lotushomemade.com"
114.119.130.97 - - [10/Jan/2026:06:18:35 +0700] "GET /shop/page/19/?orderby=popularity&per_page=12&shop_view=grid&per_row=6 HTTP/1.1" 200 39874 "https://view.lotushomemade.com/shop/page/19?orderby=popularity&per_page=12&shop_view=grid&per_row=6" "Mozilla/5.0 (Linux; Android 7.0;) AppleWebKit/537.36 (KHTML, like Gecko) Mobile Safari/537.36 (compatible; PetalBot;+https://webmaster.petalsearch.com/site/petalbot)"
103.131.51.123 - - [10/Jan/2026:06:20:03 +0700] "POST /wp-cron.php?doing_wp_cron=1768000803.3720009326934814453125 HTTP/1.1" 200 474 "-" "WordPress/6.9; https://view.lotushomemade.com"
114.119.151.206 - - [10/Jan/2026:06:19:59 +0700] "GET /shop/page/19/?orderby=date&per_row=6&shop_view=grid&stock_status=onsale HTTP/1.1" 200 39767 "https://view.lotushomemade.com/shop/page/18?orderby=date&per_row=6&shop_view=grid&stock_status=onsale" "Mozilla/5.0 (Linux; Android 7.0;) AppleWebKit/537.36 (KHTML, like Gecko) Mobile Safari/537.36 (compatible; PetalBot;+https://webmaster.petalsearch.com/site/petalbot)"
103.131.51.123 - - [10/Jan/2026:06:21:26 +0700] "POST /wp-cron.php?doing_wp_cron=1768000886.9638168811798095703125 HTTP/1.1" 200 474 "-" "WordPress/6.9; https://view.lotushomemade.com"
114.119.130.97 - - [10/Jan/2026:06:21:23 +0700] "GET /shop/page/19/?orderby=date&per_row=6&shop_view=grid HTTP/1.1" 200 39703 "https://view.lotushomemade.com/shop/page/18/?orderby=date&per_row=6&shop_view=grid" "Mozilla/5.0 (Linux; Android 7.0;) AppleWebKit/537.36 (KHTML, like Gecko) Mobile Safari/537.36 (compatible; PetalBot;+https://webmaster.petalsearch.com/site/petalbot)"
103.131.51.123 - - [10/Jan/2026:06:22:50 +0700] "POST /wp-cron.php?doing_wp_cron=1768000970.7640619277954101562500 HTTP/1.1" 200 474 "-" "WordPress/6.9; https://view.lotushomemade.com"
114.119.149.78 - - [10/Jan/2026:06:22:47 +0700] "GET /shop/page/19/?orderby=date&per_row=6&per_page=18&shop_view=grid HTTP/1.1" 200 40259 "https://view.lotushomemade.com/shop/page/18/?orderby=date&per_row=6&per_page=18&shop_view=grid" "Mozilla/5.0 (Linux; Android 7.0;) AppleWebKit/537.36 (KHTML, like Gecko) Mobile Safari/537.36 (compatible; PetalBot;+https://webmaster.petalsearch.com/site/petalbot)"
103.131.51.123 - - [10/Jan/2026:06:24:15 +0700] "POST /wp-cron.php?doing_wp_cron=1768001055.8890380859375000000000 HTTP/1.1" 200 474 "-" "WordPress/6.9; https://view.lotushomemade.com"
114.119.130.97 - - [10/Jan/2026:06:24:12 +0700] "GET /shop/page/19/?orderby=date&per_row=6&per_page=12&shop_view=grid HTTP/1.1" 200 39782 "https://view.lotushomemade.com/shop/page/22/?orderby=date&per_row=6&per_page=12&shop_view=grid" "Mozilla/5.0 (Linux; Android 7.0;) AppleWebKit/537.36 (KHTML, like Gecko) Mobile Safari/537.36 (compatible; PetalBot;+https://webmaster.petalsearch.com/site/petalbot)"
103.131.51.123 - - [10/Jan/2026:06:24:54 +0700] "POST /wp-cron.php?doing_wp_cron=1768001094.8334650993347167968750 HTTP/1.1" 200 474 "-" "WordPress/6.9; https://view.lotushomemade.com"
14.180.207.43 - - [10/Jan/2026:06:24:53 +0700] "GET /blog/ HTTP/1.1" 200 30516 "-" "Mozilla/5.0 (X11; Linux i686) AppleWebKit/536.1 (KHTML, like Gecko) Chrome/55.0.858.0 Safari/536.1"
103.131.51.123 - - [10/Jan/2026:06:25:36 +0700] "POST /wp-cron.php?doing_wp_cron=1768001136.6972849369049072265625 HTTP/1.1" 200 474 "-" "WordPress/6.9; https://view.lotushomemade.com"
114.119.150.215 - - [10/Jan/2026:06:25:35 +0700] "GET /shop/page/19/?orderby=date&per_row=4&shop_view=grid&stock_status=instock HTTP/1.1" 200 39774 "https://view.lotushomemade.com/shop/page/21?orderby=date&per_row=4&shop_view=grid&stock_status=instock" "Mozilla/5.0 (Linux; Android 7.0;) AppleWebKit/537.36 (KHTML, like Gecko) Mobile Safari/537.36 (compatible; PetalBot;+https://webmaster.petalsearch.com/site/petalbot)"
103.131.51.123 - - [10/Jan/2026:06:27:02 +0700] "POST /wp-cron.php?doing_wp_cron=1768001222.4552559852600097656250 HTTP/1.1" 200 474 "-" "WordPress/6.9; https://view.lotushomemade.com"
114.119.149.78 - - [10/Jan/2026:06:26:58 +0700] "GET /shop/page/19/?orderby=date&per_row=4&shop_view=grid&per_page=8 HTTP/1.1" 200 39350 "https://view.lotushomemade.com/shop/page/22/?orderby=date&per_row=4&shop_view=grid&per_page=8" "Mozilla/5.0 (Linux; Android 7.0;) AppleWebKit/537.36 (KHTML, like Gecko) Mobile Safari/537.36 (compatible; PetalBot;+https://webmaster.petalsearch.com/site/petalbot)"
103.131.51.123 - - [10/Jan/2026:06:28:26 +0700] "POST /wp-cron.php?doing_wp_cron=1768001306.0206730365753173828125 HTTP/1.1" 200 474 "-" "WordPress/6.9; https://view.lotushomemade.com"
114.119.150.215 - - [10/Jan/2026:06:28:22 +0700] "GET /shop/page/19/?orderby=date&per_row=2&shop_view=grid&per_page=12 HTTP/1.1" 200 39782 "https://view.lotushomemade.com/shop/page/21/?orderby=date&per_row=2&shop_view=grid&per_page=12" "Mozilla/5.0 (Linux; Android 7.0;) AppleWebKit/537.36 (KHTML, like Gecko) Mobile Safari/537.36 (compatible; PetalBot;+https://webmaster.petalsearch.com/site/petalbot)"
103.131.51.123 - - [10/Jan/2026:06:29:24 +0700] "POST /wp-cron.php?doing_wp_cron=1768001364.4062800407409667968750 HTTP/1.1" 200 474 "-" "WordPress/6.9; https://view.lotushomemade.com"
92.222.108.107 - - [10/Jan/2026:06:29:22 +0700] "GET /product/pandan-pineapple-roll_8080-s/ HTTP/2" 200 36051 "-" "Mozilla/5.0 (compatible; AhrefsBot/7.0; +http://ahrefs.com/robot/)"
103.131.51.123 - - [10/Jan/2026:06:29:40 +0700] "POST /wp-cron.php?doing_wp_cron=1768001380.7416100502014160156250 HTTP/1.1" 200 474 "-" "WordPress/6.9; https://view.lotushomemade.com"
66.249.70.97 - - [10/Jan/2026:06:29:39 +0700] "GET /product/sugee-ball-cookies_8080-s/ HTTP/1.1" 200 36919 "-" "Mozilla/5.0 (Linux; Android 6.0.1; Nexus 5X Build/MMB29P) AppleWebKit/537.36 (KHTML, like Gecko) Chrome/143.0.7499.192 Mobile Safari/537.36 (compatible; Googlebot/2.1; +http://www.google.com/bot.html)"
66.249.71.129 - - [10/Jan/2026:06:29:45 +0700] "GET /wp-content/themes/woodmart/js/scripts/elements/accordion.min.js?ver=7.2.5 HTTP/1.1" 200 1442 "https://view.lotushomemade.com/product/sugee-ball-cookies_8080-s/" "Mozilla/5.0 (Linux; Android 6.0.1; Nexus 5X Build/MMB29P) AppleWebKit/537.36 (KHTML, like Gecko) Chrome/143.0.7499.169 Mobile Safari/537.36 (compatible; Googlebot/2.1; +http://www.google.com/bot.html)"
114.119.149.78 - - [10/Jan/2026:06:29:47 +0700] "GET /shop/page/19/?orderby=date&per_page=18&stock_status=onsale HTTP/1.1" 200 40181 "https://view.lotushomemade.com/shop/page/22/?orderby=date&per_page=18&stock_status=onsale" "Mozilla/5.0 (Linux; Android 7.0;) AppleWebKit/537.36 (KHTML, like Gecko) Mobile Safari/537.36 (compatible; PetalBot;+https://webmaster.petalsearch.com/site/petalbot)"
54.37.118.92 - - [10/Jan/2026:06:30:24 +0700] "GET /product/pandan-makmur-cookies_8080-s/ HTTP/2" 200 36187 "-" "Mozilla/5.0 (compatible; AhrefsBot/7.0; +http://ahrefs.com/robot/)"
103.131.51.123 - - [10/Jan/2026:06:31:11 +0700] "POST /wp-cron.php?doing_wp_cron=1768001471.3627560138702392578125 HTTP/1.1" 200 474 "-" "WordPress/6.9; https://view.lotushomemade.com"
114.119.151.206 - - [10/Jan/2026:06:31:09 +0700] "GET /shop/page/19/?min_price=0&stock_status=onsale&per_row=2&shop_view=grid HTTP/1.1" 200 39994 "https://view.lotushomemade.com/shop/page/18/?min_price=0&stock_status=onsale&per_row=2&shop_view=grid" "Mozilla/5.0 (Linux; Android 7.0;) AppleWebKit/537.36 (KHTML, like Gecko) Mobile Safari/537.36 (compatible; PetalBot;+https://webmaster.petalsearch.com/site/petalbot)"
103.131.51.123 - - [10/Jan/2026:06:32:37 +0700] "POST /wp-cron.php?doing_wp_cron=1768001557.8486340045928955078125 HTTP/1.1" 200 474 "-" "WordPress/6.9; https://view.lotushomemade.com"
114.119.156.27 - - [10/Jan/2026:06:32:34 +0700] "GET /shop/page/19/?min_price=0&stock_status=onsale&per_row=2&shop_view=grid HTTP/1.1" 200 39972 "https://view.lotushomemade.com/shop/page/18/?min_price=0&stock_status=onsale&per_row=2&shop_view=grid" "Mozilla/5.0 (Linux; Android 7.0;) AppleWebKit/537.36 (KHTML, like Gecko) Mobile Safari/537.36 (compatible; PetalBot;+https://webmaster.petalsearch.com/site/petalbot)"
103.131.51.123 - - [10/Jan/2026:06:34:01 +0700] "POST /wp-cron.php?doing_wp_cron=1768001640.9980320930480957031250 HTTP/1.1" 200 474 "-" "WordPress/6.9; https://view.lotushomemade.com"
114.119.148.197 - - [10/Jan/2026:06:33:57 +0700] "GET /shop/page/19/?min_price=0&stock_status=instock&per_row=2&shop_view=grid HTTP/1.1" 200 40005 "https://view.lotushomemade.com/shop/page/21/?min_price=0&stock_status=instock&per_row=2&shop_view=grid" "Mozilla/5.0 (Linux; Android 7.0;) AppleWebKit/537.36 (KHTML, like Gecko) Mobile Safari/537.36 (compatible; PetalBot;+https://webmaster.petalsearch.com/site/petalbot)"
103.131.51.123 - - [10/Jan/2026:06:35:23 +0700] "POST /wp-cron.php?doing_wp_cron=1768001723.3604700565338134765625 HTTP/1.1" 200 474 "-" "WordPress/6.9; https://view.lotushomemade.com"
114.119.148.197 - - [10/Jan/2026:06:35:21 +0700] "GET /shop/page/9?orderby=price-desc&per_page=8 HTTP/1.1" 301 552 "https://view.lotushomemade.com/shop/page/7?orderby=price-desc&per_page=8" "Mozilla/5.0 (Linux; Android 7.0;) AppleWebKit/537.36 (KHTML, like Gecko) Mobile Safari/537.36 (compatible; PetalBot;+https://webmaster.petalsearch.com/site/petalbot)"
114.119.148.197 - - [10/Jan/2026:06:35:24 +0700] "GET /shop/page/9/?orderby=price-desc&per_page=8 HTTP/1.1" 200 39377 "https://view.lotushomemade.com/shop/page/7?orderby=price-desc&per_page=8" "Mozilla/5.0 (Linux; Android 7.0;) AppleWebKit/537.36 (KHTML, like Gecko) Mobile Safari/537.36 (compatible; PetalBot;+https://webmaster.petalsearch.com/site/petalbot)"
114.119.156.27 - - [10/Jan/2026:06:36:45 +0700] "GET /shop/page/2/?min_price=0&max_price=260 HTTP/1.1" 200 40590 "https://view.lotushomemade.com/shop/page/30/?min_price=0&max_price=260" "Mozilla/5.0 (Linux; Android 7.0;) AppleWebKit/537.36 (KHTML, like Gecko) Mobile Safari/537.36 (compatible; PetalBot;+https://webmaster.petalsearch.com/site/petalbot)"
103.131.51.123 - - [10/Jan/2026:06:36:49 +0700] "POST /wp-cron.php?doing_wp_cron=1768001809.2318670749664306640625 HTTP/1.1" 200 474 "-" "WordPress/6.9; https://view.lotushomemade.com"
43.173.179.57 - - [10/Jan/2026:06:36:47 +0700] "GET /product-category/kuih-kapit-series/?stock_status=onsale HTTP/1.1" 200 41421 "-" "Mozilla/5.0 (Windows NT 10.0; Win64; x64) AppleWebKit/537.36 (KHTML, like Gecko) Chrome/109.0.0.0 Safari/537.36"
43.173.174.98 - - [10/Jan/2026:06:36:50 +0700] "GET /wp-content/themes/woodmart/js/scripts/wc/productsLoadMore.min.js?ver=7.2.5 HTTP/1.1" 200 2416 "https://view.lotushomemade.com/product-category/kuih-kapit-series/?stock_status=onsale" "Mozilla/5.0 (Windows NT 10.0; Win64; x64) AppleWebKit/537.36 (KHTML, like Gecko) Chrome/109.0.0.0 Safari/537.36"
43.173.180.204 - - [10/Jan/2026:06:36:50 +0700] "GET /wp-content/themes/woodmart/js/libs/tooltips.min.js?ver=7.2.5 HTTP/1.1" 200 10664 "https://view.lotushomemade.com/product-category/kuih-kapit-series/?stock_status=onsale" "Mozilla/5.0 (Windows NT 10.0; Win64; x64) AppleWebKit/537.36 (KHTML, like Gecko) Chrome/109.0.0.0 Safari/537.36"
43.173.180.210 - - [10/Jan/2026:06:36:51 +0700] "GET /wp-content/plugins/revslider/public/assets/js/rbtools.min.js?ver=6.6.18 HTTP/1.1" 200 62728 "https://view.lotushomemade.com/product-category/kuih-kapit-series/?stock_status=onsale" "Mozilla/5.0 (Windows NT 10.0; Win64; x64) AppleWebKit/537.36 (KHTML, like Gecko) Chrome/109.0.0.0 Safari/537.36"
43.173.181.59 - - [10/Jan/2026:06:36:51 +0700] "GET /wp-content/themes/woodmart/js/libs/owl.carousel.min.js?ver=7.2.5 HTTP/1.1" 200 11495 "https://view.lotushomemade.com/product-category/kuih-kapit-series/?stock_status=onsale" "Mozilla/5.0 (Windows NT 10.0; Win64; x64) AppleWebKit/537.36 (KHTML, like Gecko) Chrome/109.0.0.0 Safari/537.36"
43.173.177.229 - - [10/Jan/2026:06:36:56 +0700] "GET /product-category/kuih-kapit-series/?stock_status=onsale HTTP/1.1" 200 41393 "-" "Mozilla/5.0 (Windows NT 10.0; Win64; x64) AppleWebKit/537.36 (KHTML, like Gecko) Chrome/108.0.0.0 Safari/537.36"
103.131.51.123 - - [10/Jan/2026:06:38:09 +0700] "POST /wp-cron.php?doing_wp_cron=1768001889.9317069053649902343750 HTTP/1.1" 200 474 "-" "WordPress/6.9; https://view.lotushomemade.com"
114.119.149.78 - - [10/Jan/2026:06:38:08 +0700] "GET /shop/page/19/?min_price=0&per_row=6&shop_view=grid&per_page=8 HTTP/1.1" 200 39402 "https://view.lotushomemade.com/shop/page/20/?min_price=0&per_row=6&shop_view=grid&per_page=8" "Mozilla/5.0 (Linux; Android 7.0;) AppleWebKit/537.36 (KHTML, like Gecko) Mobile Safari/537.36 (compatible; PetalBot;+https://webmaster.petalsearch.com/site/petalbot)"
103.131.51.123 - - [10/Jan/2026:06:39:35 +0700] "POST /wp-cron.php?doing_wp_cron=1768001975.6148180961608886718750 HTTP/1.1" 200 474 "-" "WordPress/6.9; https://view.lotushomemade.com"
114.119.130.97 - - [10/Jan/2026:06:39:32 +0700] "GET /shop/page/19/?min_price=0&per_row=6&per_page=18&shop_view=grid HTTP/1.1" 200 41196 "https://view.lotushomemade.com/shop/page/22/?min_price=0&per_row=6&per_page=18&shop_view=grid" "Mozilla/5.0 (Linux; Android 7.0;) AppleWebKit/537.36 (KHTML, like Gecko) Mobile Safari/537.36 (compatible; PetalBot;+https://webmaster.petalsearch.com/site/petalbot)"
103.131.51.123 - - [10/Jan/2026:06:40:59 +0700] "POST /wp-cron.php?doing_wp_cron=1768002059.3294980525970458984375 HTTP/1.1" 200 474 "-" "WordPress/6.9; https://view.lotushomemade.com"
114.119.145.110 - - [10/Jan/2026:06:40:55 +0700] "GET /shop/page/19/?min_price=0&per_row=4&shop_view=grid&per_page=12 HTTP/1.1" 200 40020 "https://view.lotushomemade.com/shop/page/21/?min_price=0&per_row=4&shop_view=grid&per_page=12" "Mozilla/5.0 (Linux; Android 7.0;) AppleWebKit/537.36 (KHTML, like Gecko) Mobile Safari/537.36 (compatible; PetalBot;+https://webmaster.petalsearch.com/site/petalbot)"
103.131.51.123 - - [10/Jan/2026:06:42:24 +0700] "POST /wp-cron.php?doing_wp_cron=1768002144.1276659965515136718750 HTTP/1.1" 200 474 "-" "WordPress/6.9; https://view.lotushomemade.com"
114.119.145.110 - - [10/Jan/2026:06:42:20 +0700] "GET /shop/page/19/?min_price=0&per_row=4&per_page=12&shop_view=grid HTTP/1.1" 200 40029 "https://view.lotushomemade.com/shop/page/17/?min_price=0&per_row=4&per_page=12&shop_view=grid" "Mozilla/5.0 (Linux; Android 7.0;) AppleWebKit/537.36 (KHTML, like Gecko) Mobile Safari/537.36 (compatible; PetalBot;+https://webmaster.petalsearch.com/site/petalbot)"
40.77.167.63 - - [10/Jan/2026:06:42:38 +0700] "GET /wp-content/uploads/2023/11/2056-150x150.png HTTP/2" 200 34839 "-" "Mozilla/5.0 AppleWebKit/537.36 (KHTML, like Gecko; compatible; bingbot/2.0; +http://www.bing.com/bingbot.htm) Chrome/116.0.1938.76 Safari/537.36"
103.131.51.123 - - [10/Jan/2026:06:43:46 +0700] "POST /wp-cron.php?doing_wp_cron=1768002226.8294789791107177734375 HTTP/1.1" 200 474 "-" "WordPress/6.9; https://view.lotushomemade.com"
114.119.149.78 - - [10/Jan/2026:06:43:43 +0700] "GET /shop/page/19/?min_price=0&per_row=2&per_page=8&shop_view=grid HTTP/1.1" 200 39361 "https://view.lotushomemade.com/shop/page/21/?min_price=0&per_row=2&per_page=8&shop_view=grid" "Mozilla/5.0 (Linux; Android 7.0;) AppleWebKit/537.36 (KHTML, like Gecko) Mobile Safari/537.36 (compatible; PetalBot;+https://webmaster.petalsearch.com/site/petalbot)"
66.249.70.97 - - [10/Jan/2026:06:44:45 +0700] "GET /wp-content/uploads/2023/10/3102_1.png HTTP/1.1" 200 834339 "-" "Googlebot-Image/1.0"
103.131.51.123 - - [10/Jan/2026:06:45:11 +0700] "POST /wp-cron.php?doing_wp_cron=1768002311.7736039161682128906250 HTTP/1.1" 200 474 "-" "WordPress/6.9; https://view.lotushomemade.com"
114.119.149.78 - - [10/Jan/2026:06:45:08 +0700] "GET /shop/page/19/?min_price=0&per_page=18&stock_status=instock HTTP/1.1" 200 41097 "https://view.lotushomemade.com/shop/page/22/?min_price=0&per_page=18&stock_status=instock" "Mozilla/5.0 (Linux; Android 7.0;) AppleWebKit/537.36 (KHTML, like Gecko) Mobile Safari/537.36 (compatible; PetalBot;+https://webmaster.petalsearch.com/site/petalbot)"
103.131.51.123 - - [10/Jan/2026:06:46:34 +0700] "POST /wp-cron.php?doing_wp_cron=1768002394.2212231159210205078125 HTTP/1.1" 200 474 "-" "WordPress/6.9; https://view.lotushomemade.com"
114.119.148.197 - - [10/Jan/2026:06:46:30 +0700] "GET /shop/page/19/?min_price=0&per_page=12&stock_status=onsale HTTP/1.1" 200 39905 "https://view.lotushomemade.com/shop/page/20/?min_price=0&per_page=12&stock_status=onsale" "Mozilla/5.0 (Linux; Android 7.0;) AppleWebKit/537.36 (KHTML, like Gecko) Mobile Safari/537.36 (compatible; PetalBot;+https://webmaster.petalsearch.com/site/petalbot)"
103.131.51.123 - - [10/Jan/2026:06:47:57 +0700] "POST /wp-cron.php?doing_wp_cron=1768002477.4789528846740722656250 HTTP/1.1" 200 474 "-" "WordPress/6.9; https://view.lotushomemade.com"
114.119.151.206 - - [10/Jan/2026:06:47:53 +0700] "GET /shop/page/19/?min_price=0&max_price=260&per_row=2&shop_view=grid HTTP/1.1" 200 40360 "https://view.lotushomemade.com/shop/page/20/?min_price=0&max_price=260&per_row=2&shop_view=grid" "Mozilla/5.0 (Linux; Android 7.0;) AppleWebKit/537.36 (KHTML, like Gecko) Mobile Safari/537.36 (compatible; PetalBot;+https://webmaster.petalsearch.com/site/petalbot)"
103.131.51.123 - - [10/Jan/2026:06:49:21 +0700] "POST /wp-cron.php?doing_wp_cron=1768002561.4539248943328857421875 HTTP/1.1" 200 474 "-" "WordPress/6.9; https://view.lotushomemade.com"
114.119.156.27 - - [10/Jan/2026:06:49:17 +0700] "GET /shop/page/19/?min_price=0&max_price=260&per_page=18&stock_status=instock HTTP/1.1" 200 41371 "https://view.lotushomemade.com/shop/page/21?min_price=0&max_price=260&per_page=18&stock_status=instock" "Mozilla/5.0 (Linux; Android 7.0;) AppleWebKit/537.36 (KHTML, like Gecko) Mobile Safari/537.36 (compatible; PetalBot;+https://webmaster.petalsearch.com/site/petalbot)"
103.131.51.123 - - [10/Jan/2026:06:50:44 +0700] "POST /wp-cron.php?doing_wp_cron=1768002644.8163359165191650390625 HTTP/1.1" 200 474 "-" "WordPress/6.9; https://view.lotushomemade.com"
114.119.142.208 - - [10/Jan/2026:06:50:41 +0700] "GET /shop/page/19/?min_price=0&max_price=260&per_page=12 HTTP/1.1" 200 40302 "https://view.lotushomemade.com/shop/page/18?min_price=0&max_price=260&per_page=12" "Mozilla/5.0 (Linux; Android 7.0;) AppleWebKit/537.36 (KHTML, like Gecko) Mobile Safari/537.36 (compatible; PetalBot;+https://webmaster.petalsearch.com/site/petalbot)"
103.131.51.123 - - [10/Jan/2026:06:52:08 +0700] "POST /wp-cron.php?doing_wp_cron=1768002728.6308710575103759765625 HTTP/1.1" 200 474 "-" "WordPress/6.9; https://view.lotushomemade.com"
114.119.150.215 - - [10/Jan/2026:06:52:04 +0700] "GET /shop/page/19/?min_price=0 HTTP/1.1" 200 39782 "https://view.lotushomemade.com/shop/page/21/?min_price=0" "Mozilla/5.0 (Linux; Android 7.0;) AppleWebKit/537.36 (KHTML, like Gecko) Mobile Safari/537.36 (compatible; PetalBot;+https://webmaster.petalsearch.com/site/petalbot)"
103.131.51.123 - - [10/Jan/2026:06:53:32 +0700] "POST /wp-cron.php?doing_wp_cron=1768002812.4065659046173095703125 HTTP/1.1" 200 474 "-" "WordPress/6.9; https://view.lotushomemade.com"
114.119.156.27 - - [10/Jan/2026:06:53:28 +0700] "GET /shop/page/19/?max_price=780&stock_status=onsale&per_row=6&shop_view=grid HTTP/1.1" 200 40176 "https://view.lotushomemade.com/shop/page/20/?max_price=780&stock_status=onsale&per_row=6&shop_view=grid" "Mozilla/5.0 (Linux; Android 7.0;) AppleWebKit/537.36 (KHTML, like Gecko) Mobile Safari/537.36 (compatible; PetalBot;+https://webmaster.petalsearch.com/site/petalbot)"
103.131.51.123 - - [10/Jan/2026:06:54:56 +0700] "POST /wp-cron.php?doing_wp_cron=1768002896.9568319320678710937500 HTTP/1.1" 200 474 "-" "WordPress/6.9; https://view.lotushomemade.com"
114.119.148.197 - - [10/Jan/2026:06:54:53 +0700] "GET /shop/page/19/?max_price=780&stock_status=onsale&per_page=12 HTTP/1.1" 200 40130 "https://view.lotushomemade.com/shop/page/20/?max_price=780&stock_status=onsale&per_page=12" "Mozilla/5.0 (Linux; Android 7.0;) AppleWebKit/537.36 (KHTML, like Gecko) Mobile Safari/537.36 (compatible; PetalBot;+https://webmaster.petalsearch.com/site/petalbot)"
103.131.51.123 - - [10/Jan/2026:06:56:06 +0700] "POST /wp-cron.php?doing_wp_cron=1768002966.7397820949554443359375 HTTP/1.1" 200 474 "-" "WordPress/6.9; https://view.lotushomemade.com"
74.7.230.0 - - [10/Jan/2026:06:56:06 +0700] "GET /robots.txt HTTP/2" 200 103 "-" "Mozilla/5.0 (Macintosh; Intel Mac OS X 10_15_7) AppleWebKit/537.36 (KHTML, like Gecko) Chrome/131.0.0.0 Safari/537.36; compatible; OAI-SearchBot/1.3; robots.txt; +https://openai.com/searchbot"
114.119.151.206 - - [10/Jan/2026:06:56:17 +0700] "GET /shop?orderby=price&per_page=8&filter_brand=blessing-food&stock_status=instock HTTP/1.1" 301 588 "-" "Mozilla/5.0 (Linux; Android 7.0;) AppleWebKit/537.36 (KHTML, like Gecko) Mobile Safari/537.36 (compatible; PetalBot;+https://webmaster.petalsearch.com/site/petalbot)"
114.119.151.206 - - [10/Jan/2026:06:56:19 +0700] "GET /shop/?orderby=price&per_page=8&filter_brand=blessing-food&stock_status=instock HTTP/1.1" 200 38691 "-" "Mozilla/5.0 (Linux; Android 7.0;) AppleWebKit/537.36 (KHTML, like Gecko) Mobile Safari/537.36 (compatible; PetalBot;+https://webmaster.petalsearch.com/site/petalbot)"
103.131.51.123 - - [10/Jan/2026:06:57:43 +0700] "POST /wp-cron.php?doing_wp_cron=1768003063.1132140159606933593750 HTTP/1.1" 200 474 "-" "WordPress/6.9; https://view.lotushomemade.com"
114.119.150.215 - - [10/Jan/2026:06:57:40 +0700] "GET /shop?min_price=260&max_price=520&per_page=12&stock_status=instock,onsale HTTP/1.1" 301 584 "-" "Mozilla/5.0 (Linux; Android 7.0;) AppleWebKit/537.36 (KHTML, like Gecko) Mobile Safari/537.36 (compatible; PetalBot;+https://webmaster.petalsearch.com/site/petalbot)"
114.119.150.215 - - [10/Jan/2026:06:57:43 +0700] "GET /shop/?min_price=260&max_price=520&per_page=12&stock_status=instock,onsale HTTP/1.1" 200 38989 "-" "Mozilla/5.0 (Linux; Android 7.0;) AppleWebKit/537.36 (KHTML, like Gecko) Mobile Safari/537.36 (compatible; PetalBot;+https://webmaster.petalsearch.com/site/petalbot)"
103.131.51.123 - - [10/Jan/2026:06:59:06 +0700] "POST /wp-cron.php?doing_wp_cron=1768003146.5137619972229003906250 HTTP/1.1" 200 474 "-" "WordPress/6.9; https://view.lotushomemade.com"
