52.167.144.191 - - [10/Jan/2026:17:12:41 +0700] "GET /wp-content/themes/woodmart/css/parts/woo-single-prod-el-base.min.css?ver=7.2.5 HTTP/2" 200 363 "-" "Mozilla/5.0 AppleWebKit/537.36 (KHTML, like Gecko; compatible; bingbot/2.0; +http://www.bing.com/bingbot.htm) Chrome/116.0.1938.76 Safari/537.36"
52.167.144.191 - - [10/Jan/2026:17:12:41 +0700] "GET /wp-content/themes/woodmart/css/parts/el-tabs.min.css?ver=7.2.5 HTTP/2" 200 1069 "-" "Mozilla/5.0 AppleWebKit/537.36 (KHTML, like Gecko; compatible; bingbot/2.0; +http://www.bing.com/bingbot.htm) Chrome/116.0.1938.76 Safari/537.36"
52.167.144.191 - - [10/Jan/2026:17:12:42 +0700] "GET /wp-content/themes/woodmart/css/parts/wd-search-results.min.css?ver=7.2.5 HTTP/2" 200 529 "-" "Mozilla/5.0 AppleWebKit/537.36 (KHTML, like Gecko; compatible; bingbot/2.0; +http://www.bing.com/bingbot.htm) Chrome/116.0.1938.76 Safari/537.36"
52.167.144.191 - - [10/Jan/2026:17:12:42 +0700] "GET /wp-content/themes/woodmart/css/parts/woo-mod-stock-status.min.css?ver=7.2.5 HTTP/2" 200 355 "-" "Mozilla/5.0 AppleWebKit/537.36 (KHTML, like Gecko; compatible; bingbot/2.0; +http://www.bing.com/bingbot.htm) Chrome/116.0.1938.76 Safari/537.36"
52.167.144.191 - - [10/Jan/2026:17:12:42 +0700] "GET /wp-content/themes/woodmart/css/parts/woo-single-prod-el-tabs-opt-layout-tabs.min.css?ver=7.2.5 HTTP/2" 200 176 "-" "Mozilla/5.0 AppleWebKit/537.36 (KHTML, like Gecko; compatible; bingbot/2.0; +http://www.bing.com/bingbot.htm) Chrome/116.0.1938.76 Safari/537.36"
52.167.144.191 - - [10/Jan/2026:17:12:42 +0700] "GET /wp-content/themes/woodmart/css/parts/woo-mod-shop-attributes.min.css?ver=7.2.5 HTTP/2" 200 401 "-" "Mozilla/5.0 AppleWebKit/537.36 (KHTML, like Gecko; compatible; bingbot/2.0; +http://www.bing.com/bingbot.htm) Chrome/116.0.1938.76 Safari/537.36"
52.167.144.191 - - [10/Jan/2026:17:12:43 +0700] "GET /wp-content/themes/woodmart/css/parts/header-el-search-fullscreen-general.min.css?ver=7.2.5 HTTP/2" 200 620 "-" "Mozilla/5.0 AppleWebKit/537.36 (KHTML, like Gecko; compatible; bingbot/2.0; +http://www.bing.com/bingbot.htm) Chrome/116.0.1938.76 Safari/537.36"
52.167.144.191 - - [10/Jan/2026:17:12:43 +0700] "GET /wp-content/themes/woodmart/js/scripts/elements/accordion.min.js?ver=7.2.5 HTTP/2" 200 816 "-" "Mozilla/5.0 AppleWebKit/537.36 (KHTML, like Gecko; compatible; bingbot/2.0; +http://www.bing.com/bingbot.htm) Chrome/116.0.1938.76 Safari/537.36"
52.167.144.191 - - [10/Jan/2026:17:12:44 +0700] "GET /wp-content/themes/woodmart/js/scripts/wc/initZoom.min.js?ver=7.2.5 HTTP/2" 200 451 "-" "Mozilla/5.0 AppleWebKit/537.36 (KHTML, like Gecko; compatible; bingbot/2.0; +http://www.bing.com/bingbot.htm) Chrome/116.0.1938.76 Safari/537.36"
52.167.144.191 - - [10/Jan/2026:17:12:44 +0700] "GET /wp-content/plugins/woocommerce/assets/js/frontend/cart-fragments.min.js?ver=8.2.1 HTTP/2" 200 943 "-" "Mozilla/5.0 AppleWebKit/537.36 (KHTML, like Gecko; compatible; bingbot/2.0; +http://www.bing.com/bingbot.htm) Chrome/116.0.1938.76 Safari/537.36"
52.167.144.191 - - [10/Jan/2026:17:12:44 +0700] "GET /wp-content/themes/woodmart/js/scripts/wc/cartWidget.min.js?ver=7.2.5 HTTP/2" 200 323 "-" "Mozilla/5.0 AppleWebKit/537.36 (KHTML, like Gecko; compatible; bingbot/2.0; +http://www.bing.com/bingbot.htm) Chrome/116.0.1938.76 Safari/537.36"
52.167.144.191 - - [10/Jan/2026:17:12:45 +0700] "GET /wp-content/themes/woodmart/js/libs/slick.min.js?ver=7.2.5 HTTP/2" 200 9430 "-" "Mozilla/5.0 AppleWebKit/537.36 (KHTML, like Gecko; compatible; bingbot/2.0; +http://www.bing.com/bingbot.htm) Chrome/116.0.1938.76 Safari/537.36"
40.77.167.156 - - [10/Jan/2026:17:12:54 +0700] "GET /wp-content/themes/woodmart/css/parts/woo-single-prod-el-tabs-predefined.min.css?ver=7.2.5 HTTP/2" 200 470 "-" "Mozilla/5.0 AppleWebKit/537.36 (KHTML, like Gecko; compatible; bingbot/2.0; +http://www.bing.com/bingbot.htm) Chrome/116.0.1938.76 Safari/537.36"
40.77.167.156 - - [10/Jan/2026:17:12:54 +0700] "GET /wp-content/themes/woodmart/css/parts/woo-single-prod-el-gallery.min.css?ver=7.2.5 HTTP/2" 200 1090 "-" "Mozilla/5.0 AppleWebKit/537.36 (KHTML, like Gecko; compatible; bingbot/2.0; +http://www.bing.com/bingbot.htm) Chrome/116.0.1938.76 Safari/537.36"
40.77.167.156 - - [10/Jan/2026:17:12:54 +0700] "GET /wp-content/themes/woodmart/css/parts/header-el-cart-side.min.css?ver=7.2.5 HTTP/2" 200 304 "-" "Mozilla/5.0 AppleWebKit/537.36 (KHTML, like Gecko; compatible; bingbot/2.0; +http://www.bing.com/bingbot.htm) Chrome/116.0.1938.76 Safari/537.36"
40.77.167.156 - - [10/Jan/2026:17:12:55 +0700] "GET /wp-content/themes/woodmart/css/parts/woo-single-prod-el-reviews-style-1.min.css?ver=7.2.5 HTTP/2" 200 226 "-" "Mozilla/5.0 AppleWebKit/537.36 (KHTML, like Gecko; compatible; bingbot/2.0; +http://www.bing.com/bingbot.htm) Chrome/116.0.1938.76 Safari/537.36"
40.77.167.156 - - [10/Jan/2026:17:12:55 +0700] "GET /wp-content/themes/woodmart/css/parts/woo-single-prod-and-quick-view-predefined.min.css?ver=7.2.5 HTTP/2" 200 465 "-" "Mozilla/5.0 AppleWebKit/537.36 (KHTML, like Gecko; compatible; bingbot/2.0; +http://www.bing.com/bingbot.htm) Chrome/116.0.1938.76 Safari/537.36"
40.77.167.156 - - [10/Jan/2026:17:12:55 +0700] "GET /wp-content/uploads/2023/10/xts-default_header-1698647828.css?ver=7.2.5 HTTP/2" 200 424 "-" "Mozilla/5.0 AppleWebKit/537.36 (KHTML, like Gecko; compatible; bingbot/2.0; +http://www.bing.com/bingbot.htm) Chrome/116.0.1938.76 Safari/537.36"
40.77.167.156 - - [10/Jan/2026:17:12:56 +0700] "GET /wp-content/themes/woodmart/css/parts/woo-single-prod-predefined.min.css?ver=7.2.5 HTTP/2" 200 777 "-" "Mozilla/5.0 AppleWebKit/537.36 (KHTML, like Gecko; compatible; bingbot/2.0; +http://www.bing.com/bingbot.htm) Chrome/116.0.1938.76 Safari/537.36"
40.77.167.156 - - [10/Jan/2026:17:12:56 +0700] "GET /wp-content/themes/woodmart/css/parts/woo-single-prod-el-reviews.min.css?ver=7.2.5 HTTP/2" 200 1583 "-" "Mozilla/5.0 AppleWebKit/537.36 (KHTML, like Gecko; compatible; bingbot/2.0; +http://www.bing.com/bingbot.htm) Chrome/116.0.1938.76 Safari/537.36"
40.77.167.156 - - [10/Jan/2026:17:12:56 +0700] "GET /wp-content/uploads/elementor/css/post-16719.css?ver=1699460976 HTTP/2" 200 121 "-" "Mozilla/5.0 AppleWebKit/537.36 (KHTML, like Gecko; compatible; bingbot/2.0; +http://www.bing.com/bingbot.htm) Chrome/116.0.1938.76 Safari/537.36"
40.77.167.156 - - [10/Jan/2026:17:12:57 +0700] "GET /wp-content/themes/woodmart/js/scripts/wc/stickyDetails.min.js?ver=7.2.5 HTTP/2" 200 351 "-" "Mozilla/5.0 AppleWebKit/537.36 (KHTML, like Gecko; compatible; bingbot/2.0; +http://www.bing.com/bingbot.htm) Chrome/116.0.1938.76 Safari/537.36"
40.77.167.156 - - [10/Jan/2026:17:12:57 +0700] "GET /wp-content/plugins/woocommerce/assets/js/zoom/jquery.zoom.min.js?ver=1.7.21-wc.8.2.1 HTTP/2" 200 1052 "-" "Mozilla/5.0 AppleWebKit/537.36 (KHTML, like Gecko; compatible; bingbot/2.0; +http://www.bing.com/bingbot.htm) Chrome/116.0.1938.76 Safari/537.36"
40.77.167.156 - - [10/Jan/2026:17:12:58 +0700] "GET /wp-content/themes/woodmart/js/scripts/wc/productImages.min.js?ver=7.2.5 HTTP/2" 200 527 "-" "Mozilla/5.0 AppleWebKit/537.36 (KHTML, like Gecko; compatible; bingbot/2.0; +http://www.bing.com/bingbot.htm) Chrome/116.0.1938.76 Safari/537.36"
40.77.167.156 - - [10/Jan/2026:17:12:58 +0700] "GET /wp-content/themes/woodmart/js/scripts/wc/loginDropdown.min.js?ver=7.2.5 HTTP/2" 200 318 "-" "Mozilla/5.0 AppleWebKit/537.36 (KHTML, like Gecko; compatible; bingbot/2.0; +http://www.bing.com/bingbot.htm) Chrome/116.0.1938.76 Safari/537.36"
40.77.167.156 - - [10/Jan/2026:17:12:58 +0700] "GET /wp-content/themes/woodmart/js/scripts/wc/onRemoveFromCart.min.js?ver=7.2.5 HTTP/2" 200 179 "-" "Mozilla/5.0 AppleWebKit/537.36 (KHTML, like Gecko; compatible; bingbot/2.0; +http://www.bing.com/bingbot.htm) Chrome/116.0.1938.76 Safari/537.36"
40.77.167.156 - - [10/Jan/2026:17:12:59 +0700] "GET /wp-content/themes/woodmart/js/scripts/header/mobileSearchIcon.min.js?ver=7.2.5 HTTP/2" 200 223 "-" "Mozilla/5.0 AppleWebKit/537.36 (KHTML, like Gecko; compatible; bingbot/2.0; +http://www.bing.com/bingbot.htm) Chrome/116.0.1938.76 Safari/537.36"
40.77.167.156 - - [10/Jan/2026:17:12:59 +0700] "GET /wp-content/themes/woodmart/js/scripts/wc/woocommerceComments.min.js?ver=7.2.5 HTTP/2" 200 446 "-" "Mozilla/5.0 AppleWebKit/537.36 (KHTML, like Gecko; compatible; bingbot/2.0; +http://www.bing.com/bingbot.htm) Chrome/116.0.1938.76 Safari/537.36"
40.77.167.156 - - [10/Jan/2026:17:13:00 +0700] "GET /wp-content/themes/woodmart/js/libs/sticky-kit.min.js?ver=7.2.5 HTTP/2" 200 1219 "-" "Mozilla/5.0 AppleWebKit/537.36 (KHTML, like Gecko; compatible; bingbot/2.0; +http://www.bing.com/bingbot.htm) Chrome/116.0.1938.76 Safari/537.36"
40.77.167.156 - - [10/Jan/2026:17:13:00 +0700] "GET /wp-content/themes/woodmart/js/scripts/global/owlCarouselInit.min.js?ver=7.2.5 HTTP/2" 200 987 "-" "Mozilla/5.0 AppleWebKit/537.36 (KHTML, like Gecko; compatible; bingbot/2.0; +http://www.bing.com/bingbot.htm) Chrome/116.0.1938.76 Safari/537.36"
40.77.167.156 - - [10/Jan/2026:17:13:00 +0700] "GET /wp-content/themes/woodmart/js/scripts/wc/singleProductTabsAccordion.min.js?ver=7.2.5 HTTP/2" 200 439 "-" "Mozilla/5.0 AppleWebKit/537.36 (KHTML, like Gecko; compatible; bingbot/2.0; +http://www.bing.com/bingbot.htm) Chrome/116.0.1938.76 Safari/537.36"
40.77.167.77 - - [10/Jan/2026:17:13:12 +0700] "GET /wp-content/themes/woodmart/css/bootstrap-light.min.css?ver=7.2.5 HTTP/2" 200 812 "-" "Mozilla/5.0 AppleWebKit/537.36 (KHTML, like Gecko; compatible; bingbot/2.0; +http://www.bing.com/bingbot.htm) Chrome/116.0.1938.76 Safari/537.36"
103.131.51.123 - - [10/Jan/2026:17:13:13 +0700] "POST /wp-cron.php?doing_wp_cron=1768039992.9945199489593505859375 HTTP/1.1" 200 474 "-" "WordPress/6.9; https://view.lotushomemade.com"
114.119.149.78 - - [10/Jan/2026:17:13:11 +0700] "GET /shop/page/22/?max_price=520&stock_status=instock&per_row=6&shop_view=grid HTTP/1.1" 200 40260 "https://view.lotushomemade.com/shop/page/25/?max_price=520&stock_status=instock&per_row=6&shop_view=grid" "Mozilla/5.0 (Linux; Android 7.0;) AppleWebKit/537.36 (KHTML, like Gecko) Mobile Safari/537.36 (compatible; PetalBot;+https://webmaster.petalsearch.com/site/petalbot)"
40.77.167.77 - - [10/Jan/2026:17:13:13 +0700] "GET /wp-content/themes/woodmart/css/parts/woo-single-prod-opt-base.min.css?ver=7.2.5 HTTP/2" 200 347 "-" "Mozilla/5.0 AppleWebKit/537.36 (KHTML, like Gecko; compatible; bingbot/2.0; +http://www.bing.com/bingbot.htm) Chrome/116.0.1938.76 Safari/537.36"
40.77.167.77 - - [10/Jan/2026:17:13:13 +0700] "GET /wp-content/themes/woodmart/css/parts/woo-single-prod-el-navigation.min.css?ver=7.2.5 HTTP/2" 200 389 "-" "Mozilla/5.0 AppleWebKit/537.36 (KHTML, like Gecko; compatible; bingbot/2.0; +http://www.bing.com/bingbot.htm) Chrome/116.0.1938.76 Safari/537.36"
40.77.167.77 - - [10/Jan/2026:17:13:13 +0700] "GET /wp-content/themes/woodmart/css/parts/woo-mod-quantity.min.css?ver=7.2.5 HTTP/2" 200 416 "-" "Mozilla/5.0 AppleWebKit/537.36 (KHTML, like Gecko; compatible; bingbot/2.0; +http://www.bing.com/bingbot.htm) Chrome/116.0.1938.76 Safari/537.36"
40.77.167.77 - - [10/Jan/2026:17:13:14 +0700] "GET /wp-content/themes/woodmart/css/parts/woo-mod-login-form.min.css?ver=7.2.5 HTTP/2" 200 593 "-" "Mozilla/5.0 AppleWebKit/537.36 (KHTML, like Gecko; compatible; bingbot/2.0; +http://www.bing.com/bingbot.htm) Chrome/116.0.1938.76 Safari/537.36"
40.77.167.77 - - [10/Jan/2026:17:13:14 +0700] "GET /wp-content/themes/woodmart/css/parts/header-el-my-account-dropdown.min.css?ver=7.2.5 HTTP/2" 200 242 "-" "Mozilla/5.0 AppleWebKit/537.36 (KHTML, like Gecko; compatible; bingbot/2.0; +http://www.bing.com/bingbot.htm) Chrome/116.0.1938.76 Safari/537.36"
40.77.167.77 - - [10/Jan/2026:17:13:14 +0700] "GET /wp-content/themes/woodmart/css/parts/woo-widget-shopping-cart.min.css?ver=7.2.5 HTTP/2" 200 1191 "-" "Mozilla/5.0 AppleWebKit/537.36 (KHTML, like Gecko; compatible; bingbot/2.0; +http://www.bing.com/bingbot.htm) Chrome/116.0.1938.76 Safari/537.36"
40.77.167.77 - - [10/Jan/2026:17:13:15 +0700] "GET /wp-content/themes/woodmart/css/parts/mod-comments.min.css?ver=7.2.5 HTTP/2" 200 1036 "-" "Mozilla/5.0 AppleWebKit/537.36 (KHTML, like Gecko; compatible; bingbot/2.0; +http://www.bing.com/bingbot.htm) Chrome/116.0.1938.76 Safari/537.36"
40.77.167.77 - - [10/Jan/2026:17:13:15 +0700] "GET /wp-content/themes/woodmart/css/parts/el-accordion.min.css?ver=7.2.5 HTTP/2" 200 754 "-" "Mozilla/5.0 AppleWebKit/537.36 (KHTML, like Gecko; compatible; bingbot/2.0; +http://www.bing.com/bingbot.htm) Chrome/116.0.1938.76 Safari/537.36"
40.77.167.77 - - [10/Jan/2026:17:13:15 +0700] "GET /wp-content/uploads/elementor/css/post-726.css?ver=1699460976 HTTP/2" 200 190 "-" "Mozilla/5.0 AppleWebKit/537.36 (KHTML, like Gecko; compatible; bingbot/2.0; +http://www.bing.com/bingbot.htm) Chrome/116.0.1938.76 Safari/537.36"
40.77.167.77 - - [10/Jan/2026:17:13:16 +0700] "GET /wp-content/plugins/woocommerce/assets/js/frontend/single-product.min.js?ver=8.2.1 HTTP/2" 200 1746 "-" "Mozilla/5.0 AppleWebKit/537.36 (KHTML, like Gecko; compatible; bingbot/2.0; +http://www.bing.com/bingbot.htm) Chrome/116.0.1938.76 Safari/537.36"
40.77.167.77 - - [10/Jan/2026:17:13:16 +0700] "GET /wp-content/themes/woodmart/js/scripts/global/ajaxSearch.min.js?ver=7.2.5 HTTP/2" 200 1255 "-" "Mozilla/5.0 AppleWebKit/537.36 (KHTML, like Gecko; compatible; bingbot/2.0; +http://www.bing.com/bingbot.htm) Chrome/116.0.1938.76 Safari/537.36"
40.77.167.77 - - [10/Jan/2026:17:13:17 +0700] "GET /wp-includes/js/comment-reply.min.js?ver=6.9 HTTP/2" 200 1247 "-" "Mozilla/5.0 AppleWebKit/537.36 (KHTML, like Gecko; compatible; bingbot/2.0; +http://www.bing.com/bingbot.htm) Chrome/116.0.1938.76 Safari/537.36"
40.77.167.77 - - [10/Jan/2026:17:13:17 +0700] "GET /wp-content/themes/woodmart/js/libs/autocomplete.min.js?ver=7.2.5 HTTP/2" 200 4000 "-" "Mozilla/5.0 AppleWebKit/537.36 (KHTML, like Gecko; compatible; bingbot/2.0; +http://www.bing.com/bingbot.htm) Chrome/116.0.1938.76 Safari/537.36"
103.131.51.123 - - [10/Jan/2026:17:14:37 +0700] "POST /wp-cron.php?doing_wp_cron=1768040077.2494690418243408203125 HTTP/1.1" 200 474 "-" "WordPress/6.9; https://view.lotushomemade.com"
114.119.150.215 - - [10/Jan/2026:17:14:33 +0700] "GET /shop/page/2/?orderby=price&per_page=18&stock_status=onsale HTTP/1.1" 200 41246 "https://view.lotushomemade.com/shop/page/19/?orderby=price&per_page=18&stock_status=onsale" "Mozilla/5.0 (Linux; Android 7.0;) AppleWebKit/537.36 (KHTML, like Gecko) Mobile Safari/537.36 (compatible; PetalBot;+https://webmaster.petalsearch.com/site/petalbot)"
103.131.51.123 - - [10/Jan/2026:17:16:01 +0700] "POST /wp-cron.php?doing_wp_cron=1768040161.4887468814849853515625 HTTP/1.1" 200 474 "-" "WordPress/6.9; https://view.lotushomemade.com"
114.119.148.197 - - [10/Jan/2026:17:15:57 +0700] "GET /shop/page/2/?orderby=popularity&per_row=2&per_page=18&shop_view=grid HTTP/1.1" 200 41575 "https://view.lotushomemade.com/shop/page/22?orderby=popularity&per_row=2&per_page=18&shop_view=grid" "Mozilla/5.0 (Linux; Android 7.0;) AppleWebKit/537.36 (KHTML, like Gecko) Mobile Safari/537.36 (compatible; PetalBot;+https://webmaster.petalsearch.com/site/petalbot)"
66.249.70.97 - - [10/Jan/2026:17:16:30 +0700] "GET /product/sou-mian_12-inch/?add-to-cart=7951 HTTP/1.1" 200 37887 "-" "Mozilla/5.0 (Linux; Android 6.0.1; Nexus 5X Build/MMB29P) AppleWebKit/537.36 (KHTML, like Gecko) Chrome/143.0.7499.192 Mobile Safari/537.36 (compatible; Googlebot/2.1; +http://www.google.com/bot.html)"
66.249.70.97 - - [10/Jan/2026:17:16:41 +0700] "GET /wp-content/uploads/elementor/css/post-15484.css?ver=1699455750 HTTP/1.1" 200 962 "https://view.lotushomemade.com/product/sou-mian_12-inch/?add-to-cart=7951" "Mozilla/5.0 (Linux; Android 6.0.1; Nexus 5X Build/MMB29P) AppleWebKit/537.36 (KHTML, like Gecko) Chrome/143.0.7499.169 Mobile Safari/537.36 (compatible; Googlebot/2.1; +http://www.google.com/bot.html)"
66.249.71.129 - - [10/Jan/2026:17:16:46 +0700] "GET /wp-content/themes/woodmart/js/libs/autocomplete.min.js?ver=7.2.5 HTTP/1.1" 200 4628 "https://view.lotushomemade.com/product/sou-mian_12-inch/?add-to-cart=7951" "Mozilla/5.0 (Linux; Android 6.0.1; Nexus 5X Build/MMB29P) AppleWebKit/537.36 (KHTML, like Gecko) Chrome/143.0.7499.169 Mobile Safari/537.36 (compatible; Googlebot/2.1; +http://www.google.com/bot.html)"
103.131.51.123 - - [10/Jan/2026:17:16:48 +0700] "POST /wp-cron.php?doing_wp_cron=1768040208.3445599079132080078125 HTTP/1.1" 200 474 "-" "WordPress/6.9; https://view.lotushomemade.com"
66.249.71.129 - - [10/Jan/2026:17:16:47 +0700] "POST /?wc-ajax=get_refreshed_fragments HTTP/1.1" 200 1620 "https://view.lotushomemade.com/product/sou-mian_12-inch/?add-to-cart=7951" "Mozilla/5.0 (Linux; Android 6.0.1; Nexus 5X Build/MMB29P) AppleWebKit/537.36 (KHTML, like Gecko) Chrome/143.0.7499.169 Mobile Safari/537.36 (compatible; Googlebot/2.1; +http://www.google.com/bot.html)"
66.249.70.97 - - [10/Jan/2026:17:18:15 +0700] "GET /wp-content/uploads/2023/10/9011_1.png HTTP/1.1" 200 818623 "-" "Googlebot-Image/1.0"
103.131.51.123 - - [10/Jan/2026:17:20:34 +0700] "POST /wp-cron.php?doing_wp_cron=1768040434.6410870552062988281250 HTTP/1.1" 200 474 "-" "WordPress/6.9; https://view.lotushomemade.com"
114.119.150.215 - - [10/Jan/2026:17:20:30 +0700] "GET /shop/page/2/?max_price=1050&stock_status=onsale&shop_view=grid&per_row=6 HTTP/1.1" 200 40792 "https://view.lotushomemade.com/shop/page/5?max_price=1050&stock_status=onsale&shop_view=grid&per_row=6" "Mozilla/5.0 (Linux; Android 7.0;) AppleWebKit/537.36 (KHTML, like Gecko) Mobile Safari/537.36 (compatible; PetalBot;+https://webmaster.petalsearch.com/site/petalbot)"
114.119.156.27 - - [10/Jan/2026:17:20:54 +0700] "GET /shop/page/1?stock_status=onsale&per_page=8&shop_view=grid&per_row=6 HTTP/1.1" 301 659 "https://view.lotushomemade.com/shop/page/14/?stock_status=onsale&per_page=8&shop_view=grid&per_row=6" "Mozilla/5.0 (Linux; Android 7.0;) AppleWebKit/537.36 (KHTML, like Gecko) Mobile Safari/537.36 (compatible; PetalBot;+https://webmaster.petalsearch.com/site/petalbot)"
114.119.156.27 - - [10/Jan/2026:17:20:56 +0700] "GET /shop/?stock_status=onsale&per_page=8&shop_view=grid&per_row=6 HTTP/1.1" 200 40415 "https://view.lotushomemade.com/shop/page/14/?stock_status=onsale&per_page=8&shop_view=grid&per_row=6" "Mozilla/5.0 (Linux; Android 7.0;) AppleWebKit/537.36 (KHTML, like Gecko) Mobile Safari/537.36 (compatible; PetalBot;+https://webmaster.petalsearch.com/site/petalbot)"
43.173.172.100 - - [10/Jan/2026:17:21:03 +0700] "GET / HTTP/1.1" 200 862103 "http://view.lotushomemade.com/" "Mozilla/5.0 (Windows NT 10.0; Win64; x64) AppleWebKit/537.36 (KHTML, like Gecko) Chrome/111.0.0.0 Safari/537.36"
114.119.145.110 - - [10/Jan/2026:17:21:15 +0700] "GET /shop/page/1?stock_status=instock&per_page=8&shop_view=grid&per_row=4 HTTP/1.1" 301 660 "https://view.lotushomemade.com/shop/page/7?stock_status=instock&per_page=8&shop_view=grid&per_row=4" "Mozilla/5.0 (Linux; Android 7.0;) AppleWebKit/537.36 (KHTML, like Gecko) Mobile Safari/537.36 (compatible; PetalBot;+https://webmaster.petalsearch.com/site/petalbot)"
43.173.175.170 - - [10/Jan/2026:17:21:11 +0700] "GET / HTTP/1.1" 200 862066 "http://view.lotushomemade.com" "Mozilla/5.0 (Windows NT 10.0; Win64; x64) AppleWebKit/537.36 (KHTML, like Gecko) Chrome/104.0.5112.81 Safari/537.36"
114.119.145.110 - - [10/Jan/2026:17:21:17 +0700] "GET /shop/?stock_status=instock&per_page=8&shop_view=grid&per_row=4 HTTP/1.1" 200 40435 "https://view.lotushomemade.com/shop/page/7?stock_status=instock&per_page=8&shop_view=grid&per_row=4" "Mozilla/5.0 (Linux; Android 7.0;) AppleWebKit/537.36 (KHTML, like Gecko) Mobile Safari/537.36 (compatible; PetalBot;+https://webmaster.petalsearch.com/site/petalbot)"
66.249.71.130 - - [10/Jan/2026:17:21:22 +0700] "GET /product/sou-mian_12-inch/?add-to-cart=8324 HTTP/1.1" 200 37858 "-" "Mozilla/5.0 (Linux; Android 6.0.1; Nexus 5X Build/MMB29P) AppleWebKit/537.36 (KHTML, like Gecko) Chrome/143.0.7499.192 Mobile Safari/537.36 (compatible; Googlebot/2.1; +http://www.google.com/bot.html)"
103.131.51.123 - - [10/Jan/2026:17:21:48 +0700] "POST /wp-cron.php?doing_wp_cron=1768040508.9301240444183349609375 HTTP/1.1" 200 474 "-" "WordPress/6.9; https://view.lotushomemade.com"
114.119.142.208 - - [10/Jan/2026:17:21:48 +0700] "GET /shop?orderby=price-desc&stock_status=onsale&per_page=24&filter_brand=blessing-food HTTP/1.1" 301 594 "https://view.lotushomemade.com/shop?orderby=price-desc&stock_status=onsale&per_page=8&filter_brand=blessing-food" "Mozilla/5.0 (Linux; Android 7.0;) AppleWebKit/537.36 (KHTML, like Gecko) Mobile Safari/537.36 (compatible; PetalBot;+https://webmaster.petalsearch.com/site/petalbot)"
114.119.142.208 - - [10/Jan/2026:17:21:49 +0700] "GET /shop/?orderby=price-desc&stock_status=onsale&per_page=24&filter_brand=blessing-food HTTP/1.1" 200 38712 "https://view.lotushomemade.com/shop?orderby=price-desc&stock_status=onsale&per_page=8&filter_brand=blessing-food" "Mozilla/5.0 (Linux; Android 7.0;) AppleWebKit/537.36 (KHTML, like Gecko) Mobile Safari/537.36 (compatible; PetalBot;+https://webmaster.petalsearch.com/site/petalbot)"
103.131.51.123 - - [10/Jan/2026:17:23:14 +0700] "POST /wp-cron.php?doing_wp_cron=1768040594.4008369445800781250000 HTTP/1.1" 200 474 "-" "WordPress/6.9; https://view.lotushomemade.com"
114.119.150.215 - - [10/Jan/2026:17:23:12 +0700] "GET /shop/page/9?orderby=rating&per_row=4&per_page=12&shop_view=grid HTTP/1.1" 301 663 "https://view.lotushomemade.com/shop/page/10/?orderby=rating&per_row=4&per_page=12&shop_view=grid" "Mozilla/5.0 (Linux; Android 7.0;) AppleWebKit/537.36 (KHTML, like Gecko) Mobile Safari/537.36 (compatible; PetalBot;+https://webmaster.petalsearch.com/site/petalbot)"
114.119.150.215 - - [10/Jan/2026:17:23:14 +0700] "GET /shop/page/9/?orderby=rating&per_row=4&per_page=12&shop_view=grid HTTP/1.1" 200 39875 "https://view.lotushomemade.com/shop/page/10/?orderby=rating&per_row=4&per_page=12&shop_view=grid" "Mozilla/5.0 (Linux; Android 7.0;) AppleWebKit/537.36 (KHTML, like Gecko) Mobile Safari/537.36 (compatible; PetalBot;+https://webmaster.petalsearch.com/site/petalbot)"
103.131.51.123 - - [10/Jan/2026:17:24:29 +0700] "POST /wp-cron.php?doing_wp_cron=1768040669.4101600646972656250000 HTTP/1.1" 200 474 "-" "WordPress/6.9; https://view.lotushomemade.com"
114.119.130.97 - - [10/Jan/2026:17:24:27 +0700] "GET /shop/page/9/?max_price=520&per_page=18&stock_status=instock HTTP/1.1" 200 41484 "https://view.lotushomemade.com/shop/page/9/?max_price=520&per_page=18&stock_status=instock" "Mozilla/5.0 (Linux; Android 7.0;) AppleWebKit/537.36 (KHTML, like Gecko) Mobile Safari/537.36 (compatible; PetalBot;+https://webmaster.petalsearch.com/site/petalbot)"
103.131.51.123 - - [10/Jan/2026:17:25:53 +0700] "POST /wp-cron.php?doing_wp_cron=1768040753.5561830997467041015625 HTTP/1.1" 200 474 "-" "WordPress/6.9; https://view.lotushomemade.com"
114.119.130.97 - - [10/Jan/2026:17:25:51 +0700] "GET /shop/page/7?orderby=price-desc&per_page=18&stock_status=instock HTTP/1.1" 301 575 "-" "Mozilla/5.0 (Linux; Android 7.0;) AppleWebKit/537.36 (KHTML, like Gecko) Mobile Safari/537.36 (compatible; PetalBot;+https://webmaster.petalsearch.com/site/petalbot)"
114.119.130.97 - - [10/Jan/2026:17:25:53 +0700] "GET /shop/page/7/?orderby=price-desc&per_page=18&stock_status=instock HTTP/1.1" 200 41041 "-" "Mozilla/5.0 (Linux; Android 7.0;) AppleWebKit/537.36 (KHTML, like Gecko) Mobile Safari/537.36 (compatible; PetalBot;+https://webmaster.petalsearch.com/site/petalbot)"
103.131.51.123 - - [10/Jan/2026:17:27:17 +0700] "POST /wp-cron.php?doing_wp_cron=1768040837.5390300750732421875000 HTTP/1.1" 200 474 "-" "WordPress/6.9; https://view.lotushomemade.com"
114.119.149.78 - - [10/Jan/2026:17:27:15 +0700] "GET /shop/page/4?orderby=price&per_row=2&shop_view=grid&stock_status=instock HTTP/1.1" 301 625 "https://view.lotushomemade.com/shop/page/1/?orderby=price&per_row=2&shop_view=grid&stock_status=instock" "Mozilla/5.0 (Linux; Android 7.0;) AppleWebKit/537.36 (KHTML, like Gecko) Mobile Safari/537.36 (compatible; PetalBot;+https://webmaster.petalsearch.com/site/petalbot)"
114.119.149.78 - - [10/Jan/2026:17:27:17 +0700] "GET /shop/page/4/?orderby=price&per_row=2&shop_view=grid&stock_status=instock HTTP/1.1" 200 39981 "https://view.lotushomemade.com/shop/page/1/?orderby=price&per_row=2&shop_view=grid&stock_status=instock" "Mozilla/5.0 (Linux; Android 7.0;) AppleWebKit/537.36 (KHTML, like Gecko) Mobile Safari/537.36 (compatible; PetalBot;+https://webmaster.petalsearch.com/site/petalbot)"
103.131.51.123 - - [10/Jan/2026:17:28:42 +0700] "POST /wp-cron.php?doing_wp_cron=1768040922.0275290012359619140625 HTTP/1.1" 200 474 "-" "WordPress/6.9; https://view.lotushomemade.com"
114.119.148.197 - - [10/Jan/2026:17:28:39 +0700] "GET /shop/page/4?orderby=popularity&stock_status=onsale&per_page=18 HTTP/1.1" 301 574 "-" "Mozilla/5.0 (Linux; Android 7.0;) AppleWebKit/537.36 (KHTML, like Gecko) Mobile Safari/537.36 (compatible; PetalBot;+https://webmaster.petalsearch.com/site/petalbot)"
40.77.178.184 - - [10/Jan/2026:17:28:42 +0700] "GET /wp-content/plugins/elementor/assets/js/frontend-modules.min.js?ver=3.17.3 HTTP/2" 200 16453 "https://view.lotushomemade.com/product/scs-blueberry-cheese-ball-sg/" "Mozilla/5.0 AppleWebKit/537.36 (KHTML, like Gecko; compatible; bingbot/2.0; +http://www.bing.com/bingbot.htm) Chrome/136.0.0.0 Safari/537.36"
114.119.148.197 - - [10/Jan/2026:17:28:42 +0700] "GET /shop/page/4/?orderby=popularity&stock_status=onsale&per_page=18 HTTP/1.1" 200 41121 "-" "Mozilla/5.0 (Linux; Android 7.0;) AppleWebKit/537.36 (KHTML, like Gecko) Mobile Safari/537.36 (compatible; PetalBot;+https://webmaster.petalsearch.com/site/petalbot)"
40.77.178.184 - - [10/Jan/2026:17:28:45 +0700] "POST /?wc-ajax=get_refreshed_fragments HTTP/2" 200 556 "https://view.lotushomemade.com/product/scs-blueberry-cheese-ball-sg/" "Mozilla/5.0 AppleWebKit/537.36 (KHTML, like Gecko; compatible; bingbot/2.0; +http://www.bing.com/bingbot.htm) Chrome/136.0.0.0 Safari/537.36"
103.131.51.123 - - [10/Jan/2026:17:30:07 +0700] "POST /wp-cron.php?doing_wp_cron=1768041007.1243839263916015625000 HTTP/1.1" 200 474 "-" "WordPress/6.9; https://view.lotushomemade.com"
114.119.149.78 - - [10/Jan/2026:17:30:03 +0700] "GET /shop/page/43/?stock_status=onsale&per_row=6&per_page=8&shop_view=grid HTTP/1.1" 200 39367 "https://view.lotushomemade.com/shop/page/45?stock_status=onsale&per_row=6&per_page=8&shop_view=grid" "Mozilla/5.0 (Linux; Android 7.0;) AppleWebKit/537.36 (KHTML, like Gecko) Mobile Safari/537.36 (compatible; PetalBot;+https://webmaster.petalsearch.com/site/petalbot)"
103.131.51.123 - - [10/Jan/2026:17:31:29 +0700] "POST /wp-cron.php?doing_wp_cron=1768041089.3899478912353515625000 HTTP/1.1" 200 474 "-" "WordPress/6.9; https://view.lotushomemade.com"
114.119.149.78 - - [10/Jan/2026:17:31:27 +0700] "GET /shop/page/42?orderby=price&per_page=8&shop_view=grid&per_row=6 HTTP/1.1" 301 661 "-" "Mozilla/5.0 (Linux; Android 7.0;) AppleWebKit/537.36 (KHTML, like Gecko) Mobile Safari/537.36 (compatible; PetalBot;+https://webmaster.petalsearch.com/site/petalbot)"
114.119.149.78 - - [10/Jan/2026:17:31:29 +0700] "GET /shop/page/42/?orderby=price&per_page=8&shop_view=grid&per_row=6 HTTP/1.1" 200 39558 "-" "Mozilla/5.0 (Linux; Android 7.0;) AppleWebKit/537.36 (KHTML, like Gecko) Mobile Safari/537.36 (compatible; PetalBot;+https://webmaster.petalsearch.com/site/petalbot)"
103.131.51.123 - - [10/Jan/2026:17:32:55 +0700] "POST /wp-cron.php?doing_wp_cron=1768041174.9874429702758789062500 HTTP/1.1" 200 474 "-" "WordPress/6.9; https://view.lotushomemade.com"
114.119.145.110 - - [10/Jan/2026:17:32:51 +0700] "GET /shop/page/4/?orderby=price-desc&stock_status=instock&shop_view=grid&per_row=4 HTTP/1.1" 200 39904 "https://view.lotushomemade.com/shop/page/5/?orderby=price-desc&stock_status=instock&shop_view=grid&per_row=4" "Mozilla/5.0 (Linux; Android 7.0;) AppleWebKit/537.36 (KHTML, like Gecko) Mobile Safari/537.36 (compatible; PetalBot;+https://webmaster.petalsearch.com/site/petalbot)"
103.131.51.123 - - [10/Jan/2026:17:34:18 +0700] "POST /wp-cron.php?doing_wp_cron=1768041258.3473179340362548828125 HTTP/1.1" 200 474 "-" "WordPress/6.9; https://view.lotushomemade.com"
114.119.145.110 - - [10/Jan/2026:17:34:14 +0700] "GET /shop/page/4/?orderby=price&per_page=24 HTTP/1.1" 200 41751 "https://view.lotushomemade.com/shop/page/2/?orderby=price&per_page=24" "Mozilla/5.0 (Linux; Android 7.0;) AppleWebKit/537.36 (KHTML, like Gecko) Mobile Safari/537.36 (compatible; PetalBot;+https://webmaster.petalsearch.com/site/petalbot)"
103.131.51.123 - - [10/Jan/2026:17:35:44 +0700] "POST /wp-cron.php?doing_wp_cron=1768041344.4109289646148681640625 HTTP/1.1" 200 474 "-" "WordPress/6.9; https://view.lotushomemade.com"
114.119.145.110 - - [10/Jan/2026:17:35:40 +0700] "GET /shop/page/39/?orderby=price&per_page=8&stock_status=onsale HTTP/1.1" 200 39387 "https://view.lotushomemade.com/shop/page/40/?orderby=price&per_page=8&stock_status=onsale" "Mozilla/5.0 (Linux; Android 7.0;) AppleWebKit/537.36 (KHTML, like Gecko) Mobile Safari/537.36 (compatible; PetalBot;+https://webmaster.petalsearch.com/site/petalbot)"
103.131.51.123 - - [10/Jan/2026:17:37:05 +0700] "POST /wp-cron.php?doing_wp_cron=1768041425.0370590686798095703125 HTTP/1.1" 200 474 "-" "WordPress/6.9; https://view.lotushomemade.com"
114.119.150.215 - - [10/Jan/2026:17:37:02 +0700] "GET /shop/page/32?orderby=date&per_row=6&shop_view=grid&stock_status=onsale HTTP/1.1" 301 624 "https://view.lotushomemade.com/shop/page/4?orderby=date&per_row=6&shop_view=grid&stock_status=onsale" "Mozilla/5.0 (Linux; Android 7.0;) AppleWebKit/537.36 (KHTML, like Gecko) Mobile Safari/537.36 (compatible; PetalBot;+https://webmaster.petalsearch.com/site/petalbot)"
114.119.150.215 - - [10/Jan/2026:17:37:05 +0700] "GET /shop/page/32/?orderby=date&per_row=6&shop_view=grid&stock_status=onsale HTTP/1.1" 200 39996 "https://view.lotushomemade.com/shop/page/4?orderby=date&per_row=6&shop_view=grid&stock_status=onsale" "Mozilla/5.0 (Linux; Android 7.0;) AppleWebKit/537.36 (KHTML, like Gecko) Mobile Safari/537.36 (compatible; PetalBot;+https://webmaster.petalsearch.com/site/petalbot)"
103.131.51.123 - - [10/Jan/2026:17:38:29 +0700] "POST /wp-cron.php?doing_wp_cron=1768041509.7823688983917236328125 HTTP/1.1" 200 474 "-" "WordPress/6.9; https://view.lotushomemade.com"
114.119.151.206 - - [10/Jan/2026:17:38:26 +0700] "GET /shop/page/30/?orderby=date&stock_status=instock&shop_view=grid&per_row=4 HTTP/1.1" 200 39791 "https://view.lotushomemade.com/shop/page/6/?orderby=date&stock_status=instock&shop_view=grid&per_row=4" "Mozilla/5.0 (Linux; Android 7.0;) AppleWebKit/537.36 (KHTML, like Gecko) Mobile Safari/537.36 (compatible; PetalBot;+https://webmaster.petalsearch.com/site/petalbot)"
103.131.51.123 - - [10/Jan/2026:17:39:53 +0700] "POST /wp-cron.php?doing_wp_cron=1768041593.7832660675048828125000 HTTP/1.1" 200 474 "-" "WordPress/6.9; https://view.lotushomemade.com"
114.119.130.97 - - [10/Jan/2026:17:39:50 +0700] "GET /shop/page/27/?min_price=0&stock_status=onsale&shop_view=grid&per_row=6 HTTP/1.1" 200 40186 "https://view.lotushomemade.com/shop/page/28/?min_price=0&stock_status=onsale&shop_view=grid&per_row=6" "Mozilla/5.0 (Linux; Android 7.0;) AppleWebKit/537.36 (KHTML, like Gecko) Mobile Safari/537.36 (compatible; PetalBot;+https://webmaster.petalsearch.com/site/petalbot)"
103.131.51.123 - - [10/Jan/2026:17:41:16 +0700] "POST /wp-cron.php?doing_wp_cron=1768041676.5517458915710449218750 HTTP/1.1" 200 474 "-" "WordPress/6.9; https://view.lotushomemade.com"
114.119.142.208 - - [10/Jan/2026:17:41:12 +0700] "GET /shop/page/25/?max_price=520&per_row=4&per_page=8&shop_view=grid HTTP/1.1" 200 39451 "https://view.lotushomemade.com/shop/page/28/?max_price=520&per_row=4&per_page=8&shop_view=grid" "Mozilla/5.0 (Linux; Android 7.0;) AppleWebKit/537.36 (KHTML, like Gecko) Mobile Safari/537.36 (compatible; PetalBot;+https://webmaster.petalsearch.com/site/petalbot)"
185.242.244.192 - - [10/Jan/2026:17:41:27 +0700] "GET /wp-content/uploads/2023/10/9010_1.png HTTP/2" 200 828164 "-" "Mozilla/5.0 (X11; Linux x86_64) AppleWebKit/537.36 (KHTML, like Gecko) Chrome/144.0.0.0 Safari/537.36"
103.131.51.123 - - [10/Jan/2026:17:42:40 +0700] "POST /wp-cron.php?doing_wp_cron=1768041760.6918609142303466796875 HTTP/1.1" 200 474 "-" "WordPress/6.9; https://view.lotushomemade.com"
114.119.142.208 - - [10/Jan/2026:17:42:37 +0700] "GET /shop/page/22/?max_price=780&per_row=4&per_page=8&shop_view=grid HTTP/1.1" 200 39575 "https://view.lotushomemade.com/shop/page/25/?max_price=780&per_row=4&per_page=8&shop_view=grid" "Mozilla/5.0 (Linux; Android 7.0;) AppleWebKit/537.36 (KHTML, like Gecko) Mobile Safari/537.36 (compatible; PetalBot;+https://webmaster.petalsearch.com/site/petalbot)"
103.131.51.123 - - [10/Jan/2026:17:44:02 +0700] "POST /wp-cron.php?doing_wp_cron=1768041842.9238240718841552734375 HTTP/1.1" 200 474 "-" "WordPress/6.9; https://view.lotushomemade.com"
114.119.145.110 - - [10/Jan/2026:17:44:00 +0700] "GET /wp-sitemap-taxonomies-post_tag-1.xml HTTP/1.1" 200 679 "-" "Mozilla/5.0 (Linux; Android 7.0;) AppleWebKit/537.36 (KHTML, like Gecko) Mobile Safari/537.36 (compatible; PetalBot;+https://webmaster.petalsearch.com/site/petalbot)"
103.131.51.123 - - [10/Jan/2026:17:45:26 +0700] "POST /wp-cron.php?doing_wp_cron=1768041926.5115089416503906250000 HTTP/1.1" 200 474 "-" "WordPress/6.9; https://view.lotushomemade.com"
114.119.148.197 - - [10/Jan/2026:17:45:24 +0700] "GET /shop?min_price=1040&stock_status=instock,onsale&per_page=8 HTTP/1.1" 301 569 "https://view.lotushomemade.com/shop/?min_price=1040&stock_status=instock%2Consale&per_page=24" "Mozilla/5.0 (Linux; Android 7.0;) AppleWebKit/537.36 (KHTML, like Gecko) Mobile Safari/537.36 (compatible; PetalBot;+https://webmaster.petalsearch.com/site/petalbot)"
114.119.148.197 - - [10/Jan/2026:17:45:26 +0700] "GET /shop/?min_price=1040&stock_status=instock,onsale&per_page=8 HTTP/1.1" 200 38557 "https://view.lotushomemade.com/shop/?min_price=1040&stock_status=instock%2Consale&per_page=24" "Mozilla/5.0 (Linux; Android 7.0;) AppleWebKit/537.36 (KHTML, like Gecko) Mobile Safari/537.36 (compatible; PetalBot;+https://webmaster.petalsearch.com/site/petalbot)"
103.131.51.123 - - [10/Jan/2026:17:46:51 +0700] "POST /wp-cron.php?doing_wp_cron=1768042011.1071920394897460937500 HTTP/1.1" 200 474 "-" "WordPress/6.9; https://view.lotushomemade.com"
114.119.151.206 - - [10/Jan/2026:17:46:47 +0700] "GET /shop/page/9/?max_price=780&stock_status=instock&per_page=12 HTTP/1.1" 200 40306 "https://view.lotushomemade.com/shop/page/7/?max_price=780&stock_status=instock&per_page=12" "Mozilla/5.0 (Linux; Android 7.0;) AppleWebKit/537.36 (KHTML, like Gecko) Mobile Safari/537.36 (compatible; PetalBot;+https://webmaster.petalsearch.com/site/petalbot)"
103.131.51.123 - - [10/Jan/2026:17:48:14 +0700] "POST /wp-cron.php?doing_wp_cron=1768042094.8255200386047363281250 HTTP/1.1" 200 474 "-" "WordPress/6.9; https://view.lotushomemade.com"
114.119.142.208 - - [10/Jan/2026:17:48:11 +0700] "GET /shop/page/8/?max_price=1050&per_row=2&per_page=8&shop_view=grid HTTP/1.1" 200 39573 "https://view.lotushomemade.com/shop/page/6?max_price=1050&per_row=2&per_page=8&shop_view=grid" "Mozilla/5.0 (Linux; Android 7.0;) AppleWebKit/537.36 (KHTML, like Gecko) Mobile Safari/537.36 (compatible; PetalBot;+https://webmaster.petalsearch.com/site/petalbot)"
103.131.51.123 - - [10/Jan/2026:17:48:33 +0700] "POST /wp-cron.php?doing_wp_cron=1768042113.4523720741271972656250 HTTP/1.1" 200 474 "-" "WordPress/6.9; https://view.lotushomemade.com"
66.249.70.98 - - [10/Jan/2026:17:48:32 +0700] "GET /robots.txt HTTP/1.1" 200 644 "-" "Mozilla/5.0 (compatible; Googlebot/2.1; +http://www.google.com/bot.html)"
184.23.183.250 - - [10/Jan/2026:17:48:44 +0700] "GET /product/kerepek-ubi-sambal-kacang-bilis_8118-l/ HTTP/2" 200 35984 "https://www.google.com/" "Mozilla/5.0 (Windows NT 10.0; Win64; x64) AppleWebKit/537.36 (KHTML, like Gecko) Chrome/128.0.4266.60 Safari/537.36"
66.249.70.98 - - [10/Jan/2026:17:49:15 +0700] "GET /shop/page/4/?max_price=1040&stock_status=onsale&per_page=8 HTTP/1.1" 200 33020 "-" "Mozilla/5.0 (Linux; Android 6.0.1; Nexus 5X Build/MMB29P) AppleWebKit/537.36 (KHTML, like Gecko) Chrome/143.0.7499.192 Mobile Safari/537.36 (compatible; Googlebot/2.1; +http://www.google.com/bot.html)"
103.131.51.123 - - [10/Jan/2026:17:49:37 +0700] "POST /wp-cron.php?doing_wp_cron=1768042177.1507749557495117187500 HTTP/1.1" 200 474 "-" "WordPress/6.9; https://view.lotushomemade.com"
114.119.149.78 - - [10/Jan/2026:17:49:35 +0700] "GET /shop/page/7/?per_row=6&per_page=24&shop_view=grid HTTP/1.1" 200 42276 "https://view.lotushomemade.com/shop/page/8/?per_row=6&per_page=24&shop_view=grid" "Mozilla/5.0 (Linux; Android 7.0;) AppleWebKit/537.36 (KHTML, like Gecko) Mobile Safari/537.36 (compatible; PetalBot;+https://webmaster.petalsearch.com/site/petalbot)"
103.131.51.123 - - [10/Jan/2026:17:51:02 +0700] "POST /wp-cron.php?doing_wp_cron=1768042262.7756841182708740234375 HTTP/1.1" 200 474 "-" "WordPress/6.9; https://view.lotushomemade.com"
114.119.130.97 - - [10/Jan/2026:17:50:59 +0700] "GET /shop/page/7/?orderby=popularity&per_row=6&per_page=12&shop_view=grid HTTP/1.1" 200 39878 "https://view.lotushomemade.com/shop/page/9?orderby=popularity&per_row=6&per_page=12&shop_view=grid" "Mozilla/5.0 (Linux; Android 7.0;) AppleWebKit/537.36 (KHTML, like Gecko) Mobile Safari/537.36 (compatible; PetalBot;+https://webmaster.petalsearch.com/site/petalbot)"
103.131.51.123 - - [10/Jan/2026:17:52:28 +0700] "POST /wp-cron.php?doing_wp_cron=1768042348.2321739196777343750000 HTTP/1.1" 200 474 "-" "WordPress/6.9; https://view.lotushomemade.com"
114.119.150.215 - - [10/Jan/2026:17:52:24 +0700] "GET /shop/page/6/?min_price=0&stock_status=instock&shop_view=grid&per_row=2 HTTP/1.1" 200 40185 "https://view.lotushomemade.com/shop/page/5/?min_price=0&stock_status=instock&shop_view=grid&per_row=2" "Mozilla/5.0 (Linux; Android 7.0;) AppleWebKit/537.36 (KHTML, like Gecko) Mobile Safari/537.36 (compatible; PetalBot;+https://webmaster.petalsearch.com/site/petalbot)"
103.131.51.123 - - [10/Jan/2026:17:53:56 +0700] "POST /wp-cron.php?doing_wp_cron=1768042436.2045130729675292968750 HTTP/1.1" 200 474 "-" "WordPress/6.9; https://view.lotushomemade.com"
114.119.145.110 - - [10/Jan/2026:17:53:52 +0700] "GET /shop/page/5/?orderby=rating&per_row=6&shop_view=grid&per_page=8 HTTP/1.1" 200 39396 "https://view.lotushomemade.com/shop/page/3/?orderby=rating&per_row=6&shop_view=grid&per_page=8" "Mozilla/5.0 (Linux; Android 7.0;) AppleWebKit/537.36 (KHTML, like Gecko) Mobile Safari/537.36 (compatible; PetalBot;+https://webmaster.petalsearch.com/site/petalbot)"
103.131.51.123 - - [10/Jan/2026:17:55:14 +0700] "POST /wp-cron.php?doing_wp_cron=1768042514.0048820972442626953125 HTTP/1.1" 200 474 "-" "WordPress/6.9; https://view.lotushomemade.com"
114.119.149.78 - - [10/Jan/2026:17:55:11 +0700] "GET /shop/page/46?stock_status=instock,onsale&per_row=2&per_page=8&shop_view=grid HTTP/1.1" 301 677 "-" "Mozilla/5.0 (Linux; Android 7.0;) AppleWebKit/537.36 (KHTML, like Gecko) Mobile Safari/537.36 (compatible; PetalBot;+https://webmaster.petalsearch.com/site/petalbot)"
114.119.149.78 - - [10/Jan/2026:17:55:15 +0700] "GET /shop/page/46/?stock_status=instock,onsale&per_row=2&per_page=8&shop_view=grid HTTP/1.1" 301 677 "-" "Mozilla/5.0 (Linux; Android 7.0;) AppleWebKit/537.36 (KHTML, like Gecko) Mobile Safari/537.36 (compatible; PetalBot;+https://webmaster.petalsearch.com/site/petalbot)"
114.119.149.78 - - [10/Jan/2026:17:55:16 +0700] "GET /shop/page/46/?stock_status=instock,onsale&per_row=2&per_page=8&shop_view=grid HTTP/1.1" 301 677 "-" "Mozilla/5.0 (Linux; Android 7.0;) AppleWebKit/537.36 (KHTML, like Gecko) Mobile Safari/537.36 (compatible; PetalBot;+https://webmaster.petalsearch.com/site/petalbot)"
114.119.149.78 - - [10/Jan/2026:17:55:16 +0700] "GET /shop/page/46/?stock_status=instock,onsale&per_row=2&per_page=8&shop_view=grid HTTP/1.1" 301 677 "-" "Mozilla/5.0 (Linux; Android 7.0;) AppleWebKit/537.36 (KHTML, like Gecko) Mobile Safari/537.36 (compatible; PetalBot;+https://webmaster.petalsearch.com/site/petalbot)"
114.119.149.78 - - [10/Jan/2026:17:55:17 +0700] "GET /shop/page/46/?stock_status=instock,onsale&per_row=2&per_page=8&shop_view=grid HTTP/1.1" 301 677 "-" "Mozilla/5.0 (Linux; Android 7.0;) AppleWebKit/537.36 (KHTML, like Gecko) Mobile Safari/537.36 (compatible; PetalBot;+https://webmaster.petalsearch.com/site/petalbot)"
114.119.149.78 - - [10/Jan/2026:17:55:17 +0700] "GET /shop/page/46/?stock_status=instock,onsale&per_row=2&per_page=8&shop_view=grid HTTP/1.1" 301 677 "-" "Mozilla/5.0 (Linux; Android 7.0;) AppleWebKit/537.36 (KHTML, like Gecko) Mobile Safari/537.36 (compatible; PetalBot;+https://webmaster.petalsearch.com/site/petalbot)"
114.119.149.78 - - [10/Jan/2026:17:55:18 +0700] "GET /shop/page/46/?stock_status=instock,onsale&per_row=2&per_page=8&shop_view=grid HTTP/1.1" 301 677 "-" "Mozilla/5.0 (Linux; Android 7.0;) AppleWebKit/537.36 (KHTML, like Gecko) Mobile Safari/537.36 (compatible; PetalBot;+https://webmaster.petalsearch.com/site/petalbot)"
114.119.149.78 - - [10/Jan/2026:17:55:18 +0700] "GET /shop/page/46/?stock_status=instock,onsale&per_row=2&per_page=8&shop_view=grid HTTP/1.1" 301 677 "-" "Mozilla/5.0 (Linux; Android 7.0;) AppleWebKit/537.36 (KHTML, like Gecko) Mobile Safari/537.36 (compatible; PetalBot;+https://webmaster.petalsearch.com/site/petalbot)"
114.119.149.78 - - [10/Jan/2026:17:55:19 +0700] "GET /shop/page/46/?stock_status=instock,onsale&per_row=2&per_page=8&shop_view=grid HTTP/1.1" 301 677 "-" "Mozilla/5.0 (Linux; Android 7.0;) AppleWebKit/537.36 (KHTML, like Gecko) Mobile Safari/537.36 (compatible; PetalBot;+https://webmaster.petalsearch.com/site/petalbot)"
114.119.149.78 - - [10/Jan/2026:17:55:19 +0700] "GET /shop/page/46/?stock_status=instock,onsale&per_row=2&per_page=8&shop_view=grid HTTP/1.1" 301 677 "-" "Mozilla/5.0 (Linux; Android 7.0;) AppleWebKit/537.36 (KHTML, like Gecko) Mobile Safari/537.36 (compatible; PetalBot;+https://webmaster.petalsearch.com/site/petalbot)"
103.131.51.123 - - [10/Jan/2026:17:56:38 +0700] "POST /wp-cron.php?doing_wp_cron=1768042598.0244109630584716796875 HTTP/1.1" 200 474 "-" "WordPress/6.9; https://view.lotushomemade.com"
114.119.151.206 - - [10/Jan/2026:17:56:34 +0700] "GET /shop/page/4/?stock_status=instock&per_row=4&per_page=12&shop_view=grid HTTP/1.1" 200 40243 "https://view.lotushomemade.com/shop/page/6/?stock_status=instock&per_row=4&per_page=12&shop_view=grid" "Mozilla/5.0 (Linux; Android 7.0;) AppleWebKit/537.36 (KHTML, like Gecko) Mobile Safari/537.36 (compatible; PetalBot;+https://webmaster.petalsearch.com/site/petalbot)"
103.131.51.123 - - [10/Jan/2026:17:58:01 +0700] "POST /wp-cron.php?doing_wp_cron=1768042681.3987979888916015625000 HTTP/1.1" 200 474 "-" "WordPress/6.9; https://view.lotushomemade.com"
114.119.142.208 - - [10/Jan/2026:17:57:57 +0700] "GET /shop/page/4/?min_price=0&per_page=18&shop_view=grid&per_row=6 HTTP/1.1" 200 41190 "https://view.lotushomemade.com/shop?min_price=0&per_page=18&shop_view=grid&per_row=6" "Mozilla/5.0 (Linux; Android 7.0;) AppleWebKit/537.36 (KHTML, like Gecko) Mobile Safari/537.36 (compatible; PetalBot;+https://webmaster.petalsearch.com/site/petalbot)"
103.131.51.123 - - [10/Jan/2026:17:59:23 +0700] "POST /wp-cron.php?doing_wp_cron=1768042763.8703100681304931640625 HTTP/1.1" 200 474 "-" "WordPress/6.9; https://view.lotushomemade.com"
114.119.156.27 - - [10/Jan/2026:17:59:21 +0700] "GET /shop/page/31/?orderby=price-desc&per_row=6&shop_view=grid&stock_status=instock,onsale HTTP/1.1" 301 640 "https://view.lotushomemade.com/shop?orderby=price-desc&per_row=6&shop_view=grid&stock_status=instock%2Consale" "Mozilla/5.0 (Linux; Android 7.0;) AppleWebKit/537.36 (KHTML, like Gecko) Mobile Safari/537.36 (compatible; PetalBot;+https://webmaster.petalsearch.com/site/petalbot)"
114.119.156.27 - - [10/Jan/2026:17:59:25 +0700] "GET /shop/page/31/?orderby=price-desc&per_row=6&shop_view=grid&stock_status=instock,onsale HTTP/1.1" 301 640 "https://view.lotushomemade.com/shop?orderby=price-desc&per_row=6&shop_view=grid&stock_status=instock%2Consale" "Mozilla/5.0 (Linux; Android 7.0;) AppleWebKit/537.36 (KHTML, like Gecko) Mobile Safari/537.36 (compatible; PetalBot;+https://webmaster.petalsearch.com/site/petalbot)"
114.119.156.27 - - [10/Jan/2026:17:59:26 +0700] "GET /shop/page/31/?orderby=price-desc&per_row=6&shop_view=grid&stock_status=instock,onsale HTTP/1.1" 301 640 "https://view.lotushomemade.com/shop?orderby=price-desc&per_row=6&shop_view=grid&stock_status=instock%2Consale" "Mozilla/5.0 (Linux; Android 7.0;) AppleWebKit/537.36 (KHTML, like Gecko) Mobile Safari/537.36 (compatible; PetalBot;+https://webmaster.petalsearch.com/site/petalbot)"
114.119.156.27 - - [10/Jan/2026:17:59:26 +0700] "GET /shop/page/31/?orderby=price-desc&per_row=6&shop_view=grid&stock_status=instock,onsale HTTP/1.1" 301 640 "https://view.lotushomemade.com/shop?orderby=price-desc&per_row=6&shop_view=grid&stock_status=instock%2Consale" "Mozilla/5.0 (Linux; Android 7.0;) AppleWebKit/537.36 (KHTML, like Gecko) Mobile Safari/537.36 (compatible; PetalBot;+https://webmaster.petalsearch.com/site/petalbot)"
114.119.156.27 - - [10/Jan/2026:17:59:27 +0700] "GET /shop/page/31/?orderby=price-desc&per_row=6&shop_view=grid&stock_status=instock,onsale HTTP/1.1" 301 640 "https://view.lotushomemade.com/shop?orderby=price-desc&per_row=6&shop_view=grid&stock_status=instock%2Consale" "Mozilla/5.0 (Linux; Android 7.0;) AppleWebKit/537.36 (KHTML, like Gecko) Mobile Safari/537.36 (compatible; PetalBot;+https://webmaster.petalsearch.com/site/petalbot)"
114.119.156.27 - - [10/Jan/2026:17:59:27 +0700] "GET /shop/page/31/?orderby=price-desc&per_row=6&shop_view=grid&stock_status=instock,onsale HTTP/1.1" 301 640 "https://view.lotushomemade.com/shop?orderby=price-desc&per_row=6&shop_view=grid&stock_status=instock%2Consale" "Mozilla/5.0 (Linux; Android 7.0;) AppleWebKit/537.36 (KHTML, like Gecko) Mobile Safari/537.36 (compatible; PetalBot;+https://webmaster.petalsearch.com/site/petalbot)"
114.119.156.27 - - [10/Jan/2026:17:59:27 +0700] "GET /shop/page/31/?orderby=price-desc&per_row=6&shop_view=grid&stock_status=instock,onsale HTTP/1.1" 301 640 "https://view.lotushomemade.com/shop?orderby=price-desc&per_row=6&shop_view=grid&stock_status=instock%2Consale" "Mozilla/5.0 (Linux; Android 7.0;) AppleWebKit/537.36 (KHTML, like Gecko) Mobile Safari/537.36 (compatible; PetalBot;+https://webmaster.petalsearch.com/site/petalbot)"
114.119.156.27 - - [10/Jan/2026:17:59:28 +0700] "GET /shop/page/31/?orderby=price-desc&per_row=6&shop_view=grid&stock_status=instock,onsale HTTP/1.1" 301 640 "https://view.lotushomemade.com/shop?orderby=price-desc&per_row=6&shop_view=grid&stock_status=instock%2Consale" "Mozilla/5.0 (Linux; Android 7.0;) AppleWebKit/537.36 (KHTML, like Gecko) Mobile Safari/537.36 (compatible; PetalBot;+https://webmaster.petalsearch.com/site/petalbot)"
114.119.156.27 - - [10/Jan/2026:17:59:28 +0700] "GET /shop/page/31/?orderby=price-desc&per_row=6&shop_view=grid&stock_status=instock,onsale HTTP/1.1" 301 640 "https://view.lotushomemade.com/shop?orderby=price-desc&per_row=6&shop_view=grid&stock_status=instock%2Consale" "Mozilla/5.0 (Linux; Android 7.0;) AppleWebKit/537.36 (KHTML, like Gecko) Mobile Safari/537.36 (compatible; PetalBot;+https://webmaster.petalsearch.com/site/petalbot)"
114.119.156.27 - - [10/Jan/2026:17:59:29 +0700] "GET /shop/page/31/?orderby=price-desc&per_row=6&shop_view=grid&stock_status=instock,onsale HTTP/1.1" 301 640 "https://view.lotushomemade.com/shop?orderby=price-desc&per_row=6&shop_view=grid&stock_status=instock%2Consale" "Mozilla/5.0 (Linux; Android 7.0;) AppleWebKit/537.36 (KHTML, like Gecko) Mobile Safari/537.36 (compatible; PetalBot;+https://webmaster.petalsearch.com/site/petalbot)"
103.131.51.123 - - [10/Jan/2026:18:00:48 +0700] "POST /wp-cron.php?doing_wp_cron=1768042848.5201590061187744140625 HTTP/1.1" 200 474 "-" "WordPress/6.9; https://view.lotushomemade.com"
114.119.149.78 - - [10/Jan/2026:18:00:44 +0700] "GET /shop/page/30/?orderby=popularity&per_row=2&shop_view=grid HTTP/1.1" 200 39352 "https://view.lotushomemade.com/shop/page/26/?orderby=popularity&per_row=2&shop_view=grid" "Mozilla/5.0 (Linux; Android 7.0;) AppleWebKit/537.36 (KHTML, like Gecko) Mobile Safari/537.36 (compatible; PetalBot;+https://webmaster.petalsearch.com/site/petalbot)"
103.131.51.123 - - [10/Jan/2026:18:02:11 +0700] "POST /wp-cron.php?doing_wp_cron=1768042931.1225240230560302734375 HTTP/1.1" 200 474 "-" "WordPress/6.9; https://view.lotushomemade.com"
114.119.156.27 - - [10/Jan/2026:18:02:08 +0700] "GET /shop/page/3/?orderby=popularity&per_row=6&shop_view=grid&stock_status=instock,onsale HTTP/1.1" 301 639 "https://view.lotushomemade.com/shop?orderby=popularity&per_row=6&shop_view=grid&stock_status=instock%2Consale" "Mozilla/5.0 (Linux; Android 7.0;) AppleWebKit/537.36 (KHTML, like Gecko) Mobile Safari/537.36 (compatible; PetalBot;+https://webmaster.petalsearch.com/site/petalbot)"
114.119.156.27 - - [10/Jan/2026:18:02:11 +0700] "GET /shop/page/3/?orderby=popularity&per_row=6&shop_view=grid&stock_status=instock,onsale HTTP/1.1" 301 639 "https://view.lotushomemade.com/shop?orderby=popularity&per_row=6&shop_view=grid&stock_status=instock%2Consale" "Mozilla/5.0 (Linux; Android 7.0;) AppleWebKit/537.36 (KHTML, like Gecko) Mobile Safari/537.36 (compatible; PetalBot;+https://webmaster.petalsearch.com/site/petalbot)"
114.119.156.27 - - [10/Jan/2026:18:02:12 +0700] "GET /shop/page/3/?orderby=popularity&per_row=6&shop_view=grid&stock_status=instock,onsale HTTP/1.1" 301 639 "https://view.lotushomemade.com/shop?orderby=popularity&per_row=6&shop_view=grid&stock_status=instock%2Consale" "Mozilla/5.0 (Linux; Android 7.0;) AppleWebKit/537.36 (KHTML, like Gecko) Mobile Safari/537.36 (compatible; PetalBot;+https://webmaster.petalsearch.com/site/petalbot)"
