114.119.142.208 - - [10/Jan/2026:19:00:43 +0700] "GET /shop/page/3/?max_price=1040&per_row=6&per_page=24&shop_view=grid HTTP/1.1" 200 42586 "https://view.lotushomemade.com/shop/page/5/?max_price=1040&per_row=6&per_page=24&shop_view=grid" "Mozilla/5.0 (Linux; Android 7.0;) AppleWebKit/537.36 (KHTML, like Gecko) Mobile Safari/537.36 (compatible; PetalBot;+https://webmaster.petalsearch.com/site/petalbot)"
103.131.51.123 - - [10/Jan/2026:19:02:11 +0700] "POST /wp-cron.php?doing_wp_cron=1768046531.2331900596618652343750 HTTP/1.1" 200 474 "-" "WordPress/6.9; https://view.lotushomemade.com"
114.119.150.215 - - [10/Jan/2026:19:02:07 +0700] "GET /shop/page/26/?orderby=rating&per_page=12 HTTP/1.1" 200 39502 "https://view.lotushomemade.com/shop/page/24/?orderby=rating&per_page=12" "Mozilla/5.0 (Linux; Android 7.0;) AppleWebKit/537.36 (KHTML, like Gecko) Mobile Safari/537.36 (compatible; PetalBot;+https://webmaster.petalsearch.com/site/petalbot)"
103.131.51.123 - - [10/Jan/2026:19:03:33 +0700] "POST /wp-cron.php?doing_wp_cron=1768046613.3360528945922851562500 HTTP/1.1" 200 474 "-" "WordPress/6.9; https://view.lotushomemade.com"
114.119.130.97 - - [10/Jan/2026:19:03:29 +0700] "GET /shop/page/25/?orderby=price-desc&per_page=12&shop_view=grid&per_row=4 HTTP/1.1" 200 40131 "https://view.lotushomemade.com/shop/page/28/?orderby=price-desc&per_page=12&shop_view=grid&per_row=4" "Mozilla/5.0 (Linux; Android 7.0;) AppleWebKit/537.36 (KHTML, like Gecko) Mobile Safari/537.36 (compatible; PetalBot;+https://webmaster.petalsearch.com/site/petalbot)"
103.131.51.123 - - [10/Jan/2026:19:04:57 +0700] "POST /wp-cron.php?doing_wp_cron=1768046697.6493101119995117187500 HTTP/1.1" 200 474 "-" "WordPress/6.9; https://view.lotushomemade.com"
114.119.156.27 - - [10/Jan/2026:19:04:53 +0700] "GET /shop/page/22/?orderby=popularity&stock_status=onsale&shop_view=grid&per_row=2 HTTP/1.1" 200 39613 "https://view.lotushomemade.com/shop/page/23/?orderby=popularity&stock_status=onsale&shop_view=grid&per_row=2" "Mozilla/5.0 (Linux; Android 7.0;) AppleWebKit/537.36 (KHTML, like Gecko) Mobile Safari/537.36 (compatible; PetalBot;+https://webmaster.petalsearch.com/site/petalbot)"
103.131.51.123 - - [10/Jan/2026:19:06:20 +0700] "POST /wp-cron.php?doing_wp_cron=1768046779.9877390861511230468750 HTTP/1.1" 200 474 "-" "WordPress/6.9; https://view.lotushomemade.com"
114.119.149.78 - - [10/Jan/2026:19:06:16 +0700] "GET /shop/page/20/?max_price=1050&stock_status=instock&per_page=12 HTTP/1.1" 200 40330 "https://view.lotushomemade.com/shop/page/20/?max_price=1050&stock_status=instock&per_page=12" "Mozilla/5.0 (Linux; Android 7.0;) AppleWebKit/537.36 (KHTML, like Gecko) Mobile Safari/537.36 (compatible; PetalBot;+https://webmaster.petalsearch.com/site/petalbot)"
103.131.51.123 - - [10/Jan/2026:19:07:43 +0700] "POST /wp-cron.php?doing_wp_cron=1768046863.0534579753875732421875 HTTP/1.1" 200 474 "-" "WordPress/6.9; https://view.lotushomemade.com"
114.119.145.110 - - [10/Jan/2026:19:07:40 +0700] "GET /shop/page/2/?orderby=date&per_row=6&shop_view=grid&stock_status=instock,onsale HTTP/1.1" 301 633 "https://view.lotushomemade.com/shop?orderby=date&per_row=6&shop_view=grid&stock_status=instock%2Consale" "Mozilla/5.0 (Linux; Android 7.0;) AppleWebKit/537.36 (KHTML, like Gecko) Mobile Safari/537.36 (compatible; PetalBot;+https://webmaster.petalsearch.com/site/petalbot)"
114.119.145.110 - - [10/Jan/2026:19:07:43 +0700] "GET /shop/page/2/?orderby=date&per_row=6&shop_view=grid&stock_status=instock,onsale HTTP/1.1" 301 633 "https://view.lotushomemade.com/shop?orderby=date&per_row=6&shop_view=grid&stock_status=instock%2Consale" "Mozilla/5.0 (Linux; Android 7.0;) AppleWebKit/537.36 (KHTML, like Gecko) Mobile Safari/537.36 (compatible; PetalBot;+https://webmaster.petalsearch.com/site/petalbot)"
114.119.145.110 - - [10/Jan/2026:19:07:44 +0700] "GET /shop/page/2/?orderby=date&per_row=6&shop_view=grid&stock_status=instock,onsale HTTP/1.1" 301 633 "https://view.lotushomemade.com/shop?orderby=date&per_row=6&shop_view=grid&stock_status=instock%2Consale" "Mozilla/5.0 (Linux; Android 7.0;) AppleWebKit/537.36 (KHTML, like Gecko) Mobile Safari/537.36 (compatible; PetalBot;+https://webmaster.petalsearch.com/site/petalbot)"
114.119.145.110 - - [10/Jan/2026:19:07:44 +0700] "GET /shop/page/2/?orderby=date&per_row=6&shop_view=grid&stock_status=instock,onsale HTTP/1.1" 301 633 "https://view.lotushomemade.com/shop?orderby=date&per_row=6&shop_view=grid&stock_status=instock%2Consale" "Mozilla/5.0 (Linux; Android 7.0;) AppleWebKit/537.36 (KHTML, like Gecko) Mobile Safari/537.36 (compatible; PetalBot;+https://webmaster.petalsearch.com/site/petalbot)"
114.119.145.110 - - [10/Jan/2026:19:07:45 +0700] "GET /shop/page/2/?orderby=date&per_row=6&shop_view=grid&stock_status=instock,onsale HTTP/1.1" 301 633 "https://view.lotushomemade.com/shop?orderby=date&per_row=6&shop_view=grid&stock_status=instock%2Consale" "Mozilla/5.0 (Linux; Android 7.0;) AppleWebKit/537.36 (KHTML, like Gecko) Mobile Safari/537.36 (compatible; PetalBot;+https://webmaster.petalsearch.com/site/petalbot)"
114.119.145.110 - - [10/Jan/2026:19:07:45 +0700] "GET /shop/page/2/?orderby=date&per_row=6&shop_view=grid&stock_status=instock,onsale HTTP/1.1" 301 633 "https://view.lotushomemade.com/shop?orderby=date&per_row=6&shop_view=grid&stock_status=instock%2Consale" "Mozilla/5.0 (Linux; Android 7.0;) AppleWebKit/537.36 (KHTML, like Gecko) Mobile Safari/537.36 (compatible; PetalBot;+https://webmaster.petalsearch.com/site/petalbot)"
114.119.145.110 - - [10/Jan/2026:19:07:46 +0700] "GET /shop/page/2/?orderby=date&per_row=6&shop_view=grid&stock_status=instock,onsale HTTP/1.1" 301 633 "https://view.lotushomemade.com/shop?orderby=date&per_row=6&shop_view=grid&stock_status=instock%2Consale" "Mozilla/5.0 (Linux; Android 7.0;) AppleWebKit/537.36 (KHTML, like Gecko) Mobile Safari/537.36 (compatible; PetalBot;+https://webmaster.petalsearch.com/site/petalbot)"
114.119.145.110 - - [10/Jan/2026:19:07:46 +0700] "GET /shop/page/2/?orderby=date&per_row=6&shop_view=grid&stock_status=instock,onsale HTTP/1.1" 301 633 "https://view.lotushomemade.com/shop?orderby=date&per_row=6&shop_view=grid&stock_status=instock%2Consale" "Mozilla/5.0 (Linux; Android 7.0;) AppleWebKit/537.36 (KHTML, like Gecko) Mobile Safari/537.36 (compatible; PetalBot;+https://webmaster.petalsearch.com/site/petalbot)"
114.119.145.110 - - [10/Jan/2026:19:07:47 +0700] "GET /shop/page/2/?orderby=date&per_row=6&shop_view=grid&stock_status=instock,onsale HTTP/1.1" 301 633 "https://view.lotushomemade.com/shop?orderby=date&per_row=6&shop_view=grid&stock_status=instock%2Consale" "Mozilla/5.0 (Linux; Android 7.0;) AppleWebKit/537.36 (KHTML, like Gecko) Mobile Safari/537.36 (compatible; PetalBot;+https://webmaster.petalsearch.com/site/petalbot)"
114.119.145.110 - - [10/Jan/2026:19:07:48 +0700] "GET /shop/page/2/?orderby=date&per_row=6&shop_view=grid&stock_status=instock,onsale HTTP/1.1" 301 633 "https://view.lotushomemade.com/shop?orderby=date&per_row=6&shop_view=grid&stock_status=instock%2Consale" "Mozilla/5.0 (Linux; Android 7.0;) AppleWebKit/537.36 (KHTML, like Gecko) Mobile Safari/537.36 (compatible; PetalBot;+https://webmaster.petalsearch.com/site/petalbot)"
103.131.51.123 - - [10/Jan/2026:19:09:07 +0700] "POST /wp-cron.php?doing_wp_cron=1768046947.5887629985809326171875 HTTP/1.1" 200 474 "-" "WordPress/6.9; https://view.lotushomemade.com"
114.119.148.197 - - [10/Jan/2026:19:09:04 +0700] "GET /shop/page/2/?max_price=780&stock_status=instock&per_row=2&shop_view=grid HTTP/1.1" 200 40785 "https://view.lotushomemade.com/shop/page/19/?max_price=780&stock_status=instock&per_row=2&shop_view=grid" "Mozilla/5.0 (Linux; Android 7.0;) AppleWebKit/537.36 (KHTML, like Gecko) Mobile Safari/537.36 (compatible; PetalBot;+https://webmaster.petalsearch.com/site/petalbot)"
103.131.51.123 - - [10/Jan/2026:19:10:32 +0700] "POST /wp-cron.php?doing_wp_cron=1768047032.3855640888214111328125 HTTP/1.1" 200 474 "-" "WordPress/6.9; https://view.lotushomemade.com"
114.119.150.215 - - [10/Jan/2026:19:10:28 +0700] "GET /shop/page/2/?max_price=1040&stock_status=onsale&shop_view=grid&per_row=2 HTTP/1.1" 200 40798 "https://view.lotushomemade.com/shop/page/25/?max_price=1040&stock_status=onsale&shop_view=grid&per_row=2" "Mozilla/5.0 (Linux; Android 7.0;) AppleWebKit/537.36 (KHTML, like Gecko) Mobile Safari/537.36 (compatible; PetalBot;+https://webmaster.petalsearch.com/site/petalbot)"
103.131.51.123 - - [10/Jan/2026:19:11:54 +0700] "POST /wp-cron.php?doing_wp_cron=1768047113.9974548816680908203125 HTTP/1.1" 200 474 "-" "WordPress/6.9; https://view.lotushomemade.com"
114.119.150.215 - - [10/Jan/2026:19:11:51 +0700] "GET /shop/page/1?per_row=4&shop_view=grid&per_page=24 HTTP/1.1" 301 641 "https://view.lotushomemade.com/shop/page/9?per_row=4&shop_view=grid&per_page=24" "Mozilla/5.0 (Linux; Android 7.0;) AppleWebKit/537.36 (KHTML, like Gecko) Mobile Safari/537.36 (compatible; PetalBot;+https://webmaster.petalsearch.com/site/petalbot)"
114.119.150.215 - - [10/Jan/2026:19:11:54 +0700] "GET /shop/?per_row=4&shop_view=grid&per_page=24 HTTP/1.1" 200 43267 "https://view.lotushomemade.com/shop/page/9?per_row=4&shop_view=grid&per_page=24" "Mozilla/5.0 (Linux; Android 7.0;) AppleWebKit/537.36 (KHTML, like Gecko) Mobile Safari/537.36 (compatible; PetalBot;+https://webmaster.petalsearch.com/site/petalbot)"
223.226.160.210 - - [10/Jan/2026:19:12:24 +0700] "GET /shop/?opts=hidden_sidebar HTTP/1.1" 200 34091 "-" "Mozilla/5.0 (compatible; MSIE 5.0; Windows 98; Win 9x 4.90; Trident/3.1)"
103.131.51.123 - - [10/Jan/2026:19:13:16 +0700] "POST /wp-cron.php?doing_wp_cron=1768047196.0419418811798095703125 HTTP/1.1" 200 474 "-" "WordPress/6.9; https://view.lotushomemade.com"
114.119.130.97 - - [10/Jan/2026:19:13:15 +0700] "GET /shop?min_price=780&shop_view=grid&per_row=4 HTTP/1.1" 301 597 "-" "Mozilla/5.0 (Linux; Android 7.0;) AppleWebKit/537.36 (KHTML, like Gecko) Mobile Safari/537.36 (compatible; PetalBot;+https://webmaster.petalsearch.com/site/petalbot)"
114.119.130.97 - - [10/Jan/2026:19:13:17 +0700] "GET /shop/?min_price=780&shop_view=grid&per_row=4 HTTP/1.1" 200 38563 "-" "Mozilla/5.0 (Linux; Android 7.0;) AppleWebKit/537.36 (KHTML, like Gecko) Mobile Safari/537.36 (compatible; PetalBot;+https://webmaster.petalsearch.com/site/petalbot)"
103.131.51.123 - - [10/Jan/2026:19:14:42 +0700] "POST /wp-cron.php?doing_wp_cron=1768047282.7671320438385009765625 HTTP/1.1" 200 474 "-" "WordPress/6.9; https://view.lotushomemade.com"
114.119.156.27 - - [10/Jan/2026:19:14:39 +0700] "GET /shop/page/9/?orderby=price-desc&per_row=6&shop_view=grid&stock_status=instock HTTP/1.1" 200 40057 "https://view.lotushomemade.com/shop/page/8/?orderby=price-desc&per_row=6&shop_view=grid&stock_status=instock" "Mozilla/5.0 (Linux; Android 7.0;) AppleWebKit/537.36 (KHTML, like Gecko) Mobile Safari/537.36 (compatible; PetalBot;+https://webmaster.petalsearch.com/site/petalbot)"
103.131.51.123 - - [10/Jan/2026:19:16:06 +0700] "POST /wp-cron.php?doing_wp_cron=1768047366.4917690753936767578125 HTTP/1.1" 200 474 "-" "WordPress/6.9; https://view.lotushomemade.com"
114.119.149.78 - - [10/Jan/2026:19:16:02 +0700] "GET /shop/page/8/?stock_status=instock&per_page=24&shop_view=grid&per_row=2 HTTP/1.1" 200 42235 "https://view.lotushomemade.com/shop/page/5/?stock_status=instock&per_page=24&shop_view=grid&per_row=2" "Mozilla/5.0 (Linux; Android 7.0;) AppleWebKit/537.36 (KHTML, like Gecko) Mobile Safari/537.36 (compatible; PetalBot;+https://webmaster.petalsearch.com/site/petalbot)"
103.131.51.123 - - [10/Jan/2026:19:17:28 +0700] "POST /wp-cron.php?doing_wp_cron=1768047448.5430319309234619140625 HTTP/1.1" 200 474 "-" "WordPress/6.9; https://view.lotushomemade.com"
114.119.151.206 - - [10/Jan/2026:19:17:26 +0700] "GET /shop/page/4?min_price=0&per_row=6&shop_view=grid HTTP/1.1" 301 602 "-" "Mozilla/5.0 (Linux; Android 7.0;) AppleWebKit/537.36 (KHTML, like Gecko) Mobile Safari/537.36 (compatible; PetalBot;+https://webmaster.petalsearch.com/site/petalbot)"
114.119.151.206 - - [10/Jan/2026:19:17:28 +0700] "GET /shop/page/4/?min_price=0&per_row=6&shop_view=grid HTTP/1.1" 200 40189 "-" "Mozilla/5.0 (Linux; Android 7.0;) AppleWebKit/537.36 (KHTML, like Gecko) Mobile Safari/537.36 (compatible; PetalBot;+https://webmaster.petalsearch.com/site/petalbot)"
103.131.51.123 - - [10/Jan/2026:19:18:53 +0700] "POST /wp-cron.php?doing_wp_cron=1768047533.0201399326324462890625 HTTP/1.1" 200 474 "-" "WordPress/6.9; https://view.lotushomemade.com"
114.119.148.197 - - [10/Jan/2026:19:18:49 +0700] "GET /shop/page/20/?per_page=8 HTTP/1.1" 200 39290 "https://view.lotushomemade.com/shop/page/19/?per_page=8" "Mozilla/5.0 (Linux; Android 7.0;) AppleWebKit/537.36 (KHTML, like Gecko) Mobile Safari/537.36 (compatible; PetalBot;+https://webmaster.petalsearch.com/site/petalbot)"
103.131.51.123 - - [10/Jan/2026:19:20:16 +0700] "POST /wp-cron.php?doing_wp_cron=1768047616.9593620300292968750000 HTTP/1.1" 200 474 "-" "WordPress/6.9; https://view.lotushomemade.com"
114.119.148.197 - - [10/Jan/2026:19:20:13 +0700] "GET /shop/page/20/?max_price=1040&per_row=4&shop_view=grid&per_page=18 HTTP/1.1" 200 41476 "https://view.lotushomemade.com/shop/page/21/?max_price=1040&per_row=4&shop_view=grid&per_page=18" "Mozilla/5.0 (Linux; Android 7.0;) AppleWebKit/537.36 (KHTML, like Gecko) Mobile Safari/537.36 (compatible; PetalBot;+https://webmaster.petalsearch.com/site/petalbot)"
103.131.51.123 - - [10/Jan/2026:19:21:41 +0700] "POST /wp-cron.php?doing_wp_cron=1768047701.8449840545654296875000 HTTP/1.1" 200 474 "-" "WordPress/6.9; https://view.lotushomemade.com"
114.119.145.110 - - [10/Jan/2026:19:21:38 +0700] "GET /shop/page/2/?max_price=1040&per_row=6&shop_view=grid&per_page=18 HTTP/1.1" 200 41779 "https://view.lotushomemade.com/shop/page/22/?max_price=1040&per_row=6&shop_view=grid&per_page=18" "Mozilla/5.0 (Linux; Android 7.0;) AppleWebKit/537.36 (KHTML, like Gecko) Mobile Safari/537.36 (compatible; PetalBot;+https://webmaster.petalsearch.com/site/petalbot)"
103.131.51.123 - - [10/Jan/2026:19:23:03 +0700] "POST /wp-cron.php?doing_wp_cron=1768047783.2967898845672607421875 HTTP/1.1" 200 474 "-" "WordPress/6.9; https://view.lotushomemade.com"
114.119.148.197 - - [10/Jan/2026:19:23:01 +0700] "GET /shop/page/1?per_page=8&stock_status=onsale HTTP/1.1" 301 546 "https://view.lotushomemade.com/shop/page/13/?per_page=8&stock_status=onsale" "Mozilla/5.0 (Linux; Android 7.0;) AppleWebKit/537.36 (KHTML, like Gecko) Mobile Safari/537.36 (compatible; PetalBot;+https://webmaster.petalsearch.com/site/petalbot)"
114.119.148.197 - - [10/Jan/2026:19:23:03 +0700] "GET /shop/?per_page=8&stock_status=onsale HTTP/1.1" 200 40279 "https://view.lotushomemade.com/shop/page/13/?per_page=8&stock_status=onsale" "Mozilla/5.0 (Linux; Android 7.0;) AppleWebKit/537.36 (KHTML, like Gecko) Mobile Safari/537.36 (compatible; PetalBot;+https://webmaster.petalsearch.com/site/petalbot)"
103.131.51.123 - - [10/Jan/2026:19:24:26 +0700] "POST /wp-cron.php?doing_wp_cron=1768047866.6869580745697021484375 HTTP/1.1" 200 474 "-" "WordPress/6.9; https://view.lotushomemade.com"
114.119.156.27 - - [10/Jan/2026:19:24:24 +0700] "GET /shop/page/1?orderby=rating&per_row=2&shop_view=grid&stock_status=onsale HTTP/1.1" 301 618 "https://view.lotushomemade.com/shop/page/4?orderby=rating&per_row=2&shop_view=grid&stock_status=onsale" "Mozilla/5.0 (Linux; Android 7.0;) AppleWebKit/537.36 (KHTML, like Gecko) Mobile Safari/537.36 (compatible; PetalBot;+https://webmaster.petalsearch.com/site/petalbot)"
114.119.156.27 - - [10/Jan/2026:19:24:27 +0700] "GET /shop/?orderby=rating&per_row=2&shop_view=grid&stock_status=onsale HTTP/1.1" 200 41305 "https://view.lotushomemade.com/shop/page/4?orderby=rating&per_row=2&shop_view=grid&stock_status=onsale" "Mozilla/5.0 (Linux; Android 7.0;) AppleWebKit/537.36 (KHTML, like Gecko) Mobile Safari/537.36 (compatible; PetalBot;+https://webmaster.petalsearch.com/site/petalbot)"
103.131.51.123 - - [10/Jan/2026:19:25:49 +0700] "POST /wp-cron.php?doing_wp_cron=1768047949.6900100708007812500000 HTTP/1.1" 200 474 "-" "WordPress/6.9; https://view.lotushomemade.com"
114.119.149.78 - - [10/Jan/2026:19:25:47 +0700] "GET /shop/page/1?orderby=price-desc&per_page=8&shop_view=grid&per_row=2 HTTP/1.1" 301 658 "https://view.lotushomemade.com/shop/page/18/?orderby=price-desc&per_page=8&shop_view=grid&per_row=2" "Mozilla/5.0 (Linux; Android 7.0;) AppleWebKit/537.36 (KHTML, like Gecko) Mobile Safari/537.36 (compatible; PetalBot;+https://webmaster.petalsearch.com/site/petalbot)"
114.119.149.78 - - [10/Jan/2026:19:25:49 +0700] "GET /shop/?orderby=price-desc&per_page=8&shop_view=grid&per_row=2 HTTP/1.1" 200 39950 "https://view.lotushomemade.com/shop/page/18/?orderby=price-desc&per_page=8&shop_view=grid&per_row=2" "Mozilla/5.0 (Linux; Android 7.0;) AppleWebKit/537.36 (KHTML, like Gecko) Mobile Safari/537.36 (compatible; PetalBot;+https://webmaster.petalsearch.com/site/petalbot)"
103.131.51.123 - - [10/Jan/2026:19:27:13 +0700] "POST /wp-cron.php?doing_wp_cron=1768048033.6303150653839111328125 HTTP/1.1" 200 474 "-" "WordPress/6.9; https://view.lotushomemade.com"
114.119.130.97 - - [10/Jan/2026:19:27:11 +0700] "GET /shop/page/1?orderby=price&stock_status=instock&per_page=18 HTTP/1.1" 301 563 "https://view.lotushomemade.com/shop/page/9?orderby=price&stock_status=instock&per_page=18" "Mozilla/5.0 (Linux; Android 7.0;) AppleWebKit/537.36 (KHTML, like Gecko) Mobile Safari/537.36 (compatible; PetalBot;+https://webmaster.petalsearch.com/site/petalbot)"
114.119.130.97 - - [10/Jan/2026:19:27:14 +0700] "GET /shop/?orderby=price&stock_status=instock&per_page=18 HTTP/1.1" 200 41203 "https://view.lotushomemade.com/shop/page/9?orderby=price&stock_status=instock&per_page=18" "Mozilla/5.0 (Linux; Android 7.0;) AppleWebKit/537.36 (KHTML, like Gecko) Mobile Safari/537.36 (compatible; PetalBot;+https://webmaster.petalsearch.com/site/petalbot)"
103.131.51.123 - - [10/Jan/2026:19:28:38 +0700] "POST /wp-cron.php?doing_wp_cron=1768048118.2227029800415039062500 HTTP/1.1" 200 474 "-" "WordPress/6.9; https://view.lotushomemade.com"
114.119.150.215 - - [10/Jan/2026:19:28:35 +0700] "GET /shop/page/1?orderby=popularity&per_row=4&shop_view=grid&per_page=8 HTTP/1.1" 301 658 "https://view.lotushomemade.com/shop/page/4?orderby=popularity&per_row=4&shop_view=grid&per_page=8" "Mozilla/5.0 (Linux; Android 7.0;) AppleWebKit/537.36 (KHTML, like Gecko) Mobile Safari/537.36 (compatible; PetalBot;+https://webmaster.petalsearch.com/site/petalbot)"
114.119.150.215 - - [10/Jan/2026:19:28:38 +0700] "GET /shop/?orderby=popularity&per_row=4&shop_view=grid&per_page=8 HTTP/1.1" 200 40552 "https://view.lotushomemade.com/shop/page/4?orderby=popularity&per_row=4&shop_view=grid&per_page=8" "Mozilla/5.0 (Linux; Android 7.0;) AppleWebKit/537.36 (KHTML, like Gecko) Mobile Safari/537.36 (compatible; PetalBot;+https://webmaster.petalsearch.com/site/petalbot)"
103.131.51.123 - - [10/Jan/2026:19:30:01 +0700] "POST /wp-cron.php?doing_wp_cron=1768048201.4618880748748779296875 HTTP/1.1" 200 474 "-" "WordPress/6.9; https://view.lotushomemade.com"
114.119.142.208 - - [10/Jan/2026:19:29:59 +0700] "GET /shop/page/1?orderby=popularity&per_row=2&shop_view=grid&per_page=18 HTTP/1.1" 301 660 "https://view.lotushomemade.com/shop/page/4?orderby=popularity&per_row=2&shop_view=grid&per_page=18" "Mozilla/5.0 (Linux; Android 7.0;) AppleWebKit/537.36 (KHTML, like Gecko) Mobile Safari/537.36 (compatible; PetalBot;+https://webmaster.petalsearch.com/site/petalbot)"
114.119.142.208 - - [10/Jan/2026:19:30:02 +0700] "GET /shop/?orderby=popularity&per_row=2&shop_view=grid&per_page=18 HTTP/1.1" 200 42182 "https://view.lotushomemade.com/shop/page/4?orderby=popularity&per_row=2&shop_view=grid&per_page=18" "Mozilla/5.0 (Linux; Android 7.0;) AppleWebKit/537.36 (KHTML, like Gecko) Mobile Safari/537.36 (compatible; PetalBot;+https://webmaster.petalsearch.com/site/petalbot)"
103.131.51.123 - - [10/Jan/2026:19:31:24 +0700] "POST /wp-cron.php?doing_wp_cron=1768048283.9470479488372802734375 HTTP/1.1" 200 474 "-" "WordPress/6.9; https://view.lotushomemade.com"
114.119.130.97 - - [10/Jan/2026:19:31:21 +0700] "GET /shop/page/1?orderby=popularity&per_row=2&per_page=18&shop_view=grid HTTP/1.1" 301 660 "https://view.lotushomemade.com/shop/page/6?orderby=popularity&per_row=2&per_page=18&shop_view=grid" "Mozilla/5.0 (Linux; Android 7.0;) AppleWebKit/537.36 (KHTML, like Gecko) Mobile Safari/537.36 (compatible; PetalBot;+https://webmaster.petalsearch.com/site/petalbot)"
114.119.130.97 - - [10/Jan/2026:19:31:24 +0700] "GET /shop/?orderby=popularity&per_row=2&per_page=18&shop_view=grid HTTP/1.1" 200 42195 "https://view.lotushomemade.com/shop/page/6?orderby=popularity&per_row=2&per_page=18&shop_view=grid" "Mozilla/5.0 (Linux; Android 7.0;) AppleWebKit/537.36 (KHTML, like Gecko) Mobile Safari/537.36 (compatible; PetalBot;+https://webmaster.petalsearch.com/site/petalbot)"
103.131.51.123 - - [10/Jan/2026:19:32:48 +0700] "POST /wp-cron.php?doing_wp_cron=1768048368.0549669265747070312500 HTTP/1.1" 200 474 "-" "WordPress/6.9; https://view.lotushomemade.com"
114.119.149.78 - - [10/Jan/2026:19:32:45 +0700] "GET /shop/page/1?orderby=date&per_row=2&shop_view=grid&per_page=12 HTTP/1.1" 301 654 "https://view.lotushomemade.com/shop/page/13?orderby=date&per_row=2&shop_view=grid&per_page=12" "Mozilla/5.0 (Linux; Android 7.0;) AppleWebKit/537.36 (KHTML, like Gecko) Mobile Safari/537.36 (compatible; PetalBot;+https://webmaster.petalsearch.com/site/petalbot)"
114.119.149.78 - - [10/Jan/2026:19:32:48 +0700] "GET /shop/?orderby=date&per_row=2&shop_view=grid&per_page=12 HTTP/1.1" 200 40858 "https://view.lotushomemade.com/shop/page/13?orderby=date&per_row=2&shop_view=grid&per_page=12" "Mozilla/5.0 (Linux; Android 7.0;) AppleWebKit/537.36 (KHTML, like Gecko) Mobile Safari/537.36 (compatible; PetalBot;+https://webmaster.petalsearch.com/site/petalbot)"
103.131.51.123 - - [10/Jan/2026:19:34:12 +0700] "POST /wp-cron.php?doing_wp_cron=1768048452.8118429183959960937500 HTTP/1.1" 200 474 "-" "WordPress/6.9; https://view.lotushomemade.com"
114.119.130.97 - - [10/Jan/2026:19:34:10 +0700] "GET /shop/page/1?max_price=1050&per_row=6&shop_view=grid&stock_status=onsale HTTP/1.1" 301 618 "https://view.lotushomemade.com/shop/page/11/?max_price=1050&per_row=6&shop_view=grid&stock_status=onsale" "Mozilla/5.0 (Linux; Android 7.0;) AppleWebKit/537.36 (KHTML, like Gecko) Mobile Safari/537.36 (compatible; PetalBot;+https://webmaster.petalsearch.com/site/petalbot)"
114.119.130.97 - - [10/Jan/2026:19:34:13 +0700] "GET /shop/?max_price=1050&per_row=6&shop_view=grid&stock_status=onsale HTTP/1.1" 200 41231 "https://view.lotushomemade.com/shop/page/11/?max_price=1050&per_row=6&shop_view=grid&stock_status=onsale" "Mozilla/5.0 (Linux; Android 7.0;) AppleWebKit/537.36 (KHTML, like Gecko) Mobile Safari/537.36 (compatible; PetalBot;+https://webmaster.petalsearch.com/site/petalbot)"
103.131.51.123 - - [10/Jan/2026:19:35:38 +0700] "POST /wp-cron.php?doing_wp_cron=1768048538.2754778861999511718750 HTTP/1.1" 200 474 "-" "WordPress/6.9; https://view.lotushomemade.com"
114.119.156.27 - - [10/Jan/2026:19:35:36 +0700] "GET /shop?per_row=2&per_page=24&shop_view=grid&stock_status=instock HTTP/1.1" 301 662 "https://view.lotushomemade.com/shop?per_row=2&shop_view=grid&per_page=24" "Mozilla/5.0 (Linux; Android 7.0;) AppleWebKit/537.36 (KHTML, like Gecko) Mobile Safari/537.36 (compatible; PetalBot;+https://webmaster.petalsearch.com/site/petalbot)"
114.119.156.27 - - [10/Jan/2026:19:35:39 +0700] "GET /shop/?per_row=2&per_page=24&shop_view=grid&stock_status=instock HTTP/1.1" 200 43385 "https://view.lotushomemade.com/shop?per_row=2&shop_view=grid&per_page=24" "Mozilla/5.0 (Linux; Android 7.0;) AppleWebKit/537.36 (KHTML, like Gecko) Mobile Safari/537.36 (compatible; PetalBot;+https://webmaster.petalsearch.com/site/petalbot)"
103.131.51.123 - - [10/Jan/2026:19:37:00 +0700] "POST /wp-cron.php?doing_wp_cron=1768048620.6005280017852783203125 HTTP/1.1" 200 474 "-" "WordPress/6.9; https://view.lotushomemade.com"
114.119.130.97 - - [10/Jan/2026:19:36:57 +0700] "GET /shop/page/8/?min_price=0&per_row=6&per_page=8&shop_view=grid HTTP/1.1" 200 39361 "https://view.lotushomemade.com/shop/page/9/?min_price=0&per_row=6&per_page=8&shop_view=grid" "Mozilla/5.0 (Linux; Android 7.0;) AppleWebKit/537.36 (KHTML, like Gecko) Mobile Safari/537.36 (compatible; PetalBot;+https://webmaster.petalsearch.com/site/petalbot)"
103.131.51.123 - - [10/Jan/2026:19:38:24 +0700] "POST /wp-cron.php?doing_wp_cron=1768048704.3624010086059570312500 HTTP/1.1" 200 474 "-" "WordPress/6.9; https://view.lotushomemade.com"
114.119.148.197 - - [10/Jan/2026:19:38:20 +0700] "GET /shop/page/7/?shop_view=grid&per_row=2 HTTP/1.1" 200 39857 "https://view.lotushomemade.com/shop/page/8?shop_view=grid&per_row=2" "Mozilla/5.0 (Linux; Android 7.0;) AppleWebKit/537.36 (KHTML, like Gecko) Mobile Safari/537.36 (compatible; PetalBot;+https://webmaster.petalsearch.com/site/petalbot)"
103.131.51.123 - - [10/Jan/2026:19:39:46 +0700] "POST /wp-cron.php?doing_wp_cron=1768048786.0970048904418945312500 HTTP/1.1" 200 474 "-" "WordPress/6.9; https://view.lotushomemade.com"
114.119.148.197 - - [10/Jan/2026:19:39:43 +0700] "GET /shop/page/4?stock_status=onsale&per_row=4&shop_view=grid&per_page=8 HTTP/1.1" 301 666 "https://view.lotushomemade.com/shop/page/3?stock_status=onsale&per_row=4&shop_view=grid&per_page=8" "Mozilla/5.0 (Linux; Android 7.0;) AppleWebKit/537.36 (KHTML, like Gecko) Mobile Safari/537.36 (compatible; PetalBot;+https://webmaster.petalsearch.com/site/petalbot)"
114.119.148.197 - - [10/Jan/2026:19:39:46 +0700] "GET /shop/page/4/?stock_status=onsale&per_row=4&shop_view=grid&per_page=8 HTTP/1.1" 200 39370 "https://view.lotushomemade.com/shop/page/3?stock_status=onsale&per_row=4&shop_view=grid&per_page=8" "Mozilla/5.0 (Linux; Android 7.0;) AppleWebKit/537.36 (KHTML, like Gecko) Mobile Safari/537.36 (compatible; PetalBot;+https://webmaster.petalsearch.com/site/petalbot)"
103.131.51.123 - - [10/Jan/2026:19:41:12 +0700] "POST /wp-cron.php?doing_wp_cron=1768048871.9828140735626220703125 HTTP/1.1" 200 474 "-" "WordPress/6.9; https://view.lotushomemade.com"
114.119.149.78 - - [10/Jan/2026:19:41:08 +0700] "GET /shop/page/4/?max_price=520&shop_view=grid&per_row=2 HTTP/1.1" 200 40318 "https://view.lotushomemade.com/shop?max_price=520&shop_view=grid&per_row=2" "Mozilla/5.0 (Linux; Android 7.0;) AppleWebKit/537.36 (KHTML, like Gecko) Mobile Safari/537.36 (compatible; PetalBot;+https://webmaster.petalsearch.com/site/petalbot)"
103.131.51.123 - - [10/Jan/2026:19:42:35 +0700] "POST /wp-cron.php?doing_wp_cron=1768048955.4125499725341796875000 HTTP/1.1" 200 474 "-" "WordPress/6.9; https://view.lotushomemade.com"
114.119.149.78 - - [10/Jan/2026:19:42:31 +0700] "GET /shop/page/28/?orderby=rating&shop_view=grid&per_row=6 HTTP/1.1" 200 39655 "https://view.lotushomemade.com/shop/page/29/?orderby=rating&shop_view=grid&per_row=6" "Mozilla/5.0 (Linux; Android 7.0;) AppleWebKit/537.36 (KHTML, like Gecko) Mobile Safari/537.36 (compatible; PetalBot;+https://webmaster.petalsearch.com/site/petalbot)"
103.131.51.123 - - [10/Jan/2026:19:43:58 +0700] "POST /wp-cron.php?doing_wp_cron=1768049038.7962410449981689453125 HTTP/1.1" 200 474 "-" "WordPress/6.9; https://view.lotushomemade.com"
114.119.156.27 - - [10/Jan/2026:19:43:55 +0700] "GET /shop/page/24/?orderby=popularity&stock_status=onsale&per_row=4&shop_view=grid HTTP/1.1" 200 39508 "https://view.lotushomemade.com/shop/page/22/?orderby=popularity&stock_status=onsale&per_row=4&shop_view=grid" "Mozilla/5.0 (Linux; Android 7.0;) AppleWebKit/537.36 (KHTML, like Gecko) Mobile Safari/537.36 (compatible; PetalBot;+https://webmaster.petalsearch.com/site/petalbot)"
103.131.51.123 - - [10/Jan/2026:19:45:22 +0700] "POST /wp-cron.php?doing_wp_cron=1768049122.0526280403137207031250 HTTP/1.1" 200 474 "-" "WordPress/6.9; https://view.lotushomemade.com"
114.119.156.27 - - [10/Jan/2026:19:45:18 +0700] "GET /shop/page/2/?orderby=price-desc&stock_status=onsale&shop_view=grid&per_row=4 HTTP/1.1" 200 40620 "https://view.lotushomemade.com/shop/page/24/?orderby=price-desc&stock_status=onsale&shop_view=grid&per_row=4" "Mozilla/5.0 (Linux; Android 7.0;) AppleWebKit/537.36 (KHTML, like Gecko) Mobile Safari/537.36 (compatible; PetalBot;+https://webmaster.petalsearch.com/site/petalbot)"
103.131.51.123 - - [10/Jan/2026:19:46:07 +0700] "POST /wp-cron.php?doing_wp_cron=1768049167.7217640876770019531250 HTTP/1.1" 200 474 "-" "WordPress/6.9; https://view.lotushomemade.com"
40.77.167.75 - - [10/Jan/2026:19:46:06 +0700] "GET /product/twister-cookies_8080-s/ HTTP/2" 200 36306 "-" "Mozilla/5.0 AppleWebKit/537.36 (KHTML, like Gecko; compatible; bingbot/2.0; +http://www.bing.com/bingbot.htm) Chrome/116.0.1938.76 Safari/537.36"
103.131.51.123 - - [10/Jan/2026:19:46:43 +0700] "POST /wp-cron.php?doing_wp_cron=1768049203.3032929897308349609375 HTTP/1.1" 200 474 "-" "WordPress/6.9; https://view.lotushomemade.com"
114.119.150.215 - - [10/Jan/2026:19:46:42 +0700] "GET /shop/page/1?orderby=price-desc&per_row=6&per_page=18&shop_view=grid HTTP/1.1" 301 660 "https://view.lotushomemade.com/shop/page/4?orderby=price-desc&per_row=6&per_page=18&shop_view=grid" "Mozilla/5.0 (Linux; Android 7.0;) AppleWebKit/537.36 (KHTML, like Gecko) Mobile Safari/537.36 (compatible; PetalBot;+https://webmaster.petalsearch.com/site/petalbot)"
114.119.150.215 - - [10/Jan/2026:19:46:43 +0700] "GET /shop/?orderby=price-desc&per_row=6&per_page=18&shop_view=grid HTTP/1.1" 200 41808 "https://view.lotushomemade.com/shop/page/4?orderby=price-desc&per_row=6&per_page=18&shop_view=grid" "Mozilla/5.0 (Linux; Android 7.0;) AppleWebKit/537.36 (KHTML, like Gecko) Mobile Safari/537.36 (compatible; PetalBot;+https://webmaster.petalsearch.com/site/petalbot)"
103.131.51.123 - - [10/Jan/2026:19:48:07 +0700] "POST /wp-cron.php?doing_wp_cron=1768049287.9269149303436279296875 HTTP/1.1" 200 474 "-" "WordPress/6.9; https://view.lotushomemade.com"
114.119.150.215 - - [10/Jan/2026:19:48:05 +0700] "GET /shop/page/1?max_price=1050&per_row=6&shop_view=grid&per_page=12 HTTP/1.1" 301 656 "https://view.lotushomemade.com/shop/page/25?max_price=1050&per_row=6&shop_view=grid&per_page=12" "Mozilla/5.0 (Linux; Android 7.0;) AppleWebKit/537.36 (KHTML, like Gecko) Mobile Safari/537.36 (compatible; PetalBot;+https://webmaster.petalsearch.com/site/petalbot)"
114.119.150.215 - - [10/Jan/2026:19:48:08 +0700] "GET /shop/?max_price=1050&per_row=6&shop_view=grid&per_page=12 HTTP/1.1" 200 41224 "https://view.lotushomemade.com/shop/page/25?max_price=1050&per_row=6&shop_view=grid&per_page=12" "Mozilla/5.0 (Linux; Android 7.0;) AppleWebKit/537.36 (KHTML, like Gecko) Mobile Safari/537.36 (compatible; PetalBot;+https://webmaster.petalsearch.com/site/petalbot)"
103.131.51.123 - - [10/Jan/2026:19:49:30 +0700] "POST /wp-cron.php?doing_wp_cron=1768049370.5700120925903320312500 HTTP/1.1" 200 474 "-" "WordPress/6.9; https://view.lotushomemade.com"
114.119.149.78 - - [10/Jan/2026:19:49:28 +0700] "GET /shop/page/1?max_price=1050&per_row=4&shop_view=grid&stock_status=instock HTTP/1.1" 301 619 "https://view.lotushomemade.com/shop/page/13/?max_price=1050&per_row=4&shop_view=grid&stock_status=instock" "Mozilla/5.0 (Linux; Android 7.0;) AppleWebKit/537.36 (KHTML, like Gecko) Mobile Safari/537.36 (compatible; PetalBot;+https://webmaster.petalsearch.com/site/petalbot)"
103.131.51.123 - - [10/Jan/2026:19:49:33 +0700] "POST /wp-cron.php?doing_wp_cron=1768049373.2219820022583007812500 HTTP/1.1" 200 474 "-" "WordPress/6.9; https://view.lotushomemade.com"
114.119.149.78 - - [10/Jan/2026:19:49:31 +0700] "GET /shop/?max_price=1050&per_row=4&shop_view=grid&stock_status=instock HTTP/1.1" 200 41243 "https://view.lotushomemade.com/shop/page/13/?max_price=1050&per_row=4&shop_view=grid&stock_status=instock" "Mozilla/5.0 (Linux; Android 7.0;) AppleWebKit/537.36 (KHTML, like Gecko) Mobile Safari/537.36 (compatible; PetalBot;+https://webmaster.petalsearch.com/site/petalbot)"
103.131.51.123 - - [10/Jan/2026:19:50:56 +0700] "POST /wp-cron.php?doing_wp_cron=1768049455.9175920486450195312500 HTTP/1.1" 200 474 "-" "WordPress/6.9; https://view.lotushomemade.com"
114.119.156.27 - - [10/Jan/2026:19:50:53 +0700] "GET /shop/page/1?max_price=1050&per_row=4&per_page=24&shop_view=grid HTTP/1.1" 301 656 "https://view.lotushomemade.com/shop/page/14/?max_price=1050&per_row=4&per_page=24&shop_view=grid" "Mozilla/5.0 (Linux; Android 7.0;) AppleWebKit/537.36 (KHTML, like Gecko) Mobile Safari/537.36 (compatible; PetalBot;+https://webmaster.petalsearch.com/site/petalbot)"
114.119.156.27 - - [10/Jan/2026:19:50:56 +0700] "GET /shop/?max_price=1050&per_row=4&per_page=24&shop_view=grid HTTP/1.1" 200 43509 "https://view.lotushomemade.com/shop/page/14/?max_price=1050&per_row=4&per_page=24&shop_view=grid" "Mozilla/5.0 (Linux; Android 7.0;) AppleWebKit/537.36 (KHTML, like Gecko) Mobile Safari/537.36 (compatible; PetalBot;+https://webmaster.petalsearch.com/site/petalbot)"
103.131.51.123 - - [10/Jan/2026:19:52:18 +0700] "POST /wp-cron.php?doing_wp_cron=1768049538.8356320858001708984375 HTTP/1.1" 200 474 "-" "WordPress/6.9; https://view.lotushomemade.com"
114.119.151.206 - - [10/Jan/2026:19:52:16 +0700] "GET /shop/page/1?max_price=1040&per_row=4&shop_view=grid&per_page=8 HTTP/1.1" 301 654 "https://view.lotushomemade.com/shop/page/10/?max_price=1040&per_row=4&shop_view=grid&per_page=8" "Mozilla/5.0 (Linux; Android 7.0;) AppleWebKit/537.36 (KHTML, like Gecko) Mobile Safari/537.36 (compatible; PetalBot;+https://webmaster.petalsearch.com/site/petalbot)"
114.119.151.206 - - [10/Jan/2026:19:52:19 +0700] "GET /shop/?max_price=1040&per_row=4&shop_view=grid&per_page=8 HTTP/1.1" 200 40623 "https://view.lotushomemade.com/shop/page/10/?max_price=1040&per_row=4&shop_view=grid&per_page=8" "Mozilla/5.0 (Linux; Android 7.0;) AppleWebKit/537.36 (KHTML, like Gecko) Mobile Safari/537.36 (compatible; PetalBot;+https://webmaster.petalsearch.com/site/petalbot)"
103.131.51.123 - - [10/Jan/2026:19:53:42 +0700] "POST /wp-cron.php?doing_wp_cron=1768049621.9887740612030029296875 HTTP/1.1" 200 474 "-" "WordPress/6.9; https://view.lotushomemade.com"
114.119.145.110 - - [10/Jan/2026:19:53:39 +0700] "GET /shop/page/19?stock_status=onsale&per_row=6&per_page=12&shop_view=grid HTTP/1.1" 301 669 "https://view.lotushomemade.com/shop/page/18/?stock_status=onsale&per_row=6&per_page=12&shop_view=grid" "Mozilla/5.0 (Linux; Android 7.0;) AppleWebKit/537.36 (KHTML, like Gecko) Mobile Safari/537.36 (compatible; PetalBot;+https://webmaster.petalsearch.com/site/petalbot)"
114.119.145.110 - - [10/Jan/2026:19:53:42 +0700] "GET /shop/page/19/?stock_status=onsale&per_row=6&per_page=12&shop_view=grid HTTP/1.1" 200 40027 "https://view.lotushomemade.com/shop/page/18/?stock_status=onsale&per_row=6&per_page=12&shop_view=grid" "Mozilla/5.0 (Linux; Android 7.0;) AppleWebKit/537.36 (KHTML, like Gecko) Mobile Safari/537.36 (compatible; PetalBot;+https://webmaster.petalsearch.com/site/petalbot)"
103.131.51.123 - - [10/Jan/2026:19:55:05 +0700] "POST /wp-cron.php?doing_wp_cron=1768049705.3439140319824218750000 HTTP/1.1" 200 474 "-" "WordPress/6.9; https://view.lotushomemade.com"
114.119.149.78 - - [10/Jan/2026:19:55:03 +0700] "GET /shop/page/19?shop_view=grid&per_row=6 HTTP/1.1" 301 591 "https://view.lotushomemade.com/shop/page/17/?shop_view=grid&per_row=6" "Mozilla/5.0 (Linux; Android 7.0;) AppleWebKit/537.36 (KHTML, like Gecko) Mobile Safari/537.36 (compatible; PetalBot;+https://webmaster.petalsearch.com/site/petalbot)"
114.119.149.78 - - [10/Jan/2026:19:55:05 +0700] "GET /shop/page/19/?shop_view=grid&per_row=6 HTTP/1.1" 200 39911 "https://view.lotushomemade.com/shop/page/17/?shop_view=grid&per_row=6" "Mozilla/5.0 (Linux; Android 7.0;) AppleWebKit/537.36 (KHTML, like Gecko) Mobile Safari/537.36 (compatible; PetalBot;+https://webmaster.petalsearch.com/site/petalbot)"
66.249.70.99 - - [10/Jan/2026:19:55:24 +0700] "GET /product/bangkit-charcoal-l/ HTTP/1.1" 200 37057 "-" "Mozilla/5.0 (Linux; Android 6.0.1; Nexus 5X Build/MMB29P) AppleWebKit/537.36 (KHTML, like Gecko) Chrome/143.0.7499.192 Mobile Safari/537.36 (compatible; Googlebot/2.1; +http://www.google.com/bot.html)"
66.249.71.129 - - [10/Jan/2026:19:55:28 +0700] "GET /wp-content/themes/woodmart/css/parts/woo-single-prod-el-gallery-opt-thumb-left.min.css?ver=7.2.5 HTTP/1.1" 200 1651 "https://view.lotushomemade.com/product/bangkit-charcoal-l/" "Mozilla/5.0 (Linux; Android 6.0.1; Nexus 5X Build/MMB29P) AppleWebKit/537.36 (KHTML, like Gecko) Chrome/143.0.7499.169 Mobile Safari/537.36 (compatible; Googlebot/2.1; +http://www.google.com/bot.html)"
103.131.51.123 - - [10/Jan/2026:19:56:28 +0700] "POST /wp-cron.php?doing_wp_cron=1768049788.7215409278869628906250 HTTP/1.1" 200 474 "-" "WordPress/6.9; https://view.lotushomemade.com"
114.119.142.208 - - [10/Jan/2026:19:56:28 +0700] "GET /shop/page/19?per_page=8&stock_status=instock HTTP/1.1" 301 555 "https://view.lotushomemade.com/shop/page/18/?per_page=8&stock_status=instock" "Mozilla/5.0 (Linux; Android 7.0;) AppleWebKit/537.36 (KHTML, like Gecko) Mobile Safari/537.36 (compatible; PetalBot;+https://webmaster.petalsearch.com/site/petalbot)"
114.119.142.208 - - [10/Jan/2026:19:56:28 +0700] "GET /shop/page/19/?per_page=8&stock_status=instock HTTP/1.1" 200 39265 "https://view.lotushomemade.com/shop/page/18/?per_page=8&stock_status=instock" "Mozilla/5.0 (Linux; Android 7.0;) AppleWebKit/537.36 (KHTML, like Gecko) Mobile Safari/537.36 (compatible; PetalBot;+https://webmaster.petalsearch.com/site/petalbot)"
103.131.51.123 - - [10/Jan/2026:19:57:55 +0700] "POST /wp-cron.php?doing_wp_cron=1768049875.0320329666137695312500 HTTP/1.1" 200 474 "-" "WordPress/6.9; https://view.lotushomemade.com"
114.119.130.97 - - [10/Jan/2026:19:57:51 +0700] "GET /shop/page/43/?max_price=1050&per_page=8 HTTP/1.1" 200 39425 "https://view.lotushomemade.com/shop/page/41/?max_price=1050&per_page=8" "Mozilla/5.0 (Linux; Android 7.0;) AppleWebKit/537.36 (KHTML, like Gecko) Mobile Safari/537.36 (compatible; PetalBot;+https://webmaster.petalsearch.com/site/petalbot)"
103.131.51.123 - - [10/Jan/2026:19:59:19 +0700] "POST /wp-cron.php?doing_wp_cron=1768049959.8840000629425048828125 HTTP/1.1" 200 474 "-" "WordPress/6.9; https://view.lotushomemade.com"
114.119.156.27 - - [10/Jan/2026:19:59:16 +0700] "GET /shop/page/34/?orderby=date&stock_status=onsale&per_page=8 HTTP/1.1" 200 38980 "https://view.lotushomemade.com/shop/page/31/?orderby=date&stock_status=onsale&per_page=8" "Mozilla/5.0 (Linux; Android 7.0;) AppleWebKit/537.36 (KHTML, like Gecko) Mobile Safari/537.36 (compatible; PetalBot;+https://webmaster.petalsearch.com/site/petalbot)"
103.131.51.123 - - [10/Jan/2026:20:00:42 +0700] "POST /wp-cron.php?doing_wp_cron=1768050042.8300650119781494140625 HTTP/1.1" 200 474 "-" "WordPress/6.9; https://view.lotushomemade.com"
114.119.130.97 - - [10/Jan/2026:20:00:39 +0700] "GET /shop/page/29/?max_price=1040&stock_status=instock&per_page=12 HTTP/1.1" 200 40517 "https://view.lotushomemade.com/shop/page/28/?max_price=1040&stock_status=instock&per_page=12" "Mozilla/5.0 (Linux; Android 7.0;) AppleWebKit/537.36 (KHTML, like Gecko) Mobile Safari/537.36 (compatible; PetalBot;+https://webmaster.petalsearch.com/site/petalbot)"
103.131.51.123 - - [10/Jan/2026:20:02:07 +0700] "POST /wp-cron.php?doing_wp_cron=1768050127.3143000602722167968750 HTTP/1.1" 200 474 "-" "WordPress/6.9; https://view.lotushomemade.com"
114.119.151.206 - - [10/Jan/2026:20:02:03 +0700] "GET /shop/page/25/?orderby=price-desc&per_page=12&stock_status=instock HTTP/1.1" 200 39969 "https://view.lotushomemade.com/shop/page/27/?orderby=price-desc&per_page=12&stock_status=instock" "Mozilla/5.0 (Linux; Android 7.0;) AppleWebKit/537.36 (KHTML, like Gecko) Mobile Safari/537.36 (compatible; PetalBot;+https://webmaster.petalsearch.com/site/petalbot)"
103.131.51.123 - - [10/Jan/2026:20:05:16 +0700] "POST /wp-cron.php?doing_wp_cron=1768050316.8042221069335937500000 HTTP/1.1" 200 474 "-" "WordPress/6.9; https://view.lotushomemade.com"
114.119.151.206 - - [10/Jan/2026:20:05:13 +0700] "GET /shop/page/23/?per_page=12&shop_view=grid&per_row=4 HTTP/1.1" 200 40035 "https://view.lotushomemade.com/shop/page/20?per_page=12&shop_view=grid&per_row=4" "Mozilla/5.0 (Linux; Android 7.0;) AppleWebKit/537.36 (KHTML, like Gecko) Mobile Safari/537.36 (compatible; PetalBot;+https://webmaster.petalsearch.com/site/petalbot)"
103.131.51.123 - - [10/Jan/2026:20:06:25 +0700] "POST /wp-cron.php?doing_wp_cron=1768050384.9319019317626953125000 HTTP/1.1" 200 474 "-" "WordPress/6.9; https://view.lotushomemade.com"
149.88.22.161 - - [10/Jan/2026:20:06:23 +0700] "GET /product/dark-chocolate-hazelnut-sandwich-cookies-sg/?add-to-cart=%27nvOpzp;%20AND%201=1%20OR%20(%3C%27%22%3EiKO)), HTTP/1.1" 200 37039 "-" "-"
103.131.51.123 - - [10/Jan/2026:20:07:15 +0700] "POST /wp-cron.php?doing_wp_cron=1768050435.7834820747375488281250 HTTP/1.1" 200 474 "-" "WordPress/6.9; https://view.lotushomemade.com"
114.119.148.197 - - [10/Jan/2026:20:07:14 +0700] "GET /shop/page/22/?min_price=0&max_price=260&per_page=12 HTTP/1.1" 200 40293 "https://view.lotushomemade.com/shop/page/19/?min_price=0&max_price=260&per_page=12" "Mozilla/5.0 (Linux; Android 7.0;) AppleWebKit/537.36 (KHTML, like Gecko) Mobile Safari/537.36 (compatible; PetalBot;+https://webmaster.petalsearch.com/site/petalbot)"
52.167.144.215 - - [10/Jan/2026:20:07:29 +0700] "GET /shop/page/2/?opts=hidden_sidebar HTTP/2" 200 33179 "-" "Mozilla/5.0 AppleWebKit/537.36 (KHTML, like Gecko; compatible; bingbot/2.0; +http://www.bing.com/bingbot.htm) Chrome/116.0.1938.76 Safari/537.36"
114.119.142.208 - - [10/Jan/2026:20:07:37 +0700] "GET /shop/page/20/?max_price=1050&per_row=2&shop_view=grid&per_page=12 HTTP/1.1" 200 40420 "https://view.lotushomemade.com/shop/page/18/?max_price=1050&per_row=2&shop_view=grid&per_page=12" "Mozilla/5.0 (Linux; Android 7.0;) AppleWebKit/537.36 (KHTML, like Gecko) Mobile Safari/537.36 (compatible; PetalBot;+https://webmaster.petalsearch.com/site/petalbot)"
114.119.142.208 - - [10/Jan/2026:20:08:00 +0700] "GET /shop/page/19?orderby=rating&stock_status=instock&per_row=2&shop_view=grid HTTP/1.1" 301 627 "https://view.lotushomemade.com/shop/page/16/?orderby=rating&stock_status=instock&per_row=2&shop_view=grid" "Mozilla/5.0 (Linux; Android 7.0;) AppleWebKit/537.36 (KHTML, like Gecko) Mobile Safari/537.36 (compatible; PetalBot;+https://webmaster.petalsearch.com/site/petalbot)"
114.119.142.208 - - [10/Jan/2026:20:08:01 +0700] "GET /shop/page/19/?orderby=rating&stock_status=instock&per_row=2&shop_view=grid HTTP/1.1" 200 39821 "https://view.lotushomemade.com/shop/page/16/?orderby=rating&stock_status=instock&per_row=2&shop_view=grid" "Mozilla/5.0 (Linux; Android 7.0;) AppleWebKit/537.36 (KHTML, like Gecko) Mobile Safari/537.36 (compatible; PetalBot;+https://webmaster.petalsearch.com/site/petalbot)"
103.131.51.123 - - [10/Jan/2026:20:09:13 +0700] "POST /wp-cron.php?doing_wp_cron=1768050553.5738010406494140625000 HTTP/1.1" 200 474 "-" "WordPress/6.9; https://view.lotushomemade.com"
114.119.156.27 - - [10/Jan/2026:20:09:13 +0700] "GET /shop/page/19?orderby=price-desc&per_row=2&shop_view=grid&per_page=18 HTTP/1.1" 301 668 "https://view.lotushomemade.com/shop/page/16/?orderby=price-desc&per_row=2&shop_view=grid&per_page=18" "Mozilla/5.0 (Linux; Android 7.0;) AppleWebKit/537.36 (KHTML, like Gecko) Mobile Safari/537.36 (compatible; PetalBot;+https://webmaster.petalsearch.com/site/petalbot)"
114.119.156.27 - - [10/Jan/2026:20:09:14 +0700] "GET /shop/page/19/?orderby=price-desc&per_row=2&shop_view=grid&per_page=18 HTTP/1.1" 200 40969 "https://view.lotushomemade.com/shop/page/16/?orderby=price-desc&per_row=2&shop_view=grid&per_page=18" "Mozilla/5.0 (Linux; Android 7.0;) AppleWebKit/537.36 (KHTML, like Gecko) Mobile Safari/537.36 (compatible; PetalBot;+https://webmaster.petalsearch.com/site/petalbot)"
103.131.51.123 - - [10/Jan/2026:20:10:24 +0700] "POST /wp-cron.php?doing_wp_cron=1768050623.9818499088287353515625 HTTP/1.1" 200 474 "-" "WordPress/6.9; https://view.lotushomemade.com"
114.119.130.97 - - [10/Jan/2026:20:10:23 +0700] "GET /shop/page/19?orderby=price-desc HTTP/1.1" 301 497 "https://view.lotushomemade.com/shop/page/16/?orderby=price-desc" "Mozilla/5.0 (Linux; Android 7.0;) AppleWebKit/537.36 (KHTML, like Gecko) Mobile Safari/537.36 (compatible; PetalBot;+https://webmaster.petalsearch.com/site/petalbot)"
114.119.130.97 - - [10/Jan/2026:20:10:24 +0700] "GET /shop/page/19/?orderby=price-desc HTTP/1.1" 200 39902 "https://view.lotushomemade.com/shop/page/16/?orderby=price-desc" "Mozilla/5.0 (Linux; Android 7.0;) AppleWebKit/537.36 (KHTML, like Gecko) Mobile Safari/537.36 (compatible; PetalBot;+https://webmaster.petalsearch.com/site/petalbot)"
103.131.51.123 - - [10/Jan/2026:20:11:50 +0700] "POST /wp-cron.php?doing_wp_cron=1768050710.6492500305175781250000 HTTP/1.1" 200 474 "-" "WordPress/6.9; https://view.lotushomemade.com"
114.119.156.27 - - [10/Jan/2026:20:11:48 +0700] "GET /shop/page/19?orderby=price&stock_status=onsale&per_page=12 HTTP/1.1" 301 570 "https://view.lotushomemade.com/shop/page/16/?orderby=price&stock_status=onsale&per_page=12" "Mozilla/5.0 (Linux; Android 7.0;) AppleWebKit/537.36 (KHTML, like Gecko) Mobile Safari/537.36 (compatible; PetalBot;+https://webmaster.petalsearch.com/site/petalbot)"
114.119.156.27 - - [10/Jan/2026:20:11:50 +0700] "GET /shop/page/19/?orderby=price&stock_status=onsale&per_page=12 HTTP/1.1" 200 40105 "https://view.lotushomemade.com/shop/page/16/?orderby=price&stock_status=onsale&per_page=12" "Mozilla/5.0 (Linux; Android 7.0;) AppleWebKit/537.36 (KHTML, like Gecko) Mobile Safari/537.36 (compatible; PetalBot;+https://webmaster.petalsearch.com/site/petalbot)"
103.131.51.123 - - [10/Jan/2026:20:13:13 +0700] "POST /wp-cron.php?doing_wp_cron=1768050793.8126420974731445312500 HTTP/1.1" 200 474 "-" "WordPress/6.9; https://view.lotushomemade.com"
114.119.145.110 - - [10/Jan/2026:20:13:11 +0700] "GET /shop/page/19?orderby=popularity&per_row=6&shop_view=grid&stock_status=onsale HTTP/1.1" 301 630 "https://view.lotushomemade.com/shop/page/16/?orderby=popularity&per_row=6&shop_view=grid&stock_status=onsale" "Mozilla/5.0 (Linux; Android 7.0;) AppleWebKit/537.36 (KHTML, like Gecko) Mobile Safari/537.36 (compatible; PetalBot;+https://webmaster.petalsearch.com/site/petalbot)"
114.119.145.110 - - [10/Jan/2026:20:13:13 +0700] "GET /shop/page/19/?orderby=popularity&per_row=6&shop_view=grid&stock_status=onsale HTTP/1.1" 200 39885 "https://view.lotushomemade.com/shop/page/16/?orderby=popularity&per_row=6&shop_view=grid&stock_status=onsale" "Mozilla/5.0 (Linux; Android 7.0;) AppleWebKit/537.36 (KHTML, like Gecko) Mobile Safari/537.36 (compatible; PetalBot;+https://webmaster.petalsearch.com/site/petalbot)"
103.131.51.123 - - [10/Jan/2026:20:14:38 +0700] "POST /wp-cron.php?doing_wp_cron=1768050878.5713930130004882812500 HTTP/1.1" 200 474 "-" "WordPress/6.9; https://view.lotushomemade.com"
114.119.151.206 - - [10/Jan/2026:20:14:36 +0700] "GET /shop/page/19?orderby=popularity&per_row=6&shop_view=grid&stock_status=instock HTTP/1.1" 301 631 "https://view.lotushomemade.com/shop/page/16/?orderby=popularity&per_row=6&shop_view=grid&stock_status=instock" "Mozilla/5.0 (Linux; Android 7.0;) AppleWebKit/537.36 (KHTML, like Gecko) Mobile Safari/537.36 (compatible; PetalBot;+https://webmaster.petalsearch.com/site/petalbot)"
114.119.151.206 - - [10/Jan/2026:20:14:39 +0700] "GET /shop/page/19/?orderby=popularity&per_row=6&shop_view=grid&stock_status=instock HTTP/1.1" 200 39883 "https://view.lotushomemade.com/shop/page/16/?orderby=popularity&per_row=6&shop_view=grid&stock_status=instock" "Mozilla/5.0 (Linux; Android 7.0;) AppleWebKit/537.36 (KHTML, like Gecko) Mobile Safari/537.36 (compatible; PetalBot;+https://webmaster.petalsearch.com/site/petalbot)"
103.131.51.123 - - [10/Jan/2026:20:16:00 +0700] "POST /wp-cron.php?doing_wp_cron=1768050960.8211169242858886718750 HTTP/1.1" 200 474 "-" "WordPress/6.9; https://view.lotushomemade.com"
114.119.149.78 - - [10/Jan/2026:20:15:58 +0700] "GET /shop/page/19?max_price=1050&stock_status=instock&per_row=2&shop_view=grid HTTP/1.1" 301 627 "https://view.lotushomemade.com/shop/page/17/?max_price=1050&stock_status=instock&per_row=2&shop_view=grid" "Mozilla/5.0 (Linux; Android 7.0;) AppleWebKit/537.36 (KHTML, like Gecko) Mobile Safari/537.36 (compatible; PetalBot;+https://webmaster.petalsearch.com/site/petalbot)"
114.119.149.78 - - [10/Jan/2026:20:16:00 +0700] "GET /shop/page/19/?max_price=1050&stock_status=instock&per_row=2&shop_view=grid HTTP/1.1" 200 40197 "https://view.lotushomemade.com/shop/page/17/?max_price=1050&stock_status=instock&per_row=2&shop_view=grid" "Mozilla/5.0 (Linux; Android 7.0;) AppleWebKit/537.36 (KHTML, like Gecko) Mobile Safari/537.36 (compatible; PetalBot;+https://webmaster.petalsearch.com/site/petalbot)"
103.131.51.123 - - [10/Jan/2026:20:17:24 +0700] "POST /wp-cron.php?doing_wp_cron=1768051044.8641450405120849609375 HTTP/1.1" 200 474 "-" "WordPress/6.9; https://view.lotushomemade.com"
114.119.145.110 - - [10/Jan/2026:20:17:21 +0700] "GET /shop/page/19/?stock_status=onsale&per_row=6&shop_view=grid&per_page=12 HTTP/1.1" 200 40036 "https://view.lotushomemade.com/shop/page/19?stock_status=onsale&per_row=6&shop_view=grid&per_page=12" "Mozilla/5.0 (Linux; Android 7.0;) AppleWebKit/537.36 (KHTML, like Gecko) Mobile Safari/537.36 (compatible; PetalBot;+https://webmaster.petalsearch.com/site/petalbot)"
103.131.51.123 - - [10/Jan/2026:20:18:48 +0700] "POST /wp-cron.php?doing_wp_cron=1768051127.9402029514312744140625 HTTP/1.1" 200 474 "-" "WordPress/6.9; https://view.lotushomemade.com"
114.119.130.97 - - [10/Jan/2026:20:18:44 +0700] "GET /shop/page/19/?stock_status=instock&per_row=6&shop_view=grid HTTP/1.1" 200 39952 "https://view.lotushomemade.com/shop/page/16?stock_status=instock&per_row=6&shop_view=grid" "Mozilla/5.0 (Linux; Android 7.0;) AppleWebKit/537.36 (KHTML, like Gecko) Mobile Safari/537.36 (compatible; PetalBot;+https://webmaster.petalsearch.com/site/petalbot)"
