114.119.149.78 - - [10/Jan/2026:10:26:08 +0700] "GET /shop/page/32/?max_price=520&stock_status=instock,onsale&per_row=6&shop_view=grid HTTP/1.1" 301 635 "https://view.lotushomemade.com/shop?max_price=520&stock_status=instock%2Consale&per_row=6&shop_view=grid" "Mozilla/5.0 (Linux; Android 7.0;) AppleWebKit/537.36 (KHTML, like Gecko) Mobile Safari/537.36 (compatible; PetalBot;+https://webmaster.petalsearch.com/site/petalbot)"
66.249.71.129 - - [10/Jan/2026:10:26:17 +0700] "GET /shop/page/20/?orderby=price&per_page=18 HTTP/1.1" 200 34515 "-" "Mozilla/5.0 (Linux; Android 6.0.1; Nexus 5X Build/MMB29P) AppleWebKit/537.36 (KHTML, like Gecko) Chrome/143.0.7499.192 Mobile Safari/537.36 (compatible; Googlebot/2.1; +http://www.google.com/bot.html)"
103.131.51.123 - - [10/Jan/2026:10:27:15 +0700] "POST /wp-cron.php?doing_wp_cron=1768015635.4641098976135253906250 HTTP/1.1" 200 474 "-" "WordPress/6.9; https://view.lotushomemade.com"
66.249.70.97 - - [10/Jan/2026:10:27:13 +0700] "GET /portfolio/a-lacus-bibendum-pulvinar/?add-to-cart=8250 HTTP/1.1" 200 32470 "-" "Mozilla/5.0 (Linux; Android 6.0.1; Nexus 5X Build/MMB29P) AppleWebKit/537.36 (KHTML, like Gecko) Chrome/143.0.7499.192 Mobile Safari/537.36 (compatible; Googlebot/2.1; +http://www.google.com/bot.html)"
66.249.70.97 - - [10/Jan/2026:10:27:19 +0700] "GET /wp-content/uploads/elementor/css/post-503.css?ver=1707366777 HTTP/1.1" 200 1079 "https://view.lotushomemade.com/portfolio/a-lacus-bibendum-pulvinar/?add-to-cart=8250" "Mozilla/5.0 (Linux; Android 6.0.1; Nexus 5X Build/MMB29P) AppleWebKit/537.36 (KHTML, like Gecko) Chrome/143.0.7499.169 Mobile Safari/537.36 (compatible; Googlebot/2.1; +http://www.google.com/bot.html)"
66.249.70.98 - - [10/Jan/2026:10:27:21 +0700] "GET /wp-content/themes/woodmart/js/scripts/global/stickyColumn.min.js?ver=7.2.5 HTTP/1.1" 200 958 "https://view.lotushomemade.com/portfolio/a-lacus-bibendum-pulvinar/?add-to-cart=8250" "Mozilla/5.0 (Linux; Android 6.0.1; Nexus 5X Build/MMB29P) AppleWebKit/537.36 (KHTML, like Gecko) Chrome/143.0.7499.169 Mobile Safari/537.36 (compatible; Googlebot/2.1; +http://www.google.com/bot.html)"
66.249.71.130 - - [10/Jan/2026:10:27:22 +0700] "GET /shop/page/2/?add-to-cart=17191 HTTP/1.1" 200 35169 "-" "Mozilla/5.0 (Linux; Android 6.0.1; Nexus 5X Build/MMB29P) AppleWebKit/537.36 (KHTML, like Gecko) Chrome/143.0.7499.192 Mobile Safari/537.36 (compatible; Googlebot/2.1; +http://www.google.com/bot.html)"
114.119.149.78 - - [10/Jan/2026:10:27:22 +0700] "GET /shop/page/32/?max_price=1050&stock_status=onsale&shop_view=grid&per_row=4 HTTP/1.1" 200 40203 "https://view.lotushomemade.com/shop/page/3/?max_price=1050&stock_status=onsale&shop_view=grid&per_row=4" "Mozilla/5.0 (Linux; Android 7.0;) AppleWebKit/537.36 (KHTML, like Gecko) Mobile Safari/537.36 (compatible; PetalBot;+https://webmaster.petalsearch.com/site/petalbot)"
103.131.51.123 - - [10/Jan/2026:10:28:50 +0700] "POST /wp-cron.php?doing_wp_cron=1768015730.4884929656982421875000 HTTP/1.1" 200 474 "-" "WordPress/6.9; https://view.lotushomemade.com"
114.119.130.97 - - [10/Jan/2026:10:28:46 +0700] "GET /shop/page/32/?max_price=1040&per_row=4&shop_view=grid&per_page=8 HTTP/1.1" 200 39885 "https://view.lotushomemade.com/shop/page/31/?max_price=1040&per_row=4&shop_view=grid&per_page=8" "Mozilla/5.0 (Linux; Android 7.0;) AppleWebKit/537.36 (KHTML, like Gecko) Mobile Safari/537.36 (compatible; PetalBot;+https://webmaster.petalsearch.com/site/petalbot)"
103.131.51.123 - - [10/Jan/2026:10:30:12 +0700] "POST /wp-cron.php?doing_wp_cron=1768015812.7341709136962890625000 HTTP/1.1" 200 474 "-" "WordPress/6.9; https://view.lotushomemade.com"
114.119.149.78 - - [10/Jan/2026:10:30:10 +0700] "GET /shop/page/31?orderby=rating&per_row=6&shop_view=grid&stock_status=instock HTTP/1.1" 301 627 "https://view.lotushomemade.com/shop?orderby=rating&per_row=6&shop_view=grid&stock_status=instock" "Mozilla/5.0 (Linux; Android 7.0;) AppleWebKit/537.36 (KHTML, like Gecko) Mobile Safari/537.36 (compatible; PetalBot;+https://webmaster.petalsearch.com/site/petalbot)"
114.119.149.78 - - [10/Jan/2026:10:30:12 +0700] "GET /shop/page/31/?orderby=rating&per_row=6&shop_view=grid&stock_status=instock HTTP/1.1" 200 39990 "https://view.lotushomemade.com/shop?orderby=rating&per_row=6&shop_view=grid&stock_status=instock" "Mozilla/5.0 (Linux; Android 7.0;) AppleWebKit/537.36 (KHTML, like Gecko) Mobile Safari/537.36 (compatible; PetalBot;+https://webmaster.petalsearch.com/site/petalbot)"
103.131.51.123 - - [10/Jan/2026:10:30:56 +0700] "POST /wp-cron.php?doing_wp_cron=1768015856.0134239196777343750000 HTTP/1.1" 200 474 "-" "WordPress/6.9; https://view.lotushomemade.com"
66.249.71.129 - - [10/Jan/2026:10:30:54 +0700] "GET /shop/page/27/?add-to-cart=1127 HTTP/1.1" 200 34826 "-" "Mozilla/5.0 (Linux; Android 6.0.1; Nexus 5X Build/MMB29P) AppleWebKit/537.36 (KHTML, like Gecko) Chrome/143.0.7499.192 Mobile Safari/537.36 (compatible; Googlebot/2.1; +http://www.google.com/bot.html)"
103.131.51.123 - - [10/Jan/2026:10:31:35 +0700] "POST /wp-cron.php?doing_wp_cron=1768015895.1467800140380859375000 HTTP/1.1" 200 474 "-" "WordPress/6.9; https://view.lotushomemade.com"
114.119.130.97 - - [10/Jan/2026:10:31:34 +0700] "GET /shop/page/31?orderby=price-desc&per_row=2&shop_view=grid&stock_status=instock,onsale HTTP/1.1" 301 640 "https://view.lotushomemade.com/shop/?orderby=price-desc&per_row=2&shop_view=grid&stock_status=instock%2Consale" "Mozilla/5.0 (Linux; Android 7.0;) AppleWebKit/537.36 (KHTML, like Gecko) Mobile Safari/537.36 (compatible; PetalBot;+https://webmaster.petalsearch.com/site/petalbot)"
114.119.130.97 - - [10/Jan/2026:10:31:36 +0700] "GET /shop/page/31/?orderby=price-desc&per_row=2&shop_view=grid&stock_status=instock,onsale HTTP/1.1" 301 640 "https://view.lotushomemade.com/shop/?orderby=price-desc&per_row=2&shop_view=grid&stock_status=instock%2Consale" "Mozilla/5.0 (Linux; Android 7.0;) AppleWebKit/537.36 (KHTML, like Gecko) Mobile Safari/537.36 (compatible; PetalBot;+https://webmaster.petalsearch.com/site/petalbot)"
114.119.130.97 - - [10/Jan/2026:10:31:36 +0700] "GET /shop/page/31/?orderby=price-desc&per_row=2&shop_view=grid&stock_status=instock,onsale HTTP/1.1" 301 640 "https://view.lotushomemade.com/shop/?orderby=price-desc&per_row=2&shop_view=grid&stock_status=instock%2Consale" "Mozilla/5.0 (Linux; Android 7.0;) AppleWebKit/537.36 (KHTML, like Gecko) Mobile Safari/537.36 (compatible; PetalBot;+https://webmaster.petalsearch.com/site/petalbot)"
114.119.130.97 - - [10/Jan/2026:10:31:36 +0700] "GET /shop/page/31/?orderby=price-desc&per_row=2&shop_view=grid&stock_status=instock,onsale HTTP/1.1" 301 640 "https://view.lotushomemade.com/shop/?orderby=price-desc&per_row=2&shop_view=grid&stock_status=instock%2Consale" "Mozilla/5.0 (Linux; Android 7.0;) AppleWebKit/537.36 (KHTML, like Gecko) Mobile Safari/537.36 (compatible; PetalBot;+https://webmaster.petalsearch.com/site/petalbot)"
114.119.130.97 - - [10/Jan/2026:10:31:37 +0700] "GET /shop/page/31/?orderby=price-desc&per_row=2&shop_view=grid&stock_status=instock,onsale HTTP/1.1" 301 640 "https://view.lotushomemade.com/shop/?orderby=price-desc&per_row=2&shop_view=grid&stock_status=instock%2Consale" "Mozilla/5.0 (Linux; Android 7.0;) AppleWebKit/537.36 (KHTML, like Gecko) Mobile Safari/537.36 (compatible; PetalBot;+https://webmaster.petalsearch.com/site/petalbot)"
114.119.130.97 - - [10/Jan/2026:10:31:37 +0700] "GET /shop/page/31/?orderby=price-desc&per_row=2&shop_view=grid&stock_status=instock,onsale HTTP/1.1" 301 640 "https://view.lotushomemade.com/shop/?orderby=price-desc&per_row=2&shop_view=grid&stock_status=instock%2Consale" "Mozilla/5.0 (Linux; Android 7.0;) AppleWebKit/537.36 (KHTML, like Gecko) Mobile Safari/537.36 (compatible; PetalBot;+https://webmaster.petalsearch.com/site/petalbot)"
114.119.130.97 - - [10/Jan/2026:10:31:38 +0700] "GET /shop/page/31/?orderby=price-desc&per_row=2&shop_view=grid&stock_status=instock,onsale HTTP/1.1" 301 640 "https://view.lotushomemade.com/shop/?orderby=price-desc&per_row=2&shop_view=grid&stock_status=instock%2Consale" "Mozilla/5.0 (Linux; Android 7.0;) AppleWebKit/537.36 (KHTML, like Gecko) Mobile Safari/537.36 (compatible; PetalBot;+https://webmaster.petalsearch.com/site/petalbot)"
114.119.130.97 - - [10/Jan/2026:10:31:39 +0700] "GET /shop/page/31/?orderby=price-desc&per_row=2&shop_view=grid&stock_status=instock,onsale HTTP/1.1" 301 640 "https://view.lotushomemade.com/shop/?orderby=price-desc&per_row=2&shop_view=grid&stock_status=instock%2Consale" "Mozilla/5.0 (Linux; Android 7.0;) AppleWebKit/537.36 (KHTML, like Gecko) Mobile Safari/537.36 (compatible; PetalBot;+https://webmaster.petalsearch.com/site/petalbot)"
114.119.130.97 - - [10/Jan/2026:10:31:39 +0700] "GET /shop/page/31/?orderby=price-desc&per_row=2&shop_view=grid&stock_status=instock,onsale HTTP/1.1" 301 640 "https://view.lotushomemade.com/shop/?orderby=price-desc&per_row=2&shop_view=grid&stock_status=instock%2Consale" "Mozilla/5.0 (Linux; Android 7.0;) AppleWebKit/537.36 (KHTML, like Gecko) Mobile Safari/537.36 (compatible; PetalBot;+https://webmaster.petalsearch.com/site/petalbot)"
114.119.130.97 - - [10/Jan/2026:10:31:40 +0700] "GET /shop/page/31/?orderby=price-desc&per_row=2&shop_view=grid&stock_status=instock,onsale HTTP/1.1" 301 640 "https://view.lotushomemade.com/shop/?orderby=price-desc&per_row=2&shop_view=grid&stock_status=instock%2Consale" "Mozilla/5.0 (Linux; Android 7.0;) AppleWebKit/537.36 (KHTML, like Gecko) Mobile Safari/537.36 (compatible; PetalBot;+https://webmaster.petalsearch.com/site/petalbot)"
103.131.51.123 - - [10/Jan/2026:10:32:57 +0700] "POST /wp-cron.php?doing_wp_cron=1768015977.9542150497436523437500 HTTP/1.1" 200 474 "-" "WordPress/6.9; https://view.lotushomemade.com"
47.128.56.212 - - [10/Jan/2026:10:32:54 +0700] "GET /product/honey-bahulu_55s-gold-tin/ HTTP/2" 200 35686 "-" "Mozilla/5.0 (Linux; Android 5.0) AppleWebKit/537.36 (KHTML, like Gecko) Mobile Safari/537.36 (compatible; Bytespider; spider-feedback@bytedance.com)"
114.119.148.197 - - [10/Jan/2026:10:32:58 +0700] "GET /shop/page/31?min_price=0&stock_status=instock,onsale&per_row=2&shop_view=grid HTTP/1.1" 301 633 "https://view.lotushomemade.com/shop?min_price=0&stock_status=instock%2Consale&per_row=2&shop_view=grid" "Mozilla/5.0 (Linux; Android 7.0;) AppleWebKit/537.36 (KHTML, like Gecko) Mobile Safari/537.36 (compatible; PetalBot;+https://webmaster.petalsearch.com/site/petalbot)"
114.119.148.197 - - [10/Jan/2026:10:32:58 +0700] "GET /shop/page/31/?min_price=0&stock_status=instock,onsale&per_row=2&shop_view=grid HTTP/1.1" 301 633 "https://view.lotushomemade.com/shop?min_price=0&stock_status=instock%2Consale&per_row=2&shop_view=grid" "Mozilla/5.0 (Linux; Android 7.0;) AppleWebKit/537.36 (KHTML, like Gecko) Mobile Safari/537.36 (compatible; PetalBot;+https://webmaster.petalsearch.com/site/petalbot)"
114.119.148.197 - - [10/Jan/2026:10:32:59 +0700] "GET /shop/page/31/?min_price=0&stock_status=instock,onsale&per_row=2&shop_view=grid HTTP/1.1" 301 633 "https://view.lotushomemade.com/shop?min_price=0&stock_status=instock%2Consale&per_row=2&shop_view=grid" "Mozilla/5.0 (Linux; Android 7.0;) AppleWebKit/537.36 (KHTML, like Gecko) Mobile Safari/537.36 (compatible; PetalBot;+https://webmaster.petalsearch.com/site/petalbot)"
47.128.56.212 - - [10/Jan/2026:10:32:59 +0700] "GET /wp-content/uploads/2023/10/5007.png HTTP/2" 206 500 "https://view.lotushomemade.com/product/honey-bahulu_55s-gold-tin/" "Mozilla/5.0 (Linux; Android 5.0) AppleWebKit/537.36 (KHTML, like Gecko) Mobile Safari/537.36 (compatible; Bytespider; spider-feedback@bytedance.com)"
47.128.56.212 - - [10/Jan/2026:10:32:59 +0700] "GET /wp-content/uploads/2023/10/5010.png HTTP/2" 206 500 "https://view.lotushomemade.com/product/honey-bahulu_55s-gold-tin/" "Mozilla/5.0 (Linux; Android 5.0) AppleWebKit/537.36 (KHTML, like Gecko) Mobile Safari/537.36 (compatible; Bytespider; spider-feedback@bytedance.com)"
47.128.56.212 - - [10/Jan/2026:10:33:00 +0700] "GET /wp-content/uploads/2023/10/5011.png HTTP/2" 206 500 "https://view.lotushomemade.com/product/honey-bahulu_55s-gold-tin/" "Mozilla/5.0 (Linux; Android 5.0) AppleWebKit/537.36 (KHTML, like Gecko) Mobile Safari/537.36 (compatible; Bytespider; spider-feedback@bytedance.com)"
114.119.148.197 - - [10/Jan/2026:10:32:59 +0700] "GET /shop/page/31/?min_price=0&stock_status=instock,onsale&per_row=2&shop_view=grid HTTP/1.1" 301 633 "https://view.lotushomemade.com/shop?min_price=0&stock_status=instock%2Consale&per_row=2&shop_view=grid" "Mozilla/5.0 (Linux; Android 7.0;) AppleWebKit/537.36 (KHTML, like Gecko) Mobile Safari/537.36 (compatible; PetalBot;+https://webmaster.petalsearch.com/site/petalbot)"
114.119.148.197 - - [10/Jan/2026:10:33:00 +0700] "GET /shop/page/31/?min_price=0&stock_status=instock,onsale&per_row=2&shop_view=grid HTTP/1.1" 301 633 "https://view.lotushomemade.com/shop?min_price=0&stock_status=instock%2Consale&per_row=2&shop_view=grid" "Mozilla/5.0 (Linux; Android 7.0;) AppleWebKit/537.36 (KHTML, like Gecko) Mobile Safari/537.36 (compatible; PetalBot;+https://webmaster.petalsearch.com/site/petalbot)"
114.119.148.197 - - [10/Jan/2026:10:33:00 +0700] "GET /shop/page/31/?min_price=0&stock_status=instock,onsale&per_row=2&shop_view=grid HTTP/1.1" 301 633 "https://view.lotushomemade.com/shop?min_price=0&stock_status=instock%2Consale&per_row=2&shop_view=grid" "Mozilla/5.0 (Linux; Android 7.0;) AppleWebKit/537.36 (KHTML, like Gecko) Mobile Safari/537.36 (compatible; PetalBot;+https://webmaster.petalsearch.com/site/petalbot)"
114.119.148.197 - - [10/Jan/2026:10:33:01 +0700] "GET /shop/page/31/?min_price=0&stock_status=instock,onsale&per_row=2&shop_view=grid HTTP/1.1" 301 633 "https://view.lotushomemade.com/shop?min_price=0&stock_status=instock%2Consale&per_row=2&shop_view=grid" "Mozilla/5.0 (Linux; Android 7.0;) AppleWebKit/537.36 (KHTML, like Gecko) Mobile Safari/537.36 (compatible; PetalBot;+https://webmaster.petalsearch.com/site/petalbot)"
114.119.148.197 - - [10/Jan/2026:10:33:01 +0700] "GET /shop/page/31/?min_price=0&stock_status=instock,onsale&per_row=2&shop_view=grid HTTP/1.1" 301 633 "https://view.lotushomemade.com/shop?min_price=0&stock_status=instock%2Consale&per_row=2&shop_view=grid" "Mozilla/5.0 (Linux; Android 7.0;) AppleWebKit/537.36 (KHTML, like Gecko) Mobile Safari/537.36 (compatible; PetalBot;+https://webmaster.petalsearch.com/site/petalbot)"
114.119.148.197 - - [10/Jan/2026:10:33:02 +0700] "GET /shop/page/31/?min_price=0&stock_status=instock,onsale&per_row=2&shop_view=grid HTTP/1.1" 301 633 "https://view.lotushomemade.com/shop?min_price=0&stock_status=instock%2Consale&per_row=2&shop_view=grid" "Mozilla/5.0 (Linux; Android 7.0;) AppleWebKit/537.36 (KHTML, like Gecko) Mobile Safari/537.36 (compatible; PetalBot;+https://webmaster.petalsearch.com/site/petalbot)"
114.119.148.197 - - [10/Jan/2026:10:33:02 +0700] "GET /shop/page/31/?min_price=0&stock_status=instock,onsale&per_row=2&shop_view=grid HTTP/1.1" 301 633 "https://view.lotushomemade.com/shop?min_price=0&stock_status=instock%2Consale&per_row=2&shop_view=grid" "Mozilla/5.0 (Linux; Android 7.0;) AppleWebKit/537.36 (KHTML, like Gecko) Mobile Safari/537.36 (compatible; PetalBot;+https://webmaster.petalsearch.com/site/petalbot)"
103.131.51.123 - - [10/Jan/2026:10:34:23 +0700] "POST /wp-cron.php?doing_wp_cron=1768016063.6366329193115234375000 HTTP/1.1" 200 474 "-" "WordPress/6.9; https://view.lotushomemade.com"
114.119.150.215 - - [10/Jan/2026:10:34:21 +0700] "GET /shop/page/31?min_price=0&max_price=260 HTTP/1.1" 301 504 "https://view.lotushomemade.com/shop?min_price=0&max_price=260" "Mozilla/5.0 (Linux; Android 7.0;) AppleWebKit/537.36 (KHTML, like Gecko) Mobile Safari/537.36 (compatible; PetalBot;+https://webmaster.petalsearch.com/site/petalbot)"
114.119.150.215 - - [10/Jan/2026:10:34:24 +0700] "GET /shop/page/31/?min_price=0&max_price=260 HTTP/1.1" 200 40159 "https://view.lotushomemade.com/shop?min_price=0&max_price=260" "Mozilla/5.0 (Linux; Android 7.0;) AppleWebKit/537.36 (KHTML, like Gecko) Mobile Safari/537.36 (compatible; PetalBot;+https://webmaster.petalsearch.com/site/petalbot)"
103.131.51.123 - - [10/Jan/2026:10:35:48 +0700] "POST /wp-cron.php?doing_wp_cron=1768016148.6064910888671875000000 HTTP/1.1" 200 474 "-" "WordPress/6.9; https://view.lotushomemade.com"
114.119.149.78 - - [10/Jan/2026:10:35:44 +0700] "GET /shop/page/31/?stock_status=instock&per_row=2&shop_view=grid&per_page=8 HTTP/1.1" 200 39522 "https://view.lotushomemade.com/shop/page/32/?stock_status=instock&per_row=2&shop_view=grid&per_page=8" "Mozilla/5.0 (Linux; Android 7.0;) AppleWebKit/537.36 (KHTML, like Gecko) Mobile Safari/537.36 (compatible; PetalBot;+https://webmaster.petalsearch.com/site/petalbot)"
66.249.70.97 - - [10/Jan/2026:10:36:06 +0700] "GET /product/spicy-crabstick_mushroom_8118-l/?add-to-cart=964 HTTP/1.1" 200 38186 "-" "Mozilla/5.0 (Linux; Android 6.0.1; Nexus 5X Build/MMB29P) AppleWebKit/537.36 (KHTML, like Gecko) Chrome/143.0.7499.192 Mobile Safari/537.36 (compatible; Googlebot/2.1; +http://www.google.com/bot.html)"
66.249.71.130 - - [10/Jan/2026:10:36:17 +0700] "GET /wp-content/plugins/woocommerce/assets/js/frontend/woocommerce.min.js?ver=8.2.1 HTTP/1.1" 200 1310 "https://view.lotushomemade.com/product/spicy-crabstick_mushroom_8118-l/?add-to-cart=964" "Mozilla/5.0 (Linux; Android 6.0.1; Nexus 5X Build/MMB29P) AppleWebKit/537.36 (KHTML, like Gecko) Chrome/143.0.7499.169 Mobile Safari/537.36 (compatible; Googlebot/2.1; +http://www.google.com/bot.html)"
66.249.71.130 - - [10/Jan/2026:10:36:20 +0700] "POST /?wc-ajax=get_refreshed_fragments HTTP/1.1" 200 1541 "https://view.lotushomemade.com/product/spicy-crabstick_mushroom_8118-l/?add-to-cart=964" "Mozilla/5.0 (Linux; Android 6.0.1; Nexus 5X Build/MMB29P) AppleWebKit/537.36 (KHTML, like Gecko) Chrome/143.0.7499.169 Mobile Safari/537.36 (compatible; Googlebot/2.1; +http://www.google.com/bot.html)"
103.131.51.123 - - [10/Jan/2026:10:37:09 +0700] "POST /wp-cron.php?doing_wp_cron=1768016229.3334128856658935546875 HTTP/1.1" 200 474 "-" "WordPress/6.9; https://view.lotushomemade.com"
114.119.130.97 - - [10/Jan/2026:10:37:08 +0700] "GET /shop/page/31/?orderby=price-desc&stock_status=instock,onsale&shop_view=grid&per_row=6 HTTP/1.1" 301 640 "https://view.lotushomemade.com/shop?orderby=price-desc&stock_status=instock%2Consale&shop_view=grid&per_row=6" "Mozilla/5.0 (Linux; Android 7.0;) AppleWebKit/537.36 (KHTML, like Gecko) Mobile Safari/537.36 (compatible; PetalBot;+https://webmaster.petalsearch.com/site/petalbot)"
114.119.130.97 - - [10/Jan/2026:10:37:09 +0700] "GET /shop/page/31/?orderby=price-desc&stock_status=instock,onsale&shop_view=grid&per_row=6 HTTP/1.1" 301 640 "https://view.lotushomemade.com/shop?orderby=price-desc&stock_status=instock%2Consale&shop_view=grid&per_row=6" "Mozilla/5.0 (Linux; Android 7.0;) AppleWebKit/537.36 (KHTML, like Gecko) Mobile Safari/537.36 (compatible; PetalBot;+https://webmaster.petalsearch.com/site/petalbot)"
114.119.130.97 - - [10/Jan/2026:10:37:10 +0700] "GET /shop/page/31/?orderby=price-desc&stock_status=instock,onsale&shop_view=grid&per_row=6 HTTP/1.1" 301 640 "https://view.lotushomemade.com/shop?orderby=price-desc&stock_status=instock%2Consale&shop_view=grid&per_row=6" "Mozilla/5.0 (Linux; Android 7.0;) AppleWebKit/537.36 (KHTML, like Gecko) Mobile Safari/537.36 (compatible; PetalBot;+https://webmaster.petalsearch.com/site/petalbot)"
114.119.130.97 - - [10/Jan/2026:10:37:11 +0700] "GET /shop/page/31/?orderby=price-desc&stock_status=instock,onsale&shop_view=grid&per_row=6 HTTP/1.1" 301 640 "https://view.lotushomemade.com/shop?orderby=price-desc&stock_status=instock%2Consale&shop_view=grid&per_row=6" "Mozilla/5.0 (Linux; Android 7.0;) AppleWebKit/537.36 (KHTML, like Gecko) Mobile Safari/537.36 (compatible; PetalBot;+https://webmaster.petalsearch.com/site/petalbot)"
114.119.130.97 - - [10/Jan/2026:10:37:11 +0700] "GET /shop/page/31/?orderby=price-desc&stock_status=instock,onsale&shop_view=grid&per_row=6 HTTP/1.1" 301 640 "https://view.lotushomemade.com/shop?orderby=price-desc&stock_status=instock%2Consale&shop_view=grid&per_row=6" "Mozilla/5.0 (Linux; Android 7.0;) AppleWebKit/537.36 (KHTML, like Gecko) Mobile Safari/537.36 (compatible; PetalBot;+https://webmaster.petalsearch.com/site/petalbot)"
114.119.130.97 - - [10/Jan/2026:10:37:12 +0700] "GET /shop/page/31/?orderby=price-desc&stock_status=instock,onsale&shop_view=grid&per_row=6 HTTP/1.1" 301 640 "https://view.lotushomemade.com/shop?orderby=price-desc&stock_status=instock%2Consale&shop_view=grid&per_row=6" "Mozilla/5.0 (Linux; Android 7.0;) AppleWebKit/537.36 (KHTML, like Gecko) Mobile Safari/537.36 (compatible; PetalBot;+https://webmaster.petalsearch.com/site/petalbot)"
114.119.130.97 - - [10/Jan/2026:10:37:12 +0700] "GET /shop/page/31/?orderby=price-desc&stock_status=instock,onsale&shop_view=grid&per_row=6 HTTP/1.1" 301 640 "https://view.lotushomemade.com/shop?orderby=price-desc&stock_status=instock%2Consale&shop_view=grid&per_row=6" "Mozilla/5.0 (Linux; Android 7.0;) AppleWebKit/537.36 (KHTML, like Gecko) Mobile Safari/537.36 (compatible; PetalBot;+https://webmaster.petalsearch.com/site/petalbot)"
114.119.130.97 - - [10/Jan/2026:10:37:12 +0700] "GET /shop/page/31/?orderby=price-desc&stock_status=instock,onsale&shop_view=grid&per_row=6 HTTP/1.1" 301 640 "https://view.lotushomemade.com/shop?orderby=price-desc&stock_status=instock%2Consale&shop_view=grid&per_row=6" "Mozilla/5.0 (Linux; Android 7.0;) AppleWebKit/537.36 (KHTML, like Gecko) Mobile Safari/537.36 (compatible; PetalBot;+https://webmaster.petalsearch.com/site/petalbot)"
114.119.130.97 - - [10/Jan/2026:10:37:13 +0700] "GET /shop/page/31/?orderby=price-desc&stock_status=instock,onsale&shop_view=grid&per_row=6 HTTP/1.1" 301 640 "https://view.lotushomemade.com/shop?orderby=price-desc&stock_status=instock%2Consale&shop_view=grid&per_row=6" "Mozilla/5.0 (Linux; Android 7.0;) AppleWebKit/537.36 (KHTML, like Gecko) Mobile Safari/537.36 (compatible; PetalBot;+https://webmaster.petalsearch.com/site/petalbot)"
114.119.130.97 - - [10/Jan/2026:10:37:13 +0700] "GET /shop/page/31/?orderby=price-desc&stock_status=instock,onsale&shop_view=grid&per_row=6 HTTP/1.1" 301 640 "https://view.lotushomemade.com/shop?orderby=price-desc&stock_status=instock%2Consale&shop_view=grid&per_row=6" "Mozilla/5.0 (Linux; Android 7.0;) AppleWebKit/537.36 (KHTML, like Gecko) Mobile Safari/537.36 (compatible; PetalBot;+https://webmaster.petalsearch.com/site/petalbot)"
103.131.51.123 - - [10/Jan/2026:10:38:36 +0700] "POST /wp-cron.php?doing_wp_cron=1768016315.9745209217071533203125 HTTP/1.1" 200 474 "-" "WordPress/6.9; https://view.lotushomemade.com"
114.119.156.27 - - [10/Jan/2026:10:38:32 +0700] "GET /shop/page/31/?orderby=date&per_row=2&shop_view=grid&stock_status=onsale HTTP/1.1" 200 40464 "https://view.lotushomemade.com/shop/page/2?orderby=date&per_row=2&shop_view=grid&stock_status=onsale" "Mozilla/5.0 (Linux; Android 7.0;) AppleWebKit/537.36 (KHTML, like Gecko) Mobile Safari/537.36 (compatible; PetalBot;+https://webmaster.petalsearch.com/site/petalbot)"
103.131.51.123 - - [10/Jan/2026:10:40:02 +0700] "POST /wp-cron.php?doing_wp_cron=1768016402.9510140419006347656250 HTTP/1.1" 200 474 "-" "WordPress/6.9; https://view.lotushomemade.com"
114.119.148.197 - - [10/Jan/2026:10:39:59 +0700] "GET /shop/page/31/?orderby=date HTTP/1.1" 200 40213 "https://view.lotushomemade.com/shop/page/25/?orderby=date" "Mozilla/5.0 (Linux; Android 7.0;) AppleWebKit/537.36 (KHTML, like Gecko) Mobile Safari/537.36 (compatible; PetalBot;+https://webmaster.petalsearch.com/site/petalbot)"
103.131.51.123 - - [10/Jan/2026:10:41:23 +0700] "POST /wp-cron.php?doing_wp_cron=1768016483.4069840908050537109375 HTTP/1.1" 200 474 "-" "WordPress/6.9; https://view.lotushomemade.com"
114.119.130.97 - - [10/Jan/2026:10:41:19 +0700] "GET /shop/page/31/?min_price=0&per_page=8&shop_view=grid&per_row=2 HTTP/1.1" 200 39473 "https://view.lotushomemade.com/shop/page/33/?min_price=0&per_page=8&shop_view=grid&per_row=2" "Mozilla/5.0 (Linux; Android 7.0;) AppleWebKit/537.36 (KHTML, like Gecko) Mobile Safari/537.36 (compatible; PetalBot;+https://webmaster.petalsearch.com/site/petalbot)"
103.131.51.123 - - [10/Jan/2026:10:42:47 +0700] "POST /wp-cron.php?doing_wp_cron=1768016567.0372209548950195312500 HTTP/1.1" 200 474 "-" "WordPress/6.9; https://view.lotushomemade.com"
114.119.149.78 - - [10/Jan/2026:10:42:43 +0700] "GET /shop/page/31/?max_price=780&shop_view=grid&per_row=6 HTTP/1.1" 200 40226 "https://view.lotushomemade.com/shop/page/4?max_price=780&shop_view=grid&per_row=6" "Mozilla/5.0 (Linux; Android 7.0;) AppleWebKit/537.36 (KHTML, like Gecko) Mobile Safari/537.36 (compatible; PetalBot;+https://webmaster.petalsearch.com/site/petalbot)"
103.131.51.123 - - [10/Jan/2026:10:44:10 +0700] "POST /wp-cron.php?doing_wp_cron=1768016650.6422879695892333984375 HTTP/1.1" 200 474 "-" "WordPress/6.9; https://view.lotushomemade.com"
114.119.145.110 - - [10/Jan/2026:10:44:08 +0700] "GET /shop/page/31/?max_price=1040&per_row=6&shop_view=grid&stock_status=instock,onsale HTTP/1.1" 301 636 "https://view.lotushomemade.com/shop?max_price=1040&per_row=6&shop_view=grid&stock_status=instock%2Consale" "Mozilla/5.0 (Linux; Android 7.0;) AppleWebKit/537.36 (KHTML, like Gecko) Mobile Safari/537.36 (compatible; PetalBot;+https://webmaster.petalsearch.com/site/petalbot)"
114.119.145.110 - - [10/Jan/2026:10:44:10 +0700] "GET /shop/page/31/?max_price=1040&per_row=6&shop_view=grid&stock_status=instock,onsale HTTP/1.1" 301 636 "https://view.lotushomemade.com/shop?max_price=1040&per_row=6&shop_view=grid&stock_status=instock%2Consale" "Mozilla/5.0 (Linux; Android 7.0;) AppleWebKit/537.36 (KHTML, like Gecko) Mobile Safari/537.36 (compatible; PetalBot;+https://webmaster.petalsearch.com/site/petalbot)"
114.119.145.110 - - [10/Jan/2026:10:44:11 +0700] "GET /shop/page/31/?max_price=1040&per_row=6&shop_view=grid&stock_status=instock,onsale HTTP/1.1" 301 636 "https://view.lotushomemade.com/shop?max_price=1040&per_row=6&shop_view=grid&stock_status=instock%2Consale" "Mozilla/5.0 (Linux; Android 7.0;) AppleWebKit/537.36 (KHTML, like Gecko) Mobile Safari/537.36 (compatible; PetalBot;+https://webmaster.petalsearch.com/site/petalbot)"
114.119.145.110 - - [10/Jan/2026:10:44:11 +0700] "GET /shop/page/31/?max_price=1040&per_row=6&shop_view=grid&stock_status=instock,onsale HTTP/1.1" 301 636 "https://view.lotushomemade.com/shop?max_price=1040&per_row=6&shop_view=grid&stock_status=instock%2Consale" "Mozilla/5.0 (Linux; Android 7.0;) AppleWebKit/537.36 (KHTML, like Gecko) Mobile Safari/537.36 (compatible; PetalBot;+https://webmaster.petalsearch.com/site/petalbot)"
114.119.145.110 - - [10/Jan/2026:10:44:12 +0700] "GET /shop/page/31/?max_price=1040&per_row=6&shop_view=grid&stock_status=instock,onsale HTTP/1.1" 301 636 "https://view.lotushomemade.com/shop?max_price=1040&per_row=6&shop_view=grid&stock_status=instock%2Consale" "Mozilla/5.0 (Linux; Android 7.0;) AppleWebKit/537.36 (KHTML, like Gecko) Mobile Safari/537.36 (compatible; PetalBot;+https://webmaster.petalsearch.com/site/petalbot)"
114.119.145.110 - - [10/Jan/2026:10:44:12 +0700] "GET /shop/page/31/?max_price=1040&per_row=6&shop_view=grid&stock_status=instock,onsale HTTP/1.1" 301 636 "https://view.lotushomemade.com/shop?max_price=1040&per_row=6&shop_view=grid&stock_status=instock%2Consale" "Mozilla/5.0 (Linux; Android 7.0;) AppleWebKit/537.36 (KHTML, like Gecko) Mobile Safari/537.36 (compatible; PetalBot;+https://webmaster.petalsearch.com/site/petalbot)"
114.119.145.110 - - [10/Jan/2026:10:44:13 +0700] "GET /shop/page/31/?max_price=1040&per_row=6&shop_view=grid&stock_status=instock,onsale HTTP/1.1" 301 636 "https://view.lotushomemade.com/shop?max_price=1040&per_row=6&shop_view=grid&stock_status=instock%2Consale" "Mozilla/5.0 (Linux; Android 7.0;) AppleWebKit/537.36 (KHTML, like Gecko) Mobile Safari/537.36 (compatible; PetalBot;+https://webmaster.petalsearch.com/site/petalbot)"
114.119.145.110 - - [10/Jan/2026:10:44:13 +0700] "GET /shop/page/31/?max_price=1040&per_row=6&shop_view=grid&stock_status=instock,onsale HTTP/1.1" 301 636 "https://view.lotushomemade.com/shop?max_price=1040&per_row=6&shop_view=grid&stock_status=instock%2Consale" "Mozilla/5.0 (Linux; Android 7.0;) AppleWebKit/537.36 (KHTML, like Gecko) Mobile Safari/537.36 (compatible; PetalBot;+https://webmaster.petalsearch.com/site/petalbot)"
114.119.145.110 - - [10/Jan/2026:10:44:14 +0700] "GET /shop/page/31/?max_price=1040&per_row=6&shop_view=grid&stock_status=instock,onsale HTTP/1.1" 301 636 "https://view.lotushomemade.com/shop?max_price=1040&per_row=6&shop_view=grid&stock_status=instock%2Consale" "Mozilla/5.0 (Linux; Android 7.0;) AppleWebKit/537.36 (KHTML, like Gecko) Mobile Safari/537.36 (compatible; PetalBot;+https://webmaster.petalsearch.com/site/petalbot)"
114.119.145.110 - - [10/Jan/2026:10:44:14 +0700] "GET /shop/page/31/?max_price=1040&per_row=6&shop_view=grid&stock_status=instock,onsale HTTP/1.1" 301 636 "https://view.lotushomemade.com/shop?max_price=1040&per_row=6&shop_view=grid&stock_status=instock%2Consale" "Mozilla/5.0 (Linux; Android 7.0;) AppleWebKit/537.36 (KHTML, like Gecko) Mobile Safari/537.36 (compatible; PetalBot;+https://webmaster.petalsearch.com/site/petalbot)"
103.131.51.123 - - [10/Jan/2026:10:44:57 +0700] "POST /wp-cron.php?doing_wp_cron=1768016697.5133700370788574218750 HTTP/1.1" 200 474 "-" "WordPress/6.9; https://view.lotushomemade.com"
47.128.19.27 - - [10/Jan/2026:10:44:55 +0700] "GET /product/cheese-flower-cookies-l/ HTTP/2" 200 35984 "-" "Mozilla/5.0 (Linux; Android 5.0) AppleWebKit/537.36 (KHTML, like Gecko) Mobile Safari/537.36 (compatible; Bytespider; spider-feedback@bytedance.com)"
47.128.19.27 - - [10/Jan/2026:10:44:59 +0700] "GET /wp-content/uploads/2023/11/1077-430x430.png HTTP/2" 206 500 "https://view.lotushomemade.com/product/cheese-flower-cookies-l/" "Mozilla/5.0 (Linux; Android 5.0) AppleWebKit/537.36 (KHTML, like Gecko) Mobile Safari/537.36 (compatible; Bytespider; spider-feedback@bytedance.com)"
47.128.19.27 - - [10/Jan/2026:10:44:59 +0700] "GET /wp-content/uploads/2023/10/1088_1.png HTTP/2" 206 500 "https://view.lotushomemade.com/product/cheese-flower-cookies-l/" "Mozilla/5.0 (Linux; Android 5.0) AppleWebKit/537.36 (KHTML, like Gecko) Mobile Safari/537.36 (compatible; Bytespider; spider-feedback@bytedance.com)"
47.128.19.27 - - [10/Jan/2026:10:44:59 +0700] "GET /wp-content/uploads/2023/10/1012.png HTTP/2" 206 500 "https://view.lotushomemade.com/product/cheese-flower-cookies-l/" "Mozilla/5.0 (Linux; Android 5.0) AppleWebKit/537.36 (KHTML, like Gecko) Mobile Safari/537.36 (compatible; Bytespider; spider-feedback@bytedance.com)"
114.119.148.197 - - [10/Jan/2026:10:45:30 +0700] "GET /shop/page/31/?max_price=1040&per_page=12 HTTP/1.1" 200 40185 "https://view.lotushomemade.com/shop/page/30/?max_price=1040&per_page=12" "Mozilla/5.0 (Linux; Android 7.0;) AppleWebKit/537.36 (KHTML, like Gecko) Mobile Safari/537.36 (compatible; PetalBot;+https://webmaster.petalsearch.com/site/petalbot)"
103.131.51.123 - - [10/Jan/2026:10:46:56 +0700] "POST /wp-cron.php?doing_wp_cron=1768016816.6831209659576416015625 HTTP/1.1" 200 474 "-" "WordPress/6.9; https://view.lotushomemade.com"
114.119.151.206 - - [10/Jan/2026:10:46:54 +0700] "GET /shop/page/30?orderby=popularity&stock_status=onsale&per_row=4&shop_view=grid HTTP/1.1" 301 630 "https://view.lotushomemade.com/shop/page/16/?orderby=popularity&stock_status=onsale&per_row=4&shop_view=grid" "Mozilla/5.0 (Linux; Android 7.0;) AppleWebKit/537.36 (KHTML, like Gecko) Mobile Safari/537.36 (compatible; PetalBot;+https://webmaster.petalsearch.com/site/petalbot)"
114.119.151.206 - - [10/Jan/2026:10:46:56 +0700] "GET /shop/page/30/?orderby=popularity&stock_status=onsale&per_row=4&shop_view=grid HTTP/1.1" 200 39415 "https://view.lotushomemade.com/shop/page/16/?orderby=popularity&stock_status=onsale&per_row=4&shop_view=grid" "Mozilla/5.0 (Linux; Android 7.0;) AppleWebKit/537.36 (KHTML, like Gecko) Mobile Safari/537.36 (compatible; PetalBot;+https://webmaster.petalsearch.com/site/petalbot)"
103.131.51.123 - - [10/Jan/2026:10:48:21 +0700] "POST /wp-cron.php?doing_wp_cron=1768016901.0680840015411376953125 HTTP/1.1" 200 474 "-" "WordPress/6.9; https://view.lotushomemade.com"
114.119.148.197 - - [10/Jan/2026:10:48:18 +0700] "GET /shop/page/30?orderby=date&stock_status=onsale&per_row=6&shop_view=grid HTTP/1.1" 301 624 "https://view.lotushomemade.com/shop/page/17/?orderby=date&stock_status=onsale&per_row=6&shop_view=grid" "Mozilla/5.0 (Linux; Android 7.0;) AppleWebKit/537.36 (KHTML, like Gecko) Mobile Safari/537.36 (compatible; PetalBot;+https://webmaster.petalsearch.com/site/petalbot)"
114.119.148.197 - - [10/Jan/2026:10:48:21 +0700] "GET /shop/page/30/?orderby=date&stock_status=onsale&per_row=6&shop_view=grid HTTP/1.1" 200 39798 "https://view.lotushomemade.com/shop/page/17/?orderby=date&stock_status=onsale&per_row=6&shop_view=grid" "Mozilla/5.0 (Linux; Android 7.0;) AppleWebKit/537.36 (KHTML, like Gecko) Mobile Safari/537.36 (compatible; PetalBot;+https://webmaster.petalsearch.com/site/petalbot)"
103.131.51.123 - - [10/Jan/2026:10:48:56 +0700] "POST /wp-cron.php?doing_wp_cron=1768016936.7549710273742675781250 HTTP/1.1" 200 474 "-" "WordPress/6.9; https://view.lotushomemade.com"
47.128.44.43 - - [10/Jan/2026:10:48:55 +0700] "GET /product-category/traditional-cookies-series/100-vegan-traditional-cookies-series/?per_page=24 HTTP/2" 200 32934 "-" "Mozilla/5.0 (Linux; Android 5.0) AppleWebKit/537.36 (KHTML, like Gecko) Mobile Safari/537.36 (compatible; Bytespider; spider-feedback@bytedance.com)"
47.128.44.43 - - [10/Jan/2026:10:48:57 +0700] "GET /wp-content/themes/woodmart/css/parts/header-boxed.min.css?ver=7.2.5 HTTP/2" 200 226 "https://view.lotushomemade.com/product-category/traditional-cookies-series/100-vegan-traditional-cookies-series/?per_page=24" "Mozilla/5.0 (Linux; Android 5.0) AppleWebKit/537.36 (KHTML, like Gecko) Mobile Safari/537.36 (compatible; Bytespider; spider-feedback@bytedance.com)"
47.128.44.43 - - [10/Jan/2026:10:48:57 +0700] "GET /wp-content/themes/woodmart/css/parts/opt-widget-collapse.min.css?ver=7.2.5 HTTP/2" 200 349 "https://view.lotushomemade.com/product-category/traditional-cookies-series/100-vegan-traditional-cookies-series/?per_page=24" "Mozilla/5.0 (Linux; Android 5.0) AppleWebKit/537.36 (KHTML, like Gecko) Mobile Safari/537.36 (compatible; Bytespider; spider-feedback@bytedance.com)"
47.128.44.43 - - [10/Jan/2026:10:48:57 +0700] "GET /wp-content/themes/woodmart/css/parts/woo-widget-active-filters.min.css?ver=7.2.5 HTTP/2" 200 161 "https://view.lotushomemade.com/product-category/traditional-cookies-series/100-vegan-traditional-cookies-series/?per_page=24" "Mozilla/5.0 (Linux; Android 5.0) AppleWebKit/537.36 (KHTML, like Gecko) Mobile Safari/537.36 (compatible; Bytespider; spider-feedback@bytedance.com)"
47.128.44.43 - - [10/Jan/2026:10:48:57 +0700] "GET /wp-content/themes/woodmart/css/parts/woo-shop-opt-shop-ajax.min.css?ver=7.2.5 HTTP/2" 200 164 "https://view.lotushomemade.com/product-category/traditional-cookies-series/100-vegan-traditional-cookies-series/?per_page=24" "Mozilla/5.0 (Linux; Android 5.0) AppleWebKit/537.36 (KHTML, like Gecko) Mobile Safari/537.36 (compatible; Bytespider; spider-feedback@bytedance.com)"
47.128.44.43 - - [10/Jan/2026:10:48:57 +0700] "GET /wp-content/themes/woodmart/css/parts/woo-shop-predefined.min.css?ver=7.2.5 HTTP/2" 200 278 "https://view.lotushomemade.com/product-category/traditional-cookies-series/100-vegan-traditional-cookies-series/?per_page=24" "Mozilla/5.0 (Linux; Android 5.0) AppleWebKit/537.36 (KHTML, like Gecko) Mobile Safari/537.36 (compatible; Bytespider; spider-feedback@bytedance.com)"
47.128.44.43 - - [10/Jan/2026:10:48:57 +0700] "GET /wp-content/themes/woodmart/css/parts/woo-categories-loop-nav.min.css?ver=7.2.5 HTTP/2" 200 412 "https://view.lotushomemade.com/product-category/traditional-cookies-series/100-vegan-traditional-cookies-series/?per_page=24" "Mozilla/5.0 (Linux; Android 5.0) AppleWebKit/537.36 (KHTML, like Gecko) Mobile Safari/537.36 (compatible; Bytespider; spider-feedback@bytedance.com)"
47.128.44.43 - - [10/Jan/2026:10:48:57 +0700] "GET /wp-content/themes/woodmart/css/parts/woo-shop-el-products-per-page.min.css?ver=7.2.5 HTTP/2" 200 201 "https://view.lotushomemade.com/product-category/traditional-cookies-series/100-vegan-traditional-cookies-series/?per_page=24" "Mozilla/5.0 (Linux; Android 5.0) AppleWebKit/537.36 (KHTML, like Gecko) Mobile Safari/537.36 (compatible; Bytespider; spider-feedback@bytedance.com)"
47.128.44.43 - - [10/Jan/2026:10:48:57 +0700] "GET /wp-content/themes/woodmart/css/parts/woo-categories-loop-nav-mobile-accordion.min.css?ver=7.2.5 HTTP/2" 200 382 "https://view.lotushomemade.com/product-category/traditional-cookies-series/100-vegan-traditional-cookies-series/?per_page=24" "Mozilla/5.0 (Linux; Android 5.0) AppleWebKit/537.36 (KHTML, like Gecko) Mobile Safari/537.36 (compatible; Bytespider; spider-feedback@bytedance.com)"
47.128.44.43 - - [10/Jan/2026:10:48:57 +0700] "GET /wp-content/themes/woodmart/css/parts/woo-mod-shop-loop-head.min.css?ver=7.2.5 HTTP/2" 200 194 "https://view.lotushomemade.com/product-category/traditional-cookies-series/100-vegan-traditional-cookies-series/?per_page=24" "Mozilla/5.0 (Linux; Android 5.0) AppleWebKit/537.36 (KHTML, like Gecko) Mobile Safari/537.36 (compatible; Bytespider; spider-feedback@bytedance.com)"
47.128.44.43 - - [10/Jan/2026:10:48:57 +0700] "GET /wp-content/themes/woodmart/css/parts/woo-shop-page-title.min.css?ver=7.2.5 HTTP/2" 200 221 "https://view.lotushomemade.com/product-category/traditional-cookies-series/100-vegan-traditional-cookies-series/?per_page=24" "Mozilla/5.0 (Linux; Android 5.0) AppleWebKit/537.36 (KHTML, like Gecko) Mobile Safari/537.36 (compatible; Bytespider; spider-feedback@bytedance.com)"
47.128.44.43 - - [10/Jan/2026:10:48:57 +0700] "GET /wp-content/themes/woodmart/css/parts/woo-shop-el-order-by.min.css?ver=7.2.5 HTTP/2" 200 422 "https://view.lotushomemade.com/product-category/traditional-cookies-series/100-vegan-traditional-cookies-series/?per_page=24" "Mozilla/5.0 (Linux; Android 5.0) AppleWebKit/537.36 (KHTML, like Gecko) Mobile Safari/537.36 (compatible; Bytespider; spider-feedback@bytedance.com)"
47.128.44.43 - - [10/Jan/2026:10:48:57 +0700] "GET /wp-content/themes/woodmart/css/parts/woo-shop-el-products-view.min.css?ver=7.2.5 HTTP/2" 200 210 "https://view.lotushomemade.com/product-category/traditional-cookies-series/100-vegan-traditional-cookies-series/?per_page=24" "Mozilla/5.0 (Linux; Android 5.0) AppleWebKit/537.36 (KHTML, like Gecko) Mobile Safari/537.36 (compatible; Bytespider; spider-feedback@bytedance.com)"
47.128.44.43 - - [10/Jan/2026:10:48:57 +0700] "GET /wp-content/themes/woodmart/css/parts/woo-shop-el-filters-area.min.css?ver=7.2.5 HTTP/2" 200 281 "https://view.lotushomemade.com/product-category/traditional-cookies-series/100-vegan-traditional-cookies-series/?per_page=24" "Mozilla/5.0 (Linux; Android 5.0) AppleWebKit/537.36 (KHTML, like Gecko) Mobile Safari/537.36 (compatible; Bytespider; spider-feedback@bytedance.com)"
47.128.44.43 - - [10/Jan/2026:10:48:57 +0700] "GET /wp-content/themes/woodmart/css/parts/woo-mod-swatches-style-1.min.css?ver=7.2.5 HTTP/2" 200 309 "https://view.lotushomemade.com/product-category/traditional-cookies-series/100-vegan-traditional-cookies-series/?per_page=24" "Mozilla/5.0 (Linux; Android 5.0) AppleWebKit/537.36 (KHTML, like Gecko) Mobile Safari/537.36 (compatible; Bytespider; spider-feedback@bytedance.com)"
47.128.44.43 - - [10/Jan/2026:10:48:57 +0700] "GET /wp-content/themes/woodmart/css/parts/mod-sticky-loader.min.css?ver=7.2.5 HTTP/2" 200 207 "https://view.lotushomemade.com/product-category/traditional-cookies-series/100-vegan-traditional-cookies-series/?per_page=24" "Mozilla/5.0 (Linux; Android 5.0) AppleWebKit/537.36 (KHTML, like Gecko) Mobile Safari/537.36 (compatible; Bytespider; spider-feedback@bytedance.com)"
47.128.44.43 - - [10/Jan/2026:10:48:57 +0700] "GET /wp-content/themes/woodmart/css/parts/woo-categories-loop-mask-subcat.min.css?ver=7.2.5 HTTP/2" 200 305 "https://view.lotushomemade.com/product-category/traditional-cookies-series/100-vegan-traditional-cookies-series/?per_page=24" "Mozilla/5.0 (Linux; Android 5.0) AppleWebKit/537.36 (KHTML, like Gecko) Mobile Safari/537.36 (compatible; Bytespider; spider-feedback@bytedance.com)"
47.128.44.43 - - [10/Jan/2026:10:48:57 +0700] "GET /wp-content/themes/woodmart/css/parts/el-banner.min.css?ver=7.2.5 HTTP/2" 200 608 "https://view.lotushomemade.com/product-category/traditional-cookies-series/100-vegan-traditional-cookies-series/?per_page=24" "Mozilla/5.0 (Linux; Android 5.0) AppleWebKit/537.36 (KHTML, like Gecko) Mobile Safari/537.36 (compatible; Bytespider; spider-feedback@bytedance.com)"
47.128.44.43 - - [10/Jan/2026:10:48:57 +0700] "GET /wp-content/themes/woodmart/css/parts/woo-categories-loop.min.css?ver=7.2.5 HTTP/2" 200 207 "https://view.lotushomemade.com/product-category/traditional-cookies-series/100-vegan-traditional-cookies-series/?per_page=24" "Mozilla/5.0 (Linux; Android 5.0) AppleWebKit/537.36 (KHTML, like Gecko) Mobile Safari/537.36 (compatible; Bytespider; spider-feedback@bytedance.com)"
47.128.44.43 - - [10/Jan/2026:10:48:57 +0700] "GET /wp-content/themes/woodmart/css/parts/el-banner-hover-zoom.min.css?ver=7.2.5 HTTP/2" 200 139 "https://view.lotushomemade.com/product-category/traditional-cookies-series/100-vegan-traditional-cookies-series/?per_page=24" "Mozilla/5.0 (Linux; Android 5.0) AppleWebKit/537.36 (KHTML, like Gecko) Mobile Safari/537.36 (compatible; Bytespider; spider-feedback@bytedance.com)"
47.128.44.43 - - [10/Jan/2026:10:48:57 +0700] "GET /wp-content/themes/woodmart/css/parts/mod-sticky-sidebar-opener.min.css?ver=7.2.5 HTTP/2" 200 191 "https://view.lotushomemade.com/product-category/traditional-cookies-series/100-vegan-traditional-cookies-series/?per_page=24" "Mozilla/5.0 (Linux; Android 5.0) AppleWebKit/537.36 (KHTML, like Gecko) Mobile Safari/537.36 (compatible; Bytespider; spider-feedback@bytedance.com)"
47.128.44.43 - - [10/Jan/2026:10:48:57 +0700] "GET /wp-content/uploads/2023/11/xts-header_545660-1699227189.css?ver=7.2.5 HTTP/2" 200 518 "https://view.lotushomemade.com/product-category/traditional-cookies-series/100-vegan-traditional-cookies-series/?per_page=24" "Mozilla/5.0 (Linux; Android 5.0) AppleWebKit/537.36 (KHTML, like Gecko) Mobile Safari/537.36 (compatible; Bytespider; spider-feedback@bytedance.com)"
47.128.44.43 - - [10/Jan/2026:10:48:58 +0700] "GET /wp-content/uploads/elementor/css/post-730.css?ver=1707262485 HTTP/2" 200 141 "https://view.lotushomemade.com/product-category/traditional-cookies-series/100-vegan-traditional-cookies-series/?per_page=24" "Mozilla/5.0 (Linux; Android 5.0) AppleWebKit/537.36 (KHTML, like Gecko) Mobile Safari/537.36 (compatible; Bytespider; spider-feedback@bytedance.com)"
47.128.44.43 - - [10/Jan/2026:10:48:58 +0700] "GET /wp-content/uploads/2023/11/1096-300x300.png HTTP/2" 206 500 "https://view.lotushomemade.com/product-category/traditional-cookies-series/100-vegan-traditional-cookies-series/?per_page=24" "Mozilla/5.0 (Linux; Android 5.0) AppleWebKit/537.36 (KHTML, like Gecko) Mobile Safari/537.36 (compatible; Bytespider; spider-feedback@bytedance.com)"
47.128.44.43 - - [10/Jan/2026:10:48:58 +0700] "GET /wp-content/uploads/2023/10/1037-300x300.png HTTP/2" 206 500 "https://view.lotushomemade.com/product-category/traditional-cookies-series/100-vegan-traditional-cookies-series/?per_page=24" "Mozilla/5.0 (Linux; Android 5.0) AppleWebKit/537.36 (KHTML, like Gecko) Mobile Safari/537.36 (compatible; Bytespider; spider-feedback@bytedance.com)"
47.128.44.43 - - [10/Jan/2026:10:48:58 +0700] "GET /wp-content/uploads/2023/10/1021-V.png HTTP/2" 206 500 "https://view.lotushomemade.com/product-category/traditional-cookies-series/100-vegan-traditional-cookies-series/?per_page=24" "Mozilla/5.0 (Linux; Android 5.0) AppleWebKit/537.36 (KHTML, like Gecko) Mobile Safari/537.36 (compatible; Bytespider; spider-feedback@bytedance.com)"
47.128.44.43 - - [10/Jan/2026:10:48:58 +0700] "GET /wp-content/uploads/2023/10/1035_1-300x300.png HTTP/2" 206 500 "https://view.lotushomemade.com/product-category/traditional-cookies-series/100-vegan-traditional-cookies-series/?per_page=24" "Mozilla/5.0 (Linux; Android 5.0) AppleWebKit/537.36 (KHTML, like Gecko) Mobile Safari/537.36 (compatible; Bytespider; spider-feedback@bytedance.com)"
47.128.44.43 - - [10/Jan/2026:10:48:58 +0700] "GET /wp-content/uploads/2023/10/1036-300x300.png HTTP/2" 206 500 "https://view.lotushomemade.com/product-category/traditional-cookies-series/100-vegan-traditional-cookies-series/?per_page=24" "Mozilla/5.0 (Linux; Android 5.0) AppleWebKit/537.36 (KHTML, like Gecko) Mobile Safari/537.36 (compatible; Bytespider; spider-feedback@bytedance.com)"
47.128.44.43 - - [10/Jan/2026:10:48:58 +0700] "GET /wp-content/uploads/2023/11/1041-300x300.png HTTP/2" 206 500 "https://view.lotushomemade.com/product-category/traditional-cookies-series/100-vegan-traditional-cookies-series/?per_page=24" "Mozilla/5.0 (Linux; Android 5.0) AppleWebKit/537.36 (KHTML, like Gecko) Mobile Safari/537.36 (compatible; Bytespider; spider-feedback@bytedance.com)"
47.128.44.43 - - [10/Jan/2026:10:48:58 +0700] "GET /wp-content/uploads/2023/11/1095-300x300.png HTTP/2" 206 500 "https://view.lotushomemade.com/product-category/traditional-cookies-series/100-vegan-traditional-cookies-series/?per_page=24" "Mozilla/5.0 (Linux; Android 5.0) AppleWebKit/537.36 (KHTML, like Gecko) Mobile Safari/537.36 (compatible; Bytespider; spider-feedback@bytedance.com)"
47.128.44.43 - - [10/Jan/2026:10:48:58 +0700] "GET /wp-content/uploads/2023/11/1043-300x300.png HTTP/2" 206 500 "https://view.lotushomemade.com/product-category/traditional-cookies-series/100-vegan-traditional-cookies-series/?per_page=24" "Mozilla/5.0 (Linux; Android 5.0) AppleWebKit/537.36 (KHTML, like Gecko) Mobile Safari/537.36 (compatible; Bytespider; spider-feedback@bytedance.com)"
47.128.44.43 - - [10/Jan/2026:10:48:58 +0700] "GET /wp-content/uploads/2023/11/1040-300x300.png HTTP/2" 206 500 "https://view.lotushomemade.com/product-category/traditional-cookies-series/100-vegan-traditional-cookies-series/?per_page=24" "Mozilla/5.0 (Linux; Android 5.0) AppleWebKit/537.36 (KHTML, like Gecko) Mobile Safari/537.36 (compatible; Bytespider; spider-feedback@bytedance.com)"
47.128.44.43 - - [10/Jan/2026:10:48:58 +0700] "GET /wp-content/uploads/2023/11/1070-300x300.png HTTP/2" 206 500 "https://view.lotushomemade.com/product-category/traditional-cookies-series/100-vegan-traditional-cookies-series/?per_page=24" "Mozilla/5.0 (Linux; Android 5.0) AppleWebKit/537.36 (KHTML, like Gecko) Mobile Safari/537.36 (compatible; Bytespider; spider-feedback@bytedance.com)"
47.128.44.43 - - [10/Jan/2026:10:48:58 +0700] "GET /wp-content/uploads/2021/08/Size_2012-400x143.jpg HTTP/2" 206 500 "https://view.lotushomemade.com/product-category/traditional-cookies-series/100-vegan-traditional-cookies-series/?per_page=24" "Mozilla/5.0 (Linux; Android 5.0) AppleWebKit/537.36 (KHTML, like Gecko) Mobile Safari/537.36 (compatible; Bytespider; spider-feedback@bytedance.com)"
47.128.44.43 - - [10/Jan/2026:10:48:58 +0700] "GET /wp-content/uploads/2023/11/sweet-bakery-LOTUS.jpg HTTP/2" 404 184004 "https://view.lotushomemade.com/wp-content/uploads/2023/11/xts-theme_settings_default-1699280424.css?ver=7.2.5" "Mozilla/5.0 (Linux; Android 5.0) AppleWebKit/537.36 (KHTML, like Gecko) Mobile Safari/537.36 (compatible; Bytespider; spider-feedback@bytedance.com)"
103.131.51.123 - - [10/Jan/2026:10:49:42 +0700] "POST /wp-cron.php?doing_wp_cron=1768016982.1024560928344726562500 HTTP/1.1" 200 474 "-" "WordPress/6.9; https://view.lotushomemade.com"
114.119.145.110 - - [10/Jan/2026:10:49:41 +0700] "GET /shop/page/30/?orderby=price&stock_status=instock,onsale&per_page=12 HTTP/1.1" 301 580 "https://view.lotushomemade.com/shop?orderby=price&stock_status=instock%2Consale&per_page=12" "Mozilla/5.0 (Linux; Android 7.0;) AppleWebKit/537.36 (KHTML, like Gecko) Mobile Safari/537.36 (compatible; PetalBot;+https://webmaster.petalsearch.com/site/petalbot)"
114.119.145.110 - - [10/Jan/2026:10:49:42 +0700] "GET /shop/page/30/?orderby=price&stock_status=instock,onsale&per_page=12 HTTP/1.1" 301 580 "https://view.lotushomemade.com/shop?orderby=price&stock_status=instock%2Consale&per_page=12" "Mozilla/5.0 (Linux; Android 7.0;) AppleWebKit/537.36 (KHTML, like Gecko) Mobile Safari/537.36 (compatible; PetalBot;+https://webmaster.petalsearch.com/site/petalbot)"
114.119.145.110 - - [10/Jan/2026:10:49:43 +0700] "GET /shop/page/30/?orderby=price&stock_status=instock,onsale&per_page=12 HTTP/1.1" 301 580 "https://view.lotushomemade.com/shop?orderby=price&stock_status=instock%2Consale&per_page=12" "Mozilla/5.0 (Linux; Android 7.0;) AppleWebKit/537.36 (KHTML, like Gecko) Mobile Safari/537.36 (compatible; PetalBot;+https://webmaster.petalsearch.com/site/petalbot)"
114.119.145.110 - - [10/Jan/2026:10:49:43 +0700] "GET /shop/page/30/?orderby=price&stock_status=instock,onsale&per_page=12 HTTP/1.1" 301 580 "https://view.lotushomemade.com/shop?orderby=price&stock_status=instock%2Consale&per_page=12" "Mozilla/5.0 (Linux; Android 7.0;) AppleWebKit/537.36 (KHTML, like Gecko) Mobile Safari/537.36 (compatible; PetalBot;+https://webmaster.petalsearch.com/site/petalbot)"
114.119.145.110 - - [10/Jan/2026:10:49:44 +0700] "GET /shop/page/30/?orderby=price&stock_status=instock,onsale&per_page=12 HTTP/1.1" 301 580 "https://view.lotushomemade.com/shop?orderby=price&stock_status=instock%2Consale&per_page=12" "Mozilla/5.0 (Linux; Android 7.0;) AppleWebKit/537.36 (KHTML, like Gecko) Mobile Safari/537.36 (compatible; PetalBot;+https://webmaster.petalsearch.com/site/petalbot)"
