114.119.149.78 - - [10/Jan/2026:14:20:23 +0700] "GET /shop/page/2/?orderby=popularity&stock_status=instock,onsale&per_row=2&shop_view=grid HTTP/1.1" 301 639 "https://view.lotushomemade.com/shop?orderby=popularity&stock_status=instock%2Consale&per_row=2&shop_view=grid" "Mozilla/5.0 (Linux; Android 7.0;) AppleWebKit/537.36 (KHTML, like Gecko) Mobile Safari/537.36 (compatible; PetalBot;+https://webmaster.petalsearch.com/site/petalbot)"
114.119.149.78 - - [10/Jan/2026:14:20:23 +0700] "GET /shop/page/2/?orderby=popularity&stock_status=instock,onsale&per_row=2&shop_view=grid HTTP/1.1" 301 639 "https://view.lotushomemade.com/shop?orderby=popularity&stock_status=instock%2Consale&per_row=2&shop_view=grid" "Mozilla/5.0 (Linux; Android 7.0;) AppleWebKit/537.36 (KHTML, like Gecko) Mobile Safari/537.36 (compatible; PetalBot;+https://webmaster.petalsearch.com/site/petalbot)"
103.131.51.123 - - [10/Jan/2026:14:21:43 +0700] "POST /wp-cron.php?doing_wp_cron=1768029703.5613210201263427734375 HTTP/1.1" 200 474 "-" "WordPress/6.9; https://view.lotushomemade.com"
114.119.150.215 - - [10/Jan/2026:14:21:41 +0700] "GET /shop/page/2/?orderby=date&stock_status=instock,onsale&per_row=6&shop_view=grid HTTP/1.1" 301 633 "https://view.lotushomemade.com/shop?orderby=date&stock_status=instock%2Consale&per_row=6&shop_view=grid" "Mozilla/5.0 (Linux; Android 7.0;) AppleWebKit/537.36 (KHTML, like Gecko) Mobile Safari/537.36 (compatible; PetalBot;+https://webmaster.petalsearch.com/site/petalbot)"
114.119.150.215 - - [10/Jan/2026:14:21:44 +0700] "GET /shop/page/2/?orderby=date&stock_status=instock,onsale&per_row=6&shop_view=grid HTTP/1.1" 301 633 "https://view.lotushomemade.com/shop?orderby=date&stock_status=instock%2Consale&per_row=6&shop_view=grid" "Mozilla/5.0 (Linux; Android 7.0;) AppleWebKit/537.36 (KHTML, like Gecko) Mobile Safari/537.36 (compatible; PetalBot;+https://webmaster.petalsearch.com/site/petalbot)"
114.119.150.215 - - [10/Jan/2026:14:21:44 +0700] "GET /shop/page/2/?orderby=date&stock_status=instock,onsale&per_row=6&shop_view=grid HTTP/1.1" 301 633 "https://view.lotushomemade.com/shop?orderby=date&stock_status=instock%2Consale&per_row=6&shop_view=grid" "Mozilla/5.0 (Linux; Android 7.0;) AppleWebKit/537.36 (KHTML, like Gecko) Mobile Safari/537.36 (compatible; PetalBot;+https://webmaster.petalsearch.com/site/petalbot)"
114.119.150.215 - - [10/Jan/2026:14:21:45 +0700] "GET /shop/page/2/?orderby=date&stock_status=instock,onsale&per_row=6&shop_view=grid HTTP/1.1" 301 633 "https://view.lotushomemade.com/shop?orderby=date&stock_status=instock%2Consale&per_row=6&shop_view=grid" "Mozilla/5.0 (Linux; Android 7.0;) AppleWebKit/537.36 (KHTML, like Gecko) Mobile Safari/537.36 (compatible; PetalBot;+https://webmaster.petalsearch.com/site/petalbot)"
114.119.150.215 - - [10/Jan/2026:14:21:46 +0700] "GET /shop/page/2/?orderby=date&stock_status=instock,onsale&per_row=6&shop_view=grid HTTP/1.1" 301 633 "https://view.lotushomemade.com/shop?orderby=date&stock_status=instock%2Consale&per_row=6&shop_view=grid" "Mozilla/5.0 (Linux; Android 7.0;) AppleWebKit/537.36 (KHTML, like Gecko) Mobile Safari/537.36 (compatible; PetalBot;+https://webmaster.petalsearch.com/site/petalbot)"
114.119.150.215 - - [10/Jan/2026:14:21:48 +0700] "GET /shop/page/2/?orderby=date&stock_status=instock,onsale&per_row=6&shop_view=grid HTTP/1.1" 301 633 "https://view.lotushomemade.com/shop?orderby=date&stock_status=instock%2Consale&per_row=6&shop_view=grid" "Mozilla/5.0 (Linux; Android 7.0;) AppleWebKit/537.36 (KHTML, like Gecko) Mobile Safari/537.36 (compatible; PetalBot;+https://webmaster.petalsearch.com/site/petalbot)"
114.119.150.215 - - [10/Jan/2026:14:21:50 +0700] "GET /shop/page/2/?orderby=date&stock_status=instock,onsale&per_row=6&shop_view=grid HTTP/1.1" 301 633 "https://view.lotushomemade.com/shop?orderby=date&stock_status=instock%2Consale&per_row=6&shop_view=grid" "Mozilla/5.0 (Linux; Android 7.0;) AppleWebKit/537.36 (KHTML, like Gecko) Mobile Safari/537.36 (compatible; PetalBot;+https://webmaster.petalsearch.com/site/petalbot)"
114.119.150.215 - - [10/Jan/2026:14:21:52 +0700] "GET /shop/page/2/?orderby=date&stock_status=instock,onsale&per_row=6&shop_view=grid HTTP/1.1" 301 633 "https://view.lotushomemade.com/shop?orderby=date&stock_status=instock%2Consale&per_row=6&shop_view=grid" "Mozilla/5.0 (Linux; Android 7.0;) AppleWebKit/537.36 (KHTML, like Gecko) Mobile Safari/537.36 (compatible; PetalBot;+https://webmaster.petalsearch.com/site/petalbot)"
114.119.150.215 - - [10/Jan/2026:14:21:53 +0700] "GET /shop/page/2/?orderby=date&stock_status=instock,onsale&per_row=6&shop_view=grid HTTP/1.1" 301 633 "https://view.lotushomemade.com/shop?orderby=date&stock_status=instock%2Consale&per_row=6&shop_view=grid" "Mozilla/5.0 (Linux; Android 7.0;) AppleWebKit/537.36 (KHTML, like Gecko) Mobile Safari/537.36 (compatible; PetalBot;+https://webmaster.petalsearch.com/site/petalbot)"
114.119.150.215 - - [10/Jan/2026:14:21:53 +0700] "GET /shop/page/2/?orderby=date&stock_status=instock,onsale&per_row=6&shop_view=grid HTTP/1.1" 301 633 "https://view.lotushomemade.com/shop?orderby=date&stock_status=instock%2Consale&per_row=6&shop_view=grid" "Mozilla/5.0 (Linux; Android 7.0;) AppleWebKit/537.36 (KHTML, like Gecko) Mobile Safari/537.36 (compatible; PetalBot;+https://webmaster.petalsearch.com/site/petalbot)"
103.131.51.123 - - [10/Jan/2026:14:23:03 +0700] "POST /wp-cron.php?doing_wp_cron=1768029783.7848351001739501953125 HTTP/1.1" 200 474 "-" "WordPress/6.9; https://view.lotushomemade.com"
114.119.142.208 - - [10/Jan/2026:14:23:03 +0700] "GET /shop?orderby=price-desc&per_page=8&filter_brand=hss&stock_status=onsale HTTP/1.1" 301 582 "https://view.lotushomemade.com/shop/?orderby=price-desc&per_page=8&filter_brand=hss&stock_status=instock%2Consale" "Mozilla/5.0 (Linux; Android 7.0;) AppleWebKit/537.36 (KHTML, like Gecko) Mobile Safari/537.36 (compatible; PetalBot;+https://webmaster.petalsearch.com/site/petalbot)"
114.119.142.208 - - [10/Jan/2026:14:23:04 +0700] "GET /shop/?orderby=price-desc&per_page=8&filter_brand=hss&stock_status=onsale HTTP/1.1" 200 38761 "https://view.lotushomemade.com/shop/?orderby=price-desc&per_page=8&filter_brand=hss&stock_status=instock%2Consale" "Mozilla/5.0 (Linux; Android 7.0;) AppleWebKit/537.36 (KHTML, like Gecko) Mobile Safari/537.36 (compatible; PetalBot;+https://webmaster.petalsearch.com/site/petalbot)"
103.131.51.123 - - [10/Jan/2026:14:24:30 +0700] "POST /wp-cron.php?doing_wp_cron=1768029870.7866818904876708984375 HTTP/1.1" 200 474 "-" "WordPress/6.9; https://view.lotushomemade.com"
114.119.142.208 - - [10/Jan/2026:14:24:28 +0700] "GET /shop?max_price=520&per_row=2&shop_view=grid HTTP/1.1" 301 597 "https://view.lotushomemade.com/shop?max_price=520&per_row=2&shop_view=grid&stock_status=instock" "Mozilla/5.0 (Linux; Android 7.0;) AppleWebKit/537.36 (KHTML, like Gecko) Mobile Safari/537.36 (compatible; PetalBot;+https://webmaster.petalsearch.com/site/petalbot)"
114.119.142.208 - - [10/Jan/2026:14:24:30 +0700] "GET /shop/?max_price=520&per_row=2&shop_view=grid HTTP/1.1" 200 41276 "https://view.lotushomemade.com/shop?max_price=520&per_row=2&shop_view=grid&stock_status=instock" "Mozilla/5.0 (Linux; Android 7.0;) AppleWebKit/537.36 (KHTML, like Gecko) Mobile Safari/537.36 (compatible; PetalBot;+https://webmaster.petalsearch.com/site/petalbot)"
103.131.51.123 - - [10/Jan/2026:14:25:54 +0700] "POST /wp-cron.php?doing_wp_cron=1768029954.6795079708099365234375 HTTP/1.1" 200 474 "-" "WordPress/6.9; https://view.lotushomemade.com"
114.119.142.208 - - [10/Jan/2026:14:25:52 +0700] "GET /shop/page/9?max_price=520&per_row=6&shop_view=grid&per_page=18 HTTP/1.1" 301 662 "https://view.lotushomemade.com/shop/page/8?max_price=520&per_row=6&shop_view=grid&per_page=18" "Mozilla/5.0 (Linux; Android 7.0;) AppleWebKit/537.36 (KHTML, like Gecko) Mobile Safari/537.36 (compatible; PetalBot;+https://webmaster.petalsearch.com/site/petalbot)"
114.119.142.208 - - [10/Jan/2026:14:25:54 +0700] "GET /shop/page/9/?max_price=520&per_row=6&shop_view=grid&per_page=18 HTTP/1.1" 200 41456 "https://view.lotushomemade.com/shop/page/8?max_price=520&per_row=6&shop_view=grid&per_page=18" "Mozilla/5.0 (Linux; Android 7.0;) AppleWebKit/537.36 (KHTML, like Gecko) Mobile Safari/537.36 (compatible; PetalBot;+https://webmaster.petalsearch.com/site/petalbot)"
103.131.51.123 - - [10/Jan/2026:14:27:31 +0700] "POST /wp-cron.php?doing_wp_cron=1768030051.1642289161682128906250 HTTP/1.1" 200 474 "-" "WordPress/6.9; https://view.lotushomemade.com"
66.249.71.130 - - [10/Jan/2026:14:27:27 +0700] "GET /product/sou-mian_12-inch/?add-to-cart=8320 HTTP/1.1" 200 37895 "-" "Mozilla/5.0 (Linux; Android 6.0.1; Nexus 5X Build/MMB29P) AppleWebKit/537.36 (KHTML, like Gecko) Chrome/143.0.7499.192 Mobile Safari/537.36 (compatible; Googlebot/2.1; +http://www.google.com/bot.html)"
103.131.51.123 - - [10/Jan/2026:14:27:35 +0700] "POST /wp-cron.php?doing_wp_cron=1768030055.9646151065826416015625 HTTP/1.1" 200 474 "-" "WordPress/6.9; https://view.lotushomemade.com"
114.119.156.27 - - [10/Jan/2026:14:27:34 +0700] "GET /shop/page/7/?max_price=520&stock_status=instock&per_row=4&shop_view=grid HTTP/1.1" 200 40175 "https://view.lotushomemade.com/shop/page/6/?max_price=520&stock_status=instock&per_row=4&shop_view=grid" "Mozilla/5.0 (Linux; Android 7.0;) AppleWebKit/537.36 (KHTML, like Gecko) Mobile Safari/537.36 (compatible; PetalBot;+https://webmaster.petalsearch.com/site/petalbot)"
66.249.70.98 - - [10/Jan/2026:14:27:40 +0700] "GET /wp-content/plugins/elementor/assets/lib/waypoints/waypoints.min.js?ver=4.0.2 HTTP/1.1" 200 3495 "https://view.lotushomemade.com/product/sou-mian_12-inch/?add-to-cart=8320" "Mozilla/5.0 (Linux; Android 6.0.1; Nexus 5X Build/MMB29P) AppleWebKit/537.36 (KHTML, like Gecko) Chrome/143.0.7499.169 Mobile Safari/537.36 (compatible; Googlebot/2.1; +http://www.google.com/bot.html)"
66.249.70.97 - - [10/Jan/2026:14:27:48 +0700] "POST /?wc-ajax=get_refreshed_fragments HTTP/1.1" 200 1708 "https://view.lotushomemade.com/product/sou-mian_12-inch/?add-to-cart=8320" "Mozilla/5.0 (Linux; Android 6.0.1; Nexus 5X Build/MMB29P) AppleWebKit/537.36 (KHTML, like Gecko) Chrome/143.0.7499.169 Mobile Safari/537.36 (compatible; Googlebot/2.1; +http://www.google.com/bot.html)"
66.249.70.97 - - [10/Jan/2026:14:27:52 +0700] "GET /product/salted-egg-potato-chips-l/?add-to-cart=964 HTTP/1.1" 200 37917 "-" "Mozilla/5.0 (Linux; Android 6.0.1; Nexus 5X Build/MMB29P) AppleWebKit/537.36 (KHTML, like Gecko) Chrome/143.0.7499.192 Mobile Safari/537.36 (compatible; Googlebot/2.1; +http://www.google.com/bot.html)"
103.131.51.123 - - [10/Jan/2026:14:28:41 +0700] "POST /wp-cron.php?doing_wp_cron=1768030121.2087221145629882812500 HTTP/1.1" 200 474 "-" "WordPress/6.9; https://view.lotushomemade.com"
114.119.149.78 - - [10/Jan/2026:14:28:39 +0700] "GET /shop/page/5/?max_price=520&per_row=2&per_page=18&shop_view=grid HTTP/1.1" 200 41071 "https://view.lotushomemade.com/shop/page/7/?max_price=520&per_row=2&per_page=18&shop_view=grid" "Mozilla/5.0 (Linux; Android 7.0;) AppleWebKit/537.36 (KHTML, like Gecko) Mobile Safari/537.36 (compatible; PetalBot;+https://webmaster.petalsearch.com/site/petalbot)"
103.131.51.123 - - [10/Jan/2026:14:31:12 +0700] "POST /wp-cron.php?doing_wp_cron=1768030272.5899059772491455078125 HTTP/1.1" 200 474 "-" "WordPress/6.9; https://view.lotushomemade.com"
40.77.167.3 - - [10/Jan/2026:14:31:08 +0700] "GET /portfolio/imperdiet-mauris-a-nontin/ HTTP/2" 200 29584 "-" "Mozilla/5.0 AppleWebKit/537.36 (KHTML, like Gecko; compatible; bingbot/2.0; +http://www.bing.com/bingbot.htm) Chrome/116.0.1938.76 Safari/537.36"
114.119.150.215 - - [10/Jan/2026:14:31:16 +0700] "GET /shop/page/4?max_price=1050&per_row=2&per_page=8&shop_view=grid HTTP/1.1" 301 661 "-" "Mozilla/5.0 (Linux; Android 7.0;) AppleWebKit/537.36 (KHTML, like Gecko) Mobile Safari/537.36 (compatible; PetalBot;+https://webmaster.petalsearch.com/site/petalbot)"
114.119.150.215 - - [10/Jan/2026:14:31:16 +0700] "GET /shop/page/4/?max_price=1050&per_row=2&per_page=8&shop_view=grid HTTP/1.1" 200 39516 "-" "Mozilla/5.0 (Linux; Android 7.0;) AppleWebKit/537.36 (KHTML, like Gecko) Mobile Safari/537.36 (compatible; PetalBot;+https://webmaster.petalsearch.com/site/petalbot)"
103.131.51.123 - - [10/Jan/2026:14:32:46 +0700] "POST /wp-cron.php?doing_wp_cron=1768030366.9555439949035644531250 HTTP/1.1" 200 474 "-" "WordPress/6.9; https://view.lotushomemade.com"
57.141.2.68 - - [10/Jan/2026:14:32:43 +0700] "GET /shop/page/7/?add-to-cart=17131 HTTP/2" 200 238737 "-" "meta-externalagent/1.1 (+https://developers.facebook.com/docs/sharing/webmasters/crawler)"
103.131.51.123 - - [10/Jan/2026:14:33:46 +0700] "POST /wp-cron.php?doing_wp_cron=1768030426.3750829696655273437500 HTTP/1.1" 200 474 "-" "WordPress/6.9; https://view.lotushomemade.com"
114.119.142.208 - - [10/Jan/2026:14:33:44 +0700] "GET /shop/page/38/?per_page=8&shop_view=grid&per_row=6 HTTP/1.1" 200 39327 "https://view.lotushomemade.com/shop/page/40/?per_page=8&shop_view=grid&per_row=6" "Mozilla/5.0 (Linux; Android 7.0;) AppleWebKit/537.36 (KHTML, like Gecko) Mobile Safari/537.36 (compatible; PetalBot;+https://webmaster.petalsearch.com/site/petalbot)"
114.119.145.110 - - [10/Jan/2026:14:34:13 +0700] "GET /shop/page/31/?max_price=520&stock_status=instock,onsale&shop_view=grid&per_row=2 HTTP/1.1" 301 635 "https://view.lotushomemade.com/shop?max_price=520&stock_status=instock%2Consale&shop_view=grid&per_row=2" "Mozilla/5.0 (Linux; Android 7.0;) AppleWebKit/537.36 (KHTML, like Gecko) Mobile Safari/537.36 (compatible; PetalBot;+https://webmaster.petalsearch.com/site/petalbot)"
114.119.145.110 - - [10/Jan/2026:14:34:14 +0700] "GET /shop/page/31/?max_price=520&stock_status=instock,onsale&shop_view=grid&per_row=2 HTTP/1.1" 301 635 "https://view.lotushomemade.com/shop?max_price=520&stock_status=instock%2Consale&shop_view=grid&per_row=2" "Mozilla/5.0 (Linux; Android 7.0;) AppleWebKit/537.36 (KHTML, like Gecko) Mobile Safari/537.36 (compatible; PetalBot;+https://webmaster.petalsearch.com/site/petalbot)"
114.119.145.110 - - [10/Jan/2026:14:34:15 +0700] "GET /shop/page/31/?max_price=520&stock_status=instock,onsale&shop_view=grid&per_row=2 HTTP/1.1" 301 635 "https://view.lotushomemade.com/shop?max_price=520&stock_status=instock%2Consale&shop_view=grid&per_row=2" "Mozilla/5.0 (Linux; Android 7.0;) AppleWebKit/537.36 (KHTML, like Gecko) Mobile Safari/537.36 (compatible; PetalBot;+https://webmaster.petalsearch.com/site/petalbot)"
114.119.145.110 - - [10/Jan/2026:14:34:16 +0700] "GET /shop/page/31/?max_price=520&stock_status=instock,onsale&shop_view=grid&per_row=2 HTTP/1.1" 301 635 "https://view.lotushomemade.com/shop?max_price=520&stock_status=instock%2Consale&shop_view=grid&per_row=2" "Mozilla/5.0 (Linux; Android 7.0;) AppleWebKit/537.36 (KHTML, like Gecko) Mobile Safari/537.36 (compatible; PetalBot;+https://webmaster.petalsearch.com/site/petalbot)"
114.119.145.110 - - [10/Jan/2026:14:34:17 +0700] "GET /shop/page/31/?max_price=520&stock_status=instock,onsale&shop_view=grid&per_row=2 HTTP/1.1" 301 635 "https://view.lotushomemade.com/shop?max_price=520&stock_status=instock%2Consale&shop_view=grid&per_row=2" "Mozilla/5.0 (Linux; Android 7.0;) AppleWebKit/537.36 (KHTML, like Gecko) Mobile Safari/537.36 (compatible; PetalBot;+https://webmaster.petalsearch.com/site/petalbot)"
114.119.145.110 - - [10/Jan/2026:14:34:17 +0700] "GET /shop/page/31/?max_price=520&stock_status=instock,onsale&shop_view=grid&per_row=2 HTTP/1.1" 301 635 "https://view.lotushomemade.com/shop?max_price=520&stock_status=instock%2Consale&shop_view=grid&per_row=2" "Mozilla/5.0 (Linux; Android 7.0;) AppleWebKit/537.36 (KHTML, like Gecko) Mobile Safari/537.36 (compatible; PetalBot;+https://webmaster.petalsearch.com/site/petalbot)"
114.119.145.110 - - [10/Jan/2026:14:34:18 +0700] "GET /shop/page/31/?max_price=520&stock_status=instock,onsale&shop_view=grid&per_row=2 HTTP/1.1" 301 635 "https://view.lotushomemade.com/shop?max_price=520&stock_status=instock%2Consale&shop_view=grid&per_row=2" "Mozilla/5.0 (Linux; Android 7.0;) AppleWebKit/537.36 (KHTML, like Gecko) Mobile Safari/537.36 (compatible; PetalBot;+https://webmaster.petalsearch.com/site/petalbot)"
114.119.145.110 - - [10/Jan/2026:14:34:18 +0700] "GET /shop/page/31/?max_price=520&stock_status=instock,onsale&shop_view=grid&per_row=2 HTTP/1.1" 301 635 "https://view.lotushomemade.com/shop?max_price=520&stock_status=instock%2Consale&shop_view=grid&per_row=2" "Mozilla/5.0 (Linux; Android 7.0;) AppleWebKit/537.36 (KHTML, like Gecko) Mobile Safari/537.36 (compatible; PetalBot;+https://webmaster.petalsearch.com/site/petalbot)"
114.119.145.110 - - [10/Jan/2026:14:34:19 +0700] "GET /shop/page/31/?max_price=520&stock_status=instock,onsale&shop_view=grid&per_row=2 HTTP/1.1" 301 635 "https://view.lotushomemade.com/shop?max_price=520&stock_status=instock%2Consale&shop_view=grid&per_row=2" "Mozilla/5.0 (Linux; Android 7.0;) AppleWebKit/537.36 (KHTML, like Gecko) Mobile Safari/537.36 (compatible; PetalBot;+https://webmaster.petalsearch.com/site/petalbot)"
114.119.145.110 - - [10/Jan/2026:14:34:20 +0700] "GET /shop/page/31/?max_price=520&stock_status=instock,onsale&shop_view=grid&per_row=2 HTTP/1.1" 301 635 "https://view.lotushomemade.com/shop?max_price=520&stock_status=instock%2Consale&shop_view=grid&per_row=2" "Mozilla/5.0 (Linux; Android 7.0;) AppleWebKit/537.36 (KHTML, like Gecko) Mobile Safari/537.36 (compatible; PetalBot;+https://webmaster.petalsearch.com/site/petalbot)"
114.119.150.215 - - [10/Jan/2026:14:34:47 +0700] "GET /shop/page/3/?per_row=6&per_page=24&shop_view=grid&stock_status=instock HTTP/1.1" 200 42623 "https://view.lotushomemade.com/shop/page/8?per_row=6&per_page=24&shop_view=grid&stock_status=instock" "Mozilla/5.0 (Linux; Android 7.0;) AppleWebKit/537.36 (KHTML, like Gecko) Mobile Safari/537.36 (compatible; PetalBot;+https://webmaster.petalsearch.com/site/petalbot)"
103.131.51.123 - - [10/Jan/2026:14:35:53 +0700] "POST /wp-cron.php?doing_wp_cron=1768030553.6477239131927490234375 HTTP/1.1" 200 474 "-" "WordPress/6.9; https://view.lotushomemade.com"
114.119.145.110 - - [10/Jan/2026:14:35:52 +0700] "GET /shop/page/29/?stock_status=onsale&per_page=8&shop_view=grid&per_row=6 HTTP/1.1" 200 39506 "https://view.lotushomemade.com/shop/page/32/?stock_status=onsale&per_page=8&shop_view=grid&per_row=6" "Mozilla/5.0 (Linux; Android 7.0;) AppleWebKit/537.36 (KHTML, like Gecko) Mobile Safari/537.36 (compatible; PetalBot;+https://webmaster.petalsearch.com/site/petalbot)"
103.131.51.123 - - [10/Jan/2026:14:37:04 +0700] "POST /wp-cron.php?doing_wp_cron=1768030624.3118178844451904296875 HTTP/1.1" 200 474 "-" "WordPress/6.9; https://view.lotushomemade.com"
114.119.149.78 - - [10/Jan/2026:14:37:02 +0700] "GET /shop/page/29/?stock_status=onsale&per_page=8&shop_view=grid&per_row=2 HTTP/1.1" 200 39503 "https://view.lotushomemade.com/shop/page/27/?stock_status=onsale&per_page=8&shop_view=grid&per_row=2" "Mozilla/5.0 (Linux; Android 7.0;) AppleWebKit/537.36 (KHTML, like Gecko) Mobile Safari/537.36 (compatible; PetalBot;+https://webmaster.petalsearch.com/site/petalbot)"
103.131.51.123 - - [10/Jan/2026:14:38:06 +0700] "POST /wp-cron.php?doing_wp_cron=1768030686.5466320514678955078125 HTTP/1.1" 200 474 "-" "WordPress/6.9; https://view.lotushomemade.com"
66.249.71.130 - - [10/Jan/2026:14:38:05 +0700] "GET /shop/page/29/?add-to-cart=8340 HTTP/1.1" 200 34993 "-" "Mozilla/5.0 (Linux; Android 6.0.1; Nexus 5X Build/MMB29P) AppleWebKit/537.36 (KHTML, like Gecko) Chrome/143.0.7499.192 Mobile Safari/537.36 (compatible; Googlebot/2.1; +http://www.google.com/bot.html)"
103.131.51.123 - - [10/Jan/2026:14:38:33 +0700] "POST /wp-cron.php?doing_wp_cron=1768030713.7487258911132812500000 HTTP/1.1" 200 474 "-" "WordPress/6.9; https://view.lotushomemade.com"
114.119.156.27 - - [10/Jan/2026:14:38:32 +0700] "GET /shop/page/25/?stock_status=onsale&per_row=2&shop_view=grid&per_page=8 HTTP/1.1" 200 39283 "https://view.lotushomemade.com/shop/page/22/?stock_status=onsale&per_row=2&shop_view=grid&per_page=8" "Mozilla/5.0 (Linux; Android 7.0;) AppleWebKit/537.36 (KHTML, like Gecko) Mobile Safari/537.36 (compatible; PetalBot;+https://webmaster.petalsearch.com/site/petalbot)"
103.131.51.123 - - [10/Jan/2026:14:39:54 +0700] "POST /wp-cron.php?doing_wp_cron=1768030794.4020330905914306640625 HTTP/1.1" 200 474 "-" "WordPress/6.9; https://view.lotushomemade.com"
114.119.156.27 - - [10/Jan/2026:14:39:50 +0700] "GET /shop/page/25/?max_price=1040&per_row=2&per_page=8&shop_view=grid HTTP/1.1" 200 39429 "https://view.lotushomemade.com/shop/page/28/?max_price=1040&per_row=2&per_page=8&shop_view=grid" "Mozilla/5.0 (Linux; Android 7.0;) AppleWebKit/537.36 (KHTML, like Gecko) Mobile Safari/537.36 (compatible; PetalBot;+https://webmaster.petalsearch.com/site/petalbot)"
103.131.51.123 - - [10/Jan/2026:14:41:16 +0700] "POST /wp-cron.php?doing_wp_cron=1768030876.1369650363922119140625 HTTP/1.1" 200 474 "-" "WordPress/6.9; https://view.lotushomemade.com"
114.119.130.97 - - [10/Jan/2026:14:41:13 +0700] "GET /shop/page/20?orderby=rating&per_row=4&per_page=8&shop_view=grid HTTP/1.1" 301 662 "https://view.lotushomemade.com/shop/page/17/?orderby=rating&per_row=4&per_page=8&shop_view=grid" "Mozilla/5.0 (Linux; Android 7.0;) AppleWebKit/537.36 (KHTML, like Gecko) Mobile Safari/537.36 (compatible; PetalBot;+https://webmaster.petalsearch.com/site/petalbot)"
114.119.130.97 - - [10/Jan/2026:14:41:16 +0700] "GET /shop/page/20/?orderby=rating&per_row=4&per_page=8&shop_view=grid HTTP/1.1" 200 39318 "https://view.lotushomemade.com/shop/page/17/?orderby=rating&per_row=4&per_page=8&shop_view=grid" "Mozilla/5.0 (Linux; Android 7.0;) AppleWebKit/537.36 (KHTML, like Gecko) Mobile Safari/537.36 (compatible; PetalBot;+https://webmaster.petalsearch.com/site/petalbot)"
103.131.51.123 - - [10/Jan/2026:14:42:40 +0700] "POST /wp-cron.php?doing_wp_cron=1768030960.5095629692077636718750 HTTP/1.1" 200 474 "-" "WordPress/6.9; https://view.lotushomemade.com"
114.119.149.78 - - [10/Jan/2026:14:42:36 +0700] "GET /shop/page/20/?max_price=1040&per_page=12&shop_view=grid&per_row=6 HTTP/1.1" 200 40401 "https://view.lotushomemade.com/shop/page/21/?max_price=1040&per_page=12&shop_view=grid&per_row=6" "Mozilla/5.0 (Linux; Android 7.0;) AppleWebKit/537.36 (KHTML, like Gecko) Mobile Safari/537.36 (compatible; PetalBot;+https://webmaster.petalsearch.com/site/petalbot)"
103.131.51.123 - - [10/Jan/2026:14:44:04 +0700] "POST /wp-cron.php?doing_wp_cron=1768031044.6476600170135498046875 HTTP/1.1" 200 474 "-" "WordPress/6.9; https://view.lotushomemade.com"
114.119.145.110 - - [10/Jan/2026:14:44:01 +0700] "GET /shop/page/2/?min_price=0&stock_status=onsale&per_row=2&shop_view=grid HTTP/1.1" 200 40595 "https://view.lotushomemade.com/shop/page/18/?min_price=0&stock_status=onsale&per_row=2&shop_view=grid" "Mozilla/5.0 (Linux; Android 7.0;) AppleWebKit/537.36 (KHTML, like Gecko) Mobile Safari/537.36 (compatible; PetalBot;+https://webmaster.petalsearch.com/site/petalbot)"
103.131.51.123 - - [10/Jan/2026:14:45:28 +0700] "POST /wp-cron.php?doing_wp_cron=1768031128.5068509578704833984375 HTTP/1.1" 200 474 "-" "WordPress/6.9; https://view.lotushomemade.com"
114.119.151.206 - - [10/Jan/2026:14:45:24 +0700] "GET /shop/page/6/?orderby=popularity&per_row=6&per_page=8&shop_view=grid HTTP/1.1" 200 39444 "https://view.lotushomemade.com/shop/page/4/?orderby=popularity&per_row=6&per_page=8&shop_view=grid" "Mozilla/5.0 (Linux; Android 7.0;) AppleWebKit/537.36 (KHTML, like Gecko) Mobile Safari/537.36 (compatible; PetalBot;+https://webmaster.petalsearch.com/site/petalbot)"
103.131.51.123 - - [10/Jan/2026:14:46:51 +0700] "POST /wp-cron.php?doing_wp_cron=1768031211.7684710025787353515625 HTTP/1.1" 200 474 "-" "WordPress/6.9; https://view.lotushomemade.com"
114.119.149.78 - - [10/Jan/2026:14:46:49 +0700] "GET /shop/page/4?orderby=price-desc&stock_status=instock,onsale&shop_view=grid&per_row=4 HTTP/1.1" 301 639 "https://view.lotushomemade.com/shop/?orderby=price-desc&stock_status=instock%2Consale&shop_view=grid&per_row=4" "Mozilla/5.0 (Linux; Android 7.0;) AppleWebKit/537.36 (KHTML, like Gecko) Mobile Safari/537.36 (compatible; PetalBot;+https://webmaster.petalsearch.com/site/petalbot)"
114.119.149.78 - - [10/Jan/2026:14:46:52 +0700] "GET /shop/page/4/?orderby=price-desc&stock_status=instock,onsale&shop_view=grid&per_row=4 HTTP/1.1" 301 639 "https://view.lotushomemade.com/shop/?orderby=price-desc&stock_status=instock%2Consale&shop_view=grid&per_row=4" "Mozilla/5.0 (Linux; Android 7.0;) AppleWebKit/537.36 (KHTML, like Gecko) Mobile Safari/537.36 (compatible; PetalBot;+https://webmaster.petalsearch.com/site/petalbot)"
114.119.149.78 - - [10/Jan/2026:14:46:53 +0700] "GET /shop/page/4/?orderby=price-desc&stock_status=instock,onsale&shop_view=grid&per_row=4 HTTP/1.1" 301 639 "https://view.lotushomemade.com/shop/?orderby=price-desc&stock_status=instock%2Consale&shop_view=grid&per_row=4" "Mozilla/5.0 (Linux; Android 7.0;) AppleWebKit/537.36 (KHTML, like Gecko) Mobile Safari/537.36 (compatible; PetalBot;+https://webmaster.petalsearch.com/site/petalbot)"
114.119.149.78 - - [10/Jan/2026:14:46:53 +0700] "GET /shop/page/4/?orderby=price-desc&stock_status=instock,onsale&shop_view=grid&per_row=4 HTTP/1.1" 301 639 "https://view.lotushomemade.com/shop/?orderby=price-desc&stock_status=instock%2Consale&shop_view=grid&per_row=4" "Mozilla/5.0 (Linux; Android 7.0;) AppleWebKit/537.36 (KHTML, like Gecko) Mobile Safari/537.36 (compatible; PetalBot;+https://webmaster.petalsearch.com/site/petalbot)"
114.119.149.78 - - [10/Jan/2026:14:46:53 +0700] "GET /shop/page/4/?orderby=price-desc&stock_status=instock,onsale&shop_view=grid&per_row=4 HTTP/1.1" 301 639 "https://view.lotushomemade.com/shop/?orderby=price-desc&stock_status=instock%2Consale&shop_view=grid&per_row=4" "Mozilla/5.0 (Linux; Android 7.0;) AppleWebKit/537.36 (KHTML, like Gecko) Mobile Safari/537.36 (compatible; PetalBot;+https://webmaster.petalsearch.com/site/petalbot)"
114.119.149.78 - - [10/Jan/2026:14:46:54 +0700] "GET /shop/page/4/?orderby=price-desc&stock_status=instock,onsale&shop_view=grid&per_row=4 HTTP/1.1" 301 639 "https://view.lotushomemade.com/shop/?orderby=price-desc&stock_status=instock%2Consale&shop_view=grid&per_row=4" "Mozilla/5.0 (Linux; Android 7.0;) AppleWebKit/537.36 (KHTML, like Gecko) Mobile Safari/537.36 (compatible; PetalBot;+https://webmaster.petalsearch.com/site/petalbot)"
114.119.149.78 - - [10/Jan/2026:14:46:54 +0700] "GET /shop/page/4/?orderby=price-desc&stock_status=instock,onsale&shop_view=grid&per_row=4 HTTP/1.1" 301 639 "https://view.lotushomemade.com/shop/?orderby=price-desc&stock_status=instock%2Consale&shop_view=grid&per_row=4" "Mozilla/5.0 (Linux; Android 7.0;) AppleWebKit/537.36 (KHTML, like Gecko) Mobile Safari/537.36 (compatible; PetalBot;+https://webmaster.petalsearch.com/site/petalbot)"
114.119.149.78 - - [10/Jan/2026:14:46:55 +0700] "GET /shop/page/4/?orderby=price-desc&stock_status=instock,onsale&shop_view=grid&per_row=4 HTTP/1.1" 301 639 "https://view.lotushomemade.com/shop/?orderby=price-desc&stock_status=instock%2Consale&shop_view=grid&per_row=4" "Mozilla/5.0 (Linux; Android 7.0;) AppleWebKit/537.36 (KHTML, like Gecko) Mobile Safari/537.36 (compatible; PetalBot;+https://webmaster.petalsearch.com/site/petalbot)"
114.119.149.78 - - [10/Jan/2026:14:46:55 +0700] "GET /shop/page/4/?orderby=price-desc&stock_status=instock,onsale&shop_view=grid&per_row=4 HTTP/1.1" 301 639 "https://view.lotushomemade.com/shop/?orderby=price-desc&stock_status=instock%2Consale&shop_view=grid&per_row=4" "Mozilla/5.0 (Linux; Android 7.0;) AppleWebKit/537.36 (KHTML, like Gecko) Mobile Safari/537.36 (compatible; PetalBot;+https://webmaster.petalsearch.com/site/petalbot)"
114.119.149.78 - - [10/Jan/2026:14:46:56 +0700] "GET /shop/page/4/?orderby=price-desc&stock_status=instock,onsale&shop_view=grid&per_row=4 HTTP/1.1" 301 639 "https://view.lotushomemade.com/shop/?orderby=price-desc&stock_status=instock%2Consale&shop_view=grid&per_row=4" "Mozilla/5.0 (Linux; Android 7.0;) AppleWebKit/537.36 (KHTML, like Gecko) Mobile Safari/537.36 (compatible; PetalBot;+https://webmaster.petalsearch.com/site/petalbot)"
103.131.51.123 - - [10/Jan/2026:14:48:16 +0700] "POST /wp-cron.php?doing_wp_cron=1768031296.0872600078582763671875 HTTP/1.1" 200 474 "-" "WordPress/6.9; https://view.lotushomemade.com"
114.119.151.206 - - [10/Jan/2026:14:48:12 +0700] "GET /shop/page/4/?orderby=price-desc&per_row=4&shop_view=grid&per_page=12 HTTP/1.1" 200 39964 "https://view.lotushomemade.com/shop/page/5?orderby=price-desc&per_row=4&shop_view=grid&per_page=12" "Mozilla/5.0 (Linux; Android 7.0;) AppleWebKit/537.36 (KHTML, like Gecko) Mobile Safari/537.36 (compatible; PetalBot;+https://webmaster.petalsearch.com/site/petalbot)"
103.131.51.123 - - [10/Jan/2026:14:49:39 +0700] "POST /wp-cron.php?doing_wp_cron=1768031379.2334680557250976562500 HTTP/1.1" 200 474 "-" "WordPress/6.9; https://view.lotushomemade.com"
114.119.150.215 - - [10/Jan/2026:14:49:37 +0700] "GET /shop/page/32?stock_status=instock&per_row=2&per_page=12&shop_view=grid HTTP/1.1" 301 670 "https://view.lotushomemade.com/shop/page/11/?stock_status=instock&per_row=2&per_page=12&shop_view=grid" "Mozilla/5.0 (Linux; Android 7.0;) AppleWebKit/537.36 (KHTML, like Gecko) Mobile Safari/537.36 (compatible; PetalBot;+https://webmaster.petalsearch.com/site/petalbot)"
114.119.150.215 - - [10/Jan/2026:14:49:39 +0700] "GET /shop/page/32/?stock_status=instock&per_row=2&per_page=12&shop_view=grid HTTP/1.1" 200 40036 "https://view.lotushomemade.com/shop/page/11/?stock_status=instock&per_row=2&per_page=12&shop_view=grid" "Mozilla/5.0 (Linux; Android 7.0;) AppleWebKit/537.36 (KHTML, like Gecko) Mobile Safari/537.36 (compatible; PetalBot;+https://webmaster.petalsearch.com/site/petalbot)"
57.141.2.8 - - [10/Jan/2026:14:50:27 +0700] "GET /product-category/traditional-cookies-series/?stock_status=instock%2Consale&per_row=6&shop_view=grid&filter_brand=hss&per_page=8 HTTP/2" 200 219033 "-" "meta-externalagent/1.1 (+https://developers.facebook.com/docs/sharing/webmasters/crawler)"
103.131.51.123 - - [10/Jan/2026:14:50:59 +0700] "POST /wp-cron.php?doing_wp_cron=1768031459.4946930408477783203125 HTTP/1.1" 200 474 "-" "WordPress/6.9; https://view.lotushomemade.com"
114.119.148.197 - - [10/Jan/2026:14:50:59 +0700] "GET /shop/page/32?orderby=date&stock_status=onsale&shop_view=grid&per_row=2 HTTP/1.1" 301 624 "https://view.lotushomemade.com/shop/page/16/?orderby=date&stock_status=onsale&shop_view=grid&per_row=2" "Mozilla/5.0 (Linux; Android 7.0;) AppleWebKit/537.36 (KHTML, like Gecko) Mobile Safari/537.36 (compatible; PetalBot;+https://webmaster.petalsearch.com/site/petalbot)"
114.119.148.197 - - [10/Jan/2026:14:50:59 +0700] "GET /shop/page/32/?orderby=date&stock_status=onsale&shop_view=grid&per_row=2 HTTP/1.1" 200 39993 "https://view.lotushomemade.com/shop/page/16/?orderby=date&stock_status=onsale&shop_view=grid&per_row=2" "Mozilla/5.0 (Linux; Android 7.0;) AppleWebKit/537.36 (KHTML, like Gecko) Mobile Safari/537.36 (compatible; PetalBot;+https://webmaster.petalsearch.com/site/petalbot)"
103.131.51.123 - - [10/Jan/2026:14:52:28 +0700] "POST /wp-cron.php?doing_wp_cron=1768031548.2170689105987548828125 HTTP/1.1" 200 474 "-" "WordPress/6.9; https://view.lotushomemade.com"
114.119.142.208 - - [10/Jan/2026:14:52:24 +0700] "GET /shop/page/32/?stock_status=instock&per_row=2&per_page=12&shop_view=grid HTTP/1.1" 200 40030 "https://view.lotushomemade.com/shop/page/27/?stock_status=instock&per_row=2&per_page=12&shop_view=grid" "Mozilla/5.0 (Linux; Android 7.0;) AppleWebKit/537.36 (KHTML, like Gecko) Mobile Safari/537.36 (compatible; PetalBot;+https://webmaster.petalsearch.com/site/petalbot)"
103.131.51.123 - - [10/Jan/2026:14:53:50 +0700] "POST /wp-cron.php?doing_wp_cron=1768031630.1570448875427246093750 HTTP/1.1" 200 474 "-" "WordPress/6.9; https://view.lotushomemade.com"
114.119.151.206 - - [10/Jan/2026:14:53:46 +0700] "GET /shop/page/31/?per_page=8 HTTP/1.1" 200 39330 "https://view.lotushomemade.com/shop/page/30/?per_page=8" "Mozilla/5.0 (Linux; Android 7.0;) AppleWebKit/537.36 (KHTML, like Gecko) Mobile Safari/537.36 (compatible; PetalBot;+https://webmaster.petalsearch.com/site/petalbot)"
103.131.51.123 - - [10/Jan/2026:14:55:13 +0700] "POST /wp-cron.php?doing_wp_cron=1768031713.1605761051177978515625 HTTP/1.1" 200 474 "-" "WordPress/6.9; https://view.lotushomemade.com"
114.119.151.206 - - [10/Jan/2026:14:55:10 +0700] "GET /shop/page/30?stock_status=instock,onsale HTTP/1.1" 301 508 "https://view.lotushomemade.com/shop/?stock_status=instock%2Consale" "Mozilla/5.0 (Linux; Android 7.0;) AppleWebKit/537.36 (KHTML, like Gecko) Mobile Safari/537.36 (compatible; PetalBot;+https://webmaster.petalsearch.com/site/petalbot)"
114.119.151.206 - - [10/Jan/2026:14:55:13 +0700] "GET /shop/page/30/?stock_status=instock,onsale HTTP/1.1" 301 508 "https://view.lotushomemade.com/shop/?stock_status=instock%2Consale" "Mozilla/5.0 (Linux; Android 7.0;) AppleWebKit/537.36 (KHTML, like Gecko) Mobile Safari/537.36 (compatible; PetalBot;+https://webmaster.petalsearch.com/site/petalbot)"
114.119.151.206 - - [10/Jan/2026:14:55:14 +0700] "GET /shop/page/30/?stock_status=instock,onsale HTTP/1.1" 301 508 "https://view.lotushomemade.com/shop/?stock_status=instock%2Consale" "Mozilla/5.0 (Linux; Android 7.0;) AppleWebKit/537.36 (KHTML, like Gecko) Mobile Safari/537.36 (compatible; PetalBot;+https://webmaster.petalsearch.com/site/petalbot)"
114.119.151.206 - - [10/Jan/2026:14:55:14 +0700] "GET /shop/page/30/?stock_status=instock,onsale HTTP/1.1" 301 508 "https://view.lotushomemade.com/shop/?stock_status=instock%2Consale" "Mozilla/5.0 (Linux; Android 7.0;) AppleWebKit/537.36 (KHTML, like Gecko) Mobile Safari/537.36 (compatible; PetalBot;+https://webmaster.petalsearch.com/site/petalbot)"
114.119.151.206 - - [10/Jan/2026:14:55:16 +0700] "GET /shop/page/30/?stock_status=instock,onsale HTTP/1.1" 301 508 "https://view.lotushomemade.com/shop/?stock_status=instock%2Consale" "Mozilla/5.0 (Linux; Android 7.0;) AppleWebKit/537.36 (KHTML, like Gecko) Mobile Safari/537.36 (compatible; PetalBot;+https://webmaster.petalsearch.com/site/petalbot)"
114.119.151.206 - - [10/Jan/2026:14:55:16 +0700] "GET /shop/page/30/?stock_status=instock,onsale HTTP/1.1" 301 508 "https://view.lotushomemade.com/shop/?stock_status=instock%2Consale" "Mozilla/5.0 (Linux; Android 7.0;) AppleWebKit/537.36 (KHTML, like Gecko) Mobile Safari/537.36 (compatible; PetalBot;+https://webmaster.petalsearch.com/site/petalbot)"
114.119.151.206 - - [10/Jan/2026:14:55:16 +0700] "GET /shop/page/30/?stock_status=instock,onsale HTTP/1.1" 301 508 "https://view.lotushomemade.com/shop/?stock_status=instock%2Consale" "Mozilla/5.0 (Linux; Android 7.0;) AppleWebKit/537.36 (KHTML, like Gecko) Mobile Safari/537.36 (compatible; PetalBot;+https://webmaster.petalsearch.com/site/petalbot)"
114.119.151.206 - - [10/Jan/2026:14:55:17 +0700] "GET /shop/page/30/?stock_status=instock,onsale HTTP/1.1" 301 508 "https://view.lotushomemade.com/shop/?stock_status=instock%2Consale" "Mozilla/5.0 (Linux; Android 7.0;) AppleWebKit/537.36 (KHTML, like Gecko) Mobile Safari/537.36 (compatible; PetalBot;+https://webmaster.petalsearch.com/site/petalbot)"
114.119.151.206 - - [10/Jan/2026:14:55:17 +0700] "GET /shop/page/30/?stock_status=instock,onsale HTTP/1.1" 301 508 "https://view.lotushomemade.com/shop/?stock_status=instock%2Consale" "Mozilla/5.0 (Linux; Android 7.0;) AppleWebKit/537.36 (KHTML, like Gecko) Mobile Safari/537.36 (compatible; PetalBot;+https://webmaster.petalsearch.com/site/petalbot)"
114.119.151.206 - - [10/Jan/2026:14:55:18 +0700] "GET /shop/page/30/?stock_status=instock,onsale HTTP/1.1" 301 508 "https://view.lotushomemade.com/shop/?stock_status=instock%2Consale" "Mozilla/5.0 (Linux; Android 7.0;) AppleWebKit/537.36 (KHTML, like Gecko) Mobile Safari/537.36 (compatible; PetalBot;+https://webmaster.petalsearch.com/site/petalbot)"
103.131.51.123 - - [10/Jan/2026:14:55:35 +0700] "POST /wp-cron.php?doing_wp_cron=1768031735.8762030601501464843750 HTTP/1.1" 200 474 "-" "WordPress/6.9; https://view.lotushomemade.com"
173.252.82.26 - - [10/Jan/2026:14:55:35 +0700] "GET /robots.txt HTTP/2" 200 123 "-" "facebookexternalhit/1.1 (+http://www.facebook.com/externalhit_uatext.php)"
103.131.51.123 - - [10/Jan/2026:14:56:35 +0700] "POST /wp-cron.php?doing_wp_cron=1768031795.6726109981536865234375 HTTP/1.1" 200 474 "-" "WordPress/6.9; https://view.lotushomemade.com"
114.119.130.97 - - [10/Jan/2026:14:56:33 +0700] "GET /shop/page/3/?orderby=rating&per_page=8 HTTP/1.1" 200 39119 "https://view.lotushomemade.com/shop/page/25/?orderby=rating&per_page=8" "Mozilla/5.0 (Linux; Android 7.0;) AppleWebKit/537.36 (KHTML, like Gecko) Mobile Safari/537.36 (compatible; PetalBot;+https://webmaster.petalsearch.com/site/petalbot)"
103.131.51.123 - - [10/Jan/2026:14:57:37 +0700] "POST /wp-cron.php?doing_wp_cron=1768031857.9353680610656738281250 HTTP/1.1" 200 474 "-" "WordPress/6.9; https://view.lotushomemade.com"
40.77.167.56 - - [10/Jan/2026:14:57:36 +0700] "GET /product/traditional-seaweed-kapet_9300-xxl/ HTTP/2" 200 36149 "-" "Mozilla/5.0 AppleWebKit/537.36 (KHTML, like Gecko; compatible; bingbot/2.0; +http://www.bing.com/bingbot.htm) Chrome/116.0.1938.76 Safari/537.36"
114.119.151.206 - - [10/Jan/2026:14:57:57 +0700] "GET /shop/page/28/?orderby=price&stock_status=instock&shop_view=grid&per_row=6 HTTP/1.1" 200 40246 "https://view.lotushomemade.com/shop/page/26/?orderby=price&stock_status=instock&shop_view=grid&per_row=6" "Mozilla/5.0 (Linux; Android 7.0;) AppleWebKit/537.36 (KHTML, like Gecko) Mobile Safari/537.36 (compatible; PetalBot;+https://webmaster.petalsearch.com/site/petalbot)"
103.131.51.123 - - [10/Jan/2026:14:59:06 +0700] "POST /wp-cron.php?doing_wp_cron=1768031946.2555360794067382812500 HTTP/1.1" 200 474 "-" "WordPress/6.9; https://view.lotushomemade.com"
66.249.71.131 - - [10/Jan/2026:14:59:04 +0700] "GET /shop/page/17/?add-to-cart=8448 HTTP/1.1" 200 34677 "-" "Mozilla/5.0 (Linux; Android 6.0.1; Nexus 5X Build/MMB29P) AppleWebKit/537.36 (KHTML, like Gecko) Chrome/143.0.7499.192 Mobile Safari/537.36 (compatible; Googlebot/2.1; +http://www.google.com/bot.html)"
57.141.2.6 - - [10/Jan/2026:14:59:15 +0700] "GET /shop/page/8/?per_row=2&per_page=12&shop_view=grid&stock_status=onsale HTTP/2" 200 239710 "-" "meta-externalagent/1.1 (+https://developers.facebook.com/docs/sharing/webmasters/crawler)"
114.119.151.206 - - [10/Jan/2026:14:59:21 +0700] "GET /shop/page/26/?orderby=rating&per_row=4&per_page=8&shop_view=grid HTTP/1.1" 200 39011 "https://view.lotushomemade.com/shop/page/23/?orderby=rating&per_row=4&per_page=8&shop_view=grid" "Mozilla/5.0 (Linux; Android 7.0;) AppleWebKit/537.36 (KHTML, like Gecko) Mobile Safari/537.36 (compatible; PetalBot;+https://webmaster.petalsearch.com/site/petalbot)"
103.131.51.123 - - [10/Jan/2026:15:00:35 +0700] "POST /wp-cron.php?doing_wp_cron=1768032035.1765499114990234375000 HTTP/1.1" 200 474 "-" "WordPress/6.9; https://view.lotushomemade.com"
66.249.71.130 - - [10/Jan/2026:15:00:33 +0700] "GET /shop/page/14/?add-to-cart=8518 HTTP/1.1" 200 34828 "-" "Mozilla/5.0 (Linux; Android 6.0.1; Nexus 5X Build/MMB29P) AppleWebKit/537.36 (KHTML, like Gecko) Chrome/143.0.7499.192 Mobile Safari/537.36 (compatible; Googlebot/2.1; +http://www.google.com/bot.html)"
66.249.71.130 - - [10/Jan/2026:15:00:43 +0700] "GET /wp-content/themes/woodmart/css/parts/mod-sticky-loader.min.css?ver=7.2.5 HTTP/1.1" 200 819 "https://view.lotushomemade.com/shop/page/14/?add-to-cart=8518" "Mozilla/5.0 (Linux; Android 6.0.1; Nexus 5X Build/MMB29P) AppleWebKit/537.36 (KHTML, like Gecko) Chrome/143.0.7499.169 Mobile Safari/537.36 (compatible; Googlebot/2.1; +http://www.google.com/bot.html)"
114.119.149.78 - - [10/Jan/2026:15:00:47 +0700] "GET /shop/page/23/?stock_status=instock&per_row=2&shop_view=grid&per_page=12 HTTP/1.1" 200 40061 "https://view.lotushomemade.com/shop/page/20/?stock_status=instock&per_row=2&shop_view=grid&per_page=12" "Mozilla/5.0 (Linux; Android 7.0;) AppleWebKit/537.36 (KHTML, like Gecko) Mobile Safari/537.36 (compatible; PetalBot;+https://webmaster.petalsearch.com/site/petalbot)"
103.131.51.123 - - [10/Jan/2026:15:02:10 +0700] "POST /wp-cron.php?doing_wp_cron=1768032130.5659549236297607421875 HTTP/1.1" 200 474 "-" "WordPress/6.9; https://view.lotushomemade.com"
114.119.151.206 - - [10/Jan/2026:15:02:08 +0700] "GET /shop/page/2/?orderby=price-desc&stock_status=instock,onsale&per_page=24 HTTP/1.1" 301 584 "https://view.lotushomemade.com/shop?orderby=price-desc&stock_status=instock%2Consale&per_page=24" "Mozilla/5.0 (Linux; Android 7.0;) AppleWebKit/537.36 (KHTML, like Gecko) Mobile Safari/537.36 (compatible; PetalBot;+https://webmaster.petalsearch.com/site/petalbot)"
114.119.151.206 - - [10/Jan/2026:15:02:10 +0700] "GET /shop/page/2/?orderby=price-desc&stock_status=instock,onsale&per_page=24 HTTP/1.1" 301 584 "https://view.lotushomemade.com/shop?orderby=price-desc&stock_status=instock%2Consale&per_page=24" "Mozilla/5.0 (Linux; Android 7.0;) AppleWebKit/537.36 (KHTML, like Gecko) Mobile Safari/537.36 (compatible; PetalBot;+https://webmaster.petalsearch.com/site/petalbot)"
114.119.151.206 - - [10/Jan/2026:15:02:11 +0700] "GET /shop/page/2/?orderby=price-desc&stock_status=instock,onsale&per_page=24 HTTP/1.1" 301 584 "https://view.lotushomemade.com/shop?orderby=price-desc&stock_status=instock%2Consale&per_page=24" "Mozilla/5.0 (Linux; Android 7.0;) AppleWebKit/537.36 (KHTML, like Gecko) Mobile Safari/537.36 (compatible; PetalBot;+https://webmaster.petalsearch.com/site/petalbot)"
114.119.151.206 - - [10/Jan/2026:15:02:11 +0700] "GET /shop/page/2/?orderby=price-desc&stock_status=instock,onsale&per_page=24 HTTP/1.1" 301 584 "https://view.lotushomemade.com/shop?orderby=price-desc&stock_status=instock%2Consale&per_page=24" "Mozilla/5.0 (Linux; Android 7.0;) AppleWebKit/537.36 (KHTML, like Gecko) Mobile Safari/537.36 (compatible; PetalBot;+https://webmaster.petalsearch.com/site/petalbot)"
114.119.151.206 - - [10/Jan/2026:15:02:12 +0700] "GET /shop/page/2/?orderby=price-desc&stock_status=instock,onsale&per_page=24 HTTP/1.1" 301 584 "https://view.lotushomemade.com/shop?orderby=price-desc&stock_status=instock%2Consale&per_page=24" "Mozilla/5.0 (Linux; Android 7.0;) AppleWebKit/537.36 (KHTML, like Gecko) Mobile Safari/537.36 (compatible; PetalBot;+https://webmaster.petalsearch.com/site/petalbot)"
114.119.151.206 - - [10/Jan/2026:15:02:12 +0700] "GET /shop/page/2/?orderby=price-desc&stock_status=instock,onsale&per_page=24 HTTP/1.1" 301 584 "https://view.lotushomemade.com/shop?orderby=price-desc&stock_status=instock%2Consale&per_page=24" "Mozilla/5.0 (Linux; Android 7.0;) AppleWebKit/537.36 (KHTML, like Gecko) Mobile Safari/537.36 (compatible; PetalBot;+https://webmaster.petalsearch.com/site/petalbot)"
114.119.151.206 - - [10/Jan/2026:15:02:13 +0700] "GET /shop/page/2/?orderby=price-desc&stock_status=instock,onsale&per_page=24 HTTP/1.1" 301 584 "https://view.lotushomemade.com/shop?orderby=price-desc&stock_status=instock%2Consale&per_page=24" "Mozilla/5.0 (Linux; Android 7.0;) AppleWebKit/537.36 (KHTML, like Gecko) Mobile Safari/537.36 (compatible; PetalBot;+https://webmaster.petalsearch.com/site/petalbot)"
114.119.151.206 - - [10/Jan/2026:15:02:13 +0700] "GET /shop/page/2/?orderby=price-desc&stock_status=instock,onsale&per_page=24 HTTP/1.1" 301 584 "https://view.lotushomemade.com/shop?orderby=price-desc&stock_status=instock%2Consale&per_page=24" "Mozilla/5.0 (Linux; Android 7.0;) AppleWebKit/537.36 (KHTML, like Gecko) Mobile Safari/537.36 (compatible; PetalBot;+https://webmaster.petalsearch.com/site/petalbot)"
114.119.151.206 - - [10/Jan/2026:15:02:14 +0700] "GET /shop/page/2/?orderby=price-desc&stock_status=instock,onsale&per_page=24 HTTP/1.1" 301 584 "https://view.lotushomemade.com/shop?orderby=price-desc&stock_status=instock%2Consale&per_page=24" "Mozilla/5.0 (Linux; Android 7.0;) AppleWebKit/537.36 (KHTML, like Gecko) Mobile Safari/537.36 (compatible; PetalBot;+https://webmaster.petalsearch.com/site/petalbot)"
114.119.151.206 - - [10/Jan/2026:15:02:14 +0700] "GET /shop/page/2/?orderby=price-desc&stock_status=instock,onsale&per_page=24 HTTP/1.1" 301 584 "https://view.lotushomemade.com/shop?orderby=price-desc&stock_status=instock%2Consale&per_page=24" "Mozilla/5.0 (Linux; Android 7.0;) AppleWebKit/537.36 (KHTML, like Gecko) Mobile Safari/537.36 (compatible; PetalBot;+https://webmaster.petalsearch.com/site/petalbot)"
103.131.51.123 - - [10/Jan/2026:15:03:36 +0700] "POST /wp-cron.php?doing_wp_cron=1768032216.7037489414215087890625 HTTP/1.1" 200 474 "-" "WordPress/6.9; https://view.lotushomemade.com"
114.119.130.97 - - [10/Jan/2026:15:03:32 +0700] "GET /shop/page/2/?min_price=0&stock_status=onsale HTTP/1.1" 200 40448 "https://view.lotushomemade.com/shop/page/4?min_price=0&stock_status=onsale" "Mozilla/5.0 (Linux; Android 7.0;) AppleWebKit/537.36 (KHTML, like Gecko) Mobile Safari/537.36 (compatible; PetalBot;+https://webmaster.petalsearch.com/site/petalbot)"
103.131.51.123 - - [10/Jan/2026:15:04:43 +0700] "POST /wp-cron.php?doing_wp_cron=1768032283.9526090621948242187500 HTTP/1.1" 200 474 "-" "WordPress/6.9; https://view.lotushomemade.com"
57.141.2.68 - - [10/Jan/2026:15:04:42 +0700] "GET /product-category/traditional-cookies-series/page/9/?per_row=2&per_page=18&shop_view=grid&stock_status=instock%2Consale HTTP/2" 200 241322 "-" "meta-externalagent/1.1 (+https://developers.facebook.com/docs/sharing/webmasters/crawler)"
114.119.149.78 - - [10/Jan/2026:15:04:57 +0700] "GET /shop/page/2/?min_price=0&per_row=6&shop_view=grid HTTP/1.1" 200 40550 "https://view.lotushomemade.com/shop/page/27/?min_price=0&per_row=6&shop_view=grid" "Mozilla/5.0 (Linux; Android 7.0;) AppleWebKit/537.36 (KHTML, like Gecko) Mobile Safari/537.36 (compatible; PetalBot;+https://webmaster.petalsearch.com/site/petalbot)"
103.131.51.123 - - [10/Jan/2026:15:06:22 +0700] "POST /wp-cron.php?doing_wp_cron=1768032382.2739028930664062500000 HTTP/1.1" 200 474 "-" "WordPress/6.9; https://view.lotushomemade.com"
114.119.130.97 - - [10/Jan/2026:15:06:19 +0700] "GET /shop/page/2/?min_price=0&per_page=8&stock_status=instock,onsale HTTP/1.1" 301 575 "https://view.lotushomemade.com/shop?min_price=0&per_page=8&stock_status=instock%2Consale" "Mozilla/5.0 (Linux; Android 7.0;) AppleWebKit/537.36 (KHTML, like Gecko) Mobile Safari/537.36 (compatible; PetalBot;+https://webmaster.petalsearch.com/site/petalbot)"
114.119.130.97 - - [10/Jan/2026:15:06:22 +0700] "GET /shop/page/2/?min_price=0&per_page=8&stock_status=instock,onsale HTTP/1.1" 301 575 "https://view.lotushomemade.com/shop?min_price=0&per_page=8&stock_status=instock%2Consale" "Mozilla/5.0 (Linux; Android 7.0;) AppleWebKit/537.36 (KHTML, like Gecko) Mobile Safari/537.36 (compatible; PetalBot;+https://webmaster.petalsearch.com/site/petalbot)"
114.119.130.97 - - [10/Jan/2026:15:06:23 +0700] "GET /shop/page/2/?min_price=0&per_page=8&stock_status=instock,onsale HTTP/1.1" 301 575 "https://view.lotushomemade.com/shop?min_price=0&per_page=8&stock_status=instock%2Consale" "Mozilla/5.0 (Linux; Android 7.0;) AppleWebKit/537.36 (KHTML, like Gecko) Mobile Safari/537.36 (compatible; PetalBot;+https://webmaster.petalsearch.com/site/petalbot)"
114.119.130.97 - - [10/Jan/2026:15:06:23 +0700] "GET /shop/page/2/?min_price=0&per_page=8&stock_status=instock,onsale HTTP/1.1" 301 575 "https://view.lotushomemade.com/shop?min_price=0&per_page=8&stock_status=instock%2Consale" "Mozilla/5.0 (Linux; Android 7.0;) AppleWebKit/537.36 (KHTML, like Gecko) Mobile Safari/537.36 (compatible; PetalBot;+https://webmaster.petalsearch.com/site/petalbot)"
114.119.130.97 - - [10/Jan/2026:15:06:23 +0700] "GET /shop/page/2/?min_price=0&per_page=8&stock_status=instock,onsale HTTP/1.1" 301 575 "https://view.lotushomemade.com/shop?min_price=0&per_page=8&stock_status=instock%2Consale" "Mozilla/5.0 (Linux; Android 7.0;) AppleWebKit/537.36 (KHTML, like Gecko) Mobile Safari/537.36 (compatible; PetalBot;+https://webmaster.petalsearch.com/site/petalbot)"
114.119.130.97 - - [10/Jan/2026:15:06:24 +0700] "GET /shop/page/2/?min_price=0&per_page=8&stock_status=instock,onsale HTTP/1.1" 301 575 "https://view.lotushomemade.com/shop?min_price=0&per_page=8&stock_status=instock%2Consale" "Mozilla/5.0 (Linux; Android 7.0;) AppleWebKit/537.36 (KHTML, like Gecko) Mobile Safari/537.36 (compatible; PetalBot;+https://webmaster.petalsearch.com/site/petalbot)"
114.119.130.97 - - [10/Jan/2026:15:06:24 +0700] "GET /shop/page/2/?min_price=0&per_page=8&stock_status=instock,onsale HTTP/1.1" 301 575 "https://view.lotushomemade.com/shop?min_price=0&per_page=8&stock_status=instock%2Consale" "Mozilla/5.0 (Linux; Android 7.0;) AppleWebKit/537.36 (KHTML, like Gecko) Mobile Safari/537.36 (compatible; PetalBot;+https://webmaster.petalsearch.com/site/petalbot)"
114.119.130.97 - - [10/Jan/2026:15:06:25 +0700] "GET /shop/page/2/?min_price=0&per_page=8&stock_status=instock,onsale HTTP/1.1" 301 575 "https://view.lotushomemade.com/shop?min_price=0&per_page=8&stock_status=instock%2Consale" "Mozilla/5.0 (Linux; Android 7.0;) AppleWebKit/537.36 (KHTML, like Gecko) Mobile Safari/537.36 (compatible; PetalBot;+https://webmaster.petalsearch.com/site/petalbot)"
114.119.130.97 - - [10/Jan/2026:15:06:25 +0700] "GET /shop/page/2/?min_price=0&per_page=8&stock_status=instock,onsale HTTP/1.1" 301 575 "https://view.lotushomemade.com/shop?min_price=0&per_page=8&stock_status=instock%2Consale" "Mozilla/5.0 (Linux; Android 7.0;) AppleWebKit/537.36 (KHTML, like Gecko) Mobile Safari/537.36 (compatible; PetalBot;+https://webmaster.petalsearch.com/site/petalbot)"
114.119.130.97 - - [10/Jan/2026:15:06:26 +0700] "GET /shop/page/2/?min_price=0&per_page=8&stock_status=instock,onsale HTTP/1.1" 301 575 "https://view.lotushomemade.com/shop?min_price=0&per_page=8&stock_status=instock%2Consale" "Mozilla/5.0 (Linux; Android 7.0;) AppleWebKit/537.36 (KHTML, like Gecko) Mobile Safari/537.36 (compatible; PetalBot;+https://webmaster.petalsearch.com/site/petalbot)"
