74.125.151.97 - - [11/Jan/2026:07:40:05 +0700] "GET /wp-content/themes/woodmart/css/parts/woo-single-prod-el-reviews.min.css?ver=7.2.5 HTTP/1.1" 200 1982 "https://view.lotushomemade.com/product/sou-mian_18-inch/" "Mozilla/5.0 (X11; Linux x86_64) AppleWebKit/537.36 (KHTML, like Gecko) Chrome/143.0.7499.169 Safari/537.36"
74.125.151.97 - - [11/Jan/2026:07:40:08 +0700] "GET /wp-content/themes/woodmart/css/parts/woo-widget-layered-nav-stock-status.min.css?ver=7.2.5 HTTP/1.1" 200 980 "https://view.lotushomemade.com/product/sou-mian_18-inch/" "Mozilla/5.0 (X11; Linux x86_64) AppleWebKit/537.36 (KHTML, like Gecko) Chrome/143.0.7499.169 Safari/537.36"
74.125.151.97 - - [11/Jan/2026:07:40:10 +0700] "GET /wp-content/plugins/revslider/public/assets/fonts/font-awesome/fonts/fontawesome-webfont.woff2?v=4.7.0 HTTP/1.1" 200 77555 "https://view.lotushomemade.com/product/sou-mian_18-inch/" "Mozilla/5.0 (X11; Linux x86_64) AppleWebKit/537.36 (KHTML, like Gecko) Chrome/143.0.7499.169 Safari/537.36"
74.125.151.97 - - [11/Jan/2026:07:40:11 +0700] "GET /wp-content/themes/woodmart/css/parts/opt-bottom-toolbar.min.css?ver=7.2.5 HTTP/1.1" 200 1034 "https://view.lotushomemade.com/product/sou-mian_18-inch/" "Mozilla/5.0 (X11; Linux x86_64) AppleWebKit/537.36 (KHTML, like Gecko) Chrome/143.0.7499.169 Safari/537.36"
74.125.151.97 - - [11/Jan/2026:07:40:12 +0700] "GET /wp-content/themes/woodmart/css/parts/woo-single-prod-el-reviews-style-1.min.css?ver=7.2.5 HTTP/1.1" 200 660 "https://view.lotushomemade.com/product/sou-mian_18-inch/" "Mozilla/5.0 (X11; Linux x86_64) AppleWebKit/537.36 (KHTML, like Gecko) Chrome/143.0.7499.169 Safari/537.36"
74.125.151.97 - - [11/Jan/2026:07:40:13 +0700] "GET /wp-content/themes/woodmart/css/parts/mod-animations.min.css?ver=7.2.5 HTTP/1.1" 200 875 "https://view.lotushomemade.com/product/sou-mian_18-inch/" "Mozilla/5.0 (X11; Linux x86_64) AppleWebKit/537.36 (KHTML, like Gecko) Chrome/143.0.7499.169 Safari/537.36"
74.125.151.97 - - [11/Jan/2026:07:40:15 +0700] "GET /wp-content/themes/woodmart/js/libs/device.min.js?ver=7.2.5 HTTP/1.1" 200 1597 "https://view.lotushomemade.com/product/sou-mian_18-inch/" "Mozilla/5.0 (X11; Linux x86_64) AppleWebKit/537.36 (KHTML, like Gecko) Chrome/143.0.7499.169 Safari/537.36"
74.125.151.97 - - [11/Jan/2026:07:40:16 +0700] "GET /wp-content/themes/woodmart/css/parts/widget-nav.min.css?ver=7.2.5 HTTP/1.1" 200 583 "https://view.lotushomemade.com/product/sou-mian_18-inch/" "Mozilla/5.0 (X11; Linux x86_64) AppleWebKit/537.36 (KHTML, like Gecko) Chrome/143.0.7499.169 Safari/537.36"
74.125.151.97 - - [11/Jan/2026:07:40:17 +0700] "GET /wp-content/themes/woodmart/css/parts/woo-mod-stock-status.min.css?ver=7.2.5 HTTP/1.1" 200 789 "https://view.lotushomemade.com/product/sou-mian_18-inch/" "Mozilla/5.0 (X11; Linux x86_64) AppleWebKit/537.36 (KHTML, like Gecko) Chrome/143.0.7499.169 Safari/537.36"
74.125.151.97 - - [11/Jan/2026:07:40:19 +0700] "GET /wp-content/themes/woodmart/css/parts/header-el-search.min.css?ver=7.2.5 HTTP/1.1" 200 760 "https://view.lotushomemade.com/product/sou-mian_18-inch/" "Mozilla/5.0 (X11; Linux x86_64) AppleWebKit/537.36 (KHTML, like Gecko) Chrome/143.0.7499.169 Safari/537.36"
74.125.151.97 - - [11/Jan/2026:07:40:22 +0700] "GET /wp-content/themes/woodmart/css/parts/woo-single-prod-el-tabs-predefined.min.css?ver=7.2.5 HTTP/1.1" 200 867 "https://view.lotushomemade.com/product/sou-mian_18-inch/" "Mozilla/5.0 (X11; Linux x86_64) AppleWebKit/537.36 (KHTML, like Gecko) Chrome/143.0.7499.169 Safari/537.36"
74.125.151.97 - - [11/Jan/2026:07:40:25 +0700] "GET /wp-content/themes/woodmart/css/parts/woo-product-loop.min.css?ver=7.2.5 HTTP/1.1" 200 2119 "https://view.lotushomemade.com/product/sou-mian_18-inch/" "Mozilla/5.0 (X11; Linux x86_64) AppleWebKit/537.36 (KHTML, like Gecko) Chrome/143.0.7499.169 Safari/537.36"
74.125.151.97 - - [11/Jan/2026:07:40:26 +0700] "GET /wp-includes/js/jquery/jquery.min.js?ver=3.7.1 HTTP/1.1" 200 30196 "https://view.lotushomemade.com/product/sou-mian_18-inch/" "Mozilla/5.0 (X11; Linux x86_64) AppleWebKit/537.36 (KHTML, like Gecko) Chrome/143.0.7499.169 Safari/537.36"
74.125.151.97 - - [11/Jan/2026:07:40:27 +0700] "GET /wp-content/themes/woodmart/css/parts/opt-off-canvas-sidebar.min.css?ver=7.2.5 HTTP/1.1" 200 1049 "https://view.lotushomemade.com/product/sou-mian_18-inch/" "Mozilla/5.0 (X11; Linux x86_64) AppleWebKit/537.36 (KHTML, like Gecko) Chrome/143.0.7499.169 Safari/537.36"
74.125.151.97 - - [11/Jan/2026:07:40:27 +0700] "GET /wp-content/themes/woodmart/css/parts/mod-star-rating.min.css?ver=7.2.5 HTTP/1.1" 200 630 "https://view.lotushomemade.com/product/sou-mian_18-inch/" "Mozilla/5.0 (X11; Linux x86_64) AppleWebKit/537.36 (KHTML, like Gecko) Chrome/143.0.7499.169 Safari/537.36"
74.125.151.97 - - [11/Jan/2026:07:40:29 +0700] "GET /wp-content/themes/woodmart/css/parts/header-el-search-fullscreen-1.min.css?ver=7.2.5 HTTP/1.1" 200 1455 "https://view.lotushomemade.com/product/sou-mian_18-inch/" "Mozilla/5.0 (X11; Linux x86_64) AppleWebKit/537.36 (KHTML, like Gecko) Chrome/143.0.7499.169 Safari/537.36"
74.125.151.97 - - [11/Jan/2026:07:40:30 +0700] "GET /wp-content/themes/woodmart/css/parts/el-tabs.min.css?ver=7.2.5 HTTP/1.1" 200 1505 "https://view.lotushomemade.com/product/sou-mian_18-inch/" "Mozilla/5.0 (X11; Linux x86_64) AppleWebKit/537.36 (KHTML, like Gecko) Chrome/143.0.7499.169 Safari/537.36"
74.125.151.97 - - [11/Jan/2026:07:40:31 +0700] "GET /wp-content/themes/woodmart/css/parts/header-el-search-fullscreen-general.min.css?ver=7.2.5 HTTP/1.1" 200 1053 "https://view.lotushomemade.com/product/sou-mian_18-inch/" "Mozilla/5.0 (X11; Linux x86_64) AppleWebKit/537.36 (KHTML, like Gecko) Chrome/143.0.7499.169 Safari/537.36"
74.125.151.97 - - [11/Jan/2026:07:40:34 +0700] "GET /wp-content/themes/woodmart/css/parts/opt-promo-popup.min.css?ver=7.2.5 HTTP/1.1" 200 528 "https://view.lotushomemade.com/product/sou-mian_18-inch/" "Mozilla/5.0 (X11; Linux x86_64) AppleWebKit/537.36 (KHTML, like Gecko) Chrome/143.0.7499.169 Safari/537.36"
74.125.151.97 - - [11/Jan/2026:07:40:35 +0700] "GET /wp-content/themes/woodmart/css/parts/int-elem-base.min.css?ver=7.2.5 HTTP/1.1" 200 1395 "https://view.lotushomemade.com/product/sou-mian_18-inch/" "Mozilla/5.0 (X11; Linux x86_64) AppleWebKit/537.36 (KHTML, like Gecko) Chrome/143.0.7499.169 Safari/537.36"
74.125.151.97 - - [11/Jan/2026:07:40:39 +0700] "GET /wp-content/uploads/2023/10/xts-default_header-1698647828.css?ver=7.2.5 HTTP/1.1" 200 821 "https://view.lotushomemade.com/product/sou-mian_18-inch/" "Mozilla/5.0 (X11; Linux x86_64) AppleWebKit/537.36 (KHTML, like Gecko) Chrome/143.0.7499.169 Safari/537.36"
103.131.51.123 - - [11/Jan/2026:07:40:42 +0700] "POST /wp-cron.php?doing_wp_cron=1768092042.7180039882659912109375 HTTP/1.1" 200 474 "-" "WordPress/6.9; https://view.lotushomemade.com"
114.119.130.97 - - [11/Jan/2026:07:40:39 +0700] "GET /shop/page/30/?min_price=0&max_price=260&per_page=8&stock_status=onsale HTTP/1.1" 200 39610 "https://view.lotushomemade.com/shop/page/28/?min_price=0&max_price=260&per_page=8&stock_status=onsale" "Mozilla/5.0 (Linux; Android 7.0;) AppleWebKit/537.36 (KHTML, like Gecko) Mobile Safari/537.36 (compatible; PetalBot;+https://webmaster.petalsearch.com/site/petalbot)"
74.125.151.97 - - [11/Jan/2026:07:40:42 +0700] "GET /wp-content/uploads/2023/04/Motif.jpg HTTP/1.1" 200 37437 "https://view.lotushomemade.com/product/sou-mian_18-inch/" "Mozilla/5.0 (X11; Linux x86_64) AppleWebKit/537.36 (KHTML, like Gecko) Chrome/143.0.7499.169 Safari/537.36"
74.125.151.97 - - [11/Jan/2026:07:40:43 +0700] "GET /wp-content/themes/woodmart/css/parts/woo-prod-loop-fw-button.min.css?ver=7.2.5 HTTP/1.1" 200 1901 "https://view.lotushomemade.com/product/sou-mian_18-inch/" "Mozilla/5.0 (X11; Linux x86_64) AppleWebKit/537.36 (KHTML, like Gecko) Chrome/143.0.7499.169 Safari/537.36"
74.125.151.97 - - [11/Jan/2026:07:40:44 +0700] "GET /wp-content/themes/woodmart/css/parts/header-el-cart.min.css?ver=7.2.5 HTTP/1.1" 200 1013 "https://view.lotushomemade.com/product/sou-mian_18-inch/" "Mozilla/5.0 (X11; Linux x86_64) AppleWebKit/537.36 (KHTML, like Gecko) Chrome/143.0.7499.169 Safari/537.36"
74.125.151.97 - - [11/Jan/2026:07:40:45 +0700] "GET /wp-content/themes/woodmart/css/parts/woo-el-track-order.min.css?ver=7.2.5 HTTP/1.1" 200 792 "https://view.lotushomemade.com/product/sou-mian_18-inch/" "Mozilla/5.0 (X11; Linux x86_64) AppleWebKit/537.36 (KHTML, like Gecko) Chrome/143.0.7499.169 Safari/537.36"
74.125.151.97 - - [11/Jan/2026:07:40:46 +0700] "GET /wp-content/themes/woodmart/css/parts/woo-mod-login-form.min.css?ver=7.2.5 HTTP/1.1" 200 1027 "https://view.lotushomemade.com/product/sou-mian_18-inch/" "Mozilla/5.0 (X11; Linux x86_64) AppleWebKit/537.36 (KHTML, like Gecko) Chrome/143.0.7499.169 Safari/537.36"
74.125.151.97 - - [11/Jan/2026:07:40:47 +0700] "GET /wp-content/themes/woodmart/css/parts/mod-nav-menu-label.min.css?ver=7.2.5 HTTP/1.1" 200 795 "https://view.lotushomemade.com/product/sou-mian_18-inch/" "Mozilla/5.0 (X11; Linux x86_64) AppleWebKit/537.36 (KHTML, like Gecko) Chrome/143.0.7499.169 Safari/537.36"
74.125.151.97 - - [11/Jan/2026:07:40:48 +0700] "GET /wp-content/themes/woodmart/css/parts/footer-base.min.css?ver=7.2.5 HTTP/1.1" 200 799 "https://view.lotushomemade.com/product/sou-mian_18-inch/" "Mozilla/5.0 (X11; Linux x86_64) AppleWebKit/537.36 (KHTML, like Gecko) Chrome/143.0.7499.169 Safari/537.36"
74.125.151.97 - - [11/Jan/2026:07:40:51 +0700] "GET /wp-content/themes/woodmart/css/parts/header-base.min.css?ver=7.2.5 HTTP/1.1" 200 2788 "https://view.lotushomemade.com/product/sou-mian_18-inch/" "Mozilla/5.0 (X11; Linux x86_64) AppleWebKit/537.36 (KHTML, like Gecko) Chrome/143.0.7499.169 Safari/537.36"
74.125.151.97 - - [11/Jan/2026:07:40:51 +0700] "GET /wp-content/themes/woodmart/css/parts/woo-widget-shopping-cart.min.css?ver=7.2.5 HTTP/1.1" 200 1627 "https://view.lotushomemade.com/product/sou-mian_18-inch/" "Mozilla/5.0 (X11; Linux x86_64) AppleWebKit/537.36 (KHTML, like Gecko) Chrome/143.0.7499.169 Safari/537.36"
74.125.151.97 - - [11/Jan/2026:07:40:52 +0700] "GET /wp-content/themes/woodmart/css/parts/wd-search-form.min.css?ver=7.2.5 HTTP/1.1" 200 860 "https://view.lotushomemade.com/product/sou-mian_18-inch/" "Mozilla/5.0 (X11; Linux x86_64) AppleWebKit/537.36 (KHTML, like Gecko) Chrome/143.0.7499.169 Safari/537.36"
74.125.151.97 - - [11/Jan/2026:07:40:53 +0700] "GET /wp-content/themes/woodmart/css/parts/opt-scrolltotop.min.css?ver=7.2.5 HTTP/1.1" 200 957 "https://view.lotushomemade.com/product/sou-mian_18-inch/" "Mozilla/5.0 (X11; Linux x86_64) AppleWebKit/537.36 (KHTML, like Gecko) Chrome/143.0.7499.169 Safari/537.36"
74.125.151.97 - - [11/Jan/2026:07:40:54 +0700] "GET /wp-content/themes/woodmart/css/bootstrap-light.min.css?ver=7.2.5 HTTP/1.1" 200 1247 "https://view.lotushomemade.com/product/sou-mian_18-inch/" "Mozilla/5.0 (X11; Linux x86_64) AppleWebKit/537.36 (KHTML, like Gecko) Chrome/143.0.7499.169 Safari/537.36"
74.125.151.97 - - [11/Jan/2026:07:40:55 +0700] "GET /wp-content/themes/woodmart/css/parts/page-title.min.css?ver=7.2.5 HTTP/1.1" 200 634 "https://view.lotushomemade.com/product/sou-mian_18-inch/" "Mozilla/5.0 (X11; Linux x86_64) AppleWebKit/537.36 (KHTML, like Gecko) Chrome/143.0.7499.169 Safari/537.36"
74.125.151.97 - - [11/Jan/2026:07:40:55 +0700] "GET /wp-content/themes/woodmart/css/parts/woo-single-prod-el-tabs-opt-layout-tabs.min.css?ver=7.2.5 HTTP/1.1" 200 610 "https://view.lotushomemade.com/product/sou-mian_18-inch/" "Mozilla/5.0 (X11; Linux x86_64) AppleWebKit/537.36 (KHTML, like Gecko) Chrome/143.0.7499.169 Safari/537.36"
74.125.151.97 - - [11/Jan/2026:07:40:56 +0700] "GET /wp-content/themes/woodmart/css/parts/lib-owl-carousel.min.css?ver=7.2.5 HTTP/1.1" 200 1663 "https://view.lotushomemade.com/product/sou-mian_18-inch/" "Mozilla/5.0 (X11; Linux x86_64) AppleWebKit/537.36 (KHTML, like Gecko) Chrome/143.0.7499.169 Safari/537.36"
74.125.151.97 - - [11/Jan/2026:07:40:58 +0700] "GET /wp-content/themes/woodmart/css/parts/lib-magnific-popup.min.css?ver=7.2.5 HTTP/1.1" 200 1332 "https://view.lotushomemade.com/product/sou-mian_18-inch/" "Mozilla/5.0 (X11; Linux x86_64) AppleWebKit/537.36 (KHTML, like Gecko) Chrome/143.0.7499.169 Safari/537.36"
74.125.151.97 - - [11/Jan/2026:07:41:00 +0700] "GET /wp-content/themes/woodmart/css/parts/woocommerce-base.min.css?ver=7.2.5 HTTP/1.1" 200 1916 "https://view.lotushomemade.com/product/sou-mian_18-inch/" "Mozilla/5.0 (X11; Linux x86_64) AppleWebKit/537.36 (KHTML, like Gecko) Chrome/143.0.7499.169 Safari/537.36"
74.125.151.97 - - [11/Jan/2026:07:41:02 +0700] "GET /wp-content/themes/woodmart/css/parts/woo-widget-slider-price-filter.min.css?ver=7.2.5 HTTP/1.1" 200 1055 "https://view.lotushomemade.com/product/sou-mian_18-inch/" "Mozilla/5.0 (X11; Linux x86_64) AppleWebKit/537.36 (KHTML, like Gecko) Chrome/143.0.7499.169 Safari/537.36"
74.125.151.97 - - [11/Jan/2026:07:41:03 +0700] "GET /wp-content/themes/woodmart/css/parts/header-el-base.min.css?ver=7.2.5 HTTP/1.1" 200 1226 "https://view.lotushomemade.com/product/sou-mian_18-inch/" "Mozilla/5.0 (X11; Linux x86_64) AppleWebKit/537.36 (KHTML, like Gecko) Chrome/143.0.7499.169 Safari/537.36"
74.125.151.97 - - [11/Jan/2026:07:41:03 +0700] "GET /wp-content/uploads/2023/11/9CC293A71-1300x727.png HTTP/1.1" 200 898789 "https://view.lotushomemade.com/product/sou-mian_18-inch/" "Mozilla/5.0 (X11; Linux x86_64) AppleWebKit/537.36 (KHTML, like Gecko) Chrome/143.0.7499.169 Safari/537.36"
74.125.151.97 - - [11/Jan/2026:07:41:06 +0700] "GET /wp-content/themes/woodmart/css/parts/widget-wd-recent-posts.min.css?ver=7.2.5 HTTP/1.1" 200 868 "https://view.lotushomemade.com/product/sou-mian_18-inch/" "Mozilla/5.0 (X11; Linux x86_64) AppleWebKit/537.36 (KHTML, like Gecko) Chrome/143.0.7499.169 Safari/537.36"
74.125.151.97 - - [11/Jan/2026:07:41:06 +0700] "GET /wp-content/themes/woodmart/css/parts/int-wpcf7.min.css?ver=7.2.5 HTTP/1.1" 200 837 "https://view.lotushomemade.com/product/sou-mian_18-inch/" "Mozilla/5.0 (X11; Linux x86_64) AppleWebKit/537.36 (KHTML, like Gecko) Chrome/143.0.7499.169 Safari/537.36"
74.125.151.97 - - [11/Jan/2026:07:41:07 +0700] "GET /wp-content/uploads/elementor/css/post-17692.css?ver=1699455750 HTTP/1.1" 200 867 "https://view.lotushomemade.com/product/sou-mian_18-inch/" "Mozilla/5.0 (X11; Linux x86_64) AppleWebKit/537.36 (KHTML, like Gecko) Chrome/143.0.7499.169 Safari/537.36"
74.125.151.97 - - [11/Jan/2026:07:41:07 +0700] "GET /wp-content/themes/woodmart/css/parts/woo-mod-swatches-base.min.css?ver=7.2.5 HTTP/1.1" 200 1142 "https://view.lotushomemade.com/product/sou-mian_18-inch/" "Mozilla/5.0 (X11; Linux x86_64) AppleWebKit/537.36 (KHTML, like Gecko) Chrome/143.0.7499.169 Safari/537.36"
74.125.151.97 - - [11/Jan/2026:07:41:08 +0700] "GET /wp-content/themes/woodmart/css/parts/woo-mod-swatches-filter.min.css?ver=7.2.5 HTTP/1.1" 200 1006 "https://view.lotushomemade.com/product/sou-mian_18-inch/" "Mozilla/5.0 (X11; Linux x86_64) AppleWebKit/537.36 (KHTML, like Gecko) Chrome/143.0.7499.169 Safari/537.36"
74.125.151.97 - - [11/Jan/2026:07:41:09 +0700] "GET /wp-content/themes/woodmart/css/parts/woo-single-prod-el-gallery.min.css?ver=7.2.5 HTTP/1.1" 200 1526 "https://view.lotushomemade.com/product/sou-mian_18-inch/" "Mozilla/5.0 (X11; Linux x86_64) AppleWebKit/537.36 (KHTML, like Gecko) Chrome/143.0.7499.169 Safari/537.36"
74.125.151.97 - - [11/Jan/2026:07:41:10 +0700] "GET /wp-content/themes/woodmart/css/parts/header-el-my-account-dropdown.min.css?ver=7.2.5 HTTP/1.1" 200 676 "https://view.lotushomemade.com/product/sou-mian_18-inch/" "Mozilla/5.0 (X11; Linux x86_64) AppleWebKit/537.36 (KHTML, like Gecko) Chrome/143.0.7499.169 Safari/537.36"
74.125.151.97 - - [11/Jan/2026:07:41:11 +0700] "GET /wp-content/themes/woodmart/css/parts/mod-comments.min.css?ver=7.2.5 HTTP/1.1" 200 1472 "https://view.lotushomemade.com/product/sou-mian_18-inch/" "Mozilla/5.0 (X11; Linux x86_64) AppleWebKit/537.36 (KHTML, like Gecko) Chrome/143.0.7499.169 Safari/537.36"
74.125.151.97 - - [11/Jan/2026:07:41:12 +0700] "GET /wp-content/themes/woodmart/css/parts/woo-widget-product-list.min.css?ver=7.2.5 HTTP/1.1" 200 744 "https://view.lotushomemade.com/product/sou-mian_18-inch/" "Mozilla/5.0 (X11; Linux x86_64) AppleWebKit/537.36 (KHTML, like Gecko) Chrome/143.0.7499.169 Safari/537.36"
74.125.151.97 - - [11/Jan/2026:07:41:13 +0700] "GET /wp-content/plugins/revslider/public/assets/css/rs6.css?ver=6.6.18 HTTP/1.1" 200 12361 "https://view.lotushomemade.com/product/sou-mian_18-inch/" "Mozilla/5.0 (X11; Linux x86_64) AppleWebKit/537.36 (KHTML, like Gecko) Chrome/143.0.7499.169 Safari/537.36"
74.125.151.97 - - [11/Jan/2026:07:41:15 +0700] "GET /wp-content/themes/woodmart/css/parts/woo-single-prod-opt-base.min.css?ver=7.2.5 HTTP/1.1" 200 959 "https://view.lotushomemade.com/product/sou-mian_18-inch/" "Mozilla/5.0 (X11; Linux x86_64) AppleWebKit/537.36 (KHTML, like Gecko) Chrome/143.0.7499.169 Safari/537.36"
74.125.151.97 - - [11/Jan/2026:07:41:15 +0700] "GET /wp-content/themes/woodmart/css/parts/woo-mod-quantity.min.css?ver=7.2.5 HTTP/1.1" 200 850 "https://view.lotushomemade.com/product/sou-mian_18-inch/" "Mozilla/5.0 (X11; Linux x86_64) AppleWebKit/537.36 (KHTML, like Gecko) Chrome/143.0.7499.169 Safari/537.36"
74.125.151.97 - - [11/Jan/2026:07:41:22 +0700] "GET /wp-content/themes/woodmart/css/parts/el-gallery.min.css?ver=7.2.5 HTTP/1.1" 200 869 "https://view.lotushomemade.com/product/sou-mian_18-inch/" "Mozilla/5.0 (X11; Linux x86_64) AppleWebKit/537.36 (KHTML, like Gecko) Chrome/143.0.7499.169 Safari/537.36"
74.125.151.97 - - [11/Jan/2026:07:41:23 +0700] "GET /wp-content/themes/woodmart/css/parts/el-social-icons.min.css?ver=7.2.5 HTTP/1.1" 200 1519 "https://view.lotushomemade.com/product/sou-mian_18-inch/" "Mozilla/5.0 (X11; Linux x86_64) AppleWebKit/537.36 (KHTML, like Gecko) Chrome/143.0.7499.169 Safari/537.36"
74.125.151.97 - - [11/Jan/2026:07:41:26 +0700] "GET /wp-content/themes/woodmart/css/parts/woo-widget-wd-layered-nav.min.css?ver=7.2.5 HTTP/1.1" 200 929 "https://view.lotushomemade.com/product/sou-mian_18-inch/" "Mozilla/5.0 (X11; Linux x86_64) AppleWebKit/537.36 (KHTML, like Gecko) Chrome/143.0.7499.169 Safari/537.36"
74.125.151.97 - - [11/Jan/2026:07:41:27 +0700] "GET /wp-content/themes/woodmart/css/parts/lib-photoswipe.min.css?ver=7.2.5 HTTP/1.1" 200 2119 "https://view.lotushomemade.com/product/sou-mian_18-inch/" "Mozilla/5.0 (X11; Linux x86_64) AppleWebKit/537.36 (KHTML, like Gecko) Chrome/143.0.7499.169 Safari/537.36"
74.125.151.97 - - [11/Jan/2026:07:41:29 +0700] "GET /wp-content/uploads/2023/04/BN_01.jpg HTTP/1.1" 200 113389 "https://view.lotushomemade.com/product/sou-mian_18-inch/" "Mozilla/5.0 (X11; Linux x86_64) AppleWebKit/537.36 (KHTML, like Gecko) Chrome/143.0.7499.169 Safari/537.36"
74.125.151.97 - - [11/Jan/2026:07:41:30 +0700] "GET /wp-content/uploads/elementor/css/post-15484.css?ver=1699455750 HTTP/1.1" 200 784 "https://view.lotushomemade.com/product/sou-mian_18-inch/" "Mozilla/5.0 (X11; Linux x86_64) AppleWebKit/537.36 (KHTML, like Gecko) Chrome/143.0.7499.169 Safari/537.36"
74.125.151.97 - - [11/Jan/2026:07:41:31 +0700] "GET /wp-content/uploads/elementor/css/post-726.css?ver=1699460976 HTTP/1.1" 200 624 "https://view.lotushomemade.com/product/sou-mian_18-inch/" "Mozilla/5.0 (X11; Linux x86_64) AppleWebKit/537.36 (KHTML, like Gecko) Chrome/143.0.7499.169 Safari/537.36"
74.125.151.97 - - [11/Jan/2026:07:41:32 +0700] "GET /wp-content/uploads/elementor/css/post-16719.css?ver=1699460976 HTTP/1.1" 200 555 "https://view.lotushomemade.com/product/sou-mian_18-inch/" "Mozilla/5.0 (X11; Linux x86_64) AppleWebKit/537.36 (KHTML, like Gecko) Chrome/143.0.7499.169 Safari/537.36"
74.125.151.97 - - [11/Jan/2026:07:41:33 +0700] "GET /wp-content/uploads/elementor/css/post-17452.css?ver=1699455750 HTTP/1.1" 200 551 "https://view.lotushomemade.com/product/sou-mian_18-inch/" "Mozilla/5.0 (X11; Linux x86_64) AppleWebKit/537.36 (KHTML, like Gecko) Chrome/143.0.7499.169 Safari/537.36"
74.125.151.97 - - [11/Jan/2026:07:41:34 +0700] "GET /wp-content/uploads/elementor/css/post-420.css?ver=1699455750 HTTP/1.1" 200 828 "https://view.lotushomemade.com/product/sou-mian_18-inch/" "Mozilla/5.0 (X11; Linux x86_64) AppleWebKit/537.36 (KHTML, like Gecko) Chrome/143.0.7499.169 Safari/537.36"
74.125.151.97 - - [11/Jan/2026:07:41:35 +0700] "GET /wp-content/plugins/contact-form-7/includes/js/index.js?ver=5.8.1 HTTP/1.1" 200 4545 "https://view.lotushomemade.com/product/sou-mian_18-inch/" "Mozilla/5.0 (X11; Linux x86_64) AppleWebKit/537.36 (KHTML, like Gecko) Chrome/143.0.7499.169 Safari/537.36"
74.125.151.97 - - [11/Jan/2026:07:41:35 +0700] "GET /wp-content/uploads/elementor/css/post-15500.css?ver=1699455750 HTTP/1.1" 200 850 "https://view.lotushomemade.com/product/sou-mian_18-inch/" "Mozilla/5.0 (X11; Linux x86_64) AppleWebKit/537.36 (KHTML, like Gecko) Chrome/143.0.7499.169 Safari/537.36"
74.125.151.97 - - [11/Jan/2026:07:41:36 +0700] "GET /wp-content/uploads/elementor/css/post-16730.css?ver=1699455750 HTTP/1.1" 200 617 "https://view.lotushomemade.com/product/sou-mian_18-inch/" "Mozilla/5.0 (X11; Linux x86_64) AppleWebKit/537.36 (KHTML, like Gecko) Chrome/143.0.7499.169 Safari/537.36"
74.125.151.97 - - [11/Jan/2026:07:41:36 +0700] "GET /wp-content/uploads/2023/04/9CC293A7-1300x727.png HTTP/1.1" 200 774916 "https://view.lotushomemade.com/product/sou-mian_18-inch/" "Mozilla/5.0 (X11; Linux x86_64) AppleWebKit/537.36 (KHTML, like Gecko) Chrome/143.0.7499.169 Safari/537.36"
74.125.151.97 - - [11/Jan/2026:07:41:39 +0700] "GET /wp-content/uploads/elementor/css/post-15508.css?ver=1699455750 HTTP/1.1" 200 849 "https://view.lotushomemade.com/product/sou-mian_18-inch/" "Mozilla/5.0 (X11; Linux x86_64) AppleWebKit/537.36 (KHTML, like Gecko) Chrome/143.0.7499.169 Safari/537.36"
74.125.151.97 - - [11/Jan/2026:07:41:40 +0700] "GET /wp-content/plugins/revslider/public/assets/fonts/font-awesome/css/font-awesome.css HTTP/1.1" 200 7263 "https://view.lotushomemade.com/product/sou-mian_18-inch/" "Mozilla/5.0 (X11; Linux x86_64) AppleWebKit/537.36 (KHTML, like Gecko) Chrome/143.0.7499.169 Safari/537.36"
74.125.151.97 - - [11/Jan/2026:07:41:41 +0700] "GET /wp-content/uploads/elementor/css/post-228.css?ver=1699455750 HTTP/1.1" 200 688 "https://view.lotushomemade.com/product/sou-mian_18-inch/" "Mozilla/5.0 (X11; Linux x86_64) AppleWebKit/537.36 (KHTML, like Gecko) Chrome/143.0.7499.169 Safari/537.36"
74.125.151.97 - - [11/Jan/2026:07:41:41 +0700] "GET /wp-content/uploads/elementor/css/post-6614.css?ver=1699455751 HTTP/1.1" 200 873 "https://view.lotushomemade.com/product/sou-mian_18-inch/" "Mozilla/5.0 (X11; Linux x86_64) AppleWebKit/537.36 (KHTML, like Gecko) Chrome/143.0.7499.169 Safari/537.36"
74.125.151.97 - - [11/Jan/2026:07:41:42 +0700] "GET /wp-content/themes/woodmart/js/scripts/wc/updateCartFragmentsFix.js?ver=7.2.5 HTTP/1.1" 200 979 "https://view.lotushomemade.com/product/sou-mian_18-inch/" "Mozilla/5.0 (X11; Linux x86_64) AppleWebKit/537.36 (KHTML, like Gecko) Chrome/143.0.7499.169 Safari/537.36"
74.125.151.97 - - [11/Jan/2026:07:41:42 +0700] "GET /wp-content/plugins/contact-form-7/includes/swv/js/index.js?ver=5.8.1 HTTP/1.1" 200 3474 "https://view.lotushomemade.com/product/sou-mian_18-inch/" "Mozilla/5.0 (X11; Linux x86_64) AppleWebKit/537.36 (KHTML, like Gecko) Chrome/143.0.7499.169 Safari/537.36"
74.125.151.97 - - [11/Jan/2026:07:41:46 +0700] "GET /wp-content/uploads/elementor/css/post-714.css?ver=1699455750 HTTP/1.1" 200 1013 "https://view.lotushomemade.com/product/sou-mian_18-inch/" "Mozilla/5.0 (X11; Linux x86_64) AppleWebKit/537.36 (KHTML, like Gecko) Chrome/143.0.7499.169 Safari/537.36"
74.125.151.97 - - [11/Jan/2026:07:41:48 +0700] "GET /wp-content/plugins/woocommerce/assets/js/frontend/woocommerce.min.js?ver=8.2.1 HTTP/1.1" 200 1132 "https://view.lotushomemade.com/product/sou-mian_18-inch/" "Mozilla/5.0 (X11; Linux x86_64) AppleWebKit/537.36 (KHTML, like Gecko) Chrome/143.0.7499.169 Safari/537.36"
74.125.151.97 - - [11/Jan/2026:07:41:48 +0700] "GET /wp-content/plugins/elementor/assets/js/webpack.runtime.min.js?ver=3.17.3 HTTP/1.1" 200 2523 "https://view.lotushomemade.com/product/sou-mian_18-inch/" "Mozilla/5.0 (X11; Linux x86_64) AppleWebKit/537.36 (KHTML, like Gecko) Chrome/143.0.7499.169 Safari/537.36"
74.125.151.97 - - [11/Jan/2026:07:41:49 +0700] "GET /wp-content/themes/woodmart/js/scripts/global/scrollBar.min.js?ver=7.2.5 HTTP/1.1" 200 557 "https://view.lotushomemade.com/product/sou-mian_18-inch/" "Mozilla/5.0 (X11; Linux x86_64) AppleWebKit/537.36 (KHTML, like Gecko) Chrome/143.0.7499.169 Safari/537.36"
103.131.51.123 - - [11/Jan/2026:07:42:06 +0700] "POST /wp-cron.php?doing_wp_cron=1768092126.8292551040649414062500 HTTP/1.1" 200 474 "-" "WordPress/6.9; https://view.lotushomemade.com"
114.119.150.215 - - [11/Jan/2026:07:42:04 +0700] "GET /shop/page/30/?max_price=1050&stock_status=instock,onsale&shop_view=grid&per_row=2 HTTP/1.1" 301 636 "https://view.lotushomemade.com/shop?max_price=1050&stock_status=instock%2Consale&shop_view=grid&per_row=2" "Mozilla/5.0 (Linux; Android 7.0;) AppleWebKit/537.36 (KHTML, like Gecko) Mobile Safari/537.36 (compatible; PetalBot;+https://webmaster.petalsearch.com/site/petalbot)"
114.119.150.215 - - [11/Jan/2026:07:42:07 +0700] "GET /shop/page/30/?max_price=1050&stock_status=instock,onsale&shop_view=grid&per_row=2 HTTP/1.1" 301 636 "https://view.lotushomemade.com/shop?max_price=1050&stock_status=instock%2Consale&shop_view=grid&per_row=2" "Mozilla/5.0 (Linux; Android 7.0;) AppleWebKit/537.36 (KHTML, like Gecko) Mobile Safari/537.36 (compatible; PetalBot;+https://webmaster.petalsearch.com/site/petalbot)"
114.119.150.215 - - [11/Jan/2026:07:42:07 +0700] "GET /shop/page/30/?max_price=1050&stock_status=instock,onsale&shop_view=grid&per_row=2 HTTP/1.1" 301 636 "https://view.lotushomemade.com/shop?max_price=1050&stock_status=instock%2Consale&shop_view=grid&per_row=2" "Mozilla/5.0 (Linux; Android 7.0;) AppleWebKit/537.36 (KHTML, like Gecko) Mobile Safari/537.36 (compatible; PetalBot;+https://webmaster.petalsearch.com/site/petalbot)"
114.119.150.215 - - [11/Jan/2026:07:42:08 +0700] "GET /shop/page/30/?max_price=1050&stock_status=instock,onsale&shop_view=grid&per_row=2 HTTP/1.1" 301 636 "https://view.lotushomemade.com/shop?max_price=1050&stock_status=instock%2Consale&shop_view=grid&per_row=2" "Mozilla/5.0 (Linux; Android 7.0;) AppleWebKit/537.36 (KHTML, like Gecko) Mobile Safari/537.36 (compatible; PetalBot;+https://webmaster.petalsearch.com/site/petalbot)"
114.119.150.215 - - [11/Jan/2026:07:42:08 +0700] "GET /shop/page/30/?max_price=1050&stock_status=instock,onsale&shop_view=grid&per_row=2 HTTP/1.1" 301 636 "https://view.lotushomemade.com/shop?max_price=1050&stock_status=instock%2Consale&shop_view=grid&per_row=2" "Mozilla/5.0 (Linux; Android 7.0;) AppleWebKit/537.36 (KHTML, like Gecko) Mobile Safari/537.36 (compatible; PetalBot;+https://webmaster.petalsearch.com/site/petalbot)"
114.119.150.215 - - [11/Jan/2026:07:42:09 +0700] "GET /shop/page/30/?max_price=1050&stock_status=instock,onsale&shop_view=grid&per_row=2 HTTP/1.1" 301 636 "https://view.lotushomemade.com/shop?max_price=1050&stock_status=instock%2Consale&shop_view=grid&per_row=2" "Mozilla/5.0 (Linux; Android 7.0;) AppleWebKit/537.36 (KHTML, like Gecko) Mobile Safari/537.36 (compatible; PetalBot;+https://webmaster.petalsearch.com/site/petalbot)"
114.119.150.215 - - [11/Jan/2026:07:42:09 +0700] "GET /shop/page/30/?max_price=1050&stock_status=instock,onsale&shop_view=grid&per_row=2 HTTP/1.1" 301 636 "https://view.lotushomemade.com/shop?max_price=1050&stock_status=instock%2Consale&shop_view=grid&per_row=2" "Mozilla/5.0 (Linux; Android 7.0;) AppleWebKit/537.36 (KHTML, like Gecko) Mobile Safari/537.36 (compatible; PetalBot;+https://webmaster.petalsearch.com/site/petalbot)"
114.119.150.215 - - [11/Jan/2026:07:42:10 +0700] "GET /shop/page/30/?max_price=1050&stock_status=instock,onsale&shop_view=grid&per_row=2 HTTP/1.1" 301 636 "https://view.lotushomemade.com/shop?max_price=1050&stock_status=instock%2Consale&shop_view=grid&per_row=2" "Mozilla/5.0 (Linux; Android 7.0;) AppleWebKit/537.36 (KHTML, like Gecko) Mobile Safari/537.36 (compatible; PetalBot;+https://webmaster.petalsearch.com/site/petalbot)"
114.119.150.215 - - [11/Jan/2026:07:42:10 +0700] "GET /shop/page/30/?max_price=1050&stock_status=instock,onsale&shop_view=grid&per_row=2 HTTP/1.1" 301 636 "https://view.lotushomemade.com/shop?max_price=1050&stock_status=instock%2Consale&shop_view=grid&per_row=2" "Mozilla/5.0 (Linux; Android 7.0;) AppleWebKit/537.36 (KHTML, like Gecko) Mobile Safari/537.36 (compatible; PetalBot;+https://webmaster.petalsearch.com/site/petalbot)"
114.119.150.215 - - [11/Jan/2026:07:42:11 +0700] "GET /shop/page/30/?max_price=1050&stock_status=instock,onsale&shop_view=grid&per_row=2 HTTP/1.1" 301 636 "https://view.lotushomemade.com/shop?max_price=1050&stock_status=instock%2Consale&shop_view=grid&per_row=2" "Mozilla/5.0 (Linux; Android 7.0;) AppleWebKit/537.36 (KHTML, like Gecko) Mobile Safari/537.36 (compatible; PetalBot;+https://webmaster.petalsearch.com/site/petalbot)"
103.131.51.123 - - [11/Jan/2026:07:43:33 +0700] "POST /wp-cron.php?doing_wp_cron=1768092213.6830489635467529296875 HTTP/1.1" 200 474 "-" "WordPress/6.9; https://view.lotushomemade.com"
114.119.130.97 - - [11/Jan/2026:07:43:29 +0700] "GET /shop/page/3/?stock_status=onsale&per_row=6&shop_view=grid&per_page=24 HTTP/1.1" 200 42616 "https://view.lotushomemade.com/shop/page/3?stock_status=onsale&per_row=6&shop_view=grid&per_page=24" "Mozilla/5.0 (Linux; Android 7.0;) AppleWebKit/537.36 (KHTML, like Gecko) Mobile Safari/537.36 (compatible; PetalBot;+https://webmaster.petalsearch.com/site/petalbot)"
103.131.51.123 - - [11/Jan/2026:07:44:55 +0700] "POST /wp-cron.php?doing_wp_cron=1768092295.5206429958343505859375 HTTP/1.1" 200 474 "-" "WordPress/6.9; https://view.lotushomemade.com"
114.119.149.78 - - [11/Jan/2026:07:44:51 +0700] "GET /shop/page/3/?stock_status=onsale&per_page=8&shop_view=grid&per_row=6 HTTP/1.1" 200 39413 "https://view.lotushomemade.com/shop/page/6/?stock_status=onsale&per_page=8&shop_view=grid&per_row=6" "Mozilla/5.0 (Linux; Android 7.0;) AppleWebKit/537.36 (KHTML, like Gecko) Mobile Safari/537.36 (compatible; PetalBot;+https://webmaster.petalsearch.com/site/petalbot)"
103.131.51.123 - - [11/Jan/2026:07:46:17 +0700] "POST /wp-cron.php?doing_wp_cron=1768092377.6931979656219482421875 HTTP/1.1" 200 474 "-" "WordPress/6.9; https://view.lotushomemade.com"
114.119.150.215 - - [11/Jan/2026:07:46:13 +0700] "GET /shop/page/3/?orderby=rating&stock_status=onsale&per_row=2&shop_view=grid HTTP/1.1" 200 39955 "https://view.lotushomemade.com/shop/page/31/?orderby=rating&stock_status=onsale&per_row=2&shop_view=grid" "Mozilla/5.0 (Linux; Android 7.0;) AppleWebKit/537.36 (KHTML, like Gecko) Mobile Safari/537.36 (compatible; PetalBot;+https://webmaster.petalsearch.com/site/petalbot)"
103.131.51.123 - - [11/Jan/2026:07:47:39 +0700] "POST /wp-cron.php?doing_wp_cron=1768092459.6252028942108154296875 HTTP/1.1" 200 474 "-" "WordPress/6.9; https://view.lotushomemade.com"
114.119.150.215 - - [11/Jan/2026:07:47:37 +0700] "GET /shop/page/3/?orderby=rating&stock_status=instock,onsale&per_row=4&shop_view=grid HTTP/1.1" 301 635 "https://view.lotushomemade.com/shop/?orderby=rating&stock_status=instock%2Consale&per_row=4&shop_view=grid" "Mozilla/5.0 (Linux; Android 7.0;) AppleWebKit/537.36 (KHTML, like Gecko) Mobile Safari/537.36 (compatible; PetalBot;+https://webmaster.petalsearch.com/site/petalbot)"
114.119.150.215 - - [11/Jan/2026:07:47:40 +0700] "GET /shop/page/3/?orderby=rating&stock_status=instock,onsale&per_row=4&shop_view=grid HTTP/1.1" 301 635 "https://view.lotushomemade.com/shop/?orderby=rating&stock_status=instock%2Consale&per_row=4&shop_view=grid" "Mozilla/5.0 (Linux; Android 7.0;) AppleWebKit/537.36 (KHTML, like Gecko) Mobile Safari/537.36 (compatible; PetalBot;+https://webmaster.petalsearch.com/site/petalbot)"
114.119.150.215 - - [11/Jan/2026:07:47:40 +0700] "GET /shop/page/3/?orderby=rating&stock_status=instock,onsale&per_row=4&shop_view=grid HTTP/1.1" 301 635 "https://view.lotushomemade.com/shop/?orderby=rating&stock_status=instock%2Consale&per_row=4&shop_view=grid" "Mozilla/5.0 (Linux; Android 7.0;) AppleWebKit/537.36 (KHTML, like Gecko) Mobile Safari/537.36 (compatible; PetalBot;+https://webmaster.petalsearch.com/site/petalbot)"
114.119.150.215 - - [11/Jan/2026:07:47:41 +0700] "GET /shop/page/3/?orderby=rating&stock_status=instock,onsale&per_row=4&shop_view=grid HTTP/1.1" 301 635 "https://view.lotushomemade.com/shop/?orderby=rating&stock_status=instock%2Consale&per_row=4&shop_view=grid" "Mozilla/5.0 (Linux; Android 7.0;) AppleWebKit/537.36 (KHTML, like Gecko) Mobile Safari/537.36 (compatible; PetalBot;+https://webmaster.petalsearch.com/site/petalbot)"
114.119.150.215 - - [11/Jan/2026:07:47:43 +0700] "GET /shop/page/3/?orderby=rating&stock_status=instock,onsale&per_row=4&shop_view=grid HTTP/1.1" 301 635 "https://view.lotushomemade.com/shop/?orderby=rating&stock_status=instock%2Consale&per_row=4&shop_view=grid" "Mozilla/5.0 (Linux; Android 7.0;) AppleWebKit/537.36 (KHTML, like Gecko) Mobile Safari/537.36 (compatible; PetalBot;+https://webmaster.petalsearch.com/site/petalbot)"
114.119.150.215 - - [11/Jan/2026:07:47:44 +0700] "GET /shop/page/3/?orderby=rating&stock_status=instock,onsale&per_row=4&shop_view=grid HTTP/1.1" 301 635 "https://view.lotushomemade.com/shop/?orderby=rating&stock_status=instock%2Consale&per_row=4&shop_view=grid" "Mozilla/5.0 (Linux; Android 7.0;) AppleWebKit/537.36 (KHTML, like Gecko) Mobile Safari/537.36 (compatible; PetalBot;+https://webmaster.petalsearch.com/site/petalbot)"
114.119.150.215 - - [11/Jan/2026:07:47:44 +0700] "GET /shop/page/3/?orderby=rating&stock_status=instock,onsale&per_row=4&shop_view=grid HTTP/1.1" 301 635 "https://view.lotushomemade.com/shop/?orderby=rating&stock_status=instock%2Consale&per_row=4&shop_view=grid" "Mozilla/5.0 (Linux; Android 7.0;) AppleWebKit/537.36 (KHTML, like Gecko) Mobile Safari/537.36 (compatible; PetalBot;+https://webmaster.petalsearch.com/site/petalbot)"
114.119.150.215 - - [11/Jan/2026:07:47:45 +0700] "GET /shop/page/3/?orderby=rating&stock_status=instock,onsale&per_row=4&shop_view=grid HTTP/1.1" 301 635 "https://view.lotushomemade.com/shop/?orderby=rating&stock_status=instock%2Consale&per_row=4&shop_view=grid" "Mozilla/5.0 (Linux; Android 7.0;) AppleWebKit/537.36 (KHTML, like Gecko) Mobile Safari/537.36 (compatible; PetalBot;+https://webmaster.petalsearch.com/site/petalbot)"
114.119.150.215 - - [11/Jan/2026:07:47:46 +0700] "GET /shop/page/3/?orderby=rating&stock_status=instock,onsale&per_row=4&shop_view=grid HTTP/1.1" 301 635 "https://view.lotushomemade.com/shop/?orderby=rating&stock_status=instock%2Consale&per_row=4&shop_view=grid" "Mozilla/5.0 (Linux; Android 7.0;) AppleWebKit/537.36 (KHTML, like Gecko) Mobile Safari/537.36 (compatible; PetalBot;+https://webmaster.petalsearch.com/site/petalbot)"
114.119.150.215 - - [11/Jan/2026:07:47:47 +0700] "GET /shop/page/3/?orderby=rating&stock_status=instock,onsale&per_row=4&shop_view=grid HTTP/1.1" 301 635 "https://view.lotushomemade.com/shop/?orderby=rating&stock_status=instock%2Consale&per_row=4&shop_view=grid" "Mozilla/5.0 (Linux; Android 7.0;) AppleWebKit/537.36 (KHTML, like Gecko) Mobile Safari/537.36 (compatible; PetalBot;+https://webmaster.petalsearch.com/site/petalbot)"
103.131.51.123 - - [11/Jan/2026:07:49:10 +0700] "POST /wp-cron.php?doing_wp_cron=1768092550.6876549720764160156250 HTTP/1.1" 200 474 "-" "WordPress/6.9; https://view.lotushomemade.com"
114.119.156.27 - - [11/Jan/2026:07:49:06 +0700] "GET /shop/page/3/?orderby=price&per_row=4&per_page=24&shop_view=grid HTTP/1.1" 200 42417 "https://view.lotushomemade.com/shop?orderby=price&per_row=4&per_page=24&shop_view=grid" "Mozilla/5.0 (Linux; Android 7.0;) AppleWebKit/537.36 (KHTML, like Gecko) Mobile Safari/537.36 (compatible; PetalBot;+https://webmaster.petalsearch.com/site/petalbot)"
103.131.51.123 - - [11/Jan/2026:07:50:28 +0700] "POST /wp-cron.php?doing_wp_cron=1768092628.6842679977416992187500 HTTP/1.1" 200 474 "-" "WordPress/6.9; https://view.lotushomemade.com"
114.119.150.215 - - [11/Jan/2026:07:50:25 +0700] "GET /shop/page/3/?orderby=price&per_page=8&stock_status=onsale HTTP/1.1" 200 39228 "https://view.lotushomemade.com/shop/page/31/?orderby=price&per_page=8&stock_status=onsale" "Mozilla/5.0 (Linux; Android 7.0;) AppleWebKit/537.36 (KHTML, like Gecko) Mobile Safari/537.36 (compatible; PetalBot;+https://webmaster.petalsearch.com/site/petalbot)"
103.131.51.123 - - [11/Jan/2026:07:51:52 +0700] "POST /wp-cron.php?doing_wp_cron=1768092712.2308619022369384765625 HTTP/1.1" 200 474 "-" "WordPress/6.9; https://view.lotushomemade.com"
114.119.150.215 - - [11/Jan/2026:07:51:48 +0700] "GET /shop/page/3/?orderby=date&per_row=4&shop_view=grid&per_page=24 HTTP/1.1" 200 42046 "https://view.lotushomemade.com/shop/page/5/?orderby=date&per_row=4&shop_view=grid&per_page=24" "Mozilla/5.0 (Linux; Android 7.0;) AppleWebKit/537.36 (KHTML, like Gecko) Mobile Safari/537.36 (compatible; PetalBot;+https://webmaster.petalsearch.com/site/petalbot)"
103.131.51.123 - - [11/Jan/2026:07:53:16 +0700] "POST /wp-cron.php?doing_wp_cron=1768092796.3020861148834228515625 HTTP/1.1" 200 474 "-" "WordPress/6.9; https://view.lotushomemade.com"
114.119.148.197 - - [11/Jan/2026:07:53:12 +0700] "GET /shop/page/3/?orderby=date&per_row=4&per_page=8&shop_view=grid HTTP/1.1" 200 39196 "https://view.lotushomemade.com/shop/page/42/?orderby=date&per_row=4&per_page=8&shop_view=grid" "Mozilla/5.0 (Linux; Android 7.0;) AppleWebKit/537.36 (KHTML, like Gecko) Mobile Safari/537.36 (compatible; PetalBot;+https://webmaster.petalsearch.com/site/petalbot)"
103.131.51.123 - - [11/Jan/2026:07:54:39 +0700] "POST /wp-cron.php?doing_wp_cron=1768092879.1427550315856933593750 HTTP/1.1" 200 474 "-" "WordPress/6.9; https://view.lotushomemade.com"
114.119.149.78 - - [11/Jan/2026:07:54:35 +0700] "GET /shop/page/3/?orderby=date&per_page=8&shop_view=grid&per_row=2 HTTP/1.1" 200 39192 "https://view.lotushomemade.com/shop/page/48/?orderby=date&per_page=8&shop_view=grid&per_row=2" "Mozilla/5.0 (Linux; Android 7.0;) AppleWebKit/537.36 (KHTML, like Gecko) Mobile Safari/537.36 (compatible; PetalBot;+https://webmaster.petalsearch.com/site/petalbot)"
103.131.51.123 - - [11/Jan/2026:07:56:03 +0700] "POST /wp-cron.php?doing_wp_cron=1768092963.8794670104980468750000 HTTP/1.1" 200 474 "-" "WordPress/6.9; https://view.lotushomemade.com"
114.119.149.78 - - [11/Jan/2026:07:56:00 +0700] "GET /shop/page/3/?min_price=0&stock_status=onsale&per_row=4&shop_view=grid HTTP/1.1" 200 40018 "https://view.lotushomemade.com/shop/page/22/?min_price=0&stock_status=onsale&per_row=4&shop_view=grid" "Mozilla/5.0 (Linux; Android 7.0;) AppleWebKit/537.36 (KHTML, like Gecko) Mobile Safari/537.36 (compatible; PetalBot;+https://webmaster.petalsearch.com/site/petalbot)"
103.131.51.123 - - [11/Jan/2026:07:57:28 +0700] "POST /wp-cron.php?doing_wp_cron=1768093047.7791900634765625000000 HTTP/1.1" 200 474 "-" "WordPress/6.9; https://view.lotushomemade.com"
114.119.156.27 - - [11/Jan/2026:07:57:24 +0700] "GET /shop/page/3/?min_price=0&per_page=18&stock_status=instock HTTP/1.1" 200 41481 "https://view.lotushomemade.com/shop/page/19/?min_price=0&per_page=18&stock_status=instock" "Mozilla/5.0 (Linux; Android 7.0;) AppleWebKit/537.36 (KHTML, like Gecko) Mobile Safari/537.36 (compatible; PetalBot;+https://webmaster.petalsearch.com/site/petalbot)"
103.131.51.123 - - [11/Jan/2026:07:58:49 +0700] "POST /wp-cron.php?doing_wp_cron=1768093129.1914880275726318359375 HTTP/1.1" 200 474 "-" "WordPress/6.9; https://view.lotushomemade.com"
114.119.130.97 - - [11/Jan/2026:07:58:46 +0700] "GET /shop/page/2?per_page=24&shop_view=grid&per_row=6 HTTP/1.1" 301 648 "https://view.lotushomemade.com/shop/?per_page=24&shop_view=grid&per_row=6" "Mozilla/5.0 (Linux; Android 7.0;) AppleWebKit/537.36 (KHTML, like Gecko) Mobile Safari/537.36 (compatible; PetalBot;+https://webmaster.petalsearch.com/site/petalbot)"
114.119.130.97 - - [11/Jan/2026:07:58:49 +0700] "GET /shop/page/2/?per_page=24&shop_view=grid&per_row=6 HTTP/1.1" 200 42656 "https://view.lotushomemade.com/shop/?per_page=24&shop_view=grid&per_row=6" "Mozilla/5.0 (Linux; Android 7.0;) AppleWebKit/537.36 (KHTML, like Gecko) Mobile Safari/537.36 (compatible; PetalBot;+https://webmaster.petalsearch.com/site/petalbot)"
103.131.51.123 - - [11/Jan/2026:08:00:12 +0700] "POST /wp-cron.php?doing_wp_cron=1768093212.8705179691314697265625 HTTP/1.1" 200 474 "-" "WordPress/6.9; https://view.lotushomemade.com"
114.119.151.206 - - [11/Jan/2026:08:00:10 +0700] "GET /shop/page/2?orderby=rating&per_page=12&stock_status=onsale HTTP/1.1" 301 570 "https://view.lotushomemade.com/shop/page/6?orderby=rating&per_page=12&stock_status=onsale" "Mozilla/5.0 (Linux; Android 7.0;) AppleWebKit/537.36 (KHTML, like Gecko) Mobile Safari/537.36 (compatible; PetalBot;+https://webmaster.petalsearch.com/site/petalbot)"
114.119.151.206 - - [11/Jan/2026:08:00:12 +0700] "GET /shop/page/2/?orderby=rating&per_page=12&stock_status=onsale HTTP/1.1" 200 40434 "https://view.lotushomemade.com/shop/page/6?orderby=rating&per_page=12&stock_status=onsale" "Mozilla/5.0 (Linux; Android 7.0;) AppleWebKit/537.36 (KHTML, like Gecko) Mobile Safari/537.36 (compatible; PetalBot;+https://webmaster.petalsearch.com/site/petalbot)"
103.131.51.123 - - [11/Jan/2026:08:01:36 +0700] "POST /wp-cron.php?doing_wp_cron=1768093296.2562019824981689453125 HTTP/1.1" 200 474 "-" "WordPress/6.9; https://view.lotushomemade.com"
114.119.148.197 - - [11/Jan/2026:08:01:33 +0700] "GET /shop/page/2?min_price=0&shop_view=grid&per_row=2 HTTP/1.1" 301 602 "https://view.lotushomemade.com/shop/?min_price=0&shop_view=grid&per_row=2" "Mozilla/5.0 (Linux; Android 7.0;) AppleWebKit/537.36 (KHTML, like Gecko) Mobile Safari/537.36 (compatible; PetalBot;+https://webmaster.petalsearch.com/site/petalbot)"
114.119.148.197 - - [11/Jan/2026:08:01:36 +0700] "GET /shop/page/2/?min_price=0&shop_view=grid&per_row=2 HTTP/1.1" 200 40526 "https://view.lotushomemade.com/shop/?min_price=0&shop_view=grid&per_row=2" "Mozilla/5.0 (Linux; Android 7.0;) AppleWebKit/537.36 (KHTML, like Gecko) Mobile Safari/537.36 (compatible; PetalBot;+https://webmaster.petalsearch.com/site/petalbot)"
103.131.51.123 - - [11/Jan/2026:08:03:01 +0700] "POST /wp-cron.php?doing_wp_cron=1768093381.3226718902587890625000 HTTP/1.1" 200 474 "-" "WordPress/6.9; https://view.lotushomemade.com"
114.119.130.97 - - [11/Jan/2026:08:02:59 +0700] "GET /shop/page/2?min_price=0&max_price=260&per_page=18&stock_status=instock HTTP/1.1" 301 582 "https://view.lotushomemade.com/shop/page/4?min_price=0&max_price=260&per_page=18&stock_status=instock" "Mozilla/5.0 (Linux; Android 7.0;) AppleWebKit/537.36 (KHTML, like Gecko) Mobile Safari/537.36 (compatible; PetalBot;+https://webmaster.petalsearch.com/site/petalbot)"
114.119.130.97 - - [11/Jan/2026:08:03:02 +0700] "GET /shop/page/2/?min_price=0&max_price=260&per_page=18&stock_status=instock HTTP/1.1" 200 41753 "https://view.lotushomemade.com/shop/page/4?min_price=0&max_price=260&per_page=18&stock_status=instock" "Mozilla/5.0 (Linux; Android 7.0;) AppleWebKit/537.36 (KHTML, like Gecko) Mobile Safari/537.36 (compatible; PetalBot;+https://webmaster.petalsearch.com/site/petalbot)"
103.131.51.123 - - [11/Jan/2026:08:04:23 +0700] "POST /wp-cron.php?doing_wp_cron=1768093463.2106339931488037109375 HTTP/1.1" 200 474 "-" "WordPress/6.9; https://view.lotushomemade.com"
114.119.151.206 - - [11/Jan/2026:08:04:20 +0700] "GET /shop/page/2?max_price=520&per_row=6&shop_view=grid HTTP/1.1" 301 604 "https://view.lotushomemade.com/shop?max_price=520&per_row=6&shop_view=grid" "Mozilla/5.0 (Linux; Android 7.0;) AppleWebKit/537.36 (KHTML, like Gecko) Mobile Safari/537.36 (compatible; PetalBot;+https://webmaster.petalsearch.com/site/petalbot)"
114.119.151.206 - - [11/Jan/2026:08:04:23 +0700] "GET /shop/page/2/?max_price=520&per_row=6&shop_view=grid HTTP/1.1" 200 40725 "https://view.lotushomemade.com/shop?max_price=520&per_row=6&shop_view=grid" "Mozilla/5.0 (Linux; Android 7.0;) AppleWebKit/537.36 (KHTML, like Gecko) Mobile Safari/537.36 (compatible; PetalBot;+https://webmaster.petalsearch.com/site/petalbot)"
103.131.51.123 - - [11/Jan/2026:08:05:49 +0700] "POST /wp-cron.php?doing_wp_cron=1768093549.6563360691070556640625 HTTP/1.1" 200 474 "-" "WordPress/6.9; https://view.lotushomemade.com"
114.119.150.215 - - [11/Jan/2026:08:05:47 +0700] "GET /shop/page/2?max_price=1040&per_row=6&shop_view=grid&per_page=24 HTTP/1.1" 301 663 "https://view.lotushomemade.com/shop/page/5?max_price=1040&per_row=6&shop_view=grid&per_page=24" "Mozilla/5.0 (Linux; Android 7.0;) AppleWebKit/537.36 (KHTML, like Gecko) Mobile Safari/537.36 (compatible; PetalBot;+https://webmaster.petalsearch.com/site/petalbot)"
114.119.150.215 - - [11/Jan/2026:08:05:49 +0700] "GET /shop/page/2/?max_price=1040&per_row=6&shop_view=grid&per_page=24 HTTP/1.1" 200 42979 "https://view.lotushomemade.com/shop/page/5?max_price=1040&per_row=6&shop_view=grid&per_page=24" "Mozilla/5.0 (Linux; Android 7.0;) AppleWebKit/537.36 (KHTML, like Gecko) Mobile Safari/537.36 (compatible; PetalBot;+https://webmaster.petalsearch.com/site/petalbot)"
103.131.51.123 - - [11/Jan/2026:08:07:11 +0700] "POST /wp-cron.php?doing_wp_cron=1768093631.8392510414123535156250 HTTP/1.1" 200 474 "-" "WordPress/6.9; https://view.lotushomemade.com"
114.119.145.110 - - [11/Jan/2026:08:07:09 +0700] "GET /shop/page/2?max_price=1040&per_row=4&per_page=24&shop_view=grid HTTP/1.1" 301 663 "https://view.lotushomemade.com/shop/?max_price=1040&per_row=4&per_page=24&shop_view=grid" "Mozilla/5.0 (Linux; Android 7.0;) AppleWebKit/537.36 (KHTML, like Gecko) Mobile Safari/537.36 (compatible; PetalBot;+https://webmaster.petalsearch.com/site/petalbot)"
114.119.145.110 - - [11/Jan/2026:08:07:11 +0700] "GET /shop/page/2/?max_price=1040&per_row=4&per_page=24&shop_view=grid HTTP/1.1" 200 43121 "https://view.lotushomemade.com/shop/?max_price=1040&per_row=4&per_page=24&shop_view=grid" "Mozilla/5.0 (Linux; Android 7.0;) AppleWebKit/537.36 (KHTML, like Gecko) Mobile Safari/537.36 (compatible; PetalBot;+https://webmaster.petalsearch.com/site/petalbot)"
103.131.51.123 - - [11/Jan/2026:08:08:36 +0700] "POST /wp-cron.php?doing_wp_cron=1768093716.7041299343109130859375 HTTP/1.1" 200 474 "-" "WordPress/6.9; https://view.lotushomemade.com"
114.119.149.78 - - [11/Jan/2026:08:08:33 +0700] "GET /shop/page/29/?orderby=rating&per_page=8&stock_status=instock HTTP/1.1" 200 39163 "https://view.lotushomemade.com/shop/page/28/?orderby=rating&per_page=8&stock_status=instock" "Mozilla/5.0 (Linux; Android 7.0;) AppleWebKit/537.36 (KHTML, like Gecko) Mobile Safari/537.36 (compatible; PetalBot;+https://webmaster.petalsearch.com/site/petalbot)"
114.119.149.78 - - [11/Jan/2026:08:09:56 +0700] "GET /shop/page/29/?orderby=price&stock_status=instock&shop_view=grid&per_row=4 HTTP/1.1" 200 39955 "https://view.lotushomemade.com/shop/page/29/?orderby=price&stock_status=instock&shop_view=grid&per_row=4" "Mozilla/5.0 (Linux; Android 7.0;) AppleWebKit/537.36 (KHTML, like Gecko) Mobile Safari/537.36 (compatible; PetalBot;+https://webmaster.petalsearch.com/site/petalbot)"
103.131.51.123 - - [11/Jan/2026:08:11:23 +0700] "POST /wp-cron.php?doing_wp_cron=1768093883.3275640010833740234375 HTTP/1.1" 200 474 "-" "WordPress/6.9; https://view.lotushomemade.com"
114.119.142.208 - - [11/Jan/2026:08:11:19 +0700] "GET /shop/page/28/?orderby=rating&per_row=2&per_page=8&shop_view=grid HTTP/1.1" 200 39280 "https://view.lotushomemade.com/shop/page/26/?orderby=rating&per_row=2&per_page=8&shop_view=grid" "Mozilla/5.0 (Linux; Android 7.0;) AppleWebKit/537.36 (KHTML, like Gecko) Mobile Safari/537.36 (compatible; PetalBot;+https://webmaster.petalsearch.com/site/petalbot)"
103.131.51.123 - - [11/Jan/2026:08:12:47 +0700] "POST /wp-cron.php?doing_wp_cron=1768093967.3767490386962890625000 HTTP/1.1" 200 474 "-" "WordPress/6.9; https://view.lotushomemade.com"
114.119.130.97 - - [11/Jan/2026:08:12:43 +0700] "GET /shop/page/28/?orderby=price&shop_view=grid&per_row=6 HTTP/1.1" 200 40192 "https://view.lotushomemade.com/shop/page/25/?orderby=price&shop_view=grid&per_row=6" "Mozilla/5.0 (Linux; Android 7.0;) AppleWebKit/537.36 (KHTML, like Gecko) Mobile Safari/537.36 (compatible; PetalBot;+https://webmaster.petalsearch.com/site/petalbot)"
103.131.51.123 - - [11/Jan/2026:08:14:10 +0700] "POST /wp-cron.php?doing_wp_cron=1768094050.9094860553741455078125 HTTP/1.1" 200 474 "-" "WordPress/6.9; https://view.lotushomemade.com"
114.119.130.97 - - [11/Jan/2026:08:14:07 +0700] "GET /shop/page/28/?max_price=780&stock_status=onsale&shop_view=grid&per_row=6 HTTP/1.1" 200 40377 "https://view.lotushomemade.com/shop/page/28/?max_price=780&stock_status=onsale&shop_view=grid&per_row=6" "Mozilla/5.0 (Linux; Android 7.0;) AppleWebKit/537.36 (KHTML, like Gecko) Mobile Safari/537.36 (compatible; PetalBot;+https://webmaster.petalsearch.com/site/petalbot)"
103.131.51.123 - - [11/Jan/2026:08:15:37 +0700] "POST /wp-cron.php?doing_wp_cron=1768094137.2666859626770019531250 HTTP/1.1" 200 474 "-" "WordPress/6.9; https://view.lotushomemade.com"
114.119.130.97 - - [11/Jan/2026:08:15:33 +0700] "GET /shop/page/28/?max_price=780&per_row=2&shop_view=grid&stock_status=onsale HTTP/1.1" 200 40375 "https://view.lotushomemade.com/shop/page/25/?max_price=780&per_row=2&shop_view=grid&stock_status=onsale" "Mozilla/5.0 (Linux; Android 7.0;) AppleWebKit/537.36 (KHTML, like Gecko) Mobile Safari/537.36 (compatible; PetalBot;+https://webmaster.petalsearch.com/site/petalbot)"
114.119.130.97 - - [11/Jan/2026:08:16:54 +0700] "GET /shop/page/28/?max_price=1040&per_row=6&shop_view=grid HTTP/1.1" 200 40289 "https://view.lotushomemade.com/shop/page/25/?max_price=1040&per_row=6&shop_view=grid" "Mozilla/5.0 (Linux; Android 7.0;) AppleWebKit/537.36 (KHTML, like Gecko) Mobile Safari/537.36 (compatible; PetalBot;+https://webmaster.petalsearch.com/site/petalbot)"
