114.119.142.208 - - [10/Jan/2026:21:35:29 +0700] "GET /shop/page/31/?min_price=0&stock_status=instock,onsale&per_row=2&shop_view=grid HTTP/1.1" 301 633 "https://view.lotushomemade.com/shop?min_price=0&stock_status=instock%2Consale&per_row=2&shop_view=grid" "Mozilla/5.0 (Linux; Android 7.0;) AppleWebKit/537.36 (KHTML, like Gecko) Mobile Safari/537.36 (compatible; PetalBot;+https://webmaster.petalsearch.com/site/petalbot)"
114.119.142.208 - - [10/Jan/2026:21:35:29 +0700] "GET /shop/page/31/?min_price=0&stock_status=instock,onsale&per_row=2&shop_view=grid HTTP/1.1" 301 633 "https://view.lotushomemade.com/shop?min_price=0&stock_status=instock%2Consale&per_row=2&shop_view=grid" "Mozilla/5.0 (Linux; Android 7.0;) AppleWebKit/537.36 (KHTML, like Gecko) Mobile Safari/537.36 (compatible; PetalBot;+https://webmaster.petalsearch.com/site/petalbot)"
114.119.142.208 - - [10/Jan/2026:21:35:30 +0700] "GET /shop/page/31/?min_price=0&stock_status=instock,onsale&per_row=2&shop_view=grid HTTP/1.1" 301 633 "https://view.lotushomemade.com/shop?min_price=0&stock_status=instock%2Consale&per_row=2&shop_view=grid" "Mozilla/5.0 (Linux; Android 7.0;) AppleWebKit/537.36 (KHTML, like Gecko) Mobile Safari/537.36 (compatible; PetalBot;+https://webmaster.petalsearch.com/site/petalbot)"
114.119.142.208 - - [10/Jan/2026:21:35:30 +0700] "GET /shop/page/31/?min_price=0&stock_status=instock,onsale&per_row=2&shop_view=grid HTTP/1.1" 301 633 "https://view.lotushomemade.com/shop?min_price=0&stock_status=instock%2Consale&per_row=2&shop_view=grid" "Mozilla/5.0 (Linux; Android 7.0;) AppleWebKit/537.36 (KHTML, like Gecko) Mobile Safari/537.36 (compatible; PetalBot;+https://webmaster.petalsearch.com/site/petalbot)"
114.119.142.208 - - [10/Jan/2026:21:35:31 +0700] "GET /shop/page/31/?min_price=0&stock_status=instock,onsale&per_row=2&shop_view=grid HTTP/1.1" 301 633 "https://view.lotushomemade.com/shop?min_price=0&stock_status=instock%2Consale&per_row=2&shop_view=grid" "Mozilla/5.0 (Linux; Android 7.0;) AppleWebKit/537.36 (KHTML, like Gecko) Mobile Safari/537.36 (compatible; PetalBot;+https://webmaster.petalsearch.com/site/petalbot)"
114.119.142.208 - - [10/Jan/2026:21:35:31 +0700] "GET /shop/page/31/?min_price=0&stock_status=instock,onsale&per_row=2&shop_view=grid HTTP/1.1" 301 633 "https://view.lotushomemade.com/shop?min_price=0&stock_status=instock%2Consale&per_row=2&shop_view=grid" "Mozilla/5.0 (Linux; Android 7.0;) AppleWebKit/537.36 (KHTML, like Gecko) Mobile Safari/537.36 (compatible; PetalBot;+https://webmaster.petalsearch.com/site/petalbot)"
114.119.142.208 - - [10/Jan/2026:21:35:32 +0700] "GET /shop/page/31/?min_price=0&stock_status=instock,onsale&per_row=2&shop_view=grid HTTP/1.1" 301 633 "https://view.lotushomemade.com/shop?min_price=0&stock_status=instock%2Consale&per_row=2&shop_view=grid" "Mozilla/5.0 (Linux; Android 7.0;) AppleWebKit/537.36 (KHTML, like Gecko) Mobile Safari/537.36 (compatible; PetalBot;+https://webmaster.petalsearch.com/site/petalbot)"
103.131.51.123 - - [10/Jan/2026:21:35:33 +0700] "POST /wp-cron.php?doing_wp_cron=1768055733.2590329647064208984375 HTTP/1.1" 200 474 "-" "WordPress/6.9; https://view.lotushomemade.com"
114.119.142.208 - - [10/Jan/2026:21:35:32 +0700] "GET /shop/page/31/?min_price=0&stock_status=instock,onsale&per_row=2&shop_view=grid HTTP/1.1" 301 633 "https://view.lotushomemade.com/shop?min_price=0&stock_status=instock%2Consale&per_row=2&shop_view=grid" "Mozilla/5.0 (Linux; Android 7.0;) AppleWebKit/537.36 (KHTML, like Gecko) Mobile Safari/537.36 (compatible; PetalBot;+https://webmaster.petalsearch.com/site/petalbot)"
103.131.51.123 - - [10/Jan/2026:21:36:53 +0700] "POST /wp-cron.php?doing_wp_cron=1768055813.7428979873657226562500 HTTP/1.1" 200 474 "-" "WordPress/6.9; https://view.lotushomemade.com"
114.119.142.208 - - [10/Jan/2026:21:36:50 +0700] "GET /shop/page/30/?orderby=rating&stock_status=onsale&shop_view=grid&per_row=4 HTTP/1.1" 200 39457 "https://view.lotushomemade.com/shop/page/26/?orderby=rating&stock_status=onsale&shop_view=grid&per_row=4" "Mozilla/5.0 (Linux; Android 7.0;) AppleWebKit/537.36 (KHTML, like Gecko) Mobile Safari/537.36 (compatible; PetalBot;+https://webmaster.petalsearch.com/site/petalbot)"
103.131.51.123 - - [10/Jan/2026:21:38:19 +0700] "POST /wp-cron.php?doing_wp_cron=1768055899.8046879768371582031250 HTTP/1.1" 200 474 "-" "WordPress/6.9; https://view.lotushomemade.com"
114.119.142.208 - - [10/Jan/2026:21:38:17 +0700] "GET /shop/page/2?orderby=price&per_row=6&shop_view=grid&stock_status=instock,onsale HTTP/1.1" 301 634 "https://view.lotushomemade.com/shop/?orderby=price&per_row=6&shop_view=grid&stock_status=instock%2Consale" "Mozilla/5.0 (Linux; Android 7.0;) AppleWebKit/537.36 (KHTML, like Gecko) Mobile Safari/537.36 (compatible; PetalBot;+https://webmaster.petalsearch.com/site/petalbot)"
114.119.142.208 - - [10/Jan/2026:21:38:20 +0700] "GET /shop/page/2/?orderby=price&per_row=6&shop_view=grid&stock_status=instock,onsale HTTP/1.1" 301 634 "https://view.lotushomemade.com/shop/?orderby=price&per_row=6&shop_view=grid&stock_status=instock%2Consale" "Mozilla/5.0 (Linux; Android 7.0;) AppleWebKit/537.36 (KHTML, like Gecko) Mobile Safari/537.36 (compatible; PetalBot;+https://webmaster.petalsearch.com/site/petalbot)"
114.119.142.208 - - [10/Jan/2026:21:38:21 +0700] "GET /shop/page/2/?orderby=price&per_row=6&shop_view=grid&stock_status=instock,onsale HTTP/1.1" 301 634 "https://view.lotushomemade.com/shop/?orderby=price&per_row=6&shop_view=grid&stock_status=instock%2Consale" "Mozilla/5.0 (Linux; Android 7.0;) AppleWebKit/537.36 (KHTML, like Gecko) Mobile Safari/537.36 (compatible; PetalBot;+https://webmaster.petalsearch.com/site/petalbot)"
114.119.142.208 - - [10/Jan/2026:21:38:22 +0700] "GET /shop/page/2/?orderby=price&per_row=6&shop_view=grid&stock_status=instock,onsale HTTP/1.1" 301 634 "https://view.lotushomemade.com/shop/?orderby=price&per_row=6&shop_view=grid&stock_status=instock%2Consale" "Mozilla/5.0 (Linux; Android 7.0;) AppleWebKit/537.36 (KHTML, like Gecko) Mobile Safari/537.36 (compatible; PetalBot;+https://webmaster.petalsearch.com/site/petalbot)"
114.119.142.208 - - [10/Jan/2026:21:38:23 +0700] "GET /shop/page/2/?orderby=price&per_row=6&shop_view=grid&stock_status=instock,onsale HTTP/1.1" 301 634 "https://view.lotushomemade.com/shop/?orderby=price&per_row=6&shop_view=grid&stock_status=instock%2Consale" "Mozilla/5.0 (Linux; Android 7.0;) AppleWebKit/537.36 (KHTML, like Gecko) Mobile Safari/537.36 (compatible; PetalBot;+https://webmaster.petalsearch.com/site/petalbot)"
114.119.142.208 - - [10/Jan/2026:21:38:24 +0700] "GET /shop/page/2/?orderby=price&per_row=6&shop_view=grid&stock_status=instock,onsale HTTP/1.1" 301 634 "https://view.lotushomemade.com/shop/?orderby=price&per_row=6&shop_view=grid&stock_status=instock%2Consale" "Mozilla/5.0 (Linux; Android 7.0;) AppleWebKit/537.36 (KHTML, like Gecko) Mobile Safari/537.36 (compatible; PetalBot;+https://webmaster.petalsearch.com/site/petalbot)"
114.119.142.208 - - [10/Jan/2026:21:38:25 +0700] "GET /shop/page/2/?orderby=price&per_row=6&shop_view=grid&stock_status=instock,onsale HTTP/1.1" 301 634 "https://view.lotushomemade.com/shop/?orderby=price&per_row=6&shop_view=grid&stock_status=instock%2Consale" "Mozilla/5.0 (Linux; Android 7.0;) AppleWebKit/537.36 (KHTML, like Gecko) Mobile Safari/537.36 (compatible; PetalBot;+https://webmaster.petalsearch.com/site/petalbot)"
114.119.142.208 - - [10/Jan/2026:21:38:26 +0700] "GET /shop/page/2/?orderby=price&per_row=6&shop_view=grid&stock_status=instock,onsale HTTP/1.1" 301 634 "https://view.lotushomemade.com/shop/?orderby=price&per_row=6&shop_view=grid&stock_status=instock%2Consale" "Mozilla/5.0 (Linux; Android 7.0;) AppleWebKit/537.36 (KHTML, like Gecko) Mobile Safari/537.36 (compatible; PetalBot;+https://webmaster.petalsearch.com/site/petalbot)"
114.119.142.208 - - [10/Jan/2026:21:38:26 +0700] "GET /shop/page/2/?orderby=price&per_row=6&shop_view=grid&stock_status=instock,onsale HTTP/1.1" 301 634 "https://view.lotushomemade.com/shop/?orderby=price&per_row=6&shop_view=grid&stock_status=instock%2Consale" "Mozilla/5.0 (Linux; Android 7.0;) AppleWebKit/537.36 (KHTML, like Gecko) Mobile Safari/537.36 (compatible; PetalBot;+https://webmaster.petalsearch.com/site/petalbot)"
114.119.142.208 - - [10/Jan/2026:21:38:27 +0700] "GET /shop/page/2/?orderby=price&per_row=6&shop_view=grid&stock_status=instock,onsale HTTP/1.1" 301 634 "https://view.lotushomemade.com/shop/?orderby=price&per_row=6&shop_view=grid&stock_status=instock%2Consale" "Mozilla/5.0 (Linux; Android 7.0;) AppleWebKit/537.36 (KHTML, like Gecko) Mobile Safari/537.36 (compatible; PetalBot;+https://webmaster.petalsearch.com/site/petalbot)"
103.131.51.123 - - [10/Jan/2026:21:39:39 +0700] "POST /wp-cron.php?doing_wp_cron=1768055979.6606509685516357421875 HTTP/1.1" 200 474 "-" "WordPress/6.9; https://view.lotushomemade.com"
114.119.130.97 - - [10/Jan/2026:21:39:37 +0700] "GET /shop/page/27/?max_price=1040&stock_status=onsale&shop_view=grid&per_row=2 HTTP/1.1" 200 40365 "https://view.lotushomemade.com/shop/page/25/?max_price=1040&stock_status=onsale&shop_view=grid&per_row=2" "Mozilla/5.0 (Linux; Android 7.0;) AppleWebKit/537.36 (KHTML, like Gecko) Mobile Safari/537.36 (compatible; PetalBot;+https://webmaster.petalsearch.com/site/petalbot)"
103.131.51.123 - - [10/Jan/2026:21:41:04 +0700] "POST /wp-cron.php?doing_wp_cron=1768056064.6165730953216552734375 HTTP/1.1" 200 474 "-" "WordPress/6.9; https://view.lotushomemade.com"
114.119.149.78 - - [10/Jan/2026:21:41:00 +0700] "GET /shop/page/26/?min_price=0&max_price=260 HTTP/1.1" 200 40015 "https://view.lotushomemade.com/shop/page/24/?min_price=0&max_price=260" "Mozilla/5.0 (Linux; Android 7.0;) AppleWebKit/537.36 (KHTML, like Gecko) Mobile Safari/537.36 (compatible; PetalBot;+https://webmaster.petalsearch.com/site/petalbot)"
103.131.51.123 - - [10/Jan/2026:21:42:27 +0700] "POST /wp-cron.php?doing_wp_cron=1768056147.9377191066741943359375 HTTP/1.1" 200 474 "-" "WordPress/6.9; https://view.lotushomemade.com"
114.119.145.110 - - [10/Jan/2026:21:42:24 +0700] "GET /shop/page/25/?per_page=12 HTTP/1.1" 200 39850 "https://view.lotushomemade.com/shop/page/28/?per_page=12" "Mozilla/5.0 (Linux; Android 7.0;) AppleWebKit/537.36 (KHTML, like Gecko) Mobile Safari/537.36 (compatible; PetalBot;+https://webmaster.petalsearch.com/site/petalbot)"
103.131.51.123 - - [10/Jan/2026:21:43:54 +0700] "POST /wp-cron.php?doing_wp_cron=1768056234.0162351131439208984375 HTTP/1.1" 200 474 "-" "WordPress/6.9; https://view.lotushomemade.com"
114.119.156.27 - - [10/Jan/2026:21:43:50 +0700] "GET /shop/page/23/?orderby=price&stock_status=instock&per_row=4&shop_view=grid HTTP/1.1" 200 40136 "https://view.lotushomemade.com/shop/page/24/?orderby=price&stock_status=instock&per_row=4&shop_view=grid" "Mozilla/5.0 (Linux; Android 7.0;) AppleWebKit/537.36 (KHTML, like Gecko) Mobile Safari/537.36 (compatible; PetalBot;+https://webmaster.petalsearch.com/site/petalbot)"
103.131.51.123 - - [10/Jan/2026:21:45:18 +0700] "POST /wp-cron.php?doing_wp_cron=1768056318.7950780391693115234375 HTTP/1.1" 200 474 "-" "WordPress/6.9; https://view.lotushomemade.com"
114.119.130.97 - - [10/Jan/2026:21:45:15 +0700] "GET /shop/page/21/?orderby=date&stock_status=instock HTTP/1.1" 200 39395 "https://view.lotushomemade.com/shop/page/22/?orderby=date&stock_status=instock" "Mozilla/5.0 (Linux; Android 7.0;) AppleWebKit/537.36 (KHTML, like Gecko) Mobile Safari/537.36 (compatible; PetalBot;+https://webmaster.petalsearch.com/site/petalbot)"
103.131.51.123 - - [10/Jan/2026:21:46:39 +0700] "POST /wp-cron.php?doing_wp_cron=1768056399.6984789371490478515625 HTTP/1.1" 200 474 "-" "WordPress/6.9; https://view.lotushomemade.com"
114.119.142.208 - - [10/Jan/2026:21:46:36 +0700] "GET /shop/page/2/?orderby=popularity&per_page=24&stock_status=onsale HTTP/1.1" 200 42574 "https://view.lotushomemade.com/shop/page/6?orderby=popularity&per_page=24&stock_status=onsale" "Mozilla/5.0 (Linux; Android 7.0;) AppleWebKit/537.36 (KHTML, like Gecko) Mobile Safari/537.36 (compatible; PetalBot;+https://webmaster.petalsearch.com/site/petalbot)"
103.131.51.123 - - [10/Jan/2026:21:48:03 +0700] "POST /wp-cron.php?doing_wp_cron=1768056483.6962080001831054687500 HTTP/1.1" 200 474 "-" "WordPress/6.9; https://view.lotushomemade.com"
114.119.151.206 - - [10/Jan/2026:21:47:59 +0700] "GET /shop/page/2/?orderby=date&per_page=24&shop_view=grid&per_row=4 HTTP/1.1" 200 42663 "https://view.lotushomemade.com/shop/page/5/?orderby=date&per_page=24&shop_view=grid&per_row=4" "Mozilla/5.0 (Linux; Android 7.0;) AppleWebKit/537.36 (KHTML, like Gecko) Mobile Safari/537.36 (compatible; PetalBot;+https://webmaster.petalsearch.com/site/petalbot)"
103.131.51.123 - - [10/Jan/2026:21:48:42 +0700] "POST /wp-cron.php?doing_wp_cron=1768056522.1904330253601074218750 HTTP/1.1" 200 474 "-" "WordPress/6.9; https://view.lotushomemade.com"
52.167.144.220 - - [10/Jan/2026:21:48:40 +0700] "GET /product/chips-fish-ball_8142-xl/ HTTP/2" 200 35952 "-" "Mozilla/5.0 AppleWebKit/537.36 (KHTML, like Gecko; compatible; bingbot/2.0; +http://www.bing.com/bingbot.htm) Chrome/116.0.1938.76 Safari/537.36"
114.119.142.208 - - [10/Jan/2026:21:49:22 +0700] "GET /shop?min_price=0&max_price=260&per_row=6&shop_view=grid HTTP/1.1" 301 609 "https://view.lotushomemade.com/shop/page/4?min_price=0&max_price=260&per_row=6&shop_view=grid" "Mozilla/5.0 (Linux; Android 7.0;) AppleWebKit/537.36 (KHTML, like Gecko) Mobile Safari/537.36 (compatible; PetalBot;+https://webmaster.petalsearch.com/site/petalbot)"
114.119.142.208 - - [10/Jan/2026:21:49:24 +0700] "GET /shop/?min_price=0&max_price=260&per_row=6&shop_view=grid HTTP/1.1" 200 41193 "https://view.lotushomemade.com/shop/page/4?min_price=0&max_price=260&per_row=6&shop_view=grid" "Mozilla/5.0 (Linux; Android 7.0;) AppleWebKit/537.36 (KHTML, like Gecko) Mobile Safari/537.36 (compatible; PetalBot;+https://webmaster.petalsearch.com/site/petalbot)"
103.131.51.123 - - [10/Jan/2026:21:50:49 +0700] "POST /wp-cron.php?doing_wp_cron=1768056649.2331540584564208984375 HTTP/1.1" 200 474 "-" "WordPress/6.9; https://view.lotushomemade.com"
114.119.151.206 - - [10/Jan/2026:21:50:45 +0700] "GET /shop/page/5/?min_price=0&per_page=18&stock_status=onsale HTTP/1.1" 200 40817 "https://view.lotushomemade.com/shop/page/3/?min_price=0&per_page=18&stock_status=onsale" "Mozilla/5.0 (Linux; Android 7.0;) AppleWebKit/537.36 (KHTML, like Gecko) Mobile Safari/537.36 (compatible; PetalBot;+https://webmaster.petalsearch.com/site/petalbot)"
103.131.51.123 - - [10/Jan/2026:21:52:13 +0700] "POST /wp-cron.php?doing_wp_cron=1768056733.7138519287109375000000 HTTP/1.1" 200 474 "-" "WordPress/6.9; https://view.lotushomemade.com"
114.119.145.110 - - [10/Jan/2026:21:52:10 +0700] "GET /shop/page/47/?per_row=4&per_page=8&shop_view=grid HTTP/1.1" 200 39492 "https://view.lotushomemade.com/shop/page/7/?per_row=4&per_page=8&shop_view=grid" "Mozilla/5.0 (Linux; Android 7.0;) AppleWebKit/537.36 (KHTML, like Gecko) Mobile Safari/537.36 (compatible; PetalBot;+https://webmaster.petalsearch.com/site/petalbot)"
103.131.51.123 - - [10/Jan/2026:21:53:36 +0700] "POST /wp-cron.php?doing_wp_cron=1768056816.0211589336395263671875 HTTP/1.1" 200 474 "-" "WordPress/6.9; https://view.lotushomemade.com"
114.119.149.78 - - [10/Jan/2026:21:53:33 +0700] "GET /shop/page/32/?orderby=popularity&stock_status=instock,onsale&per_page=12 HTTP/1.1" 301 585 "https://view.lotushomemade.com/shop?orderby=popularity&stock_status=instock%2Consale&per_page=12" "Mozilla/5.0 (Linux; Android 7.0;) AppleWebKit/537.36 (KHTML, like Gecko) Mobile Safari/537.36 (compatible; PetalBot;+https://webmaster.petalsearch.com/site/petalbot)"
114.119.149.78 - - [10/Jan/2026:21:53:38 +0700] "GET /shop/page/32/?orderby=popularity&stock_status=instock,onsale&per_page=12 HTTP/1.1" 301 585 "https://view.lotushomemade.com/shop?orderby=popularity&stock_status=instock%2Consale&per_page=12" "Mozilla/5.0 (Linux; Android 7.0;) AppleWebKit/537.36 (KHTML, like Gecko) Mobile Safari/537.36 (compatible; PetalBot;+https://webmaster.petalsearch.com/site/petalbot)"
114.119.149.78 - - [10/Jan/2026:21:53:39 +0700] "GET /shop/page/32/?orderby=popularity&stock_status=instock,onsale&per_page=12 HTTP/1.1" 301 585 "https://view.lotushomemade.com/shop?orderby=popularity&stock_status=instock%2Consale&per_page=12" "Mozilla/5.0 (Linux; Android 7.0;) AppleWebKit/537.36 (KHTML, like Gecko) Mobile Safari/537.36 (compatible; PetalBot;+https://webmaster.petalsearch.com/site/petalbot)"
114.119.149.78 - - [10/Jan/2026:21:53:39 +0700] "GET /shop/page/32/?orderby=popularity&stock_status=instock,onsale&per_page=12 HTTP/1.1" 301 585 "https://view.lotushomemade.com/shop?orderby=popularity&stock_status=instock%2Consale&per_page=12" "Mozilla/5.0 (Linux; Android 7.0;) AppleWebKit/537.36 (KHTML, like Gecko) Mobile Safari/537.36 (compatible; PetalBot;+https://webmaster.petalsearch.com/site/petalbot)"
114.119.149.78 - - [10/Jan/2026:21:53:40 +0700] "GET /shop/page/32/?orderby=popularity&stock_status=instock,onsale&per_page=12 HTTP/1.1" 301 585 "https://view.lotushomemade.com/shop?orderby=popularity&stock_status=instock%2Consale&per_page=12" "Mozilla/5.0 (Linux; Android 7.0;) AppleWebKit/537.36 (KHTML, like Gecko) Mobile Safari/537.36 (compatible; PetalBot;+https://webmaster.petalsearch.com/site/petalbot)"
114.119.149.78 - - [10/Jan/2026:21:53:40 +0700] "GET /shop/page/32/?orderby=popularity&stock_status=instock,onsale&per_page=12 HTTP/1.1" 301 585 "https://view.lotushomemade.com/shop?orderby=popularity&stock_status=instock%2Consale&per_page=12" "Mozilla/5.0 (Linux; Android 7.0;) AppleWebKit/537.36 (KHTML, like Gecko) Mobile Safari/537.36 (compatible; PetalBot;+https://webmaster.petalsearch.com/site/petalbot)"
114.119.149.78 - - [10/Jan/2026:21:53:41 +0700] "GET /shop/page/32/?orderby=popularity&stock_status=instock,onsale&per_page=12 HTTP/1.1" 301 585 "https://view.lotushomemade.com/shop?orderby=popularity&stock_status=instock%2Consale&per_page=12" "Mozilla/5.0 (Linux; Android 7.0;) AppleWebKit/537.36 (KHTML, like Gecko) Mobile Safari/537.36 (compatible; PetalBot;+https://webmaster.petalsearch.com/site/petalbot)"
114.119.149.78 - - [10/Jan/2026:21:53:41 +0700] "GET /shop/page/32/?orderby=popularity&stock_status=instock,onsale&per_page=12 HTTP/1.1" 301 585 "https://view.lotushomemade.com/shop?orderby=popularity&stock_status=instock%2Consale&per_page=12" "Mozilla/5.0 (Linux; Android 7.0;) AppleWebKit/537.36 (KHTML, like Gecko) Mobile Safari/537.36 (compatible; PetalBot;+https://webmaster.petalsearch.com/site/petalbot)"
114.119.149.78 - - [10/Jan/2026:21:53:41 +0700] "GET /shop/page/32/?orderby=popularity&stock_status=instock,onsale&per_page=12 HTTP/1.1" 301 585 "https://view.lotushomemade.com/shop?orderby=popularity&stock_status=instock%2Consale&per_page=12" "Mozilla/5.0 (Linux; Android 7.0;) AppleWebKit/537.36 (KHTML, like Gecko) Mobile Safari/537.36 (compatible; PetalBot;+https://webmaster.petalsearch.com/site/petalbot)"
114.119.149.78 - - [10/Jan/2026:21:53:42 +0700] "GET /shop/page/32/?orderby=popularity&stock_status=instock,onsale&per_page=12 HTTP/1.1" 301 585 "https://view.lotushomemade.com/shop?orderby=popularity&stock_status=instock%2Consale&per_page=12" "Mozilla/5.0 (Linux; Android 7.0;) AppleWebKit/537.36 (KHTML, like Gecko) Mobile Safari/537.36 (compatible; PetalBot;+https://webmaster.petalsearch.com/site/petalbot)"
103.131.51.123 - - [10/Jan/2026:21:55:00 +0700] "POST /wp-cron.php?doing_wp_cron=1768056900.6668961048126220703125 HTTP/1.1" 200 474 "-" "WordPress/6.9; https://view.lotushomemade.com"
114.119.149.78 - - [10/Jan/2026:21:54:57 +0700] "GET /shop/page/29/?max_price=1040&stock_status=instock&per_row=4&shop_view=grid HTTP/1.1" 200 40587 "https://view.lotushomemade.com/shop/page/26/?max_price=1040&stock_status=instock&per_row=4&shop_view=grid" "Mozilla/5.0 (Linux; Android 7.0;) AppleWebKit/537.36 (KHTML, like Gecko) Mobile Safari/537.36 (compatible; PetalBot;+https://webmaster.petalsearch.com/site/petalbot)"
103.131.51.123 - - [10/Jan/2026:21:56:23 +0700] "POST /wp-cron.php?doing_wp_cron=1768056983.8259160518646240234375 HTTP/1.1" 200 474 "-" "WordPress/6.9; https://view.lotushomemade.com"
114.119.149.78 - - [10/Jan/2026:21:56:20 +0700] "GET /shop/page/28/?orderby=rating&per_row=2&shop_view=grid HTTP/1.1" 200 39676 "https://view.lotushomemade.com/shop/page/26/?orderby=rating&per_row=2&shop_view=grid" "Mozilla/5.0 (Linux; Android 7.0;) AppleWebKit/537.36 (KHTML, like Gecko) Mobile Safari/537.36 (compatible; PetalBot;+https://webmaster.petalsearch.com/site/petalbot)"
103.131.51.123 - - [10/Jan/2026:21:57:47 +0700] "POST /wp-cron.php?doing_wp_cron=1768057067.5337429046630859375000 HTTP/1.1" 200 474 "-" "WordPress/6.9; https://view.lotushomemade.com"
114.119.150.215 - - [10/Jan/2026:21:57:44 +0700] "GET /shop/page/24/?orderby=popularity&stock_status=onsale HTTP/1.1" 200 39318 "https://view.lotushomemade.com/shop/page/22/?orderby=popularity&stock_status=onsale" "Mozilla/5.0 (Linux; Android 7.0;) AppleWebKit/537.36 (KHTML, like Gecko) Mobile Safari/537.36 (compatible; PetalBot;+https://webmaster.petalsearch.com/site/petalbot)"
103.131.51.123 - - [10/Jan/2026:21:59:10 +0700] "POST /wp-cron.php?doing_wp_cron=1768057150.8154079914093017578125 HTTP/1.1" 200 474 "-" "WordPress/6.9; https://view.lotushomemade.com"
114.119.145.110 - - [10/Jan/2026:21:59:08 +0700] "GET /shop/page/20?per_row=6&per_page=8&shop_view=grid HTTP/1.1" 301 647 "https://view.lotushomemade.com/shop/page/17/?per_row=6&per_page=8&shop_view=grid" "Mozilla/5.0 (Linux; Android 7.0;) AppleWebKit/537.36 (KHTML, like Gecko) Mobile Safari/537.36 (compatible; PetalBot;+https://webmaster.petalsearch.com/site/petalbot)"
114.119.145.110 - - [10/Jan/2026:21:59:10 +0700] "GET /shop/page/20/?per_row=6&per_page=8&shop_view=grid HTTP/1.1" 200 39449 "https://view.lotushomemade.com/shop/page/17/?per_row=6&per_page=8&shop_view=grid" "Mozilla/5.0 (Linux; Android 7.0;) AppleWebKit/537.36 (KHTML, like Gecko) Mobile Safari/537.36 (compatible; PetalBot;+https://webmaster.petalsearch.com/site/petalbot)"
103.131.51.123 - - [10/Jan/2026:22:00:33 +0700] "POST /wp-cron.php?doing_wp_cron=1768057233.1248950958251953125000 HTTP/1.1" 200 474 "-" "WordPress/6.9; https://view.lotushomemade.com"
114.119.148.197 - - [10/Jan/2026:22:00:30 +0700] "GET /shop/page/1?stock_status=onsale&per_row=6&per_page=12&shop_view=grid HTTP/1.1" 301 661 "https://view.lotushomemade.com/shop/page/4?stock_status=onsale&per_row=6&per_page=12&shop_view=grid" "Mozilla/5.0 (Linux; Android 7.0;) AppleWebKit/537.36 (KHTML, like Gecko) Mobile Safari/537.36 (compatible; PetalBot;+https://webmaster.petalsearch.com/site/petalbot)"
114.119.148.197 - - [10/Jan/2026:22:00:33 +0700] "GET /shop/?stock_status=onsale&per_row=6&per_page=12&shop_view=grid HTTP/1.1" 200 41040 "https://view.lotushomemade.com/shop/page/4?stock_status=onsale&per_row=6&per_page=12&shop_view=grid" "Mozilla/5.0 (Linux; Android 7.0;) AppleWebKit/537.36 (KHTML, like Gecko) Mobile Safari/537.36 (compatible; PetalBot;+https://webmaster.petalsearch.com/site/petalbot)"
103.131.51.123 - - [10/Jan/2026:22:01:58 +0700] "POST /wp-cron.php?doing_wp_cron=1768057318.7196230888366699218750 HTTP/1.1" 200 474 "-" "WordPress/6.9; https://view.lotushomemade.com"
114.119.130.97 - - [10/Jan/2026:22:01:55 +0700] "GET /shop/page/19/?orderby=rating&shop_view=grid&per_row=2 HTTP/1.1" 200 39749 "https://view.lotushomemade.com/shop/page/18?orderby=rating&shop_view=grid&per_row=2" "Mozilla/5.0 (Linux; Android 7.0;) AppleWebKit/537.36 (KHTML, like Gecko) Mobile Safari/537.36 (compatible; PetalBot;+https://webmaster.petalsearch.com/site/petalbot)"
66.249.70.98 - - [10/Jan/2026:22:02:27 +0700] "GET /product/mala-udang-stick_9002-xxl/ HTTP/1.1" 200 36565 "-" "Mozilla/5.0 (Linux; Android 6.0.1; Nexus 5X Build/MMB29P) AppleWebKit/537.36 (KHTML, like Gecko) Chrome/143.0.7499.192 Mobile Safari/537.36 (compatible; Googlebot/2.1; +http://www.google.com/bot.html)"
66.249.71.130 - - [10/Jan/2026:22:02:40 +0700] "GET /wp-content/uploads/elementor/css/post-6.css?ver=1699455750 HTTP/1.1" 200 946 "https://view.lotushomemade.com/product/mala-udang-stick_9002-xxl/" "Mozilla/5.0 (Linux; Android 6.0.1; Nexus 5X Build/MMB29P) AppleWebKit/537.36 (KHTML, like Gecko) Chrome/143.0.7499.169 Mobile Safari/537.36 (compatible; Googlebot/2.1; +http://www.google.com/bot.html)"
66.249.70.97 - - [10/Jan/2026:22:02:54 +0700] "GET /wp-content/plugins/revslider/public/assets/js/rs6.min.js?ver=6.6.18 HTTP/1.1" 200 104261 "https://view.lotushomemade.com/product/mala-udang-stick_9002-xxl/" "Mozilla/5.0 (Linux; Android 6.0.1; Nexus 5X Build/MMB29P) AppleWebKit/537.36 (KHTML, like Gecko) Chrome/143.0.7499.169 Mobile Safari/537.36 (compatible; Googlebot/2.1; +http://www.google.com/bot.html)"
103.131.51.123 - - [10/Jan/2026:22:02:56 +0700] "POST /wp-cron.php?doing_wp_cron=1768057376.6609740257263183593750 HTTP/1.1" 200 474 "-" "WordPress/6.9; https://view.lotushomemade.com"
66.249.70.97 - - [10/Jan/2026:22:02:56 +0700] "POST /?wc-ajax=get_refreshed_fragments HTTP/1.1" 200 1119 "https://view.lotushomemade.com/product/mala-udang-stick_9002-xxl/" "Mozilla/5.0 (Linux; Android 6.0.1; Nexus 5X Build/MMB29P) AppleWebKit/537.36 (KHTML, like Gecko) Chrome/143.0.7499.169 Mobile Safari/537.36 (compatible; Googlebot/2.1; +http://www.google.com/bot.html)"
114.119.149.78 - - [10/Jan/2026:22:03:19 +0700] "GET /shop/page/19/?max_price=780&per_row=6&shop_view=grid&stock_status=onsale HTTP/1.1" 200 40166 "https://view.lotushomemade.com/shop/page/22/?max_price=780&per_row=6&shop_view=grid&stock_status=onsale" "Mozilla/5.0 (Linux; Android 7.0;) AppleWebKit/537.36 (KHTML, like Gecko) Mobile Safari/537.36 (compatible; PetalBot;+https://webmaster.petalsearch.com/site/petalbot)"
103.131.51.123 - - [10/Jan/2026:22:04:44 +0700] "POST /wp-cron.php?doing_wp_cron=1768057484.6877510547637939453125 HTTP/1.1" 200 474 "-" "WordPress/6.9; https://view.lotushomemade.com"
114.119.148.197 - - [10/Jan/2026:22:04:41 +0700] "GET /shop/page/19/?max_price=780&per_row=4&shop_view=grid HTTP/1.1" 200 40147 "https://view.lotushomemade.com/shop/page/20/?max_price=780&per_row=4&shop_view=grid" "Mozilla/5.0 (Linux; Android 7.0;) AppleWebKit/537.36 (KHTML, like Gecko) Mobile Safari/537.36 (compatible; PetalBot;+https://webmaster.petalsearch.com/site/petalbot)"
103.131.51.123 - - [10/Jan/2026:22:05:33 +0700] "POST /wp-cron.php?doing_wp_cron=1768057533.6956310272216796875000 HTTP/1.1" 200 474 "-" "WordPress/6.9; https://view.lotushomemade.com"
74.125.151.98 - - [10/Jan/2026:22:05:32 +0700] "GET /product/sou-mian_18-inch/ HTTP/1.1" 200 36392 "-" "Mozilla/5.0 (X11; Linux x86_64) AppleWebKit/537.36 (KHTML, like Gecko) Chrome/143.0.7499.169 Safari/537.36"
114.119.130.97 - - [10/Jan/2026:22:06:04 +0700] "GET /shop/page/19/?max_price=780&per_row=2&per_page=8&shop_view=grid HTTP/1.1" 200 39590 "https://view.lotushomemade.com/shop/page/20/?max_price=780&per_row=2&per_page=8&shop_view=grid" "Mozilla/5.0 (Linux; Android 7.0;) AppleWebKit/537.36 (KHTML, like Gecko) Mobile Safari/537.36 (compatible; PetalBot;+https://webmaster.petalsearch.com/site/petalbot)"
74.125.151.98 - - [10/Jan/2026:22:06:08 +0700] "GET /wp-content/plugins/elementor/assets/lib/eicons/css/elementor-icons.min.css?ver=5.23.0 HTTP/1.1" 200 4287 "https://view.lotushomemade.com/product/sou-mian_18-inch/" "Mozilla/5.0 (X11; Linux x86_64) AppleWebKit/537.36 (KHTML, like Gecko) Chrome/143.0.7499.169 Safari/537.36"
74.125.151.97 - - [10/Jan/2026:22:06:20 +0700] "GET /wp-content/plugins/elementor/assets/lib/swiper/v8/css/swiper.min.css?ver=8.4.5 HTTP/1.1" 200 4862 "https://view.lotushomemade.com/product/sou-mian_18-inch/" "Mozilla/5.0 (X11; Linux x86_64) AppleWebKit/537.36 (KHTML, like Gecko) Chrome/143.0.7499.169 Safari/537.36"
103.131.51.123 - - [10/Jan/2026:22:07:33 +0700] "POST /wp-cron.php?doing_wp_cron=1768057652.9806690216064453125000 HTTP/1.1" 200 474 "-" "WordPress/6.9; https://view.lotushomemade.com"
114.119.151.206 - - [10/Jan/2026:22:07:29 +0700] "GET /shop/page/19/?max_price=780&per_page=8&stock_status=instock HTTP/1.1" 200 39470 "https://view.lotushomemade.com/shop/page/19/?max_price=780&per_page=8&stock_status=instock" "Mozilla/5.0 (Linux; Android 7.0;) AppleWebKit/537.36 (KHTML, like Gecko) Mobile Safari/537.36 (compatible; PetalBot;+https://webmaster.petalsearch.com/site/petalbot)"
103.131.51.123 - - [10/Jan/2026:22:08:56 +0700] "POST /wp-cron.php?doing_wp_cron=1768057736.9003980159759521484375 HTTP/1.1" 200 474 "-" "WordPress/6.9; https://view.lotushomemade.com"
114.119.148.197 - - [10/Jan/2026:22:08:53 +0700] "GET /shop/page/19/?max_price=780&per_page=8&shop_view=grid&per_row=6 HTTP/1.1" 200 39613 "https://view.lotushomemade.com/shop/page/20/?max_price=780&per_page=8&shop_view=grid&per_row=6" "Mozilla/5.0 (Linux; Android 7.0;) AppleWebKit/537.36 (KHTML, like Gecko) Mobile Safari/537.36 (compatible; PetalBot;+https://webmaster.petalsearch.com/site/petalbot)"
43.173.181.222 - - [10/Jan/2026:22:09:24 +0700] "GET /about-us-3/?add-to-cart=8247 HTTP/1.1" 200 36556 "-" "Mozilla/5.0 (Windows NT 10.0; Win64; x64) AppleWebKit/537.36 (KHTML, like Gecko) Chrome/110.0.0.0 Safari/537.36"
43.173.177.121 - - [10/Jan/2026:22:09:26 +0700] "GET /wp-content/uploads/elementor/css/post-4400.css?ver=1707262501 HTTP/1.1" 200 1220 "https://view.lotushomemade.com/about-us-3/?add-to-cart=8247" "Mozilla/5.0 (Windows NT 10.0; Win64; x64) AppleWebKit/537.36 (KHTML, like Gecko) Chrome/110.0.0.0 Safari/537.36"
43.173.177.151 - - [10/Jan/2026:22:09:26 +0700] "GET /wp-content/uploads/2023/10/xts-header_682015-1698625568.css?ver=7.2.5 HTTP/1.1" 200 1198 "https://view.lotushomemade.com/about-us-3/?add-to-cart=8247" "Mozilla/5.0 (Windows NT 10.0; Win64; x64) AppleWebKit/537.36 (KHTML, like Gecko) Chrome/110.0.0.0 Safari/537.36"
43.173.179.23 - - [10/Jan/2026:22:09:26 +0700] "GET /wp-content/themes/woodmart/js/scripts/wc/onRemoveFromCart.min.js?ver=7.2.5 HTTP/1.1" 200 861 "https://view.lotushomemade.com/about-us-3/?add-to-cart=8247" "Mozilla/5.0 (Windows NT 10.0; Win64; x64) AppleWebKit/537.36 (KHTML, like Gecko) Chrome/110.0.0.0 Safari/537.36"
43.173.174.245 - - [10/Jan/2026:22:09:27 +0700] "GET /wp-content/themes/woodmart/css/parts/header-el-my-account-sidebar.min.css?ver=7.2.5 HTTP/1.1" 200 926 "https://view.lotushomemade.com/about-us-3/?add-to-cart=8247" "Mozilla/5.0 (Windows NT 10.0; Win64; x64) AppleWebKit/537.36 (KHTML, like Gecko) Chrome/110.0.0.0 Safari/537.36"
43.173.182.34 - - [10/Jan/2026:22:09:27 +0700] "GET /wp-content/themes/woodmart/js/scripts/wc/loginSidebar.min.js?ver=7.2.5 HTTP/1.1" 200 1017 "https://view.lotushomemade.com/about-us-3/?add-to-cart=8247" "Mozilla/5.0 (Windows NT 10.0; Win64; x64) AppleWebKit/537.36 (KHTML, like Gecko) Chrome/110.0.0.0 Safari/537.36"
43.173.176.58 - - [10/Jan/2026:22:09:27 +0700] "GET /wp-content/themes/woodmart/js/scripts/wc/cartWidget.min.js?ver=7.2.5 HTTP/1.1" 200 998 "https://view.lotushomemade.com/about-us-3/?add-to-cart=8247" "Mozilla/5.0 (Windows NT 10.0; Win64; x64) AppleWebKit/537.36 (KHTML, like Gecko) Chrome/110.0.0.0 Safari/537.36"
43.173.175.42 - - [10/Jan/2026:22:09:28 +0700] "GET /wp-content/plugins/woocommerce/assets/js/frontend/cart-fragments.min.js?ver=8.2.1 HTTP/1.1" 200 1674 "https://view.lotushomemade.com/about-us-3/?add-to-cart=8247" "Mozilla/5.0 (Windows NT 10.0; Win64; x64) AppleWebKit/537.36 (KHTML, like Gecko) Chrome/110.0.0.0 Safari/537.36"
103.131.51.123 - - [10/Jan/2026:22:09:37 +0700] "POST /wp-cron.php?doing_wp_cron=1768057777.7078039646148681640625 HTTP/1.1" 200 474 "-" "WordPress/6.9; https://view.lotushomemade.com"
43.173.180.194 - - [10/Jan/2026:22:09:36 +0700] "GET /about-us-3/?add-to-cart=8247 HTTP/1.1" 200 36519 "-" "Mozilla/5.0 (Windows NT 10.0; Win64; x64) AppleWebKit/537.36 (KHTML, like Gecko) Chrome/104.0.5112.81 Safari/537.36"
114.119.149.78 - - [10/Jan/2026:22:10:16 +0700] "GET /shop/page/19/?max_price=780&per_page=8&shop_view=grid&per_row=2 HTTP/1.1" 200 39610 "https://view.lotushomemade.com/shop/page/18/?max_price=780&per_page=8&shop_view=grid&per_row=2" "Mozilla/5.0 (Linux; Android 7.0;) AppleWebKit/537.36 (KHTML, like Gecko) Mobile Safari/537.36 (compatible; PetalBot;+https://webmaster.petalsearch.com/site/petalbot)"
103.131.51.123 - - [10/Jan/2026:22:11:43 +0700] "POST /wp-cron.php?doing_wp_cron=1768057902.9831759929656982421875 HTTP/1.1" 200 474 "-" "WordPress/6.9; https://view.lotushomemade.com"
114.119.149.78 - - [10/Jan/2026:22:11:40 +0700] "GET /shop?orderby=date&per_page=12&stock_status=instock HTTP/1.1" 301 562 "https://view.lotushomemade.com/shop?orderby=date&per_page=12&stock_status=instock%2Consale" "Mozilla/5.0 (Linux; Android 7.0;) AppleWebKit/537.36 (KHTML, like Gecko) Mobile Safari/537.36 (compatible; PetalBot;+https://webmaster.petalsearch.com/site/petalbot)"
114.119.149.78 - - [10/Jan/2026:22:11:43 +0700] "GET /shop/?orderby=date&per_page=12&stock_status=instock HTTP/1.1" 200 40773 "https://view.lotushomemade.com/shop?orderby=date&per_page=12&stock_status=instock%2Consale" "Mozilla/5.0 (Linux; Android 7.0;) AppleWebKit/537.36 (KHTML, like Gecko) Mobile Safari/537.36 (compatible; PetalBot;+https://webmaster.petalsearch.com/site/petalbot)"
103.131.51.123 - - [10/Jan/2026:22:13:07 +0700] "POST /wp-cron.php?doing_wp_cron=1768057987.1096849441528320312500 HTTP/1.1" 200 474 "-" "WordPress/6.9; https://view.lotushomemade.com"
114.119.150.215 - - [10/Jan/2026:22:13:03 +0700] "GET /shop/page/8/?per_row=6&per_page=8&shop_view=grid HTTP/1.1" 200 39323 "https://view.lotushomemade.com/shop/page/7/?per_row=6&per_page=8&shop_view=grid" "Mozilla/5.0 (Linux; Android 7.0;) AppleWebKit/537.36 (KHTML, like Gecko) Mobile Safari/537.36 (compatible; PetalBot;+https://webmaster.petalsearch.com/site/petalbot)"
103.131.51.123 - - [10/Jan/2026:22:14:30 +0700] "POST /wp-cron.php?doing_wp_cron=1768058070.2792439460754394531250 HTTP/1.1" 200 474 "-" "WordPress/6.9; https://view.lotushomemade.com"
114.119.130.97 - - [10/Jan/2026:22:14:26 +0700] "GET /shop/page/47/?max_price=520&per_row=4&per_page=8&shop_view=grid HTTP/1.1" 200 39707 "https://view.lotushomemade.com/shop/page/28/?max_price=520&per_row=4&per_page=8&shop_view=grid" "Mozilla/5.0 (Linux; Android 7.0;) AppleWebKit/537.36 (KHTML, like Gecko) Mobile Safari/537.36 (compatible; PetalBot;+https://webmaster.petalsearch.com/site/petalbot)"
103.131.51.123 - - [10/Jan/2026:22:15:57 +0700] "POST /wp-cron.php?doing_wp_cron=1768058157.8874790668487548828125 HTTP/1.1" 200 474 "-" "WordPress/6.9; https://view.lotushomemade.com"
114.119.145.110 - - [10/Jan/2026:22:15:54 +0700] "GET /shop/page/31/?orderby=price-desc&shop_view=grid&per_row=4 HTTP/1.1" 200 39777 "https://view.lotushomemade.com/shop/page/19/?orderby=price-desc&shop_view=grid&per_row=4" "Mozilla/5.0 (Linux; Android 7.0;) AppleWebKit/537.36 (KHTML, like Gecko) Mobile Safari/537.36 (compatible; PetalBot;+https://webmaster.petalsearch.com/site/petalbot)"
114.119.145.110 - - [10/Jan/2026:22:17:17 +0700] "GET /shop/page/3/?orderby=price-desc&per_page=24&stock_status=instock HTTP/1.1" 200 42349 "https://view.lotushomemade.com/shop/page/9/?orderby=price-desc&per_page=24&stock_status=instock" "Mozilla/5.0 (Linux; Android 7.0;) AppleWebKit/537.36 (KHTML, like Gecko) Mobile Safari/537.36 (compatible; PetalBot;+https://webmaster.petalsearch.com/site/petalbot)"
103.131.51.123 - - [10/Jan/2026:22:18:42 +0700] "POST /wp-cron.php?doing_wp_cron=1768058322.6863820552825927734375 HTTP/1.1" 200 474 "-" "WordPress/6.9; https://view.lotushomemade.com"
114.119.130.97 - - [10/Jan/2026:22:18:39 +0700] "GET /shop/page/22/?stock_status=instock&per_row=6&shop_view=grid&per_page=18 HTTP/1.1" 200 38935 "https://view.lotushomemade.com/shop/page/18?stock_status=instock&per_row=6&shop_view=grid&per_page=18" "Mozilla/5.0 (Linux; Android 7.0;) AppleWebKit/537.36 (KHTML, like Gecko) Mobile Safari/537.36 (compatible; PetalBot;+https://webmaster.petalsearch.com/site/petalbot)"
103.131.51.123 - - [10/Jan/2026:22:20:06 +0700] "POST /wp-cron.php?doing_wp_cron=1768058406.5156331062316894531250 HTTP/1.1" 200 474 "-" "WordPress/6.9; https://view.lotushomemade.com"
114.119.150.215 - - [10/Jan/2026:22:20:02 +0700] "GET /shop/page/21/?orderby=rating&per_row=6&shop_view=grid&per_page=18 HTTP/1.1" 200 41006 "https://view.lotushomemade.com/shop/page/4/?orderby=rating&per_row=6&shop_view=grid&per_page=18" "Mozilla/5.0 (Linux; Android 7.0;) AppleWebKit/537.36 (KHTML, like Gecko) Mobile Safari/537.36 (compatible; PetalBot;+https://webmaster.petalsearch.com/site/petalbot)"
103.131.51.123 - - [10/Jan/2026:22:21:30 +0700] "POST /wp-cron.php?doing_wp_cron=1768058490.1553409099578857421875 HTTP/1.1" 200 474 "-" "WordPress/6.9; https://view.lotushomemade.com"
114.119.142.208 - - [10/Jan/2026:22:21:26 +0700] "GET /shop/page/19/?stock_status=instock&per_page=8&shop_view=grid&per_row=2 HTTP/1.1" 200 39439 "https://view.lotushomemade.com/shop/page/18/?stock_status=instock&per_page=8&shop_view=grid&per_row=2" "Mozilla/5.0 (Linux; Android 7.0;) AppleWebKit/537.36 (KHTML, like Gecko) Mobile Safari/537.36 (compatible; PetalBot;+https://webmaster.petalsearch.com/site/petalbot)"
103.131.51.123 - - [10/Jan/2026:22:22:54 +0700] "POST /wp-cron.php?doing_wp_cron=1768058574.5960249900817871093750 HTTP/1.1" 200 474 "-" "WordPress/6.9; https://view.lotushomemade.com"
114.119.142.208 - - [10/Jan/2026:22:22:51 +0700] "GET /shop/page/19/?max_price=520&shop_view=grid&per_row=6 HTTP/1.1" 200 40121 "https://view.lotushomemade.com/shop/page/21/?max_price=520&shop_view=grid&per_row=6" "Mozilla/5.0 (Linux; Android 7.0;) AppleWebKit/537.36 (KHTML, like Gecko) Mobile Safari/537.36 (compatible; PetalBot;+https://webmaster.petalsearch.com/site/petalbot)"
103.131.51.123 - - [10/Jan/2026:22:24:00 +0700] "POST /wp-cron.php?doing_wp_cron=1768058640.3680670261383056640625 HTTP/1.1" 200 474 "-" "WordPress/6.9; https://view.lotushomemade.com"
66.249.70.97 - - [10/Jan/2026:22:23:58 +0700] "GET /product/special-pandan-kuih-kapit-xxl/ HTTP/1.1" 200 37242 "-" "Mozilla/5.0 (compatible; Googlebot/2.1; +http://www.google.com/bot.html)"
103.131.51.123 - - [10/Jan/2026:22:24:15 +0700] "POST /wp-cron.php?doing_wp_cron=1768058655.1031019687652587890625 HTTP/1.1" 200 474 "-" "WordPress/6.9; https://view.lotushomemade.com"
114.119.130.97 - - [10/Jan/2026:22:24:13 +0700] "GET /shop/page/19/?max_price=520&shop_view=grid&per_row=2 HTTP/1.1" 200 40148 "https://view.lotushomemade.com/shop/page/17/?max_price=520&shop_view=grid&per_row=2" "Mozilla/5.0 (Linux; Android 7.0;) AppleWebKit/537.36 (KHTML, like Gecko) Mobile Safari/537.36 (compatible; PetalBot;+https://webmaster.petalsearch.com/site/petalbot)"
103.131.51.123 - - [10/Jan/2026:22:25:46 +0700] "POST /wp-cron.php?doing_wp_cron=1768058746.5753490924835205078125 HTTP/1.1" 200 474 "-" "WordPress/6.9; https://view.lotushomemade.com"
114.119.156.27 - - [10/Jan/2026:22:25:43 +0700] "GET /shop/page/19/?max_price=520&per_row=6&shop_view=grid&stock_status=onsale HTTP/1.1" 200 40185 "https://view.lotushomemade.com/shop/page/20/?max_price=520&per_row=6&shop_view=grid&stock_status=onsale" "Mozilla/5.0 (Linux; Android 7.0;) AppleWebKit/537.36 (KHTML, like Gecko) Mobile Safari/537.36 (compatible; PetalBot;+https://webmaster.petalsearch.com/site/petalbot)"
103.131.51.123 - - [10/Jan/2026:22:27:05 +0700] "POST /wp-cron.php?doing_wp_cron=1768058825.1069529056549072265625 HTTP/1.1" 200 474 "-" "WordPress/6.9; https://view.lotushomemade.com"
114.119.142.208 - - [10/Jan/2026:22:27:01 +0700] "GET /shop/page/19/?max_price=520&per_row=6&shop_view=grid&per_page=8 HTTP/1.1" 200 39616 "https://view.lotushomemade.com/shop/page/18/?max_price=520&per_row=6&shop_view=grid&per_page=8" "Mozilla/5.0 (Linux; Android 7.0;) AppleWebKit/537.36 (KHTML, like Gecko) Mobile Safari/537.36 (compatible; PetalBot;+https://webmaster.petalsearch.com/site/petalbot)"
103.131.51.123 - - [10/Jan/2026:22:28:29 +0700] "POST /wp-cron.php?doing_wp_cron=1768058909.1337199211120605468750 HTTP/1.1" 200 474 "-" "WordPress/6.9; https://view.lotushomemade.com"
114.119.150.215 - - [10/Jan/2026:22:28:25 +0700] "GET /shop/page/19/?max_price=520&per_row=4&per_page=12&shop_view=grid HTTP/1.1" 200 40170 "https://view.lotushomemade.com/shop/page/21/?max_price=520&per_row=4&per_page=12&shop_view=grid" "Mozilla/5.0 (Linux; Android 7.0;) AppleWebKit/537.36 (KHTML, like Gecko) Mobile Safari/537.36 (compatible; PetalBot;+https://webmaster.petalsearch.com/site/petalbot)"
103.131.51.123 - - [10/Jan/2026:22:29:52 +0700] "POST /wp-cron.php?doing_wp_cron=1768058992.2593989372253417968750 HTTP/1.1" 200 474 "-" "WordPress/6.9; https://view.lotushomemade.com"
114.119.148.197 - - [10/Jan/2026:22:29:48 +0700] "GET /shop/page/19/?max_price=520&per_row=2&shop_view=grid HTTP/1.1" 200 40153 "https://view.lotushomemade.com/shop/page/20/?max_price=520&per_row=2&shop_view=grid" "Mozilla/5.0 (Linux; Android 7.0;) AppleWebKit/537.36 (KHTML, like Gecko) Mobile Safari/537.36 (compatible; PetalBot;+https://webmaster.petalsearch.com/site/petalbot)"
103.131.51.123 - - [10/Jan/2026:22:31:16 +0700] "POST /wp-cron.php?doing_wp_cron=1768059076.6955449581146240234375 HTTP/1.1" 200 474 "-" "WordPress/6.9; https://view.lotushomemade.com"
114.119.130.97 - - [10/Jan/2026:22:31:13 +0700] "GET /shop/page/19/?max_price=520&per_row=2&per_page=18&shop_view=grid HTTP/1.1" 200 41345 "https://view.lotushomemade.com/shop/page/21/?max_price=520&per_row=2&per_page=18&shop_view=grid" "Mozilla/5.0 (Linux; Android 7.0;) AppleWebKit/537.36 (KHTML, like Gecko) Mobile Safari/537.36 (compatible; PetalBot;+https://webmaster.petalsearch.com/site/petalbot)"
103.131.51.123 - - [10/Jan/2026:22:32:39 +0700] "POST /wp-cron.php?doing_wp_cron=1768059159.4969930648803710937500 HTTP/1.1" 200 474 "-" "WordPress/6.9; https://view.lotushomemade.com"
114.119.130.97 - - [10/Jan/2026:22:32:35 +0700] "GET /shop/page/19/?max_price=520&per_page=18&stock_status=instock HTTP/1.1" 200 41273 "https://view.lotushomemade.com/shop/page/18/?max_price=520&per_page=18&stock_status=instock" "Mozilla/5.0 (Linux; Android 7.0;) AppleWebKit/537.36 (KHTML, like Gecko) Mobile Safari/537.36 (compatible; PetalBot;+https://webmaster.petalsearch.com/site/petalbot)"
103.131.51.123 - - [10/Jan/2026:22:34:02 +0700] "POST /wp-cron.php?doing_wp_cron=1768059242.6389539241790771484375 HTTP/1.1" 200 474 "-" "WordPress/6.9; https://view.lotushomemade.com"
114.119.150.215 - - [10/Jan/2026:22:34:00 +0700] "GET /shop?max_price=1040&stock_status=onsale&per_row=6&shop_view=grid HTTP/1.1" 301 618 "https://view.lotushomemade.com/shop?max_price=1040&stock_status=onsale&per_row=4&shop_view=grid" "Mozilla/5.0 (Linux; Android 7.0;) AppleWebKit/537.36 (KHTML, like Gecko) Mobile Safari/537.36 (compatible; PetalBot;+https://webmaster.petalsearch.com/site/petalbot)"
114.119.150.215 - - [10/Jan/2026:22:34:02 +0700] "GET /shop/?max_price=1040&stock_status=onsale&per_row=6&shop_view=grid HTTP/1.1" 200 41225 "https://view.lotushomemade.com/shop?max_price=1040&stock_status=onsale&per_row=4&shop_view=grid" "Mozilla/5.0 (Linux; Android 7.0;) AppleWebKit/537.36 (KHTML, like Gecko) Mobile Safari/537.36 (compatible; PetalBot;+https://webmaster.petalsearch.com/site/petalbot)"
103.131.51.123 - - [10/Jan/2026:22:35:26 +0700] "POST /wp-cron.php?doing_wp_cron=1768059326.3594350814819335937500 HTTP/1.1" 200 474 "-" "WordPress/6.9; https://view.lotushomemade.com"
114.119.150.215 - - [10/Jan/2026:22:35:22 +0700] "GET /shop/page/9/?max_price=520&stock_status=onsale&per_page=8 HTTP/1.1" 200 39599 "https://view.lotushomemade.com/shop/page/8/?max_price=520&stock_status=onsale&per_page=8" "Mozilla/5.0 (Linux; Android 7.0;) AppleWebKit/537.36 (KHTML, like Gecko) Mobile Safari/537.36 (compatible; PetalBot;+https://webmaster.petalsearch.com/site/petalbot)"
103.131.51.123 - - [10/Jan/2026:22:36:51 +0700] "POST /wp-cron.php?doing_wp_cron=1768059411.5566399097442626953125 HTTP/1.1" 200 474 "-" "WordPress/6.9; https://view.lotushomemade.com"
114.119.151.206 - - [10/Jan/2026:22:36:49 +0700] "GET /shop/page/43?per_row=4&per_page=8&shop_view=grid&stock_status=onsale HTTP/1.1" 301 667 "-" "Mozilla/5.0 (Linux; Android 7.0;) AppleWebKit/537.36 (KHTML, like Gecko) Mobile Safari/537.36 (compatible; PetalBot;+https://webmaster.petalsearch.com/site/petalbot)"
114.119.151.206 - - [10/Jan/2026:22:36:52 +0700] "GET /shop/page/43/?per_row=4&per_page=8&shop_view=grid&stock_status=onsale HTTP/1.1" 200 39378 "-" "Mozilla/5.0 (Linux; Android 7.0;) AppleWebKit/537.36 (KHTML, like Gecko) Mobile Safari/537.36 (compatible; PetalBot;+https://webmaster.petalsearch.com/site/petalbot)"
103.131.51.123 - - [10/Jan/2026:22:38:14 +0700] "POST /wp-cron.php?doing_wp_cron=1768059494.3939330577850341796875 HTTP/1.1" 200 474 "-" "WordPress/6.9; https://view.lotushomemade.com"
114.119.151.206 - - [10/Jan/2026:22:38:10 +0700] "GET /shop/page/4/?max_price=780&per_row=2&per_page=12&shop_view=grid HTTP/1.1" 200 40407 "https://view.lotushomemade.com/shop/page/3?max_price=780&per_row=2&per_page=12&shop_view=grid" "Mozilla/5.0 (Linux; Android 7.0;) AppleWebKit/537.36 (KHTML, like Gecko) Mobile Safari/537.36 (compatible; PetalBot;+https://webmaster.petalsearch.com/site/petalbot)"
103.131.51.123 - - [10/Jan/2026:22:39:35 +0700] "POST /wp-cron.php?doing_wp_cron=1768059575.9369800090789794921875 HTTP/1.1" 200 474 "-" "WordPress/6.9; https://view.lotushomemade.com"
114.119.148.197 - - [10/Jan/2026:22:39:33 +0700] "GET /shop/page/4/?max_price=780&per_page=12&stock_status=instock,onsale HTTP/1.1" 301 579 "https://view.lotushomemade.com/shop?max_price=780&per_page=12&stock_status=instock%2Consale" "Mozilla/5.0 (Linux; Android 7.0;) AppleWebKit/537.36 (KHTML, like Gecko) Mobile Safari/537.36 (compatible; PetalBot;+https://webmaster.petalsearch.com/site/petalbot)"
114.119.148.197 - - [10/Jan/2026:22:39:36 +0700] "GET /shop/page/4/?max_price=780&per_page=12&stock_status=instock,onsale HTTP/1.1" 301 579 "https://view.lotushomemade.com/shop?max_price=780&per_page=12&stock_status=instock%2Consale" "Mozilla/5.0 (Linux; Android 7.0;) AppleWebKit/537.36 (KHTML, like Gecko) Mobile Safari/537.36 (compatible; PetalBot;+https://webmaster.petalsearch.com/site/petalbot)"
114.119.148.197 - - [10/Jan/2026:22:39:36 +0700] "GET /shop/page/4/?max_price=780&per_page=12&stock_status=instock,onsale HTTP/1.1" 301 579 "https://view.lotushomemade.com/shop?max_price=780&per_page=12&stock_status=instock%2Consale" "Mozilla/5.0 (Linux; Android 7.0;) AppleWebKit/537.36 (KHTML, like Gecko) Mobile Safari/537.36 (compatible; PetalBot;+https://webmaster.petalsearch.com/site/petalbot)"
114.119.148.197 - - [10/Jan/2026:22:39:36 +0700] "GET /shop/page/4/?max_price=780&per_page=12&stock_status=instock,onsale HTTP/1.1" 301 579 "https://view.lotushomemade.com/shop?max_price=780&per_page=12&stock_status=instock%2Consale" "Mozilla/5.0 (Linux; Android 7.0;) AppleWebKit/537.36 (KHTML, like Gecko) Mobile Safari/537.36 (compatible; PetalBot;+https://webmaster.petalsearch.com/site/petalbot)"
114.119.148.197 - - [10/Jan/2026:22:39:37 +0700] "GET /shop/page/4/?max_price=780&per_page=12&stock_status=instock,onsale HTTP/1.1" 301 579 "https://view.lotushomemade.com/shop?max_price=780&per_page=12&stock_status=instock%2Consale" "Mozilla/5.0 (Linux; Android 7.0;) AppleWebKit/537.36 (KHTML, like Gecko) Mobile Safari/537.36 (compatible; PetalBot;+https://webmaster.petalsearch.com/site/petalbot)"
114.119.148.197 - - [10/Jan/2026:22:39:38 +0700] "GET /shop/page/4/?max_price=780&per_page=12&stock_status=instock,onsale HTTP/1.1" 301 579 "https://view.lotushomemade.com/shop?max_price=780&per_page=12&stock_status=instock%2Consale" "Mozilla/5.0 (Linux; Android 7.0;) AppleWebKit/537.36 (KHTML, like Gecko) Mobile Safari/537.36 (compatible; PetalBot;+https://webmaster.petalsearch.com/site/petalbot)"
114.119.148.197 - - [10/Jan/2026:22:39:39 +0700] "GET /shop/page/4/?max_price=780&per_page=12&stock_status=instock,onsale HTTP/1.1" 301 579 "https://view.lotushomemade.com/shop?max_price=780&per_page=12&stock_status=instock%2Consale" "Mozilla/5.0 (Linux; Android 7.0;) AppleWebKit/537.36 (KHTML, like Gecko) Mobile Safari/537.36 (compatible; PetalBot;+https://webmaster.petalsearch.com/site/petalbot)"
114.119.148.197 - - [10/Jan/2026:22:39:39 +0700] "GET /shop/page/4/?max_price=780&per_page=12&stock_status=instock,onsale HTTP/1.1" 301 579 "https://view.lotushomemade.com/shop?max_price=780&per_page=12&stock_status=instock%2Consale" "Mozilla/5.0 (Linux; Android 7.0;) AppleWebKit/537.36 (KHTML, like Gecko) Mobile Safari/537.36 (compatible; PetalBot;+https://webmaster.petalsearch.com/site/petalbot)"
114.119.148.197 - - [10/Jan/2026:22:39:40 +0700] "GET /shop/page/4/?max_price=780&per_page=12&stock_status=instock,onsale HTTP/1.1" 301 579 "https://view.lotushomemade.com/shop?max_price=780&per_page=12&stock_status=instock%2Consale" "Mozilla/5.0 (Linux; Android 7.0;) AppleWebKit/537.36 (KHTML, like Gecko) Mobile Safari/537.36 (compatible; PetalBot;+https://webmaster.petalsearch.com/site/petalbot)"
114.119.148.197 - - [10/Jan/2026:22:39:40 +0700] "GET /shop/page/4/?max_price=780&per_page=12&stock_status=instock,onsale HTTP/1.1" 301 579 "https://view.lotushomemade.com/shop?max_price=780&per_page=12&stock_status=instock%2Consale" "Mozilla/5.0 (Linux; Android 7.0;) AppleWebKit/537.36 (KHTML, like Gecko) Mobile Safari/537.36 (compatible; PetalBot;+https://webmaster.petalsearch.com/site/petalbot)"
103.131.51.123 - - [10/Jan/2026:22:41:00 +0700] "POST /wp-cron.php?doing_wp_cron=1768059660.1058669090270996093750 HTTP/1.1" 200 474 "-" "WordPress/6.9; https://view.lotushomemade.com"
114.119.145.110 - - [10/Jan/2026:22:40:57 +0700] "GET /shop/page/3?orderby=price&per_page=18 HTTP/1.1" 301 549 "https://view.lotushomemade.com/shop?orderby=price&per_page=18" "Mozilla/5.0 (Linux; Android 7.0;) AppleWebKit/537.36 (KHTML, like Gecko) Mobile Safari/537.36 (compatible; PetalBot;+https://webmaster.petalsearch.com/site/petalbot)"
