74.125.151.97 - - [11/Jan/2026:09:40:42 +0700] "GET /wp-content/uploads/elementor/css/post-6.css?ver=1699455750 HTTP/1.1" 200 768 "https://view.lotushomemade.com/product/yi-kou-shu-pineapple-roll-l/" "Mozilla/5.0 (X11; Linux x86_64) AppleWebKit/537.36 (KHTML, like Gecko) Chrome/143.0.7499.169 Safari/537.36"
74.125.151.97 - - [11/Jan/2026:09:40:44 +0700] "GET /wp-content/themes/woodmart/css/parts/woo-mod-swatches-base.min.css?ver=7.2.5 HTTP/1.1" 200 1142 "https://view.lotushomemade.com/product/yi-kou-shu-pineapple-roll-l/" "Mozilla/5.0 (X11; Linux x86_64) AppleWebKit/537.36 (KHTML, like Gecko) Chrome/143.0.7499.169 Safari/537.36"
74.125.151.97 - - [11/Jan/2026:09:40:45 +0700] "GET /wp-content/themes/woodmart/css/parts/woo-widget-layered-nav-stock-status.min.css?ver=7.2.5 HTTP/1.1" 200 802 "https://view.lotushomemade.com/product/yi-kou-shu-pineapple-roll-l/" "Mozilla/5.0 (X11; Linux x86_64) AppleWebKit/537.36 (KHTML, like Gecko) Chrome/143.0.7499.169 Safari/537.36"
74.125.151.97 - - [11/Jan/2026:09:40:49 +0700] "GET /wp-content/themes/woodmart/css/parts/el-tabs.min.css?ver=7.2.5 HTTP/1.1" 200 1505 "https://view.lotushomemade.com/product/yi-kou-shu-pineapple-roll-l/" "Mozilla/5.0 (X11; Linux x86_64) AppleWebKit/537.36 (KHTML, like Gecko) Chrome/143.0.7499.169 Safari/537.36"
74.125.151.97 - - [11/Jan/2026:09:40:50 +0700] "GET /wp-content/themes/woodmart/css/parts/woo-single-prod-el-tabs-opt-layout-tabs.min.css?ver=7.2.5 HTTP/1.1" 200 610 "https://view.lotushomemade.com/product/yi-kou-shu-pineapple-roll-l/" "Mozilla/5.0 (X11; Linux x86_64) AppleWebKit/537.36 (KHTML, like Gecko) Chrome/143.0.7499.169 Safari/537.36"
74.125.151.97 - - [11/Jan/2026:09:40:52 +0700] "GET /wp-content/themes/woodmart/css/parts/base.min.css?ver=7.2.5 HTTP/1.1" 200 10657 "https://view.lotushomemade.com/product/yi-kou-shu-pineapple-roll-l/" "Mozilla/5.0 (X11; Linux x86_64) AppleWebKit/537.36 (KHTML, like Gecko) Chrome/143.0.7499.169 Safari/537.36"
74.125.151.97 - - [11/Jan/2026:09:40:53 +0700] "GET /wp-content/themes/woodmart/css/parts/wd-search-results.min.css?ver=7.2.5 HTTP/1.1" 200 963 "https://view.lotushomemade.com/product/yi-kou-shu-pineapple-roll-l/" "Mozilla/5.0 (X11; Linux x86_64) AppleWebKit/537.36 (KHTML, like Gecko) Chrome/143.0.7499.169 Safari/537.36"
74.125.151.97 - - [11/Jan/2026:09:40:57 +0700] "GET /wp-content/themes/woodmart/css/parts/opt-scrolltotop.min.css?ver=7.2.5 HTTP/1.1" 200 779 "https://view.lotushomemade.com/product/yi-kou-shu-pineapple-roll-l/" "Mozilla/5.0 (X11; Linux x86_64) AppleWebKit/537.36 (KHTML, like Gecko) Chrome/143.0.7499.169 Safari/537.36"
74.125.151.97 - - [11/Jan/2026:09:40:58 +0700] "GET /wp-content/themes/woodmart/css/parts/woo-mod-quantity.min.css?ver=7.2.5 HTTP/1.1" 200 813 "https://view.lotushomemade.com/product/yi-kou-shu-pineapple-roll-l/" "Mozilla/5.0 (X11; Linux x86_64) AppleWebKit/537.36 (KHTML, like Gecko) Chrome/143.0.7499.169 Safari/537.36"
74.125.151.97 - - [11/Jan/2026:09:41:04 +0700] "GET /wp-content/themes/woodmart/css/parts/woo-single-prod-el-base.min.css?ver=7.2.5 HTTP/1.1" 200 975 "https://view.lotushomemade.com/product/yi-kou-shu-pineapple-roll-l/" "Mozilla/5.0 (X11; Linux x86_64) AppleWebKit/537.36 (KHTML, like Gecko) Chrome/143.0.7499.169 Safari/537.36"
74.125.151.97 - - [11/Jan/2026:09:41:05 +0700] "GET /wp-content/themes/woodmart/css/bootstrap-light.min.css?ver=7.2.5 HTTP/1.1" 200 1247 "https://view.lotushomemade.com/product/yi-kou-shu-pineapple-roll-l/" "Mozilla/5.0 (X11; Linux x86_64) AppleWebKit/537.36 (KHTML, like Gecko) Chrome/143.0.7499.169 Safari/537.36"
74.125.151.97 - - [11/Jan/2026:09:41:19 +0700] "GET /wp-content/themes/woodmart/css/parts/woo-product-loop-button-info-alt.min.css?ver=7.2.5 HTTP/1.1" 200 1833 "https://view.lotushomemade.com/product/yi-kou-shu-pineapple-roll-l/" "Mozilla/5.0 (X11; Linux x86_64) AppleWebKit/537.36 (KHTML, like Gecko) Chrome/143.0.7499.169 Safari/537.36"
74.125.151.97 - - [11/Jan/2026:09:41:20 +0700] "GET /wp-content/themes/woodmart/css/parts/int-elementor-pro.min.css?ver=7.2.5 HTTP/1.1" 200 1241 "https://view.lotushomemade.com/product/yi-kou-shu-pineapple-roll-l/" "Mozilla/5.0 (X11; Linux x86_64) AppleWebKit/537.36 (KHTML, like Gecko) Chrome/143.0.7499.169 Safari/537.36"
74.125.151.97 - - [11/Jan/2026:09:41:27 +0700] "GET /wp-content/themes/woodmart/css/parts/lib-magnific-popup.min.css?ver=7.2.5 HTTP/1.1" 200 1510 "https://view.lotushomemade.com/product/yi-kou-shu-pineapple-roll-l/" "Mozilla/5.0 (X11; Linux x86_64) AppleWebKit/537.36 (KHTML, like Gecko) Chrome/143.0.7499.169 Safari/537.36"
74.125.151.97 - - [11/Jan/2026:09:41:27 +0700] "GET /wp-content/themes/woodmart/css/parts/woo-widget-product-list.min.css?ver=7.2.5 HTTP/1.1" 200 744 "https://view.lotushomemade.com/product/yi-kou-shu-pineapple-roll-l/" "Mozilla/5.0 (X11; Linux x86_64) AppleWebKit/537.36 (KHTML, like Gecko) Chrome/143.0.7499.169 Safari/537.36"
74.125.151.97 - - [11/Jan/2026:09:41:30 +0700] "GET /wp-content/themes/woodmart/css/parts/woo-widget-wd-layered-nav.min.css?ver=7.2.5 HTTP/1.1" 200 929 "https://view.lotushomemade.com/product/yi-kou-shu-pineapple-roll-l/" "Mozilla/5.0 (X11; Linux x86_64) AppleWebKit/537.36 (KHTML, like Gecko) Chrome/143.0.7499.169 Safari/537.36"
74.125.151.98 - - [11/Jan/2026:09:41:32 +0700] "GET /wp-content/themes/woodmart/css/parts/header-el-my-account.min.css?ver=7.2.5 HTTP/1.1" 200 767 "https://view.lotushomemade.com/product/yi-kou-shu-pineapple-roll-l/" "Mozilla/5.0 (X11; Linux x86_64) AppleWebKit/537.36 (KHTML, like Gecko) Chrome/143.0.7499.169 Safari/537.36"
74.125.151.97 - - [11/Jan/2026:09:41:38 +0700] "GET /wp-content/themes/woodmart/css/parts/woo-single-prod-opt-base.min.css?ver=7.2.5 HTTP/1.1" 200 959 "https://view.lotushomemade.com/product/yi-kou-shu-pineapple-roll-l/" "Mozilla/5.0 (X11; Linux x86_64) AppleWebKit/537.36 (KHTML, like Gecko) Chrome/143.0.7499.169 Safari/537.36"
74.125.151.97 - - [11/Jan/2026:09:41:38 +0700] "GET /wp-content/themes/woodmart/css/parts/int-elem-base.min.css?ver=7.2.5 HTTP/1.1" 200 1395 "https://view.lotushomemade.com/product/yi-kou-shu-pineapple-roll-l/" "Mozilla/5.0 (X11; Linux x86_64) AppleWebKit/537.36 (KHTML, like Gecko) Chrome/143.0.7499.169 Safari/537.36"
74.125.151.97 - - [11/Jan/2026:09:41:44 +0700] "GET /wp-includes/js/jquery/jquery-migrate.min.js?ver=3.4.1 HTTP/1.1" 200 5306 "https://view.lotushomemade.com/product/yi-kou-shu-pineapple-roll-l/" "Mozilla/5.0 (X11; Linux x86_64) AppleWebKit/537.36 (KHTML, like Gecko) Chrome/143.0.7499.169 Safari/537.36"
74.125.151.97 - - [11/Jan/2026:09:41:45 +0700] "GET /wp-content/themes/woodmart/css/parts/opt-bottom-toolbar.min.css?ver=7.2.5 HTTP/1.1" 200 1034 "https://view.lotushomemade.com/product/yi-kou-shu-pineapple-roll-l/" "Mozilla/5.0 (X11; Linux x86_64) AppleWebKit/537.36 (KHTML, like Gecko) Chrome/143.0.7499.169 Safari/537.36"
74.125.151.97 - - [11/Jan/2026:09:41:52 +0700] "GET /wp-content/themes/woodmart/css/parts/int-rev-slider.min.css?ver=7.2.5 HTTP/1.1" 200 868 "https://view.lotushomemade.com/product/yi-kou-shu-pineapple-roll-l/" "Mozilla/5.0 (X11; Linux x86_64) AppleWebKit/537.36 (KHTML, like Gecko) Chrome/143.0.7499.169 Safari/537.36"
74.125.151.97 - - [11/Jan/2026:09:41:53 +0700] "GET /wp-content/plugins/revslider/public/assets/fonts/font-awesome/fonts/fontawesome-webfont.woff2?v=4.7.0 HTTP/1.1" 200 77555 "https://view.lotushomemade.com/product/yi-kou-shu-pineapple-roll-l/" "Mozilla/5.0 (X11; Linux x86_64) AppleWebKit/537.36 (KHTML, like Gecko) Chrome/143.0.7499.169 Safari/537.36"
74.125.151.97 - - [11/Jan/2026:09:41:57 +0700] "GET /wp-content/plugins/revslider/public/assets/css/rs6.css?ver=6.6.18 HTTP/1.1" 200 12398 "https://view.lotushomemade.com/product/yi-kou-shu-pineapple-roll-l/" "Mozilla/5.0 (X11; Linux x86_64) AppleWebKit/537.36 (KHTML, like Gecko) Chrome/143.0.7499.169 Safari/537.36"
74.125.151.97 - - [11/Jan/2026:09:41:58 +0700] "GET /wp-content/themes/woodmart/css/parts/woo-widget-slider-price-filter.min.css?ver=7.2.5 HTTP/1.1" 200 1055 "https://view.lotushomemade.com/product/yi-kou-shu-pineapple-roll-l/" "Mozilla/5.0 (X11; Linux x86_64) AppleWebKit/537.36 (KHTML, like Gecko) Chrome/143.0.7499.169 Safari/537.36"
103.131.51.123 - - [11/Jan/2026:09:42:01 +0700] "POST /wp-cron.php?doing_wp_cron=1768099321.2295510768890380859375 HTTP/1.1" 200 474 "-" "WordPress/6.9; https://view.lotushomemade.com"
114.119.142.208 - - [11/Jan/2026:09:41:57 +0700] "GET /shop/page/21/?stock_status=instock&per_page=18&shop_view=grid&per_row=6 HTTP/1.1" 200 41416 "https://view.lotushomemade.com/shop/page/18/?stock_status=instock&per_page=18&shop_view=grid&per_row=6" "Mozilla/5.0 (Linux; Android 7.0;) AppleWebKit/537.36 (KHTML, like Gecko) Mobile Safari/537.36 (compatible; PetalBot;+https://webmaster.petalsearch.com/site/petalbot)"
74.125.151.97 - - [11/Jan/2026:09:42:02 +0700] "GET /wp-content/themes/woodmart/css/parts/mod-dropdown-aside.min.css?ver=7.2.5 HTTP/1.1" 200 1607 "https://view.lotushomemade.com/product/yi-kou-shu-pineapple-roll-l/" "Mozilla/5.0 (X11; Linux x86_64) AppleWebKit/537.36 (KHTML, like Gecko) Chrome/143.0.7499.169 Safari/537.36"
74.125.151.97 - - [11/Jan/2026:09:42:03 +0700] "GET /wp-content/themes/woodmart/css/parts/el-social-icons.min.css?ver=7.2.5 HTTP/1.1" 200 1519 "https://view.lotushomemade.com/product/yi-kou-shu-pineapple-roll-l/" "Mozilla/5.0 (X11; Linux x86_64) AppleWebKit/537.36 (KHTML, like Gecko) Chrome/143.0.7499.169 Safari/537.36"
74.125.151.97 - - [11/Jan/2026:09:42:05 +0700] "GET /wp-content/themes/woodmart/css/parts/mod-animations.min.css?ver=7.2.5 HTTP/1.1" 200 875 "https://view.lotushomemade.com/product/yi-kou-shu-pineapple-roll-l/" "Mozilla/5.0 (X11; Linux x86_64) AppleWebKit/537.36 (KHTML, like Gecko) Chrome/143.0.7499.169 Safari/537.36"
74.125.151.97 - - [11/Jan/2026:09:42:05 +0700] "GET /wp-content/uploads/2023/04/BN_01.jpg HTTP/1.1" 200 113389 "https://view.lotushomemade.com/product/yi-kou-shu-pineapple-roll-l/" "Mozilla/5.0 (X11; Linux x86_64) AppleWebKit/537.36 (KHTML, like Gecko) Chrome/143.0.7499.169 Safari/537.36"
74.125.151.97 - - [11/Jan/2026:09:42:08 +0700] "GET /wp-content/uploads/elementor/css/post-6614.css?ver=1699455751 HTTP/1.1" 200 873 "https://view.lotushomemade.com/product/yi-kou-shu-pineapple-roll-l/" "Mozilla/5.0 (X11; Linux x86_64) AppleWebKit/537.36 (KHTML, like Gecko) Chrome/143.0.7499.169 Safari/537.36"
74.125.151.97 - - [11/Jan/2026:09:42:09 +0700] "GET /wp-content/uploads/elementor/css/post-420.css?ver=1699455750 HTTP/1.1" 200 828 "https://view.lotushomemade.com/product/yi-kou-shu-pineapple-roll-l/" "Mozilla/5.0 (X11; Linux x86_64) AppleWebKit/537.36 (KHTML, like Gecko) Chrome/143.0.7499.169 Safari/537.36"
74.125.151.97 - - [11/Jan/2026:09:42:15 +0700] "GET /wp-content/uploads/elementor/css/post-714.css?ver=1699455750 HTTP/1.1" 200 1013 "https://view.lotushomemade.com/product/yi-kou-shu-pineapple-roll-l/" "Mozilla/5.0 (X11; Linux x86_64) AppleWebKit/537.36 (KHTML, like Gecko) Chrome/143.0.7499.169 Safari/537.36"
74.125.151.97 - - [11/Jan/2026:09:42:15 +0700] "GET /wp-content/themes/woodmart/js/scripts/wc/updateCartFragmentsFix.js?ver=7.2.5 HTTP/1.1" 200 979 "https://view.lotushomemade.com/product/yi-kou-shu-pineapple-roll-l/" "Mozilla/5.0 (X11; Linux x86_64) AppleWebKit/537.36 (KHTML, like Gecko) Chrome/143.0.7499.169 Safari/537.36"
74.125.151.97 - - [11/Jan/2026:09:42:17 +0700] "GET /wp-content/uploads/elementor/css/post-726.css?ver=1699460976 HTTP/1.1" 200 624 "https://view.lotushomemade.com/product/yi-kou-shu-pineapple-roll-l/" "Mozilla/5.0 (X11; Linux x86_64) AppleWebKit/537.36 (KHTML, like Gecko) Chrome/143.0.7499.169 Safari/537.36"
74.125.151.97 - - [11/Jan/2026:09:42:18 +0700] "GET /wp-content/uploads/elementor/css/post-15508.css?ver=1699455750 HTTP/1.1" 200 849 "https://view.lotushomemade.com/product/yi-kou-shu-pineapple-roll-l/" "Mozilla/5.0 (X11; Linux x86_64) AppleWebKit/537.36 (KHTML, like Gecko) Chrome/143.0.7499.169 Safari/537.36"
74.125.151.97 - - [11/Jan/2026:09:42:26 +0700] "GET /wp-content/uploads/elementor/css/post-15500.css?ver=1699455750 HTTP/1.1" 200 1028 "https://view.lotushomemade.com/product/yi-kou-shu-pineapple-roll-l/" "Mozilla/5.0 (X11; Linux x86_64) AppleWebKit/537.36 (KHTML, like Gecko) Chrome/143.0.7499.169 Safari/537.36"
74.125.151.97 - - [11/Jan/2026:09:42:27 +0700] "GET /wp-content/uploads/elementor/css/post-228.css?ver=1699455750 HTTP/1.1" 200 688 "https://view.lotushomemade.com/product/yi-kou-shu-pineapple-roll-l/" "Mozilla/5.0 (X11; Linux x86_64) AppleWebKit/537.36 (KHTML, like Gecko) Chrome/143.0.7499.169 Safari/537.36"
103.131.51.123 - - [11/Jan/2026:09:43:24 +0700] "POST /wp-cron.php?doing_wp_cron=1768099404.7683289051055908203125 HTTP/1.1" 200 474 "-" "WordPress/6.9; https://view.lotushomemade.com"
114.119.156.27 - - [11/Jan/2026:09:43:21 +0700] "GET /shop/page/21/?per_row=2&per_page=18&shop_view=grid&stock_status=onsale HTTP/1.1" 200 41259 "https://view.lotushomemade.com/shop/page/5?per_row=2&per_page=18&shop_view=grid&stock_status=onsale" "Mozilla/5.0 (Linux; Android 7.0;) AppleWebKit/537.36 (KHTML, like Gecko) Mobile Safari/537.36 (compatible; PetalBot;+https://webmaster.petalsearch.com/site/petalbot)"
103.131.51.123 - - [11/Jan/2026:09:44:46 +0700] "POST /wp-cron.php?doing_wp_cron=1768099486.5562129020690917968750 HTTP/1.1" 200 474 "-" "WordPress/6.9; https://view.lotushomemade.com"
114.119.145.110 - - [11/Jan/2026:09:44:44 +0700] "GET /shop/page/21/?orderby=rating&per_page=18&stock_status=instock,onsale HTTP/1.1" 301 581 "https://view.lotushomemade.com/shop?orderby=rating&per_page=18&stock_status=instock%2Consale" "Mozilla/5.0 (Linux; Android 7.0;) AppleWebKit/537.36 (KHTML, like Gecko) Mobile Safari/537.36 (compatible; PetalBot;+https://webmaster.petalsearch.com/site/petalbot)"
114.119.145.110 - - [11/Jan/2026:09:44:46 +0700] "GET /shop/page/21/?orderby=rating&per_page=18&stock_status=instock,onsale HTTP/1.1" 301 581 "https://view.lotushomemade.com/shop?orderby=rating&per_page=18&stock_status=instock%2Consale" "Mozilla/5.0 (Linux; Android 7.0;) AppleWebKit/537.36 (KHTML, like Gecko) Mobile Safari/537.36 (compatible; PetalBot;+https://webmaster.petalsearch.com/site/petalbot)"
114.119.145.110 - - [11/Jan/2026:09:44:47 +0700] "GET /shop/page/21/?orderby=rating&per_page=18&stock_status=instock,onsale HTTP/1.1" 301 581 "https://view.lotushomemade.com/shop?orderby=rating&per_page=18&stock_status=instock%2Consale" "Mozilla/5.0 (Linux; Android 7.0;) AppleWebKit/537.36 (KHTML, like Gecko) Mobile Safari/537.36 (compatible; PetalBot;+https://webmaster.petalsearch.com/site/petalbot)"
114.119.145.110 - - [11/Jan/2026:09:44:47 +0700] "GET /shop/page/21/?orderby=rating&per_page=18&stock_status=instock,onsale HTTP/1.1" 301 581 "https://view.lotushomemade.com/shop?orderby=rating&per_page=18&stock_status=instock%2Consale" "Mozilla/5.0 (Linux; Android 7.0;) AppleWebKit/537.36 (KHTML, like Gecko) Mobile Safari/537.36 (compatible; PetalBot;+https://webmaster.petalsearch.com/site/petalbot)"
114.119.145.110 - - [11/Jan/2026:09:44:48 +0700] "GET /shop/page/21/?orderby=rating&per_page=18&stock_status=instock,onsale HTTP/1.1" 301 581 "https://view.lotushomemade.com/shop?orderby=rating&per_page=18&stock_status=instock%2Consale" "Mozilla/5.0 (Linux; Android 7.0;) AppleWebKit/537.36 (KHTML, like Gecko) Mobile Safari/537.36 (compatible; PetalBot;+https://webmaster.petalsearch.com/site/petalbot)"
114.119.145.110 - - [11/Jan/2026:09:44:49 +0700] "GET /shop/page/21/?orderby=rating&per_page=18&stock_status=instock,onsale HTTP/1.1" 301 581 "https://view.lotushomemade.com/shop?orderby=rating&per_page=18&stock_status=instock%2Consale" "Mozilla/5.0 (Linux; Android 7.0;) AppleWebKit/537.36 (KHTML, like Gecko) Mobile Safari/537.36 (compatible; PetalBot;+https://webmaster.petalsearch.com/site/petalbot)"
114.119.145.110 - - [11/Jan/2026:09:44:50 +0700] "GET /shop/page/21/?orderby=rating&per_page=18&stock_status=instock,onsale HTTP/1.1" 301 581 "https://view.lotushomemade.com/shop?orderby=rating&per_page=18&stock_status=instock%2Consale" "Mozilla/5.0 (Linux; Android 7.0;) AppleWebKit/537.36 (KHTML, like Gecko) Mobile Safari/537.36 (compatible; PetalBot;+https://webmaster.petalsearch.com/site/petalbot)"
114.119.145.110 - - [11/Jan/2026:09:44:50 +0700] "GET /shop/page/21/?orderby=rating&per_page=18&stock_status=instock,onsale HTTP/1.1" 301 581 "https://view.lotushomemade.com/shop?orderby=rating&per_page=18&stock_status=instock%2Consale" "Mozilla/5.0 (Linux; Android 7.0;) AppleWebKit/537.36 (KHTML, like Gecko) Mobile Safari/537.36 (compatible; PetalBot;+https://webmaster.petalsearch.com/site/petalbot)"
114.119.145.110 - - [11/Jan/2026:09:44:50 +0700] "GET /shop/page/21/?orderby=rating&per_page=18&stock_status=instock,onsale HTTP/1.1" 301 581 "https://view.lotushomemade.com/shop?orderby=rating&per_page=18&stock_status=instock%2Consale" "Mozilla/5.0 (Linux; Android 7.0;) AppleWebKit/537.36 (KHTML, like Gecko) Mobile Safari/537.36 (compatible; PetalBot;+https://webmaster.petalsearch.com/site/petalbot)"
114.119.145.110 - - [11/Jan/2026:09:44:51 +0700] "GET /shop/page/21/?orderby=rating&per_page=18&stock_status=instock,onsale HTTP/1.1" 301 581 "https://view.lotushomemade.com/shop?orderby=rating&per_page=18&stock_status=instock%2Consale" "Mozilla/5.0 (Linux; Android 7.0;) AppleWebKit/537.36 (KHTML, like Gecko) Mobile Safari/537.36 (compatible; PetalBot;+https://webmaster.petalsearch.com/site/petalbot)"
103.131.51.123 - - [11/Jan/2026:09:46:12 +0700] "POST /wp-cron.php?doing_wp_cron=1768099572.4699130058288574218750 HTTP/1.1" 200 474 "-" "WordPress/6.9; https://view.lotushomemade.com"
114.119.149.78 - - [11/Jan/2026:09:46:08 +0700] "GET /shop/page/21/?orderby=price-desc&per_row=6&shop_view=grid&per_page=12 HTTP/1.1" 200 39966 "https://view.lotushomemade.com/shop/page/19/?orderby=price-desc&per_row=6&shop_view=grid&per_page=12" "Mozilla/5.0 (Linux; Android 7.0;) AppleWebKit/537.36 (KHTML, like Gecko) Mobile Safari/537.36 (compatible; PetalBot;+https://webmaster.petalsearch.com/site/petalbot)"
103.131.51.123 - - [11/Jan/2026:09:47:33 +0700] "POST /wp-cron.php?doing_wp_cron=1768099653.9250519275665283203125 HTTP/1.1" 200 474 "-" "WordPress/6.9; https://view.lotushomemade.com"
114.119.130.97 - - [11/Jan/2026:09:47:30 +0700] "GET /shop/page/21/?orderby=price&stock_status=onsale&per_row=6&shop_view=grid HTTP/1.1" 200 39986 "https://view.lotushomemade.com/shop/page/23/?orderby=price&stock_status=onsale&per_row=6&shop_view=grid" "Mozilla/5.0 (Linux; Android 7.0;) AppleWebKit/537.36 (KHTML, like Gecko) Mobile Safari/537.36 (compatible; PetalBot;+https://webmaster.petalsearch.com/site/petalbot)"
103.131.51.123 - - [11/Jan/2026:09:48:56 +0700] "POST /wp-cron.php?doing_wp_cron=1768099736.8269169330596923828125 HTTP/1.1" 200 474 "-" "WordPress/6.9; https://view.lotushomemade.com"
114.119.142.208 - - [11/Jan/2026:09:48:53 +0700] "GET /shop/page/21/?orderby=date&stock_status=onsale&per_row=2&shop_view=grid HTTP/1.1" 200 39568 "https://view.lotushomemade.com/shop/page/21?orderby=date&stock_status=onsale&per_row=2&shop_view=grid" "Mozilla/5.0 (Linux; Android 7.0;) AppleWebKit/537.36 (KHTML, like Gecko) Mobile Safari/537.36 (compatible; PetalBot;+https://webmaster.petalsearch.com/site/petalbot)"
103.131.51.123 - - [11/Jan/2026:09:50:19 +0700] "POST /wp-cron.php?doing_wp_cron=1768099819.0724959373474121093750 HTTP/1.1" 200 474 "-" "WordPress/6.9; https://view.lotushomemade.com"
114.119.150.215 - - [11/Jan/2026:09:50:16 +0700] "GET /shop/page/8?max_price=1050&per_page=24 HTTP/1.1" 301 550 "https://view.lotushomemade.com/shop/page/10/?max_price=1050&per_page=24" "Mozilla/5.0 (Linux; Android 7.0;) AppleWebKit/537.36 (KHTML, like Gecko) Mobile Safari/537.36 (compatible; PetalBot;+https://webmaster.petalsearch.com/site/petalbot)"
114.119.150.215 - - [11/Jan/2026:09:50:19 +0700] "GET /shop/page/8/?max_price=1050&per_page=24 HTTP/1.1" 200 42178 "https://view.lotushomemade.com/shop/page/10/?max_price=1050&per_page=24" "Mozilla/5.0 (Linux; Android 7.0;) AppleWebKit/537.36 (KHTML, like Gecko) Mobile Safari/537.36 (compatible; PetalBot;+https://webmaster.petalsearch.com/site/petalbot)"
103.131.51.123 - - [11/Jan/2026:09:50:58 +0700] "POST /wp-cron.php?doing_wp_cron=1768099858.5555469989776611328125 HTTP/1.1" 200 474 "-" "WordPress/6.9; https://view.lotushomemade.com"
104.210.140.133 - - [11/Jan/2026:09:50:58 +0700] "GET    /robots.txt HTTP/2" 200 103 "-" "Mozilla/5.0 (Macintosh; Intel Mac OS X 10_15_7) AppleWebKit/537.36 (KHTML, like Gecko) Chrome/131.0.0.0 Safari/537.36; compatible; OAI-SearchBot/1.0; +https://openai.com/searchbot"
103.131.51.123 - - [11/Jan/2026:09:51:42 +0700] "POST /wp-cron.php?doing_wp_cron=1768099902.2087409496307373046875 HTTP/1.1" 200 474 "-" "WordPress/6.9; https://view.lotushomemade.com"
114.119.156.27 - - [11/Jan/2026:09:51:40 +0700] "GET /shop/page/7/?orderby=date&stock_status=instock&per_row=4&shop_view=grid HTTP/1.1" 200 39825 "https://view.lotushomemade.com/shop/page/9?orderby=date&stock_status=instock&per_row=4&shop_view=grid" "Mozilla/5.0 (Linux; Android 7.0;) AppleWebKit/537.36 (KHTML, like Gecko) Mobile Safari/537.36 (compatible; PetalBot;+https://webmaster.petalsearch.com/site/petalbot)"
103.131.51.123 - - [11/Jan/2026:09:53:10 +0700] "POST /wp-cron.php?doing_wp_cron=1768099990.9060130119323730468750 HTTP/1.1" 200 474 "-" "WordPress/6.9; https://view.lotushomemade.com"
114.119.142.208 - - [11/Jan/2026:09:53:07 +0700] "GET /shop/page/5/?orderby=rating HTTP/1.1" 200 39834 "https://view.lotushomemade.com/shop/page/6/?orderby=rating" "Mozilla/5.0 (Linux; Android 7.0;) AppleWebKit/537.36 (KHTML, like Gecko) Mobile Safari/537.36 (compatible; PetalBot;+https://webmaster.petalsearch.com/site/petalbot)"
103.131.51.123 - - [11/Jan/2026:09:54:31 +0700] "POST /wp-cron.php?doing_wp_cron=1768100071.6440949440002441406250 HTTP/1.1" 200 474 "-" "WordPress/6.9; https://view.lotushomemade.com"
114.119.151.206 - - [11/Jan/2026:09:54:28 +0700] "GET /shop/page/4/?min_price=0&per_row=2&per_page=24&shop_view=grid HTTP/1.1" 200 41940 "https://view.lotushomemade.com/shop/page/5/?min_price=0&per_row=2&per_page=24&shop_view=grid" "Mozilla/5.0 (Linux; Android 7.0;) AppleWebKit/537.36 (KHTML, like Gecko) Mobile Safari/537.36 (compatible; PetalBot;+https://webmaster.petalsearch.com/site/petalbot)"
103.131.51.123 - - [11/Jan/2026:09:55:53 +0700] "POST /wp-cron.php?doing_wp_cron=1768100153.4866909980773925781250 HTTP/1.1" 200 474 "-" "WordPress/6.9; https://view.lotushomemade.com"
114.119.148.197 - - [11/Jan/2026:09:55:51 +0700] "GET /shop/page/3?orderby=rating&per_page=8&shop_view=grid&per_row=2 HTTP/1.1" 301 661 "-" "Mozilla/5.0 (Linux; Android 7.0;) AppleWebKit/537.36 (KHTML, like Gecko) Mobile Safari/537.36 (compatible; PetalBot;+https://webmaster.petalsearch.com/site/petalbot)"
114.119.148.197 - - [11/Jan/2026:09:55:53 +0700] "GET /shop/page/3/?orderby=rating&per_page=8&shop_view=grid&per_row=2 HTTP/1.1" 200 39243 "-" "Mozilla/5.0 (Linux; Android 7.0;) AppleWebKit/537.36 (KHTML, like Gecko) Mobile Safari/537.36 (compatible; PetalBot;+https://webmaster.petalsearch.com/site/petalbot)"
103.131.51.123 - - [11/Jan/2026:09:59:50 +0700] "POST /wp-cron.php?doing_wp_cron=1768100390.4225239753723144531250 HTTP/1.1" 200 474 "-" "WordPress/6.9; https://view.lotushomemade.com"
114.119.148.197 - - [11/Jan/2026:09:59:46 +0700] "GET /shop/page/31/?orderby=rating&per_page=12 HTTP/1.1" 200 39844 "https://view.lotushomemade.com/shop/page/7/?orderby=rating&per_page=12" "Mozilla/5.0 (Linux; Android 7.0;) AppleWebKit/537.36 (KHTML, like Gecko) Mobile Safari/537.36 (compatible; PetalBot;+https://webmaster.petalsearch.com/site/petalbot)"
114.119.148.197 - - [11/Jan/2026:10:00:17 +0700] "GET /shop/page/31/?orderby=popularity&per_row=4&shop_view=grid&stock_status=instock HTTP/1.1" 200 39902 "https://view.lotushomemade.com/shop/page/6/?orderby=popularity&per_row=4&shop_view=grid&stock_status=instock" "Mozilla/5.0 (Linux; Android 7.0;) AppleWebKit/537.36 (KHTML, like Gecko) Mobile Safari/537.36 (compatible; PetalBot;+https://webmaster.petalsearch.com/site/petalbot)"
103.131.51.123 - - [11/Jan/2026:10:00:44 +0700] "POST /wp-cron.php?doing_wp_cron=1768100444.3753991127014160156250 HTTP/1.1" 200 474 "-" "WordPress/6.9; https://view.lotushomemade.com"
114.119.142.208 - - [11/Jan/2026:10:00:43 +0700] "GET /shop/page/30?orderby=price-desc&stock_status=instock,onsale HTTP/1.1" 301 527 "https://view.lotushomemade.com/shop?orderby=price-desc&stock_status=instock%2Consale" "Mozilla/5.0 (Linux; Android 7.0;) AppleWebKit/537.36 (KHTML, like Gecko) Mobile Safari/537.36 (compatible; PetalBot;+https://webmaster.petalsearch.com/site/petalbot)"
114.119.142.208 - - [11/Jan/2026:10:00:44 +0700] "GET /shop/page/30/?orderby=price-desc&stock_status=instock,onsale HTTP/1.1" 301 527 "https://view.lotushomemade.com/shop?orderby=price-desc&stock_status=instock%2Consale" "Mozilla/5.0 (Linux; Android 7.0;) AppleWebKit/537.36 (KHTML, like Gecko) Mobile Safari/537.36 (compatible; PetalBot;+https://webmaster.petalsearch.com/site/petalbot)"
114.119.142.208 - - [11/Jan/2026:10:00:45 +0700] "GET /shop/page/30/?orderby=price-desc&stock_status=instock,onsale HTTP/1.1" 301 527 "https://view.lotushomemade.com/shop?orderby=price-desc&stock_status=instock%2Consale" "Mozilla/5.0 (Linux; Android 7.0;) AppleWebKit/537.36 (KHTML, like Gecko) Mobile Safari/537.36 (compatible; PetalBot;+https://webmaster.petalsearch.com/site/petalbot)"
114.119.142.208 - - [11/Jan/2026:10:00:46 +0700] "GET /shop/page/30/?orderby=price-desc&stock_status=instock,onsale HTTP/1.1" 301 527 "https://view.lotushomemade.com/shop?orderby=price-desc&stock_status=instock%2Consale" "Mozilla/5.0 (Linux; Android 7.0;) AppleWebKit/537.36 (KHTML, like Gecko) Mobile Safari/537.36 (compatible; PetalBot;+https://webmaster.petalsearch.com/site/petalbot)"
114.119.142.208 - - [11/Jan/2026:10:00:47 +0700] "GET /shop/page/30/?orderby=price-desc&stock_status=instock,onsale HTTP/1.1" 301 527 "https://view.lotushomemade.com/shop?orderby=price-desc&stock_status=instock%2Consale" "Mozilla/5.0 (Linux; Android 7.0;) AppleWebKit/537.36 (KHTML, like Gecko) Mobile Safari/537.36 (compatible; PetalBot;+https://webmaster.petalsearch.com/site/petalbot)"
114.119.142.208 - - [11/Jan/2026:10:00:48 +0700] "GET /shop/page/30/?orderby=price-desc&stock_status=instock,onsale HTTP/1.1" 301 527 "https://view.lotushomemade.com/shop?orderby=price-desc&stock_status=instock%2Consale" "Mozilla/5.0 (Linux; Android 7.0;) AppleWebKit/537.36 (KHTML, like Gecko) Mobile Safari/537.36 (compatible; PetalBot;+https://webmaster.petalsearch.com/site/petalbot)"
114.119.142.208 - - [11/Jan/2026:10:00:49 +0700] "GET /shop/page/30/?orderby=price-desc&stock_status=instock,onsale HTTP/1.1" 301 527 "https://view.lotushomemade.com/shop?orderby=price-desc&stock_status=instock%2Consale" "Mozilla/5.0 (Linux; Android 7.0;) AppleWebKit/537.36 (KHTML, like Gecko) Mobile Safari/537.36 (compatible; PetalBot;+https://webmaster.petalsearch.com/site/petalbot)"
114.119.142.208 - - [11/Jan/2026:10:00:49 +0700] "GET /shop/page/30/?orderby=price-desc&stock_status=instock,onsale HTTP/1.1" 301 527 "https://view.lotushomemade.com/shop?orderby=price-desc&stock_status=instock%2Consale" "Mozilla/5.0 (Linux; Android 7.0;) AppleWebKit/537.36 (KHTML, like Gecko) Mobile Safari/537.36 (compatible; PetalBot;+https://webmaster.petalsearch.com/site/petalbot)"
114.119.142.208 - - [11/Jan/2026:10:00:50 +0700] "GET /shop/page/30/?orderby=price-desc&stock_status=instock,onsale HTTP/1.1" 301 527 "https://view.lotushomemade.com/shop?orderby=price-desc&stock_status=instock%2Consale" "Mozilla/5.0 (Linux; Android 7.0;) AppleWebKit/537.36 (KHTML, like Gecko) Mobile Safari/537.36 (compatible; PetalBot;+https://webmaster.petalsearch.com/site/petalbot)"
114.119.142.208 - - [11/Jan/2026:10:00:51 +0700] "GET /shop/page/30/?orderby=price-desc&stock_status=instock,onsale HTTP/1.1" 301 527 "https://view.lotushomemade.com/shop?orderby=price-desc&stock_status=instock%2Consale" "Mozilla/5.0 (Linux; Android 7.0;) AppleWebKit/537.36 (KHTML, like Gecko) Mobile Safari/537.36 (compatible; PetalBot;+https://webmaster.petalsearch.com/site/petalbot)"
114.119.150.215 - - [11/Jan/2026:10:01:29 +0700] "GET /shop/page/30/?orderby=price-desc&stock_status=onsale&per_row=4&shop_view=grid HTTP/1.1" 200 39984 "https://view.lotushomemade.com/shop/page/25/?orderby=price-desc&stock_status=onsale&per_row=4&shop_view=grid" "Mozilla/5.0 (Linux; Android 7.0;) AppleWebKit/537.36 (KHTML, like Gecko) Mobile Safari/537.36 (compatible; PetalBot;+https://webmaster.petalsearch.com/site/petalbot)"
103.131.51.123 - - [11/Jan/2026:10:02:57 +0700] "POST /wp-cron.php?doing_wp_cron=1768100577.6753070354461669921875 HTTP/1.1" 200 474 "-" "WordPress/6.9; https://view.lotushomemade.com"
114.119.149.78 - - [11/Jan/2026:10:02:54 +0700] "GET /shop/page/28/?orderby=price&per_page=12&stock_status=instock HTTP/1.1" 200 40200 "https://view.lotushomemade.com/shop/page/26/?orderby=price&per_page=12&stock_status=instock" "Mozilla/5.0 (Linux; Android 7.0;) AppleWebKit/537.36 (KHTML, like Gecko) Mobile Safari/537.36 (compatible; PetalBot;+https://webmaster.petalsearch.com/site/petalbot)"
103.131.51.123 - - [11/Jan/2026:10:04:20 +0700] "POST /wp-cron.php?doing_wp_cron=1768100660.1756680011749267578125 HTTP/1.1" 200 474 "-" "WordPress/6.9; https://view.lotushomemade.com"
114.119.145.110 - - [11/Jan/2026:10:04:16 +0700] "GET /shop/page/25/?per_row=2&shop_view=grid&stock_status=instock HTTP/1.1" 200 40007 "https://view.lotushomemade.com/shop/page/24/?per_row=2&shop_view=grid&stock_status=instock" "Mozilla/5.0 (Linux; Android 7.0;) AppleWebKit/537.36 (KHTML, like Gecko) Mobile Safari/537.36 (compatible; PetalBot;+https://webmaster.petalsearch.com/site/petalbot)"
103.131.51.123 - - [11/Jan/2026:10:05:47 +0700] "POST /wp-cron.php?doing_wp_cron=1768100747.3305499553680419921875 HTTP/1.1" 200 474 "-" "WordPress/6.9; https://view.lotushomemade.com"
114.119.151.206 - - [11/Jan/2026:10:05:43 +0700] "GET /shop/page/23/?orderby=price-desc&per_page=12&stock_status=onsale HTTP/1.1" 200 40499 "https://view.lotushomemade.com/shop/page/20/?orderby=price-desc&per_page=12&stock_status=onsale" "Mozilla/5.0 (Linux; Android 7.0;) AppleWebKit/537.36 (KHTML, like Gecko) Mobile Safari/537.36 (compatible; PetalBot;+https://webmaster.petalsearch.com/site/petalbot)"
103.131.51.123 - - [11/Jan/2026:10:07:07 +0700] "POST /wp-cron.php?doing_wp_cron=1768100827.0980830192565917968750 HTTP/1.1" 200 474 "-" "WordPress/6.9; https://view.lotushomemade.com"
114.119.151.206 - - [11/Jan/2026:10:07:03 +0700] "GET /shop/page/22/?orderby=date&shop_view=grid&per_row=6 HTTP/1.1" 200 39472 "https://view.lotushomemade.com/shop/page/24/?orderby=date&shop_view=grid&per_row=6" "Mozilla/5.0 (Linux; Android 7.0;) AppleWebKit/537.36 (KHTML, like Gecko) Mobile Safari/537.36 (compatible; PetalBot;+https://webmaster.petalsearch.com/site/petalbot)"
103.131.51.123 - - [11/Jan/2026:10:08:30 +0700] "POST /wp-cron.php?doing_wp_cron=1768100910.7421329021453857421875 HTTP/1.1" 200 474 "-" "WordPress/6.9; https://view.lotushomemade.com"
114.119.151.206 - - [11/Jan/2026:10:08:27 +0700] "GET /shop/page/22/?min_price=0&shop_view=grid&per_row=6 HTTP/1.1" 200 40021 "https://view.lotushomemade.com/shop/page/25/?min_price=0&shop_view=grid&per_row=6" "Mozilla/5.0 (Linux; Android 7.0;) AppleWebKit/537.36 (KHTML, like Gecko) Mobile Safari/537.36 (compatible; PetalBot;+https://webmaster.petalsearch.com/site/petalbot)"
103.131.51.123 - - [11/Jan/2026:10:09:54 +0700] "POST /wp-cron.php?doing_wp_cron=1768100994.8750379085540771484375 HTTP/1.1" 200 474 "-" "WordPress/6.9; https://view.lotushomemade.com"
114.119.150.215 - - [11/Jan/2026:10:09:51 +0700] "GET /shop/page/21/?orderby=date&per_page=18&shop_view=grid&per_row=2 HTTP/1.1" 200 41571 "https://view.lotushomemade.com/shop/page/1?orderby=date&per_page=18&shop_view=grid&per_row=2" "Mozilla/5.0 (Linux; Android 7.0;) AppleWebKit/537.36 (KHTML, like Gecko) Mobile Safari/537.36 (compatible; PetalBot;+https://webmaster.petalsearch.com/site/petalbot)"
103.131.51.123 - - [11/Jan/2026:10:11:18 +0700] "POST /wp-cron.php?doing_wp_cron=1768101078.4047360420227050781250 HTTP/1.1" 200 474 "-" "WordPress/6.9; https://view.lotushomemade.com"
114.119.150.215 - - [11/Jan/2026:10:11:14 +0700] "GET /shop/page/21/?max_price=780&stock_status=instock&shop_view=grid&per_row=2 HTTP/1.1" 200 40584 "https://view.lotushomemade.com/shop/page/24/?max_price=780&stock_status=instock&shop_view=grid&per_row=2" "Mozilla/5.0 (Linux; Android 7.0;) AppleWebKit/537.36 (KHTML, like Gecko) Mobile Safari/537.36 (compatible; PetalBot;+https://webmaster.petalsearch.com/site/petalbot)"
103.131.51.123 - - [11/Jan/2026:10:12:45 +0700] "POST /wp-cron.php?doing_wp_cron=1768101165.8836090564727783203125 HTTP/1.1" 200 474 "-" "WordPress/6.9; https://view.lotushomemade.com"
114.119.148.197 - - [11/Jan/2026:10:12:42 +0700] "GET /shop/page/8/?orderby=rating&per_row=2&shop_view=grid&stock_status=onsale HTTP/1.1" 200 39745 "https://view.lotushomemade.com/shop/page/5?orderby=rating&per_row=2&shop_view=grid&stock_status=onsale" "Mozilla/5.0 (Linux; Android 7.0;) AppleWebKit/537.36 (KHTML, like Gecko) Mobile Safari/537.36 (compatible; PetalBot;+https://webmaster.petalsearch.com/site/petalbot)"
103.131.51.123 - - [11/Jan/2026:10:14:04 +0700] "POST /wp-cron.php?doing_wp_cron=1768101244.6501469612121582031250 HTTP/1.1" 200 474 "-" "WordPress/6.9; https://view.lotushomemade.com"
114.119.142.208 - - [11/Jan/2026:10:14:02 +0700] "GET /shop/page/4?stock_status=instock&per_row=4&per_page=12&shop_view=grid HTTP/1.1" 301 669 "https://view.lotushomemade.com/shop/page/3?stock_status=instock&per_row=4&per_page=12&shop_view=grid" "Mozilla/5.0 (Linux; Android 7.0;) AppleWebKit/537.36 (KHTML, like Gecko) Mobile Safari/537.36 (compatible; PetalBot;+https://webmaster.petalsearch.com/site/petalbot)"
114.119.142.208 - - [11/Jan/2026:10:14:04 +0700] "GET /shop/page/4/?stock_status=instock&per_row=4&per_page=12&shop_view=grid HTTP/1.1" 200 40268 "https://view.lotushomemade.com/shop/page/3?stock_status=instock&per_row=4&per_page=12&shop_view=grid" "Mozilla/5.0 (Linux; Android 7.0;) AppleWebKit/537.36 (KHTML, like Gecko) Mobile Safari/537.36 (compatible; PetalBot;+https://webmaster.petalsearch.com/site/petalbot)"
103.131.51.123 - - [11/Jan/2026:10:15:31 +0700] "POST /wp-cron.php?doing_wp_cron=1768101331.3501870632171630859375 HTTP/1.1" 200 474 "-" "WordPress/6.9; https://view.lotushomemade.com"
114.119.145.110 - - [11/Jan/2026:10:15:29 +0700] "GET /shop/page/4?max_price=780&per_row=6&per_page=8&shop_view=grid HTTP/1.1" 301 660 "-" "Mozilla/5.0 (Linux; Android 7.0;) AppleWebKit/537.36 (KHTML, like Gecko) Mobile Safari/537.36 (compatible; PetalBot;+https://webmaster.petalsearch.com/site/petalbot)"
103.131.51.123 - - [11/Jan/2026:10:15:34 +0700] "POST /wp-cron.php?doing_wp_cron=1768101333.9846758842468261718750 HTTP/1.1" 200 474 "-" "WordPress/6.9; https://view.lotushomemade.com"
114.119.145.110 - - [11/Jan/2026:10:15:32 +0700] "GET /shop/page/4/?max_price=780&per_row=6&per_page=8&shop_view=grid HTTP/1.1" 200 39531 "-" "Mozilla/5.0 (Linux; Android 7.0;) AppleWebKit/537.36 (KHTML, like Gecko) Mobile Safari/537.36 (compatible; PetalBot;+https://webmaster.petalsearch.com/site/petalbot)"
103.131.51.123 - - [11/Jan/2026:10:16:52 +0700] "POST /wp-cron.php?doing_wp_cron=1768101412.8024830818176269531250 HTTP/1.1" 200 474 "-" "WordPress/6.9; https://view.lotushomemade.com"
114.119.142.208 - - [11/Jan/2026:10:16:49 +0700] "GET /shop/page/48/?max_price=1040&per_row=4&shop_view=grid&per_page=8 HTTP/1.1" 200 39278 "https://view.lotushomemade.com/shop/page/21?max_price=1040&per_row=4&shop_view=grid&per_page=8" "Mozilla/5.0 (Linux; Android 7.0;) AppleWebKit/537.36 (KHTML, like Gecko) Mobile Safari/537.36 (compatible; PetalBot;+https://webmaster.petalsearch.com/site/petalbot)"
103.131.51.123 - - [11/Jan/2026:10:18:17 +0700] "POST /wp-cron.php?doing_wp_cron=1768101497.2032740116119384765625 HTTP/1.1" 200 474 "-" "WordPress/6.9; https://view.lotushomemade.com"
114.119.142.208 - - [11/Jan/2026:10:18:13 +0700] "GET /shop/page/4/?stock_status=instock&per_page=8 HTTP/1.1" 200 39207 "https://view.lotushomemade.com/shop/page/2/?stock_status=instock&per_page=8" "Mozilla/5.0 (Linux; Android 7.0;) AppleWebKit/537.36 (KHTML, like Gecko) Mobile Safari/537.36 (compatible; PetalBot;+https://webmaster.petalsearch.com/site/petalbot)"
103.131.51.123 - - [11/Jan/2026:10:19:39 +0700] "POST /wp-cron.php?doing_wp_cron=1768101579.1440958976745605468750 HTTP/1.1" 200 474 "-" "WordPress/6.9; https://view.lotushomemade.com"
114.119.142.208 - - [11/Jan/2026:10:19:36 +0700] "GET /shop/page/4/?per_row=6&shop_view=grid&stock_status=instock,onsale HTTP/1.1" 301 620 "https://view.lotushomemade.com/shop?per_row=6&shop_view=grid&stock_status=instock%2Consale" "Mozilla/5.0 (Linux; Android 7.0;) AppleWebKit/537.36 (KHTML, like Gecko) Mobile Safari/537.36 (compatible; PetalBot;+https://webmaster.petalsearch.com/site/petalbot)"
114.119.142.208 - - [11/Jan/2026:10:19:39 +0700] "GET /shop/page/4/?per_row=6&shop_view=grid&stock_status=instock,onsale HTTP/1.1" 301 620 "https://view.lotushomemade.com/shop?per_row=6&shop_view=grid&stock_status=instock%2Consale" "Mozilla/5.0 (Linux; Android 7.0;) AppleWebKit/537.36 (KHTML, like Gecko) Mobile Safari/537.36 (compatible; PetalBot;+https://webmaster.petalsearch.com/site/petalbot)"
114.119.142.208 - - [11/Jan/2026:10:19:39 +0700] "GET /shop/page/4/?per_row=6&shop_view=grid&stock_status=instock,onsale HTTP/1.1" 301 620 "https://view.lotushomemade.com/shop?per_row=6&shop_view=grid&stock_status=instock%2Consale" "Mozilla/5.0 (Linux; Android 7.0;) AppleWebKit/537.36 (KHTML, like Gecko) Mobile Safari/537.36 (compatible; PetalBot;+https://webmaster.petalsearch.com/site/petalbot)"
114.119.142.208 - - [11/Jan/2026:10:19:40 +0700] "GET /shop/page/4/?per_row=6&shop_view=grid&stock_status=instock,onsale HTTP/1.1" 301 620 "https://view.lotushomemade.com/shop?per_row=6&shop_view=grid&stock_status=instock%2Consale" "Mozilla/5.0 (Linux; Android 7.0;) AppleWebKit/537.36 (KHTML, like Gecko) Mobile Safari/537.36 (compatible; PetalBot;+https://webmaster.petalsearch.com/site/petalbot)"
114.119.142.208 - - [11/Jan/2026:10:19:40 +0700] "GET /shop/page/4/?per_row=6&shop_view=grid&stock_status=instock,onsale HTTP/1.1" 301 620 "https://view.lotushomemade.com/shop?per_row=6&shop_view=grid&stock_status=instock%2Consale" "Mozilla/5.0 (Linux; Android 7.0;) AppleWebKit/537.36 (KHTML, like Gecko) Mobile Safari/537.36 (compatible; PetalBot;+https://webmaster.petalsearch.com/site/petalbot)"
114.119.142.208 - - [11/Jan/2026:10:19:41 +0700] "GET /shop/page/4/?per_row=6&shop_view=grid&stock_status=instock,onsale HTTP/1.1" 301 620 "https://view.lotushomemade.com/shop?per_row=6&shop_view=grid&stock_status=instock%2Consale" "Mozilla/5.0 (Linux; Android 7.0;) AppleWebKit/537.36 (KHTML, like Gecko) Mobile Safari/537.36 (compatible; PetalBot;+https://webmaster.petalsearch.com/site/petalbot)"
114.119.142.208 - - [11/Jan/2026:10:19:41 +0700] "GET /shop/page/4/?per_row=6&shop_view=grid&stock_status=instock,onsale HTTP/1.1" 301 620 "https://view.lotushomemade.com/shop?per_row=6&shop_view=grid&stock_status=instock%2Consale" "Mozilla/5.0 (Linux; Android 7.0;) AppleWebKit/537.36 (KHTML, like Gecko) Mobile Safari/537.36 (compatible; PetalBot;+https://webmaster.petalsearch.com/site/petalbot)"
114.119.142.208 - - [11/Jan/2026:10:19:43 +0700] "GET /shop/page/4/?per_row=6&shop_view=grid&stock_status=instock,onsale HTTP/1.1" 301 620 "https://view.lotushomemade.com/shop?per_row=6&shop_view=grid&stock_status=instock%2Consale" "Mozilla/5.0 (Linux; Android 7.0;) AppleWebKit/537.36 (KHTML, like Gecko) Mobile Safari/537.36 (compatible; PetalBot;+https://webmaster.petalsearch.com/site/petalbot)"
114.119.142.208 - - [11/Jan/2026:10:19:43 +0700] "GET /shop/page/4/?per_row=6&shop_view=grid&stock_status=instock,onsale HTTP/1.1" 301 620 "https://view.lotushomemade.com/shop?per_row=6&shop_view=grid&stock_status=instock%2Consale" "Mozilla/5.0 (Linux; Android 7.0;) AppleWebKit/537.36 (KHTML, like Gecko) Mobile Safari/537.36 (compatible; PetalBot;+https://webmaster.petalsearch.com/site/petalbot)"
114.119.142.208 - - [11/Jan/2026:10:19:44 +0700] "GET /shop/page/4/?per_row=6&shop_view=grid&stock_status=instock,onsale HTTP/1.1" 301 620 "https://view.lotushomemade.com/shop?per_row=6&shop_view=grid&stock_status=instock%2Consale" "Mozilla/5.0 (Linux; Android 7.0;) AppleWebKit/537.36 (KHTML, like Gecko) Mobile Safari/537.36 (compatible; PetalBot;+https://webmaster.petalsearch.com/site/petalbot)"
103.131.51.123 - - [11/Jan/2026:10:21:03 +0700] "POST /wp-cron.php?doing_wp_cron=1768101663.6686029434204101562500 HTTP/1.1" 200 474 "-" "WordPress/6.9; https://view.lotushomemade.com"
114.119.151.206 - - [11/Jan/2026:10:21:00 +0700] "GET /shop/page/32/?max_price=1040&stock_status=onsale&shop_view=grid&per_row=6 HTTP/1.1" 200 40014 "https://view.lotushomemade.com/shop/page/24/?max_price=1040&stock_status=onsale&shop_view=grid&per_row=6" "Mozilla/5.0 (Linux; Android 7.0;) AppleWebKit/537.36 (KHTML, like Gecko) Mobile Safari/537.36 (compatible; PetalBot;+https://webmaster.petalsearch.com/site/petalbot)"
103.131.51.123 - - [11/Jan/2026:10:22:27 +0700] "POST /wp-cron.php?doing_wp_cron=1768101747.9318659305572509765625 HTTP/1.1" 200 474 "-" "WordPress/6.9; https://view.lotushomemade.com"
114.119.142.208 - - [11/Jan/2026:10:22:24 +0700] "GET /shop/page/25/?orderby=popularity&per_page=12 HTTP/1.1" 200 39532 "https://view.lotushomemade.com/shop/page/25/?orderby=popularity&per_page=12" "Mozilla/5.0 (Linux; Android 7.0;) AppleWebKit/537.36 (KHTML, like Gecko) Mobile Safari/537.36 (compatible; PetalBot;+https://webmaster.petalsearch.com/site/petalbot)"
103.131.51.123 - - [11/Jan/2026:10:23:53 +0700] "POST /wp-cron.php?doing_wp_cron=1768101833.2582979202270507812500 HTTP/1.1" 200 474 "-" "WordPress/6.9; https://view.lotushomemade.com"
114.119.156.27 - - [11/Jan/2026:10:23:49 +0700] "GET /shop/page/23/?orderby=date&per_page=12&stock_status=onsale HTTP/1.1" 200 39459 "https://view.lotushomemade.com/shop/page/21/?orderby=date&per_page=12&stock_status=onsale" "Mozilla/5.0 (Linux; Android 7.0;) AppleWebKit/537.36 (KHTML, like Gecko) Mobile Safari/537.36 (compatible; PetalBot;+https://webmaster.petalsearch.com/site/petalbot)"
103.131.51.123 - - [11/Jan/2026:10:25:15 +0700] "POST /wp-cron.php?doing_wp_cron=1768101915.1092610359191894531250 HTTP/1.1" 200 474 "-" "WordPress/6.9; https://view.lotushomemade.com"
66.249.70.97 - - [11/Jan/2026:10:25:11 +0700] "GET /product/sugee-ball-cookies_8080-s/ HTTP/1.1" 200 37109 "-" "Mozilla/5.0 (Linux; Android 6.0.1; Nexus 5X Build/MMB29P) AppleWebKit/537.36 (KHTML, like Gecko) Chrome/143.0.7499.192 Mobile Safari/537.36 (compatible; Googlebot/2.1; +http://www.google.com/bot.html)"
114.119.145.110 - - [11/Jan/2026:10:25:12 +0700] "GET /shop/page/21/?orderby=rating&per_row=2&per_page=18&shop_view=grid HTTP/1.1" 200 40989 "https://view.lotushomemade.com/shop/page/9/?orderby=rating&per_row=2&per_page=18&shop_view=grid" "Mozilla/5.0 (Linux; Android 7.0;) AppleWebKit/537.36 (KHTML, like Gecko) Mobile Safari/537.36 (compatible; PetalBot;+https://webmaster.petalsearch.com/site/petalbot)"
66.249.71.129 - - [11/Jan/2026:10:25:19 +0700] "GET /wp-content/themes/woodmart/js/scripts/wc/initZoom.min.js?ver=7.2.5 HTTP/1.1" 200 1077 "https://view.lotushomemade.com/product/sugee-ball-cookies_8080-s/" "Mozilla/5.0 (Linux; Android 6.0.1; Nexus 5X Build/MMB29P) AppleWebKit/537.36 (KHTML, like Gecko) Chrome/143.0.7499.169 Mobile Safari/537.36 (compatible; Googlebot/2.1; +http://www.google.com/bot.html)"
66.249.70.98 - - [11/Jan/2026:10:25:22 +0700] "GET /wp-content/themes/woodmart/js/scripts/wc/productImages.min.js?ver=7.2.5 HTTP/1.1" 200 1153 "https://view.lotushomemade.com/product/sugee-ball-cookies_8080-s/" "Mozilla/5.0 (Linux; Android 6.0.1; Nexus 5X Build/MMB29P) AppleWebKit/537.36 (KHTML, like Gecko) Chrome/143.0.7499.169 Mobile Safari/537.36 (compatible; Googlebot/2.1; +http://www.google.com/bot.html)"
66.249.70.97 - - [11/Jan/2026:10:25:25 +0700] "GET /wp-content/plugins/woocommerce/assets/js/frontend/cart-fragments.min.js?ver=8.2.1 HTTP/1.1" 200 1569 "https://view.lotushomemade.com/product/sugee-ball-cookies_8080-s/" "Mozilla/5.0 (Linux; Android 6.0.1; Nexus 5X Build/MMB29P) AppleWebKit/537.36 (KHTML, like Gecko) Chrome/143.0.7499.169 Mobile Safari/537.36 (compatible; Googlebot/2.1; +http://www.google.com/bot.html)"
66.249.70.97 - - [11/Jan/2026:10:25:27 +0700] "GET /wp-content/plugins/gtranslate/flags/svg/en.svg HTTP/1.1" 200 868 "https://view.lotushomemade.com/product/sugee-ball-cookies_8080-s/" "Mozilla/5.0 (Linux; Android 6.0.1; Nexus 5X Build/MMB29P) AppleWebKit/537.36 (KHTML, like Gecko) Chrome/143.0.7499.169 Mobile Safari/537.36 (compatible; Googlebot/2.1; +http://www.google.com/bot.html)"
66.249.70.97 - - [11/Jan/2026:10:25:29 +0700] "POST /?wc-ajax=get_refreshed_fragments HTTP/1.1" 200 1119 "https://view.lotushomemade.com/product/sugee-ball-cookies_8080-s/" "Mozilla/5.0 (Linux; Android 6.0.1; Nexus 5X Build/MMB29P) AppleWebKit/537.36 (KHTML, like Gecko) Chrome/143.0.7499.169 Mobile Safari/537.36 (compatible; Googlebot/2.1; +http://www.google.com/bot.html)"
103.131.51.123 - - [11/Jan/2026:10:26:38 +0700] "POST /wp-cron.php?doing_wp_cron=1768101998.1213688850402832031250 HTTP/1.1" 200 474 "-" "WordPress/6.9; https://view.lotushomemade.com"
114.119.150.215 - - [11/Jan/2026:10:26:36 +0700] "GET /shop/page/21/?max_price=780&per_row=2&per_page=8&shop_view=grid HTTP/1.1" 200 39706 "https://view.lotushomemade.com/shop/page/20/?max_price=780&per_row=2&per_page=8&shop_view=grid" "Mozilla/5.0 (Linux; Android 7.0;) AppleWebKit/537.36 (KHTML, like Gecko) Mobile Safari/537.36 (compatible; PetalBot;+https://webmaster.petalsearch.com/site/petalbot)"
103.131.51.123 - - [11/Jan/2026:10:28:02 +0700] "POST /wp-cron.php?doing_wp_cron=1768102082.3611969947814941406250 HTTP/1.1" 200 474 "-" "WordPress/6.9; https://view.lotushomemade.com"
114.119.130.97 - - [11/Jan/2026:10:28:00 +0700] "GET /shop/page/21/?max_price=780&per_page=18&stock_status=instock,onsale HTTP/1.1" 301 580 "https://view.lotushomemade.com/shop?max_price=780&per_page=18&stock_status=instock%2Consale" "Mozilla/5.0 (Linux; Android 7.0;) AppleWebKit/537.36 (KHTML, like Gecko) Mobile Safari/537.36 (compatible; PetalBot;+https://webmaster.petalsearch.com/site/petalbot)"
114.119.130.97 - - [11/Jan/2026:10:28:02 +0700] "GET /shop/page/21/?max_price=780&per_page=18&stock_status=instock,onsale HTTP/1.1" 301 580 "https://view.lotushomemade.com/shop?max_price=780&per_page=18&stock_status=instock%2Consale" "Mozilla/5.0 (Linux; Android 7.0;) AppleWebKit/537.36 (KHTML, like Gecko) Mobile Safari/537.36 (compatible; PetalBot;+https://webmaster.petalsearch.com/site/petalbot)"
114.119.130.97 - - [11/Jan/2026:10:28:02 +0700] "GET /shop/page/21/?max_price=780&per_page=18&stock_status=instock,onsale HTTP/1.1" 301 580 "https://view.lotushomemade.com/shop?max_price=780&per_page=18&stock_status=instock%2Consale" "Mozilla/5.0 (Linux; Android 7.0;) AppleWebKit/537.36 (KHTML, like Gecko) Mobile Safari/537.36 (compatible; PetalBot;+https://webmaster.petalsearch.com/site/petalbot)"
114.119.130.97 - - [11/Jan/2026:10:28:03 +0700] "GET /shop/page/21/?max_price=780&per_page=18&stock_status=instock,onsale HTTP/1.1" 301 580 "https://view.lotushomemade.com/shop?max_price=780&per_page=18&stock_status=instock%2Consale" "Mozilla/5.0 (Linux; Android 7.0;) AppleWebKit/537.36 (KHTML, like Gecko) Mobile Safari/537.36 (compatible; PetalBot;+https://webmaster.petalsearch.com/site/petalbot)"
114.119.130.97 - - [11/Jan/2026:10:28:03 +0700] "GET /shop/page/21/?max_price=780&per_page=18&stock_status=instock,onsale HTTP/1.1" 301 580 "https://view.lotushomemade.com/shop?max_price=780&per_page=18&stock_status=instock%2Consale" "Mozilla/5.0 (Linux; Android 7.0;) AppleWebKit/537.36 (KHTML, like Gecko) Mobile Safari/537.36 (compatible; PetalBot;+https://webmaster.petalsearch.com/site/petalbot)"
114.119.130.97 - - [11/Jan/2026:10:28:04 +0700] "GET /shop/page/21/?max_price=780&per_page=18&stock_status=instock,onsale HTTP/1.1" 301 580 "https://view.lotushomemade.com/shop?max_price=780&per_page=18&stock_status=instock%2Consale" "Mozilla/5.0 (Linux; Android 7.0;) AppleWebKit/537.36 (KHTML, like Gecko) Mobile Safari/537.36 (compatible; PetalBot;+https://webmaster.petalsearch.com/site/petalbot)"
114.119.130.97 - - [11/Jan/2026:10:28:04 +0700] "GET /shop/page/21/?max_price=780&per_page=18&stock_status=instock,onsale HTTP/1.1" 301 580 "https://view.lotushomemade.com/shop?max_price=780&per_page=18&stock_status=instock%2Consale" "Mozilla/5.0 (Linux; Android 7.0;) AppleWebKit/537.36 (KHTML, like Gecko) Mobile Safari/537.36 (compatible; PetalBot;+https://webmaster.petalsearch.com/site/petalbot)"
114.119.130.97 - - [11/Jan/2026:10:28:05 +0700] "GET /shop/page/21/?max_price=780&per_page=18&stock_status=instock,onsale HTTP/1.1" 301 580 "https://view.lotushomemade.com/shop?max_price=780&per_page=18&stock_status=instock%2Consale" "Mozilla/5.0 (Linux; Android 7.0;) AppleWebKit/537.36 (KHTML, like Gecko) Mobile Safari/537.36 (compatible; PetalBot;+https://webmaster.petalsearch.com/site/petalbot)"
114.119.130.97 - - [11/Jan/2026:10:28:05 +0700] "GET /shop/page/21/?max_price=780&per_page=18&stock_status=instock,onsale HTTP/1.1" 301 580 "https://view.lotushomemade.com/shop?max_price=780&per_page=18&stock_status=instock%2Consale" "Mozilla/5.0 (Linux; Android 7.0;) AppleWebKit/537.36 (KHTML, like Gecko) Mobile Safari/537.36 (compatible; PetalBot;+https://webmaster.petalsearch.com/site/petalbot)"
114.119.130.97 - - [11/Jan/2026:10:28:06 +0700] "GET /shop/page/21/?max_price=780&per_page=18&stock_status=instock,onsale HTTP/1.1" 301 580 "https://view.lotushomemade.com/shop?max_price=780&per_page=18&stock_status=instock%2Consale" "Mozilla/5.0 (Linux; Android 7.0;) AppleWebKit/537.36 (KHTML, like Gecko) Mobile Safari/537.36 (compatible; PetalBot;+https://webmaster.petalsearch.com/site/petalbot)"
