103.131.51.123 - - [10/Jan/2026:15:07:45 +0700] "POST /wp-cron.php?doing_wp_cron=1768032465.5818729400634765625000 HTTP/1.1" 200 474 "-" "WordPress/6.9; https://view.lotushomemade.com"
114.119.148.197 - - [10/Jan/2026:15:07:43 +0700] "GET /shop?orderby=popularity&stock_status=onsale&filter_brand=blessing-food HTTP/1.1" 301 536 "https://view.lotushomemade.com/shop/page/4?orderby=popularity&stock_status=onsale&shop_view=grid&per_row=4" "Mozilla/5.0 (Linux; Android 7.0;) AppleWebKit/537.36 (KHTML, like Gecko) Mobile Safari/537.36 (compatible; PetalBot;+https://webmaster.petalsearch.com/site/petalbot)"
114.119.148.197 - - [10/Jan/2026:15:07:46 +0700] "GET /shop/?orderby=popularity&stock_status=onsale&filter_brand=blessing-food HTTP/1.1" 200 38661 "https://view.lotushomemade.com/shop/page/4?orderby=popularity&stock_status=onsale&shop_view=grid&per_row=4" "Mozilla/5.0 (Linux; Android 7.0;) AppleWebKit/537.36 (KHTML, like Gecko) Mobile Safari/537.36 (compatible; PetalBot;+https://webmaster.petalsearch.com/site/petalbot)"
103.131.51.123 - - [10/Jan/2026:15:09:09 +0700] "POST /wp-cron.php?doing_wp_cron=1768032549.1465690135955810546875 HTTP/1.1" 200 474 "-" "WordPress/6.9; https://view.lotushomemade.com"
114.119.156.27 - - [10/Jan/2026:15:09:06 +0700] "GET /shop/page/8?shop_view=grid&per_row=4 HTTP/1.1" 301 590 "-" "Mozilla/5.0 (Linux; Android 7.0;) AppleWebKit/537.36 (KHTML, like Gecko) Mobile Safari/537.36 (compatible; PetalBot;+https://webmaster.petalsearch.com/site/petalbot)"
114.119.156.27 - - [10/Jan/2026:15:09:09 +0700] "GET /shop/page/8/?shop_view=grid&per_row=4 HTTP/1.1" 200 39626 "-" "Mozilla/5.0 (Linux; Android 7.0;) AppleWebKit/537.36 (KHTML, like Gecko) Mobile Safari/537.36 (compatible; PetalBot;+https://webmaster.petalsearch.com/site/petalbot)"
103.131.51.123 - - [10/Jan/2026:15:10:33 +0700] "POST /wp-cron.php?doing_wp_cron=1768032633.5117731094360351562500 HTTP/1.1" 200 474 "-" "WordPress/6.9; https://view.lotushomemade.com"
114.119.151.206 - - [10/Jan/2026:15:10:29 +0700] "GET /shop/page/7/?stock_status=instock&shop_view=grid&per_row=2 HTTP/1.1" 200 39969 "https://view.lotushomemade.com/shop/page/5/?stock_status=instock&shop_view=grid&per_row=2" "Mozilla/5.0 (Linux; Android 7.0;) AppleWebKit/537.36 (KHTML, like Gecko) Mobile Safari/537.36 (compatible; PetalBot;+https://webmaster.petalsearch.com/site/petalbot)"
103.131.51.123 - - [10/Jan/2026:15:11:56 +0700] "POST /wp-cron.php?doing_wp_cron=1768032716.3174989223480224609375 HTTP/1.1" 200 474 "-" "WordPress/6.9; https://view.lotushomemade.com"
114.119.149.78 - - [10/Jan/2026:15:11:54 +0700] "GET /shop/page/6?orderby=price-desc&per_row=4&per_page=24&shop_view=grid HTTP/1.1" 301 667 "https://view.lotushomemade.com/shop/page/9?orderby=price-desc&per_row=4&per_page=24&shop_view=grid" "Mozilla/5.0 (Linux; Android 7.0;) AppleWebKit/537.36 (KHTML, like Gecko) Mobile Safari/537.36 (compatible; PetalBot;+https://webmaster.petalsearch.com/site/petalbot)"
114.119.149.78 - - [10/Jan/2026:15:11:56 +0700] "GET /shop/page/6/?orderby=price-desc&per_row=4&per_page=24&shop_view=grid HTTP/1.1" 200 42320 "https://view.lotushomemade.com/shop/page/9?orderby=price-desc&per_row=4&per_page=24&shop_view=grid" "Mozilla/5.0 (Linux; Android 7.0;) AppleWebKit/537.36 (KHTML, like Gecko) Mobile Safari/537.36 (compatible; PetalBot;+https://webmaster.petalsearch.com/site/petalbot)"
103.131.51.123 - - [10/Jan/2026:15:13:22 +0700] "POST /wp-cron.php?doing_wp_cron=1768032802.5083410739898681640625 HTTP/1.1" 200 474 "-" "WordPress/6.9; https://view.lotushomemade.com"
114.119.145.110 - - [10/Jan/2026:15:13:18 +0700] "GET /shop/page/5/?max_price=1040&per_page=18&shop_view=grid&per_row=6 HTTP/1.1" 200 41072 "https://view.lotushomemade.com/shop/page/3?max_price=1040&per_page=18&shop_view=grid&per_row=6" "Mozilla/5.0 (Linux; Android 7.0;) AppleWebKit/537.36 (KHTML, like Gecko) Mobile Safari/537.36 (compatible; PetalBot;+https://webmaster.petalsearch.com/site/petalbot)"
103.131.51.123 - - [10/Jan/2026:15:13:57 +0700] "POST /wp-cron.php?doing_wp_cron=1768032837.6405169963836669921875 HTTP/1.1" 200 474 "-" "WordPress/6.9; https://view.lotushomemade.com"
57.141.2.2 - - [10/Jan/2026:15:13:56 +0700] "GET /shop/page/8/?stock_status=instock%2Consale&per_page=18 HTTP/2" 200 261060 "-" "meta-externalagent/1.1 (+https://developers.facebook.com/docs/sharing/webmasters/crawler)"
103.131.51.123 - - [10/Jan/2026:15:14:41 +0700] "POST /wp-cron.php?doing_wp_cron=1768032881.2977309226989746093750 HTTP/1.1" 200 474 "-" "WordPress/6.9; https://view.lotushomemade.com"
114.119.151.206 - - [10/Jan/2026:15:14:40 +0700] "GET /shop/page/44?orderby=date&stock_status=instock&per_page=8 HTTP/1.1" 301 568 "https://view.lotushomemade.com/shop/page/47?orderby=date&stock_status=instock&per_page=8" "Mozilla/5.0 (Linux; Android 7.0;) AppleWebKit/537.36 (KHTML, like Gecko) Mobile Safari/537.36 (compatible; PetalBot;+https://webmaster.petalsearch.com/site/petalbot)"
114.119.151.206 - - [10/Jan/2026:15:14:41 +0700] "GET /shop/page/44/?orderby=date&stock_status=instock&per_page=8 HTTP/1.1" 200 38902 "https://view.lotushomemade.com/shop/page/47?orderby=date&stock_status=instock&per_page=8" "Mozilla/5.0 (Linux; Android 7.0;) AppleWebKit/537.36 (KHTML, like Gecko) Mobile Safari/537.36 (compatible; PetalBot;+https://webmaster.petalsearch.com/site/petalbot)"
103.131.51.123 - - [10/Jan/2026:15:16:08 +0700] "POST /wp-cron.php?doing_wp_cron=1768032968.3129160404205322265625 HTTP/1.1" 200 474 "-" "WordPress/6.9; https://view.lotushomemade.com"
114.119.149.78 - - [10/Jan/2026:15:16:04 +0700] "GET /shop/page/42/?min_price=0&max_price=260&per_page=8&stock_status=onsale HTTP/1.1" 200 39814 "https://view.lotushomemade.com/shop/page/40/?min_price=0&max_price=260&per_page=8&stock_status=onsale" "Mozilla/5.0 (Linux; Android 7.0;) AppleWebKit/537.36 (KHTML, like Gecko) Mobile Safari/537.36 (compatible; PetalBot;+https://webmaster.petalsearch.com/site/petalbot)"
103.131.51.123 - - [10/Jan/2026:15:17:32 +0700] "POST /wp-cron.php?doing_wp_cron=1768033052.7692179679870605468750 HTTP/1.1" 200 474 "-" "WordPress/6.9; https://view.lotushomemade.com"
114.119.156.27 - - [10/Jan/2026:15:17:29 +0700] "GET /shop/page/4/?orderby=popularity&shop_view=grid&per_row=2 HTTP/1.1" 200 40036 "https://view.lotushomemade.com/shop/page/5/?orderby=popularity&shop_view=grid&per_row=2" "Mozilla/5.0 (Linux; Android 7.0;) AppleWebKit/537.36 (KHTML, like Gecko) Mobile Safari/537.36 (compatible; PetalBot;+https://webmaster.petalsearch.com/site/petalbot)"
103.131.51.123 - - [10/Jan/2026:15:18:55 +0700] "POST /wp-cron.php?doing_wp_cron=1768033135.4867219924926757812500 HTTP/1.1" 200 474 "-" "WordPress/6.9; https://view.lotushomemade.com"
114.119.130.97 - - [10/Jan/2026:15:18:53 +0700] "GET /shop/page/32/?orderby=price&stock_status=instock,onsale&per_row=2&shop_view=grid HTTP/1.1" 301 635 "https://view.lotushomemade.com/shop?orderby=price&stock_status=instock%2Consale&per_row=2&shop_view=grid" "Mozilla/5.0 (Linux; Android 7.0;) AppleWebKit/537.36 (KHTML, like Gecko) Mobile Safari/537.36 (compatible; PetalBot;+https://webmaster.petalsearch.com/site/petalbot)"
114.119.130.97 - - [10/Jan/2026:15:18:57 +0700] "GET /shop/page/32/?orderby=price&stock_status=instock,onsale&per_row=2&shop_view=grid HTTP/1.1" 301 635 "https://view.lotushomemade.com/shop?orderby=price&stock_status=instock%2Consale&per_row=2&shop_view=grid" "Mozilla/5.0 (Linux; Android 7.0;) AppleWebKit/537.36 (KHTML, like Gecko) Mobile Safari/537.36 (compatible; PetalBot;+https://webmaster.petalsearch.com/site/petalbot)"
114.119.130.97 - - [10/Jan/2026:15:18:58 +0700] "GET /shop/page/32/?orderby=price&stock_status=instock,onsale&per_row=2&shop_view=grid HTTP/1.1" 301 635 "https://view.lotushomemade.com/shop?orderby=price&stock_status=instock%2Consale&per_row=2&shop_view=grid" "Mozilla/5.0 (Linux; Android 7.0;) AppleWebKit/537.36 (KHTML, like Gecko) Mobile Safari/537.36 (compatible; PetalBot;+https://webmaster.petalsearch.com/site/petalbot)"
114.119.130.97 - - [10/Jan/2026:15:18:59 +0700] "GET /shop/page/32/?orderby=price&stock_status=instock,onsale&per_row=2&shop_view=grid HTTP/1.1" 301 635 "https://view.lotushomemade.com/shop?orderby=price&stock_status=instock%2Consale&per_row=2&shop_view=grid" "Mozilla/5.0 (Linux; Android 7.0;) AppleWebKit/537.36 (KHTML, like Gecko) Mobile Safari/537.36 (compatible; PetalBot;+https://webmaster.petalsearch.com/site/petalbot)"
114.119.130.97 - - [10/Jan/2026:15:19:00 +0700] "GET /shop/page/32/?orderby=price&stock_status=instock,onsale&per_row=2&shop_view=grid HTTP/1.1" 301 635 "https://view.lotushomemade.com/shop?orderby=price&stock_status=instock%2Consale&per_row=2&shop_view=grid" "Mozilla/5.0 (Linux; Android 7.0;) AppleWebKit/537.36 (KHTML, like Gecko) Mobile Safari/537.36 (compatible; PetalBot;+https://webmaster.petalsearch.com/site/petalbot)"
114.119.130.97 - - [10/Jan/2026:15:19:01 +0700] "GET /shop/page/32/?orderby=price&stock_status=instock,onsale&per_row=2&shop_view=grid HTTP/1.1" 301 635 "https://view.lotushomemade.com/shop?orderby=price&stock_status=instock%2Consale&per_row=2&shop_view=grid" "Mozilla/5.0 (Linux; Android 7.0;) AppleWebKit/537.36 (KHTML, like Gecko) Mobile Safari/537.36 (compatible; PetalBot;+https://webmaster.petalsearch.com/site/petalbot)"
114.119.130.97 - - [10/Jan/2026:15:19:01 +0700] "GET /shop/page/32/?orderby=price&stock_status=instock,onsale&per_row=2&shop_view=grid HTTP/1.1" 301 635 "https://view.lotushomemade.com/shop?orderby=price&stock_status=instock%2Consale&per_row=2&shop_view=grid" "Mozilla/5.0 (Linux; Android 7.0;) AppleWebKit/537.36 (KHTML, like Gecko) Mobile Safari/537.36 (compatible; PetalBot;+https://webmaster.petalsearch.com/site/petalbot)"
114.119.130.97 - - [10/Jan/2026:15:19:02 +0700] "GET /shop/page/32/?orderby=price&stock_status=instock,onsale&per_row=2&shop_view=grid HTTP/1.1" 301 635 "https://view.lotushomemade.com/shop?orderby=price&stock_status=instock%2Consale&per_row=2&shop_view=grid" "Mozilla/5.0 (Linux; Android 7.0;) AppleWebKit/537.36 (KHTML, like Gecko) Mobile Safari/537.36 (compatible; PetalBot;+https://webmaster.petalsearch.com/site/petalbot)"
114.119.130.97 - - [10/Jan/2026:15:19:02 +0700] "GET /shop/page/32/?orderby=price&stock_status=instock,onsale&per_row=2&shop_view=grid HTTP/1.1" 301 635 "https://view.lotushomemade.com/shop?orderby=price&stock_status=instock%2Consale&per_row=2&shop_view=grid" "Mozilla/5.0 (Linux; Android 7.0;) AppleWebKit/537.36 (KHTML, like Gecko) Mobile Safari/537.36 (compatible; PetalBot;+https://webmaster.petalsearch.com/site/petalbot)"
114.119.130.97 - - [10/Jan/2026:15:19:03 +0700] "GET /shop/page/32/?orderby=price&stock_status=instock,onsale&per_row=2&shop_view=grid HTTP/1.1" 301 635 "https://view.lotushomemade.com/shop?orderby=price&stock_status=instock%2Consale&per_row=2&shop_view=grid" "Mozilla/5.0 (Linux; Android 7.0;) AppleWebKit/537.36 (KHTML, like Gecko) Mobile Safari/537.36 (compatible; PetalBot;+https://webmaster.petalsearch.com/site/petalbot)"
103.131.51.123 - - [10/Jan/2026:15:20:18 +0700] "POST /wp-cron.php?doing_wp_cron=1768033218.7974660396575927734375 HTTP/1.1" 200 474 "-" "WordPress/6.9; https://view.lotushomemade.com"
114.119.151.206 - - [10/Jan/2026:15:20:16 +0700] "GET /shop/page/30/?orderby=price-desc&per_page=12&stock_status=instock,onsale HTTP/1.1" 301 585 "https://view.lotushomemade.com/shop?orderby=price-desc&per_page=12&stock_status=instock%2Consale" "Mozilla/5.0 (Linux; Android 7.0;) AppleWebKit/537.36 (KHTML, like Gecko) Mobile Safari/537.36 (compatible; PetalBot;+https://webmaster.petalsearch.com/site/petalbot)"
114.119.151.206 - - [10/Jan/2026:15:20:18 +0700] "GET /shop/page/30/?orderby=price-desc&per_page=12&stock_status=instock,onsale HTTP/1.1" 301 585 "https://view.lotushomemade.com/shop?orderby=price-desc&per_page=12&stock_status=instock%2Consale" "Mozilla/5.0 (Linux; Android 7.0;) AppleWebKit/537.36 (KHTML, like Gecko) Mobile Safari/537.36 (compatible; PetalBot;+https://webmaster.petalsearch.com/site/petalbot)"
114.119.151.206 - - [10/Jan/2026:15:20:19 +0700] "GET /shop/page/30/?orderby=price-desc&per_page=12&stock_status=instock,onsale HTTP/1.1" 301 585 "https://view.lotushomemade.com/shop?orderby=price-desc&per_page=12&stock_status=instock%2Consale" "Mozilla/5.0 (Linux; Android 7.0;) AppleWebKit/537.36 (KHTML, like Gecko) Mobile Safari/537.36 (compatible; PetalBot;+https://webmaster.petalsearch.com/site/petalbot)"
114.119.151.206 - - [10/Jan/2026:15:20:19 +0700] "GET /shop/page/30/?orderby=price-desc&per_page=12&stock_status=instock,onsale HTTP/1.1" 301 585 "https://view.lotushomemade.com/shop?orderby=price-desc&per_page=12&stock_status=instock%2Consale" "Mozilla/5.0 (Linux; Android 7.0;) AppleWebKit/537.36 (KHTML, like Gecko) Mobile Safari/537.36 (compatible; PetalBot;+https://webmaster.petalsearch.com/site/petalbot)"
114.119.151.206 - - [10/Jan/2026:15:20:20 +0700] "GET /shop/page/30/?orderby=price-desc&per_page=12&stock_status=instock,onsale HTTP/1.1" 301 585 "https://view.lotushomemade.com/shop?orderby=price-desc&per_page=12&stock_status=instock%2Consale" "Mozilla/5.0 (Linux; Android 7.0;) AppleWebKit/537.36 (KHTML, like Gecko) Mobile Safari/537.36 (compatible; PetalBot;+https://webmaster.petalsearch.com/site/petalbot)"
114.119.151.206 - - [10/Jan/2026:15:20:20 +0700] "GET /shop/page/30/?orderby=price-desc&per_page=12&stock_status=instock,onsale HTTP/1.1" 301 585 "https://view.lotushomemade.com/shop?orderby=price-desc&per_page=12&stock_status=instock%2Consale" "Mozilla/5.0 (Linux; Android 7.0;) AppleWebKit/537.36 (KHTML, like Gecko) Mobile Safari/537.36 (compatible; PetalBot;+https://webmaster.petalsearch.com/site/petalbot)"
114.119.151.206 - - [10/Jan/2026:15:20:21 +0700] "GET /shop/page/30/?orderby=price-desc&per_page=12&stock_status=instock,onsale HTTP/1.1" 301 585 "https://view.lotushomemade.com/shop?orderby=price-desc&per_page=12&stock_status=instock%2Consale" "Mozilla/5.0 (Linux; Android 7.0;) AppleWebKit/537.36 (KHTML, like Gecko) Mobile Safari/537.36 (compatible; PetalBot;+https://webmaster.petalsearch.com/site/petalbot)"
114.119.151.206 - - [10/Jan/2026:15:20:21 +0700] "GET /shop/page/30/?orderby=price-desc&per_page=12&stock_status=instock,onsale HTTP/1.1" 301 585 "https://view.lotushomemade.com/shop?orderby=price-desc&per_page=12&stock_status=instock%2Consale" "Mozilla/5.0 (Linux; Android 7.0;) AppleWebKit/537.36 (KHTML, like Gecko) Mobile Safari/537.36 (compatible; PetalBot;+https://webmaster.petalsearch.com/site/petalbot)"
114.119.151.206 - - [10/Jan/2026:15:20:22 +0700] "GET /shop/page/30/?orderby=price-desc&per_page=12&stock_status=instock,onsale HTTP/1.1" 301 585 "https://view.lotushomemade.com/shop?orderby=price-desc&per_page=12&stock_status=instock%2Consale" "Mozilla/5.0 (Linux; Android 7.0;) AppleWebKit/537.36 (KHTML, like Gecko) Mobile Safari/537.36 (compatible; PetalBot;+https://webmaster.petalsearch.com/site/petalbot)"
114.119.151.206 - - [10/Jan/2026:15:20:22 +0700] "GET /shop/page/30/?orderby=price-desc&per_page=12&stock_status=instock,onsale HTTP/1.1" 301 585 "https://view.lotushomemade.com/shop?orderby=price-desc&per_page=12&stock_status=instock%2Consale" "Mozilla/5.0 (Linux; Android 7.0;) AppleWebKit/537.36 (KHTML, like Gecko) Mobile Safari/537.36 (compatible; PetalBot;+https://webmaster.petalsearch.com/site/petalbot)"
103.131.51.123 - - [10/Jan/2026:15:21:41 +0700] "POST /wp-cron.php?doing_wp_cron=1768033301.7855470180511474609375 HTTP/1.1" 200 474 "-" "WordPress/6.9; https://view.lotushomemade.com"
114.119.151.206 - - [10/Jan/2026:15:21:39 +0700] "GET /shop/page/30/?max_price=1050&stock_status=instock,onsale&shop_view=grid&per_row=4 HTTP/1.1" 301 636 "https://view.lotushomemade.com/shop?max_price=1050&stock_status=instock%2Consale&shop_view=grid&per_row=4" "Mozilla/5.0 (Linux; Android 7.0;) AppleWebKit/537.36 (KHTML, like Gecko) Mobile Safari/537.36 (compatible; PetalBot;+https://webmaster.petalsearch.com/site/petalbot)"
114.119.151.206 - - [10/Jan/2026:15:21:42 +0700] "GET /shop/page/30/?max_price=1050&stock_status=instock,onsale&shop_view=grid&per_row=4 HTTP/1.1" 301 636 "https://view.lotushomemade.com/shop?max_price=1050&stock_status=instock%2Consale&shop_view=grid&per_row=4" "Mozilla/5.0 (Linux; Android 7.0;) AppleWebKit/537.36 (KHTML, like Gecko) Mobile Safari/537.36 (compatible; PetalBot;+https://webmaster.petalsearch.com/site/petalbot)"
114.119.151.206 - - [10/Jan/2026:15:21:42 +0700] "GET /shop/page/30/?max_price=1050&stock_status=instock,onsale&shop_view=grid&per_row=4 HTTP/1.1" 301 636 "https://view.lotushomemade.com/shop?max_price=1050&stock_status=instock%2Consale&shop_view=grid&per_row=4" "Mozilla/5.0 (Linux; Android 7.0;) AppleWebKit/537.36 (KHTML, like Gecko) Mobile Safari/537.36 (compatible; PetalBot;+https://webmaster.petalsearch.com/site/petalbot)"
114.119.151.206 - - [10/Jan/2026:15:21:43 +0700] "GET /shop/page/30/?max_price=1050&stock_status=instock,onsale&shop_view=grid&per_row=4 HTTP/1.1" 301 636 "https://view.lotushomemade.com/shop?max_price=1050&stock_status=instock%2Consale&shop_view=grid&per_row=4" "Mozilla/5.0 (Linux; Android 7.0;) AppleWebKit/537.36 (KHTML, like Gecko) Mobile Safari/537.36 (compatible; PetalBot;+https://webmaster.petalsearch.com/site/petalbot)"
114.119.151.206 - - [10/Jan/2026:15:21:43 +0700] "GET /shop/page/30/?max_price=1050&stock_status=instock,onsale&shop_view=grid&per_row=4 HTTP/1.1" 301 636 "https://view.lotushomemade.com/shop?max_price=1050&stock_status=instock%2Consale&shop_view=grid&per_row=4" "Mozilla/5.0 (Linux; Android 7.0;) AppleWebKit/537.36 (KHTML, like Gecko) Mobile Safari/537.36 (compatible; PetalBot;+https://webmaster.petalsearch.com/site/petalbot)"
114.119.151.206 - - [10/Jan/2026:15:21:44 +0700] "GET /shop/page/30/?max_price=1050&stock_status=instock,onsale&shop_view=grid&per_row=4 HTTP/1.1" 301 636 "https://view.lotushomemade.com/shop?max_price=1050&stock_status=instock%2Consale&shop_view=grid&per_row=4" "Mozilla/5.0 (Linux; Android 7.0;) AppleWebKit/537.36 (KHTML, like Gecko) Mobile Safari/537.36 (compatible; PetalBot;+https://webmaster.petalsearch.com/site/petalbot)"
114.119.151.206 - - [10/Jan/2026:15:21:44 +0700] "GET /shop/page/30/?max_price=1050&stock_status=instock,onsale&shop_view=grid&per_row=4 HTTP/1.1" 301 636 "https://view.lotushomemade.com/shop?max_price=1050&stock_status=instock%2Consale&shop_view=grid&per_row=4" "Mozilla/5.0 (Linux; Android 7.0;) AppleWebKit/537.36 (KHTML, like Gecko) Mobile Safari/537.36 (compatible; PetalBot;+https://webmaster.petalsearch.com/site/petalbot)"
114.119.151.206 - - [10/Jan/2026:15:21:45 +0700] "GET /shop/page/30/?max_price=1050&stock_status=instock,onsale&shop_view=grid&per_row=4 HTTP/1.1" 301 636 "https://view.lotushomemade.com/shop?max_price=1050&stock_status=instock%2Consale&shop_view=grid&per_row=4" "Mozilla/5.0 (Linux; Android 7.0;) AppleWebKit/537.36 (KHTML, like Gecko) Mobile Safari/537.36 (compatible; PetalBot;+https://webmaster.petalsearch.com/site/petalbot)"
114.119.151.206 - - [10/Jan/2026:15:21:45 +0700] "GET /shop/page/30/?max_price=1050&stock_status=instock,onsale&shop_view=grid&per_row=4 HTTP/1.1" 301 636 "https://view.lotushomemade.com/shop?max_price=1050&stock_status=instock%2Consale&shop_view=grid&per_row=4" "Mozilla/5.0 (Linux; Android 7.0;) AppleWebKit/537.36 (KHTML, like Gecko) Mobile Safari/537.36 (compatible; PetalBot;+https://webmaster.petalsearch.com/site/petalbot)"
114.119.151.206 - - [10/Jan/2026:15:21:46 +0700] "GET /shop/page/30/?max_price=1050&stock_status=instock,onsale&shop_view=grid&per_row=4 HTTP/1.1" 301 636 "https://view.lotushomemade.com/shop?max_price=1050&stock_status=instock%2Consale&shop_view=grid&per_row=4" "Mozilla/5.0 (Linux; Android 7.0;) AppleWebKit/537.36 (KHTML, like Gecko) Mobile Safari/537.36 (compatible; PetalBot;+https://webmaster.petalsearch.com/site/petalbot)"
103.131.51.123 - - [10/Jan/2026:15:23:07 +0700] "POST /wp-cron.php?doing_wp_cron=1768033387.5642740726470947265625 HTTP/1.1" 200 474 "-" "WordPress/6.9; https://view.lotushomemade.com"
114.119.151.206 - - [10/Jan/2026:15:23:05 +0700] "GET /shop/page/2?orderby=rating&stock_status=onsale&per_row=6&shop_view=grid HTTP/1.1" 301 625 "https://view.lotushomemade.com/shop/?orderby=rating&stock_status=onsale&per_row=6&shop_view=grid" "Mozilla/5.0 (Linux; Android 7.0;) AppleWebKit/537.36 (KHTML, like Gecko) Mobile Safari/537.36 (compatible; PetalBot;+https://webmaster.petalsearch.com/site/petalbot)"
114.119.151.206 - - [10/Jan/2026:15:23:07 +0700] "GET /shop/page/2/?orderby=rating&stock_status=onsale&per_row=6&shop_view=grid HTTP/1.1" 200 40549 "https://view.lotushomemade.com/shop/?orderby=rating&stock_status=onsale&per_row=6&shop_view=grid" "Mozilla/5.0 (Linux; Android 7.0;) AppleWebKit/537.36 (KHTML, like Gecko) Mobile Safari/537.36 (compatible; PetalBot;+https://webmaster.petalsearch.com/site/petalbot)"
103.131.51.123 - - [10/Jan/2026:15:24:29 +0700] "POST /wp-cron.php?doing_wp_cron=1768033469.5428419113159179687500 HTTP/1.1" 200 474 "-" "WordPress/6.9; https://view.lotushomemade.com"
114.119.156.27 - - [10/Jan/2026:15:24:27 +0700] "GET /shop/page/2?orderby=price-desc&stock_status=onsale&per_row=2&shop_view=grid HTTP/1.1" 301 629 "https://view.lotushomemade.com/shop?orderby=price-desc&stock_status=onsale&per_row=2&shop_view=grid" "Mozilla/5.0 (Linux; Android 7.0;) AppleWebKit/537.36 (KHTML, like Gecko) Mobile Safari/537.36 (compatible; PetalBot;+https://webmaster.petalsearch.com/site/petalbot)"
114.119.156.27 - - [10/Jan/2026:15:24:29 +0700] "GET /shop/page/2/?orderby=price-desc&stock_status=onsale&per_row=2&shop_view=grid HTTP/1.1" 200 40658 "https://view.lotushomemade.com/shop?orderby=price-desc&stock_status=onsale&per_row=2&shop_view=grid" "Mozilla/5.0 (Linux; Android 7.0;) AppleWebKit/537.36 (KHTML, like Gecko) Mobile Safari/537.36 (compatible; PetalBot;+https://webmaster.petalsearch.com/site/petalbot)"
114.119.150.215 - - [10/Jan/2026:15:25:51 +0700] "GET /shop/page/27/?orderby=price&stock_status=onsale&per_row=6&shop_view=grid HTTP/1.1" 200 40163 "https://view.lotushomemade.com/shop/page/26/?orderby=price&stock_status=onsale&per_row=6&shop_view=grid" "Mozilla/5.0 (Linux; Android 7.0;) AppleWebKit/537.36 (KHTML, like Gecko) Mobile Safari/537.36 (compatible; PetalBot;+https://webmaster.petalsearch.com/site/petalbot)"
40.77.167.19 - - [10/Jan/2026:15:26:41 +0700] "GET /product/legend-kuih-kapit-tin__trashed/ HTTP/2" 200 36006 "-" "Mozilla/5.0 AppleWebKit/537.36 (KHTML, like Gecko; compatible; bingbot/2.0; +http://www.bing.com/bingbot.htm) Chrome/116.0.1938.76 Safari/537.36"
103.131.51.123 - - [10/Jan/2026:15:27:16 +0700] "POST /wp-cron.php?doing_wp_cron=1768033636.4996359348297119140625 HTTP/1.1" 200 474 "-" "WordPress/6.9; https://view.lotushomemade.com"
114.119.142.208 - - [10/Jan/2026:15:27:15 +0700] "GET /shop/page/20/?orderby=date&per_row=2&per_page=18&shop_view=grid HTTP/1.1" 200 40670 "https://view.lotushomemade.com/shop/page/8/?orderby=date&per_row=2&per_page=18&shop_view=grid" "Mozilla/5.0 (Linux; Android 7.0;) AppleWebKit/537.36 (KHTML, like Gecko) Mobile Safari/537.36 (compatible; PetalBot;+https://webmaster.petalsearch.com/site/petalbot)"
103.131.51.123 - - [10/Jan/2026:15:27:39 +0700] "POST /wp-cron.php?doing_wp_cron=1768033659.0902860164642333984375 HTTP/1.1" 200 474 "-" "WordPress/6.9; https://view.lotushomemade.com"
57.141.2.8 - - [10/Jan/2026:15:27:37 +0700] "GET /shop/page/15/?add-to-cart=17097 HTTP/2" 200 239590 "-" "meta-externalagent/1.1 (+https://developers.facebook.com/docs/sharing/webmasters/crawler)"
103.131.51.123 - - [10/Jan/2026:15:28:37 +0700] "POST /wp-cron.php?doing_wp_cron=1768033717.9122440814971923828125 HTTP/1.1" 200 474 "-" "WordPress/6.9; https://view.lotushomemade.com"
114.119.151.206 - - [10/Jan/2026:15:28:37 +0700] "GET /shop/page/2/?orderby=popularity&stock_status=instock,onsale&shop_view=grid&per_row=4 HTTP/1.1" 301 639 "https://view.lotushomemade.com/shop?orderby=popularity&stock_status=instock%2Consale&shop_view=grid&per_row=4" "Mozilla/5.0 (Linux; Android 7.0;) AppleWebKit/537.36 (KHTML, like Gecko) Mobile Safari/537.36 (compatible; PetalBot;+https://webmaster.petalsearch.com/site/petalbot)"
114.119.151.206 - - [10/Jan/2026:15:28:38 +0700] "GET /shop/page/2/?orderby=popularity&stock_status=instock,onsale&shop_view=grid&per_row=4 HTTP/1.1" 301 639 "https://view.lotushomemade.com/shop?orderby=popularity&stock_status=instock%2Consale&shop_view=grid&per_row=4" "Mozilla/5.0 (Linux; Android 7.0;) AppleWebKit/537.36 (KHTML, like Gecko) Mobile Safari/537.36 (compatible; PetalBot;+https://webmaster.petalsearch.com/site/petalbot)"
114.119.151.206 - - [10/Jan/2026:15:28:38 +0700] "GET /shop/page/2/?orderby=popularity&stock_status=instock,onsale&shop_view=grid&per_row=4 HTTP/1.1" 301 639 "https://view.lotushomemade.com/shop?orderby=popularity&stock_status=instock%2Consale&shop_view=grid&per_row=4" "Mozilla/5.0 (Linux; Android 7.0;) AppleWebKit/537.36 (KHTML, like Gecko) Mobile Safari/537.36 (compatible; PetalBot;+https://webmaster.petalsearch.com/site/petalbot)"
114.119.151.206 - - [10/Jan/2026:15:28:39 +0700] "GET /shop/page/2/?orderby=popularity&stock_status=instock,onsale&shop_view=grid&per_row=4 HTTP/1.1" 301 639 "https://view.lotushomemade.com/shop?orderby=popularity&stock_status=instock%2Consale&shop_view=grid&per_row=4" "Mozilla/5.0 (Linux; Android 7.0;) AppleWebKit/537.36 (KHTML, like Gecko) Mobile Safari/537.36 (compatible; PetalBot;+https://webmaster.petalsearch.com/site/petalbot)"
114.119.151.206 - - [10/Jan/2026:15:28:39 +0700] "GET /shop/page/2/?orderby=popularity&stock_status=instock,onsale&shop_view=grid&per_row=4 HTTP/1.1" 301 639 "https://view.lotushomemade.com/shop?orderby=popularity&stock_status=instock%2Consale&shop_view=grid&per_row=4" "Mozilla/5.0 (Linux; Android 7.0;) AppleWebKit/537.36 (KHTML, like Gecko) Mobile Safari/537.36 (compatible; PetalBot;+https://webmaster.petalsearch.com/site/petalbot)"
114.119.151.206 - - [10/Jan/2026:15:28:40 +0700] "GET /shop/page/2/?orderby=popularity&stock_status=instock,onsale&shop_view=grid&per_row=4 HTTP/1.1" 301 639 "https://view.lotushomemade.com/shop?orderby=popularity&stock_status=instock%2Consale&shop_view=grid&per_row=4" "Mozilla/5.0 (Linux; Android 7.0;) AppleWebKit/537.36 (KHTML, like Gecko) Mobile Safari/537.36 (compatible; PetalBot;+https://webmaster.petalsearch.com/site/petalbot)"
114.119.151.206 - - [10/Jan/2026:15:28:40 +0700] "GET /shop/page/2/?orderby=popularity&stock_status=instock,onsale&shop_view=grid&per_row=4 HTTP/1.1" 301 639 "https://view.lotushomemade.com/shop?orderby=popularity&stock_status=instock%2Consale&shop_view=grid&per_row=4" "Mozilla/5.0 (Linux; Android 7.0;) AppleWebKit/537.36 (KHTML, like Gecko) Mobile Safari/537.36 (compatible; PetalBot;+https://webmaster.petalsearch.com/site/petalbot)"
114.119.151.206 - - [10/Jan/2026:15:28:41 +0700] "GET /shop/page/2/?orderby=popularity&stock_status=instock,onsale&shop_view=grid&per_row=4 HTTP/1.1" 301 639 "https://view.lotushomemade.com/shop?orderby=popularity&stock_status=instock%2Consale&shop_view=grid&per_row=4" "Mozilla/5.0 (Linux; Android 7.0;) AppleWebKit/537.36 (KHTML, like Gecko) Mobile Safari/537.36 (compatible; PetalBot;+https://webmaster.petalsearch.com/site/petalbot)"
114.119.151.206 - - [10/Jan/2026:15:28:41 +0700] "GET /shop/page/2/?orderby=popularity&stock_status=instock,onsale&shop_view=grid&per_row=4 HTTP/1.1" 301 639 "https://view.lotushomemade.com/shop?orderby=popularity&stock_status=instock%2Consale&shop_view=grid&per_row=4" "Mozilla/5.0 (Linux; Android 7.0;) AppleWebKit/537.36 (KHTML, like Gecko) Mobile Safari/537.36 (compatible; PetalBot;+https://webmaster.petalsearch.com/site/petalbot)"
114.119.151.206 - - [10/Jan/2026:15:28:42 +0700] "GET /shop/page/2/?orderby=popularity&stock_status=instock,onsale&shop_view=grid&per_row=4 HTTP/1.1" 301 639 "https://view.lotushomemade.com/shop?orderby=popularity&stock_status=instock%2Consale&shop_view=grid&per_row=4" "Mozilla/5.0 (Linux; Android 7.0;) AppleWebKit/537.36 (KHTML, like Gecko) Mobile Safari/537.36 (compatible; PetalBot;+https://webmaster.petalsearch.com/site/petalbot)"
103.131.51.123 - - [10/Jan/2026:15:30:04 +0700] "POST /wp-cron.php?doing_wp_cron=1768033804.4004271030426025390625 HTTP/1.1" 200 474 "-" "WordPress/6.9; https://view.lotushomemade.com"
114.119.130.97 - - [10/Jan/2026:15:30:01 +0700] "GET /shop?orderby=date&per_row=4&shop_view=grid&stock_status=instock,onsale HTTP/1.1" 301 624 "https://view.lotushomemade.com/shop?orderby=date&stock_status=onsale&per_row=4&shop_view=grid" "Mozilla/5.0 (Linux; Android 7.0;) AppleWebKit/537.36 (KHTML, like Gecko) Mobile Safari/537.36 (compatible; PetalBot;+https://webmaster.petalsearch.com/site/petalbot)"
114.119.130.97 - - [10/Jan/2026:15:30:06 +0700] "GET /shop/?orderby=date&per_row=4&shop_view=grid&stock_status=instock,onsale HTTP/1.1" 200 40871 "https://view.lotushomemade.com/shop?orderby=date&stock_status=onsale&per_row=4&shop_view=grid" "Mozilla/5.0 (Linux; Android 7.0;) AppleWebKit/537.36 (KHTML, like Gecko) Mobile Safari/537.36 (compatible; PetalBot;+https://webmaster.petalsearch.com/site/petalbot)"
103.131.51.123 - - [10/Jan/2026:15:31:27 +0700] "POST /wp-cron.php?doing_wp_cron=1768033887.2027161121368408203125 HTTP/1.1" 200 474 "-" "WordPress/6.9; https://view.lotushomemade.com"
114.119.145.110 - - [10/Jan/2026:15:31:24 +0700] "GET /shop?min_price=260&stock_status=onsale&per_row=4&shop_view=grid HTTP/1.1" 301 617 "https://view.lotushomemade.com/shop?min_price=260&per_row=2&shop_view=grid&stock_status=onsale" "Mozilla/5.0 (Linux; Android 7.0;) AppleWebKit/537.36 (KHTML, like Gecko) Mobile Safari/537.36 (compatible; PetalBot;+https://webmaster.petalsearch.com/site/petalbot)"
114.119.145.110 - - [10/Jan/2026:15:31:27 +0700] "GET /shop/?min_price=260&stock_status=onsale&per_row=4&shop_view=grid HTTP/1.1" 200 39182 "https://view.lotushomemade.com/shop?min_price=260&per_row=2&shop_view=grid&stock_status=onsale" "Mozilla/5.0 (Linux; Android 7.0;) AppleWebKit/537.36 (KHTML, like Gecko) Mobile Safari/537.36 (compatible; PetalBot;+https://webmaster.petalsearch.com/site/petalbot)"
103.131.51.123 - - [10/Jan/2026:15:32:53 +0700] "POST /wp-cron.php?doing_wp_cron=1768033973.5094621181488037109375 HTTP/1.1" 200 474 "-" "WordPress/6.9; https://view.lotushomemade.com"
114.119.148.197 - - [10/Jan/2026:15:32:51 +0700] "GET /shop?min_price=1040&per_row=4&shop_view=grid&stock_status=instock,onsale HTTP/1.1" 301 626 "https://view.lotushomemade.com/shop?min_price=1040&per_row=4&shop_view=grid&stock_status=instock%2Consale" "Mozilla/5.0 (Linux; Android 7.0;) AppleWebKit/537.36 (KHTML, like Gecko) Mobile Safari/537.36 (compatible; PetalBot;+https://webmaster.petalsearch.com/site/petalbot)"
114.119.148.197 - - [10/Jan/2026:15:32:54 +0700] "GET /shop/?min_price=1040&per_row=4&shop_view=grid&stock_status=instock,onsale HTTP/1.1" 200 38613 "https://view.lotushomemade.com/shop?min_price=1040&per_row=4&shop_view=grid&stock_status=instock%2Consale" "Mozilla/5.0 (Linux; Android 7.0;) AppleWebKit/537.36 (KHTML, like Gecko) Mobile Safari/537.36 (compatible; PetalBot;+https://webmaster.petalsearch.com/site/petalbot)"
103.131.51.123 - - [10/Jan/2026:15:34:16 +0700] "POST /wp-cron.php?doing_wp_cron=1768034056.8505580425262451171875 HTTP/1.1" 200 474 "-" "WordPress/6.9; https://view.lotushomemade.com"
114.119.156.27 - - [10/Jan/2026:15:34:13 +0700] "GET /shop/page/7/?per_row=6&shop_view=grid&per_page=8 HTTP/1.1" 200 39584 "https://view.lotushomemade.com/shop/page/4/?per_row=6&shop_view=grid&per_page=8" "Mozilla/5.0 (Linux; Android 7.0;) AppleWebKit/537.36 (KHTML, like Gecko) Mobile Safari/537.36 (compatible; PetalBot;+https://webmaster.petalsearch.com/site/petalbot)"
103.131.51.123 - - [10/Jan/2026:15:35:39 +0700] "POST /wp-cron.php?doing_wp_cron=1768034139.2691359519958496093750 HTTP/1.1" 200 474 "-" "WordPress/6.9; https://view.lotushomemade.com"
114.119.148.197 - - [10/Jan/2026:15:35:36 +0700] "GET /shop/page/5?orderby=price-desc&per_row=4&shop_view=grid HTTP/1.1" 301 609 "-" "Mozilla/5.0 (Linux; Android 7.0;) AppleWebKit/537.36 (KHTML, like Gecko) Mobile Safari/537.36 (compatible; PetalBot;+https://webmaster.petalsearch.com/site/petalbot)"
114.119.148.197 - - [10/Jan/2026:15:35:39 +0700] "GET /shop/page/5/?orderby=price-desc&per_row=4&shop_view=grid HTTP/1.1" 200 40040 "-" "Mozilla/5.0 (Linux; Android 7.0;) AppleWebKit/537.36 (KHTML, like Gecko) Mobile Safari/537.36 (compatible; PetalBot;+https://webmaster.petalsearch.com/site/petalbot)"
103.131.51.123 - - [10/Jan/2026:15:37:00 +0700] "POST /wp-cron.php?doing_wp_cron=1768034220.7117259502410888671875 HTTP/1.1" 200 474 "-" "WordPress/6.9; https://view.lotushomemade.com"
114.119.145.110 - - [10/Jan/2026:15:36:58 +0700] "GET /shop/page/4?orderby=price-desc&per_row=2&shop_view=grid&stock_status=onsale HTTP/1.1" 301 629 "https://view.lotushomemade.com/shop?orderby=price-desc&per_row=2&shop_view=grid&stock_status=onsale" "Mozilla/5.0 (Linux; Android 7.0;) AppleWebKit/537.36 (KHTML, like Gecko) Mobile Safari/537.36 (compatible; PetalBot;+https://webmaster.petalsearch.com/site/petalbot)"
114.119.145.110 - - [10/Jan/2026:15:37:00 +0700] "GET /shop/page/4/?orderby=price-desc&per_row=2&shop_view=grid&stock_status=onsale HTTP/1.1" 200 39909 "https://view.lotushomemade.com/shop?orderby=price-desc&per_row=2&shop_view=grid&stock_status=onsale" "Mozilla/5.0 (Linux; Android 7.0;) AppleWebKit/537.36 (KHTML, like Gecko) Mobile Safari/537.36 (compatible; PetalBot;+https://webmaster.petalsearch.com/site/petalbot)"
103.131.51.123 - - [10/Jan/2026:15:38:26 +0700] "POST /wp-cron.php?doing_wp_cron=1768034306.5887439250946044921875 HTTP/1.1" 200 474 "-" "WordPress/6.9; https://view.lotushomemade.com"
114.119.148.197 - - [10/Jan/2026:15:38:22 +0700] "GET /shop/page/43/?orderby=rating&stock_status=instock&per_page=8 HTTP/1.1" 200 38949 "https://view.lotushomemade.com/shop/page/46/?orderby=rating&stock_status=instock&per_page=8" "Mozilla/5.0 (Linux; Android 7.0;) AppleWebKit/537.36 (KHTML, like Gecko) Mobile Safari/537.36 (compatible; PetalBot;+https://webmaster.petalsearch.com/site/petalbot)"
103.131.51.123 - - [10/Jan/2026:15:39:50 +0700] "POST /wp-cron.php?doing_wp_cron=1768034390.0847380161285400390625 HTTP/1.1" 200 474 "-" "WordPress/6.9; https://view.lotushomemade.com"
114.119.130.97 - - [10/Jan/2026:15:39:47 +0700] "GET /shop/page/4/?per_page=18&stock_status=instock,onsale HTTP/1.1" 301 565 "https://view.lotushomemade.com/shop/?per_page=18&stock_status=instock%2Consale" "Mozilla/5.0 (Linux; Android 7.0;) AppleWebKit/537.36 (KHTML, like Gecko) Mobile Safari/537.36 (compatible; PetalBot;+https://webmaster.petalsearch.com/site/petalbot)"
114.119.130.97 - - [10/Jan/2026:15:39:50 +0700] "GET /shop/page/4/?per_page=18&stock_status=instock,onsale HTTP/1.1" 301 565 "https://view.lotushomemade.com/shop/?per_page=18&stock_status=instock%2Consale" "Mozilla/5.0 (Linux; Android 7.0;) AppleWebKit/537.36 (KHTML, like Gecko) Mobile Safari/537.36 (compatible; PetalBot;+https://webmaster.petalsearch.com/site/petalbot)"
114.119.130.97 - - [10/Jan/2026:15:39:50 +0700] "GET /shop/page/4/?per_page=18&stock_status=instock,onsale HTTP/1.1" 301 565 "https://view.lotushomemade.com/shop/?per_page=18&stock_status=instock%2Consale" "Mozilla/5.0 (Linux; Android 7.0;) AppleWebKit/537.36 (KHTML, like Gecko) Mobile Safari/537.36 (compatible; PetalBot;+https://webmaster.petalsearch.com/site/petalbot)"
114.119.130.97 - - [10/Jan/2026:15:39:51 +0700] "GET /shop/page/4/?per_page=18&stock_status=instock,onsale HTTP/1.1" 301 565 "https://view.lotushomemade.com/shop/?per_page=18&stock_status=instock%2Consale" "Mozilla/5.0 (Linux; Android 7.0;) AppleWebKit/537.36 (KHTML, like Gecko) Mobile Safari/537.36 (compatible; PetalBot;+https://webmaster.petalsearch.com/site/petalbot)"
114.119.130.97 - - [10/Jan/2026:15:39:51 +0700] "GET /shop/page/4/?per_page=18&stock_status=instock,onsale HTTP/1.1" 301 565 "https://view.lotushomemade.com/shop/?per_page=18&stock_status=instock%2Consale" "Mozilla/5.0 (Linux; Android 7.0;) AppleWebKit/537.36 (KHTML, like Gecko) Mobile Safari/537.36 (compatible; PetalBot;+https://webmaster.petalsearch.com/site/petalbot)"
114.119.130.97 - - [10/Jan/2026:15:39:51 +0700] "GET /shop/page/4/?per_page=18&stock_status=instock,onsale HTTP/1.1" 301 565 "https://view.lotushomemade.com/shop/?per_page=18&stock_status=instock%2Consale" "Mozilla/5.0 (Linux; Android 7.0;) AppleWebKit/537.36 (KHTML, like Gecko) Mobile Safari/537.36 (compatible; PetalBot;+https://webmaster.petalsearch.com/site/petalbot)"
114.119.130.97 - - [10/Jan/2026:15:39:52 +0700] "GET /shop/page/4/?per_page=18&stock_status=instock,onsale HTTP/1.1" 301 565 "https://view.lotushomemade.com/shop/?per_page=18&stock_status=instock%2Consale" "Mozilla/5.0 (Linux; Android 7.0;) AppleWebKit/537.36 (KHTML, like Gecko) Mobile Safari/537.36 (compatible; PetalBot;+https://webmaster.petalsearch.com/site/petalbot)"
114.119.130.97 - - [10/Jan/2026:15:39:52 +0700] "GET /shop/page/4/?per_page=18&stock_status=instock,onsale HTTP/1.1" 301 565 "https://view.lotushomemade.com/shop/?per_page=18&stock_status=instock%2Consale" "Mozilla/5.0 (Linux; Android 7.0;) AppleWebKit/537.36 (KHTML, like Gecko) Mobile Safari/537.36 (compatible; PetalBot;+https://webmaster.petalsearch.com/site/petalbot)"
114.119.130.97 - - [10/Jan/2026:15:39:53 +0700] "GET /shop/page/4/?per_page=18&stock_status=instock,onsale HTTP/1.1" 301 565 "https://view.lotushomemade.com/shop/?per_page=18&stock_status=instock%2Consale" "Mozilla/5.0 (Linux; Android 7.0;) AppleWebKit/537.36 (KHTML, like Gecko) Mobile Safari/537.36 (compatible; PetalBot;+https://webmaster.petalsearch.com/site/petalbot)"
114.119.130.97 - - [10/Jan/2026:15:39:53 +0700] "GET /shop/page/4/?per_page=18&stock_status=instock,onsale HTTP/1.1" 301 565 "https://view.lotushomemade.com/shop/?per_page=18&stock_status=instock%2Consale" "Mozilla/5.0 (Linux; Android 7.0;) AppleWebKit/537.36 (KHTML, like Gecko) Mobile Safari/537.36 (compatible; PetalBot;+https://webmaster.petalsearch.com/site/petalbot)"
103.131.51.123 - - [10/Jan/2026:15:41:15 +0700] "POST /wp-cron.php?doing_wp_cron=1768034475.0911040306091308593750 HTTP/1.1" 200 474 "-" "WordPress/6.9; https://view.lotushomemade.com"
114.119.151.206 - - [10/Jan/2026:15:41:12 +0700] "GET /shop/page/4/?orderby=price&per_page=18&stock_status=instock,onsale HTTP/1.1" 301 579 "https://view.lotushomemade.com/shop?orderby=price&per_page=18&stock_status=instock%2Consale" "Mozilla/5.0 (Linux; Android 7.0;) AppleWebKit/537.36 (KHTML, like Gecko) Mobile Safari/537.36 (compatible; PetalBot;+https://webmaster.petalsearch.com/site/petalbot)"
114.119.151.206 - - [10/Jan/2026:15:41:15 +0700] "GET /shop/page/4/?orderby=price&per_page=18&stock_status=instock,onsale HTTP/1.1" 301 579 "https://view.lotushomemade.com/shop?orderby=price&per_page=18&stock_status=instock%2Consale" "Mozilla/5.0 (Linux; Android 7.0;) AppleWebKit/537.36 (KHTML, like Gecko) Mobile Safari/537.36 (compatible; PetalBot;+https://webmaster.petalsearch.com/site/petalbot)"
114.119.151.206 - - [10/Jan/2026:15:41:15 +0700] "GET /shop/page/4/?orderby=price&per_page=18&stock_status=instock,onsale HTTP/1.1" 301 579 "https://view.lotushomemade.com/shop?orderby=price&per_page=18&stock_status=instock%2Consale" "Mozilla/5.0 (Linux; Android 7.0;) AppleWebKit/537.36 (KHTML, like Gecko) Mobile Safari/537.36 (compatible; PetalBot;+https://webmaster.petalsearch.com/site/petalbot)"
114.119.151.206 - - [10/Jan/2026:15:41:16 +0700] "GET /shop/page/4/?orderby=price&per_page=18&stock_status=instock,onsale HTTP/1.1" 301 579 "https://view.lotushomemade.com/shop?orderby=price&per_page=18&stock_status=instock%2Consale" "Mozilla/5.0 (Linux; Android 7.0;) AppleWebKit/537.36 (KHTML, like Gecko) Mobile Safari/537.36 (compatible; PetalBot;+https://webmaster.petalsearch.com/site/petalbot)"
103.131.51.123 - - [10/Jan/2026:15:41:39 +0700] "POST /wp-cron.php?doing_wp_cron=1768034499.0648798942565917968750 HTTP/1.1" 200 474 "-" "WordPress/6.9; https://view.lotushomemade.com"
114.119.151.206 - - [10/Jan/2026:15:41:38 +0700] "GET /shop/page/4/?orderby=price&per_page=18&stock_status=instock,onsale HTTP/1.1" 301 579 "https://view.lotushomemade.com/shop?orderby=price&per_page=18&stock_status=instock%2Consale" "Mozilla/5.0 (Linux; Android 7.0;) AppleWebKit/537.36 (KHTML, like Gecko) Mobile Safari/537.36 (compatible; PetalBot;+https://webmaster.petalsearch.com/site/petalbot)"
114.119.151.206 - - [10/Jan/2026:15:41:39 +0700] "GET /shop/page/4/?orderby=price&per_page=18&stock_status=instock,onsale HTTP/1.1" 301 579 "https://view.lotushomemade.com/shop?orderby=price&per_page=18&stock_status=instock%2Consale" "Mozilla/5.0 (Linux; Android 7.0;) AppleWebKit/537.36 (KHTML, like Gecko) Mobile Safari/537.36 (compatible; PetalBot;+https://webmaster.petalsearch.com/site/petalbot)"
114.119.151.206 - - [10/Jan/2026:15:41:40 +0700] "GET /shop/page/4/?orderby=price&per_page=18&stock_status=instock,onsale HTTP/1.1" 301 579 "https://view.lotushomemade.com/shop?orderby=price&per_page=18&stock_status=instock%2Consale" "Mozilla/5.0 (Linux; Android 7.0;) AppleWebKit/537.36 (KHTML, like Gecko) Mobile Safari/537.36 (compatible; PetalBot;+https://webmaster.petalsearch.com/site/petalbot)"
114.119.151.206 - - [10/Jan/2026:15:41:40 +0700] "GET /shop/page/4/?orderby=price&per_page=18&stock_status=instock,onsale HTTP/1.1" 301 579 "https://view.lotushomemade.com/shop?orderby=price&per_page=18&stock_status=instock%2Consale" "Mozilla/5.0 (Linux; Android 7.0;) AppleWebKit/537.36 (KHTML, like Gecko) Mobile Safari/537.36 (compatible; PetalBot;+https://webmaster.petalsearch.com/site/petalbot)"
114.119.151.206 - - [10/Jan/2026:15:41:41 +0700] "GET /shop/page/4/?orderby=price&per_page=18&stock_status=instock,onsale HTTP/1.1" 301 579 "https://view.lotushomemade.com/shop?orderby=price&per_page=18&stock_status=instock%2Consale" "Mozilla/5.0 (Linux; Android 7.0;) AppleWebKit/537.36 (KHTML, like Gecko) Mobile Safari/537.36 (compatible; PetalBot;+https://webmaster.petalsearch.com/site/petalbot)"
114.119.151.206 - - [10/Jan/2026:15:41:41 +0700] "GET /shop/page/4/?orderby=price&per_page=18&stock_status=instock,onsale HTTP/1.1" 301 579 "https://view.lotushomemade.com/shop?orderby=price&per_page=18&stock_status=instock%2Consale" "Mozilla/5.0 (Linux; Android 7.0;) AppleWebKit/537.36 (KHTML, like Gecko) Mobile Safari/537.36 (compatible; PetalBot;+https://webmaster.petalsearch.com/site/petalbot)"
103.131.51.123 - - [10/Jan/2026:15:42:34 +0700] "POST /wp-cron.php?doing_wp_cron=1768034554.0233230590820312500000 HTTP/1.1" 200 474 "-" "WordPress/6.9; https://view.lotushomemade.com"
114.119.156.27 - - [10/Jan/2026:15:42:33 +0700] "GET /shop/page/4/?max_price=1040&stock_status=instock,onsale&per_page=12 HTTP/1.1" 301 580 "https://view.lotushomemade.com/shop?max_price=1040&stock_status=instock%2Consale&per_page=12" "Mozilla/5.0 (Linux; Android 7.0;) AppleWebKit/537.36 (KHTML, like Gecko) Mobile Safari/537.36 (compatible; PetalBot;+https://webmaster.petalsearch.com/site/petalbot)"
114.119.156.27 - - [10/Jan/2026:15:42:34 +0700] "GET /shop/page/4/?max_price=1040&stock_status=instock,onsale&per_page=12 HTTP/1.1" 301 580 "https://view.lotushomemade.com/shop?max_price=1040&stock_status=instock%2Consale&per_page=12" "Mozilla/5.0 (Linux; Android 7.0;) AppleWebKit/537.36 (KHTML, like Gecko) Mobile Safari/537.36 (compatible; PetalBot;+https://webmaster.petalsearch.com/site/petalbot)"
114.119.156.27 - - [10/Jan/2026:15:42:36 +0700] "GET /shop/page/4/?max_price=1040&stock_status=instock,onsale&per_page=12 HTTP/1.1" 301 580 "https://view.lotushomemade.com/shop?max_price=1040&stock_status=instock%2Consale&per_page=12" "Mozilla/5.0 (Linux; Android 7.0;) AppleWebKit/537.36 (KHTML, like Gecko) Mobile Safari/537.36 (compatible; PetalBot;+https://webmaster.petalsearch.com/site/petalbot)"
114.119.156.27 - - [10/Jan/2026:15:42:37 +0700] "GET /shop/page/4/?max_price=1040&stock_status=instock,onsale&per_page=12 HTTP/1.1" 301 580 "https://view.lotushomemade.com/shop?max_price=1040&stock_status=instock%2Consale&per_page=12" "Mozilla/5.0 (Linux; Android 7.0;) AppleWebKit/537.36 (KHTML, like Gecko) Mobile Safari/537.36 (compatible; PetalBot;+https://webmaster.petalsearch.com/site/petalbot)"
114.119.156.27 - - [10/Jan/2026:15:42:37 +0700] "GET /shop/page/4/?max_price=1040&stock_status=instock,onsale&per_page=12 HTTP/1.1" 301 580 "https://view.lotushomemade.com/shop?max_price=1040&stock_status=instock%2Consale&per_page=12" "Mozilla/5.0 (Linux; Android 7.0;) AppleWebKit/537.36 (KHTML, like Gecko) Mobile Safari/537.36 (compatible; PetalBot;+https://webmaster.petalsearch.com/site/petalbot)"
114.119.156.27 - - [10/Jan/2026:15:42:38 +0700] "GET /shop/page/4/?max_price=1040&stock_status=instock,onsale&per_page=12 HTTP/1.1" 301 580 "https://view.lotushomemade.com/shop?max_price=1040&stock_status=instock%2Consale&per_page=12" "Mozilla/5.0 (Linux; Android 7.0;) AppleWebKit/537.36 (KHTML, like Gecko) Mobile Safari/537.36 (compatible; PetalBot;+https://webmaster.petalsearch.com/site/petalbot)"
114.119.156.27 - - [10/Jan/2026:15:42:39 +0700] "GET /shop/page/4/?max_price=1040&stock_status=instock,onsale&per_page=12 HTTP/1.1" 301 580 "https://view.lotushomemade.com/shop?max_price=1040&stock_status=instock%2Consale&per_page=12" "Mozilla/5.0 (Linux; Android 7.0;) AppleWebKit/537.36 (KHTML, like Gecko) Mobile Safari/537.36 (compatible; PetalBot;+https://webmaster.petalsearch.com/site/petalbot)"
114.119.156.27 - - [10/Jan/2026:15:42:40 +0700] "GET /shop/page/4/?max_price=1040&stock_status=instock,onsale&per_page=12 HTTP/1.1" 301 580 "https://view.lotushomemade.com/shop?max_price=1040&stock_status=instock%2Consale&per_page=12" "Mozilla/5.0 (Linux; Android 7.0;) AppleWebKit/537.36 (KHTML, like Gecko) Mobile Safari/537.36 (compatible; PetalBot;+https://webmaster.petalsearch.com/site/petalbot)"
114.119.156.27 - - [10/Jan/2026:15:42:40 +0700] "GET /shop/page/4/?max_price=1040&stock_status=instock,onsale&per_page=12 HTTP/1.1" 301 580 "https://view.lotushomemade.com/shop?max_price=1040&stock_status=instock%2Consale&per_page=12" "Mozilla/5.0 (Linux; Android 7.0;) AppleWebKit/537.36 (KHTML, like Gecko) Mobile Safari/537.36 (compatible; PetalBot;+https://webmaster.petalsearch.com/site/petalbot)"
114.119.156.27 - - [10/Jan/2026:15:42:41 +0700] "GET /shop/page/4/?max_price=1040&stock_status=instock,onsale&per_page=12 HTTP/1.1" 301 580 "https://view.lotushomemade.com/shop?max_price=1040&stock_status=instock%2Consale&per_page=12" "Mozilla/5.0 (Linux; Android 7.0;) AppleWebKit/537.36 (KHTML, like Gecko) Mobile Safari/537.36 (compatible; PetalBot;+https://webmaster.petalsearch.com/site/petalbot)"
103.131.51.123 - - [10/Jan/2026:15:44:00 +0700] "POST /wp-cron.php?doing_wp_cron=1768034640.2090508937835693359375 HTTP/1.1" 200 474 "-" "WordPress/6.9; https://view.lotushomemade.com"
114.119.142.208 - - [10/Jan/2026:15:43:57 +0700] "GET /shop/page/3?stock_status=instock&per_row=2&shop_view=grid&per_page=24 HTTP/1.1" 301 669 "https://view.lotushomemade.com/shop/page/3?stock_status=instock&per_row=2&shop_view=grid&per_page=24" "Mozilla/5.0 (Linux; Android 7.0;) AppleWebKit/537.36 (KHTML, like Gecko) Mobile Safari/537.36 (compatible; PetalBot;+https://webmaster.petalsearch.com/site/petalbot)"
114.119.142.208 - - [10/Jan/2026:15:44:00 +0700] "GET /shop/page/3/?stock_status=instock&per_row=2&shop_view=grid&per_page=24 HTTP/1.1" 200 42472 "https://view.lotushomemade.com/shop/page/3?stock_status=instock&per_row=2&shop_view=grid&per_page=24" "Mozilla/5.0 (Linux; Android 7.0;) AppleWebKit/537.36 (KHTML, like Gecko) Mobile Safari/537.36 (compatible; PetalBot;+https://webmaster.petalsearch.com/site/petalbot)"
103.131.51.123 - - [10/Jan/2026:15:45:25 +0700] "POST /wp-cron.php?doing_wp_cron=1768034725.7428269386291503906250 HTTP/1.1" 200 474 "-" "WordPress/6.9; https://view.lotushomemade.com"
114.119.130.97 - - [10/Jan/2026:15:45:22 +0700] "GET /shop/page/34/?orderby=popularity&per_page=8&shop_view=grid&per_row=4 HTTP/1.1" 200 39049 "https://view.lotushomemade.com/shop/page/31/?orderby=popularity&per_page=8&shop_view=grid&per_row=4" "Mozilla/5.0 (Linux; Android 7.0;) AppleWebKit/537.36 (KHTML, like Gecko) Mobile Safari/537.36 (compatible; PetalBot;+https://webmaster.petalsearch.com/site/petalbot)"
103.131.51.123 - - [10/Jan/2026:15:46:48 +0700] "POST /wp-cron.php?doing_wp_cron=1768034808.7548899650573730468750 HTTP/1.1" 200 474 "-" "WordPress/6.9; https://view.lotushomemade.com"
114.119.130.97 - - [10/Jan/2026:15:46:45 +0700] "GET /shop/page/32/?orderby=price&stock_status=instock&per_row=2&shop_view=grid HTTP/1.1" 200 39703 "https://view.lotushomemade.com/shop/page/19/?orderby=price&stock_status=instock&per_row=2&shop_view=grid" "Mozilla/5.0 (Linux; Android 7.0;) AppleWebKit/537.36 (KHTML, like Gecko) Mobile Safari/537.36 (compatible; PetalBot;+https://webmaster.petalsearch.com/site/petalbot)"
103.131.51.123 - - [10/Jan/2026:15:48:12 +0700] "POST /wp-cron.php?doing_wp_cron=1768034892.3676409721374511718750 HTTP/1.1" 200 474 "-" "WordPress/6.9; https://view.lotushomemade.com"
114.119.145.110 - - [10/Jan/2026:15:48:08 +0700] "GET /shop/page/31/?orderby=popularity&per_row=6&per_page=12&shop_view=grid HTTP/1.1" 200 39911 "https://view.lotushomemade.com/shop/page/1?orderby=popularity&per_row=6&per_page=12&shop_view=grid" "Mozilla/5.0 (Linux; Android 7.0;) AppleWebKit/537.36 (KHTML, like Gecko) Mobile Safari/537.36 (compatible; PetalBot;+https://webmaster.petalsearch.com/site/petalbot)"
103.131.51.123 - - [10/Jan/2026:15:49:36 +0700] "POST /wp-cron.php?doing_wp_cron=1768034976.6078169345855712890625 HTTP/1.1" 200 474 "-" "WordPress/6.9; https://view.lotushomemade.com"
114.119.148.197 - - [10/Jan/2026:15:49:33 +0700] "GET /shop/page/31/?max_price=780&stock_status=onsale&per_row=6&shop_view=grid HTTP/1.1" 200 40303 "https://view.lotushomemade.com/shop/page/2/?max_price=780&stock_status=onsale&per_row=6&shop_view=grid" "Mozilla/5.0 (Linux; Android 7.0;) AppleWebKit/537.36 (KHTML, like Gecko) Mobile Safari/537.36 (compatible; PetalBot;+https://webmaster.petalsearch.com/site/petalbot)"
