103.131.51.123 - - [11/Jan/2026:11:05:11 +0700] "POST /wp-cron.php?doing_wp_cron=1768104311.5119180679321289062500 HTTP/1.1" 200 474 "-" "WordPress/6.9; https://view.lotushomemade.com"
66.249.70.98 - - [11/Jan/2026:11:05:10 +0700] "GET /product/special-pandan-kuih-kapit-xxl/ HTTP/1.1" 200 37173 "-" "Mozilla/5.0 (Linux; Android 6.0.1; Nexus 5X Build/MMB29P) AppleWebKit/537.36 (KHTML, like Gecko) Chrome/143.0.7499.192 Mobile Safari/537.36 (compatible; Googlebot/2.1; +http://www.google.com/bot.html)"
66.249.70.98 - - [11/Jan/2026:11:05:14 +0700] "GET /wp-includes/js/jquery/jquery-migrate.min.js?ver=3.4.1 HTTP/1.1" 200 5128 "https://view.lotushomemade.com/product/special-pandan-kuih-kapit-xxl/" "Mozilla/5.0 (Linux; Android 6.0.1; Nexus 5X Build/MMB29P) AppleWebKit/537.36 (KHTML, like Gecko) Chrome/143.0.7499.169 Mobile Safari/537.36 (compatible; Googlebot/2.1; +http://www.google.com/bot.html)"
66.249.70.97 - - [11/Jan/2026:11:05:18 +0700] "GET /wp-content/themes/woodmart/css/parts/header-el-my-account-dropdown.min.css?ver=7.2.5 HTTP/1.1" 200 854 "https://view.lotushomemade.com/product/special-pandan-kuih-kapit-xxl/" "Mozilla/5.0 (Linux; Android 6.0.1; Nexus 5X Build/MMB29P) AppleWebKit/537.36 (KHTML, like Gecko) Chrome/143.0.7499.169 Mobile Safari/537.36 (compatible; Googlebot/2.1; +http://www.google.com/bot.html)"
66.249.70.97 - - [11/Jan/2026:11:05:20 +0700] "GET /wp-content/themes/woodmart/css/parts/opt-promo-popup.min.css?ver=7.2.5 HTTP/1.1" 200 528 "https://view.lotushomemade.com/product/special-pandan-kuih-kapit-xxl/" "Mozilla/5.0 (Linux; Android 6.0.1; Nexus 5X Build/MMB29P) AppleWebKit/537.36 (KHTML, like Gecko) Chrome/143.0.7499.169 Mobile Safari/537.36 (compatible; Googlebot/2.1; +http://www.google.com/bot.html)"
66.249.70.97 - - [11/Jan/2026:11:05:22 +0700] "GET /wp-content/themes/woodmart/js/libs/sticky-kit.min.js?ver=7.2.5 HTTP/1.1" 200 1668 "https://view.lotushomemade.com/product/special-pandan-kuih-kapit-xxl/" "Mozilla/5.0 (Linux; Android 6.0.1; Nexus 5X Build/MMB29P) AppleWebKit/537.36 (KHTML, like Gecko) Chrome/143.0.7499.169 Mobile Safari/537.36 (compatible; Googlebot/2.1; +http://www.google.com/bot.html)"
66.249.70.97 - - [11/Jan/2026:11:05:23 +0700] "POST /?wc-ajax=get_refreshed_fragments HTTP/1.1" 200 1119 "https://view.lotushomemade.com/product/special-pandan-kuih-kapit-xxl/" "Mozilla/5.0 (Linux; Android 6.0.1; Nexus 5X Build/MMB29P) AppleWebKit/537.36 (KHTML, like Gecko) Chrome/143.0.7499.169 Mobile Safari/537.36 (compatible; Googlebot/2.1; +http://www.google.com/bot.html)"
103.131.51.123 - - [11/Jan/2026:11:05:37 +0700] "POST /wp-cron.php?doing_wp_cron=1768104337.7715249061584472656250 HTTP/1.1" 200 474 "-" "WordPress/6.9; https://view.lotushomemade.com"
114.119.149.78 - - [11/Jan/2026:11:05:36 +0700] "GET /shop/page/46 HTTP/1.1" 404 31551 "https://view.lotushomemade.com/shop/page/46?orderby=price-desc&stock_status=instock&per_page=8" "Mozilla/5.0 (Linux; Android 7.0;) AppleWebKit/537.36 (KHTML, like Gecko) Mobile Safari/537.36 (compatible; PetalBot;+https://webmaster.petalsearch.com/site/petalbot)"
103.131.51.123 - - [11/Jan/2026:11:07:04 +0700] "POST /wp-cron.php?doing_wp_cron=1768104424.8500349521636962890625 HTTP/1.1" 200 474 "-" "WordPress/6.9; https://view.lotushomemade.com"
114.119.145.110 - - [11/Jan/2026:11:07:01 +0700] "GET /shop/page/43/?orderby=rating&per_row=6&per_page=8&shop_view=grid HTTP/1.1" 200 39019 "https://view.lotushomemade.com/shop/page/44/?orderby=rating&per_row=6&per_page=8&shop_view=grid" "Mozilla/5.0 (Linux; Android 7.0;) AppleWebKit/537.36 (KHTML, like Gecko) Mobile Safari/537.36 (compatible; PetalBot;+https://webmaster.petalsearch.com/site/petalbot)"
103.131.51.123 - - [11/Jan/2026:11:08:32 +0700] "POST /wp-cron.php?doing_wp_cron=1768104512.5690441131591796875000 HTTP/1.1" 200 474 "-" "WordPress/6.9; https://view.lotushomemade.com"
114.119.151.206 - - [11/Jan/2026:11:08:29 +0700] "GET /shop/page/41/?orderby=price-desc&per_page=8 HTTP/1.1" 200 39471 "https://view.lotushomemade.com/shop/page/43/?orderby=price-desc&per_page=8" "Mozilla/5.0 (Linux; Android 7.0;) AppleWebKit/537.36 (KHTML, like Gecko) Mobile Safari/537.36 (compatible; PetalBot;+https://webmaster.petalsearch.com/site/petalbot)"
103.131.51.123 - - [11/Jan/2026:11:09:50 +0700] "POST /wp-cron.php?doing_wp_cron=1768104590.2971830368041992187500 HTTP/1.1" 200 474 "-" "WordPress/6.9; https://view.lotushomemade.com"
114.119.145.110 - - [11/Jan/2026:11:09:46 +0700] "GET /shop/page/4/?per_row=4&per_page=24&shop_view=grid HTTP/1.1" 200 41750 "https://view.lotushomemade.com/shop/page/2/?per_row=4&per_page=24&shop_view=grid" "Mozilla/5.0 (Linux; Android 7.0;) AppleWebKit/537.36 (KHTML, like Gecko) Mobile Safari/537.36 (compatible; PetalBot;+https://webmaster.petalsearch.com/site/petalbot)"
103.131.51.123 - - [11/Jan/2026:11:11:14 +0700] "POST /wp-cron.php?doing_wp_cron=1768104674.6327679157257080078125 HTTP/1.1" 200 474 "-" "WordPress/6.9; https://view.lotushomemade.com"
114.119.145.110 - - [11/Jan/2026:11:11:11 +0700] "GET /shop/page/33/ HTTP/1.1" 404 31532 "https://view.lotushomemade.com/shop/page/33/?max_price=520&per_row=2&shop_view=grid&per_page=8" "Mozilla/5.0 (Linux; Android 7.0;) AppleWebKit/537.36 (KHTML, like Gecko) Mobile Safari/537.36 (compatible; PetalBot;+https://webmaster.petalsearch.com/site/petalbot)"
103.131.51.123 - - [11/Jan/2026:11:11:51 +0700] "POST /wp-cron.php?doing_wp_cron=1768104711.4297211170196533203125 HTTP/1.1" 200 474 "-" "WordPress/6.9; https://view.lotushomemade.com"
40.77.167.235 - - [11/Jan/2026:11:11:50 +0700] "GET /product/air-fryer-mala-spicy-seaweed-cuttlefish-oil-free-sg/feed/ HTTP/2" 200 466 "-" "Mozilla/5.0 AppleWebKit/537.36 (KHTML, like Gecko; compatible; bingbot/2.0; +http://www.bing.com/bingbot.htm) Chrome/116.0.1938.76 Safari/537.36"
103.131.51.123 - - [11/Jan/2026:11:12:36 +0700] "POST /wp-cron.php?doing_wp_cron=1768104756.3582990169525146484375 HTTP/1.1" 200 474 "-" "WordPress/6.9; https://view.lotushomemade.com"
114.119.142.208 - - [11/Jan/2026:11:12:34 +0700] "GET /shop/page/3/?stock_status=onsale&per_page=12&shop_view=grid&per_row=4 HTTP/1.1" 200 40074 "https://view.lotushomemade.com/shop/page/1?stock_status=onsale&per_page=12&shop_view=grid&per_row=4" "Mozilla/5.0 (Linux; Android 7.0;) AppleWebKit/537.36 (KHTML, like Gecko) Mobile Safari/537.36 (compatible; PetalBot;+https://webmaster.petalsearch.com/site/petalbot)"
103.131.51.123 - - [11/Jan/2026:11:14:03 +0700] "POST /wp-cron.php?doing_wp_cron=1768104843.3130249977111816406250 HTTP/1.1" 200 474 "-" "WordPress/6.9; https://view.lotushomemade.com"
114.119.148.197 - - [11/Jan/2026:11:13:59 +0700] "GET /shop/page/29/?orderby=date&stock_status=instock&per_row=2&shop_view=grid HTTP/1.1" 200 39405 "https://view.lotushomemade.com/shop/page/27/?orderby=date&stock_status=instock&per_row=2&shop_view=grid" "Mozilla/5.0 (Linux; Android 7.0;) AppleWebKit/537.36 (KHTML, like Gecko) Mobile Safari/537.36 (compatible; PetalBot;+https://webmaster.petalsearch.com/site/petalbot)"
103.131.51.123 - - [11/Jan/2026:11:15:25 +0700] "POST /wp-cron.php?doing_wp_cron=1768104925.6465198993682861328125 HTTP/1.1" 200 474 "-" "WordPress/6.9; https://view.lotushomemade.com"
114.119.150.215 - - [11/Jan/2026:11:15:22 +0700] "GET /shop/page/26/?orderby=price-desc&per_row=4&shop_view=grid&stock_status=instock HTTP/1.1" 200 39904 "https://view.lotushomemade.com/shop/page/25/?orderby=price-desc&per_row=4&shop_view=grid&stock_status=instock" "Mozilla/5.0 (Linux; Android 7.0;) AppleWebKit/537.36 (KHTML, like Gecko) Mobile Safari/537.36 (compatible; PetalBot;+https://webmaster.petalsearch.com/site/petalbot)"
103.131.51.123 - - [11/Jan/2026:11:16:48 +0700] "POST /wp-cron.php?doing_wp_cron=1768105008.8308401107788085937500 HTTP/1.1" 200 474 "-" "WordPress/6.9; https://view.lotushomemade.com"
114.119.130.97 - - [11/Jan/2026:11:16:45 +0700] "GET /shop/page/23/?max_price=520&shop_view=grid&per_row=2 HTTP/1.1" 200 40102 "https://view.lotushomemade.com/shop/page/26/?max_price=520&shop_view=grid&per_row=2" "Mozilla/5.0 (Linux; Android 7.0;) AppleWebKit/537.36 (KHTML, like Gecko) Mobile Safari/537.36 (compatible; PetalBot;+https://webmaster.petalsearch.com/site/petalbot)"
103.131.51.123 - - [11/Jan/2026:11:18:12 +0700] "POST /wp-cron.php?doing_wp_cron=1768105092.1683959960937500000000 HTTP/1.1" 200 474 "-" "WordPress/6.9; https://view.lotushomemade.com"
114.119.151.206 - - [11/Jan/2026:11:18:08 +0700] "GET /shop/page/20/?stock_status=onsale&per_row=4&shop_view=grid&per_page=12 HTTP/1.1" 200 40268 "https://view.lotushomemade.com/shop/page/19?stock_status=onsale&per_row=4&shop_view=grid&per_page=12" "Mozilla/5.0 (Linux; Android 7.0;) AppleWebKit/537.36 (KHTML, like Gecko) Mobile Safari/537.36 (compatible; PetalBot;+https://webmaster.petalsearch.com/site/petalbot)"
103.131.51.123 - - [11/Jan/2026:11:19:35 +0700] "POST /wp-cron.php?doing_wp_cron=1768105175.0968348979949951171875 HTTP/1.1" 200 474 "-" "WordPress/6.9; https://view.lotushomemade.com"
114.119.150.215 - - [11/Jan/2026:11:19:31 +0700] "GET /shop/page/9/?orderby=date&per_page=24&shop_view=grid&per_row=6 HTTP/1.1" 200 41798 "https://view.lotushomemade.com/shop/page/6?orderby=date&per_page=24&shop_view=grid&per_row=6" "Mozilla/5.0 (Linux; Android 7.0;) AppleWebKit/537.36 (KHTML, like Gecko) Mobile Safari/537.36 (compatible; PetalBot;+https://webmaster.petalsearch.com/site/petalbot)"
52.167.144.184 - - [11/Jan/2026:11:19:41 +0700] "GET /product/new-year-cake_mini/ HTTP/2" 200 35693 "-" "Mozilla/5.0 AppleWebKit/537.36 (KHTML, like Gecko; compatible; bingbot/2.0; +http://www.bing.com/bingbot.htm) Chrome/116.0.1938.76 Safari/537.36"
103.131.51.123 - - [11/Jan/2026:11:20:58 +0700] "POST /wp-cron.php?doing_wp_cron=1768105258.8466470241546630859375 HTTP/1.1" 200 474 "-" "WordPress/6.9; https://view.lotushomemade.com"
74.125.151.98 - - [11/Jan/2026:11:20:55 +0700] "GET /product/sou-mian_18-inch/ HTTP/1.1" 200 36330 "-" "Mozilla/5.0 (X11; Linux x86_64) AppleWebKit/537.36 (KHTML, like Gecko) Chrome/143.0.7499.169 Safari/537.36"
114.119.149.78 - - [11/Jan/2026:11:21:20 +0700] "GET /shop/page/5/?orderby=date&per_page=8&stock_status=instock HTTP/1.1" 200 39339 "https://view.lotushomemade.com/shop/page/2/?orderby=date&per_page=8&stock_status=instock" "Mozilla/5.0 (Linux; Android 7.0;) AppleWebKit/537.36 (KHTML, like Gecko) Mobile Safari/537.36 (compatible; PetalBot;+https://webmaster.petalsearch.com/site/petalbot)"
103.131.51.123 - - [11/Jan/2026:11:22:19 +0700] "POST /wp-cron.php?doing_wp_cron=1768105339.2806150913238525390625 HTTP/1.1" 200 474 "-" "WordPress/6.9; https://view.lotushomemade.com"
114.119.148.197 - - [11/Jan/2026:11:22:18 +0700] "GET /shop/page/4?orderby=date&per_row=4&shop_view=grid&per_page=12 HTTP/1.1" 301 661 "-" "Mozilla/5.0 (Linux; Android 7.0;) AppleWebKit/537.36 (KHTML, like Gecko) Mobile Safari/537.36 (compatible; PetalBot;+https://webmaster.petalsearch.com/site/petalbot)"
114.119.148.197 - - [11/Jan/2026:11:22:19 +0700] "GET /shop/page/4/?orderby=date&per_row=4&shop_view=grid&per_page=12 HTTP/1.1" 200 40124 "-" "Mozilla/5.0 (Linux; Android 7.0;) AppleWebKit/537.36 (KHTML, like Gecko) Mobile Safari/537.36 (compatible; PetalBot;+https://webmaster.petalsearch.com/site/petalbot)"
103.131.51.123 - - [11/Jan/2026:11:23:45 +0700] "POST /wp-cron.php?doing_wp_cron=1768105425.5979220867156982421875 HTTP/1.1" 200 474 "-" "WordPress/6.9; https://view.lotushomemade.com"
114.119.151.206 - - [11/Jan/2026:11:23:43 +0700] "GET /shop/page/46?max_price=1040&stock_status=onsale&per_page=8 HTTP/1.1" 301 569 "https://view.lotushomemade.com/shop?max_price=1040&stock_status=onsale&per_page=8" "Mozilla/5.0 (Linux; Android 7.0;) AppleWebKit/537.36 (KHTML, like Gecko) Mobile Safari/537.36 (compatible; PetalBot;+https://webmaster.petalsearch.com/site/petalbot)"
103.131.51.123 - - [11/Jan/2026:11:23:46 +0700] "POST /wp-admin/admin-ajax.php?action=wp_1_wc_privacy_cleanup&nonce=4c58fd0760 HTTP/1.1" 200 678 "-" "WordPress/6.9; https://view.lotushomemade.com"
114.119.151.206 - - [11/Jan/2026:11:23:45 +0700] "GET /shop/page/46/?max_price=1040&stock_status=onsale&per_page=8 HTTP/1.1" 200 39432 "https://view.lotushomemade.com/shop?max_price=1040&stock_status=onsale&per_page=8" "Mozilla/5.0 (Linux; Android 7.0;) AppleWebKit/537.36 (KHTML, like Gecko) Mobile Safari/537.36 (compatible; PetalBot;+https://webmaster.petalsearch.com/site/petalbot)"
103.131.51.123 - - [11/Jan/2026:11:25:12 +0700] "POST /wp-cron.php?doing_wp_cron=1768105512.3184759616851806640625 HTTP/1.1" 200 474 "-" "WordPress/6.9; https://view.lotushomemade.com"
114.119.142.208 - - [11/Jan/2026:11:25:08 +0700] "GET /shop/page/41/?per_row=6&per_page=8&shop_view=grid&stock_status=onsale HTTP/1.1" 200 39487 "https://view.lotushomemade.com/shop/page/44/?per_row=6&per_page=8&shop_view=grid&stock_status=onsale" "Mozilla/5.0 (Linux; Android 7.0;) AppleWebKit/537.36 (KHTML, like Gecko) Mobile Safari/537.36 (compatible; PetalBot;+https://webmaster.petalsearch.com/site/petalbot)"
103.131.51.123 - - [11/Jan/2026:11:25:34 +0700] "POST /wp-cron.php?doing_wp_cron=1768105534.1497089862823486328125 HTTP/1.1" 200 474 "-" "WordPress/6.9; https://view.lotushomemade.com"
43.173.179.158 - - [11/Jan/2026:11:25:28 +0700] "GET / HTTP/1.1" 200 862089 "http://view.lotushomemade.com/" "Mozilla/5.0 (Windows NT 10.0; Win64; x64) AppleWebKit/537.36 (KHTML, like Gecko) Chrome/105.0.0.0 Safari/537.3"
103.131.51.123 - - [11/Jan/2026:11:25:47 +0700] "GET /wp-content/uploads/2021/10/sweets-bakery-infobox-4.svg HTTP/1.1" 200 4359 "-" "-"
103.131.51.123 - - [11/Jan/2026:11:25:47 +0700] "GET /wp-content/uploads/2021/10/sweets-bakery-infobox-6.svg HTTP/1.1" 200 2964 "-" "-"
103.131.51.123 - - [11/Jan/2026:11:25:47 +0700] "GET /wp-content/uploads/2021/10/sweets-bakery-infobox-7.svg HTTP/1.1" 200 4110 "-" "-"
43.173.177.22 - - [11/Jan/2026:11:25:42 +0700] "GET / HTTP/1.1" 200 862052 "http://view.lotushomemade.com" "Mozilla/5.0 (Windows NT 10.0; Win64; x64) AppleWebKit/537.36 (KHTML, like Gecko) Chrome/133.0.0.0 Safari/537.36"
114.119.142.208 - - [11/Jan/2026:11:26:30 +0700] "GET /shop/page/31/?max_price=1050&stock_status=instock&per_row=4&shop_view=grid HTTP/1.1" 200 40352 "https://view.lotushomemade.com/shop/page/4/?max_price=1050&stock_status=instock&per_row=4&shop_view=grid" "Mozilla/5.0 (Linux; Android 7.0;) AppleWebKit/537.36 (KHTML, like Gecko) Mobile Safari/537.36 (compatible; PetalBot;+https://webmaster.petalsearch.com/site/petalbot)"
103.131.51.123 - - [11/Jan/2026:11:27:57 +0700] "POST /wp-cron.php?doing_wp_cron=1768105677.4349920749664306640625 HTTP/1.1" 200 474 "-" "WordPress/6.9; https://view.lotushomemade.com"
114.119.149.78 - - [11/Jan/2026:11:27:53 +0700] "GET /shop/page/3/?per_row=2&per_page=24&shop_view=grid&stock_status=onsale HTTP/1.1" 200 42463 "https://view.lotushomemade.com/shop/page/5/?per_row=2&per_page=24&shop_view=grid&stock_status=onsale" "Mozilla/5.0 (Linux; Android 7.0;) AppleWebKit/537.36 (KHTML, like Gecko) Mobile Safari/537.36 (compatible; PetalBot;+https://webmaster.petalsearch.com/site/petalbot)"
103.131.51.123 - - [11/Jan/2026:11:29:22 +0700] "POST /wp-cron.php?doing_wp_cron=1768105762.4008240699768066406250 HTTP/1.1" 200 474 "-" "WordPress/6.9; https://view.lotushomemade.com"
114.119.151.206 - - [11/Jan/2026:11:29:18 +0700] "GET /shop/page/27/?max_price=1040&stock_status=onsale&per_row=4&shop_view=grid HTTP/1.1" 200 40378 "https://view.lotushomemade.com/shop/page/28/?max_price=1040&stock_status=onsale&per_row=4&shop_view=grid" "Mozilla/5.0 (Linux; Android 7.0;) AppleWebKit/537.36 (KHTML, like Gecko) Mobile Safari/537.36 (compatible; PetalBot;+https://webmaster.petalsearch.com/site/petalbot)"
103.131.51.123 - - [11/Jan/2026:11:30:44 +0700] "POST /wp-cron.php?doing_wp_cron=1768105844.8249239921569824218750 HTTP/1.1" 200 474 "-" "WordPress/6.9; https://view.lotushomemade.com"
114.119.150.215 - - [11/Jan/2026:11:30:41 +0700] "GET /shop/page/26/?max_price=520&per_page=12&shop_view=grid&per_row=4 HTTP/1.1" 200 40264 "https://view.lotushomemade.com/shop/page/28/?max_price=520&per_page=12&shop_view=grid&per_row=4" "Mozilla/5.0 (Linux; Android 7.0;) AppleWebKit/537.36 (KHTML, like Gecko) Mobile Safari/537.36 (compatible; PetalBot;+https://webmaster.petalsearch.com/site/petalbot)"
103.131.51.123 - - [11/Jan/2026:11:32:08 +0700] "POST /wp-cron.php?doing_wp_cron=1768105928.2286379337310791015625 HTTP/1.1" 200 474 "-" "WordPress/6.9; https://view.lotushomemade.com"
114.119.150.215 - - [11/Jan/2026:11:32:04 +0700] "GET /shop/page/22/?stock_status=instock&per_row=4&per_page=12&shop_view=grid HTTP/1.1" 200 40112 "https://view.lotushomemade.com/shop/page/25/?stock_status=instock&per_row=4&per_page=12&shop_view=grid" "Mozilla/5.0 (Linux; Android 7.0;) AppleWebKit/537.36 (KHTML, like Gecko) Mobile Safari/537.36 (compatible; PetalBot;+https://webmaster.petalsearch.com/site/petalbot)"
103.131.51.123 - - [11/Jan/2026:11:33:31 +0700] "POST /wp-cron.php?doing_wp_cron=1768106011.3634350299835205078125 HTTP/1.1" 200 474 "-" "WordPress/6.9; https://view.lotushomemade.com"
114.119.142.208 - - [11/Jan/2026:11:33:29 +0700] "GET /shop/page/20?stock_status=onsale&per_row=6&per_page=18&shop_view=grid HTTP/1.1" 301 669 "https://view.lotushomemade.com/shop/page/13/?stock_status=onsale&per_row=6&per_page=18&shop_view=grid" "Mozilla/5.0 (Linux; Android 7.0;) AppleWebKit/537.36 (KHTML, like Gecko) Mobile Safari/537.36 (compatible; PetalBot;+https://webmaster.petalsearch.com/site/petalbot)"
103.131.51.123 - - [11/Jan/2026:11:33:33 +0700] "POST /wp-cron.php?doing_wp_cron=1768106013.7886490821838378906250 HTTP/1.1" 200 474 "-" "WordPress/6.9; https://view.lotushomemade.com"
114.119.142.208 - - [11/Jan/2026:11:33:32 +0700] "GET /shop/page/20/?stock_status=onsale&per_row=6&per_page=18&shop_view=grid HTTP/1.1" 200 41274 "https://view.lotushomemade.com/shop/page/13/?stock_status=onsale&per_row=6&per_page=18&shop_view=grid" "Mozilla/5.0 (Linux; Android 7.0;) AppleWebKit/537.36 (KHTML, like Gecko) Mobile Safari/537.36 (compatible; PetalBot;+https://webmaster.petalsearch.com/site/petalbot)"
103.131.51.123 - - [11/Jan/2026:11:34:57 +0700] "POST /wp-cron.php?doing_wp_cron=1768106097.3529899120330810546875 HTTP/1.1" 200 474 "-" "WordPress/6.9; https://view.lotushomemade.com"
114.119.148.197 - - [11/Jan/2026:11:34:53 +0700] "GET /shop/page/20/?orderby=popularity&stock_status=onsale&shop_view=grid&per_row=2 HTTP/1.1" 200 39674 "https://view.lotushomemade.com/shop/page/23/?orderby=popularity&stock_status=onsale&shop_view=grid&per_row=2" "Mozilla/5.0 (Linux; Android 7.0;) AppleWebKit/537.36 (KHTML, like Gecko) Mobile Safari/537.36 (compatible; PetalBot;+https://webmaster.petalsearch.com/site/petalbot)"
103.131.51.123 - - [11/Jan/2026:11:36:19 +0700] "POST /wp-cron.php?doing_wp_cron=1768106179.6704399585723876953125 HTTP/1.1" 200 474 "-" "WordPress/6.9; https://view.lotushomemade.com"
114.119.130.97 - - [11/Jan/2026:11:36:16 +0700] "GET /shop/page/20/?orderby=date&stock_status=onsale&per_row=2&shop_view=grid HTTP/1.1" 200 39577 "https://view.lotushomemade.com/shop/page/21?orderby=date&stock_status=onsale&per_row=2&shop_view=grid" "Mozilla/5.0 (Linux; Android 7.0;) AppleWebKit/537.36 (KHTML, like Gecko) Mobile Safari/537.36 (compatible; PetalBot;+https://webmaster.petalsearch.com/site/petalbot)"
74.125.151.97 - - [11/Jan/2026:11:36:36 +0700] "GET /product/yi-kou-shu-pineapple-roll-l/ HTTP/1.1" 200 37595 "-" "Mozilla/5.0 (X11; Linux x86_64) AppleWebKit/537.36 (KHTML, like Gecko) Chrome/143.0.7499.169 Safari/537.36"
103.131.51.123 - - [11/Jan/2026:11:37:40 +0700] "POST /wp-cron.php?doing_wp_cron=1768106260.6437830924987792968750 HTTP/1.1" 200 474 "-" "WordPress/6.9; https://view.lotushomemade.com"
114.119.150.215 - - [11/Jan/2026:11:37:39 +0700] "GET /shop/page/20/?min_price=0&shop_view=grid&per_row=2 HTTP/1.1" 200 40135 "https://view.lotushomemade.com/shop/page/19/?min_price=0&shop_view=grid&per_row=2" "Mozilla/5.0 (Linux; Android 7.0;) AppleWebKit/537.36 (KHTML, like Gecko) Mobile Safari/537.36 (compatible; PetalBot;+https://webmaster.petalsearch.com/site/petalbot)"
74.125.151.97 - - [11/Jan/2026:11:38:00 +0700] "GET /wp-content/plugins/elementor-pro/assets/css/frontend-lite.min.css?ver=3.16.1 HTTP/1.1" 200 2125 "https://view.lotushomemade.com/product/yi-kou-shu-pineapple-roll-l/" "Mozilla/5.0 (X11; Linux x86_64) AppleWebKit/537.36 (KHTML, like Gecko) Chrome/143.0.7499.169 Safari/537.36"
74.125.151.98 - - [11/Jan/2026:11:38:08 +0700] "GET /wp-content/themes/woodmart/css/parts/int-rev-slider.min.css?ver=7.2.5 HTTP/1.1" 200 868 "https://view.lotushomemade.com/product/yi-kou-shu-pineapple-roll-l/" "Mozilla/5.0 (X11; Linux x86_64) AppleWebKit/537.36 (KHTML, like Gecko) Chrome/143.0.7499.169 Safari/537.36"
74.125.151.97 - - [11/Jan/2026:11:38:27 +0700] "GET /wp-content/themes/woodmart/css/parts/widget-nav.min.css?ver=7.2.5 HTTP/1.1" 200 761 "https://view.lotushomemade.com/product/yi-kou-shu-pineapple-roll-l/" "Mozilla/5.0 (X11; Linux x86_64) AppleWebKit/537.36 (KHTML, like Gecko) Chrome/143.0.7499.169 Safari/537.36"
74.125.151.97 - - [11/Jan/2026:11:38:43 +0700] "GET /wp-content/uploads/elementor/css/post-6.css?ver=1699455750 HTTP/1.1" 200 946 "https://view.lotushomemade.com/product/yi-kou-shu-pineapple-roll-l/" "Mozilla/5.0 (X11; Linux x86_64) AppleWebKit/537.36 (KHTML, like Gecko) Chrome/143.0.7499.169 Safari/537.36"
74.125.151.97 - - [11/Jan/2026:11:38:51 +0700] "GET /wp-content/uploads/2023/04/Motif.jpg HTTP/1.1" 200 37437 "https://view.lotushomemade.com/product/yi-kou-shu-pineapple-roll-l/" "Mozilla/5.0 (X11; Linux x86_64) AppleWebKit/537.36 (KHTML, like Gecko) Chrome/143.0.7499.169 Safari/537.36"
74.125.151.97 - - [11/Jan/2026:11:38:53 +0700] "GET /wp-content/uploads/2023/04/BN_01.jpg HTTP/1.1" 200 113389 "https://view.lotushomemade.com/product/yi-kou-shu-pineapple-roll-l/" "Mozilla/5.0 (X11; Linux x86_64) AppleWebKit/537.36 (KHTML, like Gecko) Chrome/143.0.7499.169 Safari/537.36"
74.125.151.97 - - [11/Jan/2026:11:38:55 +0700] "GET /wp-content/uploads/elementor/css/post-15484.css?ver=1699455750 HTTP/1.1" 200 784 "https://view.lotushomemade.com/product/yi-kou-shu-pineapple-roll-l/" "Mozilla/5.0 (X11; Linux x86_64) AppleWebKit/537.36 (KHTML, like Gecko) Chrome/143.0.7499.169 Safari/537.36"
74.125.151.97 - - [11/Jan/2026:11:38:57 +0700] "GET /wp-content/uploads/2023/04/9CC293A7-1300x727.png HTTP/1.1" 200 774916 "https://view.lotushomemade.com/product/yi-kou-shu-pineapple-roll-l/" "Mozilla/5.0 (X11; Linux x86_64) AppleWebKit/537.36 (KHTML, like Gecko) Chrome/143.0.7499.169 Safari/537.36"
103.131.51.123 - - [11/Jan/2026:11:39:08 +0700] "POST /wp-cron.php?doing_wp_cron=1768106348.0856819152832031250000 HTTP/1.1" 200 474 "-" "WordPress/6.9; https://view.lotushomemade.com"
114.119.151.206 - - [11/Jan/2026:11:39:04 +0700] "GET /shop/page/20/?min_price=0&per_row=2&per_page=18&shop_view=grid HTTP/1.1" 200 41201 "https://view.lotushomemade.com/shop/page/3/?min_price=0&per_row=2&per_page=18&shop_view=grid" "Mozilla/5.0 (Linux; Android 7.0;) AppleWebKit/537.36 (KHTML, like Gecko) Mobile Safari/537.36 (compatible; PetalBot;+https://webmaster.petalsearch.com/site/petalbot)"
103.131.51.123 - - [11/Jan/2026:11:40:31 +0700] "POST /wp-cron.php?doing_wp_cron=1768106431.5694050788879394531250 HTTP/1.1" 200 474 "-" "WordPress/6.9; https://view.lotushomemade.com"
114.119.150.215 - - [11/Jan/2026:11:40:27 +0700] "GET /shop/page/20/?min_price=0&per_page=18&shop_view=grid&per_row=6 HTTP/1.1" 200 41272 "https://view.lotushomemade.com/shop/page/21/?min_price=0&per_page=18&shop_view=grid&per_row=6" "Mozilla/5.0 (Linux; Android 7.0;) AppleWebKit/537.36 (KHTML, like Gecko) Mobile Safari/537.36 (compatible; PetalBot;+https://webmaster.petalsearch.com/site/petalbot)"
103.131.51.123 - - [11/Jan/2026:11:41:53 +0700] "POST /wp-cron.php?doing_wp_cron=1768106513.9514300823211669921875 HTTP/1.1" 200 474 "-" "WordPress/6.9; https://view.lotushomemade.com"
114.119.149.78 - - [11/Jan/2026:11:41:51 +0700] "GET /shop?max_price=1040&stock_status=instock&shop_view=grid&per_row=6 HTTP/1.1" 301 619 "https://view.lotushomemade.com/shop/page/17/?max_price=1040&stock_status=instock" "Mozilla/5.0 (Linux; Android 7.0;) AppleWebKit/537.36 (KHTML, like Gecko) Mobile Safari/537.36 (compatible; PetalBot;+https://webmaster.petalsearch.com/site/petalbot)"
114.119.149.78 - - [11/Jan/2026:11:41:54 +0700] "GET /shop/?max_price=1040&stock_status=instock&shop_view=grid&per_row=6 HTTP/1.1" 200 41228 "https://view.lotushomemade.com/shop/page/17/?max_price=1040&stock_status=instock" "Mozilla/5.0 (Linux; Android 7.0;) AppleWebKit/537.36 (KHTML, like Gecko) Mobile Safari/537.36 (compatible; PetalBot;+https://webmaster.petalsearch.com/site/petalbot)"
103.131.51.123 - - [11/Jan/2026:11:43:16 +0700] "POST /wp-cron.php?doing_wp_cron=1768106596.3922040462493896484375 HTTP/1.1" 200 474 "-" "WordPress/6.9; https://view.lotushomemade.com"
114.119.149.78 - - [11/Jan/2026:11:43:14 +0700] "GET /shop/page/9?orderby=price&per_row=2&shop_view=grid&per_page=18 HTTP/1.1" 301 662 "https://view.lotushomemade.com/shop/page/6?orderby=price&per_row=2&shop_view=grid&per_page=18" "Mozilla/5.0 (Linux; Android 7.0;) AppleWebKit/537.36 (KHTML, like Gecko) Mobile Safari/537.36 (compatible; PetalBot;+https://webmaster.petalsearch.com/site/petalbot)"
114.119.149.78 - - [11/Jan/2026:11:43:16 +0700] "GET /shop/page/9/?orderby=price&per_row=2&shop_view=grid&per_page=18 HTTP/1.1" 200 41150 "https://view.lotushomemade.com/shop/page/6?orderby=price&per_row=2&shop_view=grid&per_page=18" "Mozilla/5.0 (Linux; Android 7.0;) AppleWebKit/537.36 (KHTML, like Gecko) Mobile Safari/537.36 (compatible; PetalBot;+https://webmaster.petalsearch.com/site/petalbot)"
103.131.51.123 - - [11/Jan/2026:11:43:47 +0700] "POST /wp-cron.php?doing_wp_cron=1768106627.8659288883209228515625 HTTP/1.1" 200 474 "-" "WordPress/6.9; https://view.lotushomemade.com"
52.167.144.158 - - [11/Jan/2026:11:43:46 +0700] "GET /product/gula-melaka-bangkit-charcoal-l/ HTTP/2" 200 36704 "-" "Mozilla/5.0 AppleWebKit/537.36 (KHTML, like Gecko; compatible; bingbot/2.0; +http://www.bing.com/bingbot.htm) Chrome/116.0.1938.76 Safari/537.36"
103.131.51.123 - - [11/Jan/2026:11:44:42 +0700] "POST /wp-cron.php?doing_wp_cron=1768106682.5628669261932373046875 HTTP/1.1" 200 474 "-" "WordPress/6.9; https://view.lotushomemade.com"
114.119.145.110 - - [11/Jan/2026:11:44:41 +0700] "GET /shop/page/6/?orderby=popularity&per_row=6&per_page=24&shop_view=grid HTTP/1.1" 200 41869 "https://view.lotushomemade.com/shop/page/4?orderby=popularity&per_row=6&per_page=24&shop_view=grid" "Mozilla/5.0 (Linux; Android 7.0;) AppleWebKit/537.36 (KHTML, like Gecko) Mobile Safari/537.36 (compatible; PetalBot;+https://webmaster.petalsearch.com/site/petalbot)"
103.131.51.123 - - [11/Jan/2026:11:46:04 +0700] "POST /wp-cron.php?doing_wp_cron=1768106764.0517919063568115234375 HTTP/1.1" 200 474 "-" "WordPress/6.9; https://view.lotushomemade.com"
114.119.149.78 - - [11/Jan/2026:11:46:01 +0700] "GET /shop/page/5?orderby=date&stock_status=onsale HTTP/1.1" 301 510 "https://view.lotushomemade.com/shop/page/8?orderby=date&stock_status=onsale" "Mozilla/5.0 (Linux; Android 7.0;) AppleWebKit/537.36 (KHTML, like Gecko) Mobile Safari/537.36 (compatible; PetalBot;+https://webmaster.petalsearch.com/site/petalbot)"
114.119.149.78 - - [11/Jan/2026:11:46:04 +0700] "GET /shop/page/5/?orderby=date&stock_status=onsale HTTP/1.1" 200 39854 "https://view.lotushomemade.com/shop/page/8?orderby=date&stock_status=onsale" "Mozilla/5.0 (Linux; Android 7.0;) AppleWebKit/537.36 (KHTML, like Gecko) Mobile Safari/537.36 (compatible; PetalBot;+https://webmaster.petalsearch.com/site/petalbot)"
103.131.51.123 - - [11/Jan/2026:11:47:28 +0700] "POST /wp-cron.php?doing_wp_cron=1768106848.8983108997344970703125 HTTP/1.1" 200 474 "-" "WordPress/6.9; https://view.lotushomemade.com"
114.119.148.197 - - [11/Jan/2026:11:47:25 +0700] "GET /shop/page/5/?orderby=rating&per_page=24&stock_status=onsale HTTP/1.1" 200 41592 "https://view.lotushomemade.com/shop/page/3/?orderby=rating&per_page=24&stock_status=onsale" "Mozilla/5.0 (Linux; Android 7.0;) AppleWebKit/537.36 (KHTML, like Gecko) Mobile Safari/537.36 (compatible; PetalBot;+https://webmaster.petalsearch.com/site/petalbot)"
103.131.51.123 - - [11/Jan/2026:11:48:53 +0700] "POST /wp-cron.php?doing_wp_cron=1768106933.5391230583190917968750 HTTP/1.1" 200 474 "-" "WordPress/6.9; https://view.lotushomemade.com"
114.119.151.206 - - [11/Jan/2026:11:48:49 +0700] "GET /shop/page/42/?stock_status=instock&per_page=8&shop_view=grid&per_row=2 HTTP/1.1" 200 39413 "https://view.lotushomemade.com/shop/page/45?stock_status=instock&per_page=8&shop_view=grid&per_row=2" "Mozilla/5.0 (Linux; Android 7.0;) AppleWebKit/537.36 (KHTML, like Gecko) Mobile Safari/537.36 (compatible; PetalBot;+https://webmaster.petalsearch.com/site/petalbot)"
103.131.51.123 - - [11/Jan/2026:11:50:15 +0700] "POST /wp-cron.php?doing_wp_cron=1768107015.8790669441223144531250 HTTP/1.1" 200 474 "-" "WordPress/6.9; https://view.lotushomemade.com"
114.119.149.78 - - [11/Jan/2026:11:50:13 +0700] "GET /shop/page/40?orderby=date&per_page=8&shop_view=grid&per_row=4 HTTP/1.1" 301 660 "-" "Mozilla/5.0 (Linux; Android 7.0;) AppleWebKit/537.36 (KHTML, like Gecko) Mobile Safari/537.36 (compatible; PetalBot;+https://webmaster.petalsearch.com/site/petalbot)"
114.119.149.78 - - [11/Jan/2026:11:50:16 +0700] "GET /shop/page/40/?orderby=date&per_page=8&shop_view=grid&per_row=4 HTTP/1.1" 200 39051 "-" "Mozilla/5.0 (Linux; Android 7.0;) AppleWebKit/537.36 (KHTML, like Gecko) Mobile Safari/537.36 (compatible; PetalBot;+https://webmaster.petalsearch.com/site/petalbot)"
103.131.51.123 - - [11/Jan/2026:11:51:38 +0700] "POST /wp-cron.php?doing_wp_cron=1768107098.5357220172882080078125 HTTP/1.1" 200 474 "-" "WordPress/6.9; https://view.lotushomemade.com"
114.119.156.27 - - [11/Jan/2026:11:51:34 +0700] "GET /shop/page/30/?stock_status=onsale&per_row=2&shop_view=grid HTTP/1.1" 200 39956 "https://view.lotushomemade.com/shop/page/23/?stock_status=onsale&per_row=2&shop_view=grid" "Mozilla/5.0 (Linux; Android 7.0;) AppleWebKit/537.36 (KHTML, like Gecko) Mobile Safari/537.36 (compatible; PetalBot;+https://webmaster.petalsearch.com/site/petalbot)"
103.131.51.123 - - [11/Jan/2026:11:53:03 +0700] "POST /wp-cron.php?doing_wp_cron=1768107183.2407479286193847656250 HTTP/1.1" 200 474 "-" "WordPress/6.9; https://view.lotushomemade.com"
114.119.150.215 - - [11/Jan/2026:11:52:59 +0700] "GET /shop/page/26/?orderby=rating&per_row=2&shop_view=grid&stock_status=instock HTTP/1.1" 200 39611 "https://view.lotushomemade.com/shop/page/24/?orderby=rating&per_row=2&shop_view=grid&stock_status=instock" "Mozilla/5.0 (Linux; Android 7.0;) AppleWebKit/537.36 (KHTML, like Gecko) Mobile Safari/537.36 (compatible; PetalBot;+https://webmaster.petalsearch.com/site/petalbot)"
103.131.51.123 - - [11/Jan/2026:11:54:26 +0700] "POST /wp-cron.php?doing_wp_cron=1768107266.2817270755767822265625 HTTP/1.1" 200 474 "-" "WordPress/6.9; https://view.lotushomemade.com"
114.119.130.97 - - [11/Jan/2026:11:54:22 +0700] "GET /shop/page/24/?orderby=price&per_row=2&per_page=8&shop_view=grid HTTP/1.1" 200 39528 "https://view.lotushomemade.com/shop/page/26/?orderby=price&per_row=2&per_page=8&shop_view=grid" "Mozilla/5.0 (Linux; Android 7.0;) AppleWebKit/537.36 (KHTML, like Gecko) Mobile Safari/537.36 (compatible; PetalBot;+https://webmaster.petalsearch.com/site/petalbot)"
103.131.51.123 - - [11/Jan/2026:11:55:51 +0700] "POST /wp-cron.php?doing_wp_cron=1768107351.2198810577392578125000 HTTP/1.1" 200 474 "-" "WordPress/6.9; https://view.lotushomemade.com"
114.119.142.208 - - [11/Jan/2026:11:55:47 +0700] "GET /shop/page/24/?max_price=1040&stock_status=instock&shop_view=grid&per_row=4 HTTP/1.1" 200 40342 "https://view.lotushomemade.com/shop/page/22/?max_price=1040&stock_status=instock&shop_view=grid&per_row=4" "Mozilla/5.0 (Linux; Android 7.0;) AppleWebKit/537.36 (KHTML, like Gecko) Mobile Safari/537.36 (compatible; PetalBot;+https://webmaster.petalsearch.com/site/petalbot)"
121.6.86.85 - - [11/Jan/2026:11:56:25 +0700] "GET /product/white-rabbit-milky-nyonya-kuih-kapit-l/ HTTP/2" 200 36391 "https://www.google.com/" "Mozilla/5.0 (iPhone; CPU iPhone OS 17_5_1 like Mac OS X) AppleWebKit/605.1.15 (KHTML, like Gecko) Version/17.5 Mobile/15E148 Safari/604.1"
121.6.86.85 - - [11/Jan/2026:11:56:28 +0700] "GET /wp-content/plugins/elementor/assets/lib/eicons/css/elementor-icons.min.css?ver=5.23.0 HTTP/2" 200 3673 "https://view.lotushomemade.com/product/white-rabbit-milky-nyonya-kuih-kapit-l/" "Mozilla/5.0 (iPhone; CPU iPhone OS 17_5_1 like Mac OS X) AppleWebKit/605.1.15 (KHTML, like Gecko) Version/17.5 Mobile/15E148 Safari/604.1"
121.6.86.85 - - [11/Jan/2026:11:56:28 +0700] "GET /wp-content/themes/woodmart/css/bootstrap-light.min.css?ver=7.2.5 HTTP/2" 200 812 "https://view.lotushomemade.com/product/white-rabbit-milky-nyonya-kuih-kapit-l/" "Mozilla/5.0 (iPhone; CPU iPhone OS 17_5_1 like Mac OS X) AppleWebKit/605.1.15 (KHTML, like Gecko) Version/17.5 Mobile/15E148 Safari/604.1"
121.6.86.85 - - [11/Jan/2026:11:56:28 +0700] "GET /wp-content/uploads/elementor/css/post-6.css?ver=1699455750 HTTP/2" 200 334 "https://view.lotushomemade.com/product/white-rabbit-milky-nyonya-kuih-kapit-l/" "Mozilla/5.0 (iPhone; CPU iPhone OS 17_5_1 like Mac OS X) AppleWebKit/605.1.15 (KHTML, like Gecko) Version/17.5 Mobile/15E148 Safari/604.1"
121.6.86.85 - - [11/Jan/2026:11:56:28 +0700] "GET /wp-content/themes/woodmart/css/parts/widget-recent-post-comments.min.css?ver=7.2.5 HTTP/2" 200 266 "https://view.lotushomemade.com/product/white-rabbit-milky-nyonya-kuih-kapit-l/" "Mozilla/5.0 (iPhone; CPU iPhone OS 17_5_1 like Mac OS X) AppleWebKit/605.1.15 (KHTML, like Gecko) Version/17.5 Mobile/15E148 Safari/604.1"
121.6.86.85 - - [11/Jan/2026:11:56:28 +0700] "GET /wp-content/themes/woodmart/css/parts/widget-wd-recent-posts.min.css?ver=7.2.5 HTTP/2" 200 256 "https://view.lotushomemade.com/product/white-rabbit-milky-nyonya-kuih-kapit-l/" "Mozilla/5.0 (iPhone; CPU iPhone OS 17_5_1 like Mac OS X) AppleWebKit/605.1.15 (KHTML, like Gecko) Version/17.5 Mobile/15E148 Safari/604.1"
121.6.86.85 - - [11/Jan/2026:11:56:28 +0700] "GET /wp-content/plugins/elementor-pro/assets/css/frontend-lite.min.css?ver=3.16.1 HTTP/2" 200 1511 "https://view.lotushomemade.com/product/white-rabbit-milky-nyonya-kuih-kapit-l/" "Mozilla/5.0 (iPhone; CPU iPhone OS 17_5_1 like Mac OS X) AppleWebKit/605.1.15 (KHTML, like Gecko) Version/17.5 Mobile/15E148 Safari/604.1"
121.6.86.85 - - [11/Jan/2026:11:56:28 +0700] "GET /wp-content/plugins/elementor/assets/css/frontend-lite.min.css?ver=3.17.3 HTTP/2" 200 12935 "https://view.lotushomemade.com/product/white-rabbit-milky-nyonya-kuih-kapit-l/" "Mozilla/5.0 (iPhone; CPU iPhone OS 17_5_1 like Mac OS X) AppleWebKit/605.1.15 (KHTML, like Gecko) Version/17.5 Mobile/15E148 Safari/604.1"
121.6.86.85 - - [11/Jan/2026:11:56:28 +0700] "GET /wp-content/plugins/elementor/assets/lib/swiper/v8/css/swiper.min.css?ver=8.4.5 HTTP/2" 200 4248 "https://view.lotushomemade.com/product/white-rabbit-milky-nyonya-kuih-kapit-l/" "Mozilla/5.0 (iPhone; CPU iPhone OS 17_5_1 like Mac OS X) AppleWebKit/605.1.15 (KHTML, like Gecko) Version/17.5 Mobile/15E148 Safari/604.1"
121.6.86.85 - - [11/Jan/2026:11:56:28 +0700] "GET /wp-content/themes/woodmart/css/parts/base.min.css?ver=7.2.5 HTTP/2" 200 10220 "https://view.lotushomemade.com/product/white-rabbit-milky-nyonya-kuih-kapit-l/" "Mozilla/5.0 (iPhone; CPU iPhone OS 17_5_1 like Mac OS X) AppleWebKit/605.1.15 (KHTML, like Gecko) Version/17.5 Mobile/15E148 Safari/604.1"
121.6.86.85 - - [11/Jan/2026:11:56:28 +0700] "GET /wp-content/themes/woodmart/css/parts/woo-widget-slider-price-filter.min.css?ver=7.2.5 HTTP/2" 200 621 "https://view.lotushomemade.com/product/white-rabbit-milky-nyonya-kuih-kapit-l/" "Mozilla/5.0 (iPhone; CPU iPhone OS 17_5_1 like Mac OS X) AppleWebKit/605.1.15 (KHTML, like Gecko) Version/17.5 Mobile/15E148 Safari/604.1"
121.6.86.85 - - [11/Jan/2026:11:56:28 +0700] "GET /wp-content/themes/woodmart/css/parts/woo-widget-wd-layered-nav.min.css?ver=7.2.5 HTTP/2" 200 495 "https://view.lotushomemade.com/product/white-rabbit-milky-nyonya-kuih-kapit-l/" "Mozilla/5.0 (iPhone; CPU iPhone OS 17_5_1 like Mac OS X) AppleWebKit/605.1.15 (KHTML, like Gecko) Version/17.5 Mobile/15E148 Safari/604.1"
121.6.86.85 - - [11/Jan/2026:11:56:28 +0700] "GET /wp-content/themes/woodmart/css/parts/int-wpcf7.min.css?ver=7.2.5 HTTP/2" 200 403 "https://view.lotushomemade.com/product/white-rabbit-milky-nyonya-kuih-kapit-l/" "Mozilla/5.0 (iPhone; CPU iPhone OS 17_5_1 like Mac OS X) AppleWebKit/605.1.15 (KHTML, like Gecko) Version/17.5 Mobile/15E148 Safari/604.1"
121.6.86.85 - - [11/Jan/2026:11:56:28 +0700] "GET /wp-content/themes/woodmart/css/parts/int-elem-base.min.css?ver=7.2.5 HTTP/2" 200 960 "https://view.lotushomemade.com/product/white-rabbit-milky-nyonya-kuih-kapit-l/" "Mozilla/5.0 (iPhone; CPU iPhone OS 17_5_1 like Mac OS X) AppleWebKit/605.1.15 (KHTML, like Gecko) Version/17.5 Mobile/15E148 Safari/604.1"
121.6.86.85 - - [11/Jan/2026:11:56:28 +0700] "GET /wp-content/themes/woodmart/css/parts/woo-widget-layered-nav-stock-status.min.css?ver=7.2.5 HTTP/2" 200 368 "https://view.lotushomemade.com/product/white-rabbit-milky-nyonya-kuih-kapit-l/" "Mozilla/5.0 (iPhone; CPU iPhone OS 17_5_1 like Mac OS X) AppleWebKit/605.1.15 (KHTML, like Gecko) Version/17.5 Mobile/15E148 Safari/604.1"
121.6.86.85 - - [11/Jan/2026:11:56:28 +0700] "GET /wp-content/themes/woodmart/css/parts/woo-widget-product-list.min.css?ver=7.2.5 HTTP/2" 200 310 "https://view.lotushomemade.com/product/white-rabbit-milky-nyonya-kuih-kapit-l/" "Mozilla/5.0 (iPhone; CPU iPhone OS 17_5_1 like Mac OS X) AppleWebKit/605.1.15 (KHTML, like Gecko) Version/17.5 Mobile/15E148 Safari/604.1"
121.6.86.85 - - [11/Jan/2026:11:56:28 +0700] "GET /wp-content/themes/woodmart/css/parts/woo-mod-swatches-filter.min.css?ver=7.2.5 HTTP/2" 200 572 "https://view.lotushomemade.com/product/white-rabbit-milky-nyonya-kuih-kapit-l/" "Mozilla/5.0 (iPhone; CPU iPhone OS 17_5_1 like Mac OS X) AppleWebKit/605.1.15 (KHTML, like Gecko) Version/17.5 Mobile/15E148 Safari/604.1"
121.6.86.85 - - [11/Jan/2026:11:56:28 +0700] "GET /wp-content/themes/woodmart/css/parts/woo-mod-swatches-base.min.css?ver=7.2.5 HTTP/2" 200 709 "https://view.lotushomemade.com/product/white-rabbit-milky-nyonya-kuih-kapit-l/" "Mozilla/5.0 (iPhone; CPU iPhone OS 17_5_1 like Mac OS X) AppleWebKit/605.1.15 (KHTML, like Gecko) Version/17.5 Mobile/15E148 Safari/604.1"
121.6.86.85 - - [11/Jan/2026:11:56:28 +0700] "GET /wp-content/themes/woodmart/css/parts/int-elementor-pro.min.css?ver=7.2.5 HTTP/2" 200 807 "https://view.lotushomemade.com/product/white-rabbit-milky-nyonya-kuih-kapit-l/" "Mozilla/5.0 (iPhone; CPU iPhone OS 17_5_1 like Mac OS X) AppleWebKit/605.1.15 (KHTML, like Gecko) Version/17.5 Mobile/15E148 Safari/604.1"
121.6.86.85 - - [11/Jan/2026:11:56:28 +0700] "GET /wp-content/themes/woodmart/css/parts/widget-nav.min.css?ver=7.2.5 HTTP/2" 200 149 "https://view.lotushomemade.com/product/white-rabbit-milky-nyonya-kuih-kapit-l/" "Mozilla/5.0 (iPhone; CPU iPhone OS 17_5_1 like Mac OS X) AppleWebKit/605.1.15 (KHTML, like Gecko) Version/17.5 Mobile/15E148 Safari/604.1"
121.6.86.85 - - [11/Jan/2026:11:56:28 +0700] "GET /wp-content/themes/woodmart/css/parts/woo-el-track-order.min.css?ver=7.2.5 HTTP/2" 200 358 "https://view.lotushomemade.com/product/white-rabbit-milky-nyonya-kuih-kapit-l/" "Mozilla/5.0 (iPhone; CPU iPhone OS 17_5_1 like Mac OS X) AppleWebKit/605.1.15 (KHTML, like Gecko) Version/17.5 Mobile/15E148 Safari/604.1"
121.6.86.85 - - [11/Jan/2026:11:56:28 +0700] "GET /wp-content/themes/woodmart/css/parts/int-rev-slider.min.css?ver=7.2.5 HTTP/2" 200 256 "https://view.lotushomemade.com/product/white-rabbit-milky-nyonya-kuih-kapit-l/" "Mozilla/5.0 (iPhone; CPU iPhone OS 17_5_1 like Mac OS X) AppleWebKit/605.1.15 (KHTML, like Gecko) Version/17.5 Mobile/15E148 Safari/604.1"
121.6.86.85 - - [11/Jan/2026:11:56:28 +0700] "GET /wp-content/themes/woodmart/css/parts/mod-star-rating.min.css?ver=7.2.5 HTTP/2" 200 196 "https://view.lotushomemade.com/product/white-rabbit-milky-nyonya-kuih-kapit-l/" "Mozilla/5.0 (iPhone; CPU iPhone OS 17_5_1 like Mac OS X) AppleWebKit/605.1.15 (KHTML, like Gecko) Version/17.5 Mobile/15E148 Safari/604.1"
121.6.86.85 - - [11/Jan/2026:11:56:28 +0700] "GET /wp-content/themes/woodmart/css/parts/woocommerce-base.min.css?ver=7.2.5 HTTP/2" 200 1480 "https://view.lotushomemade.com/product/white-rabbit-milky-nyonya-kuih-kapit-l/" "Mozilla/5.0 (iPhone; CPU iPhone OS 17_5_1 like Mac OS X) AppleWebKit/605.1.15 (KHTML, like Gecko) Version/17.5 Mobile/15E148 Safari/604.1"
121.6.86.85 - - [11/Jan/2026:11:56:28 +0700] "GET /wp-content/themes/woodmart/css/parts/woo-mod-quantity.min.css?ver=7.2.5 HTTP/2" 200 416 "https://view.lotushomemade.com/product/white-rabbit-milky-nyonya-kuih-kapit-l/" "Mozilla/5.0 (iPhone; CPU iPhone OS 17_5_1 like Mac OS X) AppleWebKit/605.1.15 (KHTML, like Gecko) Version/17.5 Mobile/15E148 Safari/604.1"
121.6.86.85 - - [11/Jan/2026:11:56:28 +0700] "GET /wp-content/themes/woodmart/css/parts/woo-mod-shop-attributes.min.css?ver=7.2.5 HTTP/2" 200 401 "https://view.lotushomemade.com/product/white-rabbit-milky-nyonya-kuih-kapit-l/" "Mozilla/5.0 (iPhone; CPU iPhone OS 17_5_1 like Mac OS X) AppleWebKit/605.1.15 (KHTML, like Gecko) Version/17.5 Mobile/15E148 Safari/604.1"
121.6.86.85 - - [11/Jan/2026:11:56:28 +0700] "GET /wp-content/themes/woodmart/css/parts/woo-single-prod-el-base.min.css?ver=7.2.5 HTTP/2" 200 363 "https://view.lotushomemade.com/product/white-rabbit-milky-nyonya-kuih-kapit-l/" "Mozilla/5.0 (iPhone; CPU iPhone OS 17_5_1 like Mac OS X) AppleWebKit/605.1.15 (KHTML, like Gecko) Version/17.5 Mobile/15E148 Safari/604.1"
121.6.86.85 - - [11/Jan/2026:11:56:28 +0700] "GET /wp-content/themes/woodmart/css/parts/woo-mod-stock-status.min.css?ver=7.2.5 HTTP/2" 200 355 "https://view.lotushomemade.com/product/white-rabbit-milky-nyonya-kuih-kapit-l/" "Mozilla/5.0 (iPhone; CPU iPhone OS 17_5_1 like Mac OS X) AppleWebKit/605.1.15 (KHTML, like Gecko) Version/17.5 Mobile/15E148 Safari/604.1"
121.6.86.85 - - [11/Jan/2026:11:56:28 +0700] "GET /wp-content/themes/woodmart-child/style.css?ver=7.2.5 HTTP/2" 200 196 "https://view.lotushomemade.com/product/white-rabbit-milky-nyonya-kuih-kapit-l/" "Mozilla/5.0 (iPhone; CPU iPhone OS 17_5_1 like Mac OS X) AppleWebKit/605.1.15 (KHTML, like Gecko) Version/17.5 Mobile/15E148 Safari/604.1"
121.6.86.85 - - [11/Jan/2026:11:56:28 +0700] "GET /wp-content/themes/woodmart/css/parts/mod-tools.min.css?ver=7.2.5 HTTP/2" 200 867 "https://view.lotushomemade.com/product/white-rabbit-milky-nyonya-kuih-kapit-l/" "Mozilla/5.0 (iPhone; CPU iPhone OS 17_5_1 like Mac OS X) AppleWebKit/605.1.15 (KHTML, like Gecko) Version/17.5 Mobile/15E148 Safari/604.1"
121.6.86.85 - - [11/Jan/2026:11:56:28 +0700] "GET /wp-content/themes/woodmart/css/parts/el-social-icons.min.css?ver=7.2.5 HTTP/2" 200 1083 "https://view.lotushomemade.com/product/white-rabbit-milky-nyonya-kuih-kapit-l/" "Mozilla/5.0 (iPhone; CPU iPhone OS 17_5_1 like Mac OS X) AppleWebKit/605.1.15 (KHTML, like Gecko) Version/17.5 Mobile/15E148 Safari/604.1"
121.6.86.85 - - [11/Jan/2026:11:56:28 +0700] "GET /wp-content/themes/woodmart/css/parts/header-el-base.min.css?ver=7.2.5 HTTP/2" 200 792 "https://view.lotushomemade.com/product/white-rabbit-milky-nyonya-kuih-kapit-l/" "Mozilla/5.0 (iPhone; CPU iPhone OS 17_5_1 like Mac OS X) AppleWebKit/605.1.15 (KHTML, like Gecko) Version/17.5 Mobile/15E148 Safari/604.1"
121.6.86.85 - - [11/Jan/2026:11:56:28 +0700] "GET /wp-content/themes/woodmart/css/parts/mod-dropdown-aside.min.css?ver=7.2.5 HTTP/2" 200 1171 "https://view.lotushomemade.com/product/white-rabbit-milky-nyonya-kuih-kapit-l/" "Mozilla/5.0 (iPhone; CPU iPhone OS 17_5_1 like Mac OS X) AppleWebKit/605.1.15 (KHTML, like Gecko) Version/17.5 Mobile/15E148 Safari/604.1"
121.6.86.85 - - [11/Jan/2026:11:56:28 +0700] "GET /wp-content/themes/woodmart/css/parts/mod-animations.min.css?ver=7.2.5 HTTP/2" 200 441 "https://view.lotushomemade.com/product/white-rabbit-milky-nyonya-kuih-kapit-l/" "Mozilla/5.0 (iPhone; CPU iPhone OS 17_5_1 like Mac OS X) AppleWebKit/605.1.15 (KHTML, like Gecko) Version/17.5 Mobile/15E148 Safari/604.1"
121.6.86.85 - - [11/Jan/2026:11:56:28 +0700] "GET /wp-content/themes/woodmart/css/parts/header-base.min.css?ver=7.2.5 HTTP/2" 200 2352 "https://view.lotushomemade.com/product/white-rabbit-milky-nyonya-kuih-kapit-l/" "Mozilla/5.0 (iPhone; CPU iPhone OS 17_5_1 like Mac OS X) AppleWebKit/605.1.15 (KHTML, like Gecko) Version/17.5 Mobile/15E148 Safari/604.1"
121.6.86.85 - - [11/Jan/2026:11:56:28 +0700] "GET /wp-content/themes/woodmart/css/parts/woo-product-loop-button-info-alt.min.css?ver=7.2.5 HTTP/2" 200 1219 "https://view.lotushomemade.com/product/white-rabbit-milky-nyonya-kuih-kapit-l/" "Mozilla/5.0 (iPhone; CPU iPhone OS 17_5_1 like Mac OS X) AppleWebKit/605.1.15 (KHTML, like Gecko) Version/17.5 Mobile/15E148 Safari/604.1"
121.6.86.85 - - [11/Jan/2026:11:56:28 +0700] "GET /wp-content/themes/woodmart/css/parts/woo-product-loop.min.css?ver=7.2.5 HTTP/2" 200 1505 "https://view.lotushomemade.com/product/white-rabbit-milky-nyonya-kuih-kapit-l/" "Mozilla/5.0 (iPhone; CPU iPhone OS 17_5_1 like Mac OS X) AppleWebKit/605.1.15 (KHTML, like Gecko) Version/17.5 Mobile/15E148 Safari/604.1"
121.6.86.85 - - [11/Jan/2026:11:56:28 +0700] "GET /wp-content/themes/woodmart/css/parts/mod-nav-menu-label.min.css?ver=7.2.5 HTTP/2" 200 361 "https://view.lotushomemade.com/product/white-rabbit-milky-nyonya-kuih-kapit-l/" "Mozilla/5.0 (iPhone; CPU iPhone OS 17_5_1 like Mac OS X) AppleWebKit/605.1.15 (KHTML, like Gecko) Version/17.5 Mobile/15E148 Safari/604.1"
121.6.86.85 - - [11/Jan/2026:11:56:28 +0700] "GET /wp-content/themes/woodmart/css/parts/el-gallery.min.css?ver=7.2.5 HTTP/2" 200 257 "https://view.lotushomemade.com/product/white-rabbit-milky-nyonya-kuih-kapit-l/" "Mozilla/5.0 (iPhone; CPU iPhone OS 17_5_1 like Mac OS X) AppleWebKit/605.1.15 (KHTML, like Gecko) Version/17.5 Mobile/15E148 Safari/604.1"
121.6.86.85 - - [11/Jan/2026:11:56:28 +0700] "GET /wp-content/themes/woodmart/css/parts/lib-photoswipe.min.css?ver=7.2.5 HTTP/2" 200 1683 "https://view.lotushomemade.com/product/white-rabbit-milky-nyonya-kuih-kapit-l/" "Mozilla/5.0 (iPhone; CPU iPhone OS 17_5_1 like Mac OS X) AppleWebKit/605.1.15 (KHTML, like Gecko) Version/17.5 Mobile/15E148 Safari/604.1"
121.6.86.85 - - [11/Jan/2026:11:56:28 +0700] "GET /wp-content/themes/woodmart/css/parts/lib-magnific-popup.min.css?ver=7.2.5 HTTP/2" 200 899 "https://view.lotushomemade.com/product/white-rabbit-milky-nyonya-kuih-kapit-l/" "Mozilla/5.0 (iPhone; CPU iPhone OS 17_5_1 like Mac OS X) AppleWebKit/605.1.15 (KHTML, like Gecko) Version/17.5 Mobile/15E148 Safari/604.1"
121.6.86.85 - - [11/Jan/2026:11:56:28 +0700] "GET /wp-content/themes/woodmart/css/parts/woo-mod-add-btn-replace.min.css?ver=7.2.5 HTTP/2" 200 441 "https://view.lotushomemade.com/product/white-rabbit-milky-nyonya-kuih-kapit-l/" "Mozilla/5.0 (iPhone; CPU iPhone OS 17_5_1 like Mac OS X) AppleWebKit/605.1.15 (KHTML, like Gecko) Version/17.5 Mobile/15E148 Safari/604.1"
121.6.86.85 - - [11/Jan/2026:11:56:28 +0700] "GET /wp-content/themes/woodmart/css/parts/el-section-title.min.css?ver=7.2.5 HTTP/2" 200 493 "https://view.lotushomemade.com/product/white-rabbit-milky-nyonya-kuih-kapit-l/" "Mozilla/5.0 (iPhone; CPU iPhone OS 17_5_1 like Mac OS X) AppleWebKit/605.1.15 (KHTML, like Gecko) Version/17.5 Mobile/15E148 Safari/604.1"
121.6.86.85 - - [11/Jan/2026:11:56:28 +0700] "GET /wp-content/themes/woodmart/css/parts/header-el-search.min.css?ver=7.2.5 HTTP/2" 200 326 "https://view.lotushomemade.com/product/white-rabbit-milky-nyonya-kuih-kapit-l/" "Mozilla/5.0 (iPhone; CPU iPhone OS 17_5_1 like Mac OS X) AppleWebKit/605.1.15 (KHTML, like Gecko) Version/17.5 Mobile/15E148 Safari/604.1"
121.6.86.85 - - [11/Jan/2026:11:56:28 +0700] "GET /wp-content/themes/woodmart/css/parts/header-el-cart.min.css?ver=7.2.5 HTTP/2" 200 579 "https://view.lotushomemade.com/product/white-rabbit-milky-nyonya-kuih-kapit-l/" "Mozilla/5.0 (iPhone; CPU iPhone OS 17_5_1 like Mac OS X) AppleWebKit/605.1.15 (KHTML, like Gecko) Version/17.5 Mobile/15E148 Safari/604.1"
121.6.86.85 - - [11/Jan/2026:11:56:28 +0700] "GET /wp-content/themes/woodmart/css/parts/header-el-cart-side.min.css?ver=7.2.5 HTTP/2" 200 304 "https://view.lotushomemade.com/product/white-rabbit-milky-nyonya-kuih-kapit-l/" "Mozilla/5.0 (iPhone; CPU iPhone OS 17_5_1 like Mac OS X) AppleWebKit/605.1.15 (KHTML, like Gecko) Version/17.5 Mobile/15E148 Safari/604.1"
121.6.86.85 - - [11/Jan/2026:11:56:28 +0700] "GET /wp-content/themes/woodmart/css/parts/header-el-my-account-dropdown.min.css?ver=7.2.5 HTTP/2" 200 242 "https://view.lotushomemade.com/product/white-rabbit-milky-nyonya-kuih-kapit-l/" "Mozilla/5.0 (iPhone; CPU iPhone OS 17_5_1 like Mac OS X) AppleWebKit/605.1.15 (KHTML, like Gecko) Version/17.5 Mobile/15E148 Safari/604.1"
121.6.86.85 - - [11/Jan/2026:11:56:28 +0700] "GET /wp-content/themes/woodmart/css/parts/header-el-my-account.min.css?ver=7.2.5 HTTP/2" 200 157 "https://view.lotushomemade.com/product/white-rabbit-milky-nyonya-kuih-kapit-l/" "Mozilla/5.0 (iPhone; CPU iPhone OS 17_5_1 like Mac OS X) AppleWebKit/605.1.15 (KHTML, like Gecko) Version/17.5 Mobile/15E148 Safari/604.1"
121.6.86.85 - - [11/Jan/2026:11:56:28 +0700] "GET /wp-content/themes/woodmart/css/parts/woo-single-prod-predefined.min.css?ver=7.2.5 HTTP/2" 200 777 "https://view.lotushomemade.com/product/white-rabbit-milky-nyonya-kuih-kapit-l/" "Mozilla/5.0 (iPhone; CPU iPhone OS 17_5_1 like Mac OS X) AppleWebKit/605.1.15 (KHTML, like Gecko) Version/17.5 Mobile/15E148 Safari/604.1"
121.6.86.85 - - [11/Jan/2026:11:56:28 +0700] "GET /wp-content/themes/woodmart/css/parts/woo-mod-login-form.min.css?ver=7.2.5 HTTP/2" 200 593 "https://view.lotushomemade.com/product/white-rabbit-milky-nyonya-kuih-kapit-l/" "Mozilla/5.0 (iPhone; CPU iPhone OS 17_5_1 like Mac OS X) AppleWebKit/605.1.15 (KHTML, like Gecko) Version/17.5 Mobile/15E148 Safari/604.1"
