114.119.142.208 - - [11/Jan/2026:05:35:08 +0700] "GET /shop/page/45?per_row=2&per_page=8&shop_view=grid&stock_status=onsale HTTP/1.1" 301 667 "-" "Mozilla/5.0 (Linux; Android 7.0;) AppleWebKit/537.36 (KHTML, like Gecko) Mobile Safari/537.36 (compatible; PetalBot;+https://webmaster.petalsearch.com/site/petalbot)"
114.119.142.208 - - [11/Jan/2026:05:35:11 +0700] "GET /shop/page/45/?per_row=2&per_page=8&shop_view=grid&stock_status=onsale HTTP/1.1" 200 39466 "-" "Mozilla/5.0 (Linux; Android 7.0;) AppleWebKit/537.36 (KHTML, like Gecko) Mobile Safari/537.36 (compatible; PetalBot;+https://webmaster.petalsearch.com/site/petalbot)"
103.131.51.123 - - [11/Jan/2026:05:36:33 +0700] "POST /wp-cron.php?doing_wp_cron=1768084593.4611558914184570312500 HTTP/1.1" 200 474 "-" "WordPress/6.9; https://view.lotushomemade.com"
114.119.142.208 - - [11/Jan/2026:05:36:31 +0700] "GET /shop/page/45?max_price=780&per_page=8&stock_status=onsale HTTP/1.1" 301 568 "-" "Mozilla/5.0 (Linux; Android 7.0;) AppleWebKit/537.36 (KHTML, like Gecko) Mobile Safari/537.36 (compatible; PetalBot;+https://webmaster.petalsearch.com/site/petalbot)"
114.119.142.208 - - [11/Jan/2026:05:36:33 +0700] "GET /shop/page/45/?max_price=780&per_page=8&stock_status=onsale HTTP/1.1" 200 39568 "-" "Mozilla/5.0 (Linux; Android 7.0;) AppleWebKit/537.36 (KHTML, like Gecko) Mobile Safari/537.36 (compatible; PetalBot;+https://webmaster.petalsearch.com/site/petalbot)"
103.131.51.123 - - [11/Jan/2026:05:37:57 +0700] "POST /wp-cron.php?doing_wp_cron=1768084677.0123310089111328125000 HTTP/1.1" 200 474 "-" "WordPress/6.9; https://view.lotushomemade.com"
114.119.149.78 - - [11/Jan/2026:05:37:53 +0700] "GET /shop/page/45/?min_price=0&per_page=8&stock_status=onsale HTTP/1.1" 200 39383 "https://view.lotushomemade.com/shop/page/46?min_price=0&per_page=8&stock_status=onsale" "Mozilla/5.0 (Linux; Android 7.0;) AppleWebKit/537.36 (KHTML, like Gecko) Mobile Safari/537.36 (compatible; PetalBot;+https://webmaster.petalsearch.com/site/petalbot)"
103.131.51.123 - - [11/Jan/2026:05:39:20 +0700] "POST /wp-cron.php?doing_wp_cron=1768084760.8507680892944335937500 HTTP/1.1" 200 474 "-" "WordPress/6.9; https://view.lotushomemade.com"
114.119.151.206 - - [11/Jan/2026:05:39:17 +0700] "GET /shop/page/44/?stock_status=instock&per_row=2&per_page=8&shop_view=grid HTTP/1.1" 200 39555 "https://view.lotushomemade.com/shop/page/43/?stock_status=instock&per_row=2&per_page=8&shop_view=grid" "Mozilla/5.0 (Linux; Android 7.0;) AppleWebKit/537.36 (KHTML, like Gecko) Mobile Safari/537.36 (compatible; PetalBot;+https://webmaster.petalsearch.com/site/petalbot)"
103.131.51.123 - - [11/Jan/2026:05:40:34 +0700] "POST /wp-cron.php?doing_wp_cron=1768084833.9813311100006103515625 HTTP/1.1" 200 474 "-" "WordPress/6.9; https://view.lotushomemade.com"
66.249.70.99 - - [11/Jan/2026:05:40:32 +0700] "GET /product/peanut-butter-nyonya-kuih-kapit-l/ HTTP/1.1" 200 37050 "-" "Mozilla/5.0 (Linux; Android 6.0.1; Nexus 5X Build/MMB29P) AppleWebKit/537.36 (KHTML, like Gecko) Chrome/143.0.7499.192 Mobile Safari/537.36 (compatible; Googlebot/2.1; +http://www.google.com/bot.html)"
66.249.70.97 - - [11/Jan/2026:05:40:37 +0700] "GET /wp-content/themes/woodmart/js/scripts/wc/singleProductTabsAccordion.min.js?ver=7.2.5 HTTP/1.1" 200 1065 "https://view.lotushomemade.com/product/peanut-butter-nyonya-kuih-kapit-l/" "Mozilla/5.0 (Linux; Android 6.0.1; Nexus 5X Build/MMB29P) AppleWebKit/537.36 (KHTML, like Gecko) Chrome/143.0.7499.169 Mobile Safari/537.36 (compatible; Googlebot/2.1; +http://www.google.com/bot.html)"
114.119.150.215 - - [11/Jan/2026:05:40:42 +0700] "GET /shop/page/44/?orderby=price&stock_status=instock&per_page=8 HTTP/1.1" 200 39454 "https://view.lotushomemade.com/shop/page/45/?orderby=price&stock_status=instock&per_page=8" "Mozilla/5.0 (Linux; Android 7.0;) AppleWebKit/537.36 (KHTML, like Gecko) Mobile Safari/537.36 (compatible; PetalBot;+https://webmaster.petalsearch.com/site/petalbot)"
103.131.51.123 - - [11/Jan/2026:05:42:13 +0700] "POST /wp-cron.php?doing_wp_cron=1768084933.2560949325561523437500 HTTP/1.1" 200 474 "-" "WordPress/6.9; https://view.lotushomemade.com"
114.119.156.27 - - [11/Jan/2026:05:42:09 +0700] "GET /shop/page/44/?orderby=popularity&per_page=8&stock_status=instock HTTP/1.1" 200 38873 "https://view.lotushomemade.com/shop/page/43?orderby=popularity&per_page=8&stock_status=instock" "Mozilla/5.0 (Linux; Android 7.0;) AppleWebKit/537.36 (KHTML, like Gecko) Mobile Safari/537.36 (compatible; PetalBot;+https://webmaster.petalsearch.com/site/petalbot)"
103.131.51.123 - - [11/Jan/2026:05:43:31 +0700] "POST /wp-cron.php?doing_wp_cron=1768085011.1275620460510253906250 HTTP/1.1" 200 474 "-" "WordPress/6.9; https://view.lotushomemade.com"
114.119.156.27 - - [11/Jan/2026:05:43:27 +0700] "GET /shop/page/44 HTTP/1.1" 404 31547 "https://view.lotushomemade.com/shop/page/44?orderby=price-desc&per_page=8&shop_view=grid&per_row=4" "Mozilla/5.0 (Linux; Android 7.0;) AppleWebKit/537.36 (KHTML, like Gecko) Mobile Safari/537.36 (compatible; PetalBot;+https://webmaster.petalsearch.com/site/petalbot)"
103.131.51.123 - - [11/Jan/2026:05:44:53 +0700] "POST /wp-cron.php?doing_wp_cron=1768085093.5018939971923828125000 HTTP/1.1" 200 474 "-" "WordPress/6.9; https://view.lotushomemade.com"
114.119.130.97 - - [11/Jan/2026:05:44:51 +0700] "GET /shop/page/43?orderby=rating&per_page=8&shop_view=grid&per_row=2 HTTP/1.1" 301 662 "-" "Mozilla/5.0 (Linux; Android 7.0;) AppleWebKit/537.36 (KHTML, like Gecko) Mobile Safari/537.36 (compatible; PetalBot;+https://webmaster.petalsearch.com/site/petalbot)"
114.119.130.97 - - [11/Jan/2026:05:44:53 +0700] "GET /shop/page/43/?orderby=rating&per_page=8&shop_view=grid&per_row=2 HTTP/1.1" 200 39030 "-" "Mozilla/5.0 (Linux; Android 7.0;) AppleWebKit/537.36 (KHTML, like Gecko) Mobile Safari/537.36 (compatible; PetalBot;+https://webmaster.petalsearch.com/site/petalbot)"
103.131.51.123 - - [11/Jan/2026:05:45:49 +0700] "POST /wp-cron.php?doing_wp_cron=1768085149.1400449275970458984375 HTTP/1.1" 200 474 "-" "WordPress/6.9; https://view.lotushomemade.com"
178.81.55.106 - - [11/Jan/2026:05:45:47 +0700] "GET /product/kuih-bahulu_20s/ HTTP/1.1" 200 36502 "-" "Mozilla/5.0 (compatible; MSIE 5.0; Windows NT 11.0; Trident/4.1)"
114.119.130.97 - - [11/Jan/2026:05:46:15 +0700] "GET /shop/page/43?max_price=1050&stock_status=onsale&per_page=8 HTTP/1.1" 301 569 "-" "Mozilla/5.0 (Linux; Android 7.0;) AppleWebKit/537.36 (KHTML, like Gecko) Mobile Safari/537.36 (compatible; PetalBot;+https://webmaster.petalsearch.com/site/petalbot)"
114.119.130.97 - - [11/Jan/2026:05:46:15 +0700] "GET /shop/page/43/?max_price=1050&stock_status=onsale&per_page=8 HTTP/1.1" 200 39496 "-" "Mozilla/5.0 (Linux; Android 7.0;) AppleWebKit/537.36 (KHTML, like Gecko) Mobile Safari/537.36 (compatible; PetalBot;+https://webmaster.petalsearch.com/site/petalbot)"
103.131.51.123 - - [11/Jan/2026:05:47:59 +0700] "POST /wp-cron.php?doing_wp_cron=1768085279.5061149597167968750000 HTTP/1.1" 200 474 "-" "WordPress/6.9; https://view.lotushomemade.com"
114.119.130.97 - - [11/Jan/2026:05:47:57 +0700] "GET /shop/page/41?min_price=0&max_price=260&stock_status=instock&per_page=8 HTTP/1.1" 301 581 "-" "Mozilla/5.0 (Linux; Android 7.0;) AppleWebKit/537.36 (KHTML, like Gecko) Mobile Safari/537.36 (compatible; PetalBot;+https://webmaster.petalsearch.com/site/petalbot)"
114.119.130.97 - - [11/Jan/2026:05:48:00 +0700] "GET /shop/page/41/?min_price=0&max_price=260&stock_status=instock&per_page=8 HTTP/1.1" 200 39537 "-" "Mozilla/5.0 (Linux; Android 7.0;) AppleWebKit/537.36 (KHTML, like Gecko) Mobile Safari/537.36 (compatible; PetalBot;+https://webmaster.petalsearch.com/site/petalbot)"
103.131.51.123 - - [11/Jan/2026:05:49:04 +0700] "POST /wp-cron.php?doing_wp_cron=1768085344.3818440437316894531250 HTTP/1.1" 200 474 "-" "WordPress/6.9; https://view.lotushomemade.com"
114.119.150.215 - - [11/Jan/2026:05:49:02 +0700] "GET /shop/page/41/?max_price=1050&per_page=8&shop_view=grid&per_row=2 HTTP/1.1" 200 39740 "https://view.lotushomemade.com/shop/page/42/?max_price=1050&per_page=8&shop_view=grid&per_row=2" "Mozilla/5.0 (Linux; Android 7.0;) AppleWebKit/537.36 (KHTML, like Gecko) Mobile Safari/537.36 (compatible; PetalBot;+https://webmaster.petalsearch.com/site/petalbot)"
103.131.51.123 - - [11/Jan/2026:05:50:30 +0700] "POST /wp-cron.php?doing_wp_cron=1768085430.7393989562988281250000 HTTP/1.1" 200 474 "-" "WordPress/6.9; https://view.lotushomemade.com"
114.119.145.110 - - [11/Jan/2026:05:50:27 +0700] "GET /shop/page/40/?stock_status=onsale&per_row=4&shop_view=grid&per_page=8 HTTP/1.1" 200 39573 "https://view.lotushomemade.com/shop/page/42?stock_status=onsale&per_row=4&shop_view=grid&per_page=8" "Mozilla/5.0 (Linux; Android 7.0;) AppleWebKit/537.36 (KHTML, like Gecko) Mobile Safari/537.36 (compatible; PetalBot;+https://webmaster.petalsearch.com/site/petalbot)"
103.131.51.123 - - [11/Jan/2026:05:51:24 +0700] "POST /wp-cron.php?doing_wp_cron=1768085484.6551539897918701171875 HTTP/1.1" 200 474 "-" "WordPress/6.9; https://view.lotushomemade.com"
52.167.144.233 - - [11/Jan/2026:05:51:23 +0700] "GET /product-category/kuih-kapit-series/page/7/?per_page=8 HTTP/2" 200 32159 "-" "Mozilla/5.0 AppleWebKit/537.36 (KHTML, like Gecko; compatible; bingbot/2.0; +http://www.bing.com/bingbot.htm) Chrome/116.0.1938.76 Safari/537.36"
103.131.51.123 - - [11/Jan/2026:05:51:51 +0700] "POST /wp-cron.php?doing_wp_cron=1768085511.2493300437927246093750 HTTP/1.1" 200 474 "-" "WordPress/6.9; https://view.lotushomemade.com"
114.119.156.27 - - [11/Jan/2026:05:51:49 +0700] "GET /shop/page/40/?orderby=popularity&per_page=8 HTTP/1.1" 200 38922 "https://view.lotushomemade.com/shop/page/43/?orderby=popularity&per_page=8" "Mozilla/5.0 (Linux; Android 7.0;) AppleWebKit/537.36 (KHTML, like Gecko) Mobile Safari/537.36 (compatible; PetalBot;+https://webmaster.petalsearch.com/site/petalbot)"
103.131.51.123 - - [11/Jan/2026:05:53:10 +0700] "POST /wp-cron.php?doing_wp_cron=1768085590.1497209072113037109375 HTTP/1.1" 200 474 "-" "WordPress/6.9; https://view.lotushomemade.com"
66.249.70.99 - - [11/Jan/2026:05:53:06 +0700] "GET /shop/page/21/?add-to-cart=3982 HTTP/1.1" 200 35142 "-" "Mozilla/5.0 (Linux; Android 6.0.1; Nexus 5X Build/MMB29P) AppleWebKit/537.36 (KHTML, like Gecko) Chrome/143.0.7499.192 Mobile Safari/537.36 (compatible; Googlebot/2.1; +http://www.google.com/bot.html)"
66.249.71.129 - - [11/Jan/2026:05:53:10 +0700] "GET /shop/page/21/?add-to-cart=3982 HTTP/1.1" 200 35144 "-" "Mozilla/5.0 (Linux; Android 6.0.1; Nexus 5X Build/MMB29P) AppleWebKit/537.36 (KHTML, like Gecko) Chrome/143.0.7499.192 Mobile Safari/537.36 (compatible; Googlebot/2.1; +http://www.google.com/bot.html)"
66.249.71.129 - - [11/Jan/2026:05:53:14 +0700] "GET /wp-content/themes/woodmart/js/scripts/header/headerBuilder.min.js?ver=7.2.5 HTTP/1.1" 200 1320 "https://view.lotushomemade.com/shop/page/21/?add-to-cart=3982" "Mozilla/5.0 (Linux; Android 6.0.1; Nexus 5X Build/MMB29P) AppleWebKit/537.36 (KHTML, like Gecko) Chrome/143.0.7499.169 Mobile Safari/537.36 (compatible; Googlebot/2.1; +http://www.google.com/bot.html)"
114.119.145.110 - - [11/Jan/2026:05:53:13 +0700] "GET /shop/page/40/?orderby=date&per_page=8 HTTP/1.1" 200 38895 "https://view.lotushomemade.com/shop/page/43/?orderby=date&per_page=8" "Mozilla/5.0 (Linux; Android 7.0;) AppleWebKit/537.36 (KHTML, like Gecko) Mobile Safari/537.36 (compatible; PetalBot;+https://webmaster.petalsearch.com/site/petalbot)"
66.249.70.97 - - [11/Jan/2026:05:53:16 +0700] "GET /wp-content/plugins/gtranslate/js/float.js?ver=6.9 HTTP/1.1" 200 6915 "https://view.lotushomemade.com/shop/page/21/?add-to-cart=3982" "Mozilla/5.0 (Linux; Android 6.0.1; Nexus 5X Build/MMB29P) AppleWebKit/537.36 (KHTML, like Gecko) Chrome/143.0.7499.169 Mobile Safari/537.36 (compatible; Googlebot/2.1; +http://www.google.com/bot.html)"
66.249.70.97 - - [11/Jan/2026:05:53:17 +0700] "GET /wp-content/themes/woodmart/js/scripts/wc/wishlist.min.js?ver=7.2.5 HTTP/1.1" 200 2383 "https://view.lotushomemade.com/shop/page/21/?add-to-cart=3982" "Mozilla/5.0 (Linux; Android 6.0.1; Nexus 5X Build/MMB29P) AppleWebKit/537.36 (KHTML, like Gecko) Chrome/143.0.7499.169 Mobile Safari/537.36 (compatible; Googlebot/2.1; +http://www.google.com/bot.html)"
103.131.51.123 - - [11/Jan/2026:05:54:40 +0700] "POST /wp-cron.php?doing_wp_cron=1768085680.8993160724639892578125 HTTP/1.1" 200 474 "-" "WordPress/6.9; https://view.lotushomemade.com"
114.119.151.206 - - [11/Jan/2026:05:54:37 +0700] "GET /shop/page/40/?min_price=0&max_price=260&per_page=8 HTTP/1.1" 200 39570 "https://view.lotushomemade.com/shop/page/42?min_price=0&max_price=260&per_page=8" "Mozilla/5.0 (Linux; Android 7.0;) AppleWebKit/537.36 (KHTML, like Gecko) Mobile Safari/537.36 (compatible; PetalBot;+https://webmaster.petalsearch.com/site/petalbot)"
103.131.51.123 - - [11/Jan/2026:05:56:04 +0700] "POST /wp-cron.php?doing_wp_cron=1768085764.9375131130218505859375 HTTP/1.1" 200 474 "-" "WordPress/6.9; https://view.lotushomemade.com"
114.119.149.78 - - [11/Jan/2026:05:56:01 +0700] "GET /shop/page/4/?stock_status=onsale&per_row=2&per_page=8&shop_view=grid HTTP/1.1" 200 39338 "https://view.lotushomemade.com/shop?stock_status=onsale&per_row=2&per_page=8&shop_view=grid" "Mozilla/5.0 (Linux; Android 7.0;) AppleWebKit/537.36 (KHTML, like Gecko) Mobile Safari/537.36 (compatible; PetalBot;+https://webmaster.petalsearch.com/site/petalbot)"
103.131.51.123 - - [11/Jan/2026:05:56:34 +0700] "POST /wp-cron.php?doing_wp_cron=1768085794.0146720409393310546875 HTTP/1.1" 200 474 "-" "WordPress/6.9; https://view.lotushomemade.com"
52.167.144.169 - - [11/Jan/2026:05:56:32 +0700] "GET /product-category/new-item/?shop_view=grid&per_row=2 HTTP/2" 200 33410 "-" "Mozilla/5.0 AppleWebKit/537.36 (KHTML, like Gecko; compatible; bingbot/2.0; +http://www.bing.com/bingbot.htm) Chrome/116.0.1938.76 Safari/537.36"
114.119.148.197 - - [11/Jan/2026:05:57:25 +0700] "GET /shop/page/4/?stock_status=instock,onsale&per_row=4&per_page=8&shop_view=grid HTTP/1.1" 301 676 "https://view.lotushomemade.com/shop?stock_status=instock%2Consale&per_row=4&per_page=8&shop_view=grid" "Mozilla/5.0 (Linux; Android 7.0;) AppleWebKit/537.36 (KHTML, like Gecko) Mobile Safari/537.36 (compatible; PetalBot;+https://webmaster.petalsearch.com/site/petalbot)"
114.119.148.197 - - [11/Jan/2026:05:57:26 +0700] "GET /shop/page/4/?stock_status=instock,onsale&per_row=4&per_page=8&shop_view=grid HTTP/1.1" 301 676 "https://view.lotushomemade.com/shop?stock_status=instock%2Consale&per_row=4&per_page=8&shop_view=grid" "Mozilla/5.0 (Linux; Android 7.0;) AppleWebKit/537.36 (KHTML, like Gecko) Mobile Safari/537.36 (compatible; PetalBot;+https://webmaster.petalsearch.com/site/petalbot)"
114.119.148.197 - - [11/Jan/2026:05:57:26 +0700] "GET /shop/page/4/?stock_status=instock,onsale&per_row=4&per_page=8&shop_view=grid HTTP/1.1" 301 676 "https://view.lotushomemade.com/shop?stock_status=instock%2Consale&per_row=4&per_page=8&shop_view=grid" "Mozilla/5.0 (Linux; Android 7.0;) AppleWebKit/537.36 (KHTML, like Gecko) Mobile Safari/537.36 (compatible; PetalBot;+https://webmaster.petalsearch.com/site/petalbot)"
114.119.148.197 - - [11/Jan/2026:05:57:27 +0700] "GET /shop/page/4/?stock_status=instock,onsale&per_row=4&per_page=8&shop_view=grid HTTP/1.1" 301 676 "https://view.lotushomemade.com/shop?stock_status=instock%2Consale&per_row=4&per_page=8&shop_view=grid" "Mozilla/5.0 (Linux; Android 7.0;) AppleWebKit/537.36 (KHTML, like Gecko) Mobile Safari/537.36 (compatible; PetalBot;+https://webmaster.petalsearch.com/site/petalbot)"
114.119.148.197 - - [11/Jan/2026:05:57:27 +0700] "GET /shop/page/4/?stock_status=instock,onsale&per_row=4&per_page=8&shop_view=grid HTTP/1.1" 301 676 "https://view.lotushomemade.com/shop?stock_status=instock%2Consale&per_row=4&per_page=8&shop_view=grid" "Mozilla/5.0 (Linux; Android 7.0;) AppleWebKit/537.36 (KHTML, like Gecko) Mobile Safari/537.36 (compatible; PetalBot;+https://webmaster.petalsearch.com/site/petalbot)"
114.119.148.197 - - [11/Jan/2026:05:57:27 +0700] "GET /shop/page/4/?stock_status=instock,onsale&per_row=4&per_page=8&shop_view=grid HTTP/1.1" 301 676 "https://view.lotushomemade.com/shop?stock_status=instock%2Consale&per_row=4&per_page=8&shop_view=grid" "Mozilla/5.0 (Linux; Android 7.0;) AppleWebKit/537.36 (KHTML, like Gecko) Mobile Safari/537.36 (compatible; PetalBot;+https://webmaster.petalsearch.com/site/petalbot)"
114.119.148.197 - - [11/Jan/2026:05:57:28 +0700] "GET /shop/page/4/?stock_status=instock,onsale&per_row=4&per_page=8&shop_view=grid HTTP/1.1" 301 676 "https://view.lotushomemade.com/shop?stock_status=instock%2Consale&per_row=4&per_page=8&shop_view=grid" "Mozilla/5.0 (Linux; Android 7.0;) AppleWebKit/537.36 (KHTML, like Gecko) Mobile Safari/537.36 (compatible; PetalBot;+https://webmaster.petalsearch.com/site/petalbot)"
114.119.148.197 - - [11/Jan/2026:05:57:29 +0700] "GET /shop/page/4/?stock_status=instock,onsale&per_row=4&per_page=8&shop_view=grid HTTP/1.1" 301 676 "https://view.lotushomemade.com/shop?stock_status=instock%2Consale&per_row=4&per_page=8&shop_view=grid" "Mozilla/5.0 (Linux; Android 7.0;) AppleWebKit/537.36 (KHTML, like Gecko) Mobile Safari/537.36 (compatible; PetalBot;+https://webmaster.petalsearch.com/site/petalbot)"
114.119.148.197 - - [11/Jan/2026:05:57:29 +0700] "GET /shop/page/4/?stock_status=instock,onsale&per_row=4&per_page=8&shop_view=grid HTTP/1.1" 301 676 "https://view.lotushomemade.com/shop?stock_status=instock%2Consale&per_row=4&per_page=8&shop_view=grid" "Mozilla/5.0 (Linux; Android 7.0;) AppleWebKit/537.36 (KHTML, like Gecko) Mobile Safari/537.36 (compatible; PetalBot;+https://webmaster.petalsearch.com/site/petalbot)"
114.119.148.197 - - [11/Jan/2026:05:57:29 +0700] "GET /shop/page/4/?stock_status=instock,onsale&per_row=4&per_page=8&shop_view=grid HTTP/1.1" 301 676 "https://view.lotushomemade.com/shop?stock_status=instock%2Consale&per_row=4&per_page=8&shop_view=grid" "Mozilla/5.0 (Linux; Android 7.0;) AppleWebKit/537.36 (KHTML, like Gecko) Mobile Safari/537.36 (compatible; PetalBot;+https://webmaster.petalsearch.com/site/petalbot)"
66.249.70.98 - - [11/Jan/2026:05:57:57 +0700] "GET /wp-content/themes/woodmart/css/parts/mod-tools.min.css?ver=7.2.5 HTTP/1.1" 200 1480 "https://view.lotushomemade.com/product/scs-blueberry-cheese-ball-sg/" "Mozilla/5.0 (Linux; Android 6.0.1; Nexus 5X Build/MMB29P) AppleWebKit/537.36 (KHTML, like Gecko) Chrome/143.0.7499.169 Mobile Safari/537.36 (compatible; Googlebot/2.1; +http://www.google.com/bot.html)"
103.131.51.123 - - [11/Jan/2026:05:58:01 +0700] "POST /wp-cron.php?doing_wp_cron=1768085881.2791490554809570312500 HTTP/1.1" 200 474 "-" "WordPress/6.9; https://view.lotushomemade.com"
66.249.70.98 - - [11/Jan/2026:05:58:00 +0700] "POST /?wc-ajax=get_refreshed_fragments HTTP/1.1" 200 1119 "https://view.lotushomemade.com/product/scs-blueberry-cheese-ball-sg/" "Mozilla/5.0 (Linux; Android 6.0.1; Nexus 5X Build/MMB29P) AppleWebKit/537.36 (KHTML, like Gecko) Chrome/143.0.7499.169 Mobile Safari/537.36 (compatible; Googlebot/2.1; +http://www.google.com/bot.html)"
66.249.70.98 - - [11/Jan/2026:05:58:14 +0700] "GET /product/crispy-peanut-cracker_9002-xxl/ HTTP/1.1" 200 36659 "-" "Mozilla/5.0 (Linux; Android 6.0.1; Nexus 5X Build/MMB29P) AppleWebKit/537.36 (KHTML, like Gecko) Chrome/143.0.7499.192 Mobile Safari/537.36 (compatible; Googlebot/2.1; +http://www.google.com/bot.html)"
103.131.51.123 - - [11/Jan/2026:05:58:51 +0700] "POST /wp-cron.php?doing_wp_cron=1768085931.4777009487152099609375 HTTP/1.1" 200 474 "-" "WordPress/6.9; https://view.lotushomemade.com"
114.119.150.215 - - [11/Jan/2026:05:58:50 +0700] "GET /shop/page/4/?orderby=rating&per_row=4&per_page=8&shop_view=grid HTTP/1.1" 200 39266 "https://view.lotushomemade.com/shop/page/6/?orderby=rating&per_row=4&per_page=8&shop_view=grid" "Mozilla/5.0 (Linux; Android 7.0;) AppleWebKit/537.36 (KHTML, like Gecko) Mobile Safari/537.36 (compatible; PetalBot;+https://webmaster.petalsearch.com/site/petalbot)"
103.131.51.123 - - [11/Jan/2026:05:59:39 +0700] "POST /wp-cron.php?doing_wp_cron=1768085979.7665050029754638671875 HTTP/1.1" 200 474 "-" "WordPress/6.9; https://view.lotushomemade.com"
66.249.70.97 - - [11/Jan/2026:05:59:38 +0700] "GET /shop/page/21/?add-to-cart=16764 HTTP/1.1" 200 35141 "-" "Mozilla/5.0 (Linux; Android 6.0.1; Nexus 5X Build/MMB29P) AppleWebKit/537.36 (KHTML, like Gecko) Chrome/143.0.7499.192 Mobile Safari/537.36 (compatible; Googlebot/2.1; +http://www.google.com/bot.html)"
114.119.142.208 - - [11/Jan/2026:06:00:12 +0700] "GET /shop/page/4/?min_price=0&per_row=4&shop_view=grid&per_page=18 HTTP/1.1" 200 41201 "https://view.lotushomemade.com/shop/page/4/?min_price=0&per_row=4&shop_view=grid&per_page=18" "Mozilla/5.0 (Linux; Android 7.0;) AppleWebKit/537.36 (KHTML, like Gecko) Mobile Safari/537.36 (compatible; PetalBot;+https://webmaster.petalsearch.com/site/petalbot)"
103.131.51.123 - - [11/Jan/2026:06:01:39 +0700] "POST /wp-cron.php?doing_wp_cron=1768086099.3553481101989746093750 HTTP/1.1" 200 474 "-" "WordPress/6.9; https://view.lotushomemade.com"
114.119.142.208 - - [11/Jan/2026:06:01:35 +0700] "GET /shop/page/4/?min_price=0&per_page=24&shop_view=grid&per_row=6 HTTP/1.1" 200 41853 "https://view.lotushomemade.com/shop/page/2/?min_price=0&per_page=24&shop_view=grid&per_row=6" "Mozilla/5.0 (Linux; Android 7.0;) AppleWebKit/537.36 (KHTML, like Gecko) Mobile Safari/537.36 (compatible; PetalBot;+https://webmaster.petalsearch.com/site/petalbot)"
103.131.51.123 - - [11/Jan/2026:06:03:07 +0700] "POST /wp-cron.php?doing_wp_cron=1768086187.7996590137481689453125 HTTP/1.1" 200 474 "-" "WordPress/6.9; https://view.lotushomemade.com"
114.119.156.27 - - [11/Jan/2026:06:03:04 +0700] "GET /shop/page/4/?max_price=520&per_row=2&per_page=8&shop_view=grid HTTP/1.1" 200 39484 "https://view.lotushomemade.com/shop/page/2/?max_price=520&per_row=2&per_page=8&shop_view=grid" "Mozilla/5.0 (Linux; Android 7.0;) AppleWebKit/537.36 (KHTML, like Gecko) Mobile Safari/537.36 (compatible; PetalBot;+https://webmaster.petalsearch.com/site/petalbot)"
103.131.51.123 - - [11/Jan/2026:06:04:26 +0700] "POST /wp-cron.php?doing_wp_cron=1768086266.2199409008026123046875 HTTP/1.1" 200 474 "-" "WordPress/6.9; https://view.lotushomemade.com"
114.119.145.110 - - [11/Jan/2026:06:04:23 +0700] "GET /shop/page/4/?max_price=520&per_page=12&stock_status=instock,onsale HTTP/1.1" 301 579 "https://view.lotushomemade.com/shop?max_price=520&per_page=12&stock_status=instock%2Consale" "Mozilla/5.0 (Linux; Android 7.0;) AppleWebKit/537.36 (KHTML, like Gecko) Mobile Safari/537.36 (compatible; PetalBot;+https://webmaster.petalsearch.com/site/petalbot)"
114.119.145.110 - - [11/Jan/2026:06:04:26 +0700] "GET /shop/page/4/?max_price=520&per_page=12&stock_status=instock,onsale HTTP/1.1" 301 579 "https://view.lotushomemade.com/shop?max_price=520&per_page=12&stock_status=instock%2Consale" "Mozilla/5.0 (Linux; Android 7.0;) AppleWebKit/537.36 (KHTML, like Gecko) Mobile Safari/537.36 (compatible; PetalBot;+https://webmaster.petalsearch.com/site/petalbot)"
114.119.145.110 - - [11/Jan/2026:06:04:26 +0700] "GET /shop/page/4/?max_price=520&per_page=12&stock_status=instock,onsale HTTP/1.1" 301 579 "https://view.lotushomemade.com/shop?max_price=520&per_page=12&stock_status=instock%2Consale" "Mozilla/5.0 (Linux; Android 7.0;) AppleWebKit/537.36 (KHTML, like Gecko) Mobile Safari/537.36 (compatible; PetalBot;+https://webmaster.petalsearch.com/site/petalbot)"
114.119.145.110 - - [11/Jan/2026:06:04:27 +0700] "GET /shop/page/4/?max_price=520&per_page=12&stock_status=instock,onsale HTTP/1.1" 301 579 "https://view.lotushomemade.com/shop?max_price=520&per_page=12&stock_status=instock%2Consale" "Mozilla/5.0 (Linux; Android 7.0;) AppleWebKit/537.36 (KHTML, like Gecko) Mobile Safari/537.36 (compatible; PetalBot;+https://webmaster.petalsearch.com/site/petalbot)"
114.119.145.110 - - [11/Jan/2026:06:04:28 +0700] "GET /shop/page/4/?max_price=520&per_page=12&stock_status=instock,onsale HTTP/1.1" 301 579 "https://view.lotushomemade.com/shop?max_price=520&per_page=12&stock_status=instock%2Consale" "Mozilla/5.0 (Linux; Android 7.0;) AppleWebKit/537.36 (KHTML, like Gecko) Mobile Safari/537.36 (compatible; PetalBot;+https://webmaster.petalsearch.com/site/petalbot)"
114.119.145.110 - - [11/Jan/2026:06:04:28 +0700] "GET /shop/page/4/?max_price=520&per_page=12&stock_status=instock,onsale HTTP/1.1" 301 579 "https://view.lotushomemade.com/shop?max_price=520&per_page=12&stock_status=instock%2Consale" "Mozilla/5.0 (Linux; Android 7.0;) AppleWebKit/537.36 (KHTML, like Gecko) Mobile Safari/537.36 (compatible; PetalBot;+https://webmaster.petalsearch.com/site/petalbot)"
114.119.145.110 - - [11/Jan/2026:06:04:29 +0700] "GET /shop/page/4/?max_price=520&per_page=12&stock_status=instock,onsale HTTP/1.1" 301 579 "https://view.lotushomemade.com/shop?max_price=520&per_page=12&stock_status=instock%2Consale" "Mozilla/5.0 (Linux; Android 7.0;) AppleWebKit/537.36 (KHTML, like Gecko) Mobile Safari/537.36 (compatible; PetalBot;+https://webmaster.petalsearch.com/site/petalbot)"
114.119.145.110 - - [11/Jan/2026:06:04:29 +0700] "GET /shop/page/4/?max_price=520&per_page=12&stock_status=instock,onsale HTTP/1.1" 301 579 "https://view.lotushomemade.com/shop?max_price=520&per_page=12&stock_status=instock%2Consale" "Mozilla/5.0 (Linux; Android 7.0;) AppleWebKit/537.36 (KHTML, like Gecko) Mobile Safari/537.36 (compatible; PetalBot;+https://webmaster.petalsearch.com/site/petalbot)"
114.119.145.110 - - [11/Jan/2026:06:04:30 +0700] "GET /shop/page/4/?max_price=520&per_page=12&stock_status=instock,onsale HTTP/1.1" 301 579 "https://view.lotushomemade.com/shop?max_price=520&per_page=12&stock_status=instock%2Consale" "Mozilla/5.0 (Linux; Android 7.0;) AppleWebKit/537.36 (KHTML, like Gecko) Mobile Safari/537.36 (compatible; PetalBot;+https://webmaster.petalsearch.com/site/petalbot)"
114.119.145.110 - - [11/Jan/2026:06:04:30 +0700] "GET /shop/page/4/?max_price=520&per_page=12&stock_status=instock,onsale HTTP/1.1" 301 579 "https://view.lotushomemade.com/shop?max_price=520&per_page=12&stock_status=instock%2Consale" "Mozilla/5.0 (Linux; Android 7.0;) AppleWebKit/537.36 (KHTML, like Gecko) Mobile Safari/537.36 (compatible; PetalBot;+https://webmaster.petalsearch.com/site/petalbot)"
52.167.144.169 - - [11/Jan/2026:06:04:31 +0700] "GET /wp-content/uploads/2023/11/1124-300x300.png HTTP/2" 200 142780 "-" "Mozilla/5.0 AppleWebKit/537.36 (KHTML, like Gecko; compatible; bingbot/2.0; +http://www.bing.com/bingbot.htm) Chrome/116.0.1938.76 Safari/537.36"
103.131.51.123 - - [11/Jan/2026:06:05:48 +0700] "POST /wp-cron.php?doing_wp_cron=1768086348.3242568969726562500000 HTTP/1.1" 200 474 "-" "WordPress/6.9; https://view.lotushomemade.com"
114.119.130.97 - - [11/Jan/2026:06:05:45 +0700] "GET /shop/page/4/?max_price=1050&stock_status=instock,onsale&per_row=6&shop_view=grid HTTP/1.1" 301 635 "https://view.lotushomemade.com/shop?max_price=1050&stock_status=instock%2Consale&per_row=6&shop_view=grid" "Mozilla/5.0 (Linux; Android 7.0;) AppleWebKit/537.36 (KHTML, like Gecko) Mobile Safari/537.36 (compatible; PetalBot;+https://webmaster.petalsearch.com/site/petalbot)"
114.119.130.97 - - [11/Jan/2026:06:05:48 +0700] "GET /shop/page/4/?max_price=1050&stock_status=instock,onsale&per_row=6&shop_view=grid HTTP/1.1" 301 635 "https://view.lotushomemade.com/shop?max_price=1050&stock_status=instock%2Consale&per_row=6&shop_view=grid" "Mozilla/5.0 (Linux; Android 7.0;) AppleWebKit/537.36 (KHTML, like Gecko) Mobile Safari/537.36 (compatible; PetalBot;+https://webmaster.petalsearch.com/site/petalbot)"
114.119.130.97 - - [11/Jan/2026:06:05:48 +0700] "GET /shop/page/4/?max_price=1050&stock_status=instock,onsale&per_row=6&shop_view=grid HTTP/1.1" 301 635 "https://view.lotushomemade.com/shop?max_price=1050&stock_status=instock%2Consale&per_row=6&shop_view=grid" "Mozilla/5.0 (Linux; Android 7.0;) AppleWebKit/537.36 (KHTML, like Gecko) Mobile Safari/537.36 (compatible; PetalBot;+https://webmaster.petalsearch.com/site/petalbot)"
114.119.130.97 - - [11/Jan/2026:06:05:49 +0700] "GET /shop/page/4/?max_price=1050&stock_status=instock,onsale&per_row=6&shop_view=grid HTTP/1.1" 301 635 "https://view.lotushomemade.com/shop?max_price=1050&stock_status=instock%2Consale&per_row=6&shop_view=grid" "Mozilla/5.0 (Linux; Android 7.0;) AppleWebKit/537.36 (KHTML, like Gecko) Mobile Safari/537.36 (compatible; PetalBot;+https://webmaster.petalsearch.com/site/petalbot)"
114.119.130.97 - - [11/Jan/2026:06:05:49 +0700] "GET /shop/page/4/?max_price=1050&stock_status=instock,onsale&per_row=6&shop_view=grid HTTP/1.1" 301 635 "https://view.lotushomemade.com/shop?max_price=1050&stock_status=instock%2Consale&per_row=6&shop_view=grid" "Mozilla/5.0 (Linux; Android 7.0;) AppleWebKit/537.36 (KHTML, like Gecko) Mobile Safari/537.36 (compatible; PetalBot;+https://webmaster.petalsearch.com/site/petalbot)"
114.119.130.97 - - [11/Jan/2026:06:05:50 +0700] "GET /shop/page/4/?max_price=1050&stock_status=instock,onsale&per_row=6&shop_view=grid HTTP/1.1" 301 635 "https://view.lotushomemade.com/shop?max_price=1050&stock_status=instock%2Consale&per_row=6&shop_view=grid" "Mozilla/5.0 (Linux; Android 7.0;) AppleWebKit/537.36 (KHTML, like Gecko) Mobile Safari/537.36 (compatible; PetalBot;+https://webmaster.petalsearch.com/site/petalbot)"
114.119.130.97 - - [11/Jan/2026:06:05:50 +0700] "GET /shop/page/4/?max_price=1050&stock_status=instock,onsale&per_row=6&shop_view=grid HTTP/1.1" 301 635 "https://view.lotushomemade.com/shop?max_price=1050&stock_status=instock%2Consale&per_row=6&shop_view=grid" "Mozilla/5.0 (Linux; Android 7.0;) AppleWebKit/537.36 (KHTML, like Gecko) Mobile Safari/537.36 (compatible; PetalBot;+https://webmaster.petalsearch.com/site/petalbot)"
114.119.130.97 - - [11/Jan/2026:06:05:51 +0700] "GET /shop/page/4/?max_price=1050&stock_status=instock,onsale&per_row=6&shop_view=grid HTTP/1.1" 301 635 "https://view.lotushomemade.com/shop?max_price=1050&stock_status=instock%2Consale&per_row=6&shop_view=grid" "Mozilla/5.0 (Linux; Android 7.0;) AppleWebKit/537.36 (KHTML, like Gecko) Mobile Safari/537.36 (compatible; PetalBot;+https://webmaster.petalsearch.com/site/petalbot)"
114.119.130.97 - - [11/Jan/2026:06:05:51 +0700] "GET /shop/page/4/?max_price=1050&stock_status=instock,onsale&per_row=6&shop_view=grid HTTP/1.1" 301 635 "https://view.lotushomemade.com/shop?max_price=1050&stock_status=instock%2Consale&per_row=6&shop_view=grid" "Mozilla/5.0 (Linux; Android 7.0;) AppleWebKit/537.36 (KHTML, like Gecko) Mobile Safari/537.36 (compatible; PetalBot;+https://webmaster.petalsearch.com/site/petalbot)"
114.119.130.97 - - [11/Jan/2026:06:05:52 +0700] "GET /shop/page/4/?max_price=1050&stock_status=instock,onsale&per_row=6&shop_view=grid HTTP/1.1" 301 635 "https://view.lotushomemade.com/shop?max_price=1050&stock_status=instock%2Consale&per_row=6&shop_view=grid" "Mozilla/5.0 (Linux; Android 7.0;) AppleWebKit/537.36 (KHTML, like Gecko) Mobile Safari/537.36 (compatible; PetalBot;+https://webmaster.petalsearch.com/site/petalbot)"
103.131.51.123 - - [11/Jan/2026:06:07:13 +0700] "POST /wp-cron.php?doing_wp_cron=1768086433.7869269847869873046875 HTTP/1.1" 200 474 "-" "WordPress/6.9; https://view.lotushomemade.com"
114.119.149.78 - - [11/Jan/2026:06:07:10 +0700] "GET /shop/page/4/?max_price=1050&shop_view=grid&per_row=4 HTTP/1.1" 200 40324 "https://view.lotushomemade.com/shop/page/4/?max_price=1050&shop_view=grid&per_row=4" "Mozilla/5.0 (Linux; Android 7.0;) AppleWebKit/537.36 (KHTML, like Gecko) Mobile Safari/537.36 (compatible; PetalBot;+https://webmaster.petalsearch.com/site/petalbot)"
103.131.51.123 - - [11/Jan/2026:06:08:37 +0700] "POST /wp-cron.php?doing_wp_cron=1768086517.6009678840637207031250 HTTP/1.1" 200 474 "-" "WordPress/6.9; https://view.lotushomemade.com"
114.119.156.27 - - [11/Jan/2026:06:08:34 +0700] "GET /shop/page/4/?max_price=1040&per_page=8&shop_view=grid&per_row=6 HTTP/1.1" 200 39549 "https://view.lotushomemade.com/shop/page/2/?max_price=1040&per_page=8&shop_view=grid&per_row=6" "Mozilla/5.0 (Linux; Android 7.0;) AppleWebKit/537.36 (KHTML, like Gecko) Mobile Safari/537.36 (compatible; PetalBot;+https://webmaster.petalsearch.com/site/petalbot)"
103.131.51.123 - - [11/Jan/2026:06:10:00 +0700] "POST /wp-cron.php?doing_wp_cron=1768086600.0400741100311279296875 HTTP/1.1" 200 474 "-" "WordPress/6.9; https://view.lotushomemade.com"
114.119.150.215 - - [11/Jan/2026:06:09:57 +0700] "GET /shop/page/3?stock_status=onsale&per_row=2&per_page=18&shop_view=grid HTTP/1.1" 301 668 "https://view.lotushomemade.com/shop?stock_status=onsale&per_row=2&per_page=18&shop_view=grid" "Mozilla/5.0 (Linux; Android 7.0;) AppleWebKit/537.36 (KHTML, like Gecko) Mobile Safari/537.36 (compatible; PetalBot;+https://webmaster.petalsearch.com/site/petalbot)"
114.119.150.215 - - [11/Jan/2026:06:10:00 +0700] "GET /shop/page/3/?stock_status=onsale&per_row=2&per_page=18&shop_view=grid HTTP/1.1" 200 41735 "https://view.lotushomemade.com/shop?stock_status=onsale&per_row=2&per_page=18&shop_view=grid" "Mozilla/5.0 (Linux; Android 7.0;) AppleWebKit/537.36 (KHTML, like Gecko) Mobile Safari/537.36 (compatible; PetalBot;+https://webmaster.petalsearch.com/site/petalbot)"
66.249.70.97 - - [11/Jan/2026:06:10:30 +0700] "GET /shop/?min_price=1040&stock_status=instock%2Consale HTTP/1.1" 200 32095 "-" "Mozilla/5.0 (Linux; Android 6.0.1; Nexus 5X Build/MMB29P) AppleWebKit/537.36 (KHTML, like Gecko) Chrome/143.0.7499.192 Mobile Safari/537.36 (compatible; Googlebot/2.1; +http://www.google.com/bot.html)"
66.249.71.129 - - [11/Jan/2026:06:10:39 +0700] "GET /wp-content/themes/woodmart/css/parts/header-boxed.min.css?ver=7.2.5 HTTP/1.1" 200 838 "https://view.lotushomemade.com/shop/?min_price=1040&stock_status=instock%2Consale" "Mozilla/5.0 (Linux; Android 6.0.1; Nexus 5X Build/MMB29P) AppleWebKit/537.36 (KHTML, like Gecko) Chrome/143.0.7499.169 Mobile Safari/537.36 (compatible; Googlebot/2.1; +http://www.google.com/bot.html)"
66.249.71.130 - - [11/Jan/2026:06:10:42 +0700] "GET /wp-content/themes/woodmart/css/parts/mod-sticky-sidebar-opener.min.css?ver=7.2.5 HTTP/1.1" 200 803 "https://view.lotushomemade.com/shop/?min_price=1040&stock_status=instock%2Consale" "Mozilla/5.0 (Linux; Android 6.0.1; Nexus 5X Build/MMB29P) AppleWebKit/537.36 (KHTML, like Gecko) Chrome/143.0.7499.169 Mobile Safari/537.36 (compatible; Googlebot/2.1; +http://www.google.com/bot.html)"
66.249.71.129 - - [11/Jan/2026:06:10:48 +0700] "GET /wp-content/plugins/woocommerce/assets/js/jquery-ui-touch-punch/jquery-ui-touch-punch.min.js?ver=8.2.1 HTTP/1.1" 200 1155 "https://view.lotushomemade.com/shop/?min_price=1040&stock_status=instock%2Consale" "Mozilla/5.0 (Linux; Android 6.0.1; Nexus 5X Build/MMB29P) AppleWebKit/537.36 (KHTML, like Gecko) Chrome/143.0.7499.169 Mobile Safari/537.36 (compatible; Googlebot/2.1; +http://www.google.com/bot.html)"
103.131.51.123 - - [11/Jan/2026:06:11:12 +0700] "POST /wp-cron.php?doing_wp_cron=1768086672.6209340095520019531250 HTTP/1.1" 200 474 "-" "WordPress/6.9; https://view.lotushomemade.com"
66.249.70.97 - - [11/Jan/2026:06:11:11 +0700] "GET /product/fried-surimi-l/?add-to-cart=8374 HTTP/1.1" 200 38036 "-" "Mozilla/5.0 (Linux; Android 6.0.1; Nexus 5X Build/MMB29P) AppleWebKit/537.36 (KHTML, like Gecko) Chrome/143.0.7499.192 Mobile Safari/537.36 (compatible; Googlebot/2.1; +http://www.google.com/bot.html)"
114.119.150.215 - - [11/Jan/2026:06:11:22 +0700] "GET /shop/page/3?stock_status=instock&per_row=6&per_page=12&shop_view=grid HTTP/1.1" 301 669 "https://view.lotushomemade.com/shop/?stock_status=instock&per_row=6&per_page=12&shop_view=grid" "Mozilla/5.0 (Linux; Android 7.0;) AppleWebKit/537.36 (KHTML, like Gecko) Mobile Safari/537.36 (compatible; PetalBot;+https://webmaster.petalsearch.com/site/petalbot)"
114.119.150.215 - - [11/Jan/2026:06:11:22 +0700] "GET /shop/page/3/?stock_status=instock&per_row=6&per_page=12&shop_view=grid HTTP/1.1" 200 40044 "https://view.lotushomemade.com/shop/?stock_status=instock&per_row=6&per_page=12&shop_view=grid" "Mozilla/5.0 (Linux; Android 7.0;) AppleWebKit/537.36 (KHTML, like Gecko) Mobile Safari/537.36 (compatible; PetalBot;+https://webmaster.petalsearch.com/site/petalbot)"
66.249.70.97 - - [11/Jan/2026:06:12:14 +0700] "GET /wp-content/themes/woodmart/css/parts/woo-mod-stock-status.min.css?ver=7.2.5 HTTP/1.1" 200 967 "https://view.lotushomemade.com/product/fried-surimi-l/?add-to-cart=8374" "Mozilla/5.0 (Linux; Android 6.0.1; Nexus 5X Build/MMB29P) AppleWebKit/537.36 (KHTML, like Gecko) Chrome/143.0.7499.169 Mobile Safari/537.36 (compatible; Googlebot/2.1; +http://www.google.com/bot.html)"
103.131.51.123 - - [11/Jan/2026:06:12:25 +0700] "POST /wp-cron.php?doing_wp_cron=1768086745.5890169143676757812500 HTTP/1.1" 200 474 "-" "WordPress/6.9; https://view.lotushomemade.com"
66.249.71.130 - - [11/Jan/2026:06:12:24 +0700] "POST /?wc-ajax=get_refreshed_fragments HTTP/1.1" 200 1690 "https://view.lotushomemade.com/product/fried-surimi-l/?add-to-cart=8374" "Mozilla/5.0 (Linux; Android 6.0.1; Nexus 5X Build/MMB29P) AppleWebKit/537.36 (KHTML, like Gecko) Chrome/143.0.7499.169 Mobile Safari/537.36 (compatible; Googlebot/2.1; +http://www.google.com/bot.html)"
103.131.51.123 - - [11/Jan/2026:06:12:47 +0700] "POST /wp-cron.php?doing_wp_cron=1768086767.2351861000061035156250 HTTP/1.1" 200 474 "-" "WordPress/6.9; https://view.lotushomemade.com"
114.119.142.208 - - [11/Jan/2026:06:12:46 +0700] "GET /shop/page/3?per_row=6&shop_view=grid&stock_status=onsale HTTP/1.1" 301 610 "https://view.lotushomemade.com/shop/page/17/?per_row=6&shop_view=grid&stock_status=onsale" "Mozilla/5.0 (Linux; Android 7.0;) AppleWebKit/537.36 (KHTML, like Gecko) Mobile Safari/537.36 (compatible; PetalBot;+https://webmaster.petalsearch.com/site/petalbot)"
114.119.142.208 - - [11/Jan/2026:06:12:48 +0700] "GET /shop/page/3/?per_row=6&shop_view=grid&stock_status=onsale HTTP/1.1" 200 39931 "https://view.lotushomemade.com/shop/page/17/?per_row=6&shop_view=grid&stock_status=onsale" "Mozilla/5.0 (Linux; Android 7.0;) AppleWebKit/537.36 (KHTML, like Gecko) Mobile Safari/537.36 (compatible; PetalBot;+https://webmaster.petalsearch.com/site/petalbot)"
103.131.51.123 - - [11/Jan/2026:06:14:17 +0700] "POST /wp-cron.php?doing_wp_cron=1768086857.1191120147705078125000 HTTP/1.1" 200 474 "-" "WordPress/6.9; https://view.lotushomemade.com"
114.119.156.27 - - [11/Jan/2026:06:14:14 +0700] "GET /shop/page/3?orderby=rating&shop_view=grid&per_row=4 HTTP/1.1" 301 605 "https://view.lotushomemade.com/shop?orderby=rating&shop_view=grid&per_row=4" "Mozilla/5.0 (Linux; Android 7.0;) AppleWebKit/537.36 (KHTML, like Gecko) Mobile Safari/537.36 (compatible; PetalBot;+https://webmaster.petalsearch.com/site/petalbot)"
114.119.156.27 - - [11/Jan/2026:06:14:17 +0700] "GET /shop/page/3/?orderby=rating&shop_view=grid&per_row=4 HTTP/1.1" 200 39887 "https://view.lotushomemade.com/shop?orderby=rating&shop_view=grid&per_row=4" "Mozilla/5.0 (Linux; Android 7.0;) AppleWebKit/537.36 (KHTML, like Gecko) Mobile Safari/537.36 (compatible; PetalBot;+https://webmaster.petalsearch.com/site/petalbot)"
103.131.51.123 - - [11/Jan/2026:06:15:35 +0700] "POST /wp-cron.php?doing_wp_cron=1768086935.4612920284271240234375 HTTP/1.1" 200 474 "-" "WordPress/6.9; https://view.lotushomemade.com"
114.119.151.206 - - [11/Jan/2026:06:15:33 +0700] "GET /shop/page/3?orderby=price-desc&stock_status=instock,onsale HTTP/1.1" 301 526 "https://view.lotushomemade.com/shop?orderby=price-desc&stock_status=instock%2Consale" "Mozilla/5.0 (Linux; Android 7.0;) AppleWebKit/537.36 (KHTML, like Gecko) Mobile Safari/537.36 (compatible; PetalBot;+https://webmaster.petalsearch.com/site/petalbot)"
114.119.151.206 - - [11/Jan/2026:06:15:35 +0700] "GET /shop/page/3/?orderby=price-desc&stock_status=instock,onsale HTTP/1.1" 301 526 "https://view.lotushomemade.com/shop?orderby=price-desc&stock_status=instock%2Consale" "Mozilla/5.0 (Linux; Android 7.0;) AppleWebKit/537.36 (KHTML, like Gecko) Mobile Safari/537.36 (compatible; PetalBot;+https://webmaster.petalsearch.com/site/petalbot)"
114.119.151.206 - - [11/Jan/2026:06:15:36 +0700] "GET /shop/page/3/?orderby=price-desc&stock_status=instock,onsale HTTP/1.1" 301 526 "https://view.lotushomemade.com/shop?orderby=price-desc&stock_status=instock%2Consale" "Mozilla/5.0 (Linux; Android 7.0;) AppleWebKit/537.36 (KHTML, like Gecko) Mobile Safari/537.36 (compatible; PetalBot;+https://webmaster.petalsearch.com/site/petalbot)"
114.119.151.206 - - [11/Jan/2026:06:15:36 +0700] "GET /shop/page/3/?orderby=price-desc&stock_status=instock,onsale HTTP/1.1" 301 526 "https://view.lotushomemade.com/shop?orderby=price-desc&stock_status=instock%2Consale" "Mozilla/5.0 (Linux; Android 7.0;) AppleWebKit/537.36 (KHTML, like Gecko) Mobile Safari/537.36 (compatible; PetalBot;+https://webmaster.petalsearch.com/site/petalbot)"
114.119.151.206 - - [11/Jan/2026:06:15:36 +0700] "GET /shop/page/3/?orderby=price-desc&stock_status=instock,onsale HTTP/1.1" 301 526 "https://view.lotushomemade.com/shop?orderby=price-desc&stock_status=instock%2Consale" "Mozilla/5.0 (Linux; Android 7.0;) AppleWebKit/537.36 (KHTML, like Gecko) Mobile Safari/537.36 (compatible; PetalBot;+https://webmaster.petalsearch.com/site/petalbot)"
114.119.151.206 - - [11/Jan/2026:06:15:37 +0700] "GET /shop/page/3/?orderby=price-desc&stock_status=instock,onsale HTTP/1.1" 301 526 "https://view.lotushomemade.com/shop?orderby=price-desc&stock_status=instock%2Consale" "Mozilla/5.0 (Linux; Android 7.0;) AppleWebKit/537.36 (KHTML, like Gecko) Mobile Safari/537.36 (compatible; PetalBot;+https://webmaster.petalsearch.com/site/petalbot)"
114.119.151.206 - - [11/Jan/2026:06:15:37 +0700] "GET /shop/page/3/?orderby=price-desc&stock_status=instock,onsale HTTP/1.1" 301 526 "https://view.lotushomemade.com/shop?orderby=price-desc&stock_status=instock%2Consale" "Mozilla/5.0 (Linux; Android 7.0;) AppleWebKit/537.36 (KHTML, like Gecko) Mobile Safari/537.36 (compatible; PetalBot;+https://webmaster.petalsearch.com/site/petalbot)"
114.119.151.206 - - [11/Jan/2026:06:15:38 +0700] "GET /shop/page/3/?orderby=price-desc&stock_status=instock,onsale HTTP/1.1" 301 526 "https://view.lotushomemade.com/shop?orderby=price-desc&stock_status=instock%2Consale" "Mozilla/5.0 (Linux; Android 7.0;) AppleWebKit/537.36 (KHTML, like Gecko) Mobile Safari/537.36 (compatible; PetalBot;+https://webmaster.petalsearch.com/site/petalbot)"
114.119.151.206 - - [11/Jan/2026:06:15:39 +0700] "GET /shop/page/3/?orderby=price-desc&stock_status=instock,onsale HTTP/1.1" 301 526 "https://view.lotushomemade.com/shop?orderby=price-desc&stock_status=instock%2Consale" "Mozilla/5.0 (Linux; Android 7.0;) AppleWebKit/537.36 (KHTML, like Gecko) Mobile Safari/537.36 (compatible; PetalBot;+https://webmaster.petalsearch.com/site/petalbot)"
114.119.151.206 - - [11/Jan/2026:06:15:39 +0700] "GET /shop/page/3/?orderby=price-desc&stock_status=instock,onsale HTTP/1.1" 301 526 "https://view.lotushomemade.com/shop?orderby=price-desc&stock_status=instock%2Consale" "Mozilla/5.0 (Linux; Android 7.0;) AppleWebKit/537.36 (KHTML, like Gecko) Mobile Safari/537.36 (compatible; PetalBot;+https://webmaster.petalsearch.com/site/petalbot)"
103.131.51.123 - - [11/Jan/2026:06:16:59 +0700] "POST /wp-cron.php?doing_wp_cron=1768087019.1351599693298339843750 HTTP/1.1" 200 474 "-" "WordPress/6.9; https://view.lotushomemade.com"
114.119.151.206 - - [11/Jan/2026:06:16:56 +0700] "GET /shop/page/3?orderby=price-desc&per_row=4&shop_view=grid&per_page=12 HTTP/1.1" 301 667 "https://view.lotushomemade.com/shop/page/4?orderby=price-desc&per_row=4&shop_view=grid&per_page=12" "Mozilla/5.0 (Linux; Android 7.0;) AppleWebKit/537.36 (KHTML, like Gecko) Mobile Safari/537.36 (compatible; PetalBot;+https://webmaster.petalsearch.com/site/petalbot)"
114.119.151.206 - - [11/Jan/2026:06:16:59 +0700] "GET /shop/page/3/?orderby=price-desc&per_row=4&shop_view=grid&per_page=12 HTTP/1.1" 200 40319 "https://view.lotushomemade.com/shop/page/4?orderby=price-desc&per_row=4&shop_view=grid&per_page=12" "Mozilla/5.0 (Linux; Android 7.0;) AppleWebKit/537.36 (KHTML, like Gecko) Mobile Safari/537.36 (compatible; PetalBot;+https://webmaster.petalsearch.com/site/petalbot)"
103.131.51.123 - - [11/Jan/2026:06:18:26 +0700] "POST /wp-cron.php?doing_wp_cron=1768087106.6278200149536132812500 HTTP/1.1" 200 474 "-" "WordPress/6.9; https://view.lotushomemade.com"
114.119.151.206 - - [11/Jan/2026:06:18:24 +0700] "GET /shop/page/3?orderby=price&per_row=6&per_page=8&shop_view=grid HTTP/1.1" 301 660 "https://view.lotushomemade.com/shop?orderby=price&per_row=6&per_page=8&shop_view=grid" "Mozilla/5.0 (Linux; Android 7.0;) AppleWebKit/537.36 (KHTML, like Gecko) Mobile Safari/537.36 (compatible; PetalBot;+https://webmaster.petalsearch.com/site/petalbot)"
114.119.151.206 - - [11/Jan/2026:06:18:27 +0700] "GET /shop/page/3/?orderby=price&per_row=6&per_page=8&shop_view=grid HTTP/1.1" 200 39290 "https://view.lotushomemade.com/shop?orderby=price&per_row=6&per_page=8&shop_view=grid" "Mozilla/5.0 (Linux; Android 7.0;) AppleWebKit/537.36 (KHTML, like Gecko) Mobile Safari/537.36 (compatible; PetalBot;+https://webmaster.petalsearch.com/site/petalbot)"
103.131.51.123 - - [11/Jan/2026:06:19:48 +0700] "POST /wp-cron.php?doing_wp_cron=1768087187.9757809638977050781250 HTTP/1.1" 200 474 "-" "WordPress/6.9; https://view.lotushomemade.com"
114.119.151.206 - - [11/Jan/2026:06:19:45 +0700] "GET /shop/page/3?orderby=popularity&shop_view=grid&per_row=2 HTTP/1.1" 301 609 "https://view.lotushomemade.com/shop/page/14/?orderby=popularity&shop_view=grid&per_row=2" "Mozilla/5.0 (Linux; Android 7.0;) AppleWebKit/537.36 (KHTML, like Gecko) Mobile Safari/537.36 (compatible; PetalBot;+https://webmaster.petalsearch.com/site/petalbot)"
114.119.151.206 - - [11/Jan/2026:06:19:48 +0700] "GET /shop/page/3/?orderby=popularity&shop_view=grid&per_row=2 HTTP/1.1" 200 39955 "https://view.lotushomemade.com/shop/page/14/?orderby=popularity&shop_view=grid&per_row=2" "Mozilla/5.0 (Linux; Android 7.0;) AppleWebKit/537.36 (KHTML, like Gecko) Mobile Safari/537.36 (compatible; PetalBot;+https://webmaster.petalsearch.com/site/petalbot)"
103.131.51.123 - - [11/Jan/2026:06:21:11 +0700] "POST /wp-cron.php?doing_wp_cron=1768087271.2565898895263671875000 HTTP/1.1" 200 474 "-" "WordPress/6.9; https://view.lotushomemade.com"
114.119.149.78 - - [11/Jan/2026:06:21:08 +0700] "GET /shop/page/3?orderby=date&stock_status=onsale&per_row=6&shop_view=grid HTTP/1.1" 301 623 "https://view.lotushomemade.com/shop/page/17/?orderby=date&stock_status=onsale&per_row=6&shop_view=grid" "Mozilla/5.0 (Linux; Android 7.0;) AppleWebKit/537.36 (KHTML, like Gecko) Mobile Safari/537.36 (compatible; PetalBot;+https://webmaster.petalsearch.com/site/petalbot)"
114.119.149.78 - - [11/Jan/2026:06:21:11 +0700] "GET /shop/page/3/?orderby=date&stock_status=onsale&per_row=6&shop_view=grid HTTP/1.1" 200 40073 "https://view.lotushomemade.com/shop/page/17/?orderby=date&stock_status=onsale&per_row=6&shop_view=grid" "Mozilla/5.0 (Linux; Android 7.0;) AppleWebKit/537.36 (KHTML, like Gecko) Mobile Safari/537.36 (compatible; PetalBot;+https://webmaster.petalsearch.com/site/petalbot)"
103.131.51.123 - - [11/Jan/2026:06:21:37 +0700] "POST /wp-cron.php?doing_wp_cron=1768087297.6598389148712158203125 HTTP/1.1" 200 474 "-" "WordPress/6.9; https://view.lotushomemade.com"
66.249.71.129 - - [11/Jan/2026:06:21:36 +0700] "GET /product-category/kuih-kapit-series/page/2/ HTTP/1.1" 200 33534 "-" "Mozilla/5.0 (Linux; Android 6.0.1; Nexus 5X Build/MMB29P) AppleWebKit/537.36 (KHTML, like Gecko) Chrome/143.0.7499.192 Mobile Safari/537.36 (compatible; Googlebot/2.1; +http://www.google.com/bot.html)"
114.119.156.27 - - [11/Jan/2026:06:22:32 +0700] "GET /shop/page/3?orderby=date&per_page=12&stock_status=onsale HTTP/1.1" 301 568 "https://view.lotushomemade.com/shop/page/10/?orderby=date&per_page=12&stock_status=onsale" "Mozilla/5.0 (Linux; Android 7.0;) AppleWebKit/537.36 (KHTML, like Gecko) Mobile Safari/537.36 (compatible; PetalBot;+https://webmaster.petalsearch.com/site/petalbot)"
103.131.51.123 - - [11/Jan/2026:06:22:35 +0700] "POST /wp-cron.php?doing_wp_cron=1768087355.0533590316772460937500 HTTP/1.1" 200 474 "-" "WordPress/6.9; https://view.lotushomemade.com"
114.119.156.27 - - [11/Jan/2026:06:22:33 +0700] "GET /shop/page/3/?orderby=date&per_page=12&stock_status=onsale HTTP/1.1" 200 39995 "https://view.lotushomemade.com/shop/page/10/?orderby=date&per_page=12&stock_status=onsale" "Mozilla/5.0 (Linux; Android 7.0;) AppleWebKit/537.36 (KHTML, like Gecko) Mobile Safari/537.36 (compatible; PetalBot;+https://webmaster.petalsearch.com/site/petalbot)"
103.131.51.123 - - [11/Jan/2026:06:23:58 +0700] "POST /wp-cron.php?doing_wp_cron=1768087438.9176619052886962890625 HTTP/1.1" 200 474 "-" "WordPress/6.9; https://view.lotushomemade.com"
114.119.149.78 - - [11/Jan/2026:06:23:56 +0700] "GET /shop/page/3?min_price=0&max_price=260&per_page=18 HTTP/1.1" 301 561 "https://view.lotushomemade.com/shop/page/13/?min_price=0&max_price=260&per_page=18" "Mozilla/5.0 (Linux; Android 7.0;) AppleWebKit/537.36 (KHTML, like Gecko) Mobile Safari/537.36 (compatible; PetalBot;+https://webmaster.petalsearch.com/site/petalbot)"
114.119.149.78 - - [11/Jan/2026:06:23:59 +0700] "GET /shop/page/3/?min_price=0&max_price=260&per_page=18 HTTP/1.1" 200 41660 "https://view.lotushomemade.com/shop/page/13/?min_price=0&max_price=260&per_page=18" "Mozilla/5.0 (Linux; Android 7.0;) AppleWebKit/537.36 (KHTML, like Gecko) Mobile Safari/537.36 (compatible; PetalBot;+https://webmaster.petalsearch.com/site/petalbot)"
103.131.51.123 - - [11/Jan/2026:06:25:21 +0700] "POST /wp-cron.php?doing_wp_cron=1768087521.5852758884429931640625 HTTP/1.1" 200 474 "-" "WordPress/6.9; https://view.lotushomemade.com"
114.119.149.78 - - [11/Jan/2026:06:25:19 +0700] "GET /shop/page/3?max_price=1050&per_page=12&stock_status=onsale HTTP/1.1" 301 570 "https://view.lotushomemade.com/shop/page/14/?max_price=1050&per_page=12&stock_status=onsale" "Mozilla/5.0 (Linux; Android 7.0;) AppleWebKit/537.36 (KHTML, like Gecko) Mobile Safari/537.36 (compatible; PetalBot;+https://webmaster.petalsearch.com/site/petalbot)"
