117.20.154.125 - - [11/Jan/2026:10:54:52 +0700] "GET /wp-content/uploads/2023/10/5011_1.png HTTP/2" 200 704125 "https://view.lotushomemade.com/product/fa-chai-liu-wan-tang_6s/" "Mozilla/5.0 (Windows NT 10.0; Win64; x64) AppleWebKit/537.36 (KHTML, like Gecko) Chrome/143.0.0.0 Safari/537.36"
117.20.154.125 - - [11/Jan/2026:10:54:40 +0700] "GET /wp-content/uploads/2023/04/9CC293A7.png HTTP/2" 200 409447 "https://view.lotushomemade.com/product/fa-chai-liu-wan-tang_6s/" "Mozilla/5.0 (Windows NT 10.0; Win64; x64) AppleWebKit/537.36 (KHTML, like Gecko) Chrome/143.0.0.0 Safari/537.36"
117.20.154.125 - - [11/Jan/2026:10:54:52 +0700] "GET /wp-content/uploads/2023/10/9015_1.png HTTP/2" 200 769625 "https://view.lotushomemade.com/product/fa-chai-liu-wan-tang_6s/" "Mozilla/5.0 (Windows NT 10.0; Win64; x64) AppleWebKit/537.36 (KHTML, like Gecko) Chrome/143.0.0.0 Safari/537.36"
117.20.154.125 - - [11/Jan/2026:10:54:52 +0700] "GET /wp-content/uploads/2023/11/2013.png HTTP/2" 200 786144 "https://view.lotushomemade.com/product/fa-chai-liu-wan-tang_6s/" "Mozilla/5.0 (Windows NT 10.0; Win64; x64) AppleWebKit/537.36 (KHTML, like Gecko) Chrome/143.0.0.0 Safari/537.36"
117.20.154.125 - - [11/Jan/2026:10:54:52 +0700] "GET /wp-content/uploads/2023/11/2028.png HTTP/2" 200 769697 "https://view.lotushomemade.com/product/fa-chai-liu-wan-tang_6s/" "Mozilla/5.0 (Windows NT 10.0; Win64; x64) AppleWebKit/537.36 (KHTML, like Gecko) Chrome/143.0.0.0 Safari/537.36"
117.20.154.125 - - [11/Jan/2026:10:54:41 +0700] "GET /wp-content/plugins/revslider/public/assets/js/rs6.min.js?ver=6.6.18 HTTP/2" 200 81875 "https://view.lotushomemade.com/product/fa-chai-liu-wan-tang_6s/" "Mozilla/5.0 (Windows NT 10.0; Win64; x64) AppleWebKit/537.36 (KHTML, like Gecko) Chrome/143.0.0.0 Safari/537.36"
117.20.154.125 - - [11/Jan/2026:10:54:52 +0700] "GET /wp-content/uploads/2023/11/2064.png HTTP/2" 200 786144 "https://view.lotushomemade.com/product/fa-chai-liu-wan-tang_6s/" "Mozilla/5.0 (Windows NT 10.0; Win64; x64) AppleWebKit/537.36 (KHTML, like Gecko) Chrome/143.0.0.0 Safari/537.36"
103.131.51.123 - - [11/Jan/2026:10:55:52 +0700] "POST /wp-cron.php?doing_wp_cron=1768103752.7326619625091552734375 HTTP/1.1" 200 474 "-" "WordPress/6.9; https://view.lotushomemade.com"
114.119.156.27 - - [11/Jan/2026:10:55:51 +0700] "GET /shop/page/20/?orderby=rating&per_row=6&shop_view=grid&stock_status=onsale HTTP/1.1" 200 39735 "https://view.lotushomemade.com/shop/page/23/?orderby=rating&per_row=6&shop_view=grid&stock_status=onsale" "Mozilla/5.0 (Linux; Android 7.0;) AppleWebKit/537.36 (KHTML, like Gecko) Mobile Safari/537.36 (compatible; PetalBot;+https://webmaster.petalsearch.com/site/petalbot)"
103.131.51.123 - - [11/Jan/2026:10:57:18 +0700] "POST /wp-cron.php?doing_wp_cron=1768103838.8680040836334228515625 HTTP/1.1" 200 474 "-" "WordPress/6.9; https://view.lotushomemade.com"
114.119.142.208 - - [11/Jan/2026:10:57:16 +0700] "GET /shop?min_price=0&per_page=8&filter_brand=blessing-food&stock_status=instock,onsale HTTP/1.1" 301 593 "-" "Mozilla/5.0 (Linux; Android 7.0;) AppleWebKit/537.36 (KHTML, like Gecko) Mobile Safari/537.36 (compatible; PetalBot;+https://webmaster.petalsearch.com/site/petalbot)"
114.119.142.208 - - [11/Jan/2026:10:57:19 +0700] "GET /shop/?min_price=0&per_page=8&filter_brand=blessing-food&stock_status=instock,onsale HTTP/1.1" 200 38716 "-" "Mozilla/5.0 (Linux; Android 7.0;) AppleWebKit/537.36 (KHTML, like Gecko) Mobile Safari/537.36 (compatible; PetalBot;+https://webmaster.petalsearch.com/site/petalbot)"
103.131.51.123 - - [11/Jan/2026:10:58:29 +0700] "POST /wp-cron.php?doing_wp_cron=1768103909.2716441154479980468750 HTTP/1.1" 200 474 "-" "WordPress/6.9; https://view.lotushomemade.com"
20.235.75.210 - - [11/Jan/2026:10:58:27 +0700] "GET    /product/nutella-chocolate-nyonya-kuih-kapit-l/ HTTP/2" 200 36236 "-" "Mozilla/5.0 AppleWebKit/537.36 (KHTML, like Gecko); compatible; ChatGPT-User/1.0; +https://openai.com/bot"
103.131.51.123 - - [11/Jan/2026:10:58:39 +0700] "POST /wp-cron.php?doing_wp_cron=1768103919.4510679244995117187500 HTTP/1.1" 200 474 "-" "WordPress/6.9; https://view.lotushomemade.com"
114.119.130.97 - - [11/Jan/2026:10:58:38 +0700] "GET /shop/page/9/?max_price=1050&per_row=2&shop_view=grid HTTP/1.1" 200 40337 "https://view.lotushomemade.com/shop/page/7/?max_price=1050&per_row=2&shop_view=grid" "Mozilla/5.0 (Linux; Android 7.0;) AppleWebKit/537.36 (KHTML, like Gecko) Mobile Safari/537.36 (compatible; PetalBot;+https://webmaster.petalsearch.com/site/petalbot)"
74.7.228.154 - - [11/Jan/2026:10:59:15 +0700] "GET /product/nutella-chocolate-nyonya-kuih-kapit-l/ HTTP/2" 200 36249 "-" "Mozilla/5.0 (Macintosh; Intel Mac OS X 10_15_7) AppleWebKit/537.36 (KHTML, like Gecko) Chrome/131.0.0.0 Safari/537.36; compatible; OAI-SearchBot/1.3; +https://openai.com/searchbot"
74.7.230.0 - - [11/Jan/2026:10:59:17 +0700] "GET /robots.txt HTTP/2" 200 103 "-" "Mozilla/5.0 (Macintosh; Intel Mac OS X 10_15_7) AppleWebKit/537.36 (KHTML, like Gecko) Chrome/131.0.0.0 Safari/537.36; compatible; OAI-SearchBot/1.3; robots.txt; +https://openai.com/searchbot"
74.7.227.149 - - [11/Jan/2026:10:59:18 +0700] "GET /wp-includes/js/comment-reply.min.js?ver=6.9 HTTP/2" 200 1247 "-" "Mozilla/5.0 AppleWebKit/537.36 (KHTML, like Gecko; compatible; GPTBot/1.3; +https://openai.com/gptbot)"
20.235.75.211 - - [11/Jan/2026:10:59:18 +0700] "GET    /wp-content/uploads/2023/11/9CC293A71.png HTTP/2" 200 1061276 "-" "Mozilla/5.0 AppleWebKit/537.36 (KHTML, like Gecko); compatible; ChatGPT-User/1.0; +https://openai.com/bot"
74.7.242.169 - - [11/Jan/2026:10:59:19 +0700] "GET /wp-content/themes/woodmart/css/parts/woo-mod-product-labels.min.css?ver=7.2.5 HTTP/2" 200 396 "-" "Mozilla/5.0 (Macintosh; Intel Mac OS X 10_15_7) AppleWebKit/537.36 (KHTML, like Gecko) Chrome/131.0.0.0 Safari/537.36; compatible; OAI-SearchBot/1.3; +https://openai.com/searchbot"
74.7.227.149 - - [11/Jan/2026:10:59:21 +0700] "GET /wp-content/themes/woodmart/css/parts/woo-mod-product-labels.min.css?ver=7.2.5 HTTP/2" 200 396 "-" "Mozilla/5.0 AppleWebKit/537.36 (KHTML, like Gecko; compatible; GPTBot/1.3; +https://openai.com/gptbot)"
74.7.243.45 - - [11/Jan/2026:10:59:21 +0700] "GET /?p=17304 HTTP/2" 301 0 "-" "Mozilla/5.0 (Macintosh; Intel Mac OS X 10_15_7) AppleWebKit/537.36 (KHTML, like Gecko) Chrome/131.0.0.0 Safari/537.36; compatible; OAI-SearchBot/1.3; +https://openai.com/searchbot"
74.7.243.45 - - [11/Jan/2026:10:59:22 +0700] "GET /product/nutella-chocolate-nyonya-kuih-kapit-l/ HTTP/2" 200 36473 "-" "Mozilla/5.0 (Macintosh; Intel Mac OS X 10_15_7) AppleWebKit/537.36 (KHTML, like Gecko) Chrome/131.0.0.0 Safari/537.36; compatible; OAI-SearchBot/1.3; +https://openai.com/searchbot"
74.7.242.169 - - [11/Jan/2026:10:59:24 +0700] "GET /wp-includes/js/comment-reply.min.js?ver=6.9 HTTP/2" 200 1247 "-" "Mozilla/5.0 (Macintosh; Intel Mac OS X 10_15_7) AppleWebKit/537.36 (KHTML, like Gecko) Chrome/131.0.0.0 Safari/537.36; compatible; OAI-SearchBot/1.3; +https://openai.com/searchbot"
74.7.227.149 - - [11/Jan/2026:10:59:24 +0700] "GET /?p=17304 HTTP/2" 301 0 "-" "Mozilla/5.0 AppleWebKit/537.36 (KHTML, like Gecko; compatible; GPTBot/1.3; +https://openai.com/gptbot)"
20.235.75.211 - - [11/Jan/2026:10:59:25 +0700] "GET    /wp-content/uploads/2023/04/Motif.jpg HTTP/2" 200 36865 "-" "Mozilla/5.0 AppleWebKit/537.36 (KHTML, like Gecko); compatible; ChatGPT-User/1.0; +https://openai.com/bot"
20.235.75.211 - - [11/Jan/2026:10:59:25 +0700] "GET    /wp-content/uploads/2023/04/BN_01.jpg HTTP/2" 200 112993 "-" "Mozilla/5.0 AppleWebKit/537.36 (KHTML, like Gecko); compatible; ChatGPT-User/1.0; +https://openai.com/bot"
74.7.227.149 - - [11/Jan/2026:10:59:24 +0700] "GET /product/nutella-chocolate-nyonya-kuih-kapit-l/ HTTP/2" 200 36200 "-" "Mozilla/5.0 AppleWebKit/537.36 (KHTML, like Gecko; compatible; GPTBot/1.3; +https://openai.com/gptbot)"
74.7.227.149 - - [11/Jan/2026:10:59:26 +0700] "GET /product/mini-egg-roll_8142-xl/ HTTP/2" 200 36180 "-" "Mozilla/5.0 AppleWebKit/537.36 (KHTML, like Gecko; compatible; GPTBot/1.3; +https://openai.com/gptbot)"
74.7.227.149 - - [11/Jan/2026:10:59:29 +0700] "GET /?p=15691 HTTP/2" 301 0 "-" "Mozilla/5.0 AppleWebKit/537.36 (KHTML, like Gecko; compatible; GPTBot/1.3; +https://openai.com/gptbot)"
20.235.75.211 - - [11/Jan/2026:10:59:29 +0700] "GET    /wp-content/uploads/2023/04/9CC293A7.png HTTP/2" 200 916349 "-" "Mozilla/5.0 AppleWebKit/537.36 (KHTML, like Gecko); compatible; ChatGPT-User/1.0; +https://openai.com/bot"
74.7.227.149 - - [11/Jan/2026:10:59:29 +0700] "GET /product/mini-egg-roll_8142-xl/ HTTP/2" 200 36375 "-" "Mozilla/5.0 AppleWebKit/537.36 (KHTML, like Gecko; compatible; GPTBot/1.3; +https://openai.com/gptbot)"
74.7.227.149 - - [11/Jan/2026:10:59:31 +0700] "GET /wp-json/oembed/1.0/embed?format=xml&url=https%3A%2F%2Fview.lotushomemade.com%2Fproduct%2Fmini-egg-roll_8142-xl%2F HTTP/2" 200 1162 "-" "Mozilla/5.0 AppleWebKit/537.36 (KHTML, like Gecko; compatible; GPTBot/1.3; +https://openai.com/gptbot)"
103.131.51.123 - - [11/Jan/2026:10:59:33 +0700] "POST /wp-cron.php?doing_wp_cron=1768103973.8959200382232666015625 HTTP/1.1" 200 474 "-" "WordPress/6.9; https://view.lotushomemade.com"
74.7.227.149 - - [11/Jan/2026:10:59:33 +0700] "GET /wp-json/wp/v2/product/15691 HTTP/2" 200 662 "-" "Mozilla/5.0 AppleWebKit/537.36 (KHTML, like Gecko; compatible; GPTBot/1.3; +https://openai.com/gptbot)"
74.7.227.149 - - [11/Jan/2026:10:59:35 +0700] "GET /wp-json/oembed/1.0/embed?url=https%3A%2F%2Fview.lotushomemade.com%2Fproduct%2Fmini-egg-roll_8142-xl%2F HTTP/2" 200 1127 "-" "Mozilla/5.0 AppleWebKit/537.36 (KHTML, like Gecko; compatible; GPTBot/1.3; +https://openai.com/gptbot)"
74.7.227.149 - - [11/Jan/2026:10:59:36 +0700] "GET /product/scs-butter-sunkit-orange-ball-sg/ HTTP/2" 200 35918 "-" "Mozilla/5.0 AppleWebKit/537.36 (KHTML, like Gecko; compatible; GPTBot/1.3; +https://openai.com/gptbot)"
74.7.227.149 - - [11/Jan/2026:10:59:38 +0700] "GET /product/mini-egg-roll_8142-xl/feed/ HTTP/2" 200 430 "-" "Mozilla/5.0 AppleWebKit/537.36 (KHTML, like Gecko; compatible; GPTBot/1.3; +https://openai.com/gptbot)"
74.7.227.149 - - [11/Jan/2026:10:59:39 +0700] "GET /?p=4138 HTTP/2" 301 0 "-" "Mozilla/5.0 AppleWebKit/537.36 (KHTML, like Gecko; compatible; GPTBot/1.3; +https://openai.com/gptbot)"
74.7.227.149 - - [11/Jan/2026:10:59:40 +0700] "GET /product/scs-butter-sunkit-orange-ball-sg/ HTTP/2" 200 35901 "-" "Mozilla/5.0 AppleWebKit/537.36 (KHTML, like Gecko; compatible; GPTBot/1.3; +https://openai.com/gptbot)"
74.7.227.149 - - [11/Jan/2026:10:59:42 +0700] "GET /product/scs-butter-sunkit-orange-ball-sg/feed/ HTTP/2" 200 442 "-" "Mozilla/5.0 AppleWebKit/537.36 (KHTML, like Gecko; compatible; GPTBot/1.3; +https://openai.com/gptbot)"
74.7.227.149 - - [11/Jan/2026:10:59:43 +0700] "GET /wp-json/wp/v2/product/4138 HTTP/2" 200 685 "-" "Mozilla/5.0 AppleWebKit/537.36 (KHTML, like Gecko; compatible; GPTBot/1.3; +https://openai.com/gptbot)"
74.7.227.149 - - [11/Jan/2026:10:59:44 +0700] "GET /wp-json/oembed/1.0/embed?url=https%3A%2F%2Fview.lotushomemade.com%2Fproduct%2Fscs-butter-sunkit-orange-ball-sg%2F HTTP/2" 200 1140 "-" "Mozilla/5.0 AppleWebKit/537.36 (KHTML, like Gecko; compatible; GPTBot/1.3; +https://openai.com/gptbot)"
74.7.227.149 - - [11/Jan/2026:10:59:45 +0700] "GET /wp-json/oembed/1.0/embed?format=xml&url=https%3A%2F%2Fview.lotushomemade.com%2Fproduct%2Fscs-butter-sunkit-orange-ball-sg%2F HTTP/2" 200 1180 "-" "Mozilla/5.0 AppleWebKit/537.36 (KHTML, like Gecko; compatible; GPTBot/1.3; +https://openai.com/gptbot)"
74.7.227.149 - - [11/Jan/2026:10:59:45 +0700] "GET /product/chocolate-mini-puff-l/ HTTP/2" 200 35913 "-" "Mozilla/5.0 AppleWebKit/537.36 (KHTML, like Gecko; compatible; GPTBot/1.3; +https://openai.com/gptbot)"
74.7.227.149 - - [11/Jan/2026:10:59:47 +0700] "GET /product/premium-cashewnut-coffee-crunchy-sg/ HTTP/2" 200 35838 "-" "Mozilla/5.0 AppleWebKit/537.36 (KHTML, like Gecko; compatible; GPTBot/1.3; +https://openai.com/gptbot)"
74.7.227.149 - - [11/Jan/2026:10:59:49 +0700] "GET /product/chocolate-mini-puff-l/feed/ HTTP/2" 200 423 "-" "Mozilla/5.0 AppleWebKit/537.36 (KHTML, like Gecko; compatible; GPTBot/1.3; +https://openai.com/gptbot)"
74.7.227.149 - - [11/Jan/2026:10:59:50 +0700] "GET /wp-json/wp/v2/product/3982 HTTP/2" 200 670 "-" "Mozilla/5.0 AppleWebKit/537.36 (KHTML, like Gecko; compatible; GPTBot/1.3; +https://openai.com/gptbot)"
74.7.227.149 - - [11/Jan/2026:10:59:51 +0700] "GET /product/golden-pineapple-roll-sg/ HTTP/2" 200 36266 "-" "Mozilla/5.0 AppleWebKit/537.36 (KHTML, like Gecko; compatible; GPTBot/1.3; +https://openai.com/gptbot)"
74.7.227.149 - - [11/Jan/2026:10:59:53 +0700] "GET /?p=3982 HTTP/2" 301 0 "-" "Mozilla/5.0 AppleWebKit/537.36 (KHTML, like Gecko; compatible; GPTBot/1.3; +https://openai.com/gptbot)"
74.7.227.149 - - [11/Jan/2026:10:59:53 +0700] "GET /product/chocolate-mini-puff-l/ HTTP/2" 200 36117 "-" "Mozilla/5.0 AppleWebKit/537.36 (KHTML, like Gecko; compatible; GPTBot/1.3; +https://openai.com/gptbot)"
74.7.227.149 - - [11/Jan/2026:10:59:56 +0700] "GET /wp-json/oembed/1.0/embed?format=xml&url=https%3A%2F%2Fview.lotushomemade.com%2Fproduct%2Fchocolate-mini-puff-l%2F HTTP/2" 200 1159 "-" "Mozilla/5.0 AppleWebKit/537.36 (KHTML, like Gecko; compatible; GPTBot/1.3; +https://openai.com/gptbot)"
74.7.227.149 - - [11/Jan/2026:10:59:56 +0700] "GET /wp-json/oembed/1.0/embed?url=https%3A%2F%2Fview.lotushomemade.com%2Fproduct%2Fchocolate-mini-puff-l%2F HTTP/2" 200 1124 "-" "Mozilla/5.0 AppleWebKit/537.36 (KHTML, like Gecko; compatible; GPTBot/1.3; +https://openai.com/gptbot)"
74.7.227.149 - - [11/Jan/2026:10:59:57 +0700] "GET /product/black-sesame-ball-cookies-sg/ HTTP/2" 200 36081 "-" "Mozilla/5.0 AppleWebKit/537.36 (KHTML, like Gecko; compatible; GPTBot/1.3; +https://openai.com/gptbot)"
74.7.227.149 - - [11/Jan/2026:10:59:59 +0700] "GET /product/almond-london-c/ HTTP/2" 200 36129 "-" "Mozilla/5.0 AppleWebKit/537.36 (KHTML, like Gecko; compatible; GPTBot/1.3; +https://openai.com/gptbot)"
74.7.227.149 - - [11/Jan/2026:11:00:01 +0700] "GET /product/premium-cashewnut-coffee-crunchy-sg/feed/ HTTP/2" 200 438 "-" "Mozilla/5.0 AppleWebKit/537.36 (KHTML, like Gecko; compatible; GPTBot/1.3; +https://openai.com/gptbot)"
74.7.227.149 - - [11/Jan/2026:11:00:02 +0700] "GET /wp-json/oembed/1.0/embed?format=xml&url=https%3A%2F%2Fview.lotushomemade.com%2Fproduct%2Fpremium-cashewnut-coffee-crunchy-sg%2F HTTP/2" 200 1174 "-" "Mozilla/5.0 AppleWebKit/537.36 (KHTML, like Gecko; compatible; GPTBot/1.3; +https://openai.com/gptbot)"
74.7.227.149 - - [11/Jan/2026:11:00:03 +0700] "GET /?p=8649 HTTP/2" 301 0 "-" "Mozilla/5.0 AppleWebKit/537.36 (KHTML, like Gecko; compatible; GPTBot/1.3; +https://openai.com/gptbot)"
114.119.156.27 - - [11/Jan/2026:11:00:04 +0700] "GET /shop/page/8?orderby=popularity&per_row=6&shop_view=grid&per_page=12 HTTP/1.1" 301 667 "-" "Mozilla/5.0 (Linux; Android 7.0;) AppleWebKit/537.36 (KHTML, like Gecko) Mobile Safari/537.36 (compatible; PetalBot;+https://webmaster.petalsearch.com/site/petalbot)"
74.7.227.149 - - [11/Jan/2026:11:00:04 +0700] "GET /product/premium-cashewnut-coffee-crunchy-sg/ HTTP/2" 200 36092 "-" "Mozilla/5.0 AppleWebKit/537.36 (KHTML, like Gecko; compatible; GPTBot/1.3; +https://openai.com/gptbot)"
114.119.156.27 - - [11/Jan/2026:11:00:04 +0700] "GET /shop/page/8/?orderby=popularity&per_row=6&shop_view=grid&per_page=12 HTTP/1.1" 200 39819 "-" "Mozilla/5.0 (Linux; Android 7.0;) AppleWebKit/537.36 (KHTML, like Gecko) Mobile Safari/537.36 (compatible; PetalBot;+https://webmaster.petalsearch.com/site/petalbot)"
74.7.227.149 - - [11/Jan/2026:11:00:06 +0700] "GET /wp-json/oembed/1.0/embed?url=https%3A%2F%2Fview.lotushomemade.com%2Fproduct%2Fpremium-cashewnut-coffee-crunchy-sg%2F HTTP/2" 200 1135 "-" "Mozilla/5.0 AppleWebKit/537.36 (KHTML, like Gecko; compatible; GPTBot/1.3; +https://openai.com/gptbot)"
74.7.227.149 - - [11/Jan/2026:11:00:06 +0700] "GET /product/scs-butter-pineapple-roll-sg/ HTTP/2" 200 36325 "-" "Mozilla/5.0 AppleWebKit/537.36 (KHTML, like Gecko; compatible; GPTBot/1.3; +https://openai.com/gptbot)"
74.7.227.149 - - [11/Jan/2026:11:00:08 +0700] "GET /?p=8633 HTTP/2" 301 0 "-" "Mozilla/5.0 AppleWebKit/537.36 (KHTML, like Gecko; compatible; GPTBot/1.3; +https://openai.com/gptbot)"
74.7.227.149 - - [11/Jan/2026:11:00:09 +0700] "GET /product/golden-pineapple-roll-sg/ HTTP/2" 200 36018 "-" "Mozilla/5.0 AppleWebKit/537.36 (KHTML, like Gecko; compatible; GPTBot/1.3; +https://openai.com/gptbot)"
74.7.227.149 - - [11/Jan/2026:11:00:11 +0700] "GET /product/golden-pineapple-roll-sg/feed/ HTTP/2" 200 426 "-" "Mozilla/5.0 AppleWebKit/537.36 (KHTML, like Gecko; compatible; GPTBot/1.3; +https://openai.com/gptbot)"
74.7.227.149 - - [11/Jan/2026:11:00:12 +0700] "GET /wp-json/oembed/1.0/embed?url=https%3A%2F%2Fview.lotushomemade.com%2Fproduct%2Fgolden-pineapple-roll-sg%2F HTTP/2" 200 1125 "-" "Mozilla/5.0 AppleWebKit/537.36 (KHTML, like Gecko; compatible; GPTBot/1.3; +https://openai.com/gptbot)"
74.7.227.149 - - [11/Jan/2026:11:00:13 +0700] "GET /wp-json/wp/v2/product/8633 HTTP/2" 200 668 "-" "Mozilla/5.0 AppleWebKit/537.36 (KHTML, like Gecko; compatible; GPTBot/1.3; +https://openai.com/gptbot)"
74.7.227.149 - - [11/Jan/2026:11:00:13 +0700] "GET /?p=7875 HTTP/2" 301 0 "-" "Mozilla/5.0 AppleWebKit/537.36 (KHTML, like Gecko; compatible; GPTBot/1.3; +https://openai.com/gptbot)"
74.7.227.149 - - [11/Jan/2026:11:00:14 +0700] "GET /product/black-sesame-ball-cookies-sg/ HTTP/2" 200 35850 "-" "Mozilla/5.0 AppleWebKit/537.36 (KHTML, like Gecko; compatible; GPTBot/1.3; +https://openai.com/gptbot)"
74.7.227.149 - - [11/Jan/2026:11:00:16 +0700] "GET /?p=7871 HTTP/2" 301 0 "-" "Mozilla/5.0 AppleWebKit/537.36 (KHTML, like Gecko; compatible; GPTBot/1.3; +https://openai.com/gptbot)"
74.7.227.149 - - [11/Jan/2026:11:00:17 +0700] "GET /product/almond-london-c/ HTTP/2" 200 35813 "-" "Mozilla/5.0 AppleWebKit/537.36 (KHTML, like Gecko; compatible; GPTBot/1.3; +https://openai.com/gptbot)"
74.7.227.149 - - [11/Jan/2026:11:00:18 +0700] "GET /wp-json/oembed/1.0/embed?url=https%3A%2F%2Fview.lotushomemade.com%2Fproduct%2Falmond-london-c%2F HTTP/2" 200 1114 "-" "Mozilla/5.0 AppleWebKit/537.36 (KHTML, like Gecko; compatible; GPTBot/1.3; +https://openai.com/gptbot)"
74.7.227.149 - - [11/Jan/2026:11:00:19 +0700] "GET /product/ji-hong_5kg-x-2/ HTTP/2" 200 35211 "-" "Mozilla/5.0 AppleWebKit/537.36 (KHTML, like Gecko; compatible; GPTBot/1.3; +https://openai.com/gptbot)"
74.7.227.149 - - [11/Jan/2026:11:00:21 +0700] "GET /product/almond-london-c/feed/ HTTP/2" 200 412 "-" "Mozilla/5.0 AppleWebKit/537.36 (KHTML, like Gecko; compatible; GPTBot/1.3; +https://openai.com/gptbot)"
74.7.227.149 - - [11/Jan/2026:11:00:22 +0700] "GET /wp-json/oembed/1.0/embed?url=https%3A%2F%2Fview.lotushomemade.com%2Fproduct%2Fblack-sesame-ball-cookies-sg%2F HTTP/2" 200 1136 "-" "Mozilla/5.0 AppleWebKit/537.36 (KHTML, like Gecko; compatible; GPTBot/1.3; +https://openai.com/gptbot)"
74.7.227.149 - - [11/Jan/2026:11:00:23 +0700] "GET /?p=1127 HTTP/2" 301 0 "-" "Mozilla/5.0 AppleWebKit/537.36 (KHTML, like Gecko; compatible; GPTBot/1.3; +https://openai.com/gptbot)"
74.7.227.149 - - [11/Jan/2026:11:00:23 +0700] "GET /product/scs-butter-pineapple-roll-sg/ HTTP/2" 200 36665 "-" "Mozilla/5.0 AppleWebKit/537.36 (KHTML, like Gecko; compatible; GPTBot/1.3; +https://openai.com/gptbot)"
74.7.227.149 - - [11/Jan/2026:11:00:27 +0700] "GET /product/crispy-sotong-roll-l/ HTTP/2" 200 35800 "-" "Mozilla/5.0 AppleWebKit/537.36 (KHTML, like Gecko; compatible; GPTBot/1.3; +https://openai.com/gptbot)"
74.7.227.149 - - [11/Jan/2026:11:00:29 +0700] "GET /product/mini-popiah_5kg-x-1/ HTTP/2" 200 36180 "-" "Mozilla/5.0 AppleWebKit/537.36 (KHTML, like Gecko; compatible; GPTBot/1.3; +https://openai.com/gptbot)"
74.7.227.149 - - [11/Jan/2026:11:00:31 +0700] "GET /product/scs-butter-pineapple-roll-sg/feed/ HTTP/2" 200 433 "-" "Mozilla/5.0 AppleWebKit/537.36 (KHTML, like Gecko; compatible; GPTBot/1.3; +https://openai.com/gptbot)"
74.7.227.149 - - [11/Jan/2026:11:00:32 +0700] "GET /wp-json/oembed/1.0/embed?url=https%3A%2F%2Fview.lotushomemade.com%2Fproduct%2Fscs-butter-pineapple-roll-sg%2F HTTP/2" 200 1132 "-" "Mozilla/5.0 AppleWebKit/537.36 (KHTML, like Gecko; compatible; GPTBot/1.3; +https://openai.com/gptbot)"
103.131.51.123 - - [11/Jan/2026:11:00:34 +0700] "POST /wp-cron.php?doing_wp_cron=1768104034.1156508922576904296875 HTTP/1.1" 200 474 "-" "WordPress/6.9; https://view.lotushomemade.com"
74.7.227.149 - - [11/Jan/2026:11:00:33 +0700] "GET /product/black-sesame-ball-cookies-sg/feed/ HTTP/2" 200 433 "-" "Mozilla/5.0 AppleWebKit/537.36 (KHTML, like Gecko; compatible; GPTBot/1.3; +https://openai.com/gptbot)"
74.7.227.149 - - [11/Jan/2026:11:00:34 +0700] "GET /wp-json/wp/v2/product/7871 HTTP/2" 200 658 "-" "Mozilla/5.0 AppleWebKit/537.36 (KHTML, like Gecko; compatible; GPTBot/1.3; +https://openai.com/gptbot)"
74.7.227.149 - - [11/Jan/2026:11:00:35 +0700] "GET /wp-json/wp/v2/product/7875 HTTP/2" 200 669 "-" "Mozilla/5.0 AppleWebKit/537.36 (KHTML, like Gecko; compatible; GPTBot/1.3; +https://openai.com/gptbot)"
74.7.227.149 - - [11/Jan/2026:11:00:36 +0700] "GET /?p=7923 HTTP/2" 301 0 "-" "Mozilla/5.0 AppleWebKit/537.36 (KHTML, like Gecko; compatible; GPTBot/1.3; +https://openai.com/gptbot)"
74.7.227.149 - - [11/Jan/2026:11:00:36 +0700] "GET /product/ji-hong_5kg-x-2/ HTTP/2" 200 35206 "-" "Mozilla/5.0 AppleWebKit/537.36 (KHTML, like Gecko; compatible; GPTBot/1.3; +https://openai.com/gptbot)"
74.7.227.149 - - [11/Jan/2026:11:00:38 +0700] "GET /product/ji-hong_5kg-x-2/feed/ HTTP/2" 200 416 "-" "Mozilla/5.0 AppleWebKit/537.36 (KHTML, like Gecko; compatible; GPTBot/1.3; +https://openai.com/gptbot)"
74.7.227.149 - - [11/Jan/2026:11:00:39 +0700] "GET /wp-json/oembed/1.0/embed?url=https%3A%2F%2Fview.lotushomemade.com%2Fproduct%2Fji-hong_5kg-x-2%2F HTTP/2" 200 1111 "-" "Mozilla/5.0 AppleWebKit/537.36 (KHTML, like Gecko; compatible; GPTBot/1.3; +https://openai.com/gptbot)"
74.7.227.149 - - [11/Jan/2026:11:00:40 +0700] "GET /wp-json/wp/v2/product/7923 HTTP/2" 200 644 "-" "Mozilla/5.0 AppleWebKit/537.36 (KHTML, like Gecko; compatible; GPTBot/1.3; +https://openai.com/gptbot)"
74.7.227.149 - - [11/Jan/2026:11:00:41 +0700] "GET /?p=8372 HTTP/2" 301 0 "-" "Mozilla/5.0 AppleWebKit/537.36 (KHTML, like Gecko; compatible; GPTBot/1.3; +https://openai.com/gptbot)"
74.7.227.149 - - [11/Jan/2026:11:00:41 +0700] "GET /product/crispy-sotong-roll-l/ HTTP/2" 200 35765 "-" "Mozilla/5.0 AppleWebKit/537.36 (KHTML, like Gecko; compatible; GPTBot/1.3; +https://openai.com/gptbot)"
74.7.227.149 - - [11/Jan/2026:11:00:43 +0700] "GET /?p=8352 HTTP/2" 301 0 "-" "Mozilla/5.0 AppleWebKit/537.36 (KHTML, like Gecko; compatible; GPTBot/1.3; +https://openai.com/gptbot)"
74.7.227.149 - - [11/Jan/2026:11:00:44 +0700] "GET /product/mini-popiah_5kg-x-1/ HTTP/2" 200 36293 "-" "Mozilla/5.0 AppleWebKit/537.36 (KHTML, like Gecko; compatible; GPTBot/1.3; +https://openai.com/gptbot)"
74.7.227.149 - - [11/Jan/2026:11:00:46 +0700] "GET /product/crispy-lotus-root_8118-l/ HTTP/2" 200 35979 "-" "Mozilla/5.0 AppleWebKit/537.36 (KHTML, like Gecko; compatible; GPTBot/1.3; +https://openai.com/gptbot)"
74.7.227.149 - - [11/Jan/2026:11:00:48 +0700] "GET /product/honey-bahulu_ms3000-cp/ HTTP/2" 200 36336 "-" "Mozilla/5.0 AppleWebKit/537.36 (KHTML, like Gecko; compatible; GPTBot/1.3; +https://openai.com/gptbot)"
74.7.227.149 - - [11/Jan/2026:11:00:50 +0700] "GET /product/kuih-bahulu_50s-gold-tin-2/ HTTP/2" 200 35640 "-" "Mozilla/5.0 AppleWebKit/537.36 (KHTML, like Gecko; compatible; GPTBot/1.3; +https://openai.com/gptbot)"
74.7.227.149 - - [11/Jan/2026:11:00:52 +0700] "GET /product/mini-popiah_5kg-x-1/feed/ HTTP/2" 200 419 "-" "Mozilla/5.0 AppleWebKit/537.36 (KHTML, like Gecko; compatible; GPTBot/1.3; +https://openai.com/gptbot)"
74.7.227.149 - - [11/Jan/2026:11:00:52 +0700] "GET /product/crispy-sotong-roll-l/feed/ HTTP/2" 200 422 "-" "Mozilla/5.0 AppleWebKit/537.36 (KHTML, like Gecko; compatible; GPTBot/1.3; +https://openai.com/gptbot)"
74.7.227.149 - - [11/Jan/2026:11:00:53 +0700] "GET /wp-json/oembed/1.0/embed?url=https%3A%2F%2Fview.lotushomemade.com%2Fproduct%2Fcrispy-sotong-roll-l%2F HTTP/2" 200 1121 "-" "Mozilla/5.0 AppleWebKit/537.36 (KHTML, like Gecko; compatible; GPTBot/1.3; +https://openai.com/gptbot)"
74.7.227.149 - - [11/Jan/2026:11:00:54 +0700] "GET /wp-json/oembed/1.0/embed?url=https%3A%2F%2Fview.lotushomemade.com%2Fproduct%2Fmini-popiah_5kg-x-1%2F HTTP/2" 200 1117 "-" "Mozilla/5.0 AppleWebKit/537.36 (KHTML, like Gecko; compatible; GPTBot/1.3; +https://openai.com/gptbot)"
74.7.227.149 - - [11/Jan/2026:11:00:55 +0700] "GET /wp-json/wp/v2/product/8372 HTTP/2" 200 672 "-" "Mozilla/5.0 AppleWebKit/537.36 (KHTML, like Gecko; compatible; GPTBot/1.3; +https://openai.com/gptbot)"
74.7.227.149 - - [11/Jan/2026:11:00:55 +0700] "GET /wp-json/wp/v2/product/8649 HTTP/2" 200 682 "-" "Mozilla/5.0 AppleWebKit/537.36 (KHTML, like Gecko; compatible; GPTBot/1.3; +https://openai.com/gptbot)"
74.7.228.206 - - [11/Jan/2026:11:00:55 +0700] "GET /wp-content/uploads/2023/10/2004_1.png HTTP/2" 200 861394 "-" "Mozilla/5.0 (Macintosh; Intel Mac OS X 10_15_7) AppleWebKit/537.36 (KHTML, like Gecko) Chrome/131.0.0.0 Safari/537.36; compatible; OAI-SearchBot/1.3; +https://openai.com/searchbot"
74.7.227.149 - - [11/Jan/2026:11:00:56 +0700] "GET /product/salted-egg-potato-chips-l/ HTTP/2" 200 35795 "-" "Mozilla/5.0 AppleWebKit/537.36 (KHTML, like Gecko; compatible; GPTBot/1.3; +https://openai.com/gptbot)"
74.7.227.149 - - [11/Jan/2026:11:00:58 +0700] "GET /product/seaweed-cuttle-fish-l/ HTTP/2" 200 35857 "-" "Mozilla/5.0 AppleWebKit/537.36 (KHTML, like Gecko; compatible; GPTBot/1.3; +https://openai.com/gptbot)"
74.7.227.149 - - [11/Jan/2026:11:01:00 +0700] "GET /?p=8435 HTTP/2" 301 0 "-" "Mozilla/5.0 AppleWebKit/537.36 (KHTML, like Gecko; compatible; GPTBot/1.3; +https://openai.com/gptbot)"
74.7.227.149 - - [11/Jan/2026:11:01:01 +0700] "GET /product/crispy-lotus-root_8118-l/ HTTP/2" 200 35874 "-" "Mozilla/5.0 AppleWebKit/537.36 (KHTML, like Gecko; compatible; GPTBot/1.3; +https://openai.com/gptbot)"
74.7.227.149 - - [11/Jan/2026:11:01:03 +0700] "GET /?p=8342 HTTP/2" 301 0 "-" "Mozilla/5.0 AppleWebKit/537.36 (KHTML, like Gecko; compatible; GPTBot/1.3; +https://openai.com/gptbot)"
74.7.227.149 - - [11/Jan/2026:11:01:03 +0700] "GET /product/honey-bahulu_ms3000-cp/ HTTP/2" 200 36081 "-" "Mozilla/5.0 AppleWebKit/537.36 (KHTML, like Gecko; compatible; GPTBot/1.3; +https://openai.com/gptbot)"
74.7.227.149 - - [11/Jan/2026:11:01:05 +0700] "GET /?p=8350 HTTP/2" 301 0 "-" "Mozilla/5.0 AppleWebKit/537.36 (KHTML, like Gecko; compatible; GPTBot/1.3; +https://openai.com/gptbot)"
74.7.227.149 - - [11/Jan/2026:11:01:06 +0700] "GET /product/kuih-bahulu_50s-gold-tin-2/ HTTP/2" 200 35616 "-" "Mozilla/5.0 AppleWebKit/537.36 (KHTML, like Gecko; compatible; GPTBot/1.3; +https://openai.com/gptbot)"
74.7.227.149 - - [11/Jan/2026:11:01:08 +0700] "GET /product/salted-egg-potato-chips_8118-l/ HTTP/2" 200 35807 "-" "Mozilla/5.0 AppleWebKit/537.36 (KHTML, like Gecko; compatible; GPTBot/1.3; +https://openai.com/gptbot)"
74.7.227.149 - - [11/Jan/2026:11:01:10 +0700] "GET /product/si-chuan-mala-fish-skin-lg/ HTTP/2" 200 36038 "-" "Mozilla/5.0 AppleWebKit/537.36 (KHTML, like Gecko; compatible; GPTBot/1.3; +https://openai.com/gptbot)"
74.7.227.149 - - [11/Jan/2026:11:01:12 +0700] "GET /product/crispy-lotus-root_8118-l/feed/ HTTP/2" 200 427 "-" "Mozilla/5.0 AppleWebKit/537.36 (KHTML, like Gecko; compatible; GPTBot/1.3; +https://openai.com/gptbot)"
74.7.227.149 - - [11/Jan/2026:11:01:12 +0700] "GET /product/honey-bahulu_ms3000-cp/feed/ HTTP/2" 200 426 "-" "Mozilla/5.0 AppleWebKit/537.36 (KHTML, like Gecko; compatible; GPTBot/1.3; +https://openai.com/gptbot)"
74.7.227.149 - - [11/Jan/2026:11:01:13 +0700] "GET /product/kuih-bahulu_50s-gold-tin-2/feed/ HTTP/2" 200 443 "-" "Mozilla/5.0 AppleWebKit/537.36 (KHTML, like Gecko; compatible; GPTBot/1.3; +https://openai.com/gptbot)"
74.7.227.149 - - [11/Jan/2026:11:01:14 +0700] "GET /wp-json/oembed/1.0/embed?url=https%3A%2F%2Fview.lotushomemade.com%2Fproduct%2Fcrispy-lotus-root_8118-l%2F HTTP/2" 200 1127 "-" "Mozilla/5.0 AppleWebKit/537.36 (KHTML, like Gecko; compatible; GPTBot/1.3; +https://openai.com/gptbot)"
74.7.227.149 - - [11/Jan/2026:11:01:15 +0700] "GET /?p=8423 HTTP/2" 301 0 "-" "Mozilla/5.0 AppleWebKit/537.36 (KHTML, like Gecko; compatible; GPTBot/1.3; +https://openai.com/gptbot)"
74.7.227.149 - - [11/Jan/2026:11:01:15 +0700] "GET /product/salted-egg-potato-chips-l/ HTTP/2" 200 35844 "-" "Mozilla/5.0 AppleWebKit/537.36 (KHTML, like Gecko; compatible; GPTBot/1.3; +https://openai.com/gptbot)"
74.7.227.149 - - [11/Jan/2026:11:01:17 +0700] "GET /?p=8403 HTTP/2" 301 0 "-" "Mozilla/5.0 AppleWebKit/537.36 (KHTML, like Gecko; compatible; GPTBot/1.3; +https://openai.com/gptbot)"
74.7.227.149 - - [11/Jan/2026:11:01:18 +0700] "GET /product/seaweed-cuttle-fish-l/ HTTP/2" 200 35881 "-" "Mozilla/5.0 AppleWebKit/537.36 (KHTML, like Gecko; compatible; GPTBot/1.3; +https://openai.com/gptbot)"
74.7.227.149 - - [11/Jan/2026:11:01:20 +0700] "GET /product/spicy-salted-egg-fish-skin_8118-a-l/ HTTP/2" 200 35785 "-" "Mozilla/5.0 AppleWebKit/537.36 (KHTML, like Gecko; compatible; GPTBot/1.3; +https://openai.com/gptbot)"
74.7.227.149 - - [11/Jan/2026:11:01:22 +0700] "GET /product/coconut-honeycomb-xxl/ HTTP/2" 200 35753 "-" "Mozilla/5.0 AppleWebKit/537.36 (KHTML, like Gecko; compatible; GPTBot/1.3; +https://openai.com/gptbot)"
74.7.227.149 - - [11/Jan/2026:11:01:24 +0700] "GET /product/crispy-mini-bahulu_8142-xl/ HTTP/2" 200 35646 "-" "Mozilla/5.0 AppleWebKit/537.36 (KHTML, like Gecko; compatible; GPTBot/1.3; +https://openai.com/gptbot)"
74.7.227.149 - - [11/Jan/2026:11:01:26 +0700] "GET /?p=8425 HTTP/2" 301 0 "-" "Mozilla/5.0 AppleWebKit/537.36 (KHTML, like Gecko; compatible; GPTBot/1.3; +https://openai.com/gptbot)"
114.119.156.27 - - [11/Jan/2026:11:01:26 +0700] "GET /shop/page/8/?orderby=popularity&per_row=4&per_page=8&shop_view=grid HTTP/1.1" 200 39392 "https://view.lotushomemade.com/shop/page/8/?orderby=popularity&per_row=4&per_page=8&shop_view=grid" "Mozilla/5.0 (Linux; Android 7.0;) AppleWebKit/537.36 (KHTML, like Gecko) Mobile Safari/537.36 (compatible; PetalBot;+https://webmaster.petalsearch.com/site/petalbot)"
74.7.227.149 - - [11/Jan/2026:11:01:26 +0700] "GET /product/salted-egg-potato-chips_8118-l/ HTTP/2" 200 35844 "-" "Mozilla/5.0 AppleWebKit/537.36 (KHTML, like Gecko; compatible; GPTBot/1.3; +https://openai.com/gptbot)"
74.7.227.149 - - [11/Jan/2026:11:01:28 +0700] "GET /?p=8409 HTTP/2" 301 0 "-" "Mozilla/5.0 AppleWebKit/537.36 (KHTML, like Gecko; compatible; GPTBot/1.3; +https://openai.com/gptbot)"
74.7.227.149 - - [11/Jan/2026:11:01:29 +0700] "GET /product/si-chuan-mala-fish-skin-lg/ HTTP/2" 200 36060 "-" "Mozilla/5.0 AppleWebKit/537.36 (KHTML, like Gecko; compatible; GPTBot/1.3; +https://openai.com/gptbot)"
74.7.227.149 - - [11/Jan/2026:11:01:31 +0700] "GET /product/crispy-lotus-root_8166-xl/ HTTP/2" 200 35959 "-" "Mozilla/5.0 AppleWebKit/537.36 (KHTML, like Gecko; compatible; GPTBot/1.3; +https://openai.com/gptbot)"
103.131.51.123 - - [11/Jan/2026:11:01:34 +0700] "POST /wp-cron.php?doing_wp_cron=1768104094.4230439662933349609375 HTTP/1.1" 200 474 "-" "WordPress/6.9; https://view.lotushomemade.com"
74.7.227.149 - - [11/Jan/2026:11:01:33 +0700] "GET /product/mala-fish-skin_8118-l/ HTTP/2" 200 35773 "-" "Mozilla/5.0 AppleWebKit/537.36 (KHTML, like Gecko; compatible; GPTBot/1.3; +https://openai.com/gptbot)"
74.7.227.149 - - [11/Jan/2026:11:01:34 +0700] "GET /product/salted-egg-potato-chips_8118-l/feed/ HTTP/2" 200 436 "-" "Mozilla/5.0 AppleWebKit/537.36 (KHTML, like Gecko; compatible; GPTBot/1.3; +https://openai.com/gptbot)"
74.7.227.149 - - [11/Jan/2026:11:01:35 +0700] "GET /product/seaweed-cuttle-fish-l/feed/ HTTP/2" 200 424 "-" "Mozilla/5.0 AppleWebKit/537.36 (KHTML, like Gecko; compatible; GPTBot/1.3; +https://openai.com/gptbot)"
74.7.227.149 - - [11/Jan/2026:11:01:36 +0700] "GET /product/crispy-cuttlefish-slice_original_8150-l/ HTTP/2" 200 35784 "-" "Mozilla/5.0 AppleWebKit/537.36 (KHTML, like Gecko; compatible; GPTBot/1.3; +https://openai.com/gptbot)"
74.7.227.149 - - [11/Jan/2026:11:01:38 +0700] "GET /product/salted-egg-potato-chips-l/feed/ HTTP/2" 200 428 "-" "Mozilla/5.0 AppleWebKit/537.36 (KHTML, like Gecko; compatible; GPTBot/1.3; +https://openai.com/gptbot)"
74.7.227.149 - - [11/Jan/2026:11:01:39 +0700] "GET /?p=8419 HTTP/2" 301 0 "-" "Mozilla/5.0 AppleWebKit/537.36 (KHTML, like Gecko; compatible; GPTBot/1.3; +https://openai.com/gptbot)"
74.7.227.149 - - [11/Jan/2026:11:01:39 +0700] "GET /product/spicy-salted-egg-fish-skin_8118-a-l/ HTTP/2" 200 35800 "-" "Mozilla/5.0 AppleWebKit/537.36 (KHTML, like Gecko; compatible; GPTBot/1.3; +https://openai.com/gptbot)"
74.7.227.149 - - [11/Jan/2026:11:01:41 +0700] "GET /?p=8502 HTTP/2" 301 0 "-" "Mozilla/5.0 AppleWebKit/537.36 (KHTML, like Gecko; compatible; GPTBot/1.3; +https://openai.com/gptbot)"
74.7.227.149 - - [11/Jan/2026:11:01:42 +0700] "GET /product/coconut-honeycomb-xxl/ HTTP/2" 200 35909 "-" "Mozilla/5.0 AppleWebKit/537.36 (KHTML, like Gecko; compatible; GPTBot/1.3; +https://openai.com/gptbot)"
74.7.227.149 - - [11/Jan/2026:11:01:44 +0700] "GET /?p=8346 HTTP/2" 301 0 "-" "Mozilla/5.0 AppleWebKit/537.36 (KHTML, like Gecko; compatible; GPTBot/1.3; +https://openai.com/gptbot)"
74.7.227.149 - - [11/Jan/2026:11:01:44 +0700] "GET /product/crispy-mini-bahulu_8142-xl/ HTTP/2" 200 35584 "-" "Mozilla/5.0 AppleWebKit/537.36 (KHTML, like Gecko; compatible; GPTBot/1.3; +https://openai.com/gptbot)"
74.7.227.149 - - [11/Jan/2026:11:01:46 +0700] "GET /product/crispy-mini-bahulu_8142-xl/feed/ HTTP/2" 200 433 "-" "Mozilla/5.0 AppleWebKit/537.36 (KHTML, like Gecko; compatible; GPTBot/1.3; +https://openai.com/gptbot)"
74.7.227.149 - - [11/Jan/2026:11:01:47 +0700] "GET /product/spicy-salted-egg-fish-skin_8118-a-l/feed/ HTTP/2" 200 450 "-" "Mozilla/5.0 AppleWebKit/537.36 (KHTML, like Gecko; compatible; GPTBot/1.3; +https://openai.com/gptbot)"
74.7.227.149 - - [11/Jan/2026:11:01:48 +0700] "GET /?p=8431 HTTP/2" 301 0 "-" "Mozilla/5.0 AppleWebKit/537.36 (KHTML, like Gecko; compatible; GPTBot/1.3; +https://openai.com/gptbot)"
74.7.227.149 - - [11/Jan/2026:11:01:48 +0700] "GET /product/crispy-lotus-root_8166-xl/ HTTP/2" 200 35971 "-" "Mozilla/5.0 AppleWebKit/537.36 (KHTML, like Gecko; compatible; GPTBot/1.3; +https://openai.com/gptbot)"
74.7.227.149 - - [11/Jan/2026:11:01:50 +0700] "GET /?p=8421 HTTP/2" 301 0 "-" "Mozilla/5.0 AppleWebKit/537.36 (KHTML, like Gecko; compatible; GPTBot/1.3; +https://openai.com/gptbot)"
74.7.227.149 - - [11/Jan/2026:11:01:51 +0700] "GET /product/mala-fish-skin_8118-l/ HTTP/2" 200 35966 "-" "Mozilla/5.0 AppleWebKit/537.36 (KHTML, like Gecko; compatible; GPTBot/1.3; +https://openai.com/gptbot)"
74.7.227.149 - - [11/Jan/2026:11:01:53 +0700] "GET /product/crispy-lotus-root_8166-xl/feed/ HTTP/2" 200 430 "-" "Mozilla/5.0 AppleWebKit/537.36 (KHTML, like Gecko; compatible; GPTBot/1.3; +https://openai.com/gptbot)"
74.7.227.149 - - [11/Jan/2026:11:01:54 +0700] "GET /product/mala-fish-skin_8118-l/feed/ HTTP/2" 200 426 "-" "Mozilla/5.0 AppleWebKit/537.36 (KHTML, like Gecko; compatible; GPTBot/1.3; +https://openai.com/gptbot)"
74.7.227.149 - - [11/Jan/2026:11:01:54 +0700] "GET /?p=8392 HTTP/2" 301 0 "-" "Mozilla/5.0 AppleWebKit/537.36 (KHTML, like Gecko; compatible; GPTBot/1.3; +https://openai.com/gptbot)"
74.7.227.149 - - [11/Jan/2026:11:01:55 +0700] "GET /product/crispy-cuttlefish-slice_original_8150-l/ HTTP/2" 200 35956 "-" "Mozilla/5.0 AppleWebKit/537.36 (KHTML, like Gecko; compatible; GPTBot/1.3; +https://openai.com/gptbot)"
74.7.227.149 - - [11/Jan/2026:11:01:57 +0700] "GET /product/crispy-cuttlefish-slice_original_8150-l/feed/ HTTP/2" 200 440 "-" "Mozilla/5.0 AppleWebKit/537.36 (KHTML, like Gecko; compatible; GPTBot/1.3; +https://openai.com/gptbot)"
74.7.227.149 - - [11/Jan/2026:11:01:58 +0700] "GET /product/coconut-honeycomb-xxl/feed/ HTTP/2" 200 422 "-" "Mozilla/5.0 AppleWebKit/537.36 (KHTML, like Gecko; compatible; GPTBot/1.3; +https://openai.com/gptbot)"
74.7.227.149 - - [11/Jan/2026:11:01:58 +0700] "GET /product/si-chuan-mala-fish-skin-lg/feed/ HTTP/2" 200 434 "-" "Mozilla/5.0 AppleWebKit/537.36 (KHTML, like Gecko; compatible; GPTBot/1.3; +https://openai.com/gptbot)"
74.7.227.149 - - [11/Jan/2026:11:01:59 +0700] "GET /wp-json/oembed/1.0/embed?url=https%3A%2F%2Fview.lotushomemade.com%2Fproduct%2Fsi-chuan-mala-fish-skin-lg%2F HTTP/2" 200 1137 "-" "Mozilla/5.0 AppleWebKit/537.36 (KHTML, like Gecko; compatible; GPTBot/1.3; +https://openai.com/gptbot)"
74.7.227.149 - - [11/Jan/2026:11:02:00 +0700] "GET /wp-json/oembed/1.0/embed?url=https%3A%2F%2Fview.lotushomemade.com%2Fproduct%2Fsalted-egg-potato-chips-l%2F HTTP/2" 200 1137 "-" "Mozilla/5.0 AppleWebKit/537.36 (KHTML, like Gecko; compatible; GPTBot/1.3; +https://openai.com/gptbot)"
74.7.227.149 - - [11/Jan/2026:11:02:01 +0700] "GET /wp-json/oembed/1.0/embed?url=https%3A%2F%2Fview.lotushomemade.com%2Fproduct%2Fspicy-salted-egg-fish-skin_8118-a-l%2F HTTP/2" 200 1145 "-" "Mozilla/5.0 AppleWebKit/537.36 (KHTML, like Gecko; compatible; GPTBot/1.3; +https://openai.com/gptbot)"
74.7.227.149 - - [11/Jan/2026:11:02:02 +0700] "GET /wp-json/oembed/1.0/embed?url=https%3A%2F%2Fview.lotushomemade.com%2Fproduct%2Fcrispy-lotus-root_8166-xl%2F HTTP/2" 200 1129 "-" "Mozilla/5.0 AppleWebKit/537.36 (KHTML, like Gecko; compatible; GPTBot/1.3; +https://openai.com/gptbot)"
74.7.227.149 - - [11/Jan/2026:11:02:02 +0700] "GET /wp-json/oembed/1.0/embed?url=https%3A%2F%2Fview.lotushomemade.com%2Fproduct%2Fsalted-egg-potato-chips_8118-l%2F HTTP/2" 200 1131 "-" "Mozilla/5.0 AppleWebKit/537.36 (KHTML, like Gecko; compatible; GPTBot/1.3; +https://openai.com/gptbot)"
74.7.227.149 - - [11/Jan/2026:11:02:03 +0700] "GET /wp-json/oembed/1.0/embed?url=https%3A%2F%2Fview.lotushomemade.com%2Fproduct%2Fkuih-bahulu_50s-gold-tin-2%2F HTTP/2" 200 1134 "-" "Mozilla/5.0 AppleWebKit/537.36 (KHTML, like Gecko; compatible; GPTBot/1.3; +https://openai.com/gptbot)"
74.7.227.149 - - [11/Jan/2026:11:02:04 +0700] "GET /wp-json/oembed/1.0/embed?url=https%3A%2F%2Fview.lotushomemade.com%2Fproduct%2Fcrispy-cuttlefish-slice_original_8150-l%2F HTTP/2" 200 1132 "-" "Mozilla/5.0 AppleWebKit/537.36 (KHTML, like Gecko; compatible; GPTBot/1.3; +https://openai.com/gptbot)"
74.7.227.149 - - [11/Jan/2026:11:02:05 +0700] "GET /wp-json/oembed/1.0/embed?url=https%3A%2F%2Fview.lotushomemade.com%2Fproduct%2Fcrispy-mini-bahulu_8142-xl%2F HTTP/2" 200 1128 "-" "Mozilla/5.0 AppleWebKit/537.36 (KHTML, like Gecko; compatible; GPTBot/1.3; +https://openai.com/gptbot)"
74.7.227.149 - - [11/Jan/2026:11:02:06 +0700] "GET /wp-json/oembed/1.0/embed?url=https%3A%2F%2Fview.lotushomemade.com%2Fproduct%2Fcoconut-honeycomb-xxl%2F HTTP/2" 200 1123 "-" "Mozilla/5.0 AppleWebKit/537.36 (KHTML, like Gecko; compatible; GPTBot/1.3; +https://openai.com/gptbot)"
74.7.227.149 - - [11/Jan/2026:11:02:06 +0700] "GET /wp-json/oembed/1.0/embed?url=https%3A%2F%2Fview.lotushomemade.com%2Fproduct%2Fseaweed-cuttle-fish-l%2F HTTP/2" 200 1118 "-" "Mozilla/5.0 AppleWebKit/537.36 (KHTML, like Gecko; compatible; GPTBot/1.3; +https://openai.com/gptbot)"
74.7.227.149 - - [11/Jan/2026:11:02:07 +0700] "GET /wp-json/oembed/1.0/embed?url=https%3A%2F%2Fview.lotushomemade.com%2Fproduct%2Fhoney-bahulu_ms3000-cp%2F HTTP/2" 200 1123 "-" "Mozilla/5.0 AppleWebKit/537.36 (KHTML, like Gecko; compatible; GPTBot/1.3; +https://openai.com/gptbot)"
74.7.227.149 - - [11/Jan/2026:11:02:08 +0700] "GET /wp-json/oembed/1.0/embed?url=https%3A%2F%2Fview.lotushomemade.com%2Fproduct%2Fmala-fish-skin_8118-l%2F HTTP/2" 200 1126 "-" "Mozilla/5.0 AppleWebKit/537.36 (KHTML, like Gecko; compatible; GPTBot/1.3; +https://openai.com/gptbot)"
74.7.227.149 - - [11/Jan/2026:11:02:09 +0700] "GET /wp-json/wp/v2/product/8392 HTTP/2" 200 672 "-" "Mozilla/5.0 AppleWebKit/537.36 (KHTML, like Gecko; compatible; GPTBot/1.3; +https://openai.com/gptbot)"
74.7.227.149 - - [11/Jan/2026:11:02:10 +0700] "GET /wp-json/wp/v2/product/8346 HTTP/2" 200 663 "-" "Mozilla/5.0 AppleWebKit/537.36 (KHTML, like Gecko; compatible; GPTBot/1.3; +https://openai.com/gptbot)"
74.7.227.149 - - [11/Jan/2026:11:02:10 +0700] "GET /wp-json/wp/v2/product/8431 HTTP/2" 200 676 "-" "Mozilla/5.0 AppleWebKit/537.36 (KHTML, like Gecko; compatible; GPTBot/1.3; +https://openai.com/gptbot)"
74.7.227.149 - - [11/Jan/2026:11:02:11 +0700] "GET /wp-json/wp/v2/product/8425 HTTP/2" 200 670 "-" "Mozilla/5.0 AppleWebKit/537.36 (KHTML, like Gecko; compatible; GPTBot/1.3; +https://openai.com/gptbot)"
74.7.227.149 - - [11/Jan/2026:11:02:12 +0700] "GET /wp-json/wp/v2/product/8421 HTTP/2" 200 662 "-" "Mozilla/5.0 AppleWebKit/537.36 (KHTML, like Gecko; compatible; GPTBot/1.3; +https://openai.com/gptbot)"
74.7.227.149 - - [11/Jan/2026:11:02:13 +0700] "GET /wp-json/wp/v2/product/8350 HTTP/2" 200 669 "-" "Mozilla/5.0 AppleWebKit/537.36 (KHTML, like Gecko; compatible; GPTBot/1.3; +https://openai.com/gptbot)"
74.7.227.149 - - [11/Jan/2026:11:02:14 +0700] "GET /wp-json/wp/v2/product/8502 HTTP/2" 200 670 "-" "Mozilla/5.0 AppleWebKit/537.36 (KHTML, like Gecko; compatible; GPTBot/1.3; +https://openai.com/gptbot)"
74.7.227.149 - - [11/Jan/2026:11:02:15 +0700] "GET /wp-json/wp/v2/product/8403 HTTP/2" 200 661 "-" "Mozilla/5.0 AppleWebKit/537.36 (KHTML, like Gecko; compatible; GPTBot/1.3; +https://openai.com/gptbot)"
74.7.227.149 - - [11/Jan/2026:11:02:15 +0700] "GET /wp-json/wp/v2/product/1127 HTTP/2" 200 792 "-" "Mozilla/5.0 AppleWebKit/537.36 (KHTML, like Gecko; compatible; GPTBot/1.3; +https://openai.com/gptbot)"
74.7.227.149 - - [11/Jan/2026:11:02:16 +0700] "GET /wp-json/wp/v2/product/8352 HTTP/2" 200 661 "-" "Mozilla/5.0 AppleWebKit/537.36 (KHTML, like Gecko; compatible; GPTBot/1.3; +https://openai.com/gptbot)"
74.7.227.149 - - [11/Jan/2026:11:02:17 +0700] "GET /wp-json/wp/v2/product/8435 HTTP/2" 200 678 "-" "Mozilla/5.0 AppleWebKit/537.36 (KHTML, like Gecko; compatible; GPTBot/1.3; +https://openai.com/gptbot)"
74.7.227.149 - - [11/Jan/2026:11:02:18 +0700] "GET /wp-json/wp/v2/product/8423 HTTP/2" 200 678 "-" "Mozilla/5.0 AppleWebKit/537.36 (KHTML, like Gecko; compatible; GPTBot/1.3; +https://openai.com/gptbot)"
74.7.227.149 - - [11/Jan/2026:11:02:19 +0700] "GET /wp-json/wp/v2/product/8409 HTTP/2" 200 674 "-" "Mozilla/5.0 AppleWebKit/537.36 (KHTML, like Gecko; compatible; GPTBot/1.3; +https://openai.com/gptbot)"
74.7.227.149 - - [11/Jan/2026:11:02:20 +0700] "GET /wp-json/wp/v2/product/8342 HTTP/2" 200 668 "-" "Mozilla/5.0 AppleWebKit/537.36 (KHTML, like Gecko; compatible; GPTBot/1.3; +https://openai.com/gptbot)"
74.7.227.149 - - [11/Jan/2026:11:02:20 +0700] "GET /wp-json/wp/v2/product/8419 HTTP/2" 200 685 "-" "Mozilla/5.0 AppleWebKit/537.36 (KHTML, like Gecko; compatible; GPTBot/1.3; +https://openai.com/gptbot)"
74.7.227.149 - - [11/Jan/2026:11:02:21 +0700] "GET /wp-json/oembed/1.0/embed?format=xml&url=https%3A%2F%2Fview.lotushomemade.com%2Fproduct%2Fcrispy-cuttlefish-slice_original_8150-l%2F HTTP/2" 200 1174 "-" "Mozilla/5.0 AppleWebKit/537.36 (KHTML, like Gecko; compatible; GPTBot/1.3; +https://openai.com/gptbot)"
74.7.227.149 - - [11/Jan/2026:11:02:22 +0700] "GET /wp-json/oembed/1.0/embed?format=xml&url=https%3A%2F%2Fview.lotushomemade.com%2Fproduct%2Fscs-butter-pineapple-roll-sg%2F HTTP/2" 200 1172 "-" "Mozilla/5.0 AppleWebKit/537.36 (KHTML, like Gecko; compatible; GPTBot/1.3; +https://openai.com/gptbot)"
74.7.227.149 - - [11/Jan/2026:11:02:23 +0700] "GET /wp-json/oembed/1.0/embed?format=xml&url=https%3A%2F%2Fview.lotushomemade.com%2Fproduct%2Fspicy-salted-egg-fish-skin_8118-a-l%2F HTTP/2" 200 1186 "-" "Mozilla/5.0 AppleWebKit/537.36 (KHTML, like Gecko; compatible; GPTBot/1.3; +https://openai.com/gptbot)"
74.7.227.149 - - [11/Jan/2026:11:02:24 +0700] "GET /wp-json/oembed/1.0/embed?format=xml&url=https%3A%2F%2Fview.lotushomemade.com%2Fproduct%2Fgolden-pineapple-roll-sg%2F HTTP/2" 200 1166 "-" "Mozilla/5.0 AppleWebKit/537.36 (KHTML, like Gecko; compatible; GPTBot/1.3; +https://openai.com/gptbot)"
74.7.227.149 - - [11/Jan/2026:11:02:24 +0700] "GET /wp-json/oembed/1.0/embed?format=xml&url=https%3A%2F%2Fview.lotushomemade.com%2Fproduct%2Fsalted-egg-potato-chips_8118-l%2F HTTP/2" 200 1169 "-" "Mozilla/5.0 AppleWebKit/537.36 (KHTML, like Gecko; compatible; GPTBot/1.3; +https://openai.com/gptbot)"
74.7.227.149 - - [11/Jan/2026:11:02:25 +0700] "GET /wp-json/oembed/1.0/embed?format=xml&url=https%3A%2F%2Fview.lotushomemade.com%2Fproduct%2Fsi-chuan-mala-fish-skin-lg%2F HTTP/2" 200 1171 "-" "Mozilla/5.0 AppleWebKit/537.36 (KHTML, like Gecko; compatible; GPTBot/1.3; +https://openai.com/gptbot)"
74.7.227.149 - - [11/Jan/2026:11:02:26 +0700] "GET /wp-json/oembed/1.0/embed?format=xml&url=https%3A%2F%2Fview.lotushomemade.com%2Fproduct%2Fsalted-egg-potato-chips-l%2F HTTP/2" 200 1171 "-" "Mozilla/5.0 AppleWebKit/537.36 (KHTML, like Gecko; compatible; GPTBot/1.3; +https://openai.com/gptbot)"
74.7.227.149 - - [11/Jan/2026:11:02:27 +0700] "GET /wp-json/oembed/1.0/embed?format=xml&url=https%3A%2F%2Fview.lotushomemade.com%2Fproduct%2Fseaweed-cuttle-fish-l%2F HTTP/2" 200 1156 "-" "Mozilla/5.0 AppleWebKit/537.36 (KHTML, like Gecko; compatible; GPTBot/1.3; +https://openai.com/gptbot)"
74.7.227.149 - - [11/Jan/2026:11:02:28 +0700] "GET /wp-json/oembed/1.0/embed?format=xml&url=https%3A%2F%2Fview.lotushomemade.com%2Fproduct%2Fcrispy-sotong-roll-l%2F HTTP/2" 200 1157 "-" "Mozilla/5.0 AppleWebKit/537.36 (KHTML, like Gecko; compatible; GPTBot/1.3; +https://openai.com/gptbot)"
74.7.227.149 - - [11/Jan/2026:11:02:29 +0700] "GET /wp-json/oembed/1.0/embed?format=xml&url=https%3A%2F%2Fview.lotushomemade.com%2Fproduct%2Fcoconut-honeycomb-xxl%2F HTTP/2" 200 1157 "-" "Mozilla/5.0 AppleWebKit/537.36 (KHTML, like Gecko; compatible; GPTBot/1.3; +https://openai.com/gptbot)"
74.7.227.149 - - [11/Jan/2026:11:02:29 +0700] "GET /wp-json/oembed/1.0/embed?format=xml&url=https%3A%2F%2Fview.lotushomemade.com%2Fproduct%2Fkuih-bahulu_50s-gold-tin-2%2F HTTP/2" 200 1174 "-" "Mozilla/5.0 AppleWebKit/537.36 (KHTML, like Gecko; compatible; GPTBot/1.3; +https://openai.com/gptbot)"
74.7.227.149 - - [11/Jan/2026:11:02:30 +0700] "GET /wp-json/oembed/1.0/embed?format=xml&url=https%3A%2F%2Fview.lotushomemade.com%2Fproduct%2Fhoney-bahulu_ms3000-cp%2F HTTP/2" 200 1163 "-" "Mozilla/5.0 AppleWebKit/537.36 (KHTML, like Gecko; compatible; GPTBot/1.3; +https://openai.com/gptbot)"
74.7.227.149 - - [11/Jan/2026:11:02:31 +0700] "GET /wp-json/oembed/1.0/embed?format=xml&url=https%3A%2F%2Fview.lotushomemade.com%2Fproduct%2Fcrispy-lotus-root_8118-l%2F HTTP/2" 200 1164 "-" "Mozilla/5.0 AppleWebKit/537.36 (KHTML, like Gecko; compatible; GPTBot/1.3; +https://openai.com/gptbot)"
74.7.227.149 - - [11/Jan/2026:11:02:32 +0700] "GET /wp-json/oembed/1.0/embed?format=xml&url=https%3A%2F%2Fview.lotushomemade.com%2Fproduct%2Falmond-london-c%2F HTTP/2" 200 1149 "-" "Mozilla/5.0 AppleWebKit/537.36 (KHTML, like Gecko; compatible; GPTBot/1.3; +https://openai.com/gptbot)"
103.131.51.123 - - [11/Jan/2026:11:02:33 +0700] "POST /wp-cron.php?doing_wp_cron=1768104153.4899110794067382812500 HTTP/1.1" 200 474 "-" "WordPress/6.9; https://view.lotushomemade.com"
74.7.227.149 - - [11/Jan/2026:11:02:32 +0700] "GET /wp-json/oembed/1.0/embed?format=xml&url=https%3A%2F%2Fview.lotushomemade.com%2Fproduct%2Fcrispy-lotus-root_8166-xl%2F HTTP/2" 200 1165 "-" "Mozilla/5.0 AppleWebKit/537.36 (KHTML, like Gecko; compatible; GPTBot/1.3; +https://openai.com/gptbot)"
74.7.227.149 - - [11/Jan/2026:11:02:33 +0700] "GET /wp-json/oembed/1.0/embed?format=xml&url=https%3A%2F%2Fview.lotushomemade.com%2Fproduct%2Fcrispy-mini-bahulu_8142-xl%2F HTTP/2" 200 1168 "-" "Mozilla/5.0 AppleWebKit/537.36 (KHTML, like Gecko; compatible; GPTBot/1.3; +https://openai.com/gptbot)"
74.7.227.149 - - [11/Jan/2026:11:02:34 +0700] "GET /wp-json/oembed/1.0/embed?format=xml&url=https%3A%2F%2Fview.lotushomemade.com%2Fproduct%2Fmini-popiah_5kg-x-1%2F HTTP/2" 200 1153 "-" "Mozilla/5.0 AppleWebKit/537.36 (KHTML, like Gecko; compatible; GPTBot/1.3; +https://openai.com/gptbot)"
74.7.227.149 - - [11/Jan/2026:11:02:35 +0700] "GET /wp-json/oembed/1.0/embed?format=xml&url=https%3A%2F%2Fview.lotushomemade.com%2Fproduct%2Fji-hong_5kg-x-2%2F HTTP/2" 200 1150 "-" "Mozilla/5.0 AppleWebKit/537.36 (KHTML, like Gecko; compatible; GPTBot/1.3; +https://openai.com/gptbot)"
74.7.227.149 - - [11/Jan/2026:11:02:36 +0700] "GET /wp-json/oembed/1.0/embed?format=xml&url=https%3A%2F%2Fview.lotushomemade.com%2Fproduct%2Fmala-fish-skin_8118-l%2F HTTP/2" 200 1158 "-" "Mozilla/5.0 AppleWebKit/537.36 (KHTML, like Gecko; compatible; GPTBot/1.3; +https://openai.com/gptbot)"
74.7.227.149 - - [11/Jan/2026:11:02:37 +0700] "GET /wp-json/oembed/1.0/embed?format=xml&url=https%3A%2F%2Fview.lotushomemade.com%2Fproduct%2Fblack-sesame-ball-cookies-sg%2F HTTP/2" 200 1170 "-" "Mozilla/5.0 AppleWebKit/537.36 (KHTML, like Gecko; compatible; GPTBot/1.3; +https://openai.com/gptbot)"
114.119.148.197 - - [11/Jan/2026:11:02:51 +0700] "GET /shop/page/5?orderby=rating HTTP/1.1" 301 492 "-" "Mozilla/5.0 (Linux; Android 7.0;) AppleWebKit/537.36 (KHTML, like Gecko) Mobile Safari/537.36 (compatible; PetalBot;+https://webmaster.petalsearch.com/site/petalbot)"
114.119.148.197 - - [11/Jan/2026:11:02:52 +0700] "GET /shop/page/5/?orderby=rating HTTP/1.1" 200 39838 "-" "Mozilla/5.0 (Linux; Android 7.0;) AppleWebKit/537.36 (KHTML, like Gecko) Mobile Safari/537.36 (compatible; PetalBot;+https://webmaster.petalsearch.com/site/petalbot)"
103.131.51.123 - - [11/Jan/2026:11:04:15 +0700] "POST /wp-cron.php?doing_wp_cron=1768104255.3694889545440673828125 HTTP/1.1" 200 474 "-" "WordPress/6.9; https://view.lotushomemade.com"
114.119.150.215 - - [11/Jan/2026:11:04:11 +0700] "GET /shop/page/5/?max_price=1050&per_page=8 HTTP/1.1" 200 39516 "https://view.lotushomemade.com/shop/page/2?max_price=1050&per_page=8" "Mozilla/5.0 (Linux; Android 7.0;) AppleWebKit/537.36 (KHTML, like Gecko) Mobile Safari/537.36 (compatible; PetalBot;+https://webmaster.petalsearch.com/site/petalbot)"
