114.119.145.110 - - [10/Jan/2026:22:41:00 +0700] "GET /shop/page/3/?orderby=price&per_page=18 HTTP/1.1" 200 40692 "https://view.lotushomemade.com/shop?orderby=price&per_page=18" "Mozilla/5.0 (Linux; Android 7.0;) AppleWebKit/537.36 (KHTML, like Gecko) Mobile Safari/537.36 (compatible; PetalBot;+https://webmaster.petalsearch.com/site/petalbot)"
103.131.51.123 - - [10/Jan/2026:22:42:26 +0700] "POST /wp-cron.php?doing_wp_cron=1768059746.4125800132751464843750 HTTP/1.1" 200 474 "-" "WordPress/6.9; https://view.lotushomemade.com"
114.119.149.78 - - [10/Jan/2026:22:42:24 +0700] "GET /shop/page/38?stock_status=onsale&per_row=2&shop_view=grid&per_page=8 HTTP/1.1" 301 667 "-" "Mozilla/5.0 (Linux; Android 7.0;) AppleWebKit/537.36 (KHTML, like Gecko) Mobile Safari/537.36 (compatible; PetalBot;+https://webmaster.petalsearch.com/site/petalbot)"
114.119.149.78 - - [10/Jan/2026:22:42:26 +0700] "GET /shop/page/38/?stock_status=onsale&per_row=2&shop_view=grid&per_page=8 HTTP/1.1" 200 39381 "-" "Mozilla/5.0 (Linux; Android 7.0;) AppleWebKit/537.36 (KHTML, like Gecko) Mobile Safari/537.36 (compatible; PetalBot;+https://webmaster.petalsearch.com/site/petalbot)"
103.131.51.123 - - [10/Jan/2026:22:43:48 +0700] "POST /wp-cron.php?doing_wp_cron=1768059828.4965488910675048828125 HTTP/1.1" 200 474 "-" "WordPress/6.9; https://view.lotushomemade.com"
114.119.149.78 - - [10/Jan/2026:22:43:44 +0700] "GET /shop/page/29/?min_price=0&per_row=6&per_page=12&shop_view=grid HTTP/1.1" 200 40415 "https://view.lotushomemade.com/shop/page/27/?min_price=0&per_row=6&per_page=12&shop_view=grid" "Mozilla/5.0 (Linux; Android 7.0;) AppleWebKit/537.36 (KHTML, like Gecko) Mobile Safari/537.36 (compatible; PetalBot;+https://webmaster.petalsearch.com/site/petalbot)"
103.131.51.123 - - [10/Jan/2026:22:45:13 +0700] "POST /wp-cron.php?doing_wp_cron=1768059913.0688130855560302734375 HTTP/1.1" 200 474 "-" "WordPress/6.9; https://view.lotushomemade.com"
114.119.142.208 - - [10/Jan/2026:22:45:09 +0700] "GET /shop/page/22/?orderby=price&per_page=18 HTTP/1.1" 200 38495 "https://view.lotushomemade.com/shop/page/3/?orderby=price&per_page=18" "Mozilla/5.0 (Linux; Android 7.0;) AppleWebKit/537.36 (KHTML, like Gecko) Mobile Safari/537.36 (compatible; PetalBot;+https://webmaster.petalsearch.com/site/petalbot)"
103.131.51.123 - - [10/Jan/2026:22:46:38 +0700] "POST /wp-cron.php?doing_wp_cron=1768059998.4588680267333984375000 HTTP/1.1" 200 474 "-" "WordPress/6.9; https://view.lotushomemade.com"
114.119.151.206 - - [10/Jan/2026:22:46:34 +0700] "GET /shop/page/2/?stock_status=instock&per_row=6&shop_view=grid&per_page=8 HTTP/1.1" 200 40017 "https://view.lotushomemade.com/shop/page/40/?stock_status=instock&per_row=6&shop_view=grid&per_page=8" "Mozilla/5.0 (Linux; Android 7.0;) AppleWebKit/537.36 (KHTML, like Gecko) Mobile Safari/537.36 (compatible; PetalBot;+https://webmaster.petalsearch.com/site/petalbot)"
103.131.51.123 - - [10/Jan/2026:22:48:01 +0700] "POST /wp-cron.php?doing_wp_cron=1768060081.1880021095275878906250 HTTP/1.1" 200 474 "-" "WordPress/6.9; https://view.lotushomemade.com"
114.119.149.78 - - [10/Jan/2026:22:47:57 +0700] "GET /shop/page/2/?min_price=0&max_price=260&stock_status=instock&per_page=18 HTTP/1.1" 200 41740 "https://view.lotushomemade.com/shop/page/20?min_price=0&max_price=260&stock_status=instock&per_page=18" "Mozilla/5.0 (Linux; Android 7.0;) AppleWebKit/537.36 (KHTML, like Gecko) Mobile Safari/537.36 (compatible; PetalBot;+https://webmaster.petalsearch.com/site/petalbot)"
103.131.51.123 - - [10/Jan/2026:22:49:23 +0700] "POST /wp-cron.php?doing_wp_cron=1768060163.6713249683380126953125 HTTP/1.1" 200 474 "-" "WordPress/6.9; https://view.lotushomemade.com"
114.119.149.78 - - [10/Jan/2026:22:49:20 +0700] "GET /shop/page/2/?max_price=1050&per_page=12&stock_status=onsale HTTP/1.1" 200 40727 "https://view.lotushomemade.com/shop/page/30/?max_price=1050&per_page=12&stock_status=onsale" "Mozilla/5.0 (Linux; Android 7.0;) AppleWebKit/537.36 (KHTML, like Gecko) Mobile Safari/537.36 (compatible; PetalBot;+https://webmaster.petalsearch.com/site/petalbot)"
52.167.144.21 - - [10/Jan/2026:22:52:01 +0700] "GET /project-cat/accessories/ HTTP/2" 200 27347 "-" "Mozilla/5.0 AppleWebKit/537.36 (KHTML, like Gecko; compatible; bingbot/2.0; +http://www.bing.com/bingbot.htm) Chrome/116.0.1938.76 Safari/537.36"
103.131.51.123 - - [10/Jan/2026:22:53:06 +0700] "POST /wp-cron.php?doing_wp_cron=1768060386.3342590332031250000000 HTTP/1.1" 200 474 "-" "WordPress/6.9; https://view.lotushomemade.com"
114.119.150.215 - - [10/Jan/2026:22:53:04 +0700] "GET /shop/page/19/?max_price=520 HTTP/1.1" 200 39974 "https://view.lotushomemade.com/shop/page/18/?max_price=520" "Mozilla/5.0 (Linux; Android 7.0;) AppleWebKit/537.36 (KHTML, like Gecko) Mobile Safari/537.36 (compatible; PetalBot;+https://webmaster.petalsearch.com/site/petalbot)"
103.131.51.123 - - [10/Jan/2026:22:53:36 +0700] "POST /wp-cron.php?doing_wp_cron=1768060416.9339148998260498046875 HTTP/1.1" 200 474 "-" "WordPress/6.9; https://view.lotushomemade.com"
114.119.145.110 - - [10/Jan/2026:22:53:35 +0700] "GET /shop/page/19/?max_price=1050&stock_status=onsale&per_row=6&shop_view=grid HTTP/1.1" 200 40198 "https://view.lotushomemade.com/shop/page/17/?max_price=1050&stock_status=onsale&per_row=6&shop_view=grid" "Mozilla/5.0 (Linux; Android 7.0;) AppleWebKit/537.36 (KHTML, like Gecko) Mobile Safari/537.36 (compatible; PetalBot;+https://webmaster.petalsearch.com/site/petalbot)"
114.119.151.206 - - [10/Jan/2026:22:53:59 +0700] "GET /shop/page/19/?max_price=1050&stock_status=onsale&per_page=18 HTTP/1.1" 200 41324 "https://view.lotushomemade.com/shop/page/21?max_price=1050&stock_status=onsale&per_page=18" "Mozilla/5.0 (Linux; Android 7.0;) AppleWebKit/537.36 (KHTML, like Gecko) Mobile Safari/537.36 (compatible; PetalBot;+https://webmaster.petalsearch.com/site/petalbot)"
103.131.51.123 - - [10/Jan/2026:22:54:58 +0700] "POST /wp-cron.php?doing_wp_cron=1768060498.2860910892486572265625 HTTP/1.1" 200 474 "-" "WordPress/6.9; https://view.lotushomemade.com"
114.119.151.206 - - [10/Jan/2026:22:54:56 +0700] "GET /shop/page/19/?max_price=1050&stock_status=onsale HTTP/1.1" 200 40059 "https://view.lotushomemade.com/shop/page/21/?max_price=1050&stock_status=onsale" "Mozilla/5.0 (Linux; Android 7.0;) AppleWebKit/537.36 (KHTML, like Gecko) Mobile Safari/537.36 (compatible; PetalBot;+https://webmaster.petalsearch.com/site/petalbot)"
103.131.51.123 - - [10/Jan/2026:22:56:24 +0700] "POST /wp-cron.php?doing_wp_cron=1768060584.1705780029296875000000 HTTP/1.1" 200 474 "-" "WordPress/6.9; https://view.lotushomemade.com"
114.119.151.206 - - [10/Jan/2026:22:56:20 +0700] "GET /shop/page/19/?max_price=1050&stock_status=instock&shop_view=grid&per_row=2 HTTP/1.1" 200 40191 "https://view.lotushomemade.com/shop/page/18?max_price=1050&stock_status=instock&shop_view=grid&per_row=2" "Mozilla/5.0 (Linux; Android 7.0;) AppleWebKit/537.36 (KHTML, like Gecko) Mobile Safari/537.36 (compatible; PetalBot;+https://webmaster.petalsearch.com/site/petalbot)"
114.119.151.206 - - [10/Jan/2026:22:57:42 +0700] "GET /shop/page/28/?orderby=rating&per_page=8 HTTP/1.1" 200 39183 "https://view.lotushomemade.com/shop/page/25/?orderby=rating&per_page=8" "Mozilla/5.0 (Linux; Android 7.0;) AppleWebKit/537.36 (KHTML, like Gecko) Mobile Safari/537.36 (compatible; PetalBot;+https://webmaster.petalsearch.com/site/petalbot)"
103.131.51.123 - - [10/Jan/2026:22:59:10 +0700] "POST /wp-cron.php?doing_wp_cron=1768060750.8701109886169433593750 HTTP/1.1" 200 474 "-" "WordPress/6.9; https://view.lotushomemade.com"
114.119.130.97 - - [10/Jan/2026:22:59:07 +0700] "GET /shop/page/19/?max_price=1050&stock_status=instock&per_row=6&shop_view=grid HTTP/1.1" 200 40164 "https://view.lotushomemade.com/shop/page/22/?max_price=1050&stock_status=instock&per_row=6&shop_view=grid" "Mozilla/5.0 (Linux; Android 7.0;) AppleWebKit/537.36 (KHTML, like Gecko) Mobile Safari/537.36 (compatible; PetalBot;+https://webmaster.petalsearch.com/site/petalbot)"
103.131.51.123 - - [10/Jan/2026:23:00:34 +0700] "POST /wp-cron.php?doing_wp_cron=1768060834.4914898872375488281250 HTTP/1.1" 200 474 "-" "WordPress/6.9; https://view.lotushomemade.com"
114.119.145.110 - - [10/Jan/2026:23:00:30 +0700] "GET /shop/page/19/?max_price=1050&stock_status=instock&per_row=2&shop_view=grid HTTP/1.1" 200 40169 "https://view.lotushomemade.com/shop/page/17?max_price=1050&stock_status=instock&per_row=2&shop_view=grid" "Mozilla/5.0 (Linux; Android 7.0;) AppleWebKit/537.36 (KHTML, like Gecko) Mobile Safari/537.36 (compatible; PetalBot;+https://webmaster.petalsearch.com/site/petalbot)"
103.131.51.123 - - [10/Jan/2026:23:01:59 +0700] "POST /wp-cron.php?doing_wp_cron=1768060919.5380489826202392578125 HTTP/1.1" 200 474 "-" "WordPress/6.9; https://view.lotushomemade.com"
114.119.149.78 - - [10/Jan/2026:23:01:55 +0700] "GET /shop/page/19/?max_price=1050&stock_status=instock&per_page=12 HTTP/1.1" 200 40144 "https://view.lotushomemade.com/shop/page/20/?max_price=1050&stock_status=instock&per_page=12" "Mozilla/5.0 (Linux; Android 7.0;) AppleWebKit/537.36 (KHTML, like Gecko) Mobile Safari/537.36 (compatible; PetalBot;+https://webmaster.petalsearch.com/site/petalbot)"
103.131.51.123 - - [10/Jan/2026:23:03:22 +0700] "POST /wp-cron.php?doing_wp_cron=1768061002.4283609390258789062500 HTTP/1.1" 200 474 "-" "WordPress/6.9; https://view.lotushomemade.com"
114.119.148.197 - - [10/Jan/2026:23:03:18 +0700] "GET /shop/page/19/?max_price=1050&per_row=6&shop_view=grid HTTP/1.1" 200 40142 "https://view.lotushomemade.com/shop/page/18/?max_price=1050&per_row=6&shop_view=grid" "Mozilla/5.0 (Linux; Android 7.0;) AppleWebKit/537.36 (KHTML, like Gecko) Mobile Safari/537.36 (compatible; PetalBot;+https://webmaster.petalsearch.com/site/petalbot)"
158.174.22.114 - - [10/Jan/2026:23:03:59 +0700] "GET /?add-to-cart=17119 HTTP/1.1" 200 78773 "-" "Mozilla/5.0 (Macintosh; U; PPC Mac OS X 10_8_9; rv:1.9.6.20) Gecko/6911-09-25 00:57:15.702637 Firefox/11.0"
114.119.142.208 - - [10/Jan/2026:23:04:42 +0700] "GET /shop/page/19/?max_price=1050&per_row=4&shop_view=grid&stock_status=instock HTTP/1.1" 200 40197 "https://view.lotushomemade.com/shop/page/19/?max_price=1050&per_row=4&shop_view=grid&stock_status=instock" "Mozilla/5.0 (Linux; Android 7.0;) AppleWebKit/537.36 (KHTML, like Gecko) Mobile Safari/537.36 (compatible; PetalBot;+https://webmaster.petalsearch.com/site/petalbot)"
103.131.51.123 - - [10/Jan/2026:23:06:09 +0700] "POST /wp-cron.php?doing_wp_cron=1768061169.0367970466613769531250 HTTP/1.1" 200 474 "-" "WordPress/6.9; https://view.lotushomemade.com"
114.119.145.110 - - [10/Jan/2026:23:06:05 +0700] "GET /shop/page/19/?max_price=1050&per_row=4&shop_view=grid&per_page=18 HTTP/1.1" 200 41421 "https://view.lotushomemade.com/shop/page/21/?max_price=1050&per_row=4&shop_view=grid&per_page=18" "Mozilla/5.0 (Linux; Android 7.0;) AppleWebKit/537.36 (KHTML, like Gecko) Mobile Safari/537.36 (compatible; PetalBot;+https://webmaster.petalsearch.com/site/petalbot)"
103.131.51.123 - - [10/Jan/2026:23:06:36 +0700] "POST /wp-cron.php?doing_wp_cron=1768061196.2055189609527587890625 HTTP/1.1" 200 474 "-" "WordPress/6.9; https://view.lotushomemade.com"
66.249.70.98 - - [10/Jan/2026:23:06:34 +0700] "GET /shop/?max_price=1040&stock_status=instock%2Consale&per_page=24&shop_view=grid&per_row=4 HTTP/1.1" 200 36072 "-" "Mozilla/5.0 (Linux; Android 6.0.1; Nexus 5X Build/MMB29P) AppleWebKit/537.36 (KHTML, like Gecko) Chrome/143.0.7499.192 Mobile Safari/537.36 (compatible; Googlebot/2.1; +http://www.google.com/bot.html)"
66.249.70.97 - - [10/Jan/2026:23:06:56 +0700] "GET /wp-content/plugins/revslider/public/assets/js/rs6.min.js?ver=6.6.18 HTTP/1.1" 200 104261 "https://view.lotushomemade.com/shop/?max_price=1040&stock_status=instock%2Consale&per_page=24&shop_view=grid&per_row=4" "Mozilla/5.0 (Linux; Android 6.0.1; Nexus 5X Build/MMB29P) AppleWebKit/537.36 (KHTML, like Gecko) Chrome/143.0.7499.169 Mobile Safari/537.36 (compatible; Googlebot/2.1; +http://www.google.com/bot.html)"
114.119.151.206 - - [10/Jan/2026:23:07:29 +0700] "GET /shop/page/19/?max_price=1050&per_row=4&shop_view=grid&per_page=18 HTTP/1.1" 200 41421 "https://view.lotushomemade.com/shop/page/21/?max_price=1050&per_row=4&shop_view=grid&per_page=18" "Mozilla/5.0 (Linux; Android 7.0;) AppleWebKit/537.36 (KHTML, like Gecko) Mobile Safari/537.36 (compatible; PetalBot;+https://webmaster.petalsearch.com/site/petalbot)"
103.131.51.123 - - [10/Jan/2026:23:08:56 +0700] "POST /wp-cron.php?doing_wp_cron=1768061336.0825960636138916015625 HTTP/1.1" 200 474 "-" "WordPress/6.9; https://view.lotushomemade.com"
114.119.145.110 - - [10/Jan/2026:23:08:52 +0700] "GET /shop/page/19/?max_price=1050&per_row=2&shop_view=grid&per_page=18 HTTP/1.1" 200 41414 "https://view.lotushomemade.com/shop/page/18/?max_price=1050&per_row=2&shop_view=grid&per_page=18" "Mozilla/5.0 (Linux; Android 7.0;) AppleWebKit/537.36 (KHTML, like Gecko) Mobile Safari/537.36 (compatible; PetalBot;+https://webmaster.petalsearch.com/site/petalbot)"
114.119.149.78 - - [10/Jan/2026:23:10:16 +0700] "GET /shop/page/19/?max_price=1050&per_row=2&shop_view=grid&per_page=12 HTTP/1.1" 200 40211 "https://view.lotushomemade.com/shop/page/18/?max_price=1050&per_row=2&shop_view=grid&per_page=12" "Mozilla/5.0 (Linux; Android 7.0;) AppleWebKit/537.36 (KHTML, like Gecko) Mobile Safari/537.36 (compatible; PetalBot;+https://webmaster.petalsearch.com/site/petalbot)"
114.119.149.78 - - [10/Jan/2026:23:11:40 +0700] "GET /shop/page/19/?max_price=1050&per_page=18 HTTP/1.1" 200 41278 "https://view.lotushomemade.com/shop/page/22/?max_price=1050&per_page=18" "Mozilla/5.0 (Linux; Android 7.0;) AppleWebKit/537.36 (KHTML, like Gecko) Mobile Safari/537.36 (compatible; PetalBot;+https://webmaster.petalsearch.com/site/petalbot)"
40.77.167.61 - - [10/Jan/2026:23:12:33 +0700] "GET /product/mini-egg-roll_8142-xl/ HTTP/2" 200 36016 "-" "Mozilla/5.0 AppleWebKit/537.36 (KHTML, like Gecko; compatible; bingbot/2.0; +http://www.bing.com/bingbot.htm) Chrome/116.0.1938.76 Safari/537.36"
103.131.51.123 - - [10/Jan/2026:23:13:07 +0700] "POST /wp-cron.php?doing_wp_cron=1768061587.4715230464935302734375 HTTP/1.1" 200 474 "-" "WordPress/6.9; https://view.lotushomemade.com"
114.119.148.197 - - [10/Jan/2026:23:13:06 +0700] "GET /shop/page/19/?max_price=1050 HTTP/1.1" 200 39966 "https://view.lotushomemade.com/shop/page/22/?max_price=1050" "Mozilla/5.0 (Linux; Android 7.0;) AppleWebKit/537.36 (KHTML, like Gecko) Mobile Safari/537.36 (compatible; PetalBot;+https://webmaster.petalsearch.com/site/petalbot)"
66.249.70.99 - - [10/Jan/2026:23:13:19 +0700] "GET /product/kai-yun-nian-gao_5s/ HTTP/1.1" 200 36527 "-" "Mozilla/5.0 (Linux; Android 6.0.1; Nexus 5X Build/MMB29P) AppleWebKit/537.36 (KHTML, like Gecko) Chrome/143.0.7499.192 Mobile Safari/537.36 (compatible; Googlebot/2.1; +http://www.google.com/bot.html)"
103.131.51.123 - - [10/Jan/2026:23:13:40 +0700] "POST /wp-cron.php?doing_wp_cron=1768061620.9220509529113769531250 HTTP/1.1" 200 474 "-" "WordPress/6.9; https://view.lotushomemade.com"
47.128.114.158 - - [10/Jan/2026:23:13:40 +0700] "GET /robots.txt HTTP/1.1" 200 624 "-" "Mozilla/5.0 (Linux; Android 5.0) AppleWebKit/537.36 (KHTML, like Gecko) Mobile Safari/537.36 (compatible; Bytespider; spider-feedback@bytedance.com)"
114.119.156.27 - - [10/Jan/2026:23:14:29 +0700] "GET /shop/page/19/?max_price=1040&stock_status=onsale&shop_view=grid&per_row=4 HTTP/1.1" 200 40177 "https://view.lotushomemade.com/shop/page/21/?max_price=1040&stock_status=onsale&shop_view=grid&per_row=4" "Mozilla/5.0 (Linux; Android 7.0;) AppleWebKit/537.36 (KHTML, like Gecko) Mobile Safari/537.36 (compatible; PetalBot;+https://webmaster.petalsearch.com/site/petalbot)"
103.131.51.123 - - [10/Jan/2026:23:15:55 +0700] "POST /wp-cron.php?doing_wp_cron=1768061755.0896019935607910156250 HTTP/1.1" 200 474 "-" "WordPress/6.9; https://view.lotushomemade.com"
114.119.130.97 - - [10/Jan/2026:23:15:51 +0700] "GET /shop/page/19/?max_price=1040&stock_status=onsale&per_row=6&shop_view=grid HTTP/1.1" 200 40198 "https://view.lotushomemade.com/shop/page/21/?max_price=1040&stock_status=onsale&per_row=6&shop_view=grid" "Mozilla/5.0 (Linux; Android 7.0;) AppleWebKit/537.36 (KHTML, like Gecko) Mobile Safari/537.36 (compatible; PetalBot;+https://webmaster.petalsearch.com/site/petalbot)"
103.131.51.123 - - [10/Jan/2026:23:17:18 +0700] "POST /wp-cron.php?doing_wp_cron=1768061838.1135380268096923828125 HTTP/1.1" 200 474 "-" "WordPress/6.9; https://view.lotushomemade.com"
114.119.156.27 - - [10/Jan/2026:23:17:14 +0700] "GET /shop/page/19/?max_price=1040&stock_status=instock HTTP/1.1" 200 40059 "https://view.lotushomemade.com/shop/page/19?max_price=1040&stock_status=instock" "Mozilla/5.0 (Linux; Android 7.0;) AppleWebKit/537.36 (KHTML, like Gecko) Mobile Safari/537.36 (compatible; PetalBot;+https://webmaster.petalsearch.com/site/petalbot)"
66.249.71.131 - - [10/Jan/2026:23:17:31 +0700] "POST /?wc-ajax=get_refreshed_fragments HTTP/1.1" 200 1297 "https://view.lotushomemade.com/product/kai-yun-nian-gao_5s/" "Mozilla/5.0 (Linux; Android 6.0.1; Nexus 5X Build/MMB29P) AppleWebKit/537.36 (KHTML, like Gecko) Chrome/143.0.7499.169 Mobile Safari/537.36 (compatible; Googlebot/2.1; +http://www.google.com/bot.html)"
103.131.51.123 - - [10/Jan/2026:23:18:41 +0700] "POST /wp-cron.php?doing_wp_cron=1768061921.1592190265655517578125 HTTP/1.1" 200 474 "-" "WordPress/6.9; https://view.lotushomemade.com"
114.119.156.27 - - [10/Jan/2026:23:18:39 +0700] "GET /shop/page/19/?max_price=1040&shop_view=grid&per_row=2 HTTP/1.1" 200 40144 "https://view.lotushomemade.com/shop/page/19?max_price=1040&shop_view=grid&per_row=2" "Mozilla/5.0 (Linux; Android 7.0;) AppleWebKit/537.36 (KHTML, like Gecko) Mobile Safari/537.36 (compatible; PetalBot;+https://webmaster.petalsearch.com/site/petalbot)"
103.131.51.123 - - [10/Jan/2026:23:20:14 +0700] "POST /wp-cron.php?doing_wp_cron=1768062014.3814029693603515625000 HTTP/1.1" 200 474 "-" "WordPress/6.9; https://view.lotushomemade.com"
114.119.148.197 - - [10/Jan/2026:23:20:10 +0700] "GET /shop/page/19/?max_price=1040&per_row=6&per_page=8&shop_view=grid HTTP/1.1" 200 39591 "https://view.lotushomemade.com/shop/page/22/?max_price=1040&per_row=6&per_page=8&shop_view=grid" "Mozilla/5.0 (Linux; Android 7.0;) AppleWebKit/537.36 (KHTML, like Gecko) Mobile Safari/537.36 (compatible; PetalBot;+https://webmaster.petalsearch.com/site/petalbot)"
114.119.142.208 - - [10/Jan/2026:23:21:28 +0700] "GET /shop/page/19/?max_price=1040&per_row=4&per_page=8&shop_view=grid HTTP/1.1" 200 39589 "https://view.lotushomemade.com/shop/page/22/?max_price=1040&per_row=4&per_page=8&shop_view=grid" "Mozilla/5.0 (Linux; Android 7.0;) AppleWebKit/537.36 (KHTML, like Gecko) Mobile Safari/537.36 (compatible; PetalBot;+https://webmaster.petalsearch.com/site/petalbot)"
103.131.51.123 - - [10/Jan/2026:23:22:56 +0700] "POST /wp-cron.php?doing_wp_cron=1768062176.3951869010925292968750 HTTP/1.1" 200 474 "-" "WordPress/6.9; https://view.lotushomemade.com"
114.119.149.78 - - [10/Jan/2026:23:22:52 +0700] "GET /shop/page/19/?max_price=1040&per_row=2&shop_view=grid&per_page=18 HTTP/1.1" 200 41370 "https://view.lotushomemade.com/shop/page/18/?max_price=1040&per_row=2&shop_view=grid&per_page=18" "Mozilla/5.0 (Linux; Android 7.0;) AppleWebKit/537.36 (KHTML, like Gecko) Mobile Safari/537.36 (compatible; PetalBot;+https://webmaster.petalsearch.com/site/petalbot)"
103.131.51.123 - - [10/Jan/2026:23:24:16 +0700] "POST /wp-cron.php?doing_wp_cron=1768062256.7884390354156494140625 HTTP/1.1" 200 474 "-" "WordPress/6.9; https://view.lotushomemade.com"
114.119.149.78 - - [10/Jan/2026:23:24:13 +0700] "GET /shop/page/19/?max_price=1040&per_row=2&per_page=12&shop_view=grid HTTP/1.1" 200 40217 "https://view.lotushomemade.com/shop/page/21/?max_price=1040&per_row=2&per_page=12&shop_view=grid" "Mozilla/5.0 (Linux; Android 7.0;) AppleWebKit/537.36 (KHTML, like Gecko) Mobile Safari/537.36 (compatible; PetalBot;+https://webmaster.petalsearch.com/site/petalbot)"
103.131.51.123 - - [10/Jan/2026:23:25:40 +0700] "POST /wp-cron.php?doing_wp_cron=1768062339.8610160350799560546875 HTTP/1.1" 200 474 "-" "WordPress/6.9; https://view.lotushomemade.com"
114.119.148.197 - - [10/Jan/2026:23:25:36 +0700] "GET /shop/page/19/?max_price=1040&per_page=8 HTTP/1.1" 200 39472 "https://view.lotushomemade.com/shop/page/21/?max_price=1040&per_page=8" "Mozilla/5.0 (Linux; Android 7.0;) AppleWebKit/537.36 (KHTML, like Gecko) Mobile Safari/537.36 (compatible; PetalBot;+https://webmaster.petalsearch.com/site/petalbot)"
66.249.70.98 - - [10/Jan/2026:23:26:15 +0700] "GET /product/gold-mama-premium-kuih-kapit-tin/ HTTP/1.1" 200 37234 "-" "Mozilla/5.0 (Linux; Android 6.0.1; Nexus 5X Build/MMB29P) AppleWebKit/537.36 (KHTML, like Gecko) Chrome/143.0.7499.192 Mobile Safari/537.36 (compatible; Googlebot/2.1; +http://www.google.com/bot.html)"
66.249.71.130 - - [10/Jan/2026:23:26:25 +0700] "GET /wp-content/themes/woodmart/css/parts/woo-widget-slider-price-filter.min.css?ver=7.2.5 HTTP/1.1" 200 1233 "https://view.lotushomemade.com/product/gold-mama-premium-kuih-kapit-tin/" "Mozilla/5.0 (Linux; Android 6.0.1; Nexus 5X Build/MMB29P) AppleWebKit/537.36 (KHTML, like Gecko) Chrome/143.0.7499.169 Mobile Safari/537.36 (compatible; Googlebot/2.1; +http://www.google.com/bot.html)"
66.249.70.97 - - [10/Jan/2026:23:26:31 +0700] "GET /wp-content/themes/woodmart/js/scripts/wc/productImages.min.js?ver=7.2.5 HTTP/1.1" 200 1153 "https://view.lotushomemade.com/product/gold-mama-premium-kuih-kapit-tin/" "Mozilla/5.0 (Linux; Android 6.0.1; Nexus 5X Build/MMB29P) AppleWebKit/537.36 (KHTML, like Gecko) Chrome/143.0.7499.169 Mobile Safari/537.36 (compatible; Googlebot/2.1; +http://www.google.com/bot.html)"
103.131.51.123 - - [10/Jan/2026:23:27:01 +0700] "POST /wp-cron.php?doing_wp_cron=1768062421.3066709041595458984375 HTTP/1.1" 200 474 "-" "WordPress/6.9; https://view.lotushomemade.com"
114.119.156.27 - - [10/Jan/2026:23:26:59 +0700] "GET /shop/page/19/?max_price=1040&per_page=12&shop_view=grid&per_row=6 HTTP/1.1" 200 40209 "https://view.lotushomemade.com/shop/page/21/?max_price=1040&per_page=12&shop_view=grid&per_row=6" "Mozilla/5.0 (Linux; Android 7.0;) AppleWebKit/537.36 (KHTML, like Gecko) Mobile Safari/537.36 (compatible; PetalBot;+https://webmaster.petalsearch.com/site/petalbot)"
103.131.51.123 - - [10/Jan/2026:23:28:27 +0700] "POST /wp-cron.php?doing_wp_cron=1768062507.2405469417572021484375 HTTP/1.1" 200 474 "-" "WordPress/6.9; https://view.lotushomemade.com"
114.119.150.215 - - [10/Jan/2026:23:28:24 +0700] "GET /shop/page/19 HTTP/1.1" 301 478 "https://view.lotushomemade.com/shop/page/19?orderby=rating&per_row=2&shop_view=grid" "Mozilla/5.0 (Linux; Android 7.0;) AppleWebKit/537.36 (KHTML, like Gecko) Mobile Safari/537.36 (compatible; PetalBot;+https://webmaster.petalsearch.com/site/petalbot)"
114.119.150.215 - - [10/Jan/2026:23:28:27 +0700] "GET /shop/page/19/ HTTP/1.1" 200 39731 "https://view.lotushomemade.com/shop/page/19?orderby=rating&per_row=2&shop_view=grid" "Mozilla/5.0 (Linux; Android 7.0;) AppleWebKit/537.36 (KHTML, like Gecko) Mobile Safari/537.36 (compatible; PetalBot;+https://webmaster.petalsearch.com/site/petalbot)"
103.131.51.123 - - [10/Jan/2026:23:29:49 +0700] "POST /wp-cron.php?doing_wp_cron=1768062589.3998570442199707031250 HTTP/1.1" 200 474 "-" "WordPress/6.9; https://view.lotushomemade.com"
114.119.149.78 - - [10/Jan/2026:23:29:47 +0700] "GET /shop/page/18?stock_status=onsale&per_row=2&shop_view=grid HTTP/1.1" 301 611 "https://view.lotushomemade.com/shop/page/16/?stock_status=onsale&per_row=2&shop_view=grid" "Mozilla/5.0 (Linux; Android 7.0;) AppleWebKit/537.36 (KHTML, like Gecko) Mobile Safari/537.36 (compatible; PetalBot;+https://webmaster.petalsearch.com/site/petalbot)"
114.119.149.78 - - [10/Jan/2026:23:29:49 +0700] "GET /shop/page/18/?stock_status=onsale&per_row=2&shop_view=grid HTTP/1.1" 200 40305 "https://view.lotushomemade.com/shop/page/16/?stock_status=onsale&per_row=2&shop_view=grid" "Mozilla/5.0 (Linux; Android 7.0;) AppleWebKit/537.36 (KHTML, like Gecko) Mobile Safari/537.36 (compatible; PetalBot;+https://webmaster.petalsearch.com/site/petalbot)"
114.119.150.215 - - [10/Jan/2026:23:31:11 +0700] "GET /shop/page/18?stock_status=onsale&per_page=8&shop_view=grid&per_row=2 HTTP/1.1" 301 667 "https://view.lotushomemade.com/shop/page/16/?stock_status=onsale&per_page=8&shop_view=grid&per_row=2" "Mozilla/5.0 (Linux; Android 7.0;) AppleWebKit/537.36 (KHTML, like Gecko) Mobile Safari/537.36 (compatible; PetalBot;+https://webmaster.petalsearch.com/site/petalbot)"
114.119.150.215 - - [10/Jan/2026:23:31:29 +0700] "GET /shop/page/18/?stock_status=onsale&per_page=8&shop_view=grid&per_row=2 HTTP/1.1" 200 39641 "https://view.lotushomemade.com/shop/page/16/?stock_status=onsale&per_page=8&shop_view=grid&per_row=2" "Mozilla/5.0 (Linux; Android 7.0;) AppleWebKit/537.36 (KHTML, like Gecko) Mobile Safari/537.36 (compatible; PetalBot;+https://webmaster.petalsearch.com/site/petalbot)"
103.131.51.123 - - [10/Jan/2026:23:32:35 +0700] "POST /wp-cron.php?doing_wp_cron=1768062755.3119969367980957031250 HTTP/1.1" 200 474 "-" "WordPress/6.9; https://view.lotushomemade.com"
114.119.130.97 - - [10/Jan/2026:23:32:34 +0700] "GET /shop/page/18?stock_status=onsale&per_page=18 HTTP/1.1" 301 556 "https://view.lotushomemade.com/shop/page/17/?stock_status=onsale&per_page=18" "Mozilla/5.0 (Linux; Android 7.0;) AppleWebKit/537.36 (KHTML, like Gecko) Mobile Safari/537.36 (compatible; PetalBot;+https://webmaster.petalsearch.com/site/petalbot)"
114.119.130.97 - - [10/Jan/2026:23:32:35 +0700] "GET /shop/page/18/?stock_status=onsale&per_page=18 HTTP/1.1" 200 41071 "https://view.lotushomemade.com/shop/page/17/?stock_status=onsale&per_page=18" "Mozilla/5.0 (Linux; Android 7.0;) AppleWebKit/537.36 (KHTML, like Gecko) Mobile Safari/537.36 (compatible; PetalBot;+https://webmaster.petalsearch.com/site/petalbot)"
103.131.51.123 - - [10/Jan/2026:23:34:01 +0700] "POST /wp-cron.php?doing_wp_cron=1768062841.5043408870697021484375 HTTP/1.1" 200 474 "-" "WordPress/6.9; https://view.lotushomemade.com"
114.119.142.208 - - [10/Jan/2026:23:33:59 +0700] "GET /shop/page/18?stock_status=instock&per_row=6&shop_view=grid&per_page=18 HTTP/1.1" 301 670 "https://view.lotushomemade.com/shop/page/17/?stock_status=instock&per_row=6&shop_view=grid&per_page=18" "Mozilla/5.0 (Linux; Android 7.0;) AppleWebKit/537.36 (KHTML, like Gecko) Mobile Safari/537.36 (compatible; PetalBot;+https://webmaster.petalsearch.com/site/petalbot)"
114.119.142.208 - - [10/Jan/2026:23:34:01 +0700] "GET /shop/page/18/?stock_status=instock&per_row=6&shop_view=grid&per_page=18 HTTP/1.1" 200 41207 "https://view.lotushomemade.com/shop/page/17/?stock_status=instock&per_row=6&shop_view=grid&per_page=18" "Mozilla/5.0 (Linux; Android 7.0;) AppleWebKit/537.36 (KHTML, like Gecko) Mobile Safari/537.36 (compatible; PetalBot;+https://webmaster.petalsearch.com/site/petalbot)"
114.119.150.215 - - [10/Jan/2026:23:35:22 +0700] "GET /shop/page/18?per_row=6&shop_view=grid HTTP/1.1" 301 591 "https://view.lotushomemade.com/shop/page/15/?per_row=6&shop_view=grid" "Mozilla/5.0 (Linux; Android 7.0;) AppleWebKit/537.36 (KHTML, like Gecko) Mobile Safari/537.36 (compatible; PetalBot;+https://webmaster.petalsearch.com/site/petalbot)"
114.119.150.215 - - [10/Jan/2026:23:35:29 +0700] "GET /shop/page/18/?per_row=6&shop_view=grid HTTP/1.1" 200 40231 "https://view.lotushomemade.com/shop/page/15/?per_row=6&shop_view=grid" "Mozilla/5.0 (Linux; Android 7.0;) AppleWebKit/537.36 (KHTML, like Gecko) Mobile Safari/537.36 (compatible; PetalBot;+https://webmaster.petalsearch.com/site/petalbot)"
103.131.51.123 - - [10/Jan/2026:23:36:49 +0700] "POST /wp-cron.php?doing_wp_cron=1768063009.3050038814544677734375 HTTP/1.1" 200 474 "-" "WordPress/6.9; https://view.lotushomemade.com"
114.119.148.197 - - [10/Jan/2026:23:36:47 +0700] "GET /shop/page/18?per_row=4&shop_view=grid&per_page=12 HTTP/1.1" 301 649 "https://view.lotushomemade.com/shop/page/15/?per_row=4&shop_view=grid&per_page=12" "Mozilla/5.0 (Linux; Android 7.0;) AppleWebKit/537.36 (KHTML, like Gecko) Mobile Safari/537.36 (compatible; PetalBot;+https://webmaster.petalsearch.com/site/petalbot)"
114.119.148.197 - - [10/Jan/2026:23:36:49 +0700] "GET /shop/page/18/?per_row=4&shop_view=grid&per_page=12 HTTP/1.1" 200 40324 "https://view.lotushomemade.com/shop/page/15/?per_row=4&shop_view=grid&per_page=12" "Mozilla/5.0 (Linux; Android 7.0;) AppleWebKit/537.36 (KHTML, like Gecko) Mobile Safari/537.36 (compatible; PetalBot;+https://webmaster.petalsearch.com/site/petalbot)"
103.131.51.123 - - [10/Jan/2026:23:37:38 +0700] "POST /wp-cron.php?doing_wp_cron=1768063058.2939939498901367187500 HTTP/1.1" 200 474 "-" "WordPress/6.9; https://view.lotushomemade.com"
43.173.181.200 - - [10/Jan/2026:23:37:32 +0700] "GET / HTTP/1.1" 200 862100 "http://view.lotushomemade.com/" "Mozilla/5.0 (Windows NT 10.0; Win64; x64) AppleWebKit/537.36 (KHTML, like Gecko) Chrome/124.0.0.0 Safari/537.36"
43.173.177.233 - - [10/Jan/2026:23:37:47 +0700] "GET / HTTP/1.1" 200 862057 "http://view.lotushomemade.com" "Mozilla/5.0 (Windows NT 10.0; Win64; x64) AppleWebKit/537.36 (KHTML, like Gecko) Chrome/117.0.0.0 Safari/537.36"
114.119.156.27 - - [10/Jan/2026:23:38:10 +0700] "GET /shop/page/18?per_row=4&per_page=8&shop_view=grid&stock_status=onsale HTTP/1.1" 301 667 "https://view.lotushomemade.com/shop/page/15/?per_row=4&per_page=8&shop_view=grid&stock_status=onsale" "Mozilla/5.0 (Linux; Android 7.0;) AppleWebKit/537.36 (KHTML, like Gecko) Mobile Safari/537.36 (compatible; PetalBot;+https://webmaster.petalsearch.com/site/petalbot)"
114.119.156.27 - - [10/Jan/2026:23:38:10 +0700] "GET /shop/page/18/?per_row=4&per_page=8&shop_view=grid&stock_status=onsale HTTP/1.1" 200 39668 "https://view.lotushomemade.com/shop/page/15/?per_row=4&per_page=8&shop_view=grid&stock_status=onsale" "Mozilla/5.0 (Linux; Android 7.0;) AppleWebKit/537.36 (KHTML, like Gecko) Mobile Safari/537.36 (compatible; PetalBot;+https://webmaster.petalsearch.com/site/petalbot)"
103.131.51.123 - - [10/Jan/2026:23:39:38 +0700] "POST /wp-cron.php?doing_wp_cron=1768063178.0536260604858398437500 HTTP/1.1" 200 474 "-" "WordPress/6.9; https://view.lotushomemade.com"
114.119.142.208 - - [10/Jan/2026:23:39:35 +0700] "GET /shop/page/18?per_row=4&per_page=12&shop_view=grid&stock_status=instock HTTP/1.1" 301 670 "https://view.lotushomemade.com/shop/page/16/?per_row=4&per_page=12&shop_view=grid&stock_status=instock" "Mozilla/5.0 (Linux; Android 7.0;) AppleWebKit/537.36 (KHTML, like Gecko) Mobile Safari/537.36 (compatible; PetalBot;+https://webmaster.petalsearch.com/site/petalbot)"
114.119.142.208 - - [10/Jan/2026:23:39:38 +0700] "GET /shop/page/18/?per_row=4&per_page=12&shop_view=grid&stock_status=instock HTTP/1.1" 200 40402 "https://view.lotushomemade.com/shop/page/16/?per_row=4&per_page=12&shop_view=grid&stock_status=instock" "Mozilla/5.0 (Linux; Android 7.0;) AppleWebKit/537.36 (KHTML, like Gecko) Mobile Safari/537.36 (compatible; PetalBot;+https://webmaster.petalsearch.com/site/petalbot)"
103.131.51.123 - - [10/Jan/2026:23:40:59 +0700] "POST /wp-cron.php?doing_wp_cron=1768063259.3940629959106445312500 HTTP/1.1" 200 474 "-" "WordPress/6.9; https://view.lotushomemade.com"
114.119.130.97 - - [10/Jan/2026:23:40:57 +0700] "GET /shop/page/18?per_row=2&per_page=18&shop_view=grid&stock_status=instock HTTP/1.1" 301 670 "https://view.lotushomemade.com/shop/page/15/?per_row=2&per_page=18&shop_view=grid&stock_status=instock" "Mozilla/5.0 (Linux; Android 7.0;) AppleWebKit/537.36 (KHTML, like Gecko) Mobile Safari/537.36 (compatible; PetalBot;+https://webmaster.petalsearch.com/site/petalbot)"
114.119.130.97 - - [10/Jan/2026:23:40:59 +0700] "GET /shop/page/18/?per_row=2&per_page=18&shop_view=grid&stock_status=instock HTTP/1.1" 200 41305 "https://view.lotushomemade.com/shop/page/15/?per_row=2&per_page=18&shop_view=grid&stock_status=instock" "Mozilla/5.0 (Linux; Android 7.0;) AppleWebKit/537.36 (KHTML, like Gecko) Mobile Safari/537.36 (compatible; PetalBot;+https://webmaster.petalsearch.com/site/petalbot)"
103.131.51.123 - - [10/Jan/2026:23:42:23 +0700] "POST /wp-cron.php?doing_wp_cron=1768063343.8884370326995849609375 HTTP/1.1" 200 474 "-" "WordPress/6.9; https://view.lotushomemade.com"
114.119.151.206 - - [10/Jan/2026:23:42:21 +0700] "GET /shop/page/18?per_page=18&shop_view=grid&per_row=2 HTTP/1.1" 301 649 "https://view.lotushomemade.com/shop/page/18/?per_page=18&shop_view=grid&per_row=2" "Mozilla/5.0 (Linux; Android 7.0;) AppleWebKit/537.36 (KHTML, like Gecko) Mobile Safari/537.36 (compatible; PetalBot;+https://webmaster.petalsearch.com/site/petalbot)"
114.119.151.206 - - [10/Jan/2026:23:42:24 +0700] "GET /shop/page/18/?per_page=18&shop_view=grid&per_row=2 HTTP/1.1" 200 41271 "https://view.lotushomemade.com/shop/page/18/?per_page=18&shop_view=grid&per_row=2" "Mozilla/5.0 (Linux; Android 7.0;) AppleWebKit/537.36 (KHTML, like Gecko) Mobile Safari/537.36 (compatible; PetalBot;+https://webmaster.petalsearch.com/site/petalbot)"
103.131.51.123 - - [10/Jan/2026:23:43:47 +0700] "POST /wp-cron.php?doing_wp_cron=1768063427.3731300830841064453125 HTTP/1.1" 200 474 "-" "WordPress/6.9; https://view.lotushomemade.com"
114.119.148.197 - - [10/Jan/2026:23:43:45 +0700] "GET /shop/page/18?per_page=18 HTTP/1.1" 301 536 "https://view.lotushomemade.com/shop/page/15/?per_page=18" "Mozilla/5.0 (Linux; Android 7.0;) AppleWebKit/537.36 (KHTML, like Gecko) Mobile Safari/537.36 (compatible; PetalBot;+https://webmaster.petalsearch.com/site/petalbot)"
114.119.148.197 - - [10/Jan/2026:23:43:48 +0700] "GET /shop/page/18/?per_page=18 HTTP/1.1" 200 41000 "https://view.lotushomemade.com/shop/page/15/?per_page=18" "Mozilla/5.0 (Linux; Android 7.0;) AppleWebKit/537.36 (KHTML, like Gecko) Mobile Safari/537.36 (compatible; PetalBot;+https://webmaster.petalsearch.com/site/petalbot)"
103.131.51.123 - - [10/Jan/2026:23:45:10 +0700] "POST /wp-cron.php?doing_wp_cron=1768063510.7049529552459716796875 HTTP/1.1" 200 474 "-" "WordPress/6.9; https://view.lotushomemade.com"
114.119.151.206 - - [10/Jan/2026:23:45:08 +0700] "GET /shop/page/18?per_page=12&stock_status=onsale HTTP/1.1" 301 556 "https://view.lotushomemade.com/shop/page/17/?per_page=12&stock_status=onsale" "Mozilla/5.0 (Linux; Android 7.0;) AppleWebKit/537.36 (KHTML, like Gecko) Mobile Safari/537.36 (compatible; PetalBot;+https://webmaster.petalsearch.com/site/petalbot)"
114.119.151.206 - - [10/Jan/2026:23:45:10 +0700] "GET /shop/page/18/?per_page=12&stock_status=onsale HTTP/1.1" 200 40238 "https://view.lotushomemade.com/shop/page/17/?per_page=12&stock_status=onsale" "Mozilla/5.0 (Linux; Android 7.0;) AppleWebKit/537.36 (KHTML, like Gecko) Mobile Safari/537.36 (compatible; PetalBot;+https://webmaster.petalsearch.com/site/petalbot)"
103.131.51.123 - - [10/Jan/2026:23:46:34 +0700] "POST /wp-cron.php?doing_wp_cron=1768063594.0249071121215820312500 HTTP/1.1" 200 474 "-" "WordPress/6.9; https://view.lotushomemade.com"
114.119.148.197 - - [10/Jan/2026:23:46:31 +0700] "GET /shop/page/18?orderby=rating&stock_status=instock&per_row=2&shop_view=grid HTTP/1.1" 301 627 "https://view.lotushomemade.com/shop/page/16/?orderby=rating&stock_status=instock&per_row=2&shop_view=grid" "Mozilla/5.0 (Linux; Android 7.0;) AppleWebKit/537.36 (KHTML, like Gecko) Mobile Safari/537.36 (compatible; PetalBot;+https://webmaster.petalsearch.com/site/petalbot)"
114.119.148.197 - - [10/Jan/2026:23:46:34 +0700] "GET /shop/page/18/?orderby=rating&stock_status=instock&per_row=2&shop_view=grid HTTP/1.1" 200 39858 "https://view.lotushomemade.com/shop/page/16/?orderby=rating&stock_status=instock&per_row=2&shop_view=grid" "Mozilla/5.0 (Linux; Android 7.0;) AppleWebKit/537.36 (KHTML, like Gecko) Mobile Safari/537.36 (compatible; PetalBot;+https://webmaster.petalsearch.com/site/petalbot)"
103.131.51.123 - - [10/Jan/2026:23:47:57 +0700] "POST /wp-cron.php?doing_wp_cron=1768063677.7876379489898681640625 HTTP/1.1" 200 474 "-" "WordPress/6.9; https://view.lotushomemade.com"
114.119.148.197 - - [10/Jan/2026:23:47:55 +0700] "GET /shop/page/18?orderby=rating&shop_view=grid&per_row=6 HTTP/1.1" 301 606 "https://view.lotushomemade.com/shop/page/17/?orderby=rating&shop_view=grid&per_row=6" "Mozilla/5.0 (Linux; Android 7.0;) AppleWebKit/537.36 (KHTML, like Gecko) Mobile Safari/537.36 (compatible; PetalBot;+https://webmaster.petalsearch.com/site/petalbot)"
114.119.148.197 - - [10/Jan/2026:23:47:57 +0700] "GET /shop/page/18/?orderby=rating&shop_view=grid&per_row=6 HTTP/1.1" 200 39776 "https://view.lotushomemade.com/shop/page/17/?orderby=rating&shop_view=grid&per_row=6" "Mozilla/5.0 (Linux; Android 7.0;) AppleWebKit/537.36 (KHTML, like Gecko) Mobile Safari/537.36 (compatible; PetalBot;+https://webmaster.petalsearch.com/site/petalbot)"
103.131.51.123 - - [10/Jan/2026:23:48:51 +0700] "POST /wp-cron.php?doing_wp_cron=1768063731.0170381069183349609375 HTTP/1.1" 200 474 "-" "WordPress/6.9; https://view.lotushomemade.com"
74.244.147.70 - - [10/Jan/2026:23:48:49 +0700] "GET /product/legend-kuih-kapit-tin__trashed/?add-to-cart=17273 HTTP/1.1" 200 38173 "-" "Mozilla/5.0 (compatible; MSIE 5.0; Windows 98; Win 9x 4.90; Trident/4.0)"
114.119.148.197 - - [10/Jan/2026:23:49:19 +0700] "GET /shop/page/18?orderby=rating&shop_view=grid&per_row=4 HTTP/1.1" 301 606 "https://view.lotushomemade.com/shop/page/15/?orderby=rating&shop_view=grid&per_row=4" "Mozilla/5.0 (Linux; Android 7.0;) AppleWebKit/537.36 (KHTML, like Gecko) Mobile Safari/537.36 (compatible; PetalBot;+https://webmaster.petalsearch.com/site/petalbot)"
114.119.148.197 - - [10/Jan/2026:23:49:19 +0700] "GET /shop/page/18/?orderby=rating&shop_view=grid&per_row=4 HTTP/1.1" 200 39790 "https://view.lotushomemade.com/shop/page/15/?orderby=rating&shop_view=grid&per_row=4" "Mozilla/5.0 (Linux; Android 7.0;) AppleWebKit/537.36 (KHTML, like Gecko) Mobile Safari/537.36 (compatible; PetalBot;+https://webmaster.petalsearch.com/site/petalbot)"
103.131.51.123 - - [10/Jan/2026:23:50:45 +0700] "POST /wp-cron.php?doing_wp_cron=1768063845.8851900100708007812500 HTTP/1.1" 200 474 "-" "WordPress/6.9; https://view.lotushomemade.com"
114.119.151.206 - - [10/Jan/2026:23:50:43 +0700] "GET /shop/page/18?orderby=rating&per_row=6&shop_view=grid&per_page=12 HTTP/1.1" 301 664 "https://view.lotushomemade.com/shop/page/18/?orderby=rating&per_row=6&shop_view=grid&per_page=12" "Mozilla/5.0 (Linux; Android 7.0;) AppleWebKit/537.36 (KHTML, like Gecko) Mobile Safari/537.36 (compatible; PetalBot;+https://webmaster.petalsearch.com/site/petalbot)"
114.119.151.206 - - [10/Jan/2026:23:50:45 +0700] "GET /shop/page/18/?orderby=rating&per_row=6&shop_view=grid&per_page=12 HTTP/1.1" 200 39856 "https://view.lotushomemade.com/shop/page/18/?orderby=rating&per_row=6&shop_view=grid&per_page=12" "Mozilla/5.0 (Linux; Android 7.0;) AppleWebKit/537.36 (KHTML, like Gecko) Mobile Safari/537.36 (compatible; PetalBot;+https://webmaster.petalsearch.com/site/petalbot)"
103.131.51.123 - - [10/Jan/2026:23:52:10 +0700] "POST /wp-cron.php?doing_wp_cron=1768063930.1737899780273437500000 HTTP/1.1" 200 474 "-" "WordPress/6.9; https://view.lotushomemade.com"
114.119.142.208 - - [10/Jan/2026:23:52:07 +0700] "GET /shop/page/18?orderby=rating&per_row=4&shop_view=grid&stock_status=onsale HTTP/1.1" 301 626 "https://view.lotushomemade.com/shop/page/15/?orderby=rating&per_row=4&shop_view=grid&stock_status=onsale" "Mozilla/5.0 (Linux; Android 7.0;) AppleWebKit/537.36 (KHTML, like Gecko) Mobile Safari/537.36 (compatible; PetalBot;+https://webmaster.petalsearch.com/site/petalbot)"
114.119.142.208 - - [10/Jan/2026:23:52:10 +0700] "GET /shop/page/18/?orderby=rating&per_row=4&shop_view=grid&stock_status=onsale HTTP/1.1" 200 39855 "https://view.lotushomemade.com/shop/page/15/?orderby=rating&per_row=4&shop_view=grid&stock_status=onsale" "Mozilla/5.0 (Linux; Android 7.0;) AppleWebKit/537.36 (KHTML, like Gecko) Mobile Safari/537.36 (compatible; PetalBot;+https://webmaster.petalsearch.com/site/petalbot)"
103.131.51.123 - - [10/Jan/2026:23:53:33 +0700] "POST /wp-cron.php?doing_wp_cron=1768064013.3854069709777832031250 HTTP/1.1" 200 474 "-" "WordPress/6.9; https://view.lotushomemade.com"
114.119.150.215 - - [10/Jan/2026:23:53:31 +0700] "GET /shop/page/18?orderby=rating&per_row=2&shop_view=grid&stock_status=onsale HTTP/1.1" 301 626 "https://view.lotushomemade.com/shop/page/16/?orderby=rating&per_row=2&shop_view=grid&stock_status=onsale" "Mozilla/5.0 (Linux; Android 7.0;) AppleWebKit/537.36 (KHTML, like Gecko) Mobile Safari/537.36 (compatible; PetalBot;+https://webmaster.petalsearch.com/site/petalbot)"
114.119.150.215 - - [10/Jan/2026:23:53:33 +0700] "GET /shop/page/18/?orderby=rating&per_row=2&shop_view=grid&stock_status=onsale HTTP/1.1" 200 39810 "https://view.lotushomemade.com/shop/page/16/?orderby=rating&per_row=2&shop_view=grid&stock_status=onsale" "Mozilla/5.0 (Linux; Android 7.0;) AppleWebKit/537.36 (KHTML, like Gecko) Mobile Safari/537.36 (compatible; PetalBot;+https://webmaster.petalsearch.com/site/petalbot)"
103.131.51.123 - - [10/Jan/2026:23:54:56 +0700] "POST /wp-cron.php?doing_wp_cron=1768064096.3863530158996582031250 HTTP/1.1" 200 474 "-" "WordPress/6.9; https://view.lotushomemade.com"
114.119.149.78 - - [10/Jan/2026:23:54:54 +0700] "GET /shop/page/18?orderby=rating&per_row=2&shop_view=grid&stock_status=instock HTTP/1.1" 301 627 "https://view.lotushomemade.com/shop/page/16/?orderby=rating&per_row=2&shop_view=grid&stock_status=instock" "Mozilla/5.0 (Linux; Android 7.0;) AppleWebKit/537.36 (KHTML, like Gecko) Mobile Safari/537.36 (compatible; PetalBot;+https://webmaster.petalsearch.com/site/petalbot)"
114.119.149.78 - - [10/Jan/2026:23:54:56 +0700] "GET /shop/page/18/?orderby=rating&per_row=2&shop_view=grid&stock_status=instock HTTP/1.1" 200 39855 "https://view.lotushomemade.com/shop/page/16/?orderby=rating&per_row=2&shop_view=grid&stock_status=instock" "Mozilla/5.0 (Linux; Android 7.0;) AppleWebKit/537.36 (KHTML, like Gecko) Mobile Safari/537.36 (compatible; PetalBot;+https://webmaster.petalsearch.com/site/petalbot)"
103.131.51.123 - - [10/Jan/2026:23:56:20 +0700] "POST /wp-cron.php?doing_wp_cron=1768064180.1142001152038574218750 HTTP/1.1" 200 474 "-" "WordPress/6.9; https://view.lotushomemade.com"
114.119.148.197 - - [10/Jan/2026:23:56:17 +0700] "GET /shop/page/18?orderby=rating&per_page=12 HTTP/1.1" 301 551 "https://view.lotushomemade.com/shop/page/17/?orderby=rating&per_page=12" "Mozilla/5.0 (Linux; Android 7.0;) AppleWebKit/537.36 (KHTML, like Gecko) Mobile Safari/537.36 (compatible; PetalBot;+https://webmaster.petalsearch.com/site/petalbot)"
114.119.148.197 - - [10/Jan/2026:23:56:20 +0700] "GET /shop/page/18/?orderby=rating&per_page=12 HTTP/1.1" 200 39730 "https://view.lotushomemade.com/shop/page/17/?orderby=rating&per_page=12" "Mozilla/5.0 (Linux; Android 7.0;) AppleWebKit/537.36 (KHTML, like Gecko) Mobile Safari/537.36 (compatible; PetalBot;+https://webmaster.petalsearch.com/site/petalbot)"
103.131.51.123 - - [10/Jan/2026:23:57:43 +0700] "POST /wp-cron.php?doing_wp_cron=1768064263.3941481113433837890625 HTTP/1.1" 200 474 "-" "WordPress/6.9; https://view.lotushomemade.com"
114.119.151.206 - - [10/Jan/2026:23:57:41 +0700] "GET /shop/page/18?orderby=price-desc&shop_view=grid&per_row=4 HTTP/1.1" 301 610 "https://view.lotushomemade.com/shop/page/17/?orderby=price-desc&shop_view=grid&per_row=4" "Mozilla/5.0 (Linux; Android 7.0;) AppleWebKit/537.36 (KHTML, like Gecko) Mobile Safari/537.36 (compatible; PetalBot;+https://webmaster.petalsearch.com/site/petalbot)"
114.119.151.206 - - [10/Jan/2026:23:57:43 +0700] "GET /shop/page/18/?orderby=price-desc&shop_view=grid&per_row=4 HTTP/1.1" 200 40045 "https://view.lotushomemade.com/shop/page/17/?orderby=price-desc&shop_view=grid&per_row=4" "Mozilla/5.0 (Linux; Android 7.0;) AppleWebKit/537.36 (KHTML, like Gecko) Mobile Safari/537.36 (compatible; PetalBot;+https://webmaster.petalsearch.com/site/petalbot)"
103.131.51.123 - - [10/Jan/2026:23:59:06 +0700] "POST /wp-cron.php?doing_wp_cron=1768064346.5362169742584228515625 HTTP/1.1" 200 474 "-" "WordPress/6.9; https://view.lotushomemade.com"
114.119.151.206 - - [10/Jan/2026:23:59:04 +0700] "GET /shop/page/18?orderby=price-desc&per_row=6&per_page=12&shop_view=grid HTTP/1.1" 301 668 "https://view.lotushomemade.com/shop/page/16/?orderby=price-desc&per_row=6&per_page=12&shop_view=grid" "Mozilla/5.0 (Linux; Android 7.0;) AppleWebKit/537.36 (KHTML, like Gecko) Mobile Safari/537.36 (compatible; PetalBot;+https://webmaster.petalsearch.com/site/petalbot)"
114.119.151.206 - - [10/Jan/2026:23:59:06 +0700] "GET /shop/page/18/?orderby=price-desc&per_row=6&per_page=12&shop_view=grid HTTP/1.1" 200 40108 "https://view.lotushomemade.com/shop/page/16/?orderby=price-desc&per_row=6&per_page=12&shop_view=grid" "Mozilla/5.0 (Linux; Android 7.0;) AppleWebKit/537.36 (KHTML, like Gecko) Mobile Safari/537.36 (compatible; PetalBot;+https://webmaster.petalsearch.com/site/petalbot)"
103.131.51.123 - - [11/Jan/2026:00:00:30 +0700] "POST /wp-cron.php?doing_wp_cron=1768064430.3710479736328125000000 HTTP/1.1" 200 474 "-" "WordPress/6.9; https://view.lotushomemade.com"
114.119.151.206 - - [11/Jan/2026:00:00:28 +0700] "GET /shop/page/18?orderby=price-desc&per_row=2&shop_view=grid&stock_status=onsale HTTP/1.1" 301 630 "https://view.lotushomemade.com/shop/page/16/?orderby=price-desc&per_row=2&shop_view=grid&stock_status=onsale" "Mozilla/5.0 (Linux; Android 7.0;) AppleWebKit/537.36 (KHTML, like Gecko) Mobile Safari/537.36 (compatible; PetalBot;+https://webmaster.petalsearch.com/site/petalbot)"
114.119.151.206 - - [11/Jan/2026:00:00:30 +0700] "GET /shop/page/18/?orderby=price-desc&per_row=2&shop_view=grid&stock_status=onsale HTTP/1.1" 200 40096 "https://view.lotushomemade.com/shop/page/16/?orderby=price-desc&per_row=2&shop_view=grid&stock_status=onsale" "Mozilla/5.0 (Linux; Android 7.0;) AppleWebKit/537.36 (KHTML, like Gecko) Mobile Safari/537.36 (compatible; PetalBot;+https://webmaster.petalsearch.com/site/petalbot)"
103.131.51.123 - - [11/Jan/2026:00:00:59 +0700] "POST /wp-cron.php?doing_wp_cron=1768064459.9379580020904541015625 HTTP/1.1" 200 474 "-" "WordPress/6.9; https://view.lotushomemade.com"
40.77.167.17 - - [11/Jan/2026:00:00:58 +0700] "GET /product/mala-fried-vegetarian-goose_8118-l/ HTTP/2" 200 35871 "-" "Mozilla/5.0 AppleWebKit/537.36 (KHTML, like Gecko; compatible; bingbot/2.0; +http://www.bing.com/bingbot.htm) Chrome/116.0.1938.76 Safari/537.36"
103.131.51.123 - - [11/Jan/2026:00:01:52 +0700] "POST /wp-cron.php?doing_wp_cron=1768064512.9099099636077880859375 HTTP/1.1" 200 474 "-" "WordPress/6.9; https://view.lotushomemade.com"
114.119.156.27 - - [11/Jan/2026:00:01:52 +0700] "GET /shop/page/18?orderby=price-desc&per_row=2&per_page=18&shop_view=grid HTTP/1.1" 301 668 "https://view.lotushomemade.com/shop/page/16/?orderby=price-desc&per_row=2&per_page=18&shop_view=grid" "Mozilla/5.0 (Linux; Android 7.0;) AppleWebKit/537.36 (KHTML, like Gecko) Mobile Safari/537.36 (compatible; PetalBot;+https://webmaster.petalsearch.com/site/petalbot)"
114.119.156.27 - - [11/Jan/2026:00:01:53 +0700] "GET /shop/page/18/?orderby=price-desc&per_row=2&per_page=18&shop_view=grid HTTP/1.1" 200 41387 "https://view.lotushomemade.com/shop/page/16/?orderby=price-desc&per_row=2&per_page=18&shop_view=grid" "Mozilla/5.0 (Linux; Android 7.0;) AppleWebKit/537.36 (KHTML, like Gecko) Mobile Safari/537.36 (compatible; PetalBot;+https://webmaster.petalsearch.com/site/petalbot)"
103.131.51.123 - - [11/Jan/2026:00:03:30 +0700] "POST /wp-cron.php?doing_wp_cron=1768064610.6913158893585205078125 HTTP/1.1" 200 474 "-" "WordPress/6.9; https://view.lotushomemade.com"
114.119.145.110 - - [11/Jan/2026:00:03:28 +0700] "GET /shop/page/18?orderby=price-desc&per_page=8 HTTP/1.1" 301 553 "https://view.lotushomemade.com/shop/page/16/?orderby=price-desc&per_page=8" "Mozilla/5.0 (Linux; Android 7.0;) AppleWebKit/537.36 (KHTML, like Gecko) Mobile Safari/537.36 (compatible; PetalBot;+https://webmaster.petalsearch.com/site/petalbot)"
114.119.145.110 - - [11/Jan/2026:00:03:30 +0700] "GET /shop/page/18/?orderby=price-desc&per_page=8 HTTP/1.1" 200 39028 "https://view.lotushomemade.com/shop/page/16/?orderby=price-desc&per_page=8" "Mozilla/5.0 (Linux; Android 7.0;) AppleWebKit/537.36 (KHTML, like Gecko) Mobile Safari/537.36 (compatible; PetalBot;+https://webmaster.petalsearch.com/site/petalbot)"
103.131.51.123 - - [11/Jan/2026:00:04:52 +0700] "POST /wp-cron.php?doing_wp_cron=1768064692.4267239570617675781250 HTTP/1.1" 200 474 "-" "WordPress/6.9; https://view.lotushomemade.com"
114.119.150.215 - - [11/Jan/2026:00:04:50 +0700] "GET /shop/page/18?orderby=price&stock_status=instock&per_row=6&shop_view=grid HTTP/1.1" 301 626 "https://view.lotushomemade.com/shop/page/16/?orderby=price&stock_status=instock&per_row=6&shop_view=grid" "Mozilla/5.0 (Linux; Android 7.0;) AppleWebKit/537.36 (KHTML, like Gecko) Mobile Safari/537.36 (compatible; PetalBot;+https://webmaster.petalsearch.com/site/petalbot)"
114.119.150.215 - - [11/Jan/2026:00:04:52 +0700] "GET /shop/page/18/?orderby=price&stock_status=instock&per_row=6&shop_view=grid HTTP/1.1" 200 40409 "https://view.lotushomemade.com/shop/page/16/?orderby=price&stock_status=instock&per_row=6&shop_view=grid" "Mozilla/5.0 (Linux; Android 7.0;) AppleWebKit/537.36 (KHTML, like Gecko) Mobile Safari/537.36 (compatible; PetalBot;+https://webmaster.petalsearch.com/site/petalbot)"
103.131.51.123 - - [11/Jan/2026:00:06:10 +0700] "POST /wp-cron.php?doing_wp_cron=1768064770.1858849525451660156250 HTTP/1.1" 200 474 "-" "WordPress/6.9; https://view.lotushomemade.com"
114.119.149.78 - - [11/Jan/2026:00:06:07 +0700] "GET /shop/page/18?orderby=price&stock_status=instock HTTP/1.1" 301 513 "https://view.lotushomemade.com/shop/page/18/?orderby=price&stock_status=instock" "Mozilla/5.0 (Linux; Android 7.0;) AppleWebKit/537.36 (KHTML, like Gecko) Mobile Safari/537.36 (compatible; PetalBot;+https://webmaster.petalsearch.com/site/petalbot)"
