114.119.149.78 - - [11/Jan/2026:03:33:42 +0700] "GET /shop/?stock_status=onsale HTTP/1.1" 200 40810 "https://view.lotushomemade.com/shop?max_price=520&stock_status=onsale&shop_view=grid&per_row=6" "Mozilla/5.0 (Linux; Android 7.0;) AppleWebKit/537.36 (KHTML, like Gecko) Mobile Safari/537.36 (compatible; PetalBot;+https://webmaster.petalsearch.com/site/petalbot)"
103.131.51.123 - - [11/Jan/2026:03:35:06 +0700] "POST /wp-cron.php?doing_wp_cron=1768077306.2607479095458984375000 HTTP/1.1" 200 474 "-" "WordPress/6.9; https://view.lotushomemade.com"
114.119.156.27 - - [11/Jan/2026:03:35:03 +0700] "GET /shop?per_row=6&per_page=8&shop_view=grid HTTP/1.1" 301 639 "https://view.lotushomemade.com/shop?per_row=4&shop_view=grid&per_page=8" "Mozilla/5.0 (Linux; Android 7.0;) AppleWebKit/537.36 (KHTML, like Gecko) Mobile Safari/537.36 (compatible; PetalBot;+https://webmaster.petalsearch.com/site/petalbot)"
114.119.156.27 - - [11/Jan/2026:03:35:06 +0700] "GET /shop/?per_row=6&per_page=8&shop_view=grid HTTP/1.1" 200 40358 "https://view.lotushomemade.com/shop?per_row=4&shop_view=grid&per_page=8" "Mozilla/5.0 (Linux; Android 7.0;) AppleWebKit/537.36 (KHTML, like Gecko) Mobile Safari/537.36 (compatible; PetalBot;+https://webmaster.petalsearch.com/site/petalbot)"
103.131.51.123 - - [11/Jan/2026:03:36:30 +0700] "POST /wp-cron.php?doing_wp_cron=1768077390.2849330902099609375000 HTTP/1.1" 200 474 "-" "WordPress/6.9; https://view.lotushomemade.com"
114.119.149.78 - - [11/Jan/2026:03:36:27 +0700] "GET /shop?orderby=price-desc&per_page=8&filter_brand=blessing-food&stock_status=instock HTTP/1.1" 301 593 "https://view.lotushomemade.com/shop?orderby=price-desc&stock_status=instock%2Consale&filter_brand=blessing-food&per_page=8" "Mozilla/5.0 (Linux; Android 7.0;) AppleWebKit/537.36 (KHTML, like Gecko) Mobile Safari/537.36 (compatible; PetalBot;+https://webmaster.petalsearch.com/site/petalbot)"
103.131.51.123 - - [11/Jan/2026:03:36:33 +0700] "POST /wp-cron.php?doing_wp_cron=1768077393.2571890354156494140625 HTTP/1.1" 200 474 "-" "WordPress/6.9; https://view.lotushomemade.com"
114.119.149.78 - - [11/Jan/2026:03:36:31 +0700] "GET /shop/?orderby=price-desc&per_page=8&filter_brand=blessing-food&stock_status=instock HTTP/1.1" 200 38698 "https://view.lotushomemade.com/shop?orderby=price-desc&stock_status=instock%2Consale&filter_brand=blessing-food&per_page=8" "Mozilla/5.0 (Linux; Android 7.0;) AppleWebKit/537.36 (KHTML, like Gecko) Mobile Safari/537.36 (compatible; PetalBot;+https://webmaster.petalsearch.com/site/petalbot)"
103.131.51.123 - - [11/Jan/2026:03:37:52 +0700] "POST /wp-cron.php?doing_wp_cron=1768077472.1880071163177490234375 HTTP/1.1" 200 474 "-" "WordPress/6.9; https://view.lotushomemade.com"
114.119.148.197 - - [11/Jan/2026:03:37:49 +0700] "GET /shop?min_price=780&stock_status=instock,onsale&filter_brand=blessing-food HTTP/1.1" 301 539 "https://view.lotushomemade.com/shop?min_price=780&stock_status=instock%2Consale&per_row=6&shop_view=grid" "Mozilla/5.0 (Linux; Android 7.0;) AppleWebKit/537.36 (KHTML, like Gecko) Mobile Safari/537.36 (compatible; PetalBot;+https://webmaster.petalsearch.com/site/petalbot)"
114.119.148.197 - - [11/Jan/2026:03:37:52 +0700] "GET /shop/?min_price=780&stock_status=instock,onsale&filter_brand=blessing-food HTTP/1.1" 200 37533 "https://view.lotushomemade.com/shop?min_price=780&stock_status=instock%2Consale&per_row=6&shop_view=grid" "Mozilla/5.0 (Linux; Android 7.0;) AppleWebKit/537.36 (KHTML, like Gecko) Mobile Safari/537.36 (compatible; PetalBot;+https://webmaster.petalsearch.com/site/petalbot)"
103.131.51.123 - - [11/Jan/2026:03:39:16 +0700] "POST /wp-cron.php?doing_wp_cron=1768077556.4776589870452880859375 HTTP/1.1" 200 474 "-" "WordPress/6.9; https://view.lotushomemade.com"
114.119.130.97 - - [11/Jan/2026:03:39:14 +0700] "GET /shop?min_price=260&per_row=4&shop_view=grid&stock_status=instock,onsale HTTP/1.1" 301 625 "https://view.lotushomemade.com/shop?min_price=260&stock_status=instock&shop_view=grid&per_row=4" "Mozilla/5.0 (Linux; Android 7.0;) AppleWebKit/537.36 (KHTML, like Gecko) Mobile Safari/537.36 (compatible; PetalBot;+https://webmaster.petalsearch.com/site/petalbot)"
114.119.130.97 - - [11/Jan/2026:03:39:16 +0700] "GET /shop/?min_price=260&per_row=4&shop_view=grid&stock_status=instock,onsale HTTP/1.1" 200 39177 "https://view.lotushomemade.com/shop?min_price=260&stock_status=instock&shop_view=grid&per_row=4" "Mozilla/5.0 (Linux; Android 7.0;) AppleWebKit/537.36 (KHTML, like Gecko) Mobile Safari/537.36 (compatible; PetalBot;+https://webmaster.petalsearch.com/site/petalbot)"
103.131.51.123 - - [11/Jan/2026:03:39:49 +0700] "POST /wp-cron.php?doing_wp_cron=1768077589.7117099761962890625000 HTTP/1.1" 200 474 "-" "WordPress/6.9; https://view.lotushomemade.com"
93.152.220.230 - - [11/Jan/2026:03:39:49 +0700] "GET /product-category/crispy-snack-series/page/11/?per_page=8&stock_status=instock,onsale HTTP/1.1" 301 633 "-" "Mozilla/5.0 (Linux; Android 9; ASUS_I005DA Build/PI; wv) AppleWebKit/537.36 (KHTML, like Gecko) Version/4.0 Chrome/133.0.6943.122 Mobile"
93.152.220.230 - - [11/Jan/2026:03:39:49 +0700] "GET /product-category/crispy-snack-series/page/11/?per_page=8&stock_status=instock%2Consale HTTP/1.1" 200 32139 "https://view.lotushomemade.com/product-category/crispy-snack-series/page/11/?per_page=8&stock_status=instock,onsale" "Mozilla/5.0 (Linux; Android 9; ASUS_I005DA Build/PI; wv) AppleWebKit/537.36 (KHTML, like Gecko) Version/4.0 Chrome/133.0.6943.122 Mobile"
66.249.70.98 - - [11/Jan/2026:03:40:17 +0700] "GET /wp-content/themes/woodmart/css/parts/woo-single-prod-el-tabs-predefined.min.css?ver=7.2.5 HTTP/1.1" 200 1082 "https://view.lotushomemade.com/product/mini-crispy-mala-seaweed_8118-l/?add-to-cart=8416" "Mozilla/5.0 (Linux; Android 6.0.1; Nexus 5X Build/MMB29P) AppleWebKit/537.36 (KHTML, like Gecko) Chrome/143.0.7499.169 Mobile Safari/537.36 (compatible; Googlebot/2.1; +http://www.google.com/bot.html)"
66.249.71.131 - - [11/Jan/2026:03:40:17 +0700] "GET /wp-content/themes/woodmart/js/scripts/wc/sortByWidget.min.js?ver=7.2.5 HTTP/1.1" 200 1020 "https://view.lotushomemade.com/product/mini-crispy-mala-seaweed_8118-l/?add-to-cart=8416" "Mozilla/5.0 (Linux; Android 6.0.1; Nexus 5X Build/MMB29P) AppleWebKit/537.36 (KHTML, like Gecko) Chrome/143.0.7499.169 Mobile Safari/537.36 (compatible; Googlebot/2.1; +http://www.google.com/bot.html)"
66.249.71.129 - - [11/Jan/2026:03:40:37 +0700] "GET /wp-content/plugins/elementor/assets/css/frontend-lite.min.css?ver=3.17.3 HTTP/1.1" 200 13551 "https://view.lotushomemade.com/product/mini-crispy-mala-seaweed_8118-l/?add-to-cart=8416" "Mozilla/5.0 (Linux; Android 6.0.1; Nexus 5X Build/MMB29P) AppleWebKit/537.36 (KHTML, like Gecko) Chrome/143.0.7499.169 Mobile Safari/537.36 (compatible; Googlebot/2.1; +http://www.google.com/bot.html)"
103.131.51.123 - - [11/Jan/2026:03:40:37 +0700] "POST /wp-cron.php?doing_wp_cron=1768077637.8341779708862304687500 HTTP/1.1" 200 474 "-" "WordPress/6.9; https://view.lotushomemade.com"
114.119.151.206 - - [11/Jan/2026:03:40:37 +0700] "GET /shop?min_price=1040&filter_brand=hss&stock_status=instock,onsale HTTP/1.1" 301 530 "https://view.lotushomemade.com/shop?min_price=1040&filter_brand=hss&stock_status=instock%2Consale" "Mozilla/5.0 (Linux; Android 7.0;) AppleWebKit/537.36 (KHTML, like Gecko) Mobile Safari/537.36 (compatible; PetalBot;+https://webmaster.petalsearch.com/site/petalbot)"
114.119.151.206 - - [11/Jan/2026:03:40:37 +0700] "GET /shop/?min_price=1040&filter_brand=hss&stock_status=instock,onsale HTTP/1.1" 200 37521 "https://view.lotushomemade.com/shop?min_price=1040&filter_brand=hss&stock_status=instock%2Consale" "Mozilla/5.0 (Linux; Android 7.0;) AppleWebKit/537.36 (KHTML, like Gecko) Mobile Safari/537.36 (compatible; PetalBot;+https://webmaster.petalsearch.com/site/petalbot)"
66.249.71.130 - - [11/Jan/2026:03:40:39 +0700] "GET /wp-content/plugins/elementor/assets/lib/swiper/v8/css/swiper.min.css?ver=8.4.5 HTTP/1.1" 200 4862 "https://view.lotushomemade.com/product/mini-crispy-mala-seaweed_8118-l/?add-to-cart=8416" "Mozilla/5.0 (Linux; Android 6.0.1; Nexus 5X Build/MMB29P) AppleWebKit/537.36 (KHTML, like Gecko) Chrome/143.0.7499.169 Mobile Safari/537.36 (compatible; Googlebot/2.1; +http://www.google.com/bot.html)"
66.249.70.98 - - [11/Jan/2026:03:40:44 +0700] "GET /wp-content/uploads/elementor/css/post-6.css?ver=1699455750 HTTP/1.1" 200 946 "https://view.lotushomemade.com/product/mini-crispy-mala-seaweed_8118-l/?add-to-cart=8416" "Mozilla/5.0 (Linux; Android 6.0.1; Nexus 5X Build/MMB29P) AppleWebKit/537.36 (KHTML, like Gecko) Chrome/143.0.7499.169 Mobile Safari/537.36 (compatible; Googlebot/2.1; +http://www.google.com/bot.html)"
66.249.71.130 - - [11/Jan/2026:03:40:47 +0700] "GET /wp-content/plugins/elementor-pro/assets/css/frontend-lite.min.css?ver=3.16.1 HTTP/1.1" 200 2125 "https://view.lotushomemade.com/product/mini-crispy-mala-seaweed_8118-l/?add-to-cart=8416" "Mozilla/5.0 (Linux; Android 6.0.1; Nexus 5X Build/MMB29P) AppleWebKit/537.36 (KHTML, like Gecko) Chrome/143.0.7499.169 Mobile Safari/537.36 (compatible; Googlebot/2.1; +http://www.google.com/bot.html)"
66.249.70.97 - - [11/Jan/2026:03:40:50 +0700] "GET /wp-content/uploads/2023/04/BN_01.jpg HTTP/1.1" 200 113567 "https://view.lotushomemade.com/product/mini-crispy-mala-seaweed_8118-l/?add-to-cart=8416" "Mozilla/5.0 (Linux; Android 6.0.1; Nexus 5X Build/MMB29P) AppleWebKit/537.36 (KHTML, like Gecko) Chrome/143.0.7499.169 Mobile Safari/537.36 (compatible; Googlebot/2.1; +http://www.google.com/bot.html)"
66.249.71.129 - - [11/Jan/2026:03:41:00 +0700] "GET /wp-content/uploads/elementor/css/post-15484.css?ver=1699455750 HTTP/1.1" 200 962 "https://view.lotushomemade.com/product/mini-crispy-mala-seaweed_8118-l/?add-to-cart=8416" "Mozilla/5.0 (Linux; Android 6.0.1; Nexus 5X Build/MMB29P) AppleWebKit/537.36 (KHTML, like Gecko) Chrome/143.0.7499.169 Mobile Safari/537.36 (compatible; Googlebot/2.1; +http://www.google.com/bot.html)"
66.249.70.97 - - [11/Jan/2026:03:41:02 +0700] "GET /wp-content/uploads/2023/04/9CC293A7-1300x727.png HTTP/1.1" 200 775094 "https://view.lotushomemade.com/product/mini-crispy-mala-seaweed_8118-l/?add-to-cart=8416" "Mozilla/5.0 (Linux; Android 6.0.1; Nexus 5X Build/MMB29P) AppleWebKit/537.36 (KHTML, like Gecko) Chrome/143.0.7499.169 Mobile Safari/537.36 (compatible; Googlebot/2.1; +http://www.google.com/bot.html)"
66.249.71.129 - - [11/Jan/2026:03:41:05 +0700] "GET /wp-content/uploads/elementor/css/post-15500.css?ver=1699455750 HTTP/1.1" 200 1028 "https://view.lotushomemade.com/product/mini-crispy-mala-seaweed_8118-l/?add-to-cart=8416" "Mozilla/5.0 (Linux; Android 6.0.1; Nexus 5X Build/MMB29P) AppleWebKit/537.36 (KHTML, like Gecko) Chrome/143.0.7499.169 Mobile Safari/537.36 (compatible; Googlebot/2.1; +http://www.google.com/bot.html)"
66.249.70.97 - - [11/Jan/2026:03:41:07 +0700] "GET /wp-content/uploads/elementor/css/post-15508.css?ver=1699455750 HTTP/1.1" 200 849 "https://view.lotushomemade.com/product/mini-crispy-mala-seaweed_8118-l/?add-to-cart=8416" "Mozilla/5.0 (Linux; Android 6.0.1; Nexus 5X Build/MMB29P) AppleWebKit/537.36 (KHTML, like Gecko) Chrome/143.0.7499.169 Mobile Safari/537.36 (compatible; Googlebot/2.1; +http://www.google.com/bot.html)"
66.249.71.129 - - [11/Jan/2026:03:41:12 +0700] "GET /wp-content/uploads/elementor/css/post-714.css?ver=1699455750 HTTP/1.1" 200 1013 "https://view.lotushomemade.com/product/mini-crispy-mala-seaweed_8118-l/?add-to-cart=8416" "Mozilla/5.0 (Linux; Android 6.0.1; Nexus 5X Build/MMB29P) AppleWebKit/537.36 (KHTML, like Gecko) Chrome/143.0.7499.169 Mobile Safari/537.36 (compatible; Googlebot/2.1; +http://www.google.com/bot.html)"
66.249.71.129 - - [11/Jan/2026:03:41:16 +0700] "GET /wp-content/uploads/elementor/css/post-420.css?ver=1699455750 HTTP/1.1" 200 865 "https://view.lotushomemade.com/product/mini-crispy-mala-seaweed_8118-l/?add-to-cart=8416" "Mozilla/5.0 (Linux; Android 6.0.1; Nexus 5X Build/MMB29P) AppleWebKit/537.36 (KHTML, like Gecko) Chrome/143.0.7499.169 Mobile Safari/537.36 (compatible; Googlebot/2.1; +http://www.google.com/bot.html)"
66.249.70.97 - - [11/Jan/2026:03:41:18 +0700] "GET /wp-content/uploads/elementor/css/post-228.css?ver=1699455750 HTTP/1.1" 200 866 "https://view.lotushomemade.com/product/mini-crispy-mala-seaweed_8118-l/?add-to-cart=8416" "Mozilla/5.0 (Linux; Android 6.0.1; Nexus 5X Build/MMB29P) AppleWebKit/537.36 (KHTML, like Gecko) Chrome/143.0.7499.169 Mobile Safari/537.36 (compatible; Googlebot/2.1; +http://www.google.com/bot.html)"
66.249.70.97 - - [11/Jan/2026:03:41:21 +0700] "GET /wp-content/uploads/elementor/css/post-16719.css?ver=1699460976 HTTP/1.1" 200 555 "https://view.lotushomemade.com/product/mini-crispy-mala-seaweed_8118-l/?add-to-cart=8416" "Mozilla/5.0 (Linux; Android 6.0.1; Nexus 5X Build/MMB29P) AppleWebKit/537.36 (KHTML, like Gecko) Chrome/143.0.7499.169 Mobile Safari/537.36 (compatible; Googlebot/2.1; +http://www.google.com/bot.html)"
66.249.71.129 - - [11/Jan/2026:03:41:24 +0700] "GET /wp-content/uploads/elementor/css/post-16730.css?ver=1699455750 HTTP/1.1" 200 795 "https://view.lotushomemade.com/product/mini-crispy-mala-seaweed_8118-l/?add-to-cart=8416" "Mozilla/5.0 (Linux; Android 6.0.1; Nexus 5X Build/MMB29P) AppleWebKit/537.36 (KHTML, like Gecko) Chrome/143.0.7499.169 Mobile Safari/537.36 (compatible; Googlebot/2.1; +http://www.google.com/bot.html)"
66.249.70.97 - - [11/Jan/2026:03:41:27 +0700] "GET /wp-content/uploads/elementor/css/post-726.css?ver=1699460976 HTTP/1.1" 200 802 "https://view.lotushomemade.com/product/mini-crispy-mala-seaweed_8118-l/?add-to-cart=8416" "Mozilla/5.0 (Linux; Android 6.0.1; Nexus 5X Build/MMB29P) AppleWebKit/537.36 (KHTML, like Gecko) Chrome/143.0.7499.169 Mobile Safari/537.36 (compatible; Googlebot/2.1; +http://www.google.com/bot.html)"
103.131.51.123 - - [11/Jan/2026:03:42:04 +0700] "POST /wp-cron.php?doing_wp_cron=1768077724.6526200771331787109375 HTTP/1.1" 200 474 "-" "WordPress/6.9; https://view.lotushomemade.com"
114.119.150.215 - - [11/Jan/2026:03:42:02 +0700] "GET /shop?min_price=0&max_price=260&per_page=18 HTTP/1.1" 301 554 "https://view.lotushomemade.com/shop/page/4?min_price=0&max_price=260&per_page=18&stock_status=instock" "Mozilla/5.0 (Linux; Android 7.0;) AppleWebKit/537.36 (KHTML, like Gecko) Mobile Safari/537.36 (compatible; PetalBot;+https://webmaster.petalsearch.com/site/petalbot)"
114.119.150.215 - - [11/Jan/2026:03:42:04 +0700] "GET /shop/?min_price=0&max_price=260&per_page=18 HTTP/1.1" 200 42422 "https://view.lotushomemade.com/shop/page/4?min_price=0&max_price=260&per_page=18&stock_status=instock" "Mozilla/5.0 (Linux; Android 7.0;) AppleWebKit/537.36 (KHTML, like Gecko) Mobile Safari/537.36 (compatible; PetalBot;+https://webmaster.petalsearch.com/site/petalbot)"
103.131.51.123 - - [11/Jan/2026:03:43:26 +0700] "POST /wp-cron.php?doing_wp_cron=1768077806.6982529163360595703125 HTTP/1.1" 200 474 "-" "WordPress/6.9; https://view.lotushomemade.com"
114.119.148.197 - - [11/Jan/2026:03:43:24 +0700] "GET /shop?max_price=1050&stock_status=onsale&per_row=6&shop_view=grid HTTP/1.1" 301 618 "https://view.lotushomemade.com/shop?max_price=1050&per_row=6&shop_view=grid&stock_status=onsale" "Mozilla/5.0 (Linux; Android 7.0;) AppleWebKit/537.36 (KHTML, like Gecko) Mobile Safari/537.36 (compatible; PetalBot;+https://webmaster.petalsearch.com/site/petalbot)"
114.119.148.197 - - [11/Jan/2026:03:43:26 +0700] "GET /shop/?max_price=1050&stock_status=onsale&per_row=6&shop_view=grid HTTP/1.1" 200 41240 "https://view.lotushomemade.com/shop?max_price=1050&per_row=6&shop_view=grid&stock_status=onsale" "Mozilla/5.0 (Linux; Android 7.0;) AppleWebKit/537.36 (KHTML, like Gecko) Mobile Safari/537.36 (compatible; PetalBot;+https://webmaster.petalsearch.com/site/petalbot)"
103.131.51.123 - - [11/Jan/2026:03:44:52 +0700] "POST /wp-cron.php?doing_wp_cron=1768077892.0131740570068359375000 HTTP/1.1" 200 474 "-" "WordPress/6.9; https://view.lotushomemade.com"
114.119.148.197 - - [11/Jan/2026:03:44:49 +0700] "GET /shop/page/9?stock_status=instock&per_row=4&per_page=8&shop_view=grid HTTP/1.1" 301 667 "https://view.lotushomemade.com/shop/page/8?stock_status=instock&per_row=4&per_page=8&shop_view=grid" "Mozilla/5.0 (Linux; Android 7.0;) AppleWebKit/537.36 (KHTML, like Gecko) Mobile Safari/537.36 (compatible; PetalBot;+https://webmaster.petalsearch.com/site/petalbot)"
114.119.148.197 - - [11/Jan/2026:03:44:53 +0700] "GET /shop/page/9/?stock_status=instock&per_row=4&per_page=8&shop_view=grid HTTP/1.1" 200 39514 "https://view.lotushomemade.com/shop/page/8?stock_status=instock&per_row=4&per_page=8&shop_view=grid" "Mozilla/5.0 (Linux; Android 7.0;) AppleWebKit/537.36 (KHTML, like Gecko) Mobile Safari/537.36 (compatible; PetalBot;+https://webmaster.petalsearch.com/site/petalbot)"
103.131.51.123 - - [11/Jan/2026:03:46:16 +0700] "POST /wp-cron.php?doing_wp_cron=1768077976.2820858955383300781250 HTTP/1.1" 200 474 "-" "WordPress/6.9; https://view.lotushomemade.com"
114.119.145.110 - - [11/Jan/2026:03:46:12 +0700] "GET /shop/page/9/?per_page=24&shop_view=grid&per_row=6 HTTP/1.1" 200 42342 "https://view.lotushomemade.com/shop/page/6?per_page=24&shop_view=grid&per_row=6" "Mozilla/5.0 (Linux; Android 7.0;) AppleWebKit/537.36 (KHTML, like Gecko) Mobile Safari/537.36 (compatible; PetalBot;+https://webmaster.petalsearch.com/site/petalbot)"
103.131.51.123 - - [11/Jan/2026:03:47:39 +0700] "POST /wp-cron.php?doing_wp_cron=1768078059.7425370216369628906250 HTTP/1.1" 200 474 "-" "WordPress/6.9; https://view.lotushomemade.com"
114.119.145.110 - - [11/Jan/2026:03:47:35 +0700] "GET /shop/page/9/?orderby=price-desc&per_row=6&per_page=18&shop_view=grid HTTP/1.1" 200 41274 "https://view.lotushomemade.com/shop/page/7/?orderby=price-desc&per_row=6&per_page=18&shop_view=grid" "Mozilla/5.0 (Linux; Android 7.0;) AppleWebKit/537.36 (KHTML, like Gecko) Mobile Safari/537.36 (compatible; PetalBot;+https://webmaster.petalsearch.com/site/petalbot)"
103.131.51.123 - - [11/Jan/2026:03:49:03 +0700] "POST /wp-cron.php?doing_wp_cron=1768078143.2162370681762695312500 HTTP/1.1" 200 474 "-" "WordPress/6.9; https://view.lotushomemade.com"
114.119.145.110 - - [11/Jan/2026:03:48:59 +0700] "GET /shop/page/8/?orderby=rating&per_row=2&per_page=24&shop_view=grid HTTP/1.1" 200 42436 "https://view.lotushomemade.com/shop/page/8/?orderby=rating&per_row=2&per_page=24&shop_view=grid" "Mozilla/5.0 (Linux; Android 7.0;) AppleWebKit/537.36 (KHTML, like Gecko) Mobile Safari/537.36 (compatible; PetalBot;+https://webmaster.petalsearch.com/site/petalbot)"
103.131.51.123 - - [11/Jan/2026:03:50:25 +0700] "POST /wp-cron.php?doing_wp_cron=1768078225.5964870452880859375000 HTTP/1.1" 200 474 "-" "WordPress/6.9; https://view.lotushomemade.com"
114.119.156.27 - - [11/Jan/2026:03:50:23 +0700] "GET /shop/page/7?orderby=popularity&per_row=6&shop_view=grid HTTP/1.1" 301 609 "https://view.lotushomemade.com/shop/page/4?orderby=popularity&per_row=6&shop_view=grid" "Mozilla/5.0 (Linux; Android 7.0;) AppleWebKit/537.36 (KHTML, like Gecko) Mobile Safari/537.36 (compatible; PetalBot;+https://webmaster.petalsearch.com/site/petalbot)"
114.119.156.27 - - [11/Jan/2026:03:50:25 +0700] "GET /shop/page/7/?orderby=popularity&per_row=6&shop_view=grid HTTP/1.1" 200 39810 "https://view.lotushomemade.com/shop/page/4?orderby=popularity&per_row=6&shop_view=grid" "Mozilla/5.0 (Linux; Android 7.0;) AppleWebKit/537.36 (KHTML, like Gecko) Mobile Safari/537.36 (compatible; PetalBot;+https://webmaster.petalsearch.com/site/petalbot)"
103.131.51.123 - - [11/Jan/2026:03:51:50 +0700] "POST /wp-cron.php?doing_wp_cron=1768078310.7177739143371582031250 HTTP/1.1" 200 474 "-" "WordPress/6.9; https://view.lotushomemade.com"
114.119.151.206 - - [11/Jan/2026:03:51:47 +0700] "GET /shop/page/7/?stock_status=instock HTTP/1.1" 200 39769 "https://view.lotushomemade.com/shop/page/6/?stock_status=instock" "Mozilla/5.0 (Linux; Android 7.0;) AppleWebKit/537.36 (KHTML, like Gecko) Mobile Safari/537.36 (compatible; PetalBot;+https://webmaster.petalsearch.com/site/petalbot)"
103.131.51.123 - - [11/Jan/2026:03:53:14 +0700] "POST /wp-cron.php?doing_wp_cron=1768078394.4050459861755371093750 HTTP/1.1" 200 474 "-" "WordPress/6.9; https://view.lotushomemade.com"
114.119.148.197 - - [11/Jan/2026:03:53:10 +0700] "GET /shop/page/7/?orderby=popularity&per_row=4&per_page=12&shop_view=grid HTTP/1.1" 200 39898 "https://view.lotushomemade.com/shop/page/7/?orderby=popularity&per_row=4&per_page=12&shop_view=grid" "Mozilla/5.0 (Linux; Android 7.0;) AppleWebKit/537.36 (KHTML, like Gecko) Mobile Safari/537.36 (compatible; PetalBot;+https://webmaster.petalsearch.com/site/petalbot)"
103.131.51.123 - - [11/Jan/2026:03:54:36 +0700] "POST /wp-cron.php?doing_wp_cron=1768078476.9396460056304931640625 HTTP/1.1" 200 474 "-" "WordPress/6.9; https://view.lotushomemade.com"
114.119.145.110 - - [11/Jan/2026:03:54:34 +0700] "GET /shop/page/6?orderby=rating&per_row=2&shop_view=grid&per_page=12 HTTP/1.1" 301 663 "https://view.lotushomemade.com/shop/page/6?orderby=rating&per_row=2&shop_view=grid&per_page=12" "Mozilla/5.0 (Linux; Android 7.0;) AppleWebKit/537.36 (KHTML, like Gecko) Mobile Safari/537.36 (compatible; PetalBot;+https://webmaster.petalsearch.com/site/petalbot)"
114.119.145.110 - - [11/Jan/2026:03:54:37 +0700] "GET /shop/page/6/?orderby=rating&per_row=2&shop_view=grid&per_page=12 HTTP/1.1" 200 40045 "https://view.lotushomemade.com/shop/page/6?orderby=rating&per_row=2&shop_view=grid&per_page=12" "Mozilla/5.0 (Linux; Android 7.0;) AppleWebKit/537.36 (KHTML, like Gecko) Mobile Safari/537.36 (compatible; PetalBot;+https://webmaster.petalsearch.com/site/petalbot)"
103.131.51.123 - - [11/Jan/2026:03:56:00 +0700] "POST /wp-cron.php?doing_wp_cron=1768078560.7557899951934814453125 HTTP/1.1" 200 474 "-" "WordPress/6.9; https://view.lotushomemade.com"
114.119.142.208 - - [11/Jan/2026:03:55:58 +0700] "GET /shop/page/6?orderby=price-desc&per_page=18&shop_view=grid&per_row=2 HTTP/1.1" 301 667 "-" "Mozilla/5.0 (Linux; Android 7.0;) AppleWebKit/537.36 (KHTML, like Gecko) Mobile Safari/537.36 (compatible; PetalBot;+https://webmaster.petalsearch.com/site/petalbot)"
114.119.142.208 - - [11/Jan/2026:03:56:02 +0700] "GET /shop/page/6/?orderby=price-desc&per_page=18&shop_view=grid&per_row=2 HTTP/1.1" 200 41186 "-" "Mozilla/5.0 (Linux; Android 7.0;) AppleWebKit/537.36 (KHTML, like Gecko) Mobile Safari/537.36 (compatible; PetalBot;+https://webmaster.petalsearch.com/site/petalbot)"
103.131.51.123 - - [11/Jan/2026:03:57:25 +0700] "POST /wp-cron.php?doing_wp_cron=1768078645.1736960411071777343750 HTTP/1.1" 200 474 "-" "WordPress/6.9; https://view.lotushomemade.com"
114.119.148.197 - - [11/Jan/2026:03:57:22 +0700] "GET /shop/page/6?max_price=1040&per_page=24&stock_status=instock HTTP/1.1" 301 571 "-" "Mozilla/5.0 (Linux; Android 7.0;) AppleWebKit/537.36 (KHTML, like Gecko) Mobile Safari/537.36 (compatible; PetalBot;+https://webmaster.petalsearch.com/site/petalbot)"
114.119.148.197 - - [11/Jan/2026:03:57:25 +0700] "GET /shop/page/6/?max_price=1040&per_page=24&stock_status=instock HTTP/1.1" 200 42824 "-" "Mozilla/5.0 (Linux; Android 7.0;) AppleWebKit/537.36 (KHTML, like Gecko) Mobile Safari/537.36 (compatible; PetalBot;+https://webmaster.petalsearch.com/site/petalbot)"
103.131.51.123 - - [11/Jan/2026:03:58:50 +0700] "POST /wp-cron.php?doing_wp_cron=1768078730.1769130229949951171875 HTTP/1.1" 200 474 "-" "WordPress/6.9; https://view.lotushomemade.com"
114.119.151.206 - - [11/Jan/2026:03:58:46 +0700] "GET /shop/page/6/?orderby=popularity&per_page=8 HTTP/1.1" 200 39326 "https://view.lotushomemade.com/shop/page/9/?orderby=popularity&per_page=8" "Mozilla/5.0 (Linux; Android 7.0;) AppleWebKit/537.36 (KHTML, like Gecko) Mobile Safari/537.36 (compatible; PetalBot;+https://webmaster.petalsearch.com/site/petalbot)"
103.131.51.123 - - [11/Jan/2026:04:00:13 +0700] "POST /wp-cron.php?doing_wp_cron=1768078813.3623158931732177734375 HTTP/1.1" 200 474 "-" "WordPress/6.9; https://view.lotushomemade.com"
114.119.156.27 - - [11/Jan/2026:04:00:09 +0700] "GET /shop/page/6/?orderby=popularity&per_page=24&stock_status=instock HTTP/1.1" 200 41815 "https://view.lotushomemade.com/shop/page/5/?orderby=popularity&per_page=24&stock_status=instock" "Mozilla/5.0 (Linux; Android 7.0;) AppleWebKit/537.36 (KHTML, like Gecko) Mobile Safari/537.36 (compatible; PetalBot;+https://webmaster.petalsearch.com/site/petalbot)"
103.131.51.123 - - [11/Jan/2026:04:01:37 +0700] "POST /wp-cron.php?doing_wp_cron=1768078897.1934669017791748046875 HTTP/1.1" 200 474 "-" "WordPress/6.9; https://view.lotushomemade.com"
114.119.145.110 - - [11/Jan/2026:04:01:33 +0700] "GET /shop/page/6/?orderby=date&per_page=12&shop_view=grid&per_row=2 HTTP/1.1" 200 40002 "https://view.lotushomemade.com/shop/page/3/?orderby=date&per_page=12&shop_view=grid&per_row=2" "Mozilla/5.0 (Linux; Android 7.0;) AppleWebKit/537.36 (KHTML, like Gecko) Mobile Safari/537.36 (compatible; PetalBot;+https://webmaster.petalsearch.com/site/petalbot)"
103.131.51.123 - - [11/Jan/2026:04:03:01 +0700] "POST /wp-cron.php?doing_wp_cron=1768078981.7877550125122070312500 HTTP/1.1" 200 474 "-" "WordPress/6.9; https://view.lotushomemade.com"
114.119.149.78 - - [11/Jan/2026:04:02:57 +0700] "GET /shop/page/6/?max_price=1040&per_row=4&shop_view=grid&per_page=8 HTTP/1.1" 200 39658 "https://view.lotushomemade.com/shop/page/5/?max_price=1040&per_row=4&shop_view=grid&per_page=8" "Mozilla/5.0 (Linux; Android 7.0;) AppleWebKit/537.36 (KHTML, like Gecko) Mobile Safari/537.36 (compatible; PetalBot;+https://webmaster.petalsearch.com/site/petalbot)"
40.77.167.11 - - [11/Jan/2026:04:03:32 +0700] "GET /wp-content/uploads/2023/11/1151-430x430.png HTTP/2" 200 265807 "-" "Mozilla/5.0 AppleWebKit/537.36 (KHTML, like Gecko; compatible; bingbot/2.0; +http://www.bing.com/bingbot.htm) Chrome/116.0.1938.76 Safari/537.36"
103.131.51.123 - - [11/Jan/2026:04:04:24 +0700] "POST /wp-cron.php?doing_wp_cron=1768079064.6641271114349365234375 HTTP/1.1" 200 474 "-" "WordPress/6.9; https://view.lotushomemade.com"
114.119.151.206 - - [11/Jan/2026:04:04:22 +0700] "GET /shop/page/5?orderby=price&stock_status=instock&per_page=18 HTTP/1.1" 301 570 "-" "Mozilla/5.0 (Linux; Android 7.0;) AppleWebKit/537.36 (KHTML, like Gecko) Mobile Safari/537.36 (compatible; PetalBot;+https://webmaster.petalsearch.com/site/petalbot)"
114.119.151.206 - - [11/Jan/2026:04:04:25 +0700] "GET /shop/page/5/?orderby=price&stock_status=instock&per_page=18 HTTP/1.1" 200 40804 "-" "Mozilla/5.0 (Linux; Android 7.0;) AppleWebKit/537.36 (KHTML, like Gecko) Mobile Safari/537.36 (compatible; PetalBot;+https://webmaster.petalsearch.com/site/petalbot)"
103.131.51.123 - - [11/Jan/2026:04:05:49 +0700] "POST /wp-cron.php?doing_wp_cron=1768079149.1147859096527099609375 HTTP/1.1" 200 474 "-" "WordPress/6.9; https://view.lotushomemade.com"
114.119.150.215 - - [11/Jan/2026:04:05:45 +0700] "GET /shop/page/5/?per_page=18&shop_view=grid&per_row=4 HTTP/1.1" 200 40896 "https://view.lotushomemade.com/shop/page/7/?per_page=18&shop_view=grid&per_row=4" "Mozilla/5.0 (Linux; Android 7.0;) AppleWebKit/537.36 (KHTML, like Gecko) Mobile Safari/537.36 (compatible; PetalBot;+https://webmaster.petalsearch.com/site/petalbot)"
103.131.51.123 - - [11/Jan/2026:04:07:12 +0700] "POST /wp-cron.php?doing_wp_cron=1768079232.3036339282989501953125 HTTP/1.1" 200 474 "-" "WordPress/6.9; https://view.lotushomemade.com"
114.119.145.110 - - [11/Jan/2026:04:07:08 +0700] "GET /shop/page/5/?orderby=rating&shop_view=grid&per_row=6 HTTP/1.1" 200 40001 "https://view.lotushomemade.com/shop/page/2?orderby=rating&shop_view=grid&per_row=6" "Mozilla/5.0 (Linux; Android 7.0;) AppleWebKit/537.36 (KHTML, like Gecko) Mobile Safari/537.36 (compatible; PetalBot;+https://webmaster.petalsearch.com/site/petalbot)"
103.131.51.123 - - [11/Jan/2026:04:07:45 +0700] "POST /wp-cron.php?doing_wp_cron=1768079265.2098150253295898437500 HTTP/1.1" 200 474 "-" "WordPress/6.9; https://view.lotushomemade.com"
66.249.70.98 - - [11/Jan/2026:04:07:43 +0700] "GET /shop/page/6/?add-to-cart=8518 HTTP/1.1" 200 34840 "-" "Mozilla/5.0 (Linux; Android 6.0.1; Nexus 5X Build/MMB29P) AppleWebKit/537.36 (KHTML, like Gecko) Chrome/143.0.7499.192 Mobile Safari/537.36 (compatible; Googlebot/2.1; +http://www.google.com/bot.html)"
103.131.51.123 - - [11/Jan/2026:04:08:34 +0700] "POST /wp-cron.php?doing_wp_cron=1768079314.4030261039733886718750 HTTP/1.1" 200 474 "-" "WordPress/6.9; https://view.lotushomemade.com"
114.119.145.110 - - [11/Jan/2026:04:08:32 +0700] "GET /shop/page/5/?orderby=popularity&per_page=18&stock_status=instock HTTP/1.1" 200 40540 "https://view.lotushomemade.com/shop/page/3/?orderby=popularity&per_page=18&stock_status=instock" "Mozilla/5.0 (Linux; Android 7.0;) AppleWebKit/537.36 (KHTML, like Gecko) Mobile Safari/537.36 (compatible; PetalBot;+https://webmaster.petalsearch.com/site/petalbot)"
103.131.51.123 - - [11/Jan/2026:04:10:00 +0700] "POST /wp-cron.php?doing_wp_cron=1768079400.0896229743957519531250 HTTP/1.1" 200 474 "-" "WordPress/6.9; https://view.lotushomemade.com"
114.119.142.208 - - [11/Jan/2026:04:09:56 +0700] "GET /shop/page/5/?min_price=0&max_price=260&stock_status=instock&per_page=12 HTTP/1.1" 200 40376 "https://view.lotushomemade.com/shop/page/4/?min_price=0&max_price=260&stock_status=instock&per_page=12" "Mozilla/5.0 (Linux; Android 7.0;) AppleWebKit/537.36 (KHTML, like Gecko) Mobile Safari/537.36 (compatible; PetalBot;+https://webmaster.petalsearch.com/site/petalbot)"
103.131.51.123 - - [11/Jan/2026:04:11:23 +0700] "POST /wp-cron.php?doing_wp_cron=1768079483.4339189529418945312500 HTTP/1.1" 200 474 "-" "WordPress/6.9; https://view.lotushomemade.com"
114.119.148.197 - - [11/Jan/2026:04:11:19 +0700] "GET /shop/page/5/?max_price=1050&per_row=4&shop_view=grid&per_page=18 HTTP/1.1" 200 41146 "https://view.lotushomemade.com/shop/page/3/?max_price=1050&per_row=4&shop_view=grid&per_page=18" "Mozilla/5.0 (Linux; Android 7.0;) AppleWebKit/537.36 (KHTML, like Gecko) Mobile Safari/537.36 (compatible; PetalBot;+https://webmaster.petalsearch.com/site/petalbot)"
103.131.51.123 - - [11/Jan/2026:04:12:47 +0700] "POST /wp-cron.php?doing_wp_cron=1768079567.3044359683990478515625 HTTP/1.1" 200 474 "-" "WordPress/6.9; https://view.lotushomemade.com"
114.119.150.215 - - [11/Jan/2026:04:12:43 +0700] "GET /shop/page/5/?max_price=1040&stock_status=instock&shop_view=grid&per_row=2 HTTP/1.1" 200 40432 "https://view.lotushomemade.com/shop/page/4/?max_price=1040&stock_status=instock&shop_view=grid&per_row=2" "Mozilla/5.0 (Linux; Android 7.0;) AppleWebKit/537.36 (KHTML, like Gecko) Mobile Safari/537.36 (compatible; PetalBot;+https://webmaster.petalsearch.com/site/petalbot)"
103.131.51.123 - - [11/Jan/2026:04:14:09 +0700] "POST /wp-cron.php?doing_wp_cron=1768079649.5737860202789306640625 HTTP/1.1" 200 474 "-" "WordPress/6.9; https://view.lotushomemade.com"
114.119.130.97 - - [11/Jan/2026:04:14:07 +0700] "GET /shop/page/4?orderby=rating&shop_view=grid&per_row=2 HTTP/1.1" 301 605 "https://view.lotushomemade.com/shop/page/4?orderby=rating&shop_view=grid&per_row=2" "Mozilla/5.0 (Linux; Android 7.0;) AppleWebKit/537.36 (KHTML, like Gecko) Mobile Safari/537.36 (compatible; PetalBot;+https://webmaster.petalsearch.com/site/petalbot)"
114.119.130.97 - - [11/Jan/2026:04:14:09 +0700] "GET /shop/page/4/?orderby=rating&shop_view=grid&per_row=2 HTTP/1.1" 200 40066 "https://view.lotushomemade.com/shop/page/4?orderby=rating&shop_view=grid&per_row=2" "Mozilla/5.0 (Linux; Android 7.0;) AppleWebKit/537.36 (KHTML, like Gecko) Mobile Safari/537.36 (compatible; PetalBot;+https://webmaster.petalsearch.com/site/petalbot)"
103.131.51.123 - - [11/Jan/2026:04:15:33 +0700] "POST /wp-cron.php?doing_wp_cron=1768079733.1746439933776855468750 HTTP/1.1" 200 474 "-" "WordPress/6.9; https://view.lotushomemade.com"
114.119.145.110 - - [11/Jan/2026:04:15:30 +0700] "GET /shop/page/4?max_price=780&stock_status=instock,onsale&shop_view=grid&per_row=6 HTTP/1.1" 301 634 "-" "Mozilla/5.0 (Linux; Android 7.0;) AppleWebKit/537.36 (KHTML, like Gecko) Mobile Safari/537.36 (compatible; PetalBot;+https://webmaster.petalsearch.com/site/petalbot)"
114.119.145.110 - - [11/Jan/2026:04:15:33 +0700] "GET /shop/page/4/?max_price=780&stock_status=instock,onsale&shop_view=grid&per_row=6 HTTP/1.1" 301 634 "-" "Mozilla/5.0 (Linux; Android 7.0;) AppleWebKit/537.36 (KHTML, like Gecko) Mobile Safari/537.36 (compatible; PetalBot;+https://webmaster.petalsearch.com/site/petalbot)"
114.119.145.110 - - [11/Jan/2026:04:15:35 +0700] "GET /shop/page/4/?max_price=780&stock_status=instock,onsale&shop_view=grid&per_row=6 HTTP/1.1" 301 634 "-" "Mozilla/5.0 (Linux; Android 7.0;) AppleWebKit/537.36 (KHTML, like Gecko) Mobile Safari/537.36 (compatible; PetalBot;+https://webmaster.petalsearch.com/site/petalbot)"
114.119.145.110 - - [11/Jan/2026:04:15:35 +0700] "GET /shop/page/4/?max_price=780&stock_status=instock,onsale&shop_view=grid&per_row=6 HTTP/1.1" 301 634 "-" "Mozilla/5.0 (Linux; Android 7.0;) AppleWebKit/537.36 (KHTML, like Gecko) Mobile Safari/537.36 (compatible; PetalBot;+https://webmaster.petalsearch.com/site/petalbot)"
114.119.145.110 - - [11/Jan/2026:04:15:36 +0700] "GET /shop/page/4/?max_price=780&stock_status=instock,onsale&shop_view=grid&per_row=6 HTTP/1.1" 301 634 "-" "Mozilla/5.0 (Linux; Android 7.0;) AppleWebKit/537.36 (KHTML, like Gecko) Mobile Safari/537.36 (compatible; PetalBot;+https://webmaster.petalsearch.com/site/petalbot)"
114.119.145.110 - - [11/Jan/2026:04:15:37 +0700] "GET /shop/page/4/?max_price=780&stock_status=instock,onsale&shop_view=grid&per_row=6 HTTP/1.1" 301 634 "-" "Mozilla/5.0 (Linux; Android 7.0;) AppleWebKit/537.36 (KHTML, like Gecko) Mobile Safari/537.36 (compatible; PetalBot;+https://webmaster.petalsearch.com/site/petalbot)"
114.119.145.110 - - [11/Jan/2026:04:15:37 +0700] "GET /shop/page/4/?max_price=780&stock_status=instock,onsale&shop_view=grid&per_row=6 HTTP/1.1" 301 634 "-" "Mozilla/5.0 (Linux; Android 7.0;) AppleWebKit/537.36 (KHTML, like Gecko) Mobile Safari/537.36 (compatible; PetalBot;+https://webmaster.petalsearch.com/site/petalbot)"
114.119.145.110 - - [11/Jan/2026:04:15:38 +0700] "GET /shop/page/4/?max_price=780&stock_status=instock,onsale&shop_view=grid&per_row=6 HTTP/1.1" 301 634 "-" "Mozilla/5.0 (Linux; Android 7.0;) AppleWebKit/537.36 (KHTML, like Gecko) Mobile Safari/537.36 (compatible; PetalBot;+https://webmaster.petalsearch.com/site/petalbot)"
114.119.145.110 - - [11/Jan/2026:04:15:39 +0700] "GET /shop/page/4/?max_price=780&stock_status=instock,onsale&shop_view=grid&per_row=6 HTTP/1.1" 301 634 "-" "Mozilla/5.0 (Linux; Android 7.0;) AppleWebKit/537.36 (KHTML, like Gecko) Mobile Safari/537.36 (compatible; PetalBot;+https://webmaster.petalsearch.com/site/petalbot)"
114.119.145.110 - - [11/Jan/2026:04:15:39 +0700] "GET /shop/page/4/?max_price=780&stock_status=instock,onsale&shop_view=grid&per_row=6 HTTP/1.1" 301 634 "-" "Mozilla/5.0 (Linux; Android 7.0;) AppleWebKit/537.36 (KHTML, like Gecko) Mobile Safari/537.36 (compatible; PetalBot;+https://webmaster.petalsearch.com/site/petalbot)"
103.131.51.123 - - [11/Jan/2026:04:16:57 +0700] "POST /wp-cron.php?doing_wp_cron=1768079817.1529500484466552734375 HTTP/1.1" 200 474 "-" "WordPress/6.9; https://view.lotushomemade.com"
114.119.149.78 - - [11/Jan/2026:04:16:54 +0700] "GET /shop/page/4?max_price=780&per_page=18&stock_status=instock,onsale HTTP/1.1" 301 579 "-" "Mozilla/5.0 (Linux; Android 7.0;) AppleWebKit/537.36 (KHTML, like Gecko) Mobile Safari/537.36 (compatible; PetalBot;+https://webmaster.petalsearch.com/site/petalbot)"
114.119.149.78 - - [11/Jan/2026:04:16:57 +0700] "GET /shop/page/4/?max_price=780&per_page=18&stock_status=instock,onsale HTTP/1.1" 301 579 "-" "Mozilla/5.0 (Linux; Android 7.0;) AppleWebKit/537.36 (KHTML, like Gecko) Mobile Safari/537.36 (compatible; PetalBot;+https://webmaster.petalsearch.com/site/petalbot)"
114.119.149.78 - - [11/Jan/2026:04:16:57 +0700] "GET /shop/page/4/?max_price=780&per_page=18&stock_status=instock,onsale HTTP/1.1" 301 579 "-" "Mozilla/5.0 (Linux; Android 7.0;) AppleWebKit/537.36 (KHTML, like Gecko) Mobile Safari/537.36 (compatible; PetalBot;+https://webmaster.petalsearch.com/site/petalbot)"
114.119.149.78 - - [11/Jan/2026:04:16:58 +0700] "GET /shop/page/4/?max_price=780&per_page=18&stock_status=instock,onsale HTTP/1.1" 301 579 "-" "Mozilla/5.0 (Linux; Android 7.0;) AppleWebKit/537.36 (KHTML, like Gecko) Mobile Safari/537.36 (compatible; PetalBot;+https://webmaster.petalsearch.com/site/petalbot)"
114.119.149.78 - - [11/Jan/2026:04:16:58 +0700] "GET /shop/page/4/?max_price=780&per_page=18&stock_status=instock,onsale HTTP/1.1" 301 579 "-" "Mozilla/5.0 (Linux; Android 7.0;) AppleWebKit/537.36 (KHTML, like Gecko) Mobile Safari/537.36 (compatible; PetalBot;+https://webmaster.petalsearch.com/site/petalbot)"
114.119.149.78 - - [11/Jan/2026:04:16:59 +0700] "GET /shop/page/4/?max_price=780&per_page=18&stock_status=instock,onsale HTTP/1.1" 301 579 "-" "Mozilla/5.0 (Linux; Android 7.0;) AppleWebKit/537.36 (KHTML, like Gecko) Mobile Safari/537.36 (compatible; PetalBot;+https://webmaster.petalsearch.com/site/petalbot)"
114.119.149.78 - - [11/Jan/2026:04:16:59 +0700] "GET /shop/page/4/?max_price=780&per_page=18&stock_status=instock,onsale HTTP/1.1" 301 579 "-" "Mozilla/5.0 (Linux; Android 7.0;) AppleWebKit/537.36 (KHTML, like Gecko) Mobile Safari/537.36 (compatible; PetalBot;+https://webmaster.petalsearch.com/site/petalbot)"
114.119.149.78 - - [11/Jan/2026:04:17:00 +0700] "GET /shop/page/4/?max_price=780&per_page=18&stock_status=instock,onsale HTTP/1.1" 301 579 "-" "Mozilla/5.0 (Linux; Android 7.0;) AppleWebKit/537.36 (KHTML, like Gecko) Mobile Safari/537.36 (compatible; PetalBot;+https://webmaster.petalsearch.com/site/petalbot)"
114.119.149.78 - - [11/Jan/2026:04:17:00 +0700] "GET /shop/page/4/?max_price=780&per_page=18&stock_status=instock,onsale HTTP/1.1" 301 579 "-" "Mozilla/5.0 (Linux; Android 7.0;) AppleWebKit/537.36 (KHTML, like Gecko) Mobile Safari/537.36 (compatible; PetalBot;+https://webmaster.petalsearch.com/site/petalbot)"
114.119.149.78 - - [11/Jan/2026:04:17:01 +0700] "GET /shop/page/4/?max_price=780&per_page=18&stock_status=instock,onsale HTTP/1.1" 301 579 "-" "Mozilla/5.0 (Linux; Android 7.0;) AppleWebKit/537.36 (KHTML, like Gecko) Mobile Safari/537.36 (compatible; PetalBot;+https://webmaster.petalsearch.com/site/petalbot)"
103.131.51.123 - - [11/Jan/2026:04:18:22 +0700] "POST /wp-cron.php?doing_wp_cron=1768079902.3469560146331787109375 HTTP/1.1" 200 474 "-" "WordPress/6.9; https://view.lotushomemade.com"
114.119.151.206 - - [11/Jan/2026:04:18:18 +0700] "GET /shop/page/48/?orderby=popularity&per_row=6&per_page=8&shop_view=grid HTTP/1.1" 200 39680 "https://view.lotushomemade.com/shop/page/19/?orderby=popularity&per_row=6&per_page=8&shop_view=grid" "Mozilla/5.0 (Linux; Android 7.0;) AppleWebKit/537.36 (KHTML, like Gecko) Mobile Safari/537.36 (compatible; PetalBot;+https://webmaster.petalsearch.com/site/petalbot)"
114.119.142.208 - - [11/Jan/2026:04:19:42 +0700] "GET /wp-content/uploads/2023/11/1124-430x430.png HTTP/1.1" 200 280339 "https://view.lotushomemade.com/shop/page/31?orderby=price-desc&stock_status=onsale&shop_view=grid&per_row=6" "Mozilla/5.0 (Linux; Android 7.0;) AppleWebKit/537.36 (KHTML, like Gecko) Mobile Safari/537.36 (compatible; PetalBot;+https://webmaster.petalsearch.com/site/petalbot)"
103.131.51.123 - - [11/Jan/2026:04:21:08 +0700] "POST /wp-cron.php?doing_wp_cron=1768080068.4802498817443847656250 HTTP/1.1" 200 474 "-" "WordPress/6.9; https://view.lotushomemade.com"
114.119.149.78 - - [11/Jan/2026:04:21:06 +0700] "GET /shop?per_row=4&shop_view=grid&filter_brand=hss&per_page=18 HTTP/1.1" 301 658 "https://view.lotushomemade.com/shop?per_row=4&shop_view=grid&filter_brand=hss&per_page=18" "Mozilla/5.0 (Linux; Android 7.0;) AppleWebKit/537.36 (KHTML, like Gecko) Mobile Safari/537.36 (compatible; PetalBot;+https://webmaster.petalsearch.com/site/petalbot)"
114.119.149.78 - - [11/Jan/2026:04:21:08 +0700] "GET /shop/?per_row=4&shop_view=grid&filter_brand=hss&per_page=18 HTTP/1.1" 200 38818 "https://view.lotushomemade.com/shop?per_row=4&shop_view=grid&filter_brand=hss&per_page=18" "Mozilla/5.0 (Linux; Android 7.0;) AppleWebKit/537.36 (KHTML, like Gecko) Mobile Safari/537.36 (compatible; PetalBot;+https://webmaster.petalsearch.com/site/petalbot)"
103.131.51.123 - - [11/Jan/2026:04:22:32 +0700] "POST /wp-cron.php?doing_wp_cron=1768080152.4717130661010742187500 HTTP/1.1" 200 474 "-" "WordPress/6.9; https://view.lotushomemade.com"
114.119.151.206 - - [11/Jan/2026:04:22:29 +0700] "GET /shop?orderby=rating&stock_status=instock&shop_view=grid&per_row=2 HTTP/1.1" 301 619 "https://view.lotushomemade.com/shop?orderby=rating&stock_status=instock&shop_view=grid&per_row=2" "Mozilla/5.0 (Linux; Android 7.0;) AppleWebKit/537.36 (KHTML, like Gecko) Mobile Safari/537.36 (compatible; PetalBot;+https://webmaster.petalsearch.com/site/petalbot)"
114.119.151.206 - - [11/Jan/2026:04:22:32 +0700] "GET /shop/?orderby=rating&stock_status=instock&shop_view=grid&per_row=2 HTTP/1.1" 200 41290 "https://view.lotushomemade.com/shop?orderby=rating&stock_status=instock&shop_view=grid&per_row=2" "Mozilla/5.0 (Linux; Android 7.0;) AppleWebKit/537.36 (KHTML, like Gecko) Mobile Safari/537.36 (compatible; PetalBot;+https://webmaster.petalsearch.com/site/petalbot)"
103.131.51.123 - - [11/Jan/2026:04:26:32 +0700] "POST /wp-cron.php?doing_wp_cron=1768080392.0849859714508056640625 HTTP/1.1" 200 474 "-" "WordPress/6.9; https://view.lotushomemade.com"
66.249.70.99 - - [11/Jan/2026:04:26:28 +0700] "GET /product-category/crispy-snack-series/page/7/?per_page=8&stock_status=instock%2Consale HTTP/1.1" 200 32339 "-" "Mozilla/5.0 (Linux; Android 6.0.1; Nexus 5X Build/MMB29P) AppleWebKit/537.36 (KHTML, like Gecko) Chrome/143.0.7499.192 Mobile Safari/537.36 (compatible; Googlebot/2.1; +http://www.google.com/bot.html)"
103.131.51.123 - - [11/Jan/2026:04:26:45 +0700] "POST /wp-cron.php?doing_wp_cron=1768080405.5924220085144042968750 HTTP/1.1" 200 474 "-" "WordPress/6.9; https://view.lotushomemade.com"
114.119.151.206 - - [11/Jan/2026:04:26:45 +0700] "GET /shop?orderby=price&stock_status=instock&per_page=18&filter_brand=hss HTTP/1.1" 301 580 "https://view.lotushomemade.com/shop?orderby=price&per_page=8&filter_brand=hss&stock_status=instock" "Mozilla/5.0 (Linux; Android 7.0;) AppleWebKit/537.36 (KHTML, like Gecko) Mobile Safari/537.36 (compatible; PetalBot;+https://webmaster.petalsearch.com/site/petalbot)"
114.119.151.206 - - [11/Jan/2026:04:26:46 +0700] "GET /shop/?orderby=price&stock_status=instock&per_page=18&filter_brand=hss HTTP/1.1" 200 38758 "https://view.lotushomemade.com/shop?orderby=price&per_page=8&filter_brand=hss&stock_status=instock" "Mozilla/5.0 (Linux; Android 7.0;) AppleWebKit/537.36 (KHTML, like Gecko) Mobile Safari/537.36 (compatible; PetalBot;+https://webmaster.petalsearch.com/site/petalbot)"
114.119.145.110 - - [11/Jan/2026:04:27:15 +0700] "GET /shop?orderby=popularity&stock_status=instock&per_page=12 HTTP/1.1" 301 568 "https://view.lotushomemade.com/shop?orderby=popularity&per_page=8&stock_status=instock" "Mozilla/5.0 (Linux; Android 7.0;) AppleWebKit/537.36 (KHTML, like Gecko) Mobile Safari/537.36 (compatible; PetalBot;+https://webmaster.petalsearch.com/site/petalbot)"
114.119.145.110 - - [11/Jan/2026:04:27:18 +0700] "GET /shop/?orderby=popularity&stock_status=instock&per_page=12 HTTP/1.1" 200 41145 "https://view.lotushomemade.com/shop?orderby=popularity&per_page=8&stock_status=instock" "Mozilla/5.0 (Linux; Android 7.0;) AppleWebKit/537.36 (KHTML, like Gecko) Mobile Safari/537.36 (compatible; PetalBot;+https://webmaster.petalsearch.com/site/petalbot)"
103.131.51.123 - - [11/Jan/2026:04:27:49 +0700] "POST /wp-cron.php?doing_wp_cron=1768080469.8828840255737304687500 HTTP/1.1" 200 474 "-" "WordPress/6.9; https://view.lotushomemade.com"
114.119.156.27 - - [11/Jan/2026:04:27:49 +0700] "GET /shop?min_price=780&filter_brand=hss&stock_status=instock,onsale HTTP/1.1" 301 529 "https://view.lotushomemade.com/shop?min_price=780&stock_status=onsale&filter_brand=hss" "Mozilla/5.0 (Linux; Android 7.0;) AppleWebKit/537.36 (KHTML, like Gecko) Mobile Safari/537.36 (compatible; PetalBot;+https://webmaster.petalsearch.com/site/petalbot)"
114.119.156.27 - - [11/Jan/2026:04:27:51 +0700] "GET /shop/?min_price=780&filter_brand=hss&stock_status=instock,onsale HTTP/1.1" 200 37518 "https://view.lotushomemade.com/shop?min_price=780&stock_status=onsale&filter_brand=hss" "Mozilla/5.0 (Linux; Android 7.0;) AppleWebKit/537.36 (KHTML, like Gecko) Mobile Safari/537.36 (compatible; PetalBot;+https://webmaster.petalsearch.com/site/petalbot)"
66.249.70.97 - - [11/Jan/2026:04:27:57 +0700] "GET /product-category/crispy-snack-series/page/9/?per_page=8&stock_status=instock%2Consale HTTP/1.1" 200 32307 "-" "Mozilla/5.0 (Linux; Android 6.0.1; Nexus 5X Build/MMB29P) AppleWebKit/537.36 (KHTML, like Gecko) Chrome/143.0.7499.192 Mobile Safari/537.36 (compatible; Googlebot/2.1; +http://www.google.com/bot.html)"
114.119.151.206 - - [11/Jan/2026:04:28:27 +0700] "GET /shop?min_price=0&max_price=260 HTTP/1.1" 301 496 "https://view.lotushomemade.com/shop?min_price=0&max_price=260&filter_brand=blessing-food&per_page=8" "Mozilla/5.0 (Linux; Android 7.0;) AppleWebKit/537.36 (KHTML, like Gecko) Mobile Safari/537.36 (compatible; PetalBot;+https://webmaster.petalsearch.com/site/petalbot)"
114.119.151.206 - - [11/Jan/2026:04:28:29 +0700] "GET /shop/?min_price=0&max_price=260 HTTP/1.1" 200 41066 "https://view.lotushomemade.com/shop?min_price=0&max_price=260&filter_brand=blessing-food&per_page=8" "Mozilla/5.0 (Linux; Android 7.0;) AppleWebKit/537.36 (KHTML, like Gecko) Mobile Safari/537.36 (compatible; PetalBot;+https://webmaster.petalsearch.com/site/petalbot)"
66.249.71.130 - - [11/Jan/2026:04:28:55 +0700] "GET /wp-content/themes/woodmart-child/style.css?ver=7.2.5 HTTP/1.1" 200 762 "https://view.lotushomemade.com/product-category/crispy-snack-series/page/9/?per_page=8&stock_status=instock%2Consale" "Mozilla/5.0 (Linux; Android 6.0.1; Nexus 5X Build/MMB29P) AppleWebKit/537.36 (KHTML, like Gecko) Chrome/143.0.7499.169 Mobile Safari/537.36 (compatible; Googlebot/2.1; +http://www.google.com/bot.html)"
103.131.51.123 - - [11/Jan/2026:04:29:36 +0700] "POST /wp-cron.php?doing_wp_cron=1768080576.1408109664916992187500 HTTP/1.1" 200 474 "-" "WordPress/6.9; https://view.lotushomemade.com"
114.119.130.97 - - [11/Jan/2026:04:29:35 +0700] "GET /shop?max_price=780&stock_status=onsale&filter_brand=blessing-food&per_page=8 HTTP/1.1" 301 587 "https://view.lotushomemade.com/shop?max_price=780&filter_brand=blessing-food&stock_status=onsale" "Mozilla/5.0 (Linux; Android 7.0;) AppleWebKit/537.36 (KHTML, like Gecko) Mobile Safari/537.36 (compatible; PetalBot;+https://webmaster.petalsearch.com/site/petalbot)"
114.119.130.97 - - [11/Jan/2026:04:29:37 +0700] "GET /shop/?max_price=780&stock_status=onsale&filter_brand=blessing-food&per_page=8 HTTP/1.1" 200 38759 "https://view.lotushomemade.com/shop?max_price=780&filter_brand=blessing-food&stock_status=onsale" "Mozilla/5.0 (Linux; Android 7.0;) AppleWebKit/537.36 (KHTML, like Gecko) Mobile Safari/537.36 (compatible; PetalBot;+https://webmaster.petalsearch.com/site/petalbot)"
103.131.51.123 - - [11/Jan/2026:04:30:56 +0700] "POST /wp-cron.php?doing_wp_cron=1768080656.6992180347442626953125 HTTP/1.1" 200 474 "-" "WordPress/6.9; https://view.lotushomemade.com"
114.119.145.110 - - [11/Jan/2026:04:30:54 +0700] "GET /shop/page/9?max_price=780 HTTP/1.1" 301 491 "https://view.lotushomemade.com/shop/page/12/?max_price=780" "Mozilla/5.0 (Linux; Android 7.0;) AppleWebKit/537.36 (KHTML, like Gecko) Mobile Safari/537.36 (compatible; PetalBot;+https://webmaster.petalsearch.com/site/petalbot)"
114.119.145.110 - - [11/Jan/2026:04:30:57 +0700] "GET /shop/page/9/?max_price=780 HTTP/1.1" 200 40138 "https://view.lotushomemade.com/shop/page/12/?max_price=780" "Mozilla/5.0 (Linux; Android 7.0;) AppleWebKit/537.36 (KHTML, like Gecko) Mobile Safari/537.36 (compatible; PetalBot;+https://webmaster.petalsearch.com/site/petalbot)"
45.174.77.151 - - [11/Jan/2026:04:31:00 +0700] "GET /?add-to-cart=17182 HTTP/1.1" 200 78778 "-" "Opera/9.17.(X11; Linux x86_64; en-PH) Presto/2.9.187 Version/11.00"
103.131.51.123 - - [11/Jan/2026:04:32:19 +0700] "POST /wp-cron.php?doing_wp_cron=1768080739.0998198986053466796875 HTTP/1.1" 200 474 "-" "WordPress/6.9; https://view.lotushomemade.com"
114.119.148.197 - - [11/Jan/2026:04:32:17 +0700] "GET /shop/page/9/?stock_status=instock&per_page=24&shop_view=grid&per_row=6 HTTP/1.1" 200 42483 "https://view.lotushomemade.com/shop/page/8/?stock_status=instock&per_page=24&shop_view=grid&per_row=6" "Mozilla/5.0 (Linux; Android 7.0;) AppleWebKit/537.36 (KHTML, like Gecko) Mobile Safari/537.36 (compatible; PetalBot;+https://webmaster.petalsearch.com/site/petalbot)"
103.131.51.123 - - [11/Jan/2026:04:33:44 +0700] "POST /wp-cron.php?doing_wp_cron=1768080824.8557770252227783203125 HTTP/1.1" 200 474 "-" "WordPress/6.9; https://view.lotushomemade.com"
114.119.156.27 - - [11/Jan/2026:04:33:40 +0700] "GET /shop/page/8/?stock_status=instock&per_row=2&shop_view=grid&per_page=24 HTTP/1.1" 200 42240 "https://view.lotushomemade.com/shop/page/8?stock_status=instock&per_row=2&shop_view=grid&per_page=24" "Mozilla/5.0 (Linux; Android 7.0;) AppleWebKit/537.36 (KHTML, like Gecko) Mobile Safari/537.36 (compatible; PetalBot;+https://webmaster.petalsearch.com/site/petalbot)"
103.131.51.123 - - [11/Jan/2026:04:35:08 +0700] "POST /wp-cron.php?doing_wp_cron=1768080908.6293759346008300781250 HTTP/1.1" 200 474 "-" "WordPress/6.9; https://view.lotushomemade.com"
114.119.148.197 - - [11/Jan/2026:04:35:04 +0700] "GET /shop/page/8/?orderby=rating&per_page=18&stock_status=onsale HTTP/1.1" 200 40855 "https://view.lotushomemade.com/shop/page/6/?orderby=rating&per_page=18&stock_status=onsale" "Mozilla/5.0 (Linux; Android 7.0;) AppleWebKit/537.36 (KHTML, like Gecko) Mobile Safari/537.36 (compatible; PetalBot;+https://webmaster.petalsearch.com/site/petalbot)"
