103.131.51.123 - - [10/Jan/2026:08:52:08 +0700] "POST /wp-cron.php?doing_wp_cron=1768009928.3420329093933105468750 HTTP/1.1" 200 474 "-" "WordPress/6.9; https://view.lotushomemade.com"
114.119.142.208 - - [10/Jan/2026:08:52:05 +0700] "GET /shop?max_price=1040&filter_brand=blessing-food&shop_view=grid&per_row=4 HTTP/1.1" 301 625 "https://view.lotushomemade.com/shop?max_price=1040&filter_brand=blessing-food" "Mozilla/5.0 (Linux; Android 7.0;) AppleWebKit/537.36 (KHTML, like Gecko) Mobile Safari/537.36 (compatible; PetalBot;+https://webmaster.petalsearch.com/site/petalbot)"
114.119.142.208 - - [10/Jan/2026:08:52:08 +0700] "GET /shop/?max_price=1040&filter_brand=blessing-food&shop_view=grid&per_row=4 HTTP/1.1" 200 38803 "https://view.lotushomemade.com/shop?max_price=1040&filter_brand=blessing-food" "Mozilla/5.0 (Linux; Android 7.0;) AppleWebKit/537.36 (KHTML, like Gecko) Mobile Safari/537.36 (compatible; PetalBot;+https://webmaster.petalsearch.com/site/petalbot)"
103.131.51.123 - - [10/Jan/2026:08:53:31 +0700] "POST /wp-cron.php?doing_wp_cron=1768010011.7361168861389160156250 HTTP/1.1" 200 474 "-" "WordPress/6.9; https://view.lotushomemade.com"
114.119.149.78 - - [10/Jan/2026:08:53:29 +0700] "GET /shop/page/9?orderby=rating&per_row=6&per_page=12&shop_view=grid HTTP/1.1" 301 663 "https://view.lotushomemade.com/shop/page/12/?orderby=rating&per_row=6&per_page=12&shop_view=grid" "Mozilla/5.0 (Linux; Android 7.0;) AppleWebKit/537.36 (KHTML, like Gecko) Mobile Safari/537.36 (compatible; PetalBot;+https://webmaster.petalsearch.com/site/petalbot)"
114.119.149.78 - - [10/Jan/2026:08:53:31 +0700] "GET /shop/page/9/?orderby=rating&per_row=6&per_page=12&shop_view=grid HTTP/1.1" 200 39853 "https://view.lotushomemade.com/shop/page/12/?orderby=rating&per_row=6&per_page=12&shop_view=grid" "Mozilla/5.0 (Linux; Android 7.0;) AppleWebKit/537.36 (KHTML, like Gecko) Mobile Safari/537.36 (compatible; PetalBot;+https://webmaster.petalsearch.com/site/petalbot)"
103.131.51.123 - - [10/Jan/2026:08:54:57 +0700] "POST /wp-cron.php?doing_wp_cron=1768010097.1547729969024658203125 HTTP/1.1" 200 474 "-" "WordPress/6.9; https://view.lotushomemade.com"
114.119.150.215 - - [10/Jan/2026:08:54:53 +0700] "GET /shop/page/8/?stock_status=instock&shop_view=grid&per_row=4 HTTP/1.1" 200 39684 "https://view.lotushomemade.com/shop/page/8?stock_status=instock&shop_view=grid&per_row=4" "Mozilla/5.0 (Linux; Android 7.0;) AppleWebKit/537.36 (KHTML, like Gecko) Mobile Safari/537.36 (compatible; PetalBot;+https://webmaster.petalsearch.com/site/petalbot)"
52.167.144.163 - - [10/Jan/2026:08:56:01 +0700] "GET /wp-content/uploads/2023/10/3117-N-300x300.png HTTP/2" 200 158949 "-" "Mozilla/5.0 AppleWebKit/537.36 (KHTML, like Gecko; compatible; bingbot/2.0; +http://www.bing.com/bingbot.htm) Chrome/116.0.1938.76 Safari/537.36"
103.131.51.123 - - [10/Jan/2026:08:56:22 +0700] "POST /wp-cron.php?doing_wp_cron=1768010182.5763740539550781250000 HTTP/1.1" 200 474 "-" "WordPress/6.9; https://view.lotushomemade.com"
114.119.149.78 - - [10/Jan/2026:08:56:18 +0700] "GET /shop/page/8/?min_price=0&per_row=4&per_page=18&shop_view=grid HTTP/1.1" 200 41517 "https://view.lotushomemade.com/shop/page/7/?min_price=0&per_row=4&per_page=18&shop_view=grid" "Mozilla/5.0 (Linux; Android 7.0;) AppleWebKit/537.36 (KHTML, like Gecko) Mobile Safari/537.36 (compatible; PetalBot;+https://webmaster.petalsearch.com/site/petalbot)"
103.131.51.123 - - [10/Jan/2026:09:00:29 +0700] "POST /wp-cron.php?doing_wp_cron=1768010429.1704249382019042968750 HTTP/1.1" 200 474 "-" "WordPress/6.9; https://view.lotushomemade.com"
114.119.145.110 - - [10/Jan/2026:09:00:26 +0700] "GET /shop/page/7?per_row=2&shop_view=grid&per_page=18 HTTP/1.1" 301 648 "https://view.lotushomemade.com/shop/page/9?per_row=2&shop_view=grid&per_page=18" "Mozilla/5.0 (Linux; Android 7.0;) AppleWebKit/537.36 (KHTML, like Gecko) Mobile Safari/537.36 (compatible; PetalBot;+https://webmaster.petalsearch.com/site/petalbot)"
114.119.145.110 - - [10/Jan/2026:09:00:29 +0700] "GET /shop/page/7/?per_row=2&shop_view=grid&per_page=18 HTTP/1.1" 200 41165 "https://view.lotushomemade.com/shop/page/9?per_row=2&shop_view=grid&per_page=18" "Mozilla/5.0 (Linux; Android 7.0;) AppleWebKit/537.36 (KHTML, like Gecko) Mobile Safari/537.36 (compatible; PetalBot;+https://webmaster.petalsearch.com/site/petalbot)"
103.131.51.123 - - [10/Jan/2026:09:00:52 +0700] "POST /wp-cron.php?doing_wp_cron=1768010452.4415390491485595703125 HTTP/1.1" 200 474 "-" "WordPress/6.9; https://view.lotushomemade.com"
114.119.151.206 - - [10/Jan/2026:09:00:51 +0700] "GET /shop/page/7/?stock_status=instock&per_page=8&shop_view=grid&per_row=4 HTTP/1.1" 200 39606 "https://view.lotushomemade.com/shop/page/7?stock_status=instock&per_page=8&shop_view=grid&per_row=4" "Mozilla/5.0 (Linux; Android 7.0;) AppleWebKit/537.36 (KHTML, like Gecko) Mobile Safari/537.36 (compatible; PetalBot;+https://webmaster.petalsearch.com/site/petalbot)"
114.119.151.206 - - [10/Jan/2026:09:01:22 +0700] "GET /shop/page/7/?min_price=0&per_row=4&per_page=24&shop_view=grid HTTP/1.1" 200 42337 "https://view.lotushomemade.com/shop/page/8/?min_price=0&per_row=4&per_page=24&shop_view=grid" "Mozilla/5.0 (Linux; Android 7.0;) AppleWebKit/537.36 (KHTML, like Gecko) Mobile Safari/537.36 (compatible; PetalBot;+https://webmaster.petalsearch.com/site/petalbot)"
103.131.51.123 - - [10/Jan/2026:09:02:27 +0700] "POST /wp-cron.php?doing_wp_cron=1768010547.4648330211639404296875 HTTP/1.1" 200 474 "-" "WordPress/6.9; https://view.lotushomemade.com"
114.119.148.197 - - [10/Jan/2026:09:02:27 +0700] "GET /shop/page/6?min_price=0&max_price=260&per_row=4&shop_view=grid HTTP/1.1" 301 616 "-" "Mozilla/5.0 (Linux; Android 7.0;) AppleWebKit/537.36 (KHTML, like Gecko) Mobile Safari/537.36 (compatible; PetalBot;+https://webmaster.petalsearch.com/site/petalbot)"
114.119.148.197 - - [10/Jan/2026:09:02:27 +0700] "GET /shop/page/6/?min_price=0&max_price=260&per_row=4&shop_view=grid HTTP/1.1" 200 40317 "-" "Mozilla/5.0 (Linux; Android 7.0;) AppleWebKit/537.36 (KHTML, like Gecko) Mobile Safari/537.36 (compatible; PetalBot;+https://webmaster.petalsearch.com/site/petalbot)"
103.131.51.123 - - [10/Jan/2026:09:03:50 +0700] "POST /wp-cron.php?doing_wp_cron=1768010630.7907021045684814453125 HTTP/1.1" 200 474 "-" "WordPress/6.9; https://view.lotushomemade.com"
114.119.156.27 - - [10/Jan/2026:09:03:46 +0700] "GET /shop/page/6/?stock_status=instock&per_page=8 HTTP/1.1" 200 39317 "https://view.lotushomemade.com/shop/page/3?stock_status=instock&per_page=8" "Mozilla/5.0 (Linux; Android 7.0;) AppleWebKit/537.36 (KHTML, like Gecko) Mobile Safari/537.36 (compatible; PetalBot;+https://webmaster.petalsearch.com/site/petalbot)"
103.131.51.123 - - [10/Jan/2026:09:05:08 +0700] "POST /wp-cron.php?doing_wp_cron=1768010707.9927790164947509765625 HTTP/1.1" 200 474 "-" "WordPress/6.9; https://view.lotushomemade.com"
114.119.149.78 - - [10/Jan/2026:09:05:04 +0700] "GET /shop/page/6/?per_row=2&per_page=8&shop_view=grid&stock_status=instock HTTP/1.1" 200 39438 "https://view.lotushomemade.com/shop/page/6/?per_row=2&per_page=8&shop_view=grid&stock_status=instock" "Mozilla/5.0 (Linux; Android 7.0;) AppleWebKit/537.36 (KHTML, like Gecko) Mobile Safari/537.36 (compatible; PetalBot;+https://webmaster.petalsearch.com/site/petalbot)"
103.131.51.123 - - [10/Jan/2026:09:06:31 +0700] "POST /wp-cron.php?doing_wp_cron=1768010791.9453060626983642578125 HTTP/1.1" 200 474 "-" "WordPress/6.9; https://view.lotushomemade.com"
114.119.156.27 - - [10/Jan/2026:09:06:28 +0700] "GET /shop/page/6/?orderby=rating&per_page=18&stock_status=instock HTTP/1.1" 200 40763 "https://view.lotushomemade.com/shop/page/7/?orderby=rating&per_page=18&stock_status=instock" "Mozilla/5.0 (Linux; Android 7.0;) AppleWebKit/537.36 (KHTML, like Gecko) Mobile Safari/537.36 (compatible; PetalBot;+https://webmaster.petalsearch.com/site/petalbot)"
103.131.51.123 - - [10/Jan/2026:09:07:55 +0700] "POST /wp-cron.php?doing_wp_cron=1768010875.1526119709014892578125 HTTP/1.1" 200 474 "-" "WordPress/6.9; https://view.lotushomemade.com"
114.119.142.208 - - [10/Jan/2026:09:07:51 +0700] "GET /shop/page/6/?orderby=price-desc&stock_status=onsale&per_row=4&shop_view=grid HTTP/1.1" 200 40280 "https://view.lotushomemade.com/shop/page/5/?orderby=price-desc&stock_status=onsale&per_row=4&shop_view=grid" "Mozilla/5.0 (Linux; Android 7.0;) AppleWebKit/537.36 (KHTML, like Gecko) Mobile Safari/537.36 (compatible; PetalBot;+https://webmaster.petalsearch.com/site/petalbot)"
103.131.51.123 - - [10/Jan/2026:09:09:19 +0700] "POST /wp-cron.php?doing_wp_cron=1768010959.6526000499725341796875 HTTP/1.1" 200 474 "-" "WordPress/6.9; https://view.lotushomemade.com"
114.119.149.78 - - [10/Jan/2026:09:09:15 +0700] "GET /shop/page/6/?orderby=date&stock_status=onsale&shop_view=grid&per_row=6 HTTP/1.1" 200 39972 "https://view.lotushomemade.com/shop/page/5?orderby=date&stock_status=onsale&shop_view=grid&per_row=6" "Mozilla/5.0 (Linux; Android 7.0;) AppleWebKit/537.36 (KHTML, like Gecko) Mobile Safari/537.36 (compatible; PetalBot;+https://webmaster.petalsearch.com/site/petalbot)"
103.131.51.123 - - [10/Jan/2026:09:10:42 +0700] "POST /wp-cron.php?doing_wp_cron=1768011042.9199590682983398437500 HTTP/1.1" 200 474 "-" "WordPress/6.9; https://view.lotushomemade.com"
114.119.151.206 - - [10/Jan/2026:09:10:39 +0700] "GET /shop/page/6/?min_price=0&max_price=260&stock_status=onsale&per_page=8 HTTP/1.1" 200 39594 "https://view.lotushomemade.com/shop/page/9/?min_price=0&max_price=260&stock_status=onsale&per_page=8" "Mozilla/5.0 (Linux; Android 7.0;) AppleWebKit/537.36 (KHTML, like Gecko) Mobile Safari/537.36 (compatible; PetalBot;+https://webmaster.petalsearch.com/site/petalbot)"
103.131.51.123 - - [10/Jan/2026:09:12:06 +0700] "POST /wp-cron.php?doing_wp_cron=1768011126.6087839603424072265625 HTTP/1.1" 200 474 "-" "WordPress/6.9; https://view.lotushomemade.com"
114.119.150.215 - - [10/Jan/2026:09:12:03 +0700] "GET /shop/page/6/?min_price=0&max_price=260&per_page=8 HTTP/1.1" 200 39512 "https://view.lotushomemade.com/shop/page/4?min_price=0&max_price=260&per_page=8" "Mozilla/5.0 (Linux; Android 7.0;) AppleWebKit/537.36 (KHTML, like Gecko) Mobile Safari/537.36 (compatible; PetalBot;+https://webmaster.petalsearch.com/site/petalbot)"
103.131.51.123 - - [10/Jan/2026:09:13:29 +0700] "POST /wp-cron.php?doing_wp_cron=1768011209.3406980037689208984375 HTTP/1.1" 200 474 "-" "WordPress/6.9; https://view.lotushomemade.com"
114.119.149.78 - - [10/Jan/2026:09:13:27 +0700] "GET /shop/page/5?per_page=18 HTTP/1.1" 301 535 "https://view.lotushomemade.com/shop/page/4?per_page=18" "Mozilla/5.0 (Linux; Android 7.0;) AppleWebKit/537.36 (KHTML, like Gecko) Mobile Safari/537.36 (compatible; PetalBot;+https://webmaster.petalsearch.com/site/petalbot)"
114.119.149.78 - - [10/Jan/2026:09:13:29 +0700] "GET /shop/page/5/?per_page=18 HTTP/1.1" 200 40756 "https://view.lotushomemade.com/shop/page/4?per_page=18" "Mozilla/5.0 (Linux; Android 7.0;) AppleWebKit/537.36 (KHTML, like Gecko) Mobile Safari/537.36 (compatible; PetalBot;+https://webmaster.petalsearch.com/site/petalbot)"
103.131.51.123 - - [10/Jan/2026:09:14:53 +0700] "POST /wp-cron.php?doing_wp_cron=1768011293.5351550579071044921875 HTTP/1.1" 200 474 "-" "WordPress/6.9; https://view.lotushomemade.com"
114.119.148.197 - - [10/Jan/2026:09:14:51 +0700] "GET /shop/page/5?orderby=rating&stock_status=instock&shop_view=grid&per_row=4 HTTP/1.1" 301 626 "-" "Mozilla/5.0 (Linux; Android 7.0;) AppleWebKit/537.36 (KHTML, like Gecko) Mobile Safari/537.36 (compatible; PetalBot;+https://webmaster.petalsearch.com/site/petalbot)"
114.119.148.197 - - [10/Jan/2026:09:14:53 +0700] "GET /shop/page/5/?orderby=rating&stock_status=instock&shop_view=grid&per_row=4 HTTP/1.1" 200 40060 "-" "Mozilla/5.0 (Linux; Android 7.0;) AppleWebKit/537.36 (KHTML, like Gecko) Mobile Safari/537.36 (compatible; PetalBot;+https://webmaster.petalsearch.com/site/petalbot)"
103.131.51.123 - - [10/Jan/2026:09:16:16 +0700] "POST /wp-cron.php?doing_wp_cron=1768011376.0593209266662597656250 HTTP/1.1" 200 474 "-" "WordPress/6.9; https://view.lotushomemade.com"
114.119.150.215 - - [10/Jan/2026:09:16:13 +0700] "GET /shop/page/5?orderby=price-desc&per_row=4&per_page=24&shop_view=grid HTTP/1.1" 301 667 "-" "Mozilla/5.0 (Linux; Android 7.0;) AppleWebKit/537.36 (KHTML, like Gecko) Mobile Safari/537.36 (compatible; PetalBot;+https://webmaster.petalsearch.com/site/petalbot)"
114.119.150.215 - - [10/Jan/2026:09:16:16 +0700] "GET /shop/page/5/?orderby=price-desc&per_row=4&per_page=24&shop_view=grid HTTP/1.1" 200 42124 "-" "Mozilla/5.0 (Linux; Android 7.0;) AppleWebKit/537.36 (KHTML, like Gecko) Mobile Safari/537.36 (compatible; PetalBot;+https://webmaster.petalsearch.com/site/petalbot)"
103.131.51.123 - - [10/Jan/2026:09:16:50 +0700] "POST /wp-cron.php?doing_wp_cron=1768011410.8178880214691162109375 HTTP/1.1" 200 474 "-" "WordPress/6.9; https://view.lotushomemade.com"
90.221.112.65 - - [10/Jan/2026:09:16:49 +0700] "GET /product/chicken-floss-egg-roll-m/ HTTP/1.1" 200 37188 "-" "Mozilla/5.0 (compatible; MSIE 6.0; Windows NT 5.1; Trident/4.0)"
103.131.51.123 - - [10/Jan/2026:09:17:39 +0700] "POST /wp-cron.php?doing_wp_cron=1768011459.6408851146697998046875 HTTP/1.1" 200 474 "-" "WordPress/6.9; https://view.lotushomemade.com"
114.119.151.206 - - [10/Jan/2026:09:17:38 +0700] "GET /shop/page/5/?shop_view=grid&per_row=6 HTTP/1.1" 200 40134 "https://view.lotushomemade.com/shop/page/8/?shop_view=grid&per_row=6" "Mozilla/5.0 (Linux; Android 7.0;) AppleWebKit/537.36 (KHTML, like Gecko) Mobile Safari/537.36 (compatible; PetalBot;+https://webmaster.petalsearch.com/site/petalbot)"
103.131.51.123 - - [10/Jan/2026:09:19:08 +0700] "POST /wp-cron.php?doing_wp_cron=1768011548.1044960021972656250000 HTTP/1.1" 200 474 "-" "WordPress/6.9; https://view.lotushomemade.com"
114.119.130.97 - - [10/Jan/2026:09:19:04 +0700] "GET /shop/page/5/?max_price=520&per_page=8 HTTP/1.1" 200 39469 "https://view.lotushomemade.com/shop/page/7/?max_price=520&per_page=8" "Mozilla/5.0 (Linux; Android 7.0;) AppleWebKit/537.36 (KHTML, like Gecko) Mobile Safari/537.36 (compatible; PetalBot;+https://webmaster.petalsearch.com/site/petalbot)"
103.131.51.123 - - [10/Jan/2026:09:20:28 +0700] "POST /wp-cron.php?doing_wp_cron=1768011628.9096620082855224609375 HTTP/1.1" 200 474 "-" "WordPress/6.9; https://view.lotushomemade.com"
114.119.150.215 - - [10/Jan/2026:09:20:26 +0700] "GET /shop/page/4?per_page=8&shop_view=grid&per_row=4 HTTP/1.1" 301 646 "https://view.lotushomemade.com/shop?per_page=8&shop_view=grid&per_row=4" "Mozilla/5.0 (Linux; Android 7.0;) AppleWebKit/537.36 (KHTML, like Gecko) Mobile Safari/537.36 (compatible; PetalBot;+https://webmaster.petalsearch.com/site/petalbot)"
114.119.150.215 - - [10/Jan/2026:09:20:29 +0700] "GET /shop/page/4/?per_page=8&shop_view=grid&per_row=4 HTTP/1.1" 200 39292 "https://view.lotushomemade.com/shop?per_page=8&shop_view=grid&per_row=4" "Mozilla/5.0 (Linux; Android 7.0;) AppleWebKit/537.36 (KHTML, like Gecko) Mobile Safari/537.36 (compatible; PetalBot;+https://webmaster.petalsearch.com/site/petalbot)"
103.131.51.123 - - [10/Jan/2026:09:21:52 +0700] "POST /wp-cron.php?doing_wp_cron=1768011712.4564371109008789062500 HTTP/1.1" 200 474 "-" "WordPress/6.9; https://view.lotushomemade.com"
114.119.130.97 - - [10/Jan/2026:09:21:50 +0700] "GET /shop/page/4?max_price=520&stock_status=instock HTTP/1.1" 301 512 "https://view.lotushomemade.com/shop?max_price=520&stock_status=instock" "Mozilla/5.0 (Linux; Android 7.0;) AppleWebKit/537.36 (KHTML, like Gecko) Mobile Safari/537.36 (compatible; PetalBot;+https://webmaster.petalsearch.com/site/petalbot)"
114.119.130.97 - - [10/Jan/2026:09:21:52 +0700] "GET /shop/page/4/?max_price=520&stock_status=instock HTTP/1.1" 200 40267 "https://view.lotushomemade.com/shop?max_price=520&stock_status=instock" "Mozilla/5.0 (Linux; Android 7.0;) AppleWebKit/537.36 (KHTML, like Gecko) Mobile Safari/537.36 (compatible; PetalBot;+https://webmaster.petalsearch.com/site/petalbot)"
103.131.51.123 - - [10/Jan/2026:09:23:16 +0700] "POST /wp-cron.php?doing_wp_cron=1768011796.7205719947814941406250 HTTP/1.1" 200 474 "-" "WordPress/6.9; https://view.lotushomemade.com"
114.119.145.110 - - [10/Jan/2026:09:23:13 +0700] "GET /shop/page/48 HTTP/1.1" 404 31545 "https://view.lotushomemade.com/shop/page/48?max_price=1050&per_page=8&stock_status=instock" "Mozilla/5.0 (Linux; Android 7.0;) AppleWebKit/537.36 (KHTML, like Gecko) Mobile Safari/537.36 (compatible; PetalBot;+https://webmaster.petalsearch.com/site/petalbot)"
103.131.51.123 - - [10/Jan/2026:09:24:13 +0700] "POST /wp-cron.php?doing_wp_cron=1768011853.5387129783630371093750 HTTP/1.1" 200 474 "-" "WordPress/6.9; https://view.lotushomemade.com"
66.249.71.130 - - [10/Jan/2026:09:24:12 +0700] "GET /shop/page/38/?max_price=1050&per_page=8 HTTP/1.1" 200 33033 "-" "Mozilla/5.0 (Linux; Android 6.0.1; Nexus 5X Build/MMB29P) AppleWebKit/537.36 (KHTML, like Gecko) Chrome/143.0.7499.192 Mobile Safari/537.36 (compatible; Googlebot/2.1; +http://www.google.com/bot.html)"
66.249.70.98 - - [10/Jan/2026:09:24:17 +0700] "GET /wp-content/uploads/elementor/css/post-16730.css?ver=1699455750 HTTP/1.1" 200 795 "https://view.lotushomemade.com/shop/page/38/?max_price=1050&per_page=8" "Mozilla/5.0 (Linux; Android 6.0.1; Nexus 5X Build/MMB29P) AppleWebKit/537.36 (KHTML, like Gecko) Chrome/143.0.7499.169 Mobile Safari/537.36 (compatible; Googlebot/2.1; +http://www.google.com/bot.html)"
103.131.51.123 - - [10/Jan/2026:09:24:38 +0700] "POST /wp-cron.php?doing_wp_cron=1768011878.2902350425720214843750 HTTP/1.1" 200 474 "-" "WordPress/6.9; https://view.lotushomemade.com"
114.119.150.215 - - [10/Jan/2026:09:24:36 +0700] "GET /shop/page/47/?per_row=6&per_page=8&shop_view=grid&stock_status=onsale HTTP/1.1" 200 39578 "https://view.lotushomemade.com/shop/page/22/?per_row=6&per_page=8&shop_view=grid&stock_status=onsale" "Mozilla/5.0 (Linux; Android 7.0;) AppleWebKit/537.36 (KHTML, like Gecko) Mobile Safari/537.36 (compatible; PetalBot;+https://webmaster.petalsearch.com/site/petalbot)"
103.131.51.123 - - [10/Jan/2026:09:26:06 +0700] "POST /wp-cron.php?doing_wp_cron=1768011965.9822909832000732421875 HTTP/1.1" 200 474 "-" "WordPress/6.9; https://view.lotushomemade.com"
114.119.150.215 - - [10/Jan/2026:09:26:02 +0700] "GET /shop/page/47/?orderby=price-desc&stock_status=onsale&per_page=8 HTTP/1.1" 200 38952 "https://view.lotushomemade.com/shop/page/3/?orderby=price-desc&stock_status=onsale&per_page=8" "Mozilla/5.0 (Linux; Android 7.0;) AppleWebKit/537.36 (KHTML, like Gecko) Mobile Safari/537.36 (compatible; PetalBot;+https://webmaster.petalsearch.com/site/petalbot)"
103.131.51.123 - - [10/Jan/2026:09:27:25 +0700] "POST /wp-cron.php?doing_wp_cron=1768012045.3736460208892822265625 HTTP/1.1" 200 474 "-" "WordPress/6.9; https://view.lotushomemade.com"
66.249.70.97 - - [10/Jan/2026:09:27:21 +0700] "GET /shop/page/35/?max_price=1050&per_page=8 HTTP/1.1" 200 32926 "-" "Mozilla/5.0 (Linux; Android 6.0.1; Nexus 5X Build/MMB29P) AppleWebKit/537.36 (KHTML, like Gecko) Chrome/143.0.7499.192 Mobile Safari/537.36 (compatible; Googlebot/2.1; +http://www.google.com/bot.html)"
114.119.149.78 - - [10/Jan/2026:09:27:26 +0700] "GET /shop/page/46/?stock_status=instock,onsale&per_row=6&per_page=8&shop_view=grid HTTP/1.1" 301 677 "https://view.lotushomemade.com/shop?stock_status=instock%2Consale&per_row=6&per_page=8&shop_view=grid" "Mozilla/5.0 (Linux; Android 7.0;) AppleWebKit/537.36 (KHTML, like Gecko) Mobile Safari/537.36 (compatible; PetalBot;+https://webmaster.petalsearch.com/site/petalbot)"
114.119.149.78 - - [10/Jan/2026:09:27:27 +0700] "GET /shop/page/46/?stock_status=instock,onsale&per_row=6&per_page=8&shop_view=grid HTTP/1.1" 301 677 "https://view.lotushomemade.com/shop?stock_status=instock%2Consale&per_row=6&per_page=8&shop_view=grid" "Mozilla/5.0 (Linux; Android 7.0;) AppleWebKit/537.36 (KHTML, like Gecko) Mobile Safari/537.36 (compatible; PetalBot;+https://webmaster.petalsearch.com/site/petalbot)"
66.249.71.130 - - [10/Jan/2026:09:27:28 +0700] "GET /wp-content/uploads/elementor/css/post-17452.css?ver=1699455750 HTTP/1.1" 200 729 "https://view.lotushomemade.com/shop/page/35/?max_price=1050&per_page=8" "Mozilla/5.0 (Linux; Android 6.0.1; Nexus 5X Build/MMB29P) AppleWebKit/537.36 (KHTML, like Gecko) Chrome/143.0.7499.169 Mobile Safari/537.36 (compatible; Googlebot/2.1; +http://www.google.com/bot.html)"
114.119.149.78 - - [10/Jan/2026:09:27:27 +0700] "GET /shop/page/46/?stock_status=instock,onsale&per_row=6&per_page=8&shop_view=grid HTTP/1.1" 301 677 "https://view.lotushomemade.com/shop?stock_status=instock%2Consale&per_row=6&per_page=8&shop_view=grid" "Mozilla/5.0 (Linux; Android 7.0;) AppleWebKit/537.36 (KHTML, like Gecko) Mobile Safari/537.36 (compatible; PetalBot;+https://webmaster.petalsearch.com/site/petalbot)"
114.119.149.78 - - [10/Jan/2026:09:27:28 +0700] "GET /shop/page/46/?stock_status=instock,onsale&per_row=6&per_page=8&shop_view=grid HTTP/1.1" 301 677 "https://view.lotushomemade.com/shop?stock_status=instock%2Consale&per_row=6&per_page=8&shop_view=grid" "Mozilla/5.0 (Linux; Android 7.0;) AppleWebKit/537.36 (KHTML, like Gecko) Mobile Safari/537.36 (compatible; PetalBot;+https://webmaster.petalsearch.com/site/petalbot)"
114.119.149.78 - - [10/Jan/2026:09:27:28 +0700] "GET /shop/page/46/?stock_status=instock,onsale&per_row=6&per_page=8&shop_view=grid HTTP/1.1" 301 677 "https://view.lotushomemade.com/shop?stock_status=instock%2Consale&per_row=6&per_page=8&shop_view=grid" "Mozilla/5.0 (Linux; Android 7.0;) AppleWebKit/537.36 (KHTML, like Gecko) Mobile Safari/537.36 (compatible; PetalBot;+https://webmaster.petalsearch.com/site/petalbot)"
114.119.149.78 - - [10/Jan/2026:09:27:29 +0700] "GET /shop/page/46/?stock_status=instock,onsale&per_row=6&per_page=8&shop_view=grid HTTP/1.1" 301 677 "https://view.lotushomemade.com/shop?stock_status=instock%2Consale&per_row=6&per_page=8&shop_view=grid" "Mozilla/5.0 (Linux; Android 7.0;) AppleWebKit/537.36 (KHTML, like Gecko) Mobile Safari/537.36 (compatible; PetalBot;+https://webmaster.petalsearch.com/site/petalbot)"
114.119.149.78 - - [10/Jan/2026:09:27:29 +0700] "GET /shop/page/46/?stock_status=instock,onsale&per_row=6&per_page=8&shop_view=grid HTTP/1.1" 301 677 "https://view.lotushomemade.com/shop?stock_status=instock%2Consale&per_row=6&per_page=8&shop_view=grid" "Mozilla/5.0 (Linux; Android 7.0;) AppleWebKit/537.36 (KHTML, like Gecko) Mobile Safari/537.36 (compatible; PetalBot;+https://webmaster.petalsearch.com/site/petalbot)"
114.119.149.78 - - [10/Jan/2026:09:27:29 +0700] "GET /shop/page/46/?stock_status=instock,onsale&per_row=6&per_page=8&shop_view=grid HTTP/1.1" 301 677 "https://view.lotushomemade.com/shop?stock_status=instock%2Consale&per_row=6&per_page=8&shop_view=grid" "Mozilla/5.0 (Linux; Android 7.0;) AppleWebKit/537.36 (KHTML, like Gecko) Mobile Safari/537.36 (compatible; PetalBot;+https://webmaster.petalsearch.com/site/petalbot)"
114.119.149.78 - - [10/Jan/2026:09:27:30 +0700] "GET /shop/page/46/?stock_status=instock,onsale&per_row=6&per_page=8&shop_view=grid HTTP/1.1" 301 677 "https://view.lotushomemade.com/shop?stock_status=instock%2Consale&per_row=6&per_page=8&shop_view=grid" "Mozilla/5.0 (Linux; Android 7.0;) AppleWebKit/537.36 (KHTML, like Gecko) Mobile Safari/537.36 (compatible; PetalBot;+https://webmaster.petalsearch.com/site/petalbot)"
114.119.149.78 - - [10/Jan/2026:09:27:31 +0700] "GET /shop/page/46/?stock_status=instock,onsale&per_row=6&per_page=8&shop_view=grid HTTP/1.1" 301 677 "https://view.lotushomemade.com/shop?stock_status=instock%2Consale&per_row=6&per_page=8&shop_view=grid" "Mozilla/5.0 (Linux; Android 7.0;) AppleWebKit/537.36 (KHTML, like Gecko) Mobile Safari/537.36 (compatible; PetalBot;+https://webmaster.petalsearch.com/site/petalbot)"
103.131.51.123 - - [10/Jan/2026:09:28:48 +0700] "POST /wp-cron.php?doing_wp_cron=1768012128.2505729198455810546875 HTTP/1.1" 200 474 "-" "WordPress/6.9; https://view.lotushomemade.com"
66.249.70.98 - - [10/Jan/2026:09:28:44 +0700] "GET /shop/page/32/ HTTP/1.1" 200 33344 "-" "Mozilla/5.0 (Linux; Android 6.0.1; Nexus 5X Build/MMB29P) AppleWebKit/537.36 (KHTML, like Gecko) Chrome/143.0.7499.192 Mobile Safari/537.36 (compatible; Googlebot/2.1; +http://www.google.com/bot.html)"
114.119.145.110 - - [10/Jan/2026:09:28:48 +0700] "GET /shop/page/46/?min_price=0&max_price=260&stock_status=onsale&per_page=8 HTTP/1.1" 200 39635 "https://view.lotushomemade.com/shop/page/32/?min_price=0&max_price=260&stock_status=onsale&per_page=8" "Mozilla/5.0 (Linux; Android 7.0;) AppleWebKit/537.36 (KHTML, like Gecko) Mobile Safari/537.36 (compatible; PetalBot;+https://webmaster.petalsearch.com/site/petalbot)"
66.249.70.98 - - [10/Jan/2026:09:29:07 +0700] "GET /wp-content/plugins/woocommerce/assets/js/accounting/accounting.min.js?ver=0.4.2 HTTP/1.1" 200 1948 "https://view.lotushomemade.com/shop/page/32/" "Mozilla/5.0 (Linux; Android 6.0.1; Nexus 5X Build/MMB29P) AppleWebKit/537.36 (KHTML, like Gecko) Chrome/143.0.7499.169 Mobile Safari/537.36 (compatible; Googlebot/2.1; +http://www.google.com/bot.html)"
103.131.51.123 - - [10/Jan/2026:09:30:16 +0700] "POST /wp-cron.php?doing_wp_cron=1768012216.6473569869995117187500 HTTP/1.1" 200 474 "-" "WordPress/6.9; https://view.lotushomemade.com"
114.119.145.110 - - [10/Jan/2026:09:30:12 +0700] "GET /shop/page/44/?orderby=date&per_row=4&shop_view=grid&per_page=8 HTTP/1.1" 200 38989 "https://view.lotushomemade.com/shop/page/46/?orderby=date&per_row=4&shop_view=grid&per_page=8" "Mozilla/5.0 (Linux; Android 7.0;) AppleWebKit/537.36 (KHTML, like Gecko) Mobile Safari/537.36 (compatible; PetalBot;+https://webmaster.petalsearch.com/site/petalbot)"
52.167.144.230 - - [10/Jan/2026:09:31:37 +0700] "GET /wp-content/uploads/2023/11/1103-300x300.png HTTP/2" 200 157145 "-" "Mozilla/5.0 AppleWebKit/537.36 (KHTML, like Gecko; compatible; bingbot/2.0; +http://www.bing.com/bingbot.htm) Chrome/116.0.1938.76 Safari/537.36"
103.131.51.123 - - [10/Jan/2026:09:31:40 +0700] "POST /wp-cron.php?doing_wp_cron=1768012300.8808679580688476562500 HTTP/1.1" 200 474 "-" "WordPress/6.9; https://view.lotushomemade.com"
114.119.142.208 - - [10/Jan/2026:09:31:37 +0700] "GET /shop/page/41/?per_row=4&per_page=8&shop_view=grid&stock_status=instock HTTP/1.1" 200 39532 "https://view.lotushomemade.com/shop/page/43/?per_row=4&per_page=8&shop_view=grid&stock_status=instock" "Mozilla/5.0 (Linux; Android 7.0;) AppleWebKit/537.36 (KHTML, like Gecko) Mobile Safari/537.36 (compatible; PetalBot;+https://webmaster.petalsearch.com/site/petalbot)"
103.131.51.123 - - [10/Jan/2026:09:33:04 +0700] "POST /wp-cron.php?doing_wp_cron=1768012383.9922978878021240234375 HTTP/1.1" 200 474 "-" "WordPress/6.9; https://view.lotushomemade.com"
114.119.149.78 - - [10/Jan/2026:09:33:01 +0700] "GET /shop/page/40?orderby=popularity&per_page=8&shop_view=grid&per_row=6 HTTP/1.1" 301 666 "-" "Mozilla/5.0 (Linux; Android 7.0;) AppleWebKit/537.36 (KHTML, like Gecko) Mobile Safari/537.36 (compatible; PetalBot;+https://webmaster.petalsearch.com/site/petalbot)"
114.119.149.78 - - [10/Jan/2026:09:33:04 +0700] "GET /shop/page/40/?orderby=popularity&per_page=8&shop_view=grid&per_row=6 HTTP/1.1" 200 39094 "-" "Mozilla/5.0 (Linux; Android 7.0;) AppleWebKit/537.36 (KHTML, like Gecko) Mobile Safari/537.36 (compatible; PetalBot;+https://webmaster.petalsearch.com/site/petalbot)"
57.141.2.16 - - [10/Jan/2026:09:33:31 +0700] "GET /product-category/traditional-cookies-series/page/3/?per_row=2&per_page=18&shop_view=grid&stock_status=instock%2Consale HTTP/2" 200 262804 "-" "meta-externalagent/1.1 (+https://developers.facebook.com/docs/sharing/webmasters/crawler)"
103.131.51.123 - - [10/Jan/2026:09:34:25 +0700] "POST /wp-cron.php?doing_wp_cron=1768012465.6015789508819580078125 HTTP/1.1" 200 474 "-" "WordPress/6.9; https://view.lotushomemade.com"
114.119.142.208 - - [10/Jan/2026:09:34:24 +0700] "GET /shop/page/40/?max_price=1050&per_row=6&shop_view=grid&per_page=8 HTTP/1.1" 200 39801 "https://view.lotushomemade.com/shop/page/43/?max_price=1050&per_row=6&shop_view=grid&per_page=8" "Mozilla/5.0 (Linux; Android 7.0;) AppleWebKit/537.36 (KHTML, like Gecko) Mobile Safari/537.36 (compatible; PetalBot;+https://webmaster.petalsearch.com/site/petalbot)"
103.131.51.123 - - [10/Jan/2026:09:35:51 +0700] "POST /wp-cron.php?doing_wp_cron=1768012551.5392129421234130859375 HTTP/1.1" 200 474 "-" "WordPress/6.9; https://view.lotushomemade.com"
114.119.148.197 - - [10/Jan/2026:09:35:47 +0700] "GET /shop/page/4/?orderby=price&stock_status=instock HTTP/1.1" 200 39835 "https://view.lotushomemade.com/shop/page/5?orderby=price&stock_status=instock" "Mozilla/5.0 (Linux; Android 7.0;) AppleWebKit/537.36 (KHTML, like Gecko) Mobile Safari/537.36 (compatible; PetalBot;+https://webmaster.petalsearch.com/site/petalbot)"
114.119.148.197 - - [10/Jan/2026:09:37:11 +0700] "GET /shop/page/4/?orderby=popularity&stock_status=instock HTTP/1.1" 200 39907 "https://view.lotushomemade.com/shop/page/1?orderby=popularity&stock_status=instock" "Mozilla/5.0 (Linux; Android 7.0;) AppleWebKit/537.36 (KHTML, like Gecko) Mobile Safari/537.36 (compatible; PetalBot;+https://webmaster.petalsearch.com/site/petalbot)"
103.131.51.123 - - [10/Jan/2026:09:37:14 +0700] "POST /wp-cron.php?doing_wp_cron=1768012634.6941099166870117187500 HTTP/1.1" 200 474 "-" "WordPress/6.9; https://view.lotushomemade.com"
66.249.70.97 - - [10/Jan/2026:09:37:12 +0700] "GET /shop/page/13/?add-to-cart=8452 HTTP/1.1" 200 34819 "-" "Mozilla/5.0 (Linux; Android 6.0.1; Nexus 5X Build/MMB29P) AppleWebKit/537.36 (KHTML, like Gecko) Chrome/143.0.7499.192 Mobile Safari/537.36 (compatible; Googlebot/2.1; +http://www.google.com/bot.html)"
66.249.70.98 - - [10/Jan/2026:09:37:21 +0700] "GET /wp-content/themes/woodmart/js/scripts/wc/productImagesGallery.min.js?ver=7.2.5 HTTP/1.1" 200 1942 "https://view.lotushomemade.com/shop/page/13/?add-to-cart=8452" "Mozilla/5.0 (Linux; Android 6.0.1; Nexus 5X Build/MMB29P) AppleWebKit/537.36 (KHTML, like Gecko) Chrome/143.0.7499.169 Mobile Safari/537.36 (compatible; Googlebot/2.1; +http://www.google.com/bot.html)"
66.249.71.129 - - [10/Jan/2026:09:37:22 +0700] "GET /wp-content/themes/woodmart/js/scripts/global/scrollTop.min.js?ver=7.2.5 HTTP/1.1" 200 797 "https://view.lotushomemade.com/shop/page/13/?add-to-cart=8452" "Mozilla/5.0 (Linux; Android 6.0.1; Nexus 5X Build/MMB29P) AppleWebKit/537.36 (KHTML, like Gecko) Chrome/143.0.7499.169 Mobile Safari/537.36 (compatible; Googlebot/2.1; +http://www.google.com/bot.html)"
103.131.51.123 - - [10/Jan/2026:09:38:37 +0700] "POST /wp-cron.php?doing_wp_cron=1768012716.9999990463256835937500 HTTP/1.1" 200 474 "-" "WordPress/6.9; https://view.lotushomemade.com"
114.119.145.110 - - [10/Jan/2026:09:38:34 +0700] "GET /shop/page/4/?orderby=date&per_page=18&stock_status=instock,onsale HTTP/1.1" 301 578 "https://view.lotushomemade.com/shop?orderby=date&per_page=18&stock_status=instock%2Consale" "Mozilla/5.0 (Linux; Android 7.0;) AppleWebKit/537.36 (KHTML, like Gecko) Mobile Safari/537.36 (compatible; PetalBot;+https://webmaster.petalsearch.com/site/petalbot)"
114.119.145.110 - - [10/Jan/2026:09:38:37 +0700] "GET /shop/page/4/?orderby=date&per_page=18&stock_status=instock,onsale HTTP/1.1" 301 578 "https://view.lotushomemade.com/shop?orderby=date&per_page=18&stock_status=instock%2Consale" "Mozilla/5.0 (Linux; Android 7.0;) AppleWebKit/537.36 (KHTML, like Gecko) Mobile Safari/537.36 (compatible; PetalBot;+https://webmaster.petalsearch.com/site/petalbot)"
114.119.145.110 - - [10/Jan/2026:09:38:38 +0700] "GET /shop/page/4/?orderby=date&per_page=18&stock_status=instock,onsale HTTP/1.1" 301 578 "https://view.lotushomemade.com/shop?orderby=date&per_page=18&stock_status=instock%2Consale" "Mozilla/5.0 (Linux; Android 7.0;) AppleWebKit/537.36 (KHTML, like Gecko) Mobile Safari/537.36 (compatible; PetalBot;+https://webmaster.petalsearch.com/site/petalbot)"
114.119.145.110 - - [10/Jan/2026:09:38:38 +0700] "GET /shop/page/4/?orderby=date&per_page=18&stock_status=instock,onsale HTTP/1.1" 301 578 "https://view.lotushomemade.com/shop?orderby=date&per_page=18&stock_status=instock%2Consale" "Mozilla/5.0 (Linux; Android 7.0;) AppleWebKit/537.36 (KHTML, like Gecko) Mobile Safari/537.36 (compatible; PetalBot;+https://webmaster.petalsearch.com/site/petalbot)"
114.119.145.110 - - [10/Jan/2026:09:38:39 +0700] "GET /shop/page/4/?orderby=date&per_page=18&stock_status=instock,onsale HTTP/1.1" 301 578 "https://view.lotushomemade.com/shop?orderby=date&per_page=18&stock_status=instock%2Consale" "Mozilla/5.0 (Linux; Android 7.0;) AppleWebKit/537.36 (KHTML, like Gecko) Mobile Safari/537.36 (compatible; PetalBot;+https://webmaster.petalsearch.com/site/petalbot)"
114.119.145.110 - - [10/Jan/2026:09:38:39 +0700] "GET /shop/page/4/?orderby=date&per_page=18&stock_status=instock,onsale HTTP/1.1" 301 578 "https://view.lotushomemade.com/shop?orderby=date&per_page=18&stock_status=instock%2Consale" "Mozilla/5.0 (Linux; Android 7.0;) AppleWebKit/537.36 (KHTML, like Gecko) Mobile Safari/537.36 (compatible; PetalBot;+https://webmaster.petalsearch.com/site/petalbot)"
114.119.145.110 - - [10/Jan/2026:09:38:40 +0700] "GET /shop/page/4/?orderby=date&per_page=18&stock_status=instock,onsale HTTP/1.1" 301 578 "https://view.lotushomemade.com/shop?orderby=date&per_page=18&stock_status=instock%2Consale" "Mozilla/5.0 (Linux; Android 7.0;) AppleWebKit/537.36 (KHTML, like Gecko) Mobile Safari/537.36 (compatible; PetalBot;+https://webmaster.petalsearch.com/site/petalbot)"
114.119.145.110 - - [10/Jan/2026:09:38:40 +0700] "GET /shop/page/4/?orderby=date&per_page=18&stock_status=instock,onsale HTTP/1.1" 301 578 "https://view.lotushomemade.com/shop?orderby=date&per_page=18&stock_status=instock%2Consale" "Mozilla/5.0 (Linux; Android 7.0;) AppleWebKit/537.36 (KHTML, like Gecko) Mobile Safari/537.36 (compatible; PetalBot;+https://webmaster.petalsearch.com/site/petalbot)"
114.119.145.110 - - [10/Jan/2026:09:38:40 +0700] "GET /shop/page/4/?orderby=date&per_page=18&stock_status=instock,onsale HTTP/1.1" 301 578 "https://view.lotushomemade.com/shop?orderby=date&per_page=18&stock_status=instock%2Consale" "Mozilla/5.0 (Linux; Android 7.0;) AppleWebKit/537.36 (KHTML, like Gecko) Mobile Safari/537.36 (compatible; PetalBot;+https://webmaster.petalsearch.com/site/petalbot)"
114.119.145.110 - - [10/Jan/2026:09:38:41 +0700] "GET /shop/page/4/?orderby=date&per_page=18&stock_status=instock,onsale HTTP/1.1" 301 578 "https://view.lotushomemade.com/shop?orderby=date&per_page=18&stock_status=instock%2Consale" "Mozilla/5.0 (Linux; Android 7.0;) AppleWebKit/537.36 (KHTML, like Gecko) Mobile Safari/537.36 (compatible; PetalBot;+https://webmaster.petalsearch.com/site/petalbot)"
103.131.51.123 - - [10/Jan/2026:09:40:01 +0700] "POST /wp-cron.php?doing_wp_cron=1768012801.5512859821319580078125 HTTP/1.1" 200 474 "-" "WordPress/6.9; https://view.lotushomemade.com"
114.119.145.110 - - [10/Jan/2026:09:39:59 +0700] "GET /shop/page/4/?min_price=0&max_price=260&stock_status=instock,onsale HTTP/1.1" 301 533 "https://view.lotushomemade.com/shop?min_price=0&max_price=260&stock_status=instock%2Consale" "Mozilla/5.0 (Linux; Android 7.0;) AppleWebKit/537.36 (KHTML, like Gecko) Mobile Safari/537.36 (compatible; PetalBot;+https://webmaster.petalsearch.com/site/petalbot)"
114.119.145.110 - - [10/Jan/2026:09:40:01 +0700] "GET /shop/page/4/?min_price=0&max_price=260&stock_status=instock,onsale HTTP/1.1" 301 533 "https://view.lotushomemade.com/shop?min_price=0&max_price=260&stock_status=instock%2Consale" "Mozilla/5.0 (Linux; Android 7.0;) AppleWebKit/537.36 (KHTML, like Gecko) Mobile Safari/537.36 (compatible; PetalBot;+https://webmaster.petalsearch.com/site/petalbot)"
114.119.145.110 - - [10/Jan/2026:09:40:02 +0700] "GET /shop/page/4/?min_price=0&max_price=260&stock_status=instock,onsale HTTP/1.1" 301 533 "https://view.lotushomemade.com/shop?min_price=0&max_price=260&stock_status=instock%2Consale" "Mozilla/5.0 (Linux; Android 7.0;) AppleWebKit/537.36 (KHTML, like Gecko) Mobile Safari/537.36 (compatible; PetalBot;+https://webmaster.petalsearch.com/site/petalbot)"
114.119.145.110 - - [10/Jan/2026:09:40:02 +0700] "GET /shop/page/4/?min_price=0&max_price=260&stock_status=instock,onsale HTTP/1.1" 301 533 "https://view.lotushomemade.com/shop?min_price=0&max_price=260&stock_status=instock%2Consale" "Mozilla/5.0 (Linux; Android 7.0;) AppleWebKit/537.36 (KHTML, like Gecko) Mobile Safari/537.36 (compatible; PetalBot;+https://webmaster.petalsearch.com/site/petalbot)"
114.119.145.110 - - [10/Jan/2026:09:40:03 +0700] "GET /shop/page/4/?min_price=0&max_price=260&stock_status=instock,onsale HTTP/1.1" 301 533 "https://view.lotushomemade.com/shop?min_price=0&max_price=260&stock_status=instock%2Consale" "Mozilla/5.0 (Linux; Android 7.0;) AppleWebKit/537.36 (KHTML, like Gecko) Mobile Safari/537.36 (compatible; PetalBot;+https://webmaster.petalsearch.com/site/petalbot)"
114.119.145.110 - - [10/Jan/2026:09:40:03 +0700] "GET /shop/page/4/?min_price=0&max_price=260&stock_status=instock,onsale HTTP/1.1" 301 533 "https://view.lotushomemade.com/shop?min_price=0&max_price=260&stock_status=instock%2Consale" "Mozilla/5.0 (Linux; Android 7.0;) AppleWebKit/537.36 (KHTML, like Gecko) Mobile Safari/537.36 (compatible; PetalBot;+https://webmaster.petalsearch.com/site/petalbot)"
114.119.145.110 - - [10/Jan/2026:09:40:03 +0700] "GET /shop/page/4/?min_price=0&max_price=260&stock_status=instock,onsale HTTP/1.1" 301 533 "https://view.lotushomemade.com/shop?min_price=0&max_price=260&stock_status=instock%2Consale" "Mozilla/5.0 (Linux; Android 7.0;) AppleWebKit/537.36 (KHTML, like Gecko) Mobile Safari/537.36 (compatible; PetalBot;+https://webmaster.petalsearch.com/site/petalbot)"
114.119.145.110 - - [10/Jan/2026:09:40:04 +0700] "GET /shop/page/4/?min_price=0&max_price=260&stock_status=instock,onsale HTTP/1.1" 301 533 "https://view.lotushomemade.com/shop?min_price=0&max_price=260&stock_status=instock%2Consale" "Mozilla/5.0 (Linux; Android 7.0;) AppleWebKit/537.36 (KHTML, like Gecko) Mobile Safari/537.36 (compatible; PetalBot;+https://webmaster.petalsearch.com/site/petalbot)"
114.119.145.110 - - [10/Jan/2026:09:40:04 +0700] "GET /shop/page/4/?min_price=0&max_price=260&stock_status=instock,onsale HTTP/1.1" 301 533 "https://view.lotushomemade.com/shop?min_price=0&max_price=260&stock_status=instock%2Consale" "Mozilla/5.0 (Linux; Android 7.0;) AppleWebKit/537.36 (KHTML, like Gecko) Mobile Safari/537.36 (compatible; PetalBot;+https://webmaster.petalsearch.com/site/petalbot)"
114.119.145.110 - - [10/Jan/2026:09:40:05 +0700] "GET /shop/page/4/?min_price=0&max_price=260&stock_status=instock,onsale HTTP/1.1" 301 533 "https://view.lotushomemade.com/shop?min_price=0&max_price=260&stock_status=instock%2Consale" "Mozilla/5.0 (Linux; Android 7.0;) AppleWebKit/537.36 (KHTML, like Gecko) Mobile Safari/537.36 (compatible; PetalBot;+https://webmaster.petalsearch.com/site/petalbot)"
103.131.51.123 - - [10/Jan/2026:09:40:49 +0700] "POST /wp-cron.php?doing_wp_cron=1768012849.3301489353179931640625 HTTP/1.1" 200 474 "-" "WordPress/6.9; https://view.lotushomemade.com"
66.249.71.129 - - [10/Jan/2026:09:40:48 +0700] "POST /?wc-ajax=get_refreshed_fragments HTTP/1.1" 200 1808 "https://view.lotushomemade.com/product/handmade-peanut-puff-sg/?add-to-cart=8247" "Mozilla/5.0 (Linux; Android 6.0.1; Nexus 5X Build/MMB29P) AppleWebKit/537.36 (KHTML, like Gecko) Chrome/143.0.7499.169 Mobile Safari/537.36 (compatible; Googlebot/2.1; +http://www.google.com/bot.html)"
47.128.112.48 - - [10/Jan/2026:09:40:51 +0700] "GET /product/golden-cheese-flower-jelly-cookies-sg/ HTTP/2" 200 36287 "-" "Mozilla/5.0 (Linux; Android 5.0) AppleWebKit/537.36 (KHTML, like Gecko) Mobile Safari/537.36 (compatible; Bytespider; spider-feedback@bytedance.com)"
47.128.112.48 - - [10/Jan/2026:09:40:53 +0700] "GET /wp-content/plugins/elementor/assets/lib/eicons/css/elementor-icons.min.css?ver=5.23.0 HTTP/2" 200 3673 "https://view.lotushomemade.com/product/golden-cheese-flower-jelly-cookies-sg/" "Mozilla/5.0 (Linux; Android 5.0) AppleWebKit/537.36 (KHTML, like Gecko) Mobile Safari/537.36 (compatible; Bytespider; spider-feedback@bytedance.com)"
47.128.112.48 - - [10/Jan/2026:09:40:53 +0700] "GET /wp-content/plugins/elementor/assets/css/frontend-lite.min.css?ver=3.17.3 HTTP/2" 200 12935 "https://view.lotushomemade.com/product/golden-cheese-flower-jelly-cookies-sg/" "Mozilla/5.0 (Linux; Android 5.0) AppleWebKit/537.36 (KHTML, like Gecko) Mobile Safari/537.36 (compatible; Bytespider; spider-feedback@bytedance.com)"
47.128.112.48 - - [10/Jan/2026:09:40:53 +0700] "GET /wp-content/plugins/elementor/assets/lib/swiper/v8/css/swiper.min.css?ver=8.4.5 HTTP/2" 200 4248 "https://view.lotushomemade.com/product/golden-cheese-flower-jelly-cookies-sg/" "Mozilla/5.0 (Linux; Android 5.0) AppleWebKit/537.36 (KHTML, like Gecko) Mobile Safari/537.36 (compatible; Bytespider; spider-feedback@bytedance.com)"
47.128.112.48 - - [10/Jan/2026:09:40:53 +0700] "GET /wp-content/plugins/elementor-pro/assets/css/frontend-lite.min.css?ver=3.16.1 HTTP/2" 200 1511 "https://view.lotushomemade.com/product/golden-cheese-flower-jelly-cookies-sg/" "Mozilla/5.0 (Linux; Android 5.0) AppleWebKit/537.36 (KHTML, like Gecko) Mobile Safari/537.36 (compatible; Bytespider; spider-feedback@bytedance.com)"
47.128.112.48 - - [10/Jan/2026:09:40:53 +0700] "GET /wp-content/uploads/elementor/css/post-6.css?ver=1699455750 HTTP/2" 200 334 "https://view.lotushomemade.com/product/golden-cheese-flower-jelly-cookies-sg/" "Mozilla/5.0 (Linux; Android 5.0) AppleWebKit/537.36 (KHTML, like Gecko) Mobile Safari/537.36 (compatible; Bytespider; spider-feedback@bytedance.com)"
47.128.112.48 - - [10/Jan/2026:09:40:53 +0700] "GET /wp-content/themes/woodmart/css/bootstrap-light.min.css?ver=7.2.5 HTTP/2" 200 812 "https://view.lotushomemade.com/product/golden-cheese-flower-jelly-cookies-sg/" "Mozilla/5.0 (Linux; Android 5.0) AppleWebKit/537.36 (KHTML, like Gecko) Mobile Safari/537.36 (compatible; Bytespider; spider-feedback@bytedance.com)"
47.128.112.48 - - [10/Jan/2026:09:40:53 +0700] "GET /wp-content/themes/woodmart/css/parts/base.min.css?ver=7.2.5 HTTP/2" 200 10220 "https://view.lotushomemade.com/product/golden-cheese-flower-jelly-cookies-sg/" "Mozilla/5.0 (Linux; Android 5.0) AppleWebKit/537.36 (KHTML, like Gecko) Mobile Safari/537.36 (compatible; Bytespider; spider-feedback@bytedance.com)"
47.128.112.48 - - [10/Jan/2026:09:40:53 +0700] "GET /wp-content/themes/woodmart/css/parts/widget-wd-recent-posts.min.css?ver=7.2.5 HTTP/2" 200 256 "https://view.lotushomemade.com/product/golden-cheese-flower-jelly-cookies-sg/" "Mozilla/5.0 (Linux; Android 5.0) AppleWebKit/537.36 (KHTML, like Gecko) Mobile Safari/537.36 (compatible; Bytespider; spider-feedback@bytedance.com)"
47.128.112.48 - - [10/Jan/2026:09:40:53 +0700] "GET /wp-content/themes/woodmart/css/parts/widget-recent-post-comments.min.css?ver=7.2.5 HTTP/2" 200 266 "https://view.lotushomemade.com/product/golden-cheese-flower-jelly-cookies-sg/" "Mozilla/5.0 (Linux; Android 5.0) AppleWebKit/537.36 (KHTML, like Gecko) Mobile Safari/537.36 (compatible; Bytespider; spider-feedback@bytedance.com)"
47.128.112.48 - - [10/Jan/2026:09:40:53 +0700] "GET /wp-content/themes/woodmart/css/parts/woo-widget-wd-layered-nav.min.css?ver=7.2.5 HTTP/2" 200 495 "https://view.lotushomemade.com/product/golden-cheese-flower-jelly-cookies-sg/" "Mozilla/5.0 (Linux; Android 5.0) AppleWebKit/537.36 (KHTML, like Gecko) Mobile Safari/537.36 (compatible; Bytespider; spider-feedback@bytedance.com)"
47.128.112.48 - - [10/Jan/2026:09:40:53 +0700] "GET /wp-content/themes/woodmart/css/parts/widget-nav.min.css?ver=7.2.5 HTTP/2" 200 149 "https://view.lotushomemade.com/product/golden-cheese-flower-jelly-cookies-sg/" "Mozilla/5.0 (Linux; Android 5.0) AppleWebKit/537.36 (KHTML, like Gecko) Mobile Safari/537.36 (compatible; Bytespider; spider-feedback@bytedance.com)"
47.128.112.48 - - [10/Jan/2026:09:40:53 +0700] "GET /wp-content/themes/woodmart/css/parts/woo-mod-swatches-base.min.css?ver=7.2.5 HTTP/2" 200 709 "https://view.lotushomemade.com/product/golden-cheese-flower-jelly-cookies-sg/" "Mozilla/5.0 (Linux; Android 5.0) AppleWebKit/537.36 (KHTML, like Gecko) Mobile Safari/537.36 (compatible; Bytespider; spider-feedback@bytedance.com)"
47.128.112.48 - - [10/Jan/2026:09:40:53 +0700] "GET /wp-content/themes/woodmart/css/parts/woo-mod-swatches-filter.min.css?ver=7.2.5 HTTP/2" 200 572 "https://view.lotushomemade.com/product/golden-cheese-flower-jelly-cookies-sg/" "Mozilla/5.0 (Linux; Android 5.0) AppleWebKit/537.36 (KHTML, like Gecko) Mobile Safari/537.36 (compatible; Bytespider; spider-feedback@bytedance.com)"
47.128.112.48 - - [10/Jan/2026:09:40:53 +0700] "GET /wp-content/themes/woodmart/css/parts/woo-widget-product-list.min.css?ver=7.2.5 HTTP/2" 200 310 "https://view.lotushomemade.com/product/golden-cheese-flower-jelly-cookies-sg/" "Mozilla/5.0 (Linux; Android 5.0) AppleWebKit/537.36 (KHTML, like Gecko) Mobile Safari/537.36 (compatible; Bytespider; spider-feedback@bytedance.com)"
47.128.112.48 - - [10/Jan/2026:09:40:53 +0700] "GET /wp-content/themes/woodmart/css/parts/woo-widget-layered-nav-stock-status.min.css?ver=7.2.5 HTTP/2" 200 368 "https://view.lotushomemade.com/product/golden-cheese-flower-jelly-cookies-sg/" "Mozilla/5.0 (Linux; Android 5.0) AppleWebKit/537.36 (KHTML, like Gecko) Mobile Safari/537.36 (compatible; Bytespider; spider-feedback@bytedance.com)"
47.128.112.48 - - [10/Jan/2026:09:40:53 +0700] "GET /wp-content/themes/woodmart/css/parts/int-wpcf7.min.css?ver=7.2.5 HTTP/2" 200 403 "https://view.lotushomemade.com/product/golden-cheese-flower-jelly-cookies-sg/" "Mozilla/5.0 (Linux; Android 5.0) AppleWebKit/537.36 (KHTML, like Gecko) Mobile Safari/537.36 (compatible; Bytespider; spider-feedback@bytedance.com)"
47.128.112.48 - - [10/Jan/2026:09:40:53 +0700] "GET /wp-content/themes/woodmart/css/parts/woo-widget-slider-price-filter.min.css?ver=7.2.5 HTTP/2" 200 621 "https://view.lotushomemade.com/product/golden-cheese-flower-jelly-cookies-sg/" "Mozilla/5.0 (Linux; Android 5.0) AppleWebKit/537.36 (KHTML, like Gecko) Mobile Safari/537.36 (compatible; Bytespider; spider-feedback@bytedance.com)"
47.128.112.48 - - [10/Jan/2026:09:40:53 +0700] "GET /wp-content/themes/woodmart/css/parts/int-elem-base.min.css?ver=7.2.5 HTTP/2" 200 960 "https://view.lotushomemade.com/product/golden-cheese-flower-jelly-cookies-sg/" "Mozilla/5.0 (Linux; Android 5.0) AppleWebKit/537.36 (KHTML, like Gecko) Mobile Safari/537.36 (compatible; Bytespider; spider-feedback@bytedance.com)"
47.128.112.48 - - [10/Jan/2026:09:40:53 +0700] "GET /wp-content/themes/woodmart/css/parts/int-rev-slider.min.css?ver=7.2.5 HTTP/2" 200 256 "https://view.lotushomemade.com/product/golden-cheese-flower-jelly-cookies-sg/" "Mozilla/5.0 (Linux; Android 5.0) AppleWebKit/537.36 (KHTML, like Gecko) Mobile Safari/537.36 (compatible; Bytespider; spider-feedback@bytedance.com)"
47.128.112.48 - - [10/Jan/2026:09:40:53 +0700] "GET /wp-content/themes/woodmart/css/parts/int-elementor-pro.min.css?ver=7.2.5 HTTP/2" 200 807 "https://view.lotushomemade.com/product/golden-cheese-flower-jelly-cookies-sg/" "Mozilla/5.0 (Linux; Android 5.0) AppleWebKit/537.36 (KHTML, like Gecko) Mobile Safari/537.36 (compatible; Bytespider; spider-feedback@bytedance.com)"
47.128.112.48 - - [10/Jan/2026:09:40:53 +0700] "GET /wp-content/themes/woodmart/css/parts/woocommerce-base.min.css?ver=7.2.5 HTTP/2" 200 1480 "https://view.lotushomemade.com/product/golden-cheese-flower-jelly-cookies-sg/" "Mozilla/5.0 (Linux; Android 5.0) AppleWebKit/537.36 (KHTML, like Gecko) Mobile Safari/537.36 (compatible; Bytespider; spider-feedback@bytedance.com)"
47.128.112.48 - - [10/Jan/2026:09:40:53 +0700] "GET /wp-content/themes/woodmart/css/parts/woo-el-track-order.min.css?ver=7.2.5 HTTP/2" 200 358 "https://view.lotushomemade.com/product/golden-cheese-flower-jelly-cookies-sg/" "Mozilla/5.0 (Linux; Android 5.0) AppleWebKit/537.36 (KHTML, like Gecko) Mobile Safari/537.36 (compatible; Bytespider; spider-feedback@bytedance.com)"
47.128.112.48 - - [10/Jan/2026:09:40:53 +0700] "GET /wp-content/themes/woodmart/css/parts/mod-star-rating.min.css?ver=7.2.5 HTTP/2" 200 196 "https://view.lotushomemade.com/product/golden-cheese-flower-jelly-cookies-sg/" "Mozilla/5.0 (Linux; Android 5.0) AppleWebKit/537.36 (KHTML, like Gecko) Mobile Safari/537.36 (compatible; Bytespider; spider-feedback@bytedance.com)"
47.128.112.48 - - [10/Jan/2026:09:40:53 +0700] "GET /wp-content/themes/woodmart/css/parts/woo-mod-quantity.min.css?ver=7.2.5 HTTP/2" 200 416 "https://view.lotushomemade.com/product/golden-cheese-flower-jelly-cookies-sg/" "Mozilla/5.0 (Linux; Android 5.0) AppleWebKit/537.36 (KHTML, like Gecko) Mobile Safari/537.36 (compatible; Bytespider; spider-feedback@bytedance.com)"
47.128.112.48 - - [10/Jan/2026:09:40:53 +0700] "GET /wp-content/themes/woodmart/css/parts/woo-single-prod-el-base.min.css?ver=7.2.5 HTTP/2" 200 363 "https://view.lotushomemade.com/product/golden-cheese-flower-jelly-cookies-sg/" "Mozilla/5.0 (Linux; Android 5.0) AppleWebKit/537.36 (KHTML, like Gecko) Mobile Safari/537.36 (compatible; Bytespider; spider-feedback@bytedance.com)"
47.128.112.48 - - [10/Jan/2026:09:40:53 +0700] "GET /wp-content/themes/woodmart/css/parts/woo-mod-shop-attributes.min.css?ver=7.2.5 HTTP/2" 200 401 "https://view.lotushomemade.com/product/golden-cheese-flower-jelly-cookies-sg/" "Mozilla/5.0 (Linux; Android 5.0) AppleWebKit/537.36 (KHTML, like Gecko) Mobile Safari/537.36 (compatible; Bytespider; spider-feedback@bytedance.com)"
47.128.112.48 - - [10/Jan/2026:09:40:53 +0700] "GET /wp-content/themes/woodmart/css/parts/woo-mod-stock-status.min.css?ver=7.2.5 HTTP/2" 200 355 "https://view.lotushomemade.com/product/golden-cheese-flower-jelly-cookies-sg/" "Mozilla/5.0 (Linux; Android 5.0) AppleWebKit/537.36 (KHTML, like Gecko) Mobile Safari/537.36 (compatible; Bytespider; spider-feedback@bytedance.com)"
