103.131.51.123 - - [10/Jan/2026:12:16:14 +0700] "POST /wp-cron.php?doing_wp_cron=1768022174.1232759952545166015625 HTTP/1.1" 200 474 "-" "WordPress/6.9; https://view.lotushomemade.com"
114.119.130.97 - - [10/Jan/2026:12:16:10 +0700] "GET /shop/page/25/?max_price=1050&shop_view=grid&per_row=6 HTTP/1.1" 200 40181 "https://view.lotushomemade.com/shop/page/26/?max_price=1050&shop_view=grid&per_row=6" "Mozilla/5.0 (Linux; Android 7.0;) AppleWebKit/537.36 (KHTML, like Gecko) Mobile Safari/537.36 (compatible; PetalBot;+https://webmaster.petalsearch.com/site/petalbot)"
103.131.51.123 - - [10/Jan/2026:12:17:39 +0700] "POST /wp-cron.php?doing_wp_cron=1768022259.1400249004364013671875 HTTP/1.1" 200 474 "-" "WordPress/6.9; https://view.lotushomemade.com"
114.119.151.206 - - [10/Jan/2026:12:17:35 +0700] "GET /shop/page/25/?max_price=1050&shop_view=grid&per_row=4 HTTP/1.1" 200 40199 "https://view.lotushomemade.com/shop/page/23/?max_price=1050&shop_view=grid&per_row=4" "Mozilla/5.0 (Linux; Android 7.0;) AppleWebKit/537.36 (KHTML, like Gecko) Mobile Safari/537.36 (compatible; PetalBot;+https://webmaster.petalsearch.com/site/petalbot)"
103.131.51.123 - - [10/Jan/2026:12:19:07 +0700] "POST /wp-cron.php?doing_wp_cron=1768022347.0141880512237548828125 HTTP/1.1" 200 474 "-" "WordPress/6.9; https://view.lotushomemade.com"
114.119.156.27 - - [10/Jan/2026:12:19:03 +0700] "GET /shop/page/25/?max_price=1050&per_row=2&shop_view=grid&stock_status=instock HTTP/1.1" 200 40261 "https://view.lotushomemade.com/shop/page/22/?max_price=1050&per_row=2&shop_view=grid&stock_status=instock" "Mozilla/5.0 (Linux; Android 7.0;) AppleWebKit/537.36 (KHTML, like Gecko) Mobile Safari/537.36 (compatible; PetalBot;+https://webmaster.petalsearch.com/site/petalbot)"
103.131.51.123 - - [10/Jan/2026:12:20:25 +0700] "POST /wp-cron.php?doing_wp_cron=1768022425.5250530242919921875000 HTTP/1.1" 200 474 "-" "WordPress/6.9; https://view.lotushomemade.com"
114.119.151.206 - - [10/Jan/2026:12:20:21 +0700] "GET /shop/page/25/?max_price=1040&stock_status=onsale&per_row=4&shop_view=grid HTTP/1.1" 200 40215 "https://view.lotushomemade.com/shop/page/28/?max_price=1040&stock_status=onsale&per_row=4&shop_view=grid" "Mozilla/5.0 (Linux; Android 7.0;) AppleWebKit/537.36 (KHTML, like Gecko) Mobile Safari/537.36 (compatible; PetalBot;+https://webmaster.petalsearch.com/site/petalbot)"
103.131.51.123 - - [10/Jan/2026:12:21:25 +0700] "POST /wp-cron.php?doing_wp_cron=1768022485.7642838954925537109375 HTTP/1.1" 200 474 "-" "WordPress/6.9; https://view.lotushomemade.com"
66.249.71.131 - - [10/Jan/2026:12:21:24 +0700] "GET /product/bangkit-charcoal-l/ HTTP/1.1" 200 37357 "-" "Mozilla/5.0 (compatible; Googlebot/2.1; +http://www.google.com/bot.html)"
103.131.51.123 - - [10/Jan/2026:12:21:47 +0700] "POST /wp-cron.php?doing_wp_cron=1768022507.8209109306335449218750 HTTP/1.1" 200 474 "-" "WordPress/6.9; https://view.lotushomemade.com"
114.119.149.78 - - [10/Jan/2026:12:21:46 +0700] "GET /shop/page/24/?stock_status=onsale HTTP/1.1" 200 39960 "https://view.lotushomemade.com/shop/page/25/?stock_status=onsale" "Mozilla/5.0 (Linux; Android 7.0;) AppleWebKit/537.36 (KHTML, like Gecko) Mobile Safari/537.36 (compatible; PetalBot;+https://webmaster.petalsearch.com/site/petalbot)"
103.131.51.123 - - [10/Jan/2026:12:23:13 +0700] "POST /wp-cron.php?doing_wp_cron=1768022593.1620299816131591796875 HTTP/1.1" 200 474 "-" "WordPress/6.9; https://view.lotushomemade.com"
114.119.130.97 - - [10/Jan/2026:12:23:09 +0700] "GET /shop/page/24/?orderby=rating&stock_status=instock&per_row=6&shop_view=grid HTTP/1.1" 200 39454 "https://view.lotushomemade.com/shop/page/23/?orderby=rating&stock_status=instock&per_row=6&shop_view=grid" "Mozilla/5.0 (Linux; Android 7.0;) AppleWebKit/537.36 (KHTML, like Gecko) Mobile Safari/537.36 (compatible; PetalBot;+https://webmaster.petalsearch.com/site/petalbot)"
103.131.51.123 - - [10/Jan/2026:12:24:37 +0700] "POST /wp-cron.php?doing_wp_cron=1768022677.6548850536346435546875 HTTP/1.1" 200 474 "-" "WordPress/6.9; https://view.lotushomemade.com"
114.119.150.215 - - [10/Jan/2026:12:24:34 +0700] "GET /shop/page/24/?orderby=price-desc&per_row=6&per_page=12&shop_view=grid HTTP/1.1" 200 40270 "https://view.lotushomemade.com/shop/page/25/?orderby=price-desc&per_row=6&per_page=12&shop_view=grid" "Mozilla/5.0 (Linux; Android 7.0;) AppleWebKit/537.36 (KHTML, like Gecko) Mobile Safari/537.36 (compatible; PetalBot;+https://webmaster.petalsearch.com/site/petalbot)"
103.131.51.123 - - [10/Jan/2026:12:26:00 +0700] "POST /wp-cron.php?doing_wp_cron=1768022760.5714271068572998046875 HTTP/1.1" 200 474 "-" "WordPress/6.9; https://view.lotushomemade.com"
114.119.151.206 - - [10/Jan/2026:12:25:56 +0700] "GET /shop/page/24/?orderby=date&per_page=12&shop_view=grid&per_row=6 HTTP/1.1" 200 39564 "https://view.lotushomemade.com/shop/page/27/?orderby=date&per_page=12&shop_view=grid&per_row=6" "Mozilla/5.0 (Linux; Android 7.0;) AppleWebKit/537.36 (KHTML, like Gecko) Mobile Safari/537.36 (compatible; PetalBot;+https://webmaster.petalsearch.com/site/petalbot)"
66.249.71.129 - - [10/Jan/2026:12:26:00 +0700] "GET /shop/page/8/?add-to-cart=17185 HTTP/1.1" 200 34557 "-" "Mozilla/5.0 (Linux; Android 6.0.1; Nexus 5X Build/MMB29P) AppleWebKit/537.36 (KHTML, like Gecko) Chrome/143.0.7499.192 Mobile Safari/537.36 (compatible; Googlebot/2.1; +http://www.google.com/bot.html)"
66.249.70.97 - - [10/Jan/2026:12:26:08 +0700] "GET /wp-content/uploads/2023/11/ICON-HOME-3.svg HTTP/1.1" 200 1836 "https://view.lotushomemade.com/shop/page/8/?add-to-cart=17185" "Mozilla/5.0 (Linux; Android 6.0.1; Nexus 5X Build/MMB29P) AppleWebKit/537.36 (KHTML, like Gecko) Chrome/143.0.7499.169 Mobile Safari/537.36 (compatible; Googlebot/2.1; +http://www.google.com/bot.html)"
103.131.51.123 - - [10/Jan/2026:12:27:25 +0700] "POST /wp-cron.php?doing_wp_cron=1768022844.9607019424438476562500 HTTP/1.1" 200 474 "-" "WordPress/6.9; https://view.lotushomemade.com"
114.119.142.208 - - [10/Jan/2026:12:27:21 +0700] "GET /shop/page/24/?min_price=0&stock_status=onsale&per_row=2&shop_view=grid HTTP/1.1" 200 40178 "https://view.lotushomemade.com/shop/page/21/?min_price=0&stock_status=onsale&per_row=2&shop_view=grid" "Mozilla/5.0 (Linux; Android 7.0;) AppleWebKit/537.36 (KHTML, like Gecko) Mobile Safari/537.36 (compatible; PetalBot;+https://webmaster.petalsearch.com/site/petalbot)"
103.131.51.123 - - [10/Jan/2026:12:27:33 +0700] "POST /wp-cron.php?doing_wp_cron=1768022853.3431200981140136718750 HTTP/1.1" 200 474 "-" "WordPress/6.9; https://view.lotushomemade.com"
40.77.167.14 - - [10/Jan/2026:12:27:31 +0700] "GET /product-category/cake-series/?per_page=18&stock_status=onsale HTTP/2" 200 32470 "-" "Mozilla/5.0 AppleWebKit/537.36 (KHTML, like Gecko; compatible; bingbot/2.0; +http://www.bing.com/bingbot.htm) Chrome/116.0.1938.76 Safari/537.36"
103.131.51.123 - - [10/Jan/2026:12:28:44 +0700] "POST /wp-cron.php?doing_wp_cron=1768022924.8527278900146484375000 HTTP/1.1" 200 474 "-" "WordPress/6.9; https://view.lotushomemade.com"
114.119.142.208 - - [10/Jan/2026:12:28:43 +0700] "GET /shop/page/24/?max_price=1050&per_page=8&stock_status=onsale HTTP/1.1" 200 39607 "https://view.lotushomemade.com/shop/page/26/?max_price=1050&per_page=8&stock_status=onsale" "Mozilla/5.0 (Linux; Android 7.0;) AppleWebKit/537.36 (KHTML, like Gecko) Mobile Safari/537.36 (compatible; PetalBot;+https://webmaster.petalsearch.com/site/petalbot)"
103.131.51.123 - - [10/Jan/2026:12:30:12 +0700] "POST /wp-cron.php?doing_wp_cron=1768023012.1630499362945556640625 HTTP/1.1" 200 474 "-" "WordPress/6.9; https://view.lotushomemade.com"
114.119.148.197 - - [10/Jan/2026:12:30:08 +0700] "GET /shop/page/24/?max_price=1040&per_row=6&shop_view=grid&per_page=12 HTTP/1.1" 200 40300 "https://view.lotushomemade.com/shop/page/25/?max_price=1040&per_row=6&shop_view=grid&per_page=12" "Mozilla/5.0 (Linux; Android 7.0;) AppleWebKit/537.36 (KHTML, like Gecko) Mobile Safari/537.36 (compatible; PetalBot;+https://webmaster.petalsearch.com/site/petalbot)"
57.141.2.71 - - [10/Jan/2026:12:30:21 +0700] "GET /shop/page/15/?add-to-cart=16921 HTTP/2" 200 239580 "-" "meta-externalagent/1.1 (+https://developers.facebook.com/docs/sharing/webmasters/crawler)"
103.131.51.123 - - [10/Jan/2026:12:34:23 +0700] "POST /wp-cron.php?doing_wp_cron=1768023263.5055999755859375000000 HTTP/1.1" 200 474 "-" "WordPress/6.9; https://view.lotushomemade.com"
114.119.149.78 - - [10/Jan/2026:12:34:19 +0700] "GET /shop/page/8/?orderby=date&stock_status=instock&per_row=4&shop_view=grid HTTP/1.1" 200 39801 "https://view.lotushomemade.com/shop/page/9?orderby=date&stock_status=instock&per_row=4&shop_view=grid" "Mozilla/5.0 (Linux; Android 7.0;) AppleWebKit/537.36 (KHTML, like Gecko) Mobile Safari/537.36 (compatible; PetalBot;+https://webmaster.petalsearch.com/site/petalbot)"
103.131.51.123 - - [10/Jan/2026:12:35:28 +0700] "POST /wp-cron.php?doing_wp_cron=1768023328.7796928882598876953125 HTTP/1.1" 200 474 "-" "WordPress/6.9; https://view.lotushomemade.com"
66.249.70.98 - - [10/Jan/2026:12:35:27 +0700] "GET /shop/page/7/?add-to-cart=8574 HTTP/1.1" 200 34695 "-" "Mozilla/5.0 (Linux; Android 6.0.1; Nexus 5X Build/MMB29P) AppleWebKit/537.36 (KHTML, like Gecko) Chrome/143.0.7499.192 Mobile Safari/537.36 (compatible; Googlebot/2.1; +http://www.google.com/bot.html)"
103.131.51.123 - - [10/Jan/2026:12:35:43 +0700] "POST /wp-cron.php?doing_wp_cron=1768023343.2823588848114013671875 HTTP/1.1" 200 474 "-" "WordPress/6.9; https://view.lotushomemade.com"
114.119.156.27 - - [10/Jan/2026:12:35:41 +0700] "GET /shop/page/24/?max_price=1040&per_page=8&shop_view=grid&per_row=6 HTTP/1.1" 200 39783 "https://view.lotushomemade.com/shop/page/26/?max_price=1040&per_page=8&shop_view=grid&per_row=6" "Mozilla/5.0 (Linux; Android 7.0;) AppleWebKit/537.36 (KHTML, like Gecko) Mobile Safari/537.36 (compatible; PetalBot;+https://webmaster.petalsearch.com/site/petalbot)"
103.131.51.123 - - [10/Jan/2026:12:37:10 +0700] "POST /wp-cron.php?doing_wp_cron=1768023430.3336880207061767578125 HTTP/1.1" 200 474 "-" "WordPress/6.9; https://view.lotushomemade.com"
114.119.149.78 - - [10/Jan/2026:12:37:06 +0700] "GET /shop/page/23/?orderby=date&per_row=4&shop_view=grid&stock_status=instock HTTP/1.1" 200 39531 "https://view.lotushomemade.com/shop/page/22/?orderby=date&per_row=4&shop_view=grid&stock_status=instock" "Mozilla/5.0 (Linux; Android 7.0;) AppleWebKit/537.36 (KHTML, like Gecko) Mobile Safari/537.36 (compatible; PetalBot;+https://webmaster.petalsearch.com/site/petalbot)"
103.131.51.123 - - [10/Jan/2026:12:38:34 +0700] "POST /wp-cron.php?doing_wp_cron=1768023514.0231370925903320312500 HTTP/1.1" 200 474 "-" "WordPress/6.9; https://view.lotushomemade.com"
114.119.145.110 - - [10/Jan/2026:12:38:30 +0700] "GET /shop/page/23/?min_price=0&stock_status=instock&per_row=4&shop_view=grid HTTP/1.1" 200 39994 "https://view.lotushomemade.com/shop/page/24/?min_price=0&stock_status=instock&per_row=4&shop_view=grid" "Mozilla/5.0 (Linux; Android 7.0;) AppleWebKit/537.36 (KHTML, like Gecko) Mobile Safari/537.36 (compatible; PetalBot;+https://webmaster.petalsearch.com/site/petalbot)"
103.131.51.123 - - [10/Jan/2026:12:39:58 +0700] "POST /wp-cron.php?doing_wp_cron=1768023598.8301429748535156250000 HTTP/1.1" 200 474 "-" "WordPress/6.9; https://view.lotushomemade.com"
114.119.149.78 - - [10/Jan/2026:12:39:55 +0700] "GET /shop/page/23/?min_price=0&max_price=260&per_row=6&shop_view=grid HTTP/1.1" 200 40009 "https://view.lotushomemade.com/shop/page/24/?min_price=0&max_price=260&per_row=6&shop_view=grid" "Mozilla/5.0 (Linux; Android 7.0;) AppleWebKit/537.36 (KHTML, like Gecko) Mobile Safari/537.36 (compatible; PetalBot;+https://webmaster.petalsearch.com/site/petalbot)"
103.131.51.123 - - [10/Jan/2026:12:41:20 +0700] "POST /wp-cron.php?doing_wp_cron=1768023680.6160221099853515625000 HTTP/1.1" 200 474 "-" "WordPress/6.9; https://view.lotushomemade.com"
114.119.149.78 - - [10/Jan/2026:12:41:17 +0700] "GET /shop/page/23/?max_price=780&stock_status=onsale HTTP/1.1" 200 39999 "https://view.lotushomemade.com/shop/page/25/?max_price=780&stock_status=onsale" "Mozilla/5.0 (Linux; Android 7.0;) AppleWebKit/537.36 (KHTML, like Gecko) Mobile Safari/537.36 (compatible; PetalBot;+https://webmaster.petalsearch.com/site/petalbot)"
103.131.51.123 - - [10/Jan/2026:12:42:44 +0700] "POST /wp-cron.php?doing_wp_cron=1768023764.6831901073455810546875 HTTP/1.1" 200 474 "-" "WordPress/6.9; https://view.lotushomemade.com"
114.119.145.110 - - [10/Jan/2026:12:42:41 +0700] "GET /shop/page/23/?max_price=1050&stock_status=instock HTTP/1.1" 200 40083 "https://view.lotushomemade.com/shop/page/25/?max_price=1050&stock_status=instock" "Mozilla/5.0 (Linux; Android 7.0;) AppleWebKit/537.36 (KHTML, like Gecko) Mobile Safari/537.36 (compatible; PetalBot;+https://webmaster.petalsearch.com/site/petalbot)"
103.131.51.123 - - [10/Jan/2026:12:44:10 +0700] "POST /wp-cron.php?doing_wp_cron=1768023850.2556591033935546875000 HTTP/1.1" 200 474 "-" "WordPress/6.9; https://view.lotushomemade.com"
114.119.145.110 - - [10/Jan/2026:12:44:07 +0700] "GET /shop/page/22?per_row=4&per_page=18&shop_view=grid&stock_status=instock HTTP/1.1" 301 670 "https://view.lotushomemade.com/shop?per_row=4&per_page=18&shop_view=grid&stock_status=instock" "Mozilla/5.0 (Linux; Android 7.0;) AppleWebKit/537.36 (KHTML, like Gecko) Mobile Safari/537.36 (compatible; PetalBot;+https://webmaster.petalsearch.com/site/petalbot)"
103.131.51.123 - - [10/Jan/2026:12:44:11 +0700] "POST /wp-cron.php?doing_wp_cron=1768023851.6674389839172363281250 HTTP/1.1" 200 474 "-" "WordPress/6.9; https://view.lotushomemade.com"
66.249.70.97 - - [10/Jan/2026:12:44:09 +0700] "GET /product/coffee-german-butter-cookies-sg/?add-to-cart=344 HTTP/1.1" 200 38000 "-" "Mozilla/5.0 (Linux; Android 6.0.1; Nexus 5X Build/MMB29P) AppleWebKit/537.36 (KHTML, like Gecko) Chrome/143.0.7499.192 Mobile Safari/537.36 (compatible; Googlebot/2.1; +http://www.google.com/bot.html)"
114.119.145.110 - - [10/Jan/2026:12:44:10 +0700] "GET /shop/page/22/?per_row=4&per_page=18&shop_view=grid&stock_status=instock HTTP/1.1" 200 38950 "https://view.lotushomemade.com/shop?per_row=4&per_page=18&shop_view=grid&stock_status=instock" "Mozilla/5.0 (Linux; Android 7.0;) AppleWebKit/537.36 (KHTML, like Gecko) Mobile Safari/537.36 (compatible; PetalBot;+https://webmaster.petalsearch.com/site/petalbot)"
66.249.70.97 - - [10/Jan/2026:12:44:16 +0700] "GET /wp-content/plugins/woocommerce/assets/js/frontend/cart-fragments.min.js?ver=8.2.1 HTTP/1.1" 200 1569 "https://view.lotushomemade.com/product/coffee-german-butter-cookies-sg/?add-to-cart=344" "Mozilla/5.0 (Linux; Android 6.0.1; Nexus 5X Build/MMB29P) AppleWebKit/537.36 (KHTML, like Gecko) Chrome/143.0.7499.169 Mobile Safari/537.36 (compatible; Googlebot/2.1; +http://www.google.com/bot.html)"
66.249.71.130 - - [10/Jan/2026:12:44:20 +0700] "POST /?wc-ajax=get_refreshed_fragments HTTP/1.1" 200 1785 "https://view.lotushomemade.com/product/coffee-german-butter-cookies-sg/?add-to-cart=344" "Mozilla/5.0 (Linux; Android 6.0.1; Nexus 5X Build/MMB29P) AppleWebKit/537.36 (KHTML, like Gecko) Chrome/143.0.7499.169 Mobile Safari/537.36 (compatible; Googlebot/2.1; +http://www.google.com/bot.html)"
103.131.51.123 - - [10/Jan/2026:12:45:29 +0700] "POST /wp-cron.php?doing_wp_cron=1768023929.6335790157318115234375 HTTP/1.1" 200 474 "-" "WordPress/6.9; https://view.lotushomemade.com"
114.119.156.27 - - [10/Jan/2026:12:45:28 +0700] "GET /shop/page/22/?stock_status=instock&per_page=8&shop_view=grid&per_row=4 HTTP/1.1" 200 39398 "https://view.lotushomemade.com/shop/page/19?stock_status=instock&per_page=8&shop_view=grid&per_row=4" "Mozilla/5.0 (Linux; Android 7.0;) AppleWebKit/537.36 (KHTML, like Gecko) Mobile Safari/537.36 (compatible; PetalBot;+https://webmaster.petalsearch.com/site/petalbot)"
103.131.51.123 - - [10/Jan/2026:12:46:55 +0700] "POST /wp-cron.php?doing_wp_cron=1768024015.5428459644317626953125 HTTP/1.1" 200 474 "-" "WordPress/6.9; https://view.lotushomemade.com"
114.119.142.208 - - [10/Jan/2026:12:46:51 +0700] "GET /shop/page/22/?min_price=0&max_price=260&stock_status=instock HTTP/1.1" 200 40271 "https://view.lotushomemade.com/shop/page/25/?min_price=0&max_price=260&stock_status=instock" "Mozilla/5.0 (Linux; Android 7.0;) AppleWebKit/537.36 (KHTML, like Gecko) Mobile Safari/537.36 (compatible; PetalBot;+https://webmaster.petalsearch.com/site/petalbot)"
103.131.51.123 - - [10/Jan/2026:12:48:20 +0700] "POST /wp-cron.php?doing_wp_cron=1768024100.3395800590515136718750 HTTP/1.1" 200 474 "-" "WordPress/6.9; https://view.lotushomemade.com"
114.119.149.78 - - [10/Jan/2026:12:48:16 +0700] "GET /shop/page/22/?max_price=1040&stock_status=instock&shop_view=grid&per_row=4 HTTP/1.1" 200 40277 "https://view.lotushomemade.com/shop/page/20/?max_price=1040&stock_status=instock&shop_view=grid&per_row=4" "Mozilla/5.0 (Linux; Android 7.0;) AppleWebKit/537.36 (KHTML, like Gecko) Mobile Safari/537.36 (compatible; PetalBot;+https://webmaster.petalsearch.com/site/petalbot)"
103.131.51.123 - - [10/Jan/2026:12:49:44 +0700] "POST /wp-cron.php?doing_wp_cron=1768024184.9207649230957031250000 HTTP/1.1" 200 474 "-" "WordPress/6.9; https://view.lotushomemade.com"
114.119.142.208 - - [10/Jan/2026:12:49:41 +0700] "GET /shop/page/21/?stock_status=onsale&per_row=6&per_page=18&shop_view=grid HTTP/1.1" 200 41387 "https://view.lotushomemade.com/shop/page/22?stock_status=onsale&per_row=6&per_page=18&shop_view=grid" "Mozilla/5.0 (Linux; Android 7.0;) AppleWebKit/537.36 (KHTML, like Gecko) Mobile Safari/537.36 (compatible; PetalBot;+https://webmaster.petalsearch.com/site/petalbot)"
157.55.39.223 - - [10/Jan/2026:12:49:50 +0700] "GET /robots.txt HTTP/2" 200 103 "-" "Mozilla/5.0 AppleWebKit/537.36 (KHTML, like Gecko; compatible; bingbot/2.0; +http://www.bing.com/bingbot.htm) Chrome/116.0.1938.76 Safari/537.36"
52.167.144.166 - - [10/Jan/2026:12:49:49 +0700] "GET /product-category/kuih-kapit-series/100-vegan-kuih-kapit-series/?per_page=8&stock_status=instock HTTP/2" 200 31710 "-" "Mozilla/5.0 AppleWebKit/537.36 (KHTML, like Gecko; compatible; bingbot/2.0; +http://www.bing.com/bingbot.htm) Chrome/116.0.1938.76 Safari/537.36"
103.131.51.123 - - [10/Jan/2026:12:51:13 +0700] "POST /wp-cron.php?doing_wp_cron=1768024273.7163360118865966796875 HTTP/1.1" 200 474 "-" "WordPress/6.9; https://view.lotushomemade.com"
114.119.149.78 - - [10/Jan/2026:12:51:10 +0700] "GET /shop/page/21/?orderby=rating&per_page=18 HTTP/1.1" 200 40844 "https://view.lotushomemade.com/shop/page/4?orderby=rating&per_page=18" "Mozilla/5.0 (Linux; Android 7.0;) AppleWebKit/537.36 (KHTML, like Gecko) Mobile Safari/537.36 (compatible; PetalBot;+https://webmaster.petalsearch.com/site/petalbot)"
103.131.51.123 - - [10/Jan/2026:12:52:32 +0700] "POST /wp-cron.php?doing_wp_cron=1768024352.8397889137268066406250 HTTP/1.1" 200 474 "-" "WordPress/6.9; https://view.lotushomemade.com"
114.119.142.208 - - [10/Jan/2026:12:52:29 +0700] "GET /shop/page/21/?orderby=price-desc&stock_status=onsale&per_page=12 HTTP/1.1" 200 39897 "https://view.lotushomemade.com/shop/page/23/?orderby=price-desc&stock_status=onsale&per_page=12" "Mozilla/5.0 (Linux; Android 7.0;) AppleWebKit/537.36 (KHTML, like Gecko) Mobile Safari/537.36 (compatible; PetalBot;+https://webmaster.petalsearch.com/site/petalbot)"
103.131.51.123 - - [10/Jan/2026:12:53:55 +0700] "POST /wp-cron.php?doing_wp_cron=1768024435.0945749282836914062500 HTTP/1.1" 200 474 "-" "WordPress/6.9; https://view.lotushomemade.com"
114.119.142.208 - - [10/Jan/2026:12:53:51 +0700] "GET /product/nutella-chocolate-nyonya-kuih-kapit-l/ HTTP/1.1" 200 45363 "-" "Mozilla/5.0 (Linux; Android 7.0;) AppleWebKit/537.36 (KHTML, like Gecko) Mobile Safari/537.36 (compatible; PetalBot;+https://webmaster.petalsearch.com/site/petalbot)"
103.131.51.123 - - [10/Jan/2026:12:55:22 +0700] "POST /wp-cron.php?doing_wp_cron=1768024522.8405110836029052734375 HTTP/1.1" 200 474 "-" "WordPress/6.9; https://view.lotushomemade.com"
114.119.156.27 - - [10/Jan/2026:12:55:19 +0700] "GET /blog/ HTTP/1.1" 200 36575 "-" "Mozilla/5.0 (Linux; Android 7.0;) AppleWebKit/537.36 (KHTML, like Gecko) Mobile Safari/537.36 (compatible; PetalBot;+https://webmaster.petalsearch.com/site/petalbot)"
103.131.51.123 - - [10/Jan/2026:12:59:31 +0700] "POST /wp-cron.php?doing_wp_cron=1768024771.1573350429534912109375 HTTP/1.1" 200 474 "-" "WordPress/6.9; https://view.lotushomemade.com"
114.119.145.110 - - [10/Jan/2026:12:59:28 +0700] "GET /shop?stock_status=onsale&filter_brand=blessing-food&per_page=24 HTTP/1.1" 301 575 "https://view.lotushomemade.com/shop?stock_status=onsale&filter_brand=blessing-food" "Mozilla/5.0 (Linux; Android 7.0;) AppleWebKit/537.36 (KHTML, like Gecko) Mobile Safari/537.36 (compatible; PetalBot;+https://webmaster.petalsearch.com/site/petalbot)"
114.119.145.110 - - [10/Jan/2026:12:59:31 +0700] "GET /shop/?stock_status=onsale&filter_brand=blessing-food&per_page=24 HTTP/1.1" 200 38670 "https://view.lotushomemade.com/shop?stock_status=onsale&filter_brand=blessing-food" "Mozilla/5.0 (Linux; Android 7.0;) AppleWebKit/537.36 (KHTML, like Gecko) Mobile Safari/537.36 (compatible; PetalBot;+https://webmaster.petalsearch.com/site/petalbot)"
103.131.51.123 - - [10/Jan/2026:13:00:51 +0700] "POST /wp-cron.php?doing_wp_cron=1768024850.9603281021118164062500 HTTP/1.1" 200 474 "-" "WordPress/6.9; https://view.lotushomemade.com"
114.119.156.27 - - [10/Jan/2026:13:00:48 +0700] "GET /shop/page/7?orderby=rating&stock_status=onsale HTTP/1.1" 301 512 "https://view.lotushomemade.com/shop/page/5?orderby=rating&stock_status=onsale" "Mozilla/5.0 (Linux; Android 7.0;) AppleWebKit/537.36 (KHTML, like Gecko) Mobile Safari/537.36 (compatible; PetalBot;+https://webmaster.petalsearch.com/site/petalbot)"
114.119.156.27 - - [10/Jan/2026:13:00:51 +0700] "GET /shop/page/7/?orderby=rating&stock_status=onsale HTTP/1.1" 200 39678 "https://view.lotushomemade.com/shop/page/5?orderby=rating&stock_status=onsale" "Mozilla/5.0 (Linux; Android 7.0;) AppleWebKit/537.36 (KHTML, like Gecko) Mobile Safari/537.36 (compatible; PetalBot;+https://webmaster.petalsearch.com/site/petalbot)"
103.131.51.123 - - [10/Jan/2026:13:02:17 +0700] "POST /wp-cron.php?doing_wp_cron=1768024937.2779259681701660156250 HTTP/1.1" 200 474 "-" "WordPress/6.9; https://view.lotushomemade.com"
114.119.151.206 - - [10/Jan/2026:13:02:13 +0700] "GET /shop/page/6/?per_page=8&shop_view=grid&per_row=4 HTTP/1.1" 200 39379 "https://view.lotushomemade.com/shop/page/3/?per_page=8&shop_view=grid&per_row=4" "Mozilla/5.0 (Linux; Android 7.0;) AppleWebKit/537.36 (KHTML, like Gecko) Mobile Safari/537.36 (compatible; PetalBot;+https://webmaster.petalsearch.com/site/petalbot)"
103.131.51.123 - - [10/Jan/2026:13:03:39 +0700] "POST /wp-cron.php?doing_wp_cron=1768025019.8328149318695068359375 HTTP/1.1" 200 474 "-" "WordPress/6.9; https://view.lotushomemade.com"
114.119.130.97 - - [10/Jan/2026:13:03:36 +0700] "GET /shop/page/21/?orderby=price-desc&per_row=6&per_page=12&shop_view=grid HTTP/1.1" 200 39966 "https://view.lotushomemade.com/shop/page/20/?orderby=price-desc&per_row=6&per_page=12&shop_view=grid" "Mozilla/5.0 (Linux; Android 7.0;) AppleWebKit/537.36 (KHTML, like Gecko) Mobile Safari/537.36 (compatible; PetalBot;+https://webmaster.petalsearch.com/site/petalbot)"
103.131.51.123 - - [10/Jan/2026:13:05:03 +0700] "POST /wp-cron.php?doing_wp_cron=1768025103.3892760276794433593750 HTTP/1.1" 200 474 "-" "WordPress/6.9; https://view.lotushomemade.com"
114.119.130.97 - - [10/Jan/2026:13:04:59 +0700] "GET /shop/page/21/?orderby=price-desc&per_row=4&shop_view=grid&per_page=12 HTTP/1.1" 200 39983 "https://view.lotushomemade.com/shop/page/18?orderby=price-desc&per_row=4&shop_view=grid&per_page=12" "Mozilla/5.0 (Linux; Android 7.0;) AppleWebKit/537.36 (KHTML, like Gecko) Mobile Safari/537.36 (compatible; PetalBot;+https://webmaster.petalsearch.com/site/petalbot)"
103.131.51.123 - - [10/Jan/2026:13:06:29 +0700] "POST /wp-cron.php?doing_wp_cron=1768025189.4066638946533203125000 HTTP/1.1" 200 474 "-" "WordPress/6.9; https://view.lotushomemade.com"
114.119.142.208 - - [10/Jan/2026:13:06:25 +0700] "GET /shop/page/21/?min_price=0&max_price=260&per_row=4&shop_view=grid HTTP/1.1" 200 40601 "https://view.lotushomemade.com/shop/page/19?min_price=0&max_price=260&per_row=4&shop_view=grid" "Mozilla/5.0 (Linux; Android 7.0;) AppleWebKit/537.36 (KHTML, like Gecko) Mobile Safari/537.36 (compatible; PetalBot;+https://webmaster.petalsearch.com/site/petalbot)"
103.131.51.123 - - [10/Jan/2026:13:08:04 +0700] "POST /wp-cron.php?doing_wp_cron=1768025284.9282269477844238281250 HTTP/1.1" 200 474 "-" "WordPress/6.9; https://view.lotushomemade.com"
114.119.150.215 - - [10/Jan/2026:13:08:01 +0700] "GET /shop/page/21/?max_price=780&shop_view=grid&per_row=4 HTTP/1.1" 200 40548 "https://view.lotushomemade.com/shop/page/19/?max_price=780&shop_view=grid&per_row=4" "Mozilla/5.0 (Linux; Android 7.0;) AppleWebKit/537.36 (KHTML, like Gecko) Mobile Safari/537.36 (compatible; PetalBot;+https://webmaster.petalsearch.com/site/petalbot)"
103.131.51.123 - - [10/Jan/2026:13:09:15 +0700] "POST /wp-cron.php?doing_wp_cron=1768025355.4392149448394775390625 HTTP/1.1" 200 474 "-" "WordPress/6.9; https://view.lotushomemade.com"
114.119.156.27 - - [10/Jan/2026:13:09:14 +0700] "GET /shop/page/21/?max_price=520&per_row=6&shop_view=grid HTTP/1.1" 200 40556 "https://view.lotushomemade.com/shop/page/18/?max_price=520&per_row=6&shop_view=grid" "Mozilla/5.0 (Linux; Android 7.0;) AppleWebKit/537.36 (KHTML, like Gecko) Mobile Safari/537.36 (compatible; PetalBot;+https://webmaster.petalsearch.com/site/petalbot)"
103.131.51.123 - - [10/Jan/2026:13:10:40 +0700] "POST /wp-cron.php?doing_wp_cron=1768025440.2243659496307373046875 HTTP/1.1" 200 474 "-" "WordPress/6.9; https://view.lotushomemade.com"
114.119.145.110 - - [10/Jan/2026:13:10:36 +0700] "GET /shop/page/21/?max_price=520&per_row=2&per_page=18&shop_view=grid HTTP/1.1" 200 41315 "https://view.lotushomemade.com/shop?max_price=520&per_row=2&per_page=18&shop_view=grid" "Mozilla/5.0 (Linux; Android 7.0;) AppleWebKit/537.36 (KHTML, like Gecko) Mobile Safari/537.36 (compatible; PetalBot;+https://webmaster.petalsearch.com/site/petalbot)"
103.131.51.123 - - [10/Jan/2026:13:12:05 +0700] "POST /wp-cron.php?doing_wp_cron=1768025525.1824250221252441406250 HTTP/1.1" 200 474 "-" "WordPress/6.9; https://view.lotushomemade.com"
114.119.149.78 - - [10/Jan/2026:13:12:01 +0700] "GET /shop/page/21/?max_price=1050&per_row=4&shop_view=grid&stock_status=instock HTTP/1.1" 200 40786 "https://view.lotushomemade.com/shop/page/19/?max_price=1050&per_row=4&shop_view=grid&stock_status=instock" "Mozilla/5.0 (Linux; Android 7.0;) AppleWebKit/537.36 (KHTML, like Gecko) Mobile Safari/537.36 (compatible; PetalBot;+https://webmaster.petalsearch.com/site/petalbot)"
74.125.151.99 - - [10/Jan/2026:13:12:16 +0700] "GET /product/sou-mian_18-inch/ HTTP/1.1" 200 36363 "-" "Mozilla/5.0 (X11; Linux x86_64) AppleWebKit/537.36 (KHTML, like Gecko) Chrome/143.0.7499.169 Safari/537.36"
74.125.151.99 - - [10/Jan/2026:13:12:49 +0700] "GET /wp-content/themes/woodmart/css/parts/woo-mod-swatches-base.min.css?ver=7.2.5 HTTP/1.1" 200 1320 "https://view.lotushomemade.com/product/sou-mian_18-inch/" "Mozilla/5.0 (X11; Linux x86_64) AppleWebKit/537.36 (KHTML, like Gecko) Chrome/143.0.7499.169 Safari/537.36"
74.125.151.97 - - [10/Jan/2026:13:12:55 +0700] "GET /wp-content/plugins/elementor-pro/assets/css/frontend-lite.min.css?ver=3.16.1 HTTP/1.1" 200 2125 "https://view.lotushomemade.com/product/sou-mian_18-inch/" "Mozilla/5.0 (X11; Linux x86_64) AppleWebKit/537.36 (KHTML, like Gecko) Chrome/143.0.7499.169 Safari/537.36"
103.131.51.123 - - [10/Jan/2026:13:13:23 +0700] "POST /wp-cron.php?doing_wp_cron=1768025603.0316269397735595703125 HTTP/1.1" 200 474 "-" "WordPress/6.9; https://view.lotushomemade.com"
114.119.145.110 - - [10/Jan/2026:13:13:22 +0700] "GET /shop/page/20?stock_status=onsale&per_page=18&shop_view=grid&per_row=4 HTTP/1.1" 301 669 "https://view.lotushomemade.com/shop/page/15/?stock_status=onsale&per_page=18&shop_view=grid&per_row=4" "Mozilla/5.0 (Linux; Android 7.0;) AppleWebKit/537.36 (KHTML, like Gecko) Mobile Safari/537.36 (compatible; PetalBot;+https://webmaster.petalsearch.com/site/petalbot)"
114.119.145.110 - - [10/Jan/2026:13:13:23 +0700] "GET /shop/page/20/?stock_status=onsale&per_page=18&shop_view=grid&per_row=4 HTTP/1.1" 200 41319 "https://view.lotushomemade.com/shop/page/15/?stock_status=onsale&per_page=18&shop_view=grid&per_row=4" "Mozilla/5.0 (Linux; Android 7.0;) AppleWebKit/537.36 (KHTML, like Gecko) Mobile Safari/537.36 (compatible; PetalBot;+https://webmaster.petalsearch.com/site/petalbot)"
74.125.151.97 - - [10/Jan/2026:13:13:48 +0700] "GET /wp-content/themes/woodmart/css/parts/woo-mod-quantity.min.css?ver=7.2.5 HTTP/1.1" 200 1028 "https://view.lotushomemade.com/product/sou-mian_18-inch/" "Mozilla/5.0 (X11; Linux x86_64) AppleWebKit/537.36 (KHTML, like Gecko) Chrome/143.0.7499.169 Safari/537.36"
74.125.151.97 - - [10/Jan/2026:13:13:50 +0700] "GET /wp-content/plugins/elementor/assets/lib/swiper/v8/css/swiper.min.css?ver=8.4.5 HTTP/1.1" 200 4684 "https://view.lotushomemade.com/product/sou-mian_18-inch/" "Mozilla/5.0 (X11; Linux x86_64) AppleWebKit/537.36 (KHTML, like Gecko) Chrome/143.0.7499.169 Safari/537.36"
74.125.151.97 - - [10/Jan/2026:13:13:51 +0700] "GET /wp-content/uploads/elementor/css/post-6.css?ver=1699455750 HTTP/1.1" 200 768 "https://view.lotushomemade.com/product/sou-mian_18-inch/" "Mozilla/5.0 (X11; Linux x86_64) AppleWebKit/537.36 (KHTML, like Gecko) Chrome/143.0.7499.169 Safari/537.36"
74.125.151.98 - - [10/Jan/2026:13:13:53 +0700] "GET /wp-content/themes/woodmart/css/parts/base.min.css?ver=7.2.5 HTTP/1.1" 200 10835 "https://view.lotushomemade.com/product/sou-mian_18-inch/" "Mozilla/5.0 (X11; Linux x86_64) AppleWebKit/537.36 (KHTML, like Gecko) Chrome/143.0.7499.169 Safari/537.36"
74.125.151.97 - - [10/Jan/2026:13:13:54 +0700] "GET /wp-content/themes/woodmart/css/parts/woo-mod-login-form.min.css?ver=7.2.5 HTTP/1.1" 200 1027 "https://view.lotushomemade.com/product/sou-mian_18-inch/" "Mozilla/5.0 (X11; Linux x86_64) AppleWebKit/537.36 (KHTML, like Gecko) Chrome/143.0.7499.169 Safari/537.36"
74.125.151.97 - - [10/Jan/2026:13:13:55 +0700] "GET /wp-content/plugins/elementor/assets/css/frontend-lite.min.css?ver=3.17.3 HTTP/1.1" 200 13373 "https://view.lotushomemade.com/product/sou-mian_18-inch/" "Mozilla/5.0 (X11; Linux x86_64) AppleWebKit/537.36 (KHTML, like Gecko) Chrome/143.0.7499.169 Safari/537.36"
74.125.151.98 - - [10/Jan/2026:13:13:56 +0700] "GET /wp-content/themes/woodmart/css/parts/widget-wd-recent-posts.min.css?ver=7.2.5 HTTP/1.1" 200 690 "https://view.lotushomemade.com/product/sou-mian_18-inch/" "Mozilla/5.0 (X11; Linux x86_64) AppleWebKit/537.36 (KHTML, like Gecko) Chrome/143.0.7499.169 Safari/537.36"
74.125.151.97 - - [10/Jan/2026:13:13:58 +0700] "GET /wp-content/themes/woodmart/css/parts/woo-single-prod-el-reviews-style-1.min.css?ver=7.2.5 HTTP/1.1" 200 660 "https://view.lotushomemade.com/product/sou-mian_18-inch/" "Mozilla/5.0 (X11; Linux x86_64) AppleWebKit/537.36 (KHTML, like Gecko) Chrome/143.0.7499.169 Safari/537.36"
74.125.151.97 - - [10/Jan/2026:13:13:59 +0700] "GET /wp-content/themes/woodmart/css/parts/opt-bottom-toolbar.min.css?ver=7.2.5 HTTP/1.1" 200 1034 "https://view.lotushomemade.com/product/sou-mian_18-inch/" "Mozilla/5.0 (X11; Linux x86_64) AppleWebKit/537.36 (KHTML, like Gecko) Chrome/143.0.7499.169 Safari/537.36"
74.125.151.97 - - [10/Jan/2026:13:14:01 +0700] "GET /wp-content/themes/woodmart/css/parts/woo-widget-wd-layered-nav.min.css?ver=7.2.5 HTTP/1.1" 200 929 "https://view.lotushomemade.com/product/sou-mian_18-inch/" "Mozilla/5.0 (X11; Linux x86_64) AppleWebKit/537.36 (KHTML, like Gecko) Chrome/143.0.7499.169 Safari/537.36"
74.125.151.97 - - [10/Jan/2026:13:14:02 +0700] "GET /wp-content/themes/woodmart/css/bootstrap-light.min.css?ver=7.2.5 HTTP/1.1" 200 1247 "https://view.lotushomemade.com/product/sou-mian_18-inch/" "Mozilla/5.0 (X11; Linux x86_64) AppleWebKit/537.36 (KHTML, like Gecko) Chrome/143.0.7499.169 Safari/537.36"
74.125.151.97 - - [10/Jan/2026:13:14:04 +0700] "GET /wp-content/themes/woodmart/css/parts/woo-mod-shop-attributes.min.css?ver=7.2.5 HTTP/1.1" 200 798 "https://view.lotushomemade.com/product/sou-mian_18-inch/" "Mozilla/5.0 (X11; Linux x86_64) AppleWebKit/537.36 (KHTML, like Gecko) Chrome/143.0.7499.169 Safari/537.36"
74.125.151.97 - - [10/Jan/2026:13:14:06 +0700] "GET /wp-content/themes/woodmart/css/parts/widget-nav.min.css?ver=7.2.5 HTTP/1.1" 200 761 "https://view.lotushomemade.com/product/sou-mian_18-inch/" "Mozilla/5.0 (X11; Linux x86_64) AppleWebKit/537.36 (KHTML, like Gecko) Chrome/143.0.7499.169 Safari/537.36"
74.125.151.97 - - [10/Jan/2026:13:14:07 +0700] "GET /wp-content/themes/woodmart/css/parts/woo-mod-stock-status.min.css?ver=7.2.5 HTTP/1.1" 200 789 "https://view.lotushomemade.com/product/sou-mian_18-inch/" "Mozilla/5.0 (X11; Linux x86_64) AppleWebKit/537.36 (KHTML, like Gecko) Chrome/143.0.7499.169 Safari/537.36"
74.125.151.97 - - [10/Jan/2026:13:14:08 +0700] "GET /wp-content/themes/woodmart/css/parts/woo-widget-product-list.min.css?ver=7.2.5 HTTP/1.1" 200 744 "https://view.lotushomemade.com/product/sou-mian_18-inch/" "Mozilla/5.0 (X11; Linux x86_64) AppleWebKit/537.36 (KHTML, like Gecko) Chrome/143.0.7499.169 Safari/537.36"
74.125.151.97 - - [10/Jan/2026:13:14:10 +0700] "GET /wp-content/themes/woodmart/css/parts/header-el-my-account-dropdown.min.css?ver=7.2.5 HTTP/1.1" 200 676 "https://view.lotushomemade.com/product/sou-mian_18-inch/" "Mozilla/5.0 (X11; Linux x86_64) AppleWebKit/537.36 (KHTML, like Gecko) Chrome/143.0.7499.169 Safari/537.36"
74.125.151.97 - - [10/Jan/2026:13:14:11 +0700] "GET /wp-content/themes/woodmart/css/parts/widget-recent-post-comments.min.css?ver=7.2.5 HTTP/1.1" 200 700 "https://view.lotushomemade.com/product/sou-mian_18-inch/" "Mozilla/5.0 (X11; Linux x86_64) AppleWebKit/537.36 (KHTML, like Gecko) Chrome/143.0.7499.169 Safari/537.36"
74.125.151.97 - - [10/Jan/2026:13:14:13 +0700] "GET /wp-content/themes/woodmart/css/parts/mod-star-rating.min.css?ver=7.2.5 HTTP/1.1" 200 630 "https://view.lotushomemade.com/product/sou-mian_18-inch/" "Mozilla/5.0 (X11; Linux x86_64) AppleWebKit/537.36 (KHTML, like Gecko) Chrome/143.0.7499.169 Safari/537.36"
74.125.151.97 - - [10/Jan/2026:13:14:16 +0700] "GET /wp-content/themes/woodmart/css/parts/lib-magnific-popup.min.css?ver=7.2.5 HTTP/1.1" 200 1332 "https://view.lotushomemade.com/product/sou-mian_18-inch/" "Mozilla/5.0 (X11; Linux x86_64) AppleWebKit/537.36 (KHTML, like Gecko) Chrome/143.0.7499.169 Safari/537.36"
103.131.51.123 - - [10/Jan/2026:13:14:49 +0700] "POST /wp-cron.php?doing_wp_cron=1768025689.3306059837341308593750 HTTP/1.1" 200 474 "-" "WordPress/6.9; https://view.lotushomemade.com"
114.119.148.197 - - [10/Jan/2026:13:14:47 +0700] "GET /shop/page/20?per_row=2&per_page=12&shop_view=grid HTTP/1.1" 301 649 "https://view.lotushomemade.com/shop/page/17/?per_row=2&per_page=12&shop_view=grid" "Mozilla/5.0 (Linux; Android 7.0;) AppleWebKit/537.36 (KHTML, like Gecko) Mobile Safari/537.36 (compatible; PetalBot;+https://webmaster.petalsearch.com/site/petalbot)"
114.119.148.197 - - [10/Jan/2026:13:14:50 +0700] "GET /shop/page/20/?per_row=2&per_page=12&shop_view=grid HTTP/1.1" 200 40179 "https://view.lotushomemade.com/shop/page/17/?per_row=2&per_page=12&shop_view=grid" "Mozilla/5.0 (Linux; Android 7.0;) AppleWebKit/537.36 (KHTML, like Gecko) Mobile Safari/537.36 (compatible; PetalBot;+https://webmaster.petalsearch.com/site/petalbot)"
103.131.51.123 - - [10/Jan/2026:13:16:15 +0700] "POST /wp-cron.php?doing_wp_cron=1768025775.4906749725341796875000 HTTP/1.1" 200 474 "-" "WordPress/6.9; https://view.lotushomemade.com"
114.119.156.27 - - [10/Jan/2026:13:16:11 +0700] "GET /shop/page/25/?stock_status=instock&per_page=12&shop_view=grid&per_row=4 HTTP/1.1" 200 40098 "https://view.lotushomemade.com/shop/page/28/?stock_status=instock&per_page=12&shop_view=grid&per_row=4" "Mozilla/5.0 (Linux; Android 7.0;) AppleWebKit/537.36 (KHTML, like Gecko) Mobile Safari/537.36 (compatible; PetalBot;+https://webmaster.petalsearch.com/site/petalbot)"
66.249.70.98 - - [10/Jan/2026:13:16:25 +0700] "GET /shop/page/21/?add-to-cart=1136 HTTP/1.1" 200 35082 "-" "Mozilla/5.0 (Linux; Android 6.0.1; Nexus 5X Build/MMB29P) AppleWebKit/537.36 (KHTML, like Gecko) Chrome/143.0.7499.192 Mobile Safari/537.36 (compatible; Googlebot/2.1; +http://www.google.com/bot.html)"
103.131.51.123 - - [10/Jan/2026:13:17:35 +0700] "POST /wp-cron.php?doing_wp_cron=1768025854.9963068962097167968750 HTTP/1.1" 200 474 "-" "WordPress/6.9; https://view.lotushomemade.com"
114.119.150.215 - - [10/Jan/2026:13:17:33 +0700] "GET /shop/page/24/?stock_status=instock&shop_view=grid&per_row=2 HTTP/1.1" 200 40110 "https://view.lotushomemade.com/shop/page/21/?stock_status=instock&shop_view=grid&per_row=2" "Mozilla/5.0 (Linux; Android 7.0;) AppleWebKit/537.36 (KHTML, like Gecko) Mobile Safari/537.36 (compatible; PetalBot;+https://webmaster.petalsearch.com/site/petalbot)"
103.131.51.123 - - [10/Jan/2026:13:19:00 +0700] "POST /wp-cron.php?doing_wp_cron=1768025940.2792799472808837890625 HTTP/1.1" 200 474 "-" "WordPress/6.9; https://view.lotushomemade.com"
114.119.151.206 - - [10/Jan/2026:13:18:56 +0700] "GET /shop/page/21/?orderby=popularity&per_page=12&shop_view=grid&per_row=6 HTTP/1.1" 200 39556 "https://view.lotushomemade.com/shop/page/19?orderby=popularity&per_page=12&shop_view=grid&per_row=6" "Mozilla/5.0 (Linux; Android 7.0;) AppleWebKit/537.36 (KHTML, like Gecko) Mobile Safari/537.36 (compatible; PetalBot;+https://webmaster.petalsearch.com/site/petalbot)"
103.131.51.123 - - [10/Jan/2026:13:20:22 +0700] "POST /wp-cron.php?doing_wp_cron=1768026022.6144680976867675781250 HTTP/1.1" 200 474 "-" "WordPress/6.9; https://view.lotushomemade.com"
114.119.156.27 - - [10/Jan/2026:13:20:20 +0700] "GET /shop/page/20?orderby=rating&shop_view=grid&per_row=6 HTTP/1.1" 301 606 "https://view.lotushomemade.com/shop/page/17/?orderby=rating&shop_view=grid&per_row=6" "Mozilla/5.0 (Linux; Android 7.0;) AppleWebKit/537.36 (KHTML, like Gecko) Mobile Safari/537.36 (compatible; PetalBot;+https://webmaster.petalsearch.com/site/petalbot)"
114.119.156.27 - - [10/Jan/2026:13:20:22 +0700] "GET /shop/page/20/?orderby=rating&shop_view=grid&per_row=6 HTTP/1.1" 200 39700 "https://view.lotushomemade.com/shop/page/17/?orderby=rating&shop_view=grid&per_row=6" "Mozilla/5.0 (Linux; Android 7.0;) AppleWebKit/537.36 (KHTML, like Gecko) Mobile Safari/537.36 (compatible; PetalBot;+https://webmaster.petalsearch.com/site/petalbot)"
103.131.51.123 - - [10/Jan/2026:13:21:47 +0700] "POST /wp-cron.php?doing_wp_cron=1768026107.4169259071350097656250 HTTP/1.1" 200 474 "-" "WordPress/6.9; https://view.lotushomemade.com"
114.119.142.208 - - [10/Jan/2026:13:21:45 +0700] "GET /shop/page/20?orderby=price-desc&per_row=4&shop_view=grid&stock_status=onsale HTTP/1.1" 301 630 "https://view.lotushomemade.com/shop/page/17/?orderby=price-desc&per_row=4&shop_view=grid&stock_status=onsale" "Mozilla/5.0 (Linux; Android 7.0;) AppleWebKit/537.36 (KHTML, like Gecko) Mobile Safari/537.36 (compatible; PetalBot;+https://webmaster.petalsearch.com/site/petalbot)"
114.119.142.208 - - [10/Jan/2026:13:21:47 +0700] "GET /shop/page/20/?orderby=price-desc&per_row=4&shop_view=grid&stock_status=onsale HTTP/1.1" 200 40079 "https://view.lotushomemade.com/shop/page/17/?orderby=price-desc&per_row=4&shop_view=grid&stock_status=onsale" "Mozilla/5.0 (Linux; Android 7.0;) AppleWebKit/537.36 (KHTML, like Gecko) Mobile Safari/537.36 (compatible; PetalBot;+https://webmaster.petalsearch.com/site/petalbot)"
103.131.51.123 - - [10/Jan/2026:13:23:10 +0700] "POST /wp-cron.php?doing_wp_cron=1768026190.1507070064544677734375 HTTP/1.1" 200 474 "-" "WordPress/6.9; https://view.lotushomemade.com"
114.119.142.208 - - [10/Jan/2026:13:23:07 +0700] "GET /shop/page/20?orderby=price&stock_status=instock&shop_view=grid&per_row=6 HTTP/1.1" 301 626 "https://view.lotushomemade.com/shop/page/18/?orderby=price&stock_status=instock&shop_view=grid&per_row=6" "Mozilla/5.0 (Linux; Android 7.0;) AppleWebKit/537.36 (KHTML, like Gecko) Mobile Safari/537.36 (compatible; PetalBot;+https://webmaster.petalsearch.com/site/petalbot)"
114.119.142.208 - - [10/Jan/2026:13:23:10 +0700] "GET /shop/page/20/?orderby=price&stock_status=instock&shop_view=grid&per_row=6 HTTP/1.1" 200 40056 "https://view.lotushomemade.com/shop/page/18/?orderby=price&stock_status=instock&shop_view=grid&per_row=6" "Mozilla/5.0 (Linux; Android 7.0;) AppleWebKit/537.36 (KHTML, like Gecko) Mobile Safari/537.36 (compatible; PetalBot;+https://webmaster.petalsearch.com/site/petalbot)"
103.131.51.123 - - [10/Jan/2026:13:24:35 +0700] "POST /wp-cron.php?doing_wp_cron=1768026274.9881310462951660156250 HTTP/1.1" 200 474 "-" "WordPress/6.9; https://view.lotushomemade.com"
114.119.145.110 - - [10/Jan/2026:13:24:32 +0700] "GET /shop/page/20?orderby=popularity&stock_status=onsale HTTP/1.1" 301 517 "https://view.lotushomemade.com/shop/page/18/?orderby=popularity&stock_status=onsale" "Mozilla/5.0 (Linux; Android 7.0;) AppleWebKit/537.36 (KHTML, like Gecko) Mobile Safari/537.36 (compatible; PetalBot;+https://webmaster.petalsearch.com/site/petalbot)"
114.119.145.110 - - [10/Jan/2026:13:24:35 +0700] "GET /shop/page/20/?orderby=popularity&stock_status=onsale HTTP/1.1" 200 39554 "https://view.lotushomemade.com/shop/page/18/?orderby=popularity&stock_status=onsale" "Mozilla/5.0 (Linux; Android 7.0;) AppleWebKit/537.36 (KHTML, like Gecko) Mobile Safari/537.36 (compatible; PetalBot;+https://webmaster.petalsearch.com/site/petalbot)"
199.45.154.151 - - [10/Jan/2026:13:25:00 +0700] "GET / HTTP/1.1" 200 356705 "-" "Mozilla/5.0 (compatible; CensysInspect/1.1; +https://about.censys.io/)"
199.45.154.151 - - [10/Jan/2026:13:25:08 +0700] "GET /wp-content/uploads/2023/10/LOGO-ICON-LOTUS.svg HTTP/1.1" 200 6136 "-" "Mozilla/5.0 (compatible; CensysInspect/1.1; +https://about.censys.io/)"
199.45.154.151 - - [10/Jan/2026:13:25:08 +0700] "GET /favicon.ico HTTP/1.1" 404 963 "-" "Mozilla/5.0 (compatible; CensysInspect/1.1; +https://about.censys.io/)"
103.131.51.123 - - [10/Jan/2026:13:25:55 +0700] "POST /wp-cron.php?doing_wp_cron=1768026355.4874761104583740234375 HTTP/1.1" 200 474 "-" "WordPress/6.9; https://view.lotushomemade.com"
114.119.130.97 - - [10/Jan/2026:13:25:55 +0700] "GET /shop/page/20?orderby=popularity&per_page=18 HTTP/1.1" 301 555 "https://view.lotushomemade.com/shop?orderby=popularity&per_page=18" "Mozilla/5.0 (Linux; Android 7.0;) AppleWebKit/537.36 (KHTML, like Gecko) Mobile Safari/537.36 (compatible; PetalBot;+https://webmaster.petalsearch.com/site/petalbot)"
114.119.130.97 - - [10/Jan/2026:13:25:55 +0700] "GET /shop/page/20/?orderby=popularity&per_page=18 HTTP/1.1" 200 40032 "https://view.lotushomemade.com/shop?orderby=popularity&per_page=18" "Mozilla/5.0 (Linux; Android 7.0;) AppleWebKit/537.36 (KHTML, like Gecko) Mobile Safari/537.36 (compatible; PetalBot;+https://webmaster.petalsearch.com/site/petalbot)"
40.77.167.15 - - [10/Jan/2026:13:25:59 +0700] "GET /product-category/hot-item/?filter_brand=blessing-food HTTP/2" 200 31896 "-" "Mozilla/5.0 AppleWebKit/537.36 (KHTML, like Gecko; compatible; bingbot/2.0; +http://www.bing.com/bingbot.htm) Chrome/116.0.1938.76 Safari/537.36"
103.131.51.123 - - [10/Jan/2026:13:27:20 +0700] "POST /wp-cron.php?doing_wp_cron=1768026440.2225298881530761718750 HTTP/1.1" 200 474 "-" "WordPress/6.9; https://view.lotushomemade.com"
114.119.145.110 - - [10/Jan/2026:13:27:17 +0700] "GET /shop/page/20?min_price=0&max_price=260&per_page=12 HTTP/1.1" 301 562 "https://view.lotushomemade.com/shop/page/18/?min_price=0&max_price=260&per_page=12" "Mozilla/5.0 (Linux; Android 7.0;) AppleWebKit/537.36 (KHTML, like Gecko) Mobile Safari/537.36 (compatible; PetalBot;+https://webmaster.petalsearch.com/site/petalbot)"
114.119.145.110 - - [10/Jan/2026:13:27:20 +0700] "GET /shop/page/20/?min_price=0&max_price=260&per_page=12 HTTP/1.1" 200 40266 "https://view.lotushomemade.com/shop/page/18/?min_price=0&max_price=260&per_page=12" "Mozilla/5.0 (Linux; Android 7.0;) AppleWebKit/537.36 (KHTML, like Gecko) Mobile Safari/537.36 (compatible; PetalBot;+https://webmaster.petalsearch.com/site/petalbot)"
103.131.51.123 - - [10/Jan/2026:13:28:43 +0700] "POST /wp-cron.php?doing_wp_cron=1768026523.1865990161895751953125 HTTP/1.1" 200 474 "-" "WordPress/6.9; https://view.lotushomemade.com"
114.119.148.197 - - [10/Jan/2026:13:28:40 +0700] "GET /shop/page/20?max_price=1050&shop_view=grid&per_row=4 HTTP/1.1" 301 606 "https://view.lotushomemade.com/shop/page/17/?max_price=1050&shop_view=grid&per_row=4" "Mozilla/5.0 (Linux; Android 7.0;) AppleWebKit/537.36 (KHTML, like Gecko) Mobile Safari/537.36 (compatible; PetalBot;+https://webmaster.petalsearch.com/site/petalbot)"
114.119.148.197 - - [10/Jan/2026:13:28:43 +0700] "GET /shop/page/20/?max_price=1050&shop_view=grid&per_row=4 HTTP/1.1" 200 40360 "https://view.lotushomemade.com/shop/page/17/?max_price=1050&shop_view=grid&per_row=4" "Mozilla/5.0 (Linux; Android 7.0;) AppleWebKit/537.36 (KHTML, like Gecko) Mobile Safari/537.36 (compatible; PetalBot;+https://webmaster.petalsearch.com/site/petalbot)"
103.131.51.123 - - [10/Jan/2026:13:30:07 +0700] "POST /wp-cron.php?doing_wp_cron=1768026607.3667809963226318359375 HTTP/1.1" 200 474 "-" "WordPress/6.9; https://view.lotushomemade.com"
114.119.142.208 - - [10/Jan/2026:13:30:05 +0700] "GET /shop/page/20/?stock_status=instock,onsale&per_row=6&shop_view=grid&per_page=18 HTTP/1.1" 301 679 "https://view.lotushomemade.com/shop?stock_status=instock%2Consale&per_row=6&shop_view=grid&per_page=18" "Mozilla/5.0 (Linux; Android 7.0;) AppleWebKit/537.36 (KHTML, like Gecko) Mobile Safari/537.36 (compatible; PetalBot;+https://webmaster.petalsearch.com/site/petalbot)"
114.119.142.208 - - [10/Jan/2026:13:30:07 +0700] "GET /shop/page/20/?stock_status=instock,onsale&per_row=6&shop_view=grid&per_page=18 HTTP/1.1" 301 679 "https://view.lotushomemade.com/shop?stock_status=instock%2Consale&per_row=6&shop_view=grid&per_page=18" "Mozilla/5.0 (Linux; Android 7.0;) AppleWebKit/537.36 (KHTML, like Gecko) Mobile Safari/537.36 (compatible; PetalBot;+https://webmaster.petalsearch.com/site/petalbot)"
114.119.142.208 - - [10/Jan/2026:13:30:07 +0700] "GET /shop/page/20/?stock_status=instock,onsale&per_row=6&shop_view=grid&per_page=18 HTTP/1.1" 301 679 "https://view.lotushomemade.com/shop?stock_status=instock%2Consale&per_row=6&shop_view=grid&per_page=18" "Mozilla/5.0 (Linux; Android 7.0;) AppleWebKit/537.36 (KHTML, like Gecko) Mobile Safari/537.36 (compatible; PetalBot;+https://webmaster.petalsearch.com/site/petalbot)"
114.119.142.208 - - [10/Jan/2026:13:30:08 +0700] "GET /shop/page/20/?stock_status=instock,onsale&per_row=6&shop_view=grid&per_page=18 HTTP/1.1" 301 679 "https://view.lotushomemade.com/shop?stock_status=instock%2Consale&per_row=6&shop_view=grid&per_page=18" "Mozilla/5.0 (Linux; Android 7.0;) AppleWebKit/537.36 (KHTML, like Gecko) Mobile Safari/537.36 (compatible; PetalBot;+https://webmaster.petalsearch.com/site/petalbot)"
114.119.142.208 - - [10/Jan/2026:13:30:08 +0700] "GET /shop/page/20/?stock_status=instock,onsale&per_row=6&shop_view=grid&per_page=18 HTTP/1.1" 301 679 "https://view.lotushomemade.com/shop?stock_status=instock%2Consale&per_row=6&shop_view=grid&per_page=18" "Mozilla/5.0 (Linux; Android 7.0;) AppleWebKit/537.36 (KHTML, like Gecko) Mobile Safari/537.36 (compatible; PetalBot;+https://webmaster.petalsearch.com/site/petalbot)"
114.119.142.208 - - [10/Jan/2026:13:30:10 +0700] "GET /shop/page/20/?stock_status=instock,onsale&per_row=6&shop_view=grid&per_page=18 HTTP/1.1" 301 679 "https://view.lotushomemade.com/shop?stock_status=instock%2Consale&per_row=6&shop_view=grid&per_page=18" "Mozilla/5.0 (Linux; Android 7.0;) AppleWebKit/537.36 (KHTML, like Gecko) Mobile Safari/537.36 (compatible; PetalBot;+https://webmaster.petalsearch.com/site/petalbot)"
114.119.142.208 - - [10/Jan/2026:13:30:11 +0700] "GET /shop/page/20/?stock_status=instock,onsale&per_row=6&shop_view=grid&per_page=18 HTTP/1.1" 301 679 "https://view.lotushomemade.com/shop?stock_status=instock%2Consale&per_row=6&shop_view=grid&per_page=18" "Mozilla/5.0 (Linux; Android 7.0;) AppleWebKit/537.36 (KHTML, like Gecko) Mobile Safari/537.36 (compatible; PetalBot;+https://webmaster.petalsearch.com/site/petalbot)"
114.119.142.208 - - [10/Jan/2026:13:30:11 +0700] "GET /shop/page/20/?stock_status=instock,onsale&per_row=6&shop_view=grid&per_page=18 HTTP/1.1" 301 679 "https://view.lotushomemade.com/shop?stock_status=instock%2Consale&per_row=6&shop_view=grid&per_page=18" "Mozilla/5.0 (Linux; Android 7.0;) AppleWebKit/537.36 (KHTML, like Gecko) Mobile Safari/537.36 (compatible; PetalBot;+https://webmaster.petalsearch.com/site/petalbot)"
114.119.142.208 - - [10/Jan/2026:13:30:12 +0700] "GET /shop/page/20/?stock_status=instock,onsale&per_row=6&shop_view=grid&per_page=18 HTTP/1.1" 301 679 "https://view.lotushomemade.com/shop?stock_status=instock%2Consale&per_row=6&shop_view=grid&per_page=18" "Mozilla/5.0 (Linux; Android 7.0;) AppleWebKit/537.36 (KHTML, like Gecko) Mobile Safari/537.36 (compatible; PetalBot;+https://webmaster.petalsearch.com/site/petalbot)"
114.119.142.208 - - [10/Jan/2026:13:30:12 +0700] "GET /shop/page/20/?stock_status=instock,onsale&per_row=6&shop_view=grid&per_page=18 HTTP/1.1" 301 679 "https://view.lotushomemade.com/shop?stock_status=instock%2Consale&per_row=6&shop_view=grid&per_page=18" "Mozilla/5.0 (Linux; Android 7.0;) AppleWebKit/537.36 (KHTML, like Gecko) Mobile Safari/537.36 (compatible; PetalBot;+https://webmaster.petalsearch.com/site/petalbot)"
103.131.51.123 - - [10/Jan/2026:13:31:32 +0700] "POST /wp-cron.php?doing_wp_cron=1768026692.5719640254974365234375 HTTP/1.1" 200 474 "-" "WordPress/6.9; https://view.lotushomemade.com"
