114.119.145.110 - - [10/Jan/2026:10:49:45 +0700] "GET /shop/page/30/?orderby=price&stock_status=instock,onsale&per_page=12 HTTP/1.1" 301 580 "https://view.lotushomemade.com/shop?orderby=price&stock_status=instock%2Consale&per_page=12" "Mozilla/5.0 (Linux; Android 7.0;) AppleWebKit/537.36 (KHTML, like Gecko) Mobile Safari/537.36 (compatible; PetalBot;+https://webmaster.petalsearch.com/site/petalbot)"
114.119.145.110 - - [10/Jan/2026:10:49:48 +0700] "GET /shop/page/30/?orderby=price&stock_status=instock,onsale&per_page=12 HTTP/1.1" 301 580 "https://view.lotushomemade.com/shop?orderby=price&stock_status=instock%2Consale&per_page=12" "Mozilla/5.0 (Linux; Android 7.0;) AppleWebKit/537.36 (KHTML, like Gecko) Mobile Safari/537.36 (compatible; PetalBot;+https://webmaster.petalsearch.com/site/petalbot)"
114.119.145.110 - - [10/Jan/2026:10:49:49 +0700] "GET /shop/page/30/?orderby=price&stock_status=instock,onsale&per_page=12 HTTP/1.1" 301 580 "https://view.lotushomemade.com/shop?orderby=price&stock_status=instock%2Consale&per_page=12" "Mozilla/5.0 (Linux; Android 7.0;) AppleWebKit/537.36 (KHTML, like Gecko) Mobile Safari/537.36 (compatible; PetalBot;+https://webmaster.petalsearch.com/site/petalbot)"
114.119.145.110 - - [10/Jan/2026:10:49:50 +0700] "GET /shop/page/30/?orderby=price&stock_status=instock,onsale&per_page=12 HTTP/1.1" 301 580 "https://view.lotushomemade.com/shop?orderby=price&stock_status=instock%2Consale&per_page=12" "Mozilla/5.0 (Linux; Android 7.0;) AppleWebKit/537.36 (KHTML, like Gecko) Mobile Safari/537.36 (compatible; PetalBot;+https://webmaster.petalsearch.com/site/petalbot)"
114.119.145.110 - - [10/Jan/2026:10:49:52 +0700] "GET /shop/page/30/?orderby=price&stock_status=instock,onsale&per_page=12 HTTP/1.1" 301 580 "https://view.lotushomemade.com/shop?orderby=price&stock_status=instock%2Consale&per_page=12" "Mozilla/5.0 (Linux; Android 7.0;) AppleWebKit/537.36 (KHTML, like Gecko) Mobile Safari/537.36 (compatible; PetalBot;+https://webmaster.petalsearch.com/site/petalbot)"
103.131.51.123 - - [10/Jan/2026:10:51:09 +0700] "POST /wp-cron.php?doing_wp_cron=1768017069.5447959899902343750000 HTTP/1.1" 200 474 "-" "WordPress/6.9; https://view.lotushomemade.com"
114.119.145.110 - - [10/Jan/2026:10:51:05 +0700] "GET /shop/page/30/?orderby=price&per_page=12&shop_view=grid&per_row=2 HTTP/1.1" 200 40263 "https://view.lotushomemade.com/shop/page/20/?orderby=price&per_page=12&shop_view=grid&per_row=2" "Mozilla/5.0 (Linux; Android 7.0;) AppleWebKit/537.36 (KHTML, like Gecko) Mobile Safari/537.36 (compatible; PetalBot;+https://webmaster.petalsearch.com/site/petalbot)"
103.131.51.123 - - [10/Jan/2026:10:52:31 +0700] "POST /wp-cron.php?doing_wp_cron=1768017151.7497339248657226562500 HTTP/1.1" 200 474 "-" "WordPress/6.9; https://view.lotushomemade.com"
114.119.145.110 - - [10/Jan/2026:10:52:29 +0700] "GET /shop/page/30/?orderby=date&per_row=2&shop_view=grid&stock_status=instock,onsale HTTP/1.1" 301 634 "https://view.lotushomemade.com/shop?orderby=date&per_row=2&shop_view=grid&stock_status=instock%2Consale" "Mozilla/5.0 (Linux; Android 7.0;) AppleWebKit/537.36 (KHTML, like Gecko) Mobile Safari/537.36 (compatible; PetalBot;+https://webmaster.petalsearch.com/site/petalbot)"
114.119.145.110 - - [10/Jan/2026:10:52:32 +0700] "GET /shop/page/30/?orderby=date&per_row=2&shop_view=grid&stock_status=instock,onsale HTTP/1.1" 301 634 "https://view.lotushomemade.com/shop?orderby=date&per_row=2&shop_view=grid&stock_status=instock%2Consale" "Mozilla/5.0 (Linux; Android 7.0;) AppleWebKit/537.36 (KHTML, like Gecko) Mobile Safari/537.36 (compatible; PetalBot;+https://webmaster.petalsearch.com/site/petalbot)"
103.131.51.123 - - [10/Jan/2026:10:52:33 +0700] "POST /wp-cron.php?doing_wp_cron=1768017153.2315199375152587890625 HTTP/1.1" 200 474 "-" "WordPress/6.9; https://view.lotushomemade.com"
114.119.145.110 - - [10/Jan/2026:10:52:32 +0700] "GET /shop/page/30/?orderby=date&per_row=2&shop_view=grid&stock_status=instock,onsale HTTP/1.1" 301 634 "https://view.lotushomemade.com/shop?orderby=date&per_row=2&shop_view=grid&stock_status=instock%2Consale" "Mozilla/5.0 (Linux; Android 7.0;) AppleWebKit/537.36 (KHTML, like Gecko) Mobile Safari/537.36 (compatible; PetalBot;+https://webmaster.petalsearch.com/site/petalbot)"
114.119.145.110 - - [10/Jan/2026:10:52:33 +0700] "GET /shop/page/30/?orderby=date&per_row=2&shop_view=grid&stock_status=instock,onsale HTTP/1.1" 301 634 "https://view.lotushomemade.com/shop?orderby=date&per_row=2&shop_view=grid&stock_status=instock%2Consale" "Mozilla/5.0 (Linux; Android 7.0;) AppleWebKit/537.36 (KHTML, like Gecko) Mobile Safari/537.36 (compatible; PetalBot;+https://webmaster.petalsearch.com/site/petalbot)"
114.119.145.110 - - [10/Jan/2026:10:52:33 +0700] "GET /shop/page/30/?orderby=date&per_row=2&shop_view=grid&stock_status=instock,onsale HTTP/1.1" 301 634 "https://view.lotushomemade.com/shop?orderby=date&per_row=2&shop_view=grid&stock_status=instock%2Consale" "Mozilla/5.0 (Linux; Android 7.0;) AppleWebKit/537.36 (KHTML, like Gecko) Mobile Safari/537.36 (compatible; PetalBot;+https://webmaster.petalsearch.com/site/petalbot)"
114.119.145.110 - - [10/Jan/2026:10:52:34 +0700] "GET /shop/page/30/?orderby=date&per_row=2&shop_view=grid&stock_status=instock,onsale HTTP/1.1" 301 634 "https://view.lotushomemade.com/shop?orderby=date&per_row=2&shop_view=grid&stock_status=instock%2Consale" "Mozilla/5.0 (Linux; Android 7.0;) AppleWebKit/537.36 (KHTML, like Gecko) Mobile Safari/537.36 (compatible; PetalBot;+https://webmaster.petalsearch.com/site/petalbot)"
114.119.145.110 - - [10/Jan/2026:10:52:34 +0700] "GET /shop/page/30/?orderby=date&per_row=2&shop_view=grid&stock_status=instock,onsale HTTP/1.1" 301 634 "https://view.lotushomemade.com/shop?orderby=date&per_row=2&shop_view=grid&stock_status=instock%2Consale" "Mozilla/5.0 (Linux; Android 7.0;) AppleWebKit/537.36 (KHTML, like Gecko) Mobile Safari/537.36 (compatible; PetalBot;+https://webmaster.petalsearch.com/site/petalbot)"
114.119.145.110 - - [10/Jan/2026:10:52:35 +0700] "GET /shop/page/30/?orderby=date&per_row=2&shop_view=grid&stock_status=instock,onsale HTTP/1.1" 301 634 "https://view.lotushomemade.com/shop?orderby=date&per_row=2&shop_view=grid&stock_status=instock%2Consale" "Mozilla/5.0 (Linux; Android 7.0;) AppleWebKit/537.36 (KHTML, like Gecko) Mobile Safari/537.36 (compatible; PetalBot;+https://webmaster.petalsearch.com/site/petalbot)"
114.119.145.110 - - [10/Jan/2026:10:52:35 +0700] "GET /shop/page/30/?orderby=date&per_row=2&shop_view=grid&stock_status=instock,onsale HTTP/1.1" 301 634 "https://view.lotushomemade.com/shop?orderby=date&per_row=2&shop_view=grid&stock_status=instock%2Consale" "Mozilla/5.0 (Linux; Android 7.0;) AppleWebKit/537.36 (KHTML, like Gecko) Mobile Safari/537.36 (compatible; PetalBot;+https://webmaster.petalsearch.com/site/petalbot)"
114.119.145.110 - - [10/Jan/2026:10:52:36 +0700] "GET /shop/page/30/?orderby=date&per_row=2&shop_view=grid&stock_status=instock,onsale HTTP/1.1" 301 634 "https://view.lotushomemade.com/shop?orderby=date&per_row=2&shop_view=grid&stock_status=instock%2Consale" "Mozilla/5.0 (Linux; Android 7.0;) AppleWebKit/537.36 (KHTML, like Gecko) Mobile Safari/537.36 (compatible; PetalBot;+https://webmaster.petalsearch.com/site/petalbot)"
103.131.51.123 - - [10/Jan/2026:10:53:58 +0700] "POST /wp-cron.php?doing_wp_cron=1768017238.1177051067352294921875 HTTP/1.1" 200 474 "-" "WordPress/6.9; https://view.lotushomemade.com"
114.119.150.215 - - [10/Jan/2026:10:53:54 +0700] "GET /shop/page/30/?orderby=date&per_page=8&stock_status=instock HTTP/1.1" 200 38951 "https://view.lotushomemade.com/shop/page/31/?orderby=date&per_page=8&stock_status=instock" "Mozilla/5.0 (Linux; Android 7.0;) AppleWebKit/537.36 (KHTML, like Gecko) Mobile Safari/537.36 (compatible; PetalBot;+https://webmaster.petalsearch.com/site/petalbot)"
103.131.51.123 - - [10/Jan/2026:10:55:22 +0700] "POST /wp-cron.php?doing_wp_cron=1768017321.9727160930633544921875 HTTP/1.1" 200 474 "-" "WordPress/6.9; https://view.lotushomemade.com"
114.119.149.78 - - [10/Jan/2026:10:55:19 +0700] "GET /shop/page/30/?max_price=780&stock_status=instock,onsale&per_row=2&shop_view=grid HTTP/1.1" 301 635 "https://view.lotushomemade.com/shop?max_price=780&stock_status=instock%2Consale&per_row=2&shop_view=grid" "Mozilla/5.0 (Linux; Android 7.0;) AppleWebKit/537.36 (KHTML, like Gecko) Mobile Safari/537.36 (compatible; PetalBot;+https://webmaster.petalsearch.com/site/petalbot)"
114.119.149.78 - - [10/Jan/2026:10:55:22 +0700] "GET /shop/page/30/?max_price=780&stock_status=instock,onsale&per_row=2&shop_view=grid HTTP/1.1" 301 635 "https://view.lotushomemade.com/shop?max_price=780&stock_status=instock%2Consale&per_row=2&shop_view=grid" "Mozilla/5.0 (Linux; Android 7.0;) AppleWebKit/537.36 (KHTML, like Gecko) Mobile Safari/537.36 (compatible; PetalBot;+https://webmaster.petalsearch.com/site/petalbot)"
114.119.149.78 - - [10/Jan/2026:10:55:22 +0700] "GET /shop/page/30/?max_price=780&stock_status=instock,onsale&per_row=2&shop_view=grid HTTP/1.1" 301 635 "https://view.lotushomemade.com/shop?max_price=780&stock_status=instock%2Consale&per_row=2&shop_view=grid" "Mozilla/5.0 (Linux; Android 7.0;) AppleWebKit/537.36 (KHTML, like Gecko) Mobile Safari/537.36 (compatible; PetalBot;+https://webmaster.petalsearch.com/site/petalbot)"
114.119.149.78 - - [10/Jan/2026:10:55:23 +0700] "GET /shop/page/30/?max_price=780&stock_status=instock,onsale&per_row=2&shop_view=grid HTTP/1.1" 301 635 "https://view.lotushomemade.com/shop?max_price=780&stock_status=instock%2Consale&per_row=2&shop_view=grid" "Mozilla/5.0 (Linux; Android 7.0;) AppleWebKit/537.36 (KHTML, like Gecko) Mobile Safari/537.36 (compatible; PetalBot;+https://webmaster.petalsearch.com/site/petalbot)"
114.119.149.78 - - [10/Jan/2026:10:55:23 +0700] "GET /shop/page/30/?max_price=780&stock_status=instock,onsale&per_row=2&shop_view=grid HTTP/1.1" 301 635 "https://view.lotushomemade.com/shop?max_price=780&stock_status=instock%2Consale&per_row=2&shop_view=grid" "Mozilla/5.0 (Linux; Android 7.0;) AppleWebKit/537.36 (KHTML, like Gecko) Mobile Safari/537.36 (compatible; PetalBot;+https://webmaster.petalsearch.com/site/petalbot)"
114.119.149.78 - - [10/Jan/2026:10:55:23 +0700] "GET /shop/page/30/?max_price=780&stock_status=instock,onsale&per_row=2&shop_view=grid HTTP/1.1" 301 635 "https://view.lotushomemade.com/shop?max_price=780&stock_status=instock%2Consale&per_row=2&shop_view=grid" "Mozilla/5.0 (Linux; Android 7.0;) AppleWebKit/537.36 (KHTML, like Gecko) Mobile Safari/537.36 (compatible; PetalBot;+https://webmaster.petalsearch.com/site/petalbot)"
114.119.149.78 - - [10/Jan/2026:10:55:24 +0700] "GET /shop/page/30/?max_price=780&stock_status=instock,onsale&per_row=2&shop_view=grid HTTP/1.1" 301 635 "https://view.lotushomemade.com/shop?max_price=780&stock_status=instock%2Consale&per_row=2&shop_view=grid" "Mozilla/5.0 (Linux; Android 7.0;) AppleWebKit/537.36 (KHTML, like Gecko) Mobile Safari/537.36 (compatible; PetalBot;+https://webmaster.petalsearch.com/site/petalbot)"
114.119.149.78 - - [10/Jan/2026:10:55:24 +0700] "GET /shop/page/30/?max_price=780&stock_status=instock,onsale&per_row=2&shop_view=grid HTTP/1.1" 301 635 "https://view.lotushomemade.com/shop?max_price=780&stock_status=instock%2Consale&per_row=2&shop_view=grid" "Mozilla/5.0 (Linux; Android 7.0;) AppleWebKit/537.36 (KHTML, like Gecko) Mobile Safari/537.36 (compatible; PetalBot;+https://webmaster.petalsearch.com/site/petalbot)"
114.119.149.78 - - [10/Jan/2026:10:55:25 +0700] "GET /shop/page/30/?max_price=780&stock_status=instock,onsale&per_row=2&shop_view=grid HTTP/1.1" 301 635 "https://view.lotushomemade.com/shop?max_price=780&stock_status=instock%2Consale&per_row=2&shop_view=grid" "Mozilla/5.0 (Linux; Android 7.0;) AppleWebKit/537.36 (KHTML, like Gecko) Mobile Safari/537.36 (compatible; PetalBot;+https://webmaster.petalsearch.com/site/petalbot)"
114.119.149.78 - - [10/Jan/2026:10:55:25 +0700] "GET /shop/page/30/?max_price=780&stock_status=instock,onsale&per_row=2&shop_view=grid HTTP/1.1" 301 635 "https://view.lotushomemade.com/shop?max_price=780&stock_status=instock%2Consale&per_row=2&shop_view=grid" "Mozilla/5.0 (Linux; Android 7.0;) AppleWebKit/537.36 (KHTML, like Gecko) Mobile Safari/537.36 (compatible; PetalBot;+https://webmaster.petalsearch.com/site/petalbot)"
103.131.51.123 - - [10/Jan/2026:10:56:44 +0700] "POST /wp-cron.php?doing_wp_cron=1768017404.8221309185028076171875 HTTP/1.1" 200 474 "-" "WordPress/6.9; https://view.lotushomemade.com"
114.119.156.27 - - [10/Jan/2026:10:56:41 +0700] "GET /shop/page/30/?max_price=1050&per_row=6&shop_view=grid HTTP/1.1" 200 40136 "https://view.lotushomemade.com/shop?max_price=1050&per_row=6&shop_view=grid" "Mozilla/5.0 (Linux; Android 7.0;) AppleWebKit/537.36 (KHTML, like Gecko) Mobile Safari/537.36 (compatible; PetalBot;+https://webmaster.petalsearch.com/site/petalbot)"
47.128.27.96 - - [10/Jan/2026:10:56:55 +0700] "GET /category/inspiration/ HTTP/2" 200 28497 "-" "Mozilla/5.0 (Linux; Android 5.0) AppleWebKit/537.36 (KHTML, like Gecko) Mobile Safari/537.36 (compatible; Bytespider; spider-feedback@bytedance.com)"
47.128.27.96 - - [10/Jan/2026:10:56:56 +0700] "GET /wp-content/themes/woodmart/css/parts/blog-base.min.css?ver=7.2.5 HTTP/2" 200 1071 "https://view.lotushomemade.com/category/inspiration/" "Mozilla/5.0 (Linux; Android 5.0) AppleWebKit/537.36 (KHTML, like Gecko) Mobile Safari/537.36 (compatible; Bytespider; spider-feedback@bytedance.com)"
47.128.27.96 - - [10/Jan/2026:10:56:57 +0700] "GET /wp-content/themes/woodmart/css/parts/blog-loop-design-mask.min.css?ver=7.2.5 HTTP/2" 200 657 "https://view.lotushomemade.com/category/inspiration/" "Mozilla/5.0 (Linux; Android 5.0) AppleWebKit/537.36 (KHTML, like Gecko) Mobile Safari/537.36 (compatible; Bytespider; spider-feedback@bytedance.com)"
47.128.27.96 - - [10/Jan/2026:10:56:57 +0700] "GET /wp-content/themes/woodmart/css/parts/blog-loop-base-old.min.css?ver=7.2.5 HTTP/2" 200 1745 "https://view.lotushomemade.com/category/inspiration/" "Mozilla/5.0 (Linux; Android 5.0) AppleWebKit/537.36 (KHTML, like Gecko) Mobile Safari/537.36 (compatible; Bytespider; spider-feedback@bytedance.com)"
47.128.27.96 - - [10/Jan/2026:10:56:58 +0700] "GET /wp-content/uploads/2023/11/sweet-bakery-LOTUS.jpg HTTP/2" 404 184004 "https://view.lotushomemade.com/wp-content/uploads/2023/11/xts-theme_settings_default-1699280424.css?ver=7.2.5" "Mozilla/5.0 (Linux; Android 5.0) AppleWebKit/537.36 (KHTML, like Gecko) Mobile Safari/537.36 (compatible; Bytespider; spider-feedback@bytedance.com)"
103.131.51.123 - - [10/Jan/2026:10:58:05 +0700] "POST /wp-cron.php?doing_wp_cron=1768017485.7561590671539306640625 HTTP/1.1" 200 474 "-" "WordPress/6.9; https://view.lotushomemade.com"
114.119.156.27 - - [10/Jan/2026:10:58:04 +0700] "GET /shop/page/3/?stock_status=instock&shop_view=grid&per_row=4 HTTP/1.1" 200 39978 "https://view.lotushomemade.com/shop/page/8?stock_status=instock&shop_view=grid&per_row=4" "Mozilla/5.0 (Linux; Android 7.0;) AppleWebKit/537.36 (KHTML, like Gecko) Mobile Safari/537.36 (compatible; PetalBot;+https://webmaster.petalsearch.com/site/petalbot)"
103.131.51.123 - - [10/Jan/2026:10:59:31 +0700] "POST /wp-cron.php?doing_wp_cron=1768017571.4051098823547363281250 HTTP/1.1" 200 474 "-" "WordPress/6.9; https://view.lotushomemade.com"
114.119.151.206 - - [10/Jan/2026:10:59:29 +0700] "GET /shop/page/3/?stock_status=instock,onsale&shop_view=grid&per_row=4 HTTP/1.1" 301 620 "https://view.lotushomemade.com/shop?stock_status=instock%2Consale&shop_view=grid&per_row=4" "Mozilla/5.0 (Linux; Android 7.0;) AppleWebKit/537.36 (KHTML, like Gecko) Mobile Safari/537.36 (compatible; PetalBot;+https://webmaster.petalsearch.com/site/petalbot)"
114.119.151.206 - - [10/Jan/2026:10:59:31 +0700] "GET /shop/page/3/?stock_status=instock,onsale&shop_view=grid&per_row=4 HTTP/1.1" 301 620 "https://view.lotushomemade.com/shop?stock_status=instock%2Consale&shop_view=grid&per_row=4" "Mozilla/5.0 (Linux; Android 7.0;) AppleWebKit/537.36 (KHTML, like Gecko) Mobile Safari/537.36 (compatible; PetalBot;+https://webmaster.petalsearch.com/site/petalbot)"
114.119.151.206 - - [10/Jan/2026:10:59:32 +0700] "GET /shop/page/3/?stock_status=instock,onsale&shop_view=grid&per_row=4 HTTP/1.1" 301 620 "https://view.lotushomemade.com/shop?stock_status=instock%2Consale&shop_view=grid&per_row=4" "Mozilla/5.0 (Linux; Android 7.0;) AppleWebKit/537.36 (KHTML, like Gecko) Mobile Safari/537.36 (compatible; PetalBot;+https://webmaster.petalsearch.com/site/petalbot)"
114.119.151.206 - - [10/Jan/2026:10:59:32 +0700] "GET /shop/page/3/?stock_status=instock,onsale&shop_view=grid&per_row=4 HTTP/1.1" 301 620 "https://view.lotushomemade.com/shop?stock_status=instock%2Consale&shop_view=grid&per_row=4" "Mozilla/5.0 (Linux; Android 7.0;) AppleWebKit/537.36 (KHTML, like Gecko) Mobile Safari/537.36 (compatible; PetalBot;+https://webmaster.petalsearch.com/site/petalbot)"
103.131.51.123 - - [10/Jan/2026:10:59:33 +0700] "POST /wp-cron.php?doing_wp_cron=1768017573.4068748950958251953125 HTTP/1.1" 200 474 "-" "WordPress/6.9; https://view.lotushomemade.com"
114.119.151.206 - - [10/Jan/2026:10:59:33 +0700] "GET /shop/page/3/?stock_status=instock,onsale&shop_view=grid&per_row=4 HTTP/1.1" 301 620 "https://view.lotushomemade.com/shop?stock_status=instock%2Consale&shop_view=grid&per_row=4" "Mozilla/5.0 (Linux; Android 7.0;) AppleWebKit/537.36 (KHTML, like Gecko) Mobile Safari/537.36 (compatible; PetalBot;+https://webmaster.petalsearch.com/site/petalbot)"
114.119.151.206 - - [10/Jan/2026:10:59:33 +0700] "GET /shop/page/3/?stock_status=instock,onsale&shop_view=grid&per_row=4 HTTP/1.1" 301 620 "https://view.lotushomemade.com/shop?stock_status=instock%2Consale&shop_view=grid&per_row=4" "Mozilla/5.0 (Linux; Android 7.0;) AppleWebKit/537.36 (KHTML, like Gecko) Mobile Safari/537.36 (compatible; PetalBot;+https://webmaster.petalsearch.com/site/petalbot)"
114.119.151.206 - - [10/Jan/2026:10:59:33 +0700] "GET /shop/page/3/?stock_status=instock,onsale&shop_view=grid&per_row=4 HTTP/1.1" 301 620 "https://view.lotushomemade.com/shop?stock_status=instock%2Consale&shop_view=grid&per_row=4" "Mozilla/5.0 (Linux; Android 7.0;) AppleWebKit/537.36 (KHTML, like Gecko) Mobile Safari/537.36 (compatible; PetalBot;+https://webmaster.petalsearch.com/site/petalbot)"
114.119.151.206 - - [10/Jan/2026:10:59:34 +0700] "GET /shop/page/3/?stock_status=instock,onsale&shop_view=grid&per_row=4 HTTP/1.1" 301 620 "https://view.lotushomemade.com/shop?stock_status=instock%2Consale&shop_view=grid&per_row=4" "Mozilla/5.0 (Linux; Android 7.0;) AppleWebKit/537.36 (KHTML, like Gecko) Mobile Safari/537.36 (compatible; PetalBot;+https://webmaster.petalsearch.com/site/petalbot)"
114.119.151.206 - - [10/Jan/2026:10:59:35 +0700] "GET /shop/page/3/?stock_status=instock,onsale&shop_view=grid&per_row=4 HTTP/1.1" 301 620 "https://view.lotushomemade.com/shop?stock_status=instock%2Consale&shop_view=grid&per_row=4" "Mozilla/5.0 (Linux; Android 7.0;) AppleWebKit/537.36 (KHTML, like Gecko) Mobile Safari/537.36 (compatible; PetalBot;+https://webmaster.petalsearch.com/site/petalbot)"
114.119.151.206 - - [10/Jan/2026:10:59:36 +0700] "GET /shop/page/3/?stock_status=instock,onsale&shop_view=grid&per_row=4 HTTP/1.1" 301 620 "https://view.lotushomemade.com/shop?stock_status=instock%2Consale&shop_view=grid&per_row=4" "Mozilla/5.0 (Linux; Android 7.0;) AppleWebKit/537.36 (KHTML, like Gecko) Mobile Safari/537.36 (compatible; PetalBot;+https://webmaster.petalsearch.com/site/petalbot)"
103.131.51.123 - - [10/Jan/2026:11:00:54 +0700] "POST /wp-cron.php?doing_wp_cron=1768017653.9979469776153564453125 HTTP/1.1" 200 474 "-" "WordPress/6.9; https://view.lotushomemade.com"
47.128.114.144 - - [10/Jan/2026:11:00:50 +0700] "GET /product/seaweed-honey-almond-crunchy/ HTTP/2" 200 36202 "-" "Mozilla/5.0 (Linux; Android 5.0) AppleWebKit/537.36 (KHTML, like Gecko) Mobile Safari/537.36 (compatible; Bytespider; spider-feedback@bytedance.com)"
47.128.114.144 - - [10/Jan/2026:11:00:56 +0700] "GET /wp-content/uploads/2023/11/1041-430x430.png HTTP/2" 206 500 "https://view.lotushomemade.com/product/seaweed-honey-almond-crunchy/" "Mozilla/5.0 (Linux; Android 5.0) AppleWebKit/537.36 (KHTML, like Gecko) Mobile Safari/537.36 (compatible; Bytespider; spider-feedback@bytedance.com)"
47.128.114.144 - - [10/Jan/2026:11:00:56 +0700] "GET /wp-content/uploads/2023/10/1002_1.png HTTP/2" 206 500 "https://view.lotushomemade.com/product/seaweed-honey-almond-crunchy/" "Mozilla/5.0 (Linux; Android 5.0) AppleWebKit/537.36 (KHTML, like Gecko) Mobile Safari/537.36 (compatible; Bytespider; spider-feedback@bytedance.com)"
114.119.142.208 - - [10/Jan/2026:11:00:54 +0700] "GET /shop/page/3/?per_page=18&stock_status=onsale HTTP/1.1" 200 41408 "https://view.lotushomemade.com/shop/page/2/?per_page=18&stock_status=onsale" "Mozilla/5.0 (Linux; Android 7.0;) AppleWebKit/537.36 (KHTML, like Gecko) Mobile Safari/537.36 (compatible; PetalBot;+https://webmaster.petalsearch.com/site/petalbot)"
103.131.51.123 - - [10/Jan/2026:11:02:20 +0700] "POST /wp-cron.php?doing_wp_cron=1768017740.6068010330200195312500 HTTP/1.1" 200 474 "-" "WordPress/6.9; https://view.lotushomemade.com"
114.119.130.97 - - [10/Jan/2026:11:02:18 +0700] "GET /shop/page/3/?orderby=rating&stock_status=instock,onsale&per_page=12 HTTP/1.1" 301 580 "https://view.lotushomemade.com/shop?orderby=rating&stock_status=instock%2Consale&per_page=12" "Mozilla/5.0 (Linux; Android 7.0;) AppleWebKit/537.36 (KHTML, like Gecko) Mobile Safari/537.36 (compatible; PetalBot;+https://webmaster.petalsearch.com/site/petalbot)"
114.119.130.97 - - [10/Jan/2026:11:02:20 +0700] "GET /shop/page/3/?orderby=rating&stock_status=instock,onsale&per_page=12 HTTP/1.1" 301 580 "https://view.lotushomemade.com/shop?orderby=rating&stock_status=instock%2Consale&per_page=12" "Mozilla/5.0 (Linux; Android 7.0;) AppleWebKit/537.36 (KHTML, like Gecko) Mobile Safari/537.36 (compatible; PetalBot;+https://webmaster.petalsearch.com/site/petalbot)"
114.119.130.97 - - [10/Jan/2026:11:02:21 +0700] "GET /shop/page/3/?orderby=rating&stock_status=instock,onsale&per_page=12 HTTP/1.1" 301 580 "https://view.lotushomemade.com/shop?orderby=rating&stock_status=instock%2Consale&per_page=12" "Mozilla/5.0 (Linux; Android 7.0;) AppleWebKit/537.36 (KHTML, like Gecko) Mobile Safari/537.36 (compatible; PetalBot;+https://webmaster.petalsearch.com/site/petalbot)"
114.119.130.97 - - [10/Jan/2026:11:02:21 +0700] "GET /shop/page/3/?orderby=rating&stock_status=instock,onsale&per_page=12 HTTP/1.1" 301 580 "https://view.lotushomemade.com/shop?orderby=rating&stock_status=instock%2Consale&per_page=12" "Mozilla/5.0 (Linux; Android 7.0;) AppleWebKit/537.36 (KHTML, like Gecko) Mobile Safari/537.36 (compatible; PetalBot;+https://webmaster.petalsearch.com/site/petalbot)"
114.119.130.97 - - [10/Jan/2026:11:02:22 +0700] "GET /shop/page/3/?orderby=rating&stock_status=instock,onsale&per_page=12 HTTP/1.1" 301 580 "https://view.lotushomemade.com/shop?orderby=rating&stock_status=instock%2Consale&per_page=12" "Mozilla/5.0 (Linux; Android 7.0;) AppleWebKit/537.36 (KHTML, like Gecko) Mobile Safari/537.36 (compatible; PetalBot;+https://webmaster.petalsearch.com/site/petalbot)"
114.119.130.97 - - [10/Jan/2026:11:02:22 +0700] "GET /shop/page/3/?orderby=rating&stock_status=instock,onsale&per_page=12 HTTP/1.1" 301 580 "https://view.lotushomemade.com/shop?orderby=rating&stock_status=instock%2Consale&per_page=12" "Mozilla/5.0 (Linux; Android 7.0;) AppleWebKit/537.36 (KHTML, like Gecko) Mobile Safari/537.36 (compatible; PetalBot;+https://webmaster.petalsearch.com/site/petalbot)"
114.119.130.97 - - [10/Jan/2026:11:02:23 +0700] "GET /shop/page/3/?orderby=rating&stock_status=instock,onsale&per_page=12 HTTP/1.1" 301 580 "https://view.lotushomemade.com/shop?orderby=rating&stock_status=instock%2Consale&per_page=12" "Mozilla/5.0 (Linux; Android 7.0;) AppleWebKit/537.36 (KHTML, like Gecko) Mobile Safari/537.36 (compatible; PetalBot;+https://webmaster.petalsearch.com/site/petalbot)"
114.119.130.97 - - [10/Jan/2026:11:02:23 +0700] "GET /shop/page/3/?orderby=rating&stock_status=instock,onsale&per_page=12 HTTP/1.1" 301 580 "https://view.lotushomemade.com/shop?orderby=rating&stock_status=instock%2Consale&per_page=12" "Mozilla/5.0 (Linux; Android 7.0;) AppleWebKit/537.36 (KHTML, like Gecko) Mobile Safari/537.36 (compatible; PetalBot;+https://webmaster.petalsearch.com/site/petalbot)"
114.119.130.97 - - [10/Jan/2026:11:02:24 +0700] "GET /shop/page/3/?orderby=rating&stock_status=instock,onsale&per_page=12 HTTP/1.1" 301 580 "https://view.lotushomemade.com/shop?orderby=rating&stock_status=instock%2Consale&per_page=12" "Mozilla/5.0 (Linux; Android 7.0;) AppleWebKit/537.36 (KHTML, like Gecko) Mobile Safari/537.36 (compatible; PetalBot;+https://webmaster.petalsearch.com/site/petalbot)"
114.119.130.97 - - [10/Jan/2026:11:02:24 +0700] "GET /shop/page/3/?orderby=rating&stock_status=instock,onsale&per_page=12 HTTP/1.1" 301 580 "https://view.lotushomemade.com/shop?orderby=rating&stock_status=instock%2Consale&per_page=12" "Mozilla/5.0 (Linux; Android 7.0;) AppleWebKit/537.36 (KHTML, like Gecko) Mobile Safari/537.36 (compatible; PetalBot;+https://webmaster.petalsearch.com/site/petalbot)"
121.121.57.235 - - [10/Jan/2026:11:02:56 +0700] "GET /wp-content/uploads/2023/11/2014-430x430.png HTTP/3" 200 300981 "https://www.google.com/" "Mozilla/5.0 (Windows NT 10.0; Win64; x64) AppleWebKit/537.36 (KHTML, like Gecko) Chrome/143.0.0.0 Safari/537.36"
103.131.51.123 - - [10/Jan/2026:11:03:44 +0700] "POST /wp-cron.php?doing_wp_cron=1768017824.4723179340362548828125 HTTP/1.1" 200 474 "-" "WordPress/6.9; https://view.lotushomemade.com"
114.119.145.110 - - [10/Jan/2026:11:03:42 +0700] "GET /shop/page/3/?orderby=price&stock_status=instock,onsale&per_row=4&shop_view=grid HTTP/1.1" 301 634 "https://view.lotushomemade.com/shop?orderby=price&stock_status=instock%2Consale&per_row=4&shop_view=grid" "Mozilla/5.0 (Linux; Android 7.0;) AppleWebKit/537.36 (KHTML, like Gecko) Mobile Safari/537.36 (compatible; PetalBot;+https://webmaster.petalsearch.com/site/petalbot)"
114.119.145.110 - - [10/Jan/2026:11:03:44 +0700] "GET /shop/page/3/?orderby=price&stock_status=instock,onsale&per_row=4&shop_view=grid HTTP/1.1" 301 634 "https://view.lotushomemade.com/shop?orderby=price&stock_status=instock%2Consale&per_row=4&shop_view=grid" "Mozilla/5.0 (Linux; Android 7.0;) AppleWebKit/537.36 (KHTML, like Gecko) Mobile Safari/537.36 (compatible; PetalBot;+https://webmaster.petalsearch.com/site/petalbot)"
114.119.145.110 - - [10/Jan/2026:11:03:45 +0700] "GET /shop/page/3/?orderby=price&stock_status=instock,onsale&per_row=4&shop_view=grid HTTP/1.1" 301 634 "https://view.lotushomemade.com/shop?orderby=price&stock_status=instock%2Consale&per_row=4&shop_view=grid" "Mozilla/5.0 (Linux; Android 7.0;) AppleWebKit/537.36 (KHTML, like Gecko) Mobile Safari/537.36 (compatible; PetalBot;+https://webmaster.petalsearch.com/site/petalbot)"
114.119.145.110 - - [10/Jan/2026:11:03:45 +0700] "GET /shop/page/3/?orderby=price&stock_status=instock,onsale&per_row=4&shop_view=grid HTTP/1.1" 301 634 "https://view.lotushomemade.com/shop?orderby=price&stock_status=instock%2Consale&per_row=4&shop_view=grid" "Mozilla/5.0 (Linux; Android 7.0;) AppleWebKit/537.36 (KHTML, like Gecko) Mobile Safari/537.36 (compatible; PetalBot;+https://webmaster.petalsearch.com/site/petalbot)"
114.119.145.110 - - [10/Jan/2026:11:03:46 +0700] "GET /shop/page/3/?orderby=price&stock_status=instock,onsale&per_row=4&shop_view=grid HTTP/1.1" 301 634 "https://view.lotushomemade.com/shop?orderby=price&stock_status=instock%2Consale&per_row=4&shop_view=grid" "Mozilla/5.0 (Linux; Android 7.0;) AppleWebKit/537.36 (KHTML, like Gecko) Mobile Safari/537.36 (compatible; PetalBot;+https://webmaster.petalsearch.com/site/petalbot)"
114.119.145.110 - - [10/Jan/2026:11:03:46 +0700] "GET /shop/page/3/?orderby=price&stock_status=instock,onsale&per_row=4&shop_view=grid HTTP/1.1" 301 634 "https://view.lotushomemade.com/shop?orderby=price&stock_status=instock%2Consale&per_row=4&shop_view=grid" "Mozilla/5.0 (Linux; Android 7.0;) AppleWebKit/537.36 (KHTML, like Gecko) Mobile Safari/537.36 (compatible; PetalBot;+https://webmaster.petalsearch.com/site/petalbot)"
114.119.145.110 - - [10/Jan/2026:11:03:46 +0700] "GET /shop/page/3/?orderby=price&stock_status=instock,onsale&per_row=4&shop_view=grid HTTP/1.1" 301 634 "https://view.lotushomemade.com/shop?orderby=price&stock_status=instock%2Consale&per_row=4&shop_view=grid" "Mozilla/5.0 (Linux; Android 7.0;) AppleWebKit/537.36 (KHTML, like Gecko) Mobile Safari/537.36 (compatible; PetalBot;+https://webmaster.petalsearch.com/site/petalbot)"
114.119.145.110 - - [10/Jan/2026:11:03:47 +0700] "GET /shop/page/3/?orderby=price&stock_status=instock,onsale&per_row=4&shop_view=grid HTTP/1.1" 301 634 "https://view.lotushomemade.com/shop?orderby=price&stock_status=instock%2Consale&per_row=4&shop_view=grid" "Mozilla/5.0 (Linux; Android 7.0;) AppleWebKit/537.36 (KHTML, like Gecko) Mobile Safari/537.36 (compatible; PetalBot;+https://webmaster.petalsearch.com/site/petalbot)"
114.119.145.110 - - [10/Jan/2026:11:03:47 +0700] "GET /shop/page/3/?orderby=price&stock_status=instock,onsale&per_row=4&shop_view=grid HTTP/1.1" 301 634 "https://view.lotushomemade.com/shop?orderby=price&stock_status=instock%2Consale&per_row=4&shop_view=grid" "Mozilla/5.0 (Linux; Android 7.0;) AppleWebKit/537.36 (KHTML, like Gecko) Mobile Safari/537.36 (compatible; PetalBot;+https://webmaster.petalsearch.com/site/petalbot)"
114.119.145.110 - - [10/Jan/2026:11:03:48 +0700] "GET /shop/page/3/?orderby=price&stock_status=instock,onsale&per_row=4&shop_view=grid HTTP/1.1" 301 634 "https://view.lotushomemade.com/shop?orderby=price&stock_status=instock%2Consale&per_row=4&shop_view=grid" "Mozilla/5.0 (Linux; Android 7.0;) AppleWebKit/537.36 (KHTML, like Gecko) Mobile Safari/537.36 (compatible; PetalBot;+https://webmaster.petalsearch.com/site/petalbot)"
103.131.51.123 - - [10/Jan/2026:11:05:07 +0700] "POST /wp-cron.php?doing_wp_cron=1768017907.4457590579986572265625 HTTP/1.1" 200 474 "-" "WordPress/6.9; https://view.lotushomemade.com"
114.119.142.208 - - [10/Jan/2026:11:05:03 +0700] "GET /shop/page/3/?orderby=price&per_page=18&shop_view=grid&per_row=2 HTTP/1.1" 200 40906 "https://view.lotushomemade.com/shop?orderby=price&per_page=18&shop_view=grid&per_row=2" "Mozilla/5.0 (Linux; Android 7.0;) AppleWebKit/537.36 (KHTML, like Gecko) Mobile Safari/537.36 (compatible; PetalBot;+https://webmaster.petalsearch.com/site/petalbot)"
103.131.51.123 - - [10/Jan/2026:11:06:33 +0700] "POST /wp-cron.php?doing_wp_cron=1768017993.3281469345092773437500 HTTP/1.1" 200 474 "-" "WordPress/6.9; https://view.lotushomemade.com"
114.119.150.215 - - [10/Jan/2026:11:06:29 +0700] "GET /shop/page/3/?orderby=popularity&stock_status=onsale&per_row=4&shop_view=grid HTTP/1.1" 200 40033 "https://view.lotushomemade.com/shop/page/22/?orderby=popularity&stock_status=onsale&per_row=4&shop_view=grid" "Mozilla/5.0 (Linux; Android 7.0;) AppleWebKit/537.36 (KHTML, like Gecko) Mobile Safari/537.36 (compatible; PetalBot;+https://webmaster.petalsearch.com/site/petalbot)"
103.131.51.123 - - [10/Jan/2026:11:07:20 +0700] "POST /wp-cron.php?doing_wp_cron=1768018040.5067079067230224609375 HTTP/1.1" 200 474 "-" "WordPress/6.9; https://view.lotushomemade.com"
57.141.2.64 - - [10/Jan/2026:11:07:18 +0700] "GET /product-category/traditional-cookies-series/page/8/?per_row=2&per_page=18&shop_view=grid&stock_status=instock%2Consale HTTP/2" 200 263276 "-" "meta-externalagent/1.1 (+https://developers.facebook.com/docs/sharing/webmasters/crawler)"
103.131.51.123 - - [10/Jan/2026:11:07:51 +0700] "POST /wp-cron.php?doing_wp_cron=1768018071.2784929275512695312500 HTTP/1.1" 200 474 "-" "WordPress/6.9; https://view.lotushomemade.com"
114.119.130.97 - - [10/Jan/2026:11:07:50 +0700] "GET /shop/page/3/?orderby=popularity&per_page=24&stock_status=instock,onsale HTTP/1.1" 301 584 "https://view.lotushomemade.com/shop?orderby=popularity&per_page=24&stock_status=instock%2Consale" "Mozilla/5.0 (Linux; Android 7.0;) AppleWebKit/537.36 (KHTML, like Gecko) Mobile Safari/537.36 (compatible; PetalBot;+https://webmaster.petalsearch.com/site/petalbot)"
114.119.130.97 - - [10/Jan/2026:11:07:51 +0700] "GET /shop/page/3/?orderby=popularity&per_page=24&stock_status=instock,onsale HTTP/1.1" 301 584 "https://view.lotushomemade.com/shop?orderby=popularity&per_page=24&stock_status=instock%2Consale" "Mozilla/5.0 (Linux; Android 7.0;) AppleWebKit/537.36 (KHTML, like Gecko) Mobile Safari/537.36 (compatible; PetalBot;+https://webmaster.petalsearch.com/site/petalbot)"
114.119.130.97 - - [10/Jan/2026:11:07:51 +0700] "GET /shop/page/3/?orderby=popularity&per_page=24&stock_status=instock,onsale HTTP/1.1" 301 584 "https://view.lotushomemade.com/shop?orderby=popularity&per_page=24&stock_status=instock%2Consale" "Mozilla/5.0 (Linux; Android 7.0;) AppleWebKit/537.36 (KHTML, like Gecko) Mobile Safari/537.36 (compatible; PetalBot;+https://webmaster.petalsearch.com/site/petalbot)"
114.119.130.97 - - [10/Jan/2026:11:07:52 +0700] "GET /shop/page/3/?orderby=popularity&per_page=24&stock_status=instock,onsale HTTP/1.1" 301 584 "https://view.lotushomemade.com/shop?orderby=popularity&per_page=24&stock_status=instock%2Consale" "Mozilla/5.0 (Linux; Android 7.0;) AppleWebKit/537.36 (KHTML, like Gecko) Mobile Safari/537.36 (compatible; PetalBot;+https://webmaster.petalsearch.com/site/petalbot)"
114.119.130.97 - - [10/Jan/2026:11:07:52 +0700] "GET /shop/page/3/?orderby=popularity&per_page=24&stock_status=instock,onsale HTTP/1.1" 301 584 "https://view.lotushomemade.com/shop?orderby=popularity&per_page=24&stock_status=instock%2Consale" "Mozilla/5.0 (Linux; Android 7.0;) AppleWebKit/537.36 (KHTML, like Gecko) Mobile Safari/537.36 (compatible; PetalBot;+https://webmaster.petalsearch.com/site/petalbot)"
114.119.130.97 - - [10/Jan/2026:11:07:53 +0700] "GET /shop/page/3/?orderby=popularity&per_page=24&stock_status=instock,onsale HTTP/1.1" 301 584 "https://view.lotushomemade.com/shop?orderby=popularity&per_page=24&stock_status=instock%2Consale" "Mozilla/5.0 (Linux; Android 7.0;) AppleWebKit/537.36 (KHTML, like Gecko) Mobile Safari/537.36 (compatible; PetalBot;+https://webmaster.petalsearch.com/site/petalbot)"
114.119.130.97 - - [10/Jan/2026:11:07:53 +0700] "GET /shop/page/3/?orderby=popularity&per_page=24&stock_status=instock,onsale HTTP/1.1" 301 584 "https://view.lotushomemade.com/shop?orderby=popularity&per_page=24&stock_status=instock%2Consale" "Mozilla/5.0 (Linux; Android 7.0;) AppleWebKit/537.36 (KHTML, like Gecko) Mobile Safari/537.36 (compatible; PetalBot;+https://webmaster.petalsearch.com/site/petalbot)"
114.119.130.97 - - [10/Jan/2026:11:07:54 +0700] "GET /shop/page/3/?orderby=popularity&per_page=24&stock_status=instock,onsale HTTP/1.1" 301 584 "https://view.lotushomemade.com/shop?orderby=popularity&per_page=24&stock_status=instock%2Consale" "Mozilla/5.0 (Linux; Android 7.0;) AppleWebKit/537.36 (KHTML, like Gecko) Mobile Safari/537.36 (compatible; PetalBot;+https://webmaster.petalsearch.com/site/petalbot)"
114.119.130.97 - - [10/Jan/2026:11:07:54 +0700] "GET /shop/page/3/?orderby=popularity&per_page=24&stock_status=instock,onsale HTTP/1.1" 301 584 "https://view.lotushomemade.com/shop?orderby=popularity&per_page=24&stock_status=instock%2Consale" "Mozilla/5.0 (Linux; Android 7.0;) AppleWebKit/537.36 (KHTML, like Gecko) Mobile Safari/537.36 (compatible; PetalBot;+https://webmaster.petalsearch.com/site/petalbot)"
114.119.130.97 - - [10/Jan/2026:11:07:55 +0700] "GET /shop/page/3/?orderby=popularity&per_page=24&stock_status=instock,onsale HTTP/1.1" 301 584 "https://view.lotushomemade.com/shop?orderby=popularity&per_page=24&stock_status=instock%2Consale" "Mozilla/5.0 (Linux; Android 7.0;) AppleWebKit/537.36 (KHTML, like Gecko) Mobile Safari/537.36 (compatible; PetalBot;+https://webmaster.petalsearch.com/site/petalbot)"
57.141.2.81 - - [10/Jan/2026:11:08:17 +0700] "GET /shop/page/20/?stock_status=instock%2Consale HTTP/2" 200 242246 "-" "meta-externalagent/1.1 (+https://developers.facebook.com/docs/sharing/webmasters/crawler)"
103.131.51.123 - - [10/Jan/2026:11:09:15 +0700] "POST /wp-cron.php?doing_wp_cron=1768018155.5733919143676757812500 HTTP/1.1" 200 474 "-" "WordPress/6.9; https://view.lotushomemade.com"
114.119.149.78 - - [10/Jan/2026:11:09:14 +0700] "GET /shop/page/3/?orderby=date&per_page=24&shop_view=grid&per_row=4 HTTP/1.1" 200 42067 "https://view.lotushomemade.com/shop/page/5/?orderby=date&per_page=24&shop_view=grid&per_row=4" "Mozilla/5.0 (Linux; Android 7.0;) AppleWebKit/537.36 (KHTML, like Gecko) Mobile Safari/537.36 (compatible; PetalBot;+https://webmaster.petalsearch.com/site/petalbot)"
103.131.51.123 - - [10/Jan/2026:11:10:43 +0700] "POST /wp-cron.php?doing_wp_cron=1768018243.2178299427032470703125 HTTP/1.1" 200 474 "-" "WordPress/6.9; https://view.lotushomemade.com"
114.119.142.208 - - [10/Jan/2026:11:10:39 +0700] "GET /shop/page/3/?min_price=0&per_row=4&per_page=24&shop_view=grid HTTP/1.1" 200 42330 "https://view.lotushomemade.com/shop/page/8/?min_price=0&per_row=4&per_page=24&shop_view=grid" "Mozilla/5.0 (Linux; Android 7.0;) AppleWebKit/537.36 (KHTML, like Gecko) Mobile Safari/537.36 (compatible; PetalBot;+https://webmaster.petalsearch.com/site/petalbot)"
103.131.51.123 - - [10/Jan/2026:11:11:35 +0700] "POST /wp-cron.php?doing_wp_cron=1768018295.8567140102386474609375 HTTP/1.1" 200 474 "-" "WordPress/6.9; https://view.lotushomemade.com"
104.210.140.129 - - [10/Jan/2026:11:11:35 +0700] "GET    /robots.txt HTTP/2" 200 103 "-" "Mozilla/5.0 (Macintosh; Intel Mac OS X 10_15_7) AppleWebKit/537.36 (KHTML, like Gecko) Chrome/131.0.0.0 Safari/537.36; compatible; OAI-SearchBot/1.0; +https://openai.com/searchbot"
114.119.142.208 - - [10/Jan/2026:11:12:01 +0700] "GET /shop/page/3/?min_price=0&per_page=18&shop_view=grid&per_row=2 HTTP/1.1" 200 41742 "https://view.lotushomemade.com/shop?min_price=0&per_page=18&shop_view=grid&per_row=2" "Mozilla/5.0 (Linux; Android 7.0;) AppleWebKit/537.36 (KHTML, like Gecko) Mobile Safari/537.36 (compatible; PetalBot;+https://webmaster.petalsearch.com/site/petalbot)"
103.131.51.123 - - [10/Jan/2026:11:13:27 +0700] "POST /wp-cron.php?doing_wp_cron=1768018407.8191299438476562500000 HTTP/1.1" 200 474 "-" "WordPress/6.9; https://view.lotushomemade.com"
114.119.142.208 - - [10/Jan/2026:11:13:25 +0700] "GET /shop/page/3/?min_price=0&max_price=260&stock_status=instock,onsale&per_page=18 HTTP/1.1" 301 591 "https://view.lotushomemade.com/shop?min_price=0&max_price=260&stock_status=instock%2Consale&per_page=18" "Mozilla/5.0 (Linux; Android 7.0;) AppleWebKit/537.36 (KHTML, like Gecko) Mobile Safari/537.36 (compatible; PetalBot;+https://webmaster.petalsearch.com/site/petalbot)"
114.119.142.208 - - [10/Jan/2026:11:13:27 +0700] "GET /shop/page/3/?min_price=0&max_price=260&stock_status=instock,onsale&per_page=18 HTTP/1.1" 301 591 "https://view.lotushomemade.com/shop?min_price=0&max_price=260&stock_status=instock%2Consale&per_page=18" "Mozilla/5.0 (Linux; Android 7.0;) AppleWebKit/537.36 (KHTML, like Gecko) Mobile Safari/537.36 (compatible; PetalBot;+https://webmaster.petalsearch.com/site/petalbot)"
114.119.142.208 - - [10/Jan/2026:11:13:28 +0700] "GET /shop/page/3/?min_price=0&max_price=260&stock_status=instock,onsale&per_page=18 HTTP/1.1" 301 591 "https://view.lotushomemade.com/shop?min_price=0&max_price=260&stock_status=instock%2Consale&per_page=18" "Mozilla/5.0 (Linux; Android 7.0;) AppleWebKit/537.36 (KHTML, like Gecko) Mobile Safari/537.36 (compatible; PetalBot;+https://webmaster.petalsearch.com/site/petalbot)"
114.119.142.208 - - [10/Jan/2026:11:13:28 +0700] "GET /shop/page/3/?min_price=0&max_price=260&stock_status=instock,onsale&per_page=18 HTTP/1.1" 301 591 "https://view.lotushomemade.com/shop?min_price=0&max_price=260&stock_status=instock%2Consale&per_page=18" "Mozilla/5.0 (Linux; Android 7.0;) AppleWebKit/537.36 (KHTML, like Gecko) Mobile Safari/537.36 (compatible; PetalBot;+https://webmaster.petalsearch.com/site/petalbot)"
114.119.142.208 - - [10/Jan/2026:11:13:29 +0700] "GET /shop/page/3/?min_price=0&max_price=260&stock_status=instock,onsale&per_page=18 HTTP/1.1" 301 591 "https://view.lotushomemade.com/shop?min_price=0&max_price=260&stock_status=instock%2Consale&per_page=18" "Mozilla/5.0 (Linux; Android 7.0;) AppleWebKit/537.36 (KHTML, like Gecko) Mobile Safari/537.36 (compatible; PetalBot;+https://webmaster.petalsearch.com/site/petalbot)"
114.119.142.208 - - [10/Jan/2026:11:13:29 +0700] "GET /shop/page/3/?min_price=0&max_price=260&stock_status=instock,onsale&per_page=18 HTTP/1.1" 301 591 "https://view.lotushomemade.com/shop?min_price=0&max_price=260&stock_status=instock%2Consale&per_page=18" "Mozilla/5.0 (Linux; Android 7.0;) AppleWebKit/537.36 (KHTML, like Gecko) Mobile Safari/537.36 (compatible; PetalBot;+https://webmaster.petalsearch.com/site/petalbot)"
114.119.142.208 - - [10/Jan/2026:11:13:30 +0700] "GET /shop/page/3/?min_price=0&max_price=260&stock_status=instock,onsale&per_page=18 HTTP/1.1" 301 591 "https://view.lotushomemade.com/shop?min_price=0&max_price=260&stock_status=instock%2Consale&per_page=18" "Mozilla/5.0 (Linux; Android 7.0;) AppleWebKit/537.36 (KHTML, like Gecko) Mobile Safari/537.36 (compatible; PetalBot;+https://webmaster.petalsearch.com/site/petalbot)"
114.119.142.208 - - [10/Jan/2026:11:13:30 +0700] "GET /shop/page/3/?min_price=0&max_price=260&stock_status=instock,onsale&per_page=18 HTTP/1.1" 301 591 "https://view.lotushomemade.com/shop?min_price=0&max_price=260&stock_status=instock%2Consale&per_page=18" "Mozilla/5.0 (Linux; Android 7.0;) AppleWebKit/537.36 (KHTML, like Gecko) Mobile Safari/537.36 (compatible; PetalBot;+https://webmaster.petalsearch.com/site/petalbot)"
114.119.142.208 - - [10/Jan/2026:11:13:31 +0700] "GET /shop/page/3/?min_price=0&max_price=260&stock_status=instock,onsale&per_page=18 HTTP/1.1" 301 591 "https://view.lotushomemade.com/shop?min_price=0&max_price=260&stock_status=instock%2Consale&per_page=18" "Mozilla/5.0 (Linux; Android 7.0;) AppleWebKit/537.36 (KHTML, like Gecko) Mobile Safari/537.36 (compatible; PetalBot;+https://webmaster.petalsearch.com/site/petalbot)"
114.119.142.208 - - [10/Jan/2026:11:13:31 +0700] "GET /shop/page/3/?min_price=0&max_price=260&stock_status=instock,onsale&per_page=18 HTTP/1.1" 301 591 "https://view.lotushomemade.com/shop?min_price=0&max_price=260&stock_status=instock%2Consale&per_page=18" "Mozilla/5.0 (Linux; Android 7.0;) AppleWebKit/537.36 (KHTML, like Gecko) Mobile Safari/537.36 (compatible; PetalBot;+https://webmaster.petalsearch.com/site/petalbot)"
103.131.51.123 - - [10/Jan/2026:11:14:56 +0700] "POST /wp-cron.php?doing_wp_cron=1768018496.0982151031494140625000 HTTP/1.1" 200 474 "-" "WordPress/6.9; https://view.lotushomemade.com"
114.119.145.110 - - [10/Jan/2026:11:14:53 +0700] "GET /shop/page/3/?max_price=780&stock_status=instock,onsale&shop_view=grid&per_row=6 HTTP/1.1" 301 634 "https://view.lotushomemade.com/shop?max_price=780&stock_status=instock%2Consale&shop_view=grid&per_row=6" "Mozilla/5.0 (Linux; Android 7.0;) AppleWebKit/537.36 (KHTML, like Gecko) Mobile Safari/537.36 (compatible; PetalBot;+https://webmaster.petalsearch.com/site/petalbot)"
114.119.145.110 - - [10/Jan/2026:11:14:56 +0700] "GET /shop/page/3/?max_price=780&stock_status=instock,onsale&shop_view=grid&per_row=6 HTTP/1.1" 301 634 "https://view.lotushomemade.com/shop?max_price=780&stock_status=instock%2Consale&shop_view=grid&per_row=6" "Mozilla/5.0 (Linux; Android 7.0;) AppleWebKit/537.36 (KHTML, like Gecko) Mobile Safari/537.36 (compatible; PetalBot;+https://webmaster.petalsearch.com/site/petalbot)"
114.119.145.110 - - [10/Jan/2026:11:14:56 +0700] "GET /shop/page/3/?max_price=780&stock_status=instock,onsale&shop_view=grid&per_row=6 HTTP/1.1" 301 634 "https://view.lotushomemade.com/shop?max_price=780&stock_status=instock%2Consale&shop_view=grid&per_row=6" "Mozilla/5.0 (Linux; Android 7.0;) AppleWebKit/537.36 (KHTML, like Gecko) Mobile Safari/537.36 (compatible; PetalBot;+https://webmaster.petalsearch.com/site/petalbot)"
114.119.145.110 - - [10/Jan/2026:11:14:57 +0700] "GET /shop/page/3/?max_price=780&stock_status=instock,onsale&shop_view=grid&per_row=6 HTTP/1.1" 301 634 "https://view.lotushomemade.com/shop?max_price=780&stock_status=instock%2Consale&shop_view=grid&per_row=6" "Mozilla/5.0 (Linux; Android 7.0;) AppleWebKit/537.36 (KHTML, like Gecko) Mobile Safari/537.36 (compatible; PetalBot;+https://webmaster.petalsearch.com/site/petalbot)"
114.119.145.110 - - [10/Jan/2026:11:14:57 +0700] "GET /shop/page/3/?max_price=780&stock_status=instock,onsale&shop_view=grid&per_row=6 HTTP/1.1" 301 634 "https://view.lotushomemade.com/shop?max_price=780&stock_status=instock%2Consale&shop_view=grid&per_row=6" "Mozilla/5.0 (Linux; Android 7.0;) AppleWebKit/537.36 (KHTML, like Gecko) Mobile Safari/537.36 (compatible; PetalBot;+https://webmaster.petalsearch.com/site/petalbot)"
114.119.145.110 - - [10/Jan/2026:11:14:58 +0700] "GET /shop/page/3/?max_price=780&stock_status=instock,onsale&shop_view=grid&per_row=6 HTTP/1.1" 301 634 "https://view.lotushomemade.com/shop?max_price=780&stock_status=instock%2Consale&shop_view=grid&per_row=6" "Mozilla/5.0 (Linux; Android 7.0;) AppleWebKit/537.36 (KHTML, like Gecko) Mobile Safari/537.36 (compatible; PetalBot;+https://webmaster.petalsearch.com/site/petalbot)"
114.119.145.110 - - [10/Jan/2026:11:14:58 +0700] "GET /shop/page/3/?max_price=780&stock_status=instock,onsale&shop_view=grid&per_row=6 HTTP/1.1" 301 634 "https://view.lotushomemade.com/shop?max_price=780&stock_status=instock%2Consale&shop_view=grid&per_row=6" "Mozilla/5.0 (Linux; Android 7.0;) AppleWebKit/537.36 (KHTML, like Gecko) Mobile Safari/537.36 (compatible; PetalBot;+https://webmaster.petalsearch.com/site/petalbot)"
114.119.145.110 - - [10/Jan/2026:11:15:00 +0700] "GET /shop/page/3/?max_price=780&stock_status=instock,onsale&shop_view=grid&per_row=6 HTTP/1.1" 301 634 "https://view.lotushomemade.com/shop?max_price=780&stock_status=instock%2Consale&shop_view=grid&per_row=6" "Mozilla/5.0 (Linux; Android 7.0;) AppleWebKit/537.36 (KHTML, like Gecko) Mobile Safari/537.36 (compatible; PetalBot;+https://webmaster.petalsearch.com/site/petalbot)"
114.119.145.110 - - [10/Jan/2026:11:15:00 +0700] "GET /shop/page/3/?max_price=780&stock_status=instock,onsale&shop_view=grid&per_row=6 HTTP/1.1" 301 634 "https://view.lotushomemade.com/shop?max_price=780&stock_status=instock%2Consale&shop_view=grid&per_row=6" "Mozilla/5.0 (Linux; Android 7.0;) AppleWebKit/537.36 (KHTML, like Gecko) Mobile Safari/537.36 (compatible; PetalBot;+https://webmaster.petalsearch.com/site/petalbot)"
114.119.145.110 - - [10/Jan/2026:11:15:00 +0700] "GET /shop/page/3/?max_price=780&stock_status=instock,onsale&shop_view=grid&per_row=6 HTTP/1.1" 301 634 "https://view.lotushomemade.com/shop?max_price=780&stock_status=instock%2Consale&shop_view=grid&per_row=6" "Mozilla/5.0 (Linux; Android 7.0;) AppleWebKit/537.36 (KHTML, like Gecko) Mobile Safari/537.36 (compatible; PetalBot;+https://webmaster.petalsearch.com/site/petalbot)"
103.131.51.123 - - [10/Jan/2026:11:16:18 +0700] "POST /wp-cron.php?doing_wp_cron=1768018577.9692049026489257812500 HTTP/1.1" 200 474 "-" "WordPress/6.9; https://view.lotushomemade.com"
114.119.151.206 - - [10/Jan/2026:11:16:14 +0700] "GET /shop/page/3/?max_price=780&per_row=4&per_page=24&shop_view=grid HTTP/1.1" 200 42567 "https://view.lotushomemade.com/shop/page/9/?max_price=780&per_row=4&per_page=24&shop_view=grid" "Mozilla/5.0 (Linux; Android 7.0;) AppleWebKit/537.36 (KHTML, like Gecko) Mobile Safari/537.36 (compatible; PetalBot;+https://webmaster.petalsearch.com/site/petalbot)"
103.131.51.123 - - [10/Jan/2026:11:17:40 +0700] "POST /wp-cron.php?doing_wp_cron=1768018660.5500669479370117187500 HTTP/1.1" 200 474 "-" "WordPress/6.9; https://view.lotushomemade.com"
114.119.142.208 - - [10/Jan/2026:11:17:38 +0700] "GET /shop/page/3/?max_price=520&per_page=24&stock_status=instock,onsale HTTP/1.1" 301 579 "https://view.lotushomemade.com/shop?max_price=520&per_page=24&stock_status=instock%2Consale" "Mozilla/5.0 (Linux; Android 7.0;) AppleWebKit/537.36 (KHTML, like Gecko) Mobile Safari/537.36 (compatible; PetalBot;+https://webmaster.petalsearch.com/site/petalbot)"
114.119.142.208 - - [10/Jan/2026:11:17:40 +0700] "GET /shop/page/3/?max_price=520&per_page=24&stock_status=instock,onsale HTTP/1.1" 301 579 "https://view.lotushomemade.com/shop?max_price=520&per_page=24&stock_status=instock%2Consale" "Mozilla/5.0 (Linux; Android 7.0;) AppleWebKit/537.36 (KHTML, like Gecko) Mobile Safari/537.36 (compatible; PetalBot;+https://webmaster.petalsearch.com/site/petalbot)"
114.119.142.208 - - [10/Jan/2026:11:17:42 +0700] "GET /shop/page/3/?max_price=520&per_page=24&stock_status=instock,onsale HTTP/1.1" 301 579 "https://view.lotushomemade.com/shop?max_price=520&per_page=24&stock_status=instock%2Consale" "Mozilla/5.0 (Linux; Android 7.0;) AppleWebKit/537.36 (KHTML, like Gecko) Mobile Safari/537.36 (compatible; PetalBot;+https://webmaster.petalsearch.com/site/petalbot)"
114.119.142.208 - - [10/Jan/2026:11:17:42 +0700] "GET /shop/page/3/?max_price=520&per_page=24&stock_status=instock,onsale HTTP/1.1" 301 579 "https://view.lotushomemade.com/shop?max_price=520&per_page=24&stock_status=instock%2Consale" "Mozilla/5.0 (Linux; Android 7.0;) AppleWebKit/537.36 (KHTML, like Gecko) Mobile Safari/537.36 (compatible; PetalBot;+https://webmaster.petalsearch.com/site/petalbot)"
114.119.142.208 - - [10/Jan/2026:11:17:43 +0700] "GET /shop/page/3/?max_price=520&per_page=24&stock_status=instock,onsale HTTP/1.1" 301 579 "https://view.lotushomemade.com/shop?max_price=520&per_page=24&stock_status=instock%2Consale" "Mozilla/5.0 (Linux; Android 7.0;) AppleWebKit/537.36 (KHTML, like Gecko) Mobile Safari/537.36 (compatible; PetalBot;+https://webmaster.petalsearch.com/site/petalbot)"
