114.119.149.78 - - [11/Jan/2026:00:06:10 +0700] "GET /shop/page/18/?orderby=price&stock_status=instock HTTP/1.1" 200 40271 "https://view.lotushomemade.com/shop/page/18/?orderby=price&stock_status=instock" "Mozilla/5.0 (Linux; Android 7.0;) AppleWebKit/537.36 (KHTML, like Gecko) Mobile Safari/537.36 (compatible; PetalBot;+https://webmaster.petalsearch.com/site/petalbot)"
103.131.51.123 - - [11/Jan/2026:00:07:29 +0700] "POST /wp-cron.php?doing_wp_cron=1768064849.6541769504547119140625 HTTP/1.1" 200 474 "-" "WordPress/6.9; https://view.lotushomemade.com"
114.119.150.215 - - [11/Jan/2026:00:07:27 +0700] "GET /shop/page/18?orderby=price&per_row=6&shop_view=grid&per_page=8 HTTP/1.1" 301 661 "https://view.lotushomemade.com/shop/page/17/?orderby=price&per_row=6&shop_view=grid&per_page=8" "Mozilla/5.0 (Linux; Android 7.0;) AppleWebKit/537.36 (KHTML, like Gecko) Mobile Safari/537.36 (compatible; PetalBot;+https://webmaster.petalsearch.com/site/petalbot)"
114.119.150.215 - - [11/Jan/2026:00:07:30 +0700] "GET /shop/page/18/?orderby=price&per_row=6&shop_view=grid&per_page=8 HTTP/1.1" 200 39351 "https://view.lotushomemade.com/shop/page/17/?orderby=price&per_row=6&shop_view=grid&per_page=8" "Mozilla/5.0 (Linux; Android 7.0;) AppleWebKit/537.36 (KHTML, like Gecko) Mobile Safari/537.36 (compatible; PetalBot;+https://webmaster.petalsearch.com/site/petalbot)"
103.131.51.123 - - [11/Jan/2026:00:08:52 +0700] "POST /wp-cron.php?doing_wp_cron=1768064932.3179171085357666015625 HTTP/1.1" 200 474 "-" "WordPress/6.9; https://view.lotushomemade.com"
114.119.149.78 - - [11/Jan/2026:00:08:50 +0700] "GET /shop/page/18?orderby=price&per_row=2&shop_view=grid HTTP/1.1" 301 605 "https://view.lotushomemade.com/shop/page/16/?orderby=price&per_row=2&shop_view=grid" "Mozilla/5.0 (Linux; Android 7.0;) AppleWebKit/537.36 (KHTML, like Gecko) Mobile Safari/537.36 (compatible; PetalBot;+https://webmaster.petalsearch.com/site/petalbot)"
114.119.149.78 - - [11/Jan/2026:00:08:52 +0700] "GET /shop/page/18/?orderby=price&per_row=2&shop_view=grid HTTP/1.1" 200 40337 "https://view.lotushomemade.com/shop/page/16/?orderby=price&per_row=2&shop_view=grid" "Mozilla/5.0 (Linux; Android 7.0;) AppleWebKit/537.36 (KHTML, like Gecko) Mobile Safari/537.36 (compatible; PetalBot;+https://webmaster.petalsearch.com/site/petalbot)"
103.131.51.123 - - [11/Jan/2026:00:10:16 +0700] "POST /wp-cron.php?doing_wp_cron=1768065016.0825309753417968750000 HTTP/1.1" 200 474 "-" "WordPress/6.9; https://view.lotushomemade.com"
114.119.130.97 - - [11/Jan/2026:00:10:13 +0700] "GET /shop/page/18?orderby=popularity&per_row=6&per_page=18&shop_view=grid HTTP/1.1" 301 668 "https://view.lotushomemade.com/shop/page/16/?orderby=popularity&per_row=6&per_page=18&shop_view=grid" "Mozilla/5.0 (Linux; Android 7.0;) AppleWebKit/537.36 (KHTML, like Gecko) Mobile Safari/537.36 (compatible; PetalBot;+https://webmaster.petalsearch.com/site/petalbot)"
114.119.130.97 - - [11/Jan/2026:00:10:16 +0700] "GET /shop/page/18/?orderby=popularity&per_row=6&per_page=18&shop_view=grid HTTP/1.1" 200 40415 "https://view.lotushomemade.com/shop/page/16/?orderby=popularity&per_row=6&per_page=18&shop_view=grid" "Mozilla/5.0 (Linux; Android 7.0;) AppleWebKit/537.36 (KHTML, like Gecko) Mobile Safari/537.36 (compatible; PetalBot;+https://webmaster.petalsearch.com/site/petalbot)"
103.131.51.123 - - [11/Jan/2026:00:11:39 +0700] "POST /wp-cron.php?doing_wp_cron=1768065099.0617890357971191406250 HTTP/1.1" 200 474 "-" "WordPress/6.9; https://view.lotushomemade.com"
114.119.150.215 - - [11/Jan/2026:00:11:36 +0700] "GET /shop/page/18?orderby=date&stock_status=onsale&per_row=4&shop_view=grid HTTP/1.1" 301 624 "https://view.lotushomemade.com/shop/page/17/?orderby=date&stock_status=onsale&per_row=4&shop_view=grid" "Mozilla/5.0 (Linux; Android 7.0;) AppleWebKit/537.36 (KHTML, like Gecko) Mobile Safari/537.36 (compatible; PetalBot;+https://webmaster.petalsearch.com/site/petalbot)"
114.119.150.215 - - [11/Jan/2026:00:11:39 +0700] "GET /shop/page/18/?orderby=date&stock_status=onsale&per_row=4&shop_view=grid HTTP/1.1" 200 39951 "https://view.lotushomemade.com/shop/page/17/?orderby=date&stock_status=onsale&per_row=4&shop_view=grid" "Mozilla/5.0 (Linux; Android 7.0;) AppleWebKit/537.36 (KHTML, like Gecko) Mobile Safari/537.36 (compatible; PetalBot;+https://webmaster.petalsearch.com/site/petalbot)"
103.131.51.123 - - [11/Jan/2026:00:11:40 +0700] "POST /wp-cron.php?doing_wp_cron=1768065100.7294800281524658203125 HTTP/1.1" 200 474 "-" "WordPress/6.9; https://view.lotushomemade.com"
66.249.70.99 - - [11/Jan/2026:00:11:38 +0700] "GET /product/gold-mama-premium-kuih-kapit-tin/?add-to-cart=1106 HTTP/1.1" 200 38299 "-" "Mozilla/5.0 (Linux; Android 6.0.1; Nexus 5X Build/MMB29P) AppleWebKit/537.36 (KHTML, like Gecko) Chrome/143.0.7499.192 Mobile Safari/537.36 (compatible; Googlebot/2.1; +http://www.google.com/bot.html)"
103.131.51.123 - - [11/Jan/2026:00:13:04 +0700] "POST /wp-cron.php?doing_wp_cron=1768065184.6626689434051513671875 HTTP/1.1" 200 474 "-" "WordPress/6.9; https://view.lotushomemade.com"
114.119.142.208 - - [11/Jan/2026:00:13:02 +0700] "GET /shop/page/18?orderby=date&stock_status=onsale&per_row=2&shop_view=grid HTTP/1.1" 301 624 "https://view.lotushomemade.com/shop/page/18/?orderby=date&stock_status=onsale&per_row=2&shop_view=grid" "Mozilla/5.0 (Linux; Android 7.0;) AppleWebKit/537.36 (KHTML, like Gecko) Mobile Safari/537.36 (compatible; PetalBot;+https://webmaster.petalsearch.com/site/petalbot)"
114.119.142.208 - - [11/Jan/2026:00:13:04 +0700] "GET /shop/page/18/?orderby=date&stock_status=onsale&per_row=2&shop_view=grid HTTP/1.1" 200 39946 "https://view.lotushomemade.com/shop/page/18/?orderby=date&stock_status=onsale&per_row=2&shop_view=grid" "Mozilla/5.0 (Linux; Android 7.0;) AppleWebKit/537.36 (KHTML, like Gecko) Mobile Safari/537.36 (compatible; PetalBot;+https://webmaster.petalsearch.com/site/petalbot)"
103.131.51.123 - - [11/Jan/2026:00:14:05 +0700] "POST /wp-cron.php?doing_wp_cron=1768065245.1883459091186523437500 HTTP/1.1" 200 474 "-" "WordPress/6.9; https://view.lotushomemade.com"
66.249.70.98 - - [11/Jan/2026:00:14:03 +0700] "GET /product/special-pandan-kuih-kapit-xxl/ HTTP/1.1" 200 36930 "-" "Mozilla/5.0 (Linux; Android 6.0.1; Nexus 5X Build/MMB29P) AppleWebKit/537.36 (KHTML, like Gecko) Chrome/143.0.7499.192 Mobile Safari/537.36 (compatible; Googlebot/2.1; +http://www.google.com/bot.html)"
66.249.70.97 - - [11/Jan/2026:00:14:18 +0700] "GET /wp-includes/js/dist/hooks.min.js?ver=dd5603f07f9220ed27f1 HTTP/1.1" 200 2480 "https://view.lotushomemade.com/product/special-pandan-kuih-kapit-xxl/" "Mozilla/5.0 (Linux; Android 6.0.1; Nexus 5X Build/MMB29P) AppleWebKit/537.36 (KHTML, like Gecko) Chrome/143.0.7499.169 Mobile Safari/537.36 (compatible; Googlebot/2.1; +http://www.google.com/bot.html)"
66.249.70.97 - - [11/Jan/2026:00:14:24 +0700] "GET /wp-content/themes/woodmart/js/libs/slick.min.js?ver=7.2.5 HTTP/1.1" 200 10058 "https://view.lotushomemade.com/product/special-pandan-kuih-kapit-xxl/" "Mozilla/5.0 (Linux; Android 6.0.1; Nexus 5X Build/MMB29P) AppleWebKit/537.36 (KHTML, like Gecko) Chrome/143.0.7499.169 Mobile Safari/537.36 (compatible; Googlebot/2.1; +http://www.google.com/bot.html)"
103.131.51.123 - - [11/Jan/2026:00:14:41 +0700] "POST /wp-cron.php?doing_wp_cron=1768065281.8076269626617431640625 HTTP/1.1" 200 474 "-" "WordPress/6.9; https://view.lotushomemade.com"
114.119.149.78 - - [11/Jan/2026:00:14:41 +0700] "GET /shop?orderby=price-desc&per_row=4&shop_view=grid&per_page=24 HTTP/1.1" 301 660 "https://view.lotushomemade.com/shop?orderby=price-desc&per_row=4&shop_view=grid" "Mozilla/5.0 (Linux; Android 7.0;) AppleWebKit/537.36 (KHTML, like Gecko) Mobile Safari/537.36 (compatible; PetalBot;+https://webmaster.petalsearch.com/site/petalbot)"
114.119.149.78 - - [11/Jan/2026:00:14:42 +0700] "GET /shop/?orderby=price-desc&per_row=4&shop_view=grid&per_page=24 HTTP/1.1" 200 42915 "https://view.lotushomemade.com/shop?orderby=price-desc&per_row=4&shop_view=grid" "Mozilla/5.0 (Linux; Android 7.0;) AppleWebKit/537.36 (KHTML, like Gecko) Mobile Safari/537.36 (compatible; PetalBot;+https://webmaster.petalsearch.com/site/petalbot)"
103.131.51.123 - - [11/Jan/2026:00:15:47 +0700] "POST /wp-cron.php?doing_wp_cron=1768065347.7450480461120605468750 HTTP/1.1" 200 474 "-" "WordPress/6.9; https://view.lotushomemade.com"
114.119.149.78 - - [11/Jan/2026:00:15:47 +0700] "GET /shop?orderby=price-desc&per_page=24&filter_brand=hss HTTP/1.1" 301 564 "https://view.lotushomemade.com/shop?orderby=price-desc&stock_status=onsale&per_page=24&filter_brand=hss" "Mozilla/5.0 (Linux; Android 7.0;) AppleWebKit/537.36 (KHTML, like Gecko) Mobile Safari/537.36 (compatible; PetalBot;+https://webmaster.petalsearch.com/site/petalbot)"
114.119.149.78 - - [11/Jan/2026:00:15:47 +0700] "GET /shop/?orderby=price-desc&per_page=24&filter_brand=hss HTTP/1.1" 200 38715 "https://view.lotushomemade.com/shop?orderby=price-desc&stock_status=onsale&per_page=24&filter_brand=hss" "Mozilla/5.0 (Linux; Android 7.0;) AppleWebKit/537.36 (KHTML, like Gecko) Mobile Safari/537.36 (compatible; PetalBot;+https://webmaster.petalsearch.com/site/petalbot)"
103.131.51.123 - - [11/Jan/2026:00:17:13 +0700] "POST /wp-cron.php?doing_wp_cron=1768065433.2113189697265625000000 HTTP/1.1" 200 474 "-" "WordPress/6.9; https://view.lotushomemade.com"
114.119.148.197 - - [11/Jan/2026:00:17:10 +0700] "GET /shop?orderby=price&stock_status=instock&per_row=2&shop_view=grid HTTP/1.1" 301 618 "https://view.lotushomemade.com/shop?orderby=price&stock_status=instock&per_row=2&shop_view=grid" "Mozilla/5.0 (Linux; Android 7.0;) AppleWebKit/537.36 (KHTML, like Gecko) Mobile Safari/537.36 (compatible; PetalBot;+https://webmaster.petalsearch.com/site/petalbot)"
114.119.148.197 - - [11/Jan/2026:00:17:13 +0700] "GET /shop/?orderby=price&stock_status=instock&per_row=2&shop_view=grid HTTP/1.1" 200 40338 "https://view.lotushomemade.com/shop?orderby=price&stock_status=instock&per_row=2&shop_view=grid" "Mozilla/5.0 (Linux; Android 7.0;) AppleWebKit/537.36 (KHTML, like Gecko) Mobile Safari/537.36 (compatible; PetalBot;+https://webmaster.petalsearch.com/site/petalbot)"
103.131.51.123 - - [11/Jan/2026:00:18:41 +0700] "POST /wp-cron.php?doing_wp_cron=1768065521.3539929389953613281250 HTTP/1.1" 200 474 "-" "WordPress/6.9; https://view.lotushomemade.com"
114.119.151.206 - - [11/Jan/2026:00:18:39 +0700] "GET /shop?orderby=date&stock_status=instock&per_row=6&shop_view=grid HTTP/1.1" 301 617 "https://view.lotushomemade.com/shop/page/10/?orderby=date&stock_status=instock&per_row=6&shop_view=grid" "Mozilla/5.0 (Linux; Android 7.0;) AppleWebKit/537.36 (KHTML, like Gecko) Mobile Safari/537.36 (compatible; PetalBot;+https://webmaster.petalsearch.com/site/petalbot)"
114.119.151.206 - - [11/Jan/2026:00:18:41 +0700] "GET /shop/?orderby=date&stock_status=instock&per_row=6&shop_view=grid HTTP/1.1" 200 40846 "https://view.lotushomemade.com/shop/page/10/?orderby=date&stock_status=instock&per_row=6&shop_view=grid" "Mozilla/5.0 (Linux; Android 7.0;) AppleWebKit/537.36 (KHTML, like Gecko) Mobile Safari/537.36 (compatible; PetalBot;+https://webmaster.petalsearch.com/site/petalbot)"
103.131.51.123 - - [11/Jan/2026:00:19:34 +0700] "POST /wp-cron.php?doing_wp_cron=1768065574.7609488964080810546875 HTTP/1.1" 200 474 "-" "WordPress/6.9; https://view.lotushomemade.com"
205.210.31.53 - - [11/Jan/2026:00:19:27 +0700] "GET / HTTP/1.1" 200 6417114 "http://103.131.51.124:80/" "-"
114.119.145.110 - - [11/Jan/2026:00:19:57 +0700] "GET /shop/page/9/?max_price=780&per_page=24&stock_status=onsale HTTP/1.1" 200 42559 "https://view.lotushomemade.com/shop/page/7/?max_price=780&per_page=24&stock_status=onsale" "Mozilla/5.0 (Linux; Android 7.0;) AppleWebKit/537.36 (KHTML, like Gecko) Mobile Safari/537.36 (compatible; PetalBot;+https://webmaster.petalsearch.com/site/petalbot)"
103.131.51.123 - - [11/Jan/2026:00:21:27 +0700] "POST /wp-cron.php?doing_wp_cron=1768065687.3173639774322509765625 HTTP/1.1" 200 474 "-" "WordPress/6.9; https://view.lotushomemade.com"
114.119.156.27 - - [11/Jan/2026:00:21:23 +0700] "GET /shop/page/7/?orderby=price-desc&stock_status=instock&shop_view=grid&per_row=4 HTTP/1.1" 200 40133 "https://view.lotushomemade.com/shop/page/5/?orderby=price-desc&stock_status=instock&shop_view=grid&per_row=4" "Mozilla/5.0 (Linux; Android 7.0;) AppleWebKit/537.36 (KHTML, like Gecko) Mobile Safari/537.36 (compatible; PetalBot;+https://webmaster.petalsearch.com/site/petalbot)"
103.131.51.123 - - [11/Jan/2026:00:21:39 +0700] "POST /wp-cron.php?doing_wp_cron=1768065699.6528980731964111328125 HTTP/1.1" 200 474 "-" "WordPress/6.9; https://view.lotushomemade.com"
66.249.70.98 - - [11/Jan/2026:00:21:38 +0700] "GET /product/peanut-butter-egg-roll-m/ HTTP/1.1" 200 37189 "-" "Mozilla/5.0 (compatible; Googlebot/2.1; +http://www.google.com/bot.html)"
66.249.71.130 - - [11/Jan/2026:00:21:50 +0700] "GET /product/peanut-butter-egg-roll-m/ HTTP/1.1" 200 37210 "-" "Mozilla/5.0 (Linux; Android 6.0.1; Nexus 5X Build/MMB29P) AppleWebKit/537.36 (KHTML, like Gecko) Chrome/143.0.7499.192 Mobile Safari/537.36 (compatible; Googlebot/2.1; +http://www.google.com/bot.html)"
103.131.51.123 - - [11/Jan/2026:00:22:47 +0700] "POST /wp-cron.php?doing_wp_cron=1768065767.6393349170684814453125 HTTP/1.1" 200 474 "-" "WordPress/6.9; https://view.lotushomemade.com"
114.119.151.206 - - [11/Jan/2026:00:22:47 +0700] "GET /shop/page/6?orderby=price-desc&stock_status=onsale&per_page=24 HTTP/1.1" 301 574 "-" "Mozilla/5.0 (Linux; Android 7.0;) AppleWebKit/537.36 (KHTML, like Gecko) Mobile Safari/537.36 (compatible; PetalBot;+https://webmaster.petalsearch.com/site/petalbot)"
114.119.151.206 - - [11/Jan/2026:00:22:49 +0700] "GET /shop/page/6/?orderby=price-desc&stock_status=onsale&per_page=24 HTTP/1.1" 200 42273 "-" "Mozilla/5.0 (Linux; Android 7.0;) AppleWebKit/537.36 (KHTML, like Gecko) Mobile Safari/537.36 (compatible; PetalBot;+https://webmaster.petalsearch.com/site/petalbot)"
103.131.51.123 - - [11/Jan/2026:00:24:11 +0700] "POST /wp-cron.php?doing_wp_cron=1768065851.5190739631652832031250 HTTP/1.1" 200 474 "-" "WordPress/6.9; https://view.lotushomemade.com"
114.119.156.27 - - [11/Jan/2026:00:24:08 +0700] "GET /shop/page/4?orderby=rating&per_row=6&per_page=8&shop_view=grid HTTP/1.1" 301 661 "-" "Mozilla/5.0 (Linux; Android 7.0;) AppleWebKit/537.36 (KHTML, like Gecko) Mobile Safari/537.36 (compatible; PetalBot;+https://webmaster.petalsearch.com/site/petalbot)"
114.119.156.27 - - [11/Jan/2026:00:24:11 +0700] "GET /shop/page/4/?orderby=rating&per_row=6&per_page=8&shop_view=grid HTTP/1.1" 200 39276 "-" "Mozilla/5.0 (Linux; Android 7.0;) AppleWebKit/537.36 (KHTML, like Gecko) Mobile Safari/537.36 (compatible; PetalBot;+https://webmaster.petalsearch.com/site/petalbot)"
103.131.51.123 - - [11/Jan/2026:00:25:36 +0700] "POST /wp-cron.php?doing_wp_cron=1768065936.3197739124298095703125 HTTP/1.1" 200 474 "-" "WordPress/6.9; https://view.lotushomemade.com"
114.119.145.110 - - [11/Jan/2026:00:25:32 +0700] "GET /shop/page/45/?stock_status=instock&per_page=8&shop_view=grid&per_row=2 HTTP/1.1" 200 39430 "https://view.lotushomemade.com/shop/page/45?stock_status=instock&per_page=8&shop_view=grid&per_row=2" "Mozilla/5.0 (Linux; Android 7.0;) AppleWebKit/537.36 (KHTML, like Gecko) Mobile Safari/537.36 (compatible; PetalBot;+https://webmaster.petalsearch.com/site/petalbot)"
103.131.51.123 - - [11/Jan/2026:00:26:59 +0700] "POST /wp-cron.php?doing_wp_cron=1768066019.6044979095458984375000 HTTP/1.1" 200 474 "-" "WordPress/6.9; https://view.lotushomemade.com"
114.119.145.110 - - [11/Jan/2026:00:26:55 +0700] "GET /shop/page/42/?max_price=1050&per_page=8&shop_view=grid&per_row=6 HTTP/1.1" 200 39625 "https://view.lotushomemade.com/shop/page/42/?max_price=1050&per_page=8&shop_view=grid&per_row=6" "Mozilla/5.0 (Linux; Android 7.0;) AppleWebKit/537.36 (KHTML, like Gecko) Mobile Safari/537.36 (compatible; PetalBot;+https://webmaster.petalsearch.com/site/petalbot)"
103.131.51.123 - - [11/Jan/2026:00:28:23 +0700] "POST /wp-cron.php?doing_wp_cron=1768066103.0950469970703125000000 HTTP/1.1" 200 474 "-" "WordPress/6.9; https://view.lotushomemade.com"
114.119.149.78 - - [11/Jan/2026:00:28:20 +0700] "GET /shop/page/4/?stock_status=instock,onsale&per_row=4&per_page=12&shop_view=grid HTTP/1.1" 301 678 "https://view.lotushomemade.com/shop?stock_status=instock%2Consale&per_row=4&per_page=12&shop_view=grid" "Mozilla/5.0 (Linux; Android 7.0;) AppleWebKit/537.36 (KHTML, like Gecko) Mobile Safari/537.36 (compatible; PetalBot;+https://webmaster.petalsearch.com/site/petalbot)"
114.119.149.78 - - [11/Jan/2026:00:28:23 +0700] "GET /shop/page/4/?stock_status=instock,onsale&per_row=4&per_page=12&shop_view=grid HTTP/1.1" 301 678 "https://view.lotushomemade.com/shop?stock_status=instock%2Consale&per_row=4&per_page=12&shop_view=grid" "Mozilla/5.0 (Linux; Android 7.0;) AppleWebKit/537.36 (KHTML, like Gecko) Mobile Safari/537.36 (compatible; PetalBot;+https://webmaster.petalsearch.com/site/petalbot)"
114.119.149.78 - - [11/Jan/2026:00:28:23 +0700] "GET /shop/page/4/?stock_status=instock,onsale&per_row=4&per_page=12&shop_view=grid HTTP/1.1" 301 678 "https://view.lotushomemade.com/shop?stock_status=instock%2Consale&per_row=4&per_page=12&shop_view=grid" "Mozilla/5.0 (Linux; Android 7.0;) AppleWebKit/537.36 (KHTML, like Gecko) Mobile Safari/537.36 (compatible; PetalBot;+https://webmaster.petalsearch.com/site/petalbot)"
114.119.149.78 - - [11/Jan/2026:00:28:24 +0700] "GET /shop/page/4/?stock_status=instock,onsale&per_row=4&per_page=12&shop_view=grid HTTP/1.1" 301 678 "https://view.lotushomemade.com/shop?stock_status=instock%2Consale&per_row=4&per_page=12&shop_view=grid" "Mozilla/5.0 (Linux; Android 7.0;) AppleWebKit/537.36 (KHTML, like Gecko) Mobile Safari/537.36 (compatible; PetalBot;+https://webmaster.petalsearch.com/site/petalbot)"
114.119.149.78 - - [11/Jan/2026:00:28:24 +0700] "GET /shop/page/4/?stock_status=instock,onsale&per_row=4&per_page=12&shop_view=grid HTTP/1.1" 301 678 "https://view.lotushomemade.com/shop?stock_status=instock%2Consale&per_row=4&per_page=12&shop_view=grid" "Mozilla/5.0 (Linux; Android 7.0;) AppleWebKit/537.36 (KHTML, like Gecko) Mobile Safari/537.36 (compatible; PetalBot;+https://webmaster.petalsearch.com/site/petalbot)"
114.119.149.78 - - [11/Jan/2026:00:28:25 +0700] "GET /shop/page/4/?stock_status=instock,onsale&per_row=4&per_page=12&shop_view=grid HTTP/1.1" 301 678 "https://view.lotushomemade.com/shop?stock_status=instock%2Consale&per_row=4&per_page=12&shop_view=grid" "Mozilla/5.0 (Linux; Android 7.0;) AppleWebKit/537.36 (KHTML, like Gecko) Mobile Safari/537.36 (compatible; PetalBot;+https://webmaster.petalsearch.com/site/petalbot)"
114.119.149.78 - - [11/Jan/2026:00:28:25 +0700] "GET /shop/page/4/?stock_status=instock,onsale&per_row=4&per_page=12&shop_view=grid HTTP/1.1" 301 678 "https://view.lotushomemade.com/shop?stock_status=instock%2Consale&per_row=4&per_page=12&shop_view=grid" "Mozilla/5.0 (Linux; Android 7.0;) AppleWebKit/537.36 (KHTML, like Gecko) Mobile Safari/537.36 (compatible; PetalBot;+https://webmaster.petalsearch.com/site/petalbot)"
114.119.149.78 - - [11/Jan/2026:00:28:26 +0700] "GET /shop/page/4/?stock_status=instock,onsale&per_row=4&per_page=12&shop_view=grid HTTP/1.1" 301 678 "https://view.lotushomemade.com/shop?stock_status=instock%2Consale&per_row=4&per_page=12&shop_view=grid" "Mozilla/5.0 (Linux; Android 7.0;) AppleWebKit/537.36 (KHTML, like Gecko) Mobile Safari/537.36 (compatible; PetalBot;+https://webmaster.petalsearch.com/site/petalbot)"
114.119.149.78 - - [11/Jan/2026:00:28:26 +0700] "GET /shop/page/4/?stock_status=instock,onsale&per_row=4&per_page=12&shop_view=grid HTTP/1.1" 301 678 "https://view.lotushomemade.com/shop?stock_status=instock%2Consale&per_row=4&per_page=12&shop_view=grid" "Mozilla/5.0 (Linux; Android 7.0;) AppleWebKit/537.36 (KHTML, like Gecko) Mobile Safari/537.36 (compatible; PetalBot;+https://webmaster.petalsearch.com/site/petalbot)"
114.119.149.78 - - [11/Jan/2026:00:28:27 +0700] "GET /shop/page/4/?stock_status=instock,onsale&per_row=4&per_page=12&shop_view=grid HTTP/1.1" 301 678 "https://view.lotushomemade.com/shop?stock_status=instock%2Consale&per_row=4&per_page=12&shop_view=grid" "Mozilla/5.0 (Linux; Android 7.0;) AppleWebKit/537.36 (KHTML, like Gecko) Mobile Safari/537.36 (compatible; PetalBot;+https://webmaster.petalsearch.com/site/petalbot)"
103.131.51.123 - - [11/Jan/2026:00:29:46 +0700] "POST /wp-cron.php?doing_wp_cron=1768066186.3301889896392822265625 HTTP/1.1" 200 474 "-" "WordPress/6.9; https://view.lotushomemade.com"
114.119.142.208 - - [11/Jan/2026:00:29:42 +0700] "GET /shop/page/4/?orderby=price-desc&stock_status=onsale&per_row=2&shop_view=grid HTTP/1.1" 200 39902 "https://view.lotushomemade.com/shop?orderby=price-desc&stock_status=onsale&per_row=2&shop_view=grid" "Mozilla/5.0 (Linux; Android 7.0;) AppleWebKit/537.36 (KHTML, like Gecko) Mobile Safari/537.36 (compatible; PetalBot;+https://webmaster.petalsearch.com/site/petalbot)"
66.249.70.98 - - [11/Jan/2026:00:30:04 +0700] "GET /product/gold-mama-premium-kuih-kapit-tin/?add-to-cart=1106 HTTP/1.1" 200 38421 "-" "Mozilla/5.0 (Linux; Android 6.0.1; Nexus 5X Build/MMB29P) AppleWebKit/537.36 (KHTML, like Gecko) Chrome/143.0.7499.192 Mobile Safari/537.36 (compatible; Googlebot/2.1; +http://www.google.com/bot.html)"
66.249.70.97 - - [11/Jan/2026:00:30:13 +0700] "GET /wp-content/themes/woodmart/css/parts/el-section-title.min.css?ver=7.2.5 HTTP/1.1" 200 1105 "https://view.lotushomemade.com/product/gold-mama-premium-kuih-kapit-tin/?add-to-cart=1106" "Mozilla/5.0 (Linux; Android 6.0.1; Nexus 5X Build/MMB29P) AppleWebKit/537.36 (KHTML, like Gecko) Chrome/143.0.7499.169 Mobile Safari/537.36 (compatible; Googlebot/2.1; +http://www.google.com/bot.html)"
66.249.70.97 - - [11/Jan/2026:00:30:19 +0700] "GET /wp-content/plugins/elementor/assets/js/frontend.min.js?ver=3.17.3 HTTP/1.1" 200 12529 "https://view.lotushomemade.com/product/gold-mama-premium-kuih-kapit-tin/?add-to-cart=1106" "Mozilla/5.0 (Linux; Android 6.0.1; Nexus 5X Build/MMB29P) AppleWebKit/537.36 (KHTML, like Gecko) Chrome/143.0.7499.169 Mobile Safari/537.36 (compatible; Googlebot/2.1; +http://www.google.com/bot.html)"
66.249.71.129 - - [11/Jan/2026:00:30:24 +0700] "POST /?wc-ajax=get_refreshed_fragments HTTP/1.1" 200 1710 "https://view.lotushomemade.com/product/gold-mama-premium-kuih-kapit-tin/?add-to-cart=1106" "Mozilla/5.0 (Linux; Android 6.0.1; Nexus 5X Build/MMB29P) AppleWebKit/537.36 (KHTML, like Gecko) Chrome/143.0.7499.169 Mobile Safari/537.36 (compatible; Googlebot/2.1; +http://www.google.com/bot.html)"
103.131.51.123 - - [11/Jan/2026:00:31:07 +0700] "POST /wp-cron.php?doing_wp_cron=1768066267.5216848850250244140625 HTTP/1.1" 200 474 "-" "WordPress/6.9; https://view.lotushomemade.com"
114.119.156.27 - - [11/Jan/2026:00:31:06 +0700] "GET /shop/page/4/?orderby=price&per_row=6&shop_view=grid&stock_status=instock HTTP/1.1" 200 39979 "https://view.lotushomemade.com/shop/page/2/?orderby=price&per_row=6&shop_view=grid&stock_status=instock" "Mozilla/5.0 (Linux; Android 7.0;) AppleWebKit/537.36 (KHTML, like Gecko) Mobile Safari/537.36 (compatible; PetalBot;+https://webmaster.petalsearch.com/site/petalbot)"
103.131.51.123 - - [11/Jan/2026:00:32:33 +0700] "POST /wp-cron.php?doing_wp_cron=1768066353.8178360462188720703125 HTTP/1.1" 200 474 "-" "WordPress/6.9; https://view.lotushomemade.com"
114.119.149.78 - - [11/Jan/2026:00:32:30 +0700] "GET /shop/page/4/?min_price=0&per_page=8&stock_status=onsale HTTP/1.1" 200 39265 "https://view.lotushomemade.com/shop/page/4?min_price=0&per_page=8&stock_status=onsale" "Mozilla/5.0 (Linux; Android 7.0;) AppleWebKit/537.36 (KHTML, like Gecko) Mobile Safari/537.36 (compatible; PetalBot;+https://webmaster.petalsearch.com/site/petalbot)"
103.131.51.123 - - [11/Jan/2026:00:33:55 +0700] "POST /wp-cron.php?doing_wp_cron=1768066435.7074220180511474609375 HTTP/1.1" 200 474 "-" "WordPress/6.9; https://view.lotushomemade.com"
114.119.156.27 - - [11/Jan/2026:00:33:53 +0700] "GET /shop/page/3?orderby=price&per_page=8 HTTP/1.1" 301 547 "https://view.lotushomemade.com/shop/page/9?orderby=price&per_page=8" "Mozilla/5.0 (Linux; Android 7.0;) AppleWebKit/537.36 (KHTML, like Gecko) Mobile Safari/537.36 (compatible; PetalBot;+https://webmaster.petalsearch.com/site/petalbot)"
114.119.156.27 - - [11/Jan/2026:00:33:55 +0700] "GET /shop/page/3/?orderby=price&per_page=8 HTTP/1.1" 200 39175 "https://view.lotushomemade.com/shop/page/9?orderby=price&per_page=8" "Mozilla/5.0 (Linux; Android 7.0;) AppleWebKit/537.36 (KHTML, like Gecko) Mobile Safari/537.36 (compatible; PetalBot;+https://webmaster.petalsearch.com/site/petalbot)"
103.131.51.123 - - [11/Jan/2026:00:35:21 +0700] "POST /wp-cron.php?doing_wp_cron=1768066521.4274210929870605468750 HTTP/1.1" 200 474 "-" "WordPress/6.9; https://view.lotushomemade.com"
114.119.149.78 - - [11/Jan/2026:00:35:17 +0700] "GET /shop/page/39/?orderby=price&stock_status=instock&per_page=8 HTTP/1.1" 200 39400 "https://view.lotushomemade.com/shop/page/39/?orderby=price&stock_status=instock&per_page=8" "Mozilla/5.0 (Linux; Android 7.0;) AppleWebKit/537.36 (KHTML, like Gecko) Mobile Safari/537.36 (compatible; PetalBot;+https://webmaster.petalsearch.com/site/petalbot)"
103.131.51.123 - - [11/Jan/2026:00:36:43 +0700] "POST /wp-cron.php?doing_wp_cron=1768066603.7178480625152587890625 HTTP/1.1" 200 474 "-" "WordPress/6.9; https://view.lotushomemade.com"
114.119.130.97 - - [11/Jan/2026:00:36:41 +0700] "GET /shop/page/3?max_price=1050&stock_status=onsale&per_row=4&shop_view=grid HTTP/1.1" 301 625 "https://view.lotushomemade.com/shop/page/18/?max_price=1050&stock_status=onsale&per_row=4&shop_view=grid" "Mozilla/5.0 (Linux; Android 7.0;) AppleWebKit/537.36 (KHTML, like Gecko) Mobile Safari/537.36 (compatible; PetalBot;+https://webmaster.petalsearch.com/site/petalbot)"
114.119.130.97 - - [11/Jan/2026:00:36:43 +0700] "GET /shop/page/3/?max_price=1050&stock_status=onsale&per_row=4&shop_view=grid HTTP/1.1" 200 40197 "https://view.lotushomemade.com/shop/page/18/?max_price=1050&stock_status=onsale&per_row=4&shop_view=grid" "Mozilla/5.0 (Linux; Android 7.0;) AppleWebKit/537.36 (KHTML, like Gecko) Mobile Safari/537.36 (compatible; PetalBot;+https://webmaster.petalsearch.com/site/petalbot)"
103.131.51.123 - - [11/Jan/2026:00:38:08 +0700] "POST /wp-cron.php?doing_wp_cron=1768066688.7184839248657226562500 HTTP/1.1" 200 474 "-" "WordPress/6.9; https://view.lotushomemade.com"
114.119.150.215 - - [11/Jan/2026:00:38:05 +0700] "GET /shop/page/39/?max_price=1050&per_page=8&stock_status=onsale HTTP/1.1" 200 39367 "https://view.lotushomemade.com/shop/page/40/?max_price=1050&per_page=8&stock_status=onsale" "Mozilla/5.0 (Linux; Android 7.0;) AppleWebKit/537.36 (KHTML, like Gecko) Mobile Safari/537.36 (compatible; PetalBot;+https://webmaster.petalsearch.com/site/petalbot)"
103.131.51.123 - - [11/Jan/2026:00:39:31 +0700] "POST /wp-cron.php?doing_wp_cron=1768066771.0368499755859375000000 HTTP/1.1" 200 474 "-" "WordPress/6.9; https://view.lotushomemade.com"
114.119.142.208 - - [11/Jan/2026:00:39:27 +0700] "GET /shop/page/36/?max_price=780&per_page=8 HTTP/1.1" 200 39613 "https://view.lotushomemade.com/shop/page/39/?max_price=780&per_page=8" "Mozilla/5.0 (Linux; Android 7.0;) AppleWebKit/537.36 (KHTML, like Gecko) Mobile Safari/537.36 (compatible; PetalBot;+https://webmaster.petalsearch.com/site/petalbot)"
103.131.51.123 - - [11/Jan/2026:00:40:57 +0700] "POST /wp-cron.php?doing_wp_cron=1768066857.5946691036224365234375 HTTP/1.1" 200 474 "-" "WordPress/6.9; https://view.lotushomemade.com"
114.119.148.197 - - [11/Jan/2026:00:40:55 +0700] "GET /shop/page/32/?stock_status=instock,onsale&per_row=6&shop_view=grid HTTP/1.1" 301 621 "https://view.lotushomemade.com/shop/?stock_status=instock%2Consale&per_row=6&shop_view=grid" "Mozilla/5.0 (Linux; Android 7.0;) AppleWebKit/537.36 (KHTML, like Gecko) Mobile Safari/537.36 (compatible; PetalBot;+https://webmaster.petalsearch.com/site/petalbot)"
114.119.148.197 - - [11/Jan/2026:00:40:58 +0700] "GET /shop/page/32/?stock_status=instock,onsale&per_row=6&shop_view=grid HTTP/1.1" 301 621 "https://view.lotushomemade.com/shop/?stock_status=instock%2Consale&per_row=6&shop_view=grid" "Mozilla/5.0 (Linux; Android 7.0;) AppleWebKit/537.36 (KHTML, like Gecko) Mobile Safari/537.36 (compatible; PetalBot;+https://webmaster.petalsearch.com/site/petalbot)"
114.119.148.197 - - [11/Jan/2026:00:40:59 +0700] "GET /shop/page/32/?stock_status=instock,onsale&per_row=6&shop_view=grid HTTP/1.1" 301 621 "https://view.lotushomemade.com/shop/?stock_status=instock%2Consale&per_row=6&shop_view=grid" "Mozilla/5.0 (Linux; Android 7.0;) AppleWebKit/537.36 (KHTML, like Gecko) Mobile Safari/537.36 (compatible; PetalBot;+https://webmaster.petalsearch.com/site/petalbot)"
114.119.148.197 - - [11/Jan/2026:00:40:59 +0700] "GET /shop/page/32/?stock_status=instock,onsale&per_row=6&shop_view=grid HTTP/1.1" 301 621 "https://view.lotushomemade.com/shop/?stock_status=instock%2Consale&per_row=6&shop_view=grid" "Mozilla/5.0 (Linux; Android 7.0;) AppleWebKit/537.36 (KHTML, like Gecko) Mobile Safari/537.36 (compatible; PetalBot;+https://webmaster.petalsearch.com/site/petalbot)"
114.119.148.197 - - [11/Jan/2026:00:41:00 +0700] "GET /shop/page/32/?stock_status=instock,onsale&per_row=6&shop_view=grid HTTP/1.1" 301 621 "https://view.lotushomemade.com/shop/?stock_status=instock%2Consale&per_row=6&shop_view=grid" "Mozilla/5.0 (Linux; Android 7.0;) AppleWebKit/537.36 (KHTML, like Gecko) Mobile Safari/537.36 (compatible; PetalBot;+https://webmaster.petalsearch.com/site/petalbot)"
114.119.148.197 - - [11/Jan/2026:00:41:14 +0700] "GET /shop/page/32/?stock_status=instock,onsale&per_row=6&shop_view=grid HTTP/1.1" 301 621 "https://view.lotushomemade.com/shop/?stock_status=instock%2Consale&per_row=6&shop_view=grid" "Mozilla/5.0 (Linux; Android 7.0;) AppleWebKit/537.36 (KHTML, like Gecko) Mobile Safari/537.36 (compatible; PetalBot;+https://webmaster.petalsearch.com/site/petalbot)"
114.119.148.197 - - [11/Jan/2026:00:41:21 +0700] "GET /shop/page/32/?stock_status=instock,onsale&per_row=6&shop_view=grid HTTP/1.1" 301 621 "https://view.lotushomemade.com/shop/?stock_status=instock%2Consale&per_row=6&shop_view=grid" "Mozilla/5.0 (Linux; Android 7.0;) AppleWebKit/537.36 (KHTML, like Gecko) Mobile Safari/537.36 (compatible; PetalBot;+https://webmaster.petalsearch.com/site/petalbot)"
103.131.51.123 - - [11/Jan/2026:00:42:16 +0700] "POST /wp-cron.php?doing_wp_cron=1768066936.4156610965728759765625 HTTP/1.1" 200 474 "-" "WordPress/6.9; https://view.lotushomemade.com"
114.119.150.215 - - [11/Jan/2026:00:42:14 +0700] "GET /shop/page/30/?shop_view=grid&per_row=6 HTTP/1.1" 200 39866 "https://view.lotushomemade.com/shop/page/29/?shop_view=grid&per_row=6" "Mozilla/5.0 (Linux; Android 7.0;) AppleWebKit/537.36 (KHTML, like Gecko) Mobile Safari/537.36 (compatible; PetalBot;+https://webmaster.petalsearch.com/site/petalbot)"
103.131.51.123 - - [11/Jan/2026:00:43:41 +0700] "POST /wp-cron.php?doing_wp_cron=1768067021.7993381023406982421875 HTTP/1.1" 200 474 "-" "WordPress/6.9; https://view.lotushomemade.com"
114.119.148.197 - - [11/Jan/2026:00:43:38 +0700] "GET /shop/page/30/?min_price=0&max_price=260&per_row=4&shop_view=grid HTTP/1.1" 200 40317 "https://view.lotushomemade.com/shop/page/9?min_price=0&max_price=260&per_row=4&shop_view=grid" "Mozilla/5.0 (Linux; Android 7.0;) AppleWebKit/537.36 (KHTML, like Gecko) Mobile Safari/537.36 (compatible; PetalBot;+https://webmaster.petalsearch.com/site/petalbot)"
103.131.51.123 - - [11/Jan/2026:00:45:06 +0700] "POST /wp-cron.php?doing_wp_cron=1768067106.2001149654388427734375 HTTP/1.1" 200 474 "-" "WordPress/6.9; https://view.lotushomemade.com"
114.119.156.27 - - [11/Jan/2026:00:45:02 +0700] "GET /shop/page/3/?orderby=rating&per_row=4&per_page=24&shop_view=grid HTTP/1.1" 200 42146 "https://view.lotushomemade.com/shop/page/4?orderby=rating&per_row=4&per_page=24&shop_view=grid" "Mozilla/5.0 (Linux; Android 7.0;) AppleWebKit/537.36 (KHTML, like Gecko) Mobile Safari/537.36 (compatible; PetalBot;+https://webmaster.petalsearch.com/site/petalbot)"
103.131.51.123 - - [11/Jan/2026:00:46:29 +0700] "POST /wp-cron.php?doing_wp_cron=1768067189.3047819137573242187500 HTTP/1.1" 200 474 "-" "WordPress/6.9; https://view.lotushomemade.com"
114.119.151.206 - - [11/Jan/2026:00:46:25 +0700] "GET /shop/page/3/?max_price=520&per_page=18&stock_status=instock HTTP/1.1" 200 41665 "https://view.lotushomemade.com/shop?max_price=520&per_page=18&stock_status=instock" "Mozilla/5.0 (Linux; Android 7.0;) AppleWebKit/537.36 (KHTML, like Gecko) Mobile Safari/537.36 (compatible; PetalBot;+https://webmaster.petalsearch.com/site/petalbot)"
103.131.51.123 - - [11/Jan/2026:00:47:54 +0700] "POST /wp-cron.php?doing_wp_cron=1768067274.0143530368804931640625 HTTP/1.1" 200 474 "-" "WordPress/6.9; https://view.lotushomemade.com"
114.119.156.27 - - [11/Jan/2026:00:47:50 +0700] "GET /shop/page/28/?max_price=1050&per_row=4&shop_view=grid&stock_status=instock HTTP/1.1" 200 40414 "https://view.lotushomemade.com/shop/page/31?max_price=1050&per_row=4&shop_view=grid&stock_status=instock" "Mozilla/5.0 (Linux; Android 7.0;) AppleWebKit/537.36 (KHTML, like Gecko) Mobile Safari/537.36 (compatible; PetalBot;+https://webmaster.petalsearch.com/site/petalbot)"
103.131.51.123 - - [11/Jan/2026:00:49:17 +0700] "POST /wp-cron.php?doing_wp_cron=1768067357.1445939540863037109375 HTTP/1.1" 200 474 "-" "WordPress/6.9; https://view.lotushomemade.com"
114.119.148.197 - - [11/Jan/2026:00:49:13 +0700] "GET /shop/page/27/?per_row=4&per_page=12&shop_view=grid&stock_status=instock HTTP/1.1" 200 40187 "https://view.lotushomemade.com/shop/page/30?per_row=4&per_page=12&shop_view=grid&stock_status=instock" "Mozilla/5.0 (Linux; Android 7.0;) AppleWebKit/537.36 (KHTML, like Gecko) Mobile Safari/537.36 (compatible; PetalBot;+https://webmaster.petalsearch.com/site/petalbot)"
103.131.51.123 - - [11/Jan/2026:00:50:40 +0700] "POST /wp-cron.php?doing_wp_cron=1768067440.5960841178894042968750 HTTP/1.1" 200 474 "-" "WordPress/6.9; https://view.lotushomemade.com"
114.119.130.97 - - [11/Jan/2026:00:50:37 +0700] "GET /shop/page/25/?min_price=0 HTTP/1.1" 200 39812 "https://view.lotushomemade.com/shop/page/22/?min_price=0" "Mozilla/5.0 (Linux; Android 7.0;) AppleWebKit/537.36 (KHTML, like Gecko) Mobile Safari/537.36 (compatible; PetalBot;+https://webmaster.petalsearch.com/site/petalbot)"
103.131.51.123 - - [11/Jan/2026:00:52:03 +0700] "POST /wp-cron.php?doing_wp_cron=1768067523.4694349765777587890625 HTTP/1.1" 200 474 "-" "WordPress/6.9; https://view.lotushomemade.com"
114.119.148.197 - - [11/Jan/2026:00:51:59 +0700] "GET /shop/page/23/?stock_status=instock&per_row=4&shop_view=grid&per_page=8 HTTP/1.1" 200 39454 "https://view.lotushomemade.com/shop/page/26/?stock_status=instock&per_row=4&shop_view=grid&per_page=8" "Mozilla/5.0 (Linux; Android 7.0;) AppleWebKit/537.36 (KHTML, like Gecko) Mobile Safari/537.36 (compatible; PetalBot;+https://webmaster.petalsearch.com/site/petalbot)"
103.131.51.123 - - [11/Jan/2026:00:53:27 +0700] "POST /wp-cron.php?doing_wp_cron=1768067607.0583899021148681640625 HTTP/1.1" 200 474 "-" "WordPress/6.9; https://view.lotushomemade.com"
114.119.145.110 - - [11/Jan/2026:00:53:23 +0700] "GET /shop/page/23/?per_row=6&per_page=8&shop_view=grid&stock_status=instock HTTP/1.1" 200 39434 "https://view.lotushomemade.com/shop/page/24/?per_row=6&per_page=8&shop_view=grid&stock_status=instock" "Mozilla/5.0 (Linux; Android 7.0;) AppleWebKit/537.36 (KHTML, like Gecko) Mobile Safari/537.36 (compatible; PetalBot;+https://webmaster.petalsearch.com/site/petalbot)"
103.131.51.123 - - [11/Jan/2026:00:54:50 +0700] "POST /wp-cron.php?doing_wp_cron=1768067690.9565749168395996093750 HTTP/1.1" 200 474 "-" "WordPress/6.9; https://view.lotushomemade.com"
114.119.156.27 - - [11/Jan/2026:00:54:47 +0700] "GET /shop/page/23/?min_price=0&stock_status=onsale&shop_view=grid&per_row=4 HTTP/1.1" 200 40033 "https://view.lotushomemade.com/shop/page/24/?min_price=0&stock_status=onsale&shop_view=grid&per_row=4" "Mozilla/5.0 (Linux; Android 7.0;) AppleWebKit/537.36 (KHTML, like Gecko) Mobile Safari/537.36 (compatible; PetalBot;+https://webmaster.petalsearch.com/site/petalbot)"
103.131.51.123 - - [11/Jan/2026:00:56:14 +0700] "POST /wp-cron.php?doing_wp_cron=1768067774.0137379169464111328125 HTTP/1.1" 200 474 "-" "WordPress/6.9; https://view.lotushomemade.com"
114.119.156.27 - - [11/Jan/2026:00:56:10 +0700] "GET /shop/page/22/?orderby=rating&per_row=6&per_page=18&shop_view=grid HTTP/1.1" 200 38926 "https://view.lotushomemade.com/shop/page/3/?orderby=rating&per_row=6&per_page=18&shop_view=grid" "Mozilla/5.0 (Linux; Android 7.0;) AppleWebKit/537.36 (KHTML, like Gecko) Mobile Safari/537.36 (compatible; PetalBot;+https://webmaster.petalsearch.com/site/petalbot)"
103.131.51.123 - - [11/Jan/2026:00:57:37 +0700] "POST /wp-cron.php?doing_wp_cron=1768067857.3975710868835449218750 HTTP/1.1" 200 474 "-" "WordPress/6.9; https://view.lotushomemade.com"
114.119.156.27 - - [11/Jan/2026:00:57:33 +0700] "GET /shop/page/22/?min_price=0&stock_status=instock&shop_view=grid&per_row=6 HTTP/1.1" 200 40052 "https://view.lotushomemade.com/shop/page/25/?min_price=0&stock_status=instock&shop_view=grid&per_row=6" "Mozilla/5.0 (Linux; Android 7.0;) AppleWebKit/537.36 (KHTML, like Gecko) Mobile Safari/537.36 (compatible; PetalBot;+https://webmaster.petalsearch.com/site/petalbot)"
103.131.51.123 - - [11/Jan/2026:00:59:01 +0700] "POST /wp-cron.php?doing_wp_cron=1768067941.6464400291442871093750 HTTP/1.1" 200 474 "-" "WordPress/6.9; https://view.lotushomemade.com"
114.119.149.78 - - [11/Jan/2026:00:58:58 +0700] "GET /shop/page/22/?max_price=780&per_row=2&per_page=8&shop_view=grid HTTP/1.1" 200 39573 "https://view.lotushomemade.com/shop/page/20/?max_price=780&per_row=2&per_page=8&shop_view=grid" "Mozilla/5.0 (Linux; Android 7.0;) AppleWebKit/537.36 (KHTML, like Gecko) Mobile Safari/537.36 (compatible; PetalBot;+https://webmaster.petalsearch.com/site/petalbot)"
103.131.51.123 - - [11/Jan/2026:01:00:23 +0700] "POST /wp-cron.php?doing_wp_cron=1768068023.4878370761871337890625 HTTP/1.1" 200 474 "-" "WordPress/6.9; https://view.lotushomemade.com"
114.119.151.206 - - [11/Jan/2026:01:00:21 +0700] "GET /shop/page/19?max_price=1040&per_row=6&shop_view=grid HTTP/1.1" 301 606 "https://view.lotushomemade.com/shop/page/16/?max_price=1040&per_row=6&shop_view=grid" "Mozilla/5.0 (Linux; Android 7.0;) AppleWebKit/537.36 (KHTML, like Gecko) Mobile Safari/537.36 (compatible; PetalBot;+https://webmaster.petalsearch.com/site/petalbot)"
114.119.151.206 - - [11/Jan/2026:01:00:23 +0700] "GET /shop/page/19/?max_price=1040&per_row=6&shop_view=grid HTTP/1.1" 200 40146 "https://view.lotushomemade.com/shop/page/16/?max_price=1040&per_row=6&shop_view=grid" "Mozilla/5.0 (Linux; Android 7.0;) AppleWebKit/537.36 (KHTML, like Gecko) Mobile Safari/537.36 (compatible; PetalBot;+https://webmaster.petalsearch.com/site/petalbot)"
103.131.51.123 - - [11/Jan/2026:01:01:47 +0700] "POST /wp-cron.php?doing_wp_cron=1768068107.7207469940185546875000 HTTP/1.1" 200 474 "-" "WordPress/6.9; https://view.lotushomemade.com"
114.119.149.78 - - [11/Jan/2026:01:01:45 +0700] "GET /shop/page/18?orderby=date&stock_status=onsale HTTP/1.1" 301 511 "https://view.lotushomemade.com/shop/page/15/?orderby=date&stock_status=onsale" "Mozilla/5.0 (Linux; Android 7.0;) AppleWebKit/537.36 (KHTML, like Gecko) Mobile Safari/537.36 (compatible; PetalBot;+https://webmaster.petalsearch.com/site/petalbot)"
114.119.149.78 - - [11/Jan/2026:01:01:48 +0700] "GET /shop/page/18/?orderby=date&stock_status=onsale HTTP/1.1" 200 39790 "https://view.lotushomemade.com/shop/page/15/?orderby=date&stock_status=onsale" "Mozilla/5.0 (Linux; Android 7.0;) AppleWebKit/537.36 (KHTML, like Gecko) Mobile Safari/537.36 (compatible; PetalBot;+https://webmaster.petalsearch.com/site/petalbot)"
103.131.51.123 - - [11/Jan/2026:01:03:12 +0700] "POST /wp-cron.php?doing_wp_cron=1768068192.7394659519195556640625 HTTP/1.1" 200 474 "-" "WordPress/6.9; https://view.lotushomemade.com"
114.119.148.197 - - [11/Jan/2026:01:03:10 +0700] "GET /shop/page/18?orderby=date&stock_status=instock&per_row=4&shop_view=grid HTTP/1.1" 301 625 "https://view.lotushomemade.com/shop/page/16/?orderby=date&stock_status=instock&per_row=4&shop_view=grid" "Mozilla/5.0 (Linux; Android 7.0;) AppleWebKit/537.36 (KHTML, like Gecko) Mobile Safari/537.36 (compatible; PetalBot;+https://webmaster.petalsearch.com/site/petalbot)"
114.119.148.197 - - [11/Jan/2026:01:03:12 +0700] "GET /shop/page/18/?orderby=date&stock_status=instock&per_row=4&shop_view=grid HTTP/1.1" 200 39963 "https://view.lotushomemade.com/shop/page/16/?orderby=date&stock_status=instock&per_row=4&shop_view=grid" "Mozilla/5.0 (Linux; Android 7.0;) AppleWebKit/537.36 (KHTML, like Gecko) Mobile Safari/537.36 (compatible; PetalBot;+https://webmaster.petalsearch.com/site/petalbot)"
103.131.51.123 - - [11/Jan/2026:01:04:34 +0700] "POST /wp-cron.php?doing_wp_cron=1768068274.7643480300903320312500 HTTP/1.1" 200 474 "-" "WordPress/6.9; https://view.lotushomemade.com"
114.119.156.27 - - [11/Jan/2026:01:04:32 +0700] "GET /shop/page/18?orderby=date&stock_status=instock&per_page=12 HTTP/1.1" 301 570 "https://view.lotushomemade.com/shop/page/16/?orderby=date&stock_status=instock&per_page=12" "Mozilla/5.0 (Linux; Android 7.0;) AppleWebKit/537.36 (KHTML, like Gecko) Mobile Safari/537.36 (compatible; PetalBot;+https://webmaster.petalsearch.com/site/petalbot)"
114.119.156.27 - - [11/Jan/2026:01:04:34 +0700] "GET /shop/page/18/?orderby=date&stock_status=instock&per_page=12 HTTP/1.1" 200 39874 "https://view.lotushomemade.com/shop/page/16/?orderby=date&stock_status=instock&per_page=12" "Mozilla/5.0 (Linux; Android 7.0;) AppleWebKit/537.36 (KHTML, like Gecko) Mobile Safari/537.36 (compatible; PetalBot;+https://webmaster.petalsearch.com/site/petalbot)"
103.131.51.123 - - [11/Jan/2026:01:05:58 +0700] "POST /wp-cron.php?doing_wp_cron=1768068358.5052809715270996093750 HTTP/1.1" 200 474 "-" "WordPress/6.9; https://view.lotushomemade.com"
114.119.148.197 - - [11/Jan/2026:01:05:56 +0700] "GET /shop/page/18?orderby=date&per_row=4&per_page=12&shop_view=grid HTTP/1.1" 301 662 "https://view.lotushomemade.com/shop/page/15/?orderby=date&per_row=4&per_page=12&shop_view=grid" "Mozilla/5.0 (Linux; Android 7.0;) AppleWebKit/537.36 (KHTML, like Gecko) Mobile Safari/537.36 (compatible; PetalBot;+https://webmaster.petalsearch.com/site/petalbot)"
114.119.148.197 - - [11/Jan/2026:01:05:58 +0700] "GET /shop/page/18/?orderby=date&per_row=4&per_page=12&shop_view=grid HTTP/1.1" 200 39969 "https://view.lotushomemade.com/shop/page/15/?orderby=date&per_row=4&per_page=12&shop_view=grid" "Mozilla/5.0 (Linux; Android 7.0;) AppleWebKit/537.36 (KHTML, like Gecko) Mobile Safari/537.36 (compatible; PetalBot;+https://webmaster.petalsearch.com/site/petalbot)"
103.131.51.123 - - [11/Jan/2026:01:07:22 +0700] "POST /wp-cron.php?doing_wp_cron=1768068442.4029669761657714843750 HTTP/1.1" 200 474 "-" "WordPress/6.9; https://view.lotushomemade.com"
114.119.142.208 - - [11/Jan/2026:01:07:20 +0700] "GET /shop/page/18?orderby=date&per_row=2&shop_view=grid&per_page=12 HTTP/1.1" 301 662 "https://view.lotushomemade.com/shop/page/19/?orderby=date&per_row=2&shop_view=grid&per_page=12" "Mozilla/5.0 (Linux; Android 7.0;) AppleWebKit/537.36 (KHTML, like Gecko) Mobile Safari/537.36 (compatible; PetalBot;+https://webmaster.petalsearch.com/site/petalbot)"
114.119.142.208 - - [11/Jan/2026:01:07:22 +0700] "GET /shop/page/18/?orderby=date&per_row=2&shop_view=grid&per_page=12 HTTP/1.1" 200 39945 "https://view.lotushomemade.com/shop/page/19/?orderby=date&per_row=2&shop_view=grid&per_page=12" "Mozilla/5.0 (Linux; Android 7.0;) AppleWebKit/537.36 (KHTML, like Gecko) Mobile Safari/537.36 (compatible; PetalBot;+https://webmaster.petalsearch.com/site/petalbot)"
103.131.51.123 - - [11/Jan/2026:01:08:45 +0700] "POST /wp-cron.php?doing_wp_cron=1768068525.7132511138916015625000 HTTP/1.1" 200 474 "-" "WordPress/6.9; https://view.lotushomemade.com"
114.119.145.110 - - [11/Jan/2026:01:08:43 +0700] "GET /shop/page/18?orderby=date&per_page=12&stock_status=onsale HTTP/1.1" 301 569 "https://view.lotushomemade.com/shop/page/16/?orderby=date&per_page=12&stock_status=onsale" "Mozilla/5.0 (Linux; Android 7.0;) AppleWebKit/537.36 (KHTML, like Gecko) Mobile Safari/537.36 (compatible; PetalBot;+https://webmaster.petalsearch.com/site/petalbot)"
114.119.145.110 - - [11/Jan/2026:01:08:45 +0700] "GET /shop/page/18/?orderby=date&per_page=12&stock_status=onsale HTTP/1.1" 200 39863 "https://view.lotushomemade.com/shop/page/16/?orderby=date&per_page=12&stock_status=onsale" "Mozilla/5.0 (Linux; Android 7.0;) AppleWebKit/537.36 (KHTML, like Gecko) Mobile Safari/537.36 (compatible; PetalBot;+https://webmaster.petalsearch.com/site/petalbot)"
103.131.51.123 - - [11/Jan/2026:01:10:14 +0700] "POST /wp-cron.php?doing_wp_cron=1768068613.8493530750274658203125 HTTP/1.1" 200 474 "-" "WordPress/6.9; https://view.lotushomemade.com"
114.119.156.27 - - [11/Jan/2026:01:10:11 +0700] "GET /shop/page/18?orderby=date&per_page=12&shop_view=grid&per_row=6 HTTP/1.1" 301 662 "https://view.lotushomemade.com/shop/page/16/?orderby=date&per_page=12&shop_view=grid&per_row=6" "Mozilla/5.0 (Linux; Android 7.0;) AppleWebKit/537.36 (KHTML, like Gecko) Mobile Safari/537.36 (compatible; PetalBot;+https://webmaster.petalsearch.com/site/petalbot)"
114.119.156.27 - - [11/Jan/2026:01:10:14 +0700] "GET /shop/page/18/?orderby=date&per_page=12&shop_view=grid&per_row=6 HTTP/1.1" 200 39932 "https://view.lotushomemade.com/shop/page/16/?orderby=date&per_page=12&shop_view=grid&per_row=6" "Mozilla/5.0 (Linux; Android 7.0;) AppleWebKit/537.36 (KHTML, like Gecko) Mobile Safari/537.36 (compatible; PetalBot;+https://webmaster.petalsearch.com/site/petalbot)"
103.131.51.123 - - [11/Jan/2026:01:11:32 +0700] "POST /wp-cron.php?doing_wp_cron=1768068692.1789081096649169921875 HTTP/1.1" 200 474 "-" "WordPress/6.9; https://view.lotushomemade.com"
114.119.150.215 - - [11/Jan/2026:01:11:29 +0700] "GET /shop/page/18?min_price=0&per_page=12 HTTP/1.1" 301 548 "https://view.lotushomemade.com/shop/page/16/?min_price=0&per_page=12" "Mozilla/5.0 (Linux; Android 7.0;) AppleWebKit/537.36 (KHTML, like Gecko) Mobile Safari/537.36 (compatible; PetalBot;+https://webmaster.petalsearch.com/site/petalbot)"
114.119.150.215 - - [11/Jan/2026:01:11:32 +0700] "GET /shop/page/18/?min_price=0&per_page=12 HTTP/1.1" 200 40233 "https://view.lotushomemade.com/shop/page/16/?min_price=0&per_page=12" "Mozilla/5.0 (Linux; Android 7.0;) AppleWebKit/537.36 (KHTML, like Gecko) Mobile Safari/537.36 (compatible; PetalBot;+https://webmaster.petalsearch.com/site/petalbot)"
103.131.51.123 - - [11/Jan/2026:01:12:57 +0700] "POST /wp-cron.php?doing_wp_cron=1768068776.7086319923400878906250 HTTP/1.1" 200 474 "-" "WordPress/6.9; https://view.lotushomemade.com"
114.119.145.110 - - [11/Jan/2026:01:12:54 +0700] "GET /shop/page/18?min_price=0&max_price=260&per_row=6&shop_view=grid HTTP/1.1" 301 617 "https://view.lotushomemade.com/shop/page/19/?min_price=0&max_price=260&per_row=6&shop_view=grid" "Mozilla/5.0 (Linux; Android 7.0;) AppleWebKit/537.36 (KHTML, like Gecko) Mobile Safari/537.36 (compatible; PetalBot;+https://webmaster.petalsearch.com/site/petalbot)"
114.119.145.110 - - [11/Jan/2026:01:12:57 +0700] "GET /shop/page/18/?min_price=0&max_price=260&per_row=6&shop_view=grid HTTP/1.1" 200 40443 "https://view.lotushomemade.com/shop/page/19/?min_price=0&max_price=260&per_row=6&shop_view=grid" "Mozilla/5.0 (Linux; Android 7.0;) AppleWebKit/537.36 (KHTML, like Gecko) Mobile Safari/537.36 (compatible; PetalBot;+https://webmaster.petalsearch.com/site/petalbot)"
103.131.51.123 - - [11/Jan/2026:01:14:19 +0700] "POST /wp-cron.php?doing_wp_cron=1768068859.7904660701751708984375 HTTP/1.1" 200 474 "-" "WordPress/6.9; https://view.lotushomemade.com"
114.119.145.110 - - [11/Jan/2026:01:14:17 +0700] "GET /shop/page/18?max_price=1050&stock_status=instock&per_row=6&shop_view=grid HTTP/1.1" 301 627 "https://view.lotushomemade.com/shop/page/16/?max_price=1050&stock_status=instock&per_row=6&shop_view=grid" "Mozilla/5.0 (Linux; Android 7.0;) AppleWebKit/537.36 (KHTML, like Gecko) Mobile Safari/537.36 (compatible; PetalBot;+https://webmaster.petalsearch.com/site/petalbot)"
114.119.145.110 - - [11/Jan/2026:01:14:19 +0700] "GET /shop/page/18/?max_price=1050&stock_status=instock&per_row=6&shop_view=grid HTTP/1.1" 200 40543 "https://view.lotushomemade.com/shop/page/16/?max_price=1050&stock_status=instock&per_row=6&shop_view=grid" "Mozilla/5.0 (Linux; Android 7.0;) AppleWebKit/537.36 (KHTML, like Gecko) Mobile Safari/537.36 (compatible; PetalBot;+https://webmaster.petalsearch.com/site/petalbot)"
103.131.51.123 - - [11/Jan/2026:01:15:43 +0700] "POST /wp-cron.php?doing_wp_cron=1768068943.5729899406433105468750 HTTP/1.1" 200 474 "-" "WordPress/6.9; https://view.lotushomemade.com"
114.119.145.110 - - [11/Jan/2026:01:15:41 +0700] "GET /shop/page/18?max_price=1050&shop_view=grid&per_row=4 HTTP/1.1" 301 606 "https://view.lotushomemade.com/shop/page/16/?max_price=1050&shop_view=grid&per_row=4" "Mozilla/5.0 (Linux; Android 7.0;) AppleWebKit/537.36 (KHTML, like Gecko) Mobile Safari/537.36 (compatible; PetalBot;+https://webmaster.petalsearch.com/site/petalbot)"
114.119.145.110 - - [11/Jan/2026:01:15:43 +0700] "GET /shop/page/18/?max_price=1050&shop_view=grid&per_row=4 HTTP/1.1" 200 40463 "https://view.lotushomemade.com/shop/page/16/?max_price=1050&shop_view=grid&per_row=4" "Mozilla/5.0 (Linux; Android 7.0;) AppleWebKit/537.36 (KHTML, like Gecko) Mobile Safari/537.36 (compatible; PetalBot;+https://webmaster.petalsearch.com/site/petalbot)"
103.131.51.123 - - [11/Jan/2026:01:17:08 +0700] "POST /wp-cron.php?doing_wp_cron=1768069028.3365910053253173828125 HTTP/1.1" 200 474 "-" "WordPress/6.9; https://view.lotushomemade.com"
