103.131.51.123 - - [14/Jan/2026:06:40:38 +0700] "POST /wp-cron.php?doing_wp_cron=1768347638.3922948837280273437500 HTTP/1.1" 200 474 "-" "WordPress/6.9; https://view.lotushomemade.com"
114.119.156.27 - - [14/Jan/2026:06:40:34 +0700] "GET /shop/page/7/?orderby=date&per_row=6&shop_view=grid&stock_status=onsale HTTP/1.1" 200 39811 "https://view.lotushomemade.com/shop/page/4?orderby=date&per_row=6&shop_view=grid&stock_status=onsale" "Mozilla/5.0 (Linux; Android 7.0;) AppleWebKit/537.36 (KHTML, like Gecko) Mobile Safari/537.36 (compatible; PetalBot;+https://webmaster.petalsearch.com/site/petalbot)"
103.131.51.123 - - [14/Jan/2026:06:41:59 +0700] "POST /wp-cron.php?doing_wp_cron=1768347719.8979051113128662109375 HTTP/1.1" 200 474 "-" "WordPress/6.9; https://view.lotushomemade.com"
114.119.142.208 - - [14/Jan/2026:06:41:57 +0700] "GET /shop/page/6?orderby=price&per_page=12 HTTP/1.1" 301 549 "-" "Mozilla/5.0 (Linux; Android 7.0;) AppleWebKit/537.36 (KHTML, like Gecko) Mobile Safari/537.36 (compatible; PetalBot;+https://webmaster.petalsearch.com/site/petalbot)"
114.119.142.208 - - [14/Jan/2026:06:42:00 +0700] "GET /shop/page/6/?orderby=price&per_page=12 HTTP/1.1" 200 39979 "-" "Mozilla/5.0 (Linux; Android 7.0;) AppleWebKit/537.36 (KHTML, like Gecko) Mobile Safari/537.36 (compatible; PetalBot;+https://webmaster.petalsearch.com/site/petalbot)"
103.131.51.123 - - [14/Jan/2026:06:43:25 +0700] "POST /wp-cron.php?doing_wp_cron=1768347805.0167770385742187500000 HTTP/1.1" 200 474 "-" "WordPress/6.9; https://view.lotushomemade.com"
114.119.130.97 - - [14/Jan/2026:06:43:20 +0700] "GET /shop/page/5/?max_price=780&per_row=4&per_page=18&shop_view=grid HTTP/1.1" 200 41099 "https://view.lotushomemade.com/shop/page/4?max_price=780&per_row=4&per_page=18&shop_view=grid" "Mozilla/5.0 (Linux; Android 7.0;) AppleWebKit/537.36 (KHTML, like Gecko) Mobile Safari/537.36 (compatible; PetalBot;+https://webmaster.petalsearch.com/site/petalbot)"
103.131.51.123 - - [14/Jan/2026:06:44:47 +0700] "POST /wp-cron.php?doing_wp_cron=1768347887.2809219360351562500000 HTTP/1.1" 200 474 "-" "WordPress/6.9; https://view.lotushomemade.com"
114.119.145.110 - - [14/Jan/2026:06:44:44 +0700] "GET /shop/page/4?orderby=price&stock_status=instock,onsale&per_row=2&shop_view=grid HTTP/1.1" 301 634 "https://view.lotushomemade.com/shop?orderby=price&stock_status=instock%2Consale&per_row=2&shop_view=grid" "Mozilla/5.0 (Linux; Android 7.0;) AppleWebKit/537.36 (KHTML, like Gecko) Mobile Safari/537.36 (compatible; PetalBot;+https://webmaster.petalsearch.com/site/petalbot)"
114.119.145.110 - - [14/Jan/2026:06:44:48 +0700] "GET /shop/page/4/?orderby=price&stock_status=instock,onsale&per_row=2&shop_view=grid HTTP/1.1" 301 634 "https://view.lotushomemade.com/shop?orderby=price&stock_status=instock%2Consale&per_row=2&shop_view=grid" "Mozilla/5.0 (Linux; Android 7.0;) AppleWebKit/537.36 (KHTML, like Gecko) Mobile Safari/537.36 (compatible; PetalBot;+https://webmaster.petalsearch.com/site/petalbot)"
114.119.145.110 - - [14/Jan/2026:06:44:48 +0700] "GET /shop/page/4/?orderby=price&stock_status=instock,onsale&per_row=2&shop_view=grid HTTP/1.1" 301 634 "https://view.lotushomemade.com/shop?orderby=price&stock_status=instock%2Consale&per_row=2&shop_view=grid" "Mozilla/5.0 (Linux; Android 7.0;) AppleWebKit/537.36 (KHTML, like Gecko) Mobile Safari/537.36 (compatible; PetalBot;+https://webmaster.petalsearch.com/site/petalbot)"
114.119.145.110 - - [14/Jan/2026:06:44:49 +0700] "GET /shop/page/4/?orderby=price&stock_status=instock,onsale&per_row=2&shop_view=grid HTTP/1.1" 301 634 "https://view.lotushomemade.com/shop?orderby=price&stock_status=instock%2Consale&per_row=2&shop_view=grid" "Mozilla/5.0 (Linux; Android 7.0;) AppleWebKit/537.36 (KHTML, like Gecko) Mobile Safari/537.36 (compatible; PetalBot;+https://webmaster.petalsearch.com/site/petalbot)"
114.119.145.110 - - [14/Jan/2026:06:44:49 +0700] "GET /shop/page/4/?orderby=price&stock_status=instock,onsale&per_row=2&shop_view=grid HTTP/1.1" 301 634 "https://view.lotushomemade.com/shop?orderby=price&stock_status=instock%2Consale&per_row=2&shop_view=grid" "Mozilla/5.0 (Linux; Android 7.0;) AppleWebKit/537.36 (KHTML, like Gecko) Mobile Safari/537.36 (compatible; PetalBot;+https://webmaster.petalsearch.com/site/petalbot)"
114.119.145.110 - - [14/Jan/2026:06:44:50 +0700] "GET /shop/page/4/?orderby=price&stock_status=instock,onsale&per_row=2&shop_view=grid HTTP/1.1" 301 634 "https://view.lotushomemade.com/shop?orderby=price&stock_status=instock%2Consale&per_row=2&shop_view=grid" "Mozilla/5.0 (Linux; Android 7.0;) AppleWebKit/537.36 (KHTML, like Gecko) Mobile Safari/537.36 (compatible; PetalBot;+https://webmaster.petalsearch.com/site/petalbot)"
114.119.145.110 - - [14/Jan/2026:06:44:50 +0700] "GET /shop/page/4/?orderby=price&stock_status=instock,onsale&per_row=2&shop_view=grid HTTP/1.1" 301 634 "https://view.lotushomemade.com/shop?orderby=price&stock_status=instock%2Consale&per_row=2&shop_view=grid" "Mozilla/5.0 (Linux; Android 7.0;) AppleWebKit/537.36 (KHTML, like Gecko) Mobile Safari/537.36 (compatible; PetalBot;+https://webmaster.petalsearch.com/site/petalbot)"
114.119.145.110 - - [14/Jan/2026:06:44:51 +0700] "GET /shop/page/4/?orderby=price&stock_status=instock,onsale&per_row=2&shop_view=grid HTTP/1.1" 301 634 "https://view.lotushomemade.com/shop?orderby=price&stock_status=instock%2Consale&per_row=2&shop_view=grid" "Mozilla/5.0 (Linux; Android 7.0;) AppleWebKit/537.36 (KHTML, like Gecko) Mobile Safari/537.36 (compatible; PetalBot;+https://webmaster.petalsearch.com/site/petalbot)"
114.119.145.110 - - [14/Jan/2026:06:44:51 +0700] "GET /shop/page/4/?orderby=price&stock_status=instock,onsale&per_row=2&shop_view=grid HTTP/1.1" 301 634 "https://view.lotushomemade.com/shop?orderby=price&stock_status=instock%2Consale&per_row=2&shop_view=grid" "Mozilla/5.0 (Linux; Android 7.0;) AppleWebKit/537.36 (KHTML, like Gecko) Mobile Safari/537.36 (compatible; PetalBot;+https://webmaster.petalsearch.com/site/petalbot)"
114.119.145.110 - - [14/Jan/2026:06:44:51 +0700] "GET /shop/page/4/?orderby=price&stock_status=instock,onsale&per_row=2&shop_view=grid HTTP/1.1" 301 634 "https://view.lotushomemade.com/shop?orderby=price&stock_status=instock%2Consale&per_row=2&shop_view=grid" "Mozilla/5.0 (Linux; Android 7.0;) AppleWebKit/537.36 (KHTML, like Gecko) Mobile Safari/537.36 (compatible; PetalBot;+https://webmaster.petalsearch.com/site/petalbot)"
103.131.51.123 - - [14/Jan/2026:06:46:10 +0700] "POST /wp-cron.php?doing_wp_cron=1768347970.6869320869445800781250 HTTP/1.1" 200 474 "-" "WordPress/6.9; https://view.lotushomemade.com"
114.119.142.208 - - [14/Jan/2026:06:46:08 +0700] "GET /shop/page/4/?stock_status=instock,onsale&per_row=2&shop_view=grid HTTP/1.1" 301 620 "https://view.lotushomemade.com/shop?stock_status=instock%2Consale&per_row=2&shop_view=grid" "Mozilla/5.0 (Linux; Android 7.0;) AppleWebKit/537.36 (KHTML, like Gecko) Mobile Safari/537.36 (compatible; PetalBot;+https://webmaster.petalsearch.com/site/petalbot)"
114.119.142.208 - - [14/Jan/2026:06:46:10 +0700] "GET /shop/page/4/?stock_status=instock,onsale&per_row=2&shop_view=grid HTTP/1.1" 301 620 "https://view.lotushomemade.com/shop?stock_status=instock%2Consale&per_row=2&shop_view=grid" "Mozilla/5.0 (Linux; Android 7.0;) AppleWebKit/537.36 (KHTML, like Gecko) Mobile Safari/537.36 (compatible; PetalBot;+https://webmaster.petalsearch.com/site/petalbot)"
114.119.142.208 - - [14/Jan/2026:06:46:11 +0700] "GET /shop/page/4/?stock_status=instock,onsale&per_row=2&shop_view=grid HTTP/1.1" 301 620 "https://view.lotushomemade.com/shop?stock_status=instock%2Consale&per_row=2&shop_view=grid" "Mozilla/5.0 (Linux; Android 7.0;) AppleWebKit/537.36 (KHTML, like Gecko) Mobile Safari/537.36 (compatible; PetalBot;+https://webmaster.petalsearch.com/site/petalbot)"
114.119.142.208 - - [14/Jan/2026:06:46:12 +0700] "GET /shop/page/4/?stock_status=instock,onsale&per_row=2&shop_view=grid HTTP/1.1" 301 620 "https://view.lotushomemade.com/shop?stock_status=instock%2Consale&per_row=2&shop_view=grid" "Mozilla/5.0 (Linux; Android 7.0;) AppleWebKit/537.36 (KHTML, like Gecko) Mobile Safari/537.36 (compatible; PetalBot;+https://webmaster.petalsearch.com/site/petalbot)"
114.119.142.208 - - [14/Jan/2026:06:46:12 +0700] "GET /shop/page/4/?stock_status=instock,onsale&per_row=2&shop_view=grid HTTP/1.1" 301 620 "https://view.lotushomemade.com/shop?stock_status=instock%2Consale&per_row=2&shop_view=grid" "Mozilla/5.0 (Linux; Android 7.0;) AppleWebKit/537.36 (KHTML, like Gecko) Mobile Safari/537.36 (compatible; PetalBot;+https://webmaster.petalsearch.com/site/petalbot)"
114.119.142.208 - - [14/Jan/2026:06:46:13 +0700] "GET /shop/page/4/?stock_status=instock,onsale&per_row=2&shop_view=grid HTTP/1.1" 301 620 "https://view.lotushomemade.com/shop?stock_status=instock%2Consale&per_row=2&shop_view=grid" "Mozilla/5.0 (Linux; Android 7.0;) AppleWebKit/537.36 (KHTML, like Gecko) Mobile Safari/537.36 (compatible; PetalBot;+https://webmaster.petalsearch.com/site/petalbot)"
114.119.142.208 - - [14/Jan/2026:06:46:13 +0700] "GET /shop/page/4/?stock_status=instock,onsale&per_row=2&shop_view=grid HTTP/1.1" 301 620 "https://view.lotushomemade.com/shop?stock_status=instock%2Consale&per_row=2&shop_view=grid" "Mozilla/5.0 (Linux; Android 7.0;) AppleWebKit/537.36 (KHTML, like Gecko) Mobile Safari/537.36 (compatible; PetalBot;+https://webmaster.petalsearch.com/site/petalbot)"
114.119.142.208 - - [14/Jan/2026:06:46:13 +0700] "GET /shop/page/4/?stock_status=instock,onsale&per_row=2&shop_view=grid HTTP/1.1" 301 620 "https://view.lotushomemade.com/shop?stock_status=instock%2Consale&per_row=2&shop_view=grid" "Mozilla/5.0 (Linux; Android 7.0;) AppleWebKit/537.36 (KHTML, like Gecko) Mobile Safari/537.36 (compatible; PetalBot;+https://webmaster.petalsearch.com/site/petalbot)"
114.119.142.208 - - [14/Jan/2026:06:46:14 +0700] "GET /shop/page/4/?stock_status=instock,onsale&per_row=2&shop_view=grid HTTP/1.1" 301 620 "https://view.lotushomemade.com/shop?stock_status=instock%2Consale&per_row=2&shop_view=grid" "Mozilla/5.0 (Linux; Android 7.0;) AppleWebKit/537.36 (KHTML, like Gecko) Mobile Safari/537.36 (compatible; PetalBot;+https://webmaster.petalsearch.com/site/petalbot)"
114.119.142.208 - - [14/Jan/2026:06:46:14 +0700] "GET /shop/page/4/?stock_status=instock,onsale&per_row=2&shop_view=grid HTTP/1.1" 301 620 "https://view.lotushomemade.com/shop?stock_status=instock%2Consale&per_row=2&shop_view=grid" "Mozilla/5.0 (Linux; Android 7.0;) AppleWebKit/537.36 (KHTML, like Gecko) Mobile Safari/537.36 (compatible; PetalBot;+https://webmaster.petalsearch.com/site/petalbot)"
103.131.51.123 - - [14/Jan/2026:06:47:35 +0700] "POST /wp-cron.php?doing_wp_cron=1768348055.4111950397491455078125 HTTP/1.1" 200 474 "-" "WordPress/6.9; https://view.lotushomemade.com"
114.119.149.78 - - [14/Jan/2026:06:47:31 +0700] "GET /shop/page/31/?orderby=date&stock_status=instock&per_page=12 HTTP/1.1" 200 40382 "https://view.lotushomemade.com/shop/page/20/?orderby=date&stock_status=instock&per_page=12" "Mozilla/5.0 (Linux; Android 7.0;) AppleWebKit/537.36 (KHTML, like Gecko) Mobile Safari/537.36 (compatible; PetalBot;+https://webmaster.petalsearch.com/site/petalbot)"
103.131.51.123 - - [14/Jan/2026:06:48:57 +0700] "POST /wp-cron.php?doing_wp_cron=1768348137.5857849121093750000000 HTTP/1.1" 200 474 "-" "WordPress/6.9; https://view.lotushomemade.com"
114.119.156.27 - - [14/Jan/2026:06:48:55 +0700] "GET /shop/page/2?stock_status=instock,onsale&per_row=4&per_page=18&shop_view=grid HTTP/1.1" 301 678 "https://view.lotushomemade.com/shop/?stock_status=instock%2Consale&per_row=4&per_page=18&shop_view=grid" "Mozilla/5.0 (Linux; Android 7.0;) AppleWebKit/537.36 (KHTML, like Gecko) Mobile Safari/537.36 (compatible; PetalBot;+https://webmaster.petalsearch.com/site/petalbot)"
114.119.156.27 - - [14/Jan/2026:06:48:57 +0700] "GET /shop/page/2/?stock_status=instock,onsale&per_row=4&per_page=18&shop_view=grid HTTP/1.1" 301 678 "https://view.lotushomemade.com/shop/?stock_status=instock%2Consale&per_row=4&per_page=18&shop_view=grid" "Mozilla/5.0 (Linux; Android 7.0;) AppleWebKit/537.36 (KHTML, like Gecko) Mobile Safari/537.36 (compatible; PetalBot;+https://webmaster.petalsearch.com/site/petalbot)"
114.119.156.27 - - [14/Jan/2026:06:48:58 +0700] "GET /shop/page/2/?stock_status=instock,onsale&per_row=4&per_page=18&shop_view=grid HTTP/1.1" 301 678 "https://view.lotushomemade.com/shop/?stock_status=instock%2Consale&per_row=4&per_page=18&shop_view=grid" "Mozilla/5.0 (Linux; Android 7.0;) AppleWebKit/537.36 (KHTML, like Gecko) Mobile Safari/537.36 (compatible; PetalBot;+https://webmaster.petalsearch.com/site/petalbot)"
114.119.156.27 - - [14/Jan/2026:06:48:58 +0700] "GET /shop/page/2/?stock_status=instock,onsale&per_row=4&per_page=18&shop_view=grid HTTP/1.1" 301 678 "https://view.lotushomemade.com/shop/?stock_status=instock%2Consale&per_row=4&per_page=18&shop_view=grid" "Mozilla/5.0 (Linux; Android 7.0;) AppleWebKit/537.36 (KHTML, like Gecko) Mobile Safari/537.36 (compatible; PetalBot;+https://webmaster.petalsearch.com/site/petalbot)"
114.119.156.27 - - [14/Jan/2026:06:48:59 +0700] "GET /shop/page/2/?stock_status=instock,onsale&per_row=4&per_page=18&shop_view=grid HTTP/1.1" 301 678 "https://view.lotushomemade.com/shop/?stock_status=instock%2Consale&per_row=4&per_page=18&shop_view=grid" "Mozilla/5.0 (Linux; Android 7.0;) AppleWebKit/537.36 (KHTML, like Gecko) Mobile Safari/537.36 (compatible; PetalBot;+https://webmaster.petalsearch.com/site/petalbot)"
114.119.156.27 - - [14/Jan/2026:06:48:59 +0700] "GET /shop/page/2/?stock_status=instock,onsale&per_row=4&per_page=18&shop_view=grid HTTP/1.1" 301 678 "https://view.lotushomemade.com/shop/?stock_status=instock%2Consale&per_row=4&per_page=18&shop_view=grid" "Mozilla/5.0 (Linux; Android 7.0;) AppleWebKit/537.36 (KHTML, like Gecko) Mobile Safari/537.36 (compatible; PetalBot;+https://webmaster.petalsearch.com/site/petalbot)"
114.119.156.27 - - [14/Jan/2026:06:49:00 +0700] "GET /shop/page/2/?stock_status=instock,onsale&per_row=4&per_page=18&shop_view=grid HTTP/1.1" 301 678 "https://view.lotushomemade.com/shop/?stock_status=instock%2Consale&per_row=4&per_page=18&shop_view=grid" "Mozilla/5.0 (Linux; Android 7.0;) AppleWebKit/537.36 (KHTML, like Gecko) Mobile Safari/537.36 (compatible; PetalBot;+https://webmaster.petalsearch.com/site/petalbot)"
114.119.156.27 - - [14/Jan/2026:06:49:00 +0700] "GET /shop/page/2/?stock_status=instock,onsale&per_row=4&per_page=18&shop_view=grid HTTP/1.1" 301 678 "https://view.lotushomemade.com/shop/?stock_status=instock%2Consale&per_row=4&per_page=18&shop_view=grid" "Mozilla/5.0 (Linux; Android 7.0;) AppleWebKit/537.36 (KHTML, like Gecko) Mobile Safari/537.36 (compatible; PetalBot;+https://webmaster.petalsearch.com/site/petalbot)"
114.119.156.27 - - [14/Jan/2026:06:49:00 +0700] "GET /shop/page/2/?stock_status=instock,onsale&per_row=4&per_page=18&shop_view=grid HTTP/1.1" 301 678 "https://view.lotushomemade.com/shop/?stock_status=instock%2Consale&per_row=4&per_page=18&shop_view=grid" "Mozilla/5.0 (Linux; Android 7.0;) AppleWebKit/537.36 (KHTML, like Gecko) Mobile Safari/537.36 (compatible; PetalBot;+https://webmaster.petalsearch.com/site/petalbot)"
114.119.156.27 - - [14/Jan/2026:06:49:01 +0700] "GET /shop/page/2/?stock_status=instock,onsale&per_row=4&per_page=18&shop_view=grid HTTP/1.1" 301 678 "https://view.lotushomemade.com/shop/?stock_status=instock%2Consale&per_row=4&per_page=18&shop_view=grid" "Mozilla/5.0 (Linux; Android 7.0;) AppleWebKit/537.36 (KHTML, like Gecko) Mobile Safari/537.36 (compatible; PetalBot;+https://webmaster.petalsearch.com/site/petalbot)"
103.131.51.123 - - [14/Jan/2026:06:50:22 +0700] "POST /wp-cron.php?doing_wp_cron=1768348222.5078918933868408203125 HTTP/1.1" 200 474 "-" "WordPress/6.9; https://view.lotushomemade.com"
114.119.149.78 - - [14/Jan/2026:06:50:18 +0700] "GET /shop/page/26/?min_price=0 HTTP/1.1" 200 39691 "https://view.lotushomemade.com/shop/page/27/?min_price=0" "Mozilla/5.0 (Linux; Android 7.0;) AppleWebKit/537.36 (KHTML, like Gecko) Mobile Safari/537.36 (compatible; PetalBot;+https://webmaster.petalsearch.com/site/petalbot)"
103.131.51.123 - - [14/Jan/2026:06:51:44 +0700] "POST /wp-cron.php?doing_wp_cron=1768348304.7402310371398925781250 HTTP/1.1" 200 474 "-" "WordPress/6.9; https://view.lotushomemade.com"
114.119.151.206 - - [14/Jan/2026:06:51:42 +0700] "GET /shop/page/20?orderby=popularity&stock_status=onsale&per_page=12 HTTP/1.1" 301 575 "https://view.lotushomemade.com/shop/page/17/?orderby=popularity&stock_status=onsale&per_page=12" "Mozilla/5.0 (Linux; Android 7.0;) AppleWebKit/537.36 (KHTML, like Gecko) Mobile Safari/537.36 (compatible; PetalBot;+https://webmaster.petalsearch.com/site/petalbot)"
114.119.151.206 - - [14/Jan/2026:06:51:44 +0700] "GET /shop/page/20/?orderby=popularity&stock_status=onsale&per_page=12 HTTP/1.1" 200 39630 "https://view.lotushomemade.com/shop/page/17/?orderby=popularity&stock_status=onsale&per_page=12" "Mozilla/5.0 (Linux; Android 7.0;) AppleWebKit/537.36 (KHTML, like Gecko) Mobile Safari/537.36 (compatible; PetalBot;+https://webmaster.petalsearch.com/site/petalbot)"
103.131.51.123 - - [14/Jan/2026:06:53:11 +0700] "POST /wp-cron.php?doing_wp_cron=1768348391.0975999832153320312500 HTTP/1.1" 200 474 "-" "WordPress/6.9; https://view.lotushomemade.com"
114.119.142.208 - - [14/Jan/2026:06:53:07 +0700] "GET /shop/page/20/?stock_status=instock&per_row=4&per_page=8&shop_view=grid HTTP/1.1" 200 39474 "https://view.lotushomemade.com/shop/page/19/?stock_status=instock&per_row=4&per_page=8&shop_view=grid" "Mozilla/5.0 (Linux; Android 7.0;) AppleWebKit/537.36 (KHTML, like Gecko) Mobile Safari/537.36 (compatible; PetalBot;+https://webmaster.petalsearch.com/site/petalbot)"
103.131.51.123 - - [14/Jan/2026:06:54:33 +0700] "POST /wp-cron.php?doing_wp_cron=1768348473.6931550502777099609375 HTTP/1.1" 200 474 "-" "WordPress/6.9; https://view.lotushomemade.com"
114.119.151.206 - - [14/Jan/2026:06:54:29 +0700] "GET /shop/page/20/?max_price=1050&stock_status=instock&per_row=6&shop_view=grid HTTP/1.1" 200 40419 "https://view.lotushomemade.com/shop/page/19/?max_price=1050&stock_status=instock&per_row=6&shop_view=grid" "Mozilla/5.0 (Linux; Android 7.0;) AppleWebKit/537.36 (KHTML, like Gecko) Mobile Safari/537.36 (compatible; PetalBot;+https://webmaster.petalsearch.com/site/petalbot)"
103.131.51.123 - - [14/Jan/2026:06:55:59 +0700] "POST /wp-cron.php?doing_wp_cron=1768348559.1424849033355712890625 HTTP/1.1" 200 474 "-" "WordPress/6.9; https://view.lotushomemade.com"
114.119.130.97 - - [14/Jan/2026:06:55:56 +0700] "GET /shop/page/2/?per_row=4&per_page=12&shop_view=grid&stock_status=instock,onsale HTTP/1.1" 301 678 "https://view.lotushomemade.com/shop?per_row=4&per_page=12&shop_view=grid&stock_status=instock%2Consale" "Mozilla/5.0 (Linux; Android 7.0;) AppleWebKit/537.36 (KHTML, like Gecko) Mobile Safari/537.36 (compatible; PetalBot;+https://webmaster.petalsearch.com/site/petalbot)"
114.119.130.97 - - [14/Jan/2026:06:56:00 +0700] "GET /shop/page/2/?per_row=4&per_page=12&shop_view=grid&stock_status=instock,onsale HTTP/1.1" 301 678 "https://view.lotushomemade.com/shop?per_row=4&per_page=12&shop_view=grid&stock_status=instock%2Consale" "Mozilla/5.0 (Linux; Android 7.0;) AppleWebKit/537.36 (KHTML, like Gecko) Mobile Safari/537.36 (compatible; PetalBot;+https://webmaster.petalsearch.com/site/petalbot)"
114.119.130.97 - - [14/Jan/2026:06:56:00 +0700] "GET /shop/page/2/?per_row=4&per_page=12&shop_view=grid&stock_status=instock,onsale HTTP/1.1" 301 678 "https://view.lotushomemade.com/shop?per_row=4&per_page=12&shop_view=grid&stock_status=instock%2Consale" "Mozilla/5.0 (Linux; Android 7.0;) AppleWebKit/537.36 (KHTML, like Gecko) Mobile Safari/537.36 (compatible; PetalBot;+https://webmaster.petalsearch.com/site/petalbot)"
114.119.130.97 - - [14/Jan/2026:06:56:01 +0700] "GET /shop/page/2/?per_row=4&per_page=12&shop_view=grid&stock_status=instock,onsale HTTP/1.1" 301 678 "https://view.lotushomemade.com/shop?per_row=4&per_page=12&shop_view=grid&stock_status=instock%2Consale" "Mozilla/5.0 (Linux; Android 7.0;) AppleWebKit/537.36 (KHTML, like Gecko) Mobile Safari/537.36 (compatible; PetalBot;+https://webmaster.petalsearch.com/site/petalbot)"
114.119.130.97 - - [14/Jan/2026:06:56:01 +0700] "GET /shop/page/2/?per_row=4&per_page=12&shop_view=grid&stock_status=instock,onsale HTTP/1.1" 301 678 "https://view.lotushomemade.com/shop?per_row=4&per_page=12&shop_view=grid&stock_status=instock%2Consale" "Mozilla/5.0 (Linux; Android 7.0;) AppleWebKit/537.36 (KHTML, like Gecko) Mobile Safari/537.36 (compatible; PetalBot;+https://webmaster.petalsearch.com/site/petalbot)"
114.119.130.97 - - [14/Jan/2026:06:56:02 +0700] "GET /shop/page/2/?per_row=4&per_page=12&shop_view=grid&stock_status=instock,onsale HTTP/1.1" 301 678 "https://view.lotushomemade.com/shop?per_row=4&per_page=12&shop_view=grid&stock_status=instock%2Consale" "Mozilla/5.0 (Linux; Android 7.0;) AppleWebKit/537.36 (KHTML, like Gecko) Mobile Safari/537.36 (compatible; PetalBot;+https://webmaster.petalsearch.com/site/petalbot)"
114.119.130.97 - - [14/Jan/2026:06:56:02 +0700] "GET /shop/page/2/?per_row=4&per_page=12&shop_view=grid&stock_status=instock,onsale HTTP/1.1" 301 678 "https://view.lotushomemade.com/shop?per_row=4&per_page=12&shop_view=grid&stock_status=instock%2Consale" "Mozilla/5.0 (Linux; Android 7.0;) AppleWebKit/537.36 (KHTML, like Gecko) Mobile Safari/537.36 (compatible; PetalBot;+https://webmaster.petalsearch.com/site/petalbot)"
114.119.130.97 - - [14/Jan/2026:06:56:03 +0700] "GET /shop/page/2/?per_row=4&per_page=12&shop_view=grid&stock_status=instock,onsale HTTP/1.1" 301 678 "https://view.lotushomemade.com/shop?per_row=4&per_page=12&shop_view=grid&stock_status=instock%2Consale" "Mozilla/5.0 (Linux; Android 7.0;) AppleWebKit/537.36 (KHTML, like Gecko) Mobile Safari/537.36 (compatible; PetalBot;+https://webmaster.petalsearch.com/site/petalbot)"
114.119.130.97 - - [14/Jan/2026:06:56:03 +0700] "GET /shop/page/2/?per_row=4&per_page=12&shop_view=grid&stock_status=instock,onsale HTTP/1.1" 301 678 "https://view.lotushomemade.com/shop?per_row=4&per_page=12&shop_view=grid&stock_status=instock%2Consale" "Mozilla/5.0 (Linux; Android 7.0;) AppleWebKit/537.36 (KHTML, like Gecko) Mobile Safari/537.36 (compatible; PetalBot;+https://webmaster.petalsearch.com/site/petalbot)"
114.119.130.97 - - [14/Jan/2026:06:56:04 +0700] "GET /shop/page/2/?per_row=4&per_page=12&shop_view=grid&stock_status=instock,onsale HTTP/1.1" 301 678 "https://view.lotushomemade.com/shop?per_row=4&per_page=12&shop_view=grid&stock_status=instock%2Consale" "Mozilla/5.0 (Linux; Android 7.0;) AppleWebKit/537.36 (KHTML, like Gecko) Mobile Safari/537.36 (compatible; PetalBot;+https://webmaster.petalsearch.com/site/petalbot)"
103.131.51.123 - - [14/Jan/2026:06:56:39 +0700] "POST /wp-cron.php?doing_wp_cron=1768348599.8089389801025390625000 HTTP/1.1" 200 474 "-" "WordPress/6.9; https://view.lotushomemade.com"
78.30.3.11 - - [14/Jan/2026:06:56:37 +0700] "GET /product/kuih-bangkit-l/ HTTP/1.1" 200 36668 "-" "Mozilla/5.0 (X11; Linux i686) AppleWebKit/535.2 (KHTML, like Gecko) Chrome/63.0.841.0 Safari/535.2"
114.119.149.78 - - [14/Jan/2026:06:57:18 +0700] "GET /shop/page/2/?orderby=rating&per_row=2&shop_view=grid HTTP/1.1" 200 40496 "https://view.lotushomemade.com/shop/page/22?orderby=rating&per_row=2&shop_view=grid" "Mozilla/5.0 (Linux; Android 7.0;) AppleWebKit/537.36 (KHTML, like Gecko) Mobile Safari/537.36 (compatible; PetalBot;+https://webmaster.petalsearch.com/site/petalbot)"
103.131.51.123 - - [14/Jan/2026:06:58:43 +0700] "POST /wp-cron.php?doing_wp_cron=1768348723.7757871150970458984375 HTTP/1.1" 200 474 "-" "WordPress/6.9; https://view.lotushomemade.com"
114.119.151.206 - - [14/Jan/2026:06:58:40 +0700] "GET /shop/page/2/?orderby=rating&per_page=12&stock_status=instock,onsale HTTP/1.1" 301 580 "https://view.lotushomemade.com/shop?orderby=rating&per_page=12&stock_status=instock%2Consale" "Mozilla/5.0 (Linux; Android 7.0;) AppleWebKit/537.36 (KHTML, like Gecko) Mobile Safari/537.36 (compatible; PetalBot;+https://webmaster.petalsearch.com/site/petalbot)"
114.119.151.206 - - [14/Jan/2026:06:58:44 +0700] "GET /shop/page/2/?orderby=rating&per_page=12&stock_status=instock,onsale HTTP/1.1" 301 580 "https://view.lotushomemade.com/shop?orderby=rating&per_page=12&stock_status=instock%2Consale" "Mozilla/5.0 (Linux; Android 7.0;) AppleWebKit/537.36 (KHTML, like Gecko) Mobile Safari/537.36 (compatible; PetalBot;+https://webmaster.petalsearch.com/site/petalbot)"
114.119.151.206 - - [14/Jan/2026:06:58:44 +0700] "GET /shop/page/2/?orderby=rating&per_page=12&stock_status=instock,onsale HTTP/1.1" 301 580 "https://view.lotushomemade.com/shop?orderby=rating&per_page=12&stock_status=instock%2Consale" "Mozilla/5.0 (Linux; Android 7.0;) AppleWebKit/537.36 (KHTML, like Gecko) Mobile Safari/537.36 (compatible; PetalBot;+https://webmaster.petalsearch.com/site/petalbot)"
114.119.151.206 - - [14/Jan/2026:06:58:45 +0700] "GET /shop/page/2/?orderby=rating&per_page=12&stock_status=instock,onsale HTTP/1.1" 301 580 "https://view.lotushomemade.com/shop?orderby=rating&per_page=12&stock_status=instock%2Consale" "Mozilla/5.0 (Linux; Android 7.0;) AppleWebKit/537.36 (KHTML, like Gecko) Mobile Safari/537.36 (compatible; PetalBot;+https://webmaster.petalsearch.com/site/petalbot)"
114.119.151.206 - - [14/Jan/2026:06:58:46 +0700] "GET /shop/page/2/?orderby=rating&per_page=12&stock_status=instock,onsale HTTP/1.1" 301 580 "https://view.lotushomemade.com/shop?orderby=rating&per_page=12&stock_status=instock%2Consale" "Mozilla/5.0 (Linux; Android 7.0;) AppleWebKit/537.36 (KHTML, like Gecko) Mobile Safari/537.36 (compatible; PetalBot;+https://webmaster.petalsearch.com/site/petalbot)"
114.119.151.206 - - [14/Jan/2026:06:58:46 +0700] "GET /shop/page/2/?orderby=rating&per_page=12&stock_status=instock,onsale HTTP/1.1" 301 580 "https://view.lotushomemade.com/shop?orderby=rating&per_page=12&stock_status=instock%2Consale" "Mozilla/5.0 (Linux; Android 7.0;) AppleWebKit/537.36 (KHTML, like Gecko) Mobile Safari/537.36 (compatible; PetalBot;+https://webmaster.petalsearch.com/site/petalbot)"
114.119.151.206 - - [14/Jan/2026:06:58:47 +0700] "GET /shop/page/2/?orderby=rating&per_page=12&stock_status=instock,onsale HTTP/1.1" 301 580 "https://view.lotushomemade.com/shop?orderby=rating&per_page=12&stock_status=instock%2Consale" "Mozilla/5.0 (Linux; Android 7.0;) AppleWebKit/537.36 (KHTML, like Gecko) Mobile Safari/537.36 (compatible; PetalBot;+https://webmaster.petalsearch.com/site/petalbot)"
114.119.151.206 - - [14/Jan/2026:06:58:47 +0700] "GET /shop/page/2/?orderby=rating&per_page=12&stock_status=instock,onsale HTTP/1.1" 301 580 "https://view.lotushomemade.com/shop?orderby=rating&per_page=12&stock_status=instock%2Consale" "Mozilla/5.0 (Linux; Android 7.0;) AppleWebKit/537.36 (KHTML, like Gecko) Mobile Safari/537.36 (compatible; PetalBot;+https://webmaster.petalsearch.com/site/petalbot)"
114.119.151.206 - - [14/Jan/2026:06:58:48 +0700] "GET /shop/page/2/?orderby=rating&per_page=12&stock_status=instock,onsale HTTP/1.1" 301 580 "https://view.lotushomemade.com/shop?orderby=rating&per_page=12&stock_status=instock%2Consale" "Mozilla/5.0 (Linux; Android 7.0;) AppleWebKit/537.36 (KHTML, like Gecko) Mobile Safari/537.36 (compatible; PetalBot;+https://webmaster.petalsearch.com/site/petalbot)"
114.119.151.206 - - [14/Jan/2026:06:58:48 +0700] "GET /shop/page/2/?orderby=rating&per_page=12&stock_status=instock,onsale HTTP/1.1" 301 580 "https://view.lotushomemade.com/shop?orderby=rating&per_page=12&stock_status=instock%2Consale" "Mozilla/5.0 (Linux; Android 7.0;) AppleWebKit/537.36 (KHTML, like Gecko) Mobile Safari/537.36 (compatible; PetalBot;+https://webmaster.petalsearch.com/site/petalbot)"
104.210.140.132 - - [14/Jan/2026:06:59:06 +0700] "GET /robots.txt HTTP/2" 200 103 "-" "Mozilla/5.0 (Macintosh; Intel Mac OS X 10_15_7) AppleWebKit/537.36 (KHTML, like Gecko) Chrome/131.0.0.0 Safari/537.36; compatible; OAI-SearchBot/1.0; +https://openai.com/searchbot"
103.131.51.123 - - [14/Jan/2026:07:00:04 +0700] "POST /wp-cron.php?doing_wp_cron=1768348804.7530539035797119140625 HTTP/1.1" 200 474 "-" "WordPress/6.9; https://view.lotushomemade.com"
114.119.151.206 - - [14/Jan/2026:07:00:04 +0700] "GET /shop/page/2/?orderby=date&stock_status=instock,onsale&per_row=4&shop_view=grid HTTP/1.1" 301 633 "https://view.lotushomemade.com/shop?orderby=date&stock_status=instock%2Consale&per_row=4&shop_view=grid" "Mozilla/5.0 (Linux; Android 7.0;) AppleWebKit/537.36 (KHTML, like Gecko) Mobile Safari/537.36 (compatible; PetalBot;+https://webmaster.petalsearch.com/site/petalbot)"
114.119.151.206 - - [14/Jan/2026:07:00:04 +0700] "GET /shop/page/2/?orderby=date&stock_status=instock,onsale&per_row=4&shop_view=grid HTTP/1.1" 301 633 "https://view.lotushomemade.com/shop?orderby=date&stock_status=instock%2Consale&per_row=4&shop_view=grid" "Mozilla/5.0 (Linux; Android 7.0;) AppleWebKit/537.36 (KHTML, like Gecko) Mobile Safari/537.36 (compatible; PetalBot;+https://webmaster.petalsearch.com/site/petalbot)"
114.119.151.206 - - [14/Jan/2026:07:00:05 +0700] "GET /shop/page/2/?orderby=date&stock_status=instock,onsale&per_row=4&shop_view=grid HTTP/1.1" 301 633 "https://view.lotushomemade.com/shop?orderby=date&stock_status=instock%2Consale&per_row=4&shop_view=grid" "Mozilla/5.0 (Linux; Android 7.0;) AppleWebKit/537.36 (KHTML, like Gecko) Mobile Safari/537.36 (compatible; PetalBot;+https://webmaster.petalsearch.com/site/petalbot)"
114.119.151.206 - - [14/Jan/2026:07:00:06 +0700] "GET /shop/page/2/?orderby=date&stock_status=instock,onsale&per_row=4&shop_view=grid HTTP/1.1" 301 633 "https://view.lotushomemade.com/shop?orderby=date&stock_status=instock%2Consale&per_row=4&shop_view=grid" "Mozilla/5.0 (Linux; Android 7.0;) AppleWebKit/537.36 (KHTML, like Gecko) Mobile Safari/537.36 (compatible; PetalBot;+https://webmaster.petalsearch.com/site/petalbot)"
114.119.151.206 - - [14/Jan/2026:07:00:06 +0700] "GET /shop/page/2/?orderby=date&stock_status=instock,onsale&per_row=4&shop_view=grid HTTP/1.1" 301 633 "https://view.lotushomemade.com/shop?orderby=date&stock_status=instock%2Consale&per_row=4&shop_view=grid" "Mozilla/5.0 (Linux; Android 7.0;) AppleWebKit/537.36 (KHTML, like Gecko) Mobile Safari/537.36 (compatible; PetalBot;+https://webmaster.petalsearch.com/site/petalbot)"
114.119.151.206 - - [14/Jan/2026:07:00:07 +0700] "GET /shop/page/2/?orderby=date&stock_status=instock,onsale&per_row=4&shop_view=grid HTTP/1.1" 301 633 "https://view.lotushomemade.com/shop?orderby=date&stock_status=instock%2Consale&per_row=4&shop_view=grid" "Mozilla/5.0 (Linux; Android 7.0;) AppleWebKit/537.36 (KHTML, like Gecko) Mobile Safari/537.36 (compatible; PetalBot;+https://webmaster.petalsearch.com/site/petalbot)"
114.119.151.206 - - [14/Jan/2026:07:00:07 +0700] "GET /shop/page/2/?orderby=date&stock_status=instock,onsale&per_row=4&shop_view=grid HTTP/1.1" 301 633 "https://view.lotushomemade.com/shop?orderby=date&stock_status=instock%2Consale&per_row=4&shop_view=grid" "Mozilla/5.0 (Linux; Android 7.0;) AppleWebKit/537.36 (KHTML, like Gecko) Mobile Safari/537.36 (compatible; PetalBot;+https://webmaster.petalsearch.com/site/petalbot)"
114.119.151.206 - - [14/Jan/2026:07:00:08 +0700] "GET /shop/page/2/?orderby=date&stock_status=instock,onsale&per_row=4&shop_view=grid HTTP/1.1" 301 633 "https://view.lotushomemade.com/shop?orderby=date&stock_status=instock%2Consale&per_row=4&shop_view=grid" "Mozilla/5.0 (Linux; Android 7.0;) AppleWebKit/537.36 (KHTML, like Gecko) Mobile Safari/537.36 (compatible; PetalBot;+https://webmaster.petalsearch.com/site/petalbot)"
114.119.151.206 - - [14/Jan/2026:07:00:08 +0700] "GET /shop/page/2/?orderby=date&stock_status=instock,onsale&per_row=4&shop_view=grid HTTP/1.1" 301 633 "https://view.lotushomemade.com/shop?orderby=date&stock_status=instock%2Consale&per_row=4&shop_view=grid" "Mozilla/5.0 (Linux; Android 7.0;) AppleWebKit/537.36 (KHTML, like Gecko) Mobile Safari/537.36 (compatible; PetalBot;+https://webmaster.petalsearch.com/site/petalbot)"
114.119.151.206 - - [14/Jan/2026:07:00:09 +0700] "GET /shop/page/2/?orderby=date&stock_status=instock,onsale&per_row=4&shop_view=grid HTTP/1.1" 301 633 "https://view.lotushomemade.com/shop?orderby=date&stock_status=instock%2Consale&per_row=4&shop_view=grid" "Mozilla/5.0 (Linux; Android 7.0;) AppleWebKit/537.36 (KHTML, like Gecko) Mobile Safari/537.36 (compatible; PetalBot;+https://webmaster.petalsearch.com/site/petalbot)"
103.131.51.123 - - [14/Jan/2026:07:01:31 +0700] "POST /wp-cron.php?doing_wp_cron=1768348891.9166879653930664062500 HTTP/1.1" 200 474 "-" "WordPress/6.9; https://view.lotushomemade.com"
114.119.130.97 - - [14/Jan/2026:07:01:29 +0700] "GET /shop/page/9?orderby=price&stock_status=onsale&per_page=18 HTTP/1.1" 301 569 "https://view.lotushomemade.com/shop/page/6?orderby=price&stock_status=onsale&per_page=18" "Mozilla/5.0 (Linux; Android 7.0;) AppleWebKit/537.36 (KHTML, like Gecko) Mobile Safari/537.36 (compatible; PetalBot;+https://webmaster.petalsearch.com/site/petalbot)"
114.119.130.97 - - [14/Jan/2026:07:01:32 +0700] "GET /shop/page/9/?orderby=price&stock_status=onsale&per_page=18 HTTP/1.1" 200 41082 "https://view.lotushomemade.com/shop/page/6?orderby=price&stock_status=onsale&per_page=18" "Mozilla/5.0 (Linux; Android 7.0;) AppleWebKit/537.36 (KHTML, like Gecko) Mobile Safari/537.36 (compatible; PetalBot;+https://webmaster.petalsearch.com/site/petalbot)"
103.131.51.123 - - [14/Jan/2026:07:03:00 +0700] "POST /wp-cron.php?doing_wp_cron=1768348979.9958670139312744140625 HTTP/1.1" 200 474 "-" "WordPress/6.9; https://view.lotushomemade.com"
114.119.150.215 - - [14/Jan/2026:07:02:56 +0700] "GET /shop/page/9/?orderby=price-desc&stock_status=instock&per_row=6&shop_view=grid HTTP/1.1" 200 40057 "https://view.lotushomemade.com/shop/page/8/?orderby=price-desc&stock_status=instock&per_row=6&shop_view=grid" "Mozilla/5.0 (Linux; Android 7.0;) AppleWebKit/537.36 (KHTML, like Gecko) Mobile Safari/537.36 (compatible; PetalBot;+https://webmaster.petalsearch.com/site/petalbot)"
57.141.16.57 - - [14/Jan/2026:07:03:18 +0700] "GET /shop/page/11/?add-to-cart=8490 HTTP/2" 200 239676 "-" "meta-externalagent/1.1 (+https://developers.facebook.com/docs/sharing/webmasters/crawler)"
103.131.51.123 - - [14/Jan/2026:07:04:17 +0700] "POST /wp-cron.php?doing_wp_cron=1768349057.2206699848175048828125 HTTP/1.1" 200 474 "-" "WordPress/6.9; https://view.lotushomemade.com"
114.119.156.27 - - [14/Jan/2026:07:04:15 +0700] "GET /shop/page/8/?min_price=0&max_price=260&per_row=4&shop_view=grid HTTP/1.1" 200 39843 "https://view.lotushomemade.com/shop/page/6?min_price=0&max_price=260&per_row=4&shop_view=grid" "Mozilla/5.0 (Linux; Android 7.0;) AppleWebKit/537.36 (KHTML, like Gecko) Mobile Safari/537.36 (compatible; PetalBot;+https://webmaster.petalsearch.com/site/petalbot)"
142.116.177.189 - - [14/Jan/2026:07:04:22 +0700] "GET /?add-to-cart=8678 HTTP/1.1" 200 78767 "-" "Mozilla/5.0 (Windows NT 6.1) AppleWebKit/532.0 (KHTML, like Gecko) Chrome/19.0.892.0 Safari/532.0"
103.131.51.123 - - [14/Jan/2026:07:05:14 +0700] "POST /wp-cron.php?doing_wp_cron=1768349114.4979538917541503906250 HTTP/1.1" 200 474 "-" "WordPress/6.9; https://view.lotushomemade.com"
66.249.70.99 - - [14/Jan/2026:07:05:12 +0700] "GET /product/kai-yun-nian-gao_5s/ HTTP/1.1" 200 36466 "-" "Mozilla/5.0 (compatible; Googlebot/2.1; +http://www.google.com/bot.html)"
103.131.51.123 - - [14/Jan/2026:07:05:42 +0700] "POST /wp-cron.php?doing_wp_cron=1768349142.5176169872283935546875 HTTP/1.1" 200 474 "-" "WordPress/6.9; https://view.lotushomemade.com"
114.119.148.197 - - [14/Jan/2026:07:05:41 +0700] "GET /shop/page/4?orderby=date HTTP/1.1" 301 490 "https://view.lotushomemade.com/shop/page/4?orderby=date" "Mozilla/5.0 (Linux; Android 7.0;) AppleWebKit/537.36 (KHTML, like Gecko) Mobile Safari/537.36 (compatible; PetalBot;+https://webmaster.petalsearch.com/site/petalbot)"
114.119.148.197 - - [14/Jan/2026:07:05:43 +0700] "GET /shop/page/4/?orderby=date HTTP/1.1" 200 39899 "https://view.lotushomemade.com/shop/page/4?orderby=date" "Mozilla/5.0 (Linux; Android 7.0;) AppleWebKit/537.36 (KHTML, like Gecko) Mobile Safari/537.36 (compatible; PetalBot;+https://webmaster.petalsearch.com/site/petalbot)"
103.131.51.123 - - [14/Jan/2026:07:07:06 +0700] "POST /wp-cron.php?doing_wp_cron=1768349226.8909530639648437500000 HTTP/1.1" 200 474 "-" "WordPress/6.9; https://view.lotushomemade.com"
114.119.148.197 - - [14/Jan/2026:07:07:02 +0700] "GET /shop/page/38/?orderby=popularity&per_row=6&shop_view=grid&per_page=8 HTTP/1.1" 200 39137 "https://view.lotushomemade.com/shop/page/35/?orderby=popularity&per_row=6&shop_view=grid&per_page=8" "Mozilla/5.0 (Linux; Android 7.0;) AppleWebKit/537.36 (KHTML, like Gecko) Mobile Safari/537.36 (compatible; PetalBot;+https://webmaster.petalsearch.com/site/petalbot)"
103.131.51.123 - - [14/Jan/2026:07:08:29 +0700] "POST /wp-cron.php?doing_wp_cron=1768349309.5108990669250488281250 HTTP/1.1" 200 474 "-" "WordPress/6.9; https://view.lotushomemade.com"
114.119.145.110 - - [14/Jan/2026:07:08:25 +0700] "GET /shop/page/32/?orderby=price-desc&per_row=2&per_page=8&shop_view=grid HTTP/1.1" 200 39388 "https://view.lotushomemade.com/shop/page/32/?orderby=price-desc&per_row=2&per_page=8&shop_view=grid" "Mozilla/5.0 (Linux; Android 7.0;) AppleWebKit/537.36 (KHTML, like Gecko) Mobile Safari/537.36 (compatible; PetalBot;+https://webmaster.petalsearch.com/site/petalbot)"
103.131.51.123 - - [14/Jan/2026:07:09:54 +0700] "POST /wp-cron.php?doing_wp_cron=1768349394.3136789798736572265625 HTTP/1.1" 200 474 "-" "WordPress/6.9; https://view.lotushomemade.com"
114.119.130.97 - - [14/Jan/2026:07:09:50 +0700] "GET /shop/page/32/?orderby=date&per_row=2&shop_view=grid&stock_status=instock HTTP/1.1" 200 39990 "https://view.lotushomemade.com/shop/page/7/?orderby=date&per_row=2&shop_view=grid&stock_status=instock" "Mozilla/5.0 (Linux; Android 7.0;) AppleWebKit/537.36 (KHTML, like Gecko) Mobile Safari/537.36 (compatible; PetalBot;+https://webmaster.petalsearch.com/site/petalbot)"
103.131.51.123 - - [14/Jan/2026:07:11:16 +0700] "POST /wp-cron.php?doing_wp_cron=1768349476.8547630310058593750000 HTTP/1.1" 200 474 "-" "WordPress/6.9; https://view.lotushomemade.com"
114.119.149.78 - - [14/Jan/2026:07:11:13 +0700] "GET /shop/page/31/?max_price=1050&stock_status=onsale&per_row=4&shop_view=grid HTTP/1.1" 200 40341 "https://view.lotushomemade.com/shop/page/30?max_price=1050&stock_status=onsale&per_row=4&shop_view=grid" "Mozilla/5.0 (Linux; Android 7.0;) AppleWebKit/537.36 (KHTML, like Gecko) Mobile Safari/537.36 (compatible; PetalBot;+https://webmaster.petalsearch.com/site/petalbot)"
103.131.51.123 - - [14/Jan/2026:07:12:40 +0700] "POST /wp-cron.php?doing_wp_cron=1768349560.6821599006652832031250 HTTP/1.1" 200 474 "-" "WordPress/6.9; https://view.lotushomemade.com"
114.119.149.78 - - [14/Jan/2026:07:12:36 +0700] "GET /shop/page/28/?orderby=rating&stock_status=instock&per_page=12 HTTP/1.1" 200 39681 "https://view.lotushomemade.com/shop/page/27/?orderby=rating&stock_status=instock&per_page=12" "Mozilla/5.0 (Linux; Android 7.0;) AppleWebKit/537.36 (KHTML, like Gecko) Mobile Safari/537.36 (compatible; PetalBot;+https://webmaster.petalsearch.com/site/petalbot)"
103.131.51.123 - - [14/Jan/2026:07:17:11 +0700] "POST /wp-cron.php?doing_wp_cron=1768349831.9334590435028076171875 HTTP/1.1" 200 474 "-" "WordPress/6.9; https://view.lotushomemade.com"
114.119.148.197 - - [14/Jan/2026:07:17:08 +0700] "GET /shop/page/28/?orderby=popularity&per_row=4&shop_view=grid&stock_status=instock HTTP/1.1" 200 39710 "https://view.lotushomemade.com/shop/page/27/?orderby=popularity&per_row=4&shop_view=grid&stock_status=instock" "Mozilla/5.0 (Linux; Android 7.0;) AppleWebKit/537.36 (KHTML, like Gecko) Mobile Safari/537.36 (compatible; PetalBot;+https://webmaster.petalsearch.com/site/petalbot)"
114.119.156.27 - - [14/Jan/2026:07:17:27 +0700] "GET /shop/page/23/?orderby=price-desc&per_page=8&shop_view=grid&per_row=6 HTTP/1.1" 200 39497 "https://view.lotushomemade.com/shop/page/26/?orderby=price-desc&per_page=8&shop_view=grid&per_row=6" "Mozilla/5.0 (Linux; Android 7.0;) AppleWebKit/537.36 (KHTML, like Gecko) Mobile Safari/537.36 (compatible; PetalBot;+https://webmaster.petalsearch.com/site/petalbot)"
103.131.51.123 - - [14/Jan/2026:07:17:53 +0700] "POST /wp-cron.php?doing_wp_cron=1768349873.2006959915161132812500 HTTP/1.1" 200 474 "-" "WordPress/6.9; https://view.lotushomemade.com"
114.119.150.215 - - [14/Jan/2026:07:17:51 +0700] "GET /shop/page/2/?orderby=price&per_row=6&per_page=8&shop_view=grid HTTP/1.1" 200 39572 "https://view.lotushomemade.com/shop/page/43/?orderby=price&per_row=6&per_page=8&shop_view=grid" "Mozilla/5.0 (Linux; Android 7.0;) AppleWebKit/537.36 (KHTML, like Gecko) Mobile Safari/537.36 (compatible; PetalBot;+https://webmaster.petalsearch.com/site/petalbot)"
114.119.156.27 - - [14/Jan/2026:07:18:24 +0700] "GET /shop/page/2/?orderby=date&shop_view=grid&per_row=4 HTTP/1.1" 200 40343 "https://view.lotushomemade.com/shop/page/6?orderby=date&shop_view=grid&per_row=4" "Mozilla/5.0 (Linux; Android 7.0;) AppleWebKit/537.36 (KHTML, like Gecko) Mobile Safari/537.36 (compatible; PetalBot;+https://webmaster.petalsearch.com/site/petalbot)"
103.131.51.123 - - [14/Jan/2026:07:19:41 +0700] "POST /wp-cron.php?doing_wp_cron=1768349981.4447679519653320312500 HTTP/1.1" 200 474 "-" "WordPress/6.9; https://view.lotushomemade.com"
40.77.167.48 - - [14/Jan/2026:07:19:37 +0700] "GET /product/taofu-crispy-l/ HTTP/2" 200 35846 "-" "Mozilla/5.0 AppleWebKit/537.36 (KHTML, like Gecko; compatible; bingbot/2.0; +http://www.bing.com/bingbot.htm) Chrome/116.0.1938.76 Safari/537.36"
114.119.151.206 - - [14/Jan/2026:07:19:57 +0700] "GET /shop/page/2/?orderby=date&per_row=4&per_page=12&shop_view=grid HTTP/1.1" 200 40422 "https://view.lotushomemade.com/shop/page/18/?orderby=date&per_row=4&per_page=12&shop_view=grid" "Mozilla/5.0 (Linux; Android 7.0;) AppleWebKit/537.36 (KHTML, like Gecko) Mobile Safari/537.36 (compatible; PetalBot;+https://webmaster.petalsearch.com/site/petalbot)"
103.131.51.123 - - [14/Jan/2026:07:21:06 +0700] "POST /wp-cron.php?doing_wp_cron=1768350066.4882578849792480468750 HTTP/1.1" 200 474 "-" "WordPress/6.9; https://view.lotushomemade.com"
114.119.149.78 - - [14/Jan/2026:07:21:05 +0700] "GET /shop/page/2/?orderby=date&per_row=2&shop_view=grid&stock_status=instock,onsale HTTP/1.1" 301 633 "https://view.lotushomemade.com/shop?orderby=date&per_row=2&shop_view=grid&stock_status=instock%2Consale" "Mozilla/5.0 (Linux; Android 7.0;) AppleWebKit/537.36 (KHTML, like Gecko) Mobile Safari/537.36 (compatible; PetalBot;+https://webmaster.petalsearch.com/site/petalbot)"
114.119.149.78 - - [14/Jan/2026:07:21:06 +0700] "GET /shop/page/2/?orderby=date&per_row=2&shop_view=grid&stock_status=instock,onsale HTTP/1.1" 301 633 "https://view.lotushomemade.com/shop?orderby=date&per_row=2&shop_view=grid&stock_status=instock%2Consale" "Mozilla/5.0 (Linux; Android 7.0;) AppleWebKit/537.36 (KHTML, like Gecko) Mobile Safari/537.36 (compatible; PetalBot;+https://webmaster.petalsearch.com/site/petalbot)"
114.119.149.78 - - [14/Jan/2026:07:21:07 +0700] "GET /shop/page/2/?orderby=date&per_row=2&shop_view=grid&stock_status=instock,onsale HTTP/1.1" 301 633 "https://view.lotushomemade.com/shop?orderby=date&per_row=2&shop_view=grid&stock_status=instock%2Consale" "Mozilla/5.0 (Linux; Android 7.0;) AppleWebKit/537.36 (KHTML, like Gecko) Mobile Safari/537.36 (compatible; PetalBot;+https://webmaster.petalsearch.com/site/petalbot)"
114.119.149.78 - - [14/Jan/2026:07:21:07 +0700] "GET /shop/page/2/?orderby=date&per_row=2&shop_view=grid&stock_status=instock,onsale HTTP/1.1" 301 633 "https://view.lotushomemade.com/shop?orderby=date&per_row=2&shop_view=grid&stock_status=instock%2Consale" "Mozilla/5.0 (Linux; Android 7.0;) AppleWebKit/537.36 (KHTML, like Gecko) Mobile Safari/537.36 (compatible; PetalBot;+https://webmaster.petalsearch.com/site/petalbot)"
114.119.149.78 - - [14/Jan/2026:07:21:08 +0700] "GET /shop/page/2/?orderby=date&per_row=2&shop_view=grid&stock_status=instock,onsale HTTP/1.1" 301 633 "https://view.lotushomemade.com/shop?orderby=date&per_row=2&shop_view=grid&stock_status=instock%2Consale" "Mozilla/5.0 (Linux; Android 7.0;) AppleWebKit/537.36 (KHTML, like Gecko) Mobile Safari/537.36 (compatible; PetalBot;+https://webmaster.petalsearch.com/site/petalbot)"
114.119.149.78 - - [14/Jan/2026:07:21:08 +0700] "GET /shop/page/2/?orderby=date&per_row=2&shop_view=grid&stock_status=instock,onsale HTTP/1.1" 301 633 "https://view.lotushomemade.com/shop?orderby=date&per_row=2&shop_view=grid&stock_status=instock%2Consale" "Mozilla/5.0 (Linux; Android 7.0;) AppleWebKit/537.36 (KHTML, like Gecko) Mobile Safari/537.36 (compatible; PetalBot;+https://webmaster.petalsearch.com/site/petalbot)"
114.119.149.78 - - [14/Jan/2026:07:21:09 +0700] "GET /shop/page/2/?orderby=date&per_row=2&shop_view=grid&stock_status=instock,onsale HTTP/1.1" 301 633 "https://view.lotushomemade.com/shop?orderby=date&per_row=2&shop_view=grid&stock_status=instock%2Consale" "Mozilla/5.0 (Linux; Android 7.0;) AppleWebKit/537.36 (KHTML, like Gecko) Mobile Safari/537.36 (compatible; PetalBot;+https://webmaster.petalsearch.com/site/petalbot)"
114.119.149.78 - - [14/Jan/2026:07:21:09 +0700] "GET /shop/page/2/?orderby=date&per_row=2&shop_view=grid&stock_status=instock,onsale HTTP/1.1" 301 633 "https://view.lotushomemade.com/shop?orderby=date&per_row=2&shop_view=grid&stock_status=instock%2Consale" "Mozilla/5.0 (Linux; Android 7.0;) AppleWebKit/537.36 (KHTML, like Gecko) Mobile Safari/537.36 (compatible; PetalBot;+https://webmaster.petalsearch.com/site/petalbot)"
114.119.149.78 - - [14/Jan/2026:07:21:09 +0700] "GET /shop/page/2/?orderby=date&per_row=2&shop_view=grid&stock_status=instock,onsale HTTP/1.1" 301 633 "https://view.lotushomemade.com/shop?orderby=date&per_row=2&shop_view=grid&stock_status=instock%2Consale" "Mozilla/5.0 (Linux; Android 7.0;) AppleWebKit/537.36 (KHTML, like Gecko) Mobile Safari/537.36 (compatible; PetalBot;+https://webmaster.petalsearch.com/site/petalbot)"
114.119.149.78 - - [14/Jan/2026:07:21:10 +0700] "GET /shop/page/2/?orderby=date&per_row=2&shop_view=grid&stock_status=instock,onsale HTTP/1.1" 301 633 "https://view.lotushomemade.com/shop?orderby=date&per_row=2&shop_view=grid&stock_status=instock%2Consale" "Mozilla/5.0 (Linux; Android 7.0;) AppleWebKit/537.36 (KHTML, like Gecko) Mobile Safari/537.36 (compatible; PetalBot;+https://webmaster.petalsearch.com/site/petalbot)"
103.131.51.123 - - [14/Jan/2026:07:22:13 +0700] "POST /wp-cron.php?doing_wp_cron=1768350133.9302980899810791015625 HTTP/1.1" 200 474 "-" "WordPress/6.9; https://view.lotushomemade.com"
78.180.54.55 - - [14/Jan/2026:07:22:12 +0700] "GET /product/peanut-cake_8080-s/?add-to-cart=8641 HTTP/1.1" 200 38364 "-" "Mozilla/5.0 (compatible; MSIE 5.0; Windows NT 5.01; Trident/4.1)"
114.119.149.78 - - [14/Jan/2026:07:22:29 +0700] "GET /shop/page/2/?min_price=0&stock_status=instock&shop_view=grid&per_row=6 HTTP/1.1" 200 40580 "https://view.lotushomemade.com/shop/page/7/?min_price=0&stock_status=instock&shop_view=grid&per_row=6" "Mozilla/5.0 (Linux; Android 7.0;) AppleWebKit/537.36 (KHTML, like Gecko) Mobile Safari/537.36 (compatible; PetalBot;+https://webmaster.petalsearch.com/site/petalbot)"
103.131.51.123 - - [14/Jan/2026:07:24:00 +0700] "POST /wp-cron.php?doing_wp_cron=1768350240.3143970966339111328125 HTTP/1.1" 200 474 "-" "WordPress/6.9; https://view.lotushomemade.com"
114.119.130.97 - - [14/Jan/2026:07:23:57 +0700] "GET /shop?stock_status=instock,onsale&per_row=6&shop_view=grid&filter_brand=hss HTTP/1.1" 301 628 "https://view.lotushomemade.com/shop?per_row=6&shop_view=grid&filter_brand=hss&stock_status=instock%2Consale" "Mozilla/5.0 (Linux; Android 7.0;) AppleWebKit/537.36 (KHTML, like Gecko) Mobile Safari/537.36 (compatible; PetalBot;+https://webmaster.petalsearch.com/site/petalbot)"
114.119.130.97 - - [14/Jan/2026:07:24:00 +0700] "GET /shop/?stock_status=instock,onsale&per_row=6&shop_view=grid&filter_brand=hss HTTP/1.1" 200 38820 "https://view.lotushomemade.com/shop?per_row=6&shop_view=grid&filter_brand=hss&stock_status=instock%2Consale" "Mozilla/5.0 (Linux; Android 7.0;) AppleWebKit/537.36 (KHTML, like Gecko) Mobile Safari/537.36 (compatible; PetalBot;+https://webmaster.petalsearch.com/site/petalbot)"
103.131.51.123 - - [14/Jan/2026:07:24:37 +0700] "POST /wp-cron.php?doing_wp_cron=1768350277.3896150588989257812500 HTTP/1.1" 200 474 "-" "WordPress/6.9; https://view.lotushomemade.com"
202.9.46.164 - - [14/Jan/2026:07:24:35 +0700] "GET /product/scs-butter-sunkit-orange-ball-sg/ HTTP/1.1" 200 36985 "-" "Mozilla/5.0 (Windows; U; Windows NT 10.0) AppleWebKit/532.5.4 (KHTML, like Gecko) Version/4.0.4 Safari/532.5.4"
114.119.148.197 - - [14/Jan/2026:07:25:16 +0700] "GET /shop?orderby=rating&per_page=12&stock_status=instock,onsale HTTP/1.1" 301 571 "https://view.lotushomemade.com/shop/page/6?orderby=rating&per_page=12&stock_status=onsale" "Mozilla/5.0 (Linux; Android 7.0;) AppleWebKit/537.36 (KHTML, like Gecko) Mobile Safari/537.36 (compatible; PetalBot;+https://webmaster.petalsearch.com/site/petalbot)"
114.119.148.197 - - [14/Jan/2026:07:25:17 +0700] "GET /shop/?orderby=rating&per_page=12&stock_status=instock,onsale HTTP/1.1" 200 41263 "https://view.lotushomemade.com/shop/page/6?orderby=rating&per_page=12&stock_status=onsale" "Mozilla/5.0 (Linux; Android 7.0;) AppleWebKit/537.36 (KHTML, like Gecko) Mobile Safari/537.36 (compatible; PetalBot;+https://webmaster.petalsearch.com/site/petalbot)"
103.131.51.123 - - [14/Jan/2026:07:26:42 +0700] "POST /wp-cron.php?doing_wp_cron=1768350402.8202700614929199218750 HTTP/1.1" 200 474 "-" "WordPress/6.9; https://view.lotushomemade.com"
