114.119.156.27 - - [14/Jan/2026:18:24:04 +0700] "GET /shop/page/2/?min_price=0&per_page=8&shop_view=grid&per_row=4 HTTP/1.1" 200 39981 "https://view.lotushomemade.com/shop/page/35/?min_price=0&per_page=8&shop_view=grid&per_row=4" "Mozilla/5.0 (Linux; Android 7.0;) AppleWebKit/537.36 (KHTML, like Gecko) Mobile Safari/537.36 (compatible; PetalBot;+https://webmaster.petalsearch.com/site/petalbot)"
114.119.142.208 - - [14/Jan/2026:18:24:20 +0700] "GET /shop/page/2/?min_price=0&per_page=24&shop_view=grid&per_row=2 HTTP/1.1" 200 42688 "https://view.lotushomemade.com/shop/page/5/?min_price=0&per_page=24&shop_view=grid&per_row=2" "Mozilla/5.0 (Linux; Android 7.0;) AppleWebKit/537.36 (KHTML, like Gecko) Mobile Safari/537.36 (compatible; PetalBot;+https://webmaster.petalsearch.com/site/petalbot)"
103.131.51.123 - - [14/Jan/2026:18:24:44 +0700] "POST /wp-cron.php?doing_wp_cron=1768389884.5555460453033447265625 HTTP/1.1" 200 474 "-" "WordPress/6.9; https://view.lotushomemade.com"
114.119.150.215 - - [14/Jan/2026:18:24:43 +0700] "GET /shop/page/2/?min_price=0&max_price=260&per_page=8&stock_status=instock HTTP/1.1" 200 40145 "https://view.lotushomemade.com/shop/page/31/?min_price=0&max_price=260&per_page=8&stock_status=instock" "Mozilla/5.0 (Linux; Android 7.0;) AppleWebKit/537.36 (KHTML, like Gecko) Mobile Safari/537.36 (compatible; PetalBot;+https://webmaster.petalsearch.com/site/petalbot)"
114.119.149.78 - - [14/Jan/2026:18:25:19 +0700] "GET /shop/page/2/?max_price=1050&per_row=2&shop_view=grid&stock_status=instock,onsale HTTP/1.1" 301 635 "https://view.lotushomemade.com/shop?max_price=1050&per_row=2&shop_view=grid&stock_status=instock%2Consale" "Mozilla/5.0 (Linux; Android 7.0;) AppleWebKit/537.36 (KHTML, like Gecko) Mobile Safari/537.36 (compatible; PetalBot;+https://webmaster.petalsearch.com/site/petalbot)"
114.119.149.78 - - [14/Jan/2026:18:25:20 +0700] "GET /shop/page/2/?max_price=1050&per_row=2&shop_view=grid&stock_status=instock,onsale HTTP/1.1" 301 635 "https://view.lotushomemade.com/shop?max_price=1050&per_row=2&shop_view=grid&stock_status=instock%2Consale" "Mozilla/5.0 (Linux; Android 7.0;) AppleWebKit/537.36 (KHTML, like Gecko) Mobile Safari/537.36 (compatible; PetalBot;+https://webmaster.petalsearch.com/site/petalbot)"
114.119.149.78 - - [14/Jan/2026:18:25:21 +0700] "GET /shop/page/2/?max_price=1050&per_row=2&shop_view=grid&stock_status=instock,onsale HTTP/1.1" 301 635 "https://view.lotushomemade.com/shop?max_price=1050&per_row=2&shop_view=grid&stock_status=instock%2Consale" "Mozilla/5.0 (Linux; Android 7.0;) AppleWebKit/537.36 (KHTML, like Gecko) Mobile Safari/537.36 (compatible; PetalBot;+https://webmaster.petalsearch.com/site/petalbot)"
114.119.149.78 - - [14/Jan/2026:18:25:21 +0700] "GET /shop/page/2/?max_price=1050&per_row=2&shop_view=grid&stock_status=instock,onsale HTTP/1.1" 301 635 "https://view.lotushomemade.com/shop?max_price=1050&per_row=2&shop_view=grid&stock_status=instock%2Consale" "Mozilla/5.0 (Linux; Android 7.0;) AppleWebKit/537.36 (KHTML, like Gecko) Mobile Safari/537.36 (compatible; PetalBot;+https://webmaster.petalsearch.com/site/petalbot)"
114.119.149.78 - - [14/Jan/2026:18:25:22 +0700] "GET /shop/page/2/?max_price=1050&per_row=2&shop_view=grid&stock_status=instock,onsale HTTP/1.1" 301 635 "https://view.lotushomemade.com/shop?max_price=1050&per_row=2&shop_view=grid&stock_status=instock%2Consale" "Mozilla/5.0 (Linux; Android 7.0;) AppleWebKit/537.36 (KHTML, like Gecko) Mobile Safari/537.36 (compatible; PetalBot;+https://webmaster.petalsearch.com/site/petalbot)"
114.119.149.78 - - [14/Jan/2026:18:25:22 +0700] "GET /shop/page/2/?max_price=1050&per_row=2&shop_view=grid&stock_status=instock,onsale HTTP/1.1" 301 635 "https://view.lotushomemade.com/shop?max_price=1050&per_row=2&shop_view=grid&stock_status=instock%2Consale" "Mozilla/5.0 (Linux; Android 7.0;) AppleWebKit/537.36 (KHTML, like Gecko) Mobile Safari/537.36 (compatible; PetalBot;+https://webmaster.petalsearch.com/site/petalbot)"
114.119.149.78 - - [14/Jan/2026:18:25:23 +0700] "GET /shop/page/2/?max_price=1050&per_row=2&shop_view=grid&stock_status=instock,onsale HTTP/1.1" 301 635 "https://view.lotushomemade.com/shop?max_price=1050&per_row=2&shop_view=grid&stock_status=instock%2Consale" "Mozilla/5.0 (Linux; Android 7.0;) AppleWebKit/537.36 (KHTML, like Gecko) Mobile Safari/537.36 (compatible; PetalBot;+https://webmaster.petalsearch.com/site/petalbot)"
114.119.149.78 - - [14/Jan/2026:18:25:23 +0700] "GET /shop/page/2/?max_price=1050&per_row=2&shop_view=grid&stock_status=instock,onsale HTTP/1.1" 301 635 "https://view.lotushomemade.com/shop?max_price=1050&per_row=2&shop_view=grid&stock_status=instock%2Consale" "Mozilla/5.0 (Linux; Android 7.0;) AppleWebKit/537.36 (KHTML, like Gecko) Mobile Safari/537.36 (compatible; PetalBot;+https://webmaster.petalsearch.com/site/petalbot)"
114.119.149.78 - - [14/Jan/2026:18:25:24 +0700] "GET /shop/page/2/?max_price=1050&per_row=2&shop_view=grid&stock_status=instock,onsale HTTP/1.1" 301 635 "https://view.lotushomemade.com/shop?max_price=1050&per_row=2&shop_view=grid&stock_status=instock%2Consale" "Mozilla/5.0 (Linux; Android 7.0;) AppleWebKit/537.36 (KHTML, like Gecko) Mobile Safari/537.36 (compatible; PetalBot;+https://webmaster.petalsearch.com/site/petalbot)"
114.119.149.78 - - [14/Jan/2026:18:25:24 +0700] "GET /shop/page/2/?max_price=1050&per_row=2&shop_view=grid&stock_status=instock,onsale HTTP/1.1" 301 635 "https://view.lotushomemade.com/shop?max_price=1050&per_row=2&shop_view=grid&stock_status=instock%2Consale" "Mozilla/5.0 (Linux; Android 7.0;) AppleWebKit/537.36 (KHTML, like Gecko) Mobile Safari/537.36 (compatible; PetalBot;+https://webmaster.petalsearch.com/site/petalbot)"
103.131.51.123 - - [14/Jan/2026:18:26:45 +0700] "POST /wp-cron.php?doing_wp_cron=1768390005.3303849697113037109375 HTTP/1.1" 200 474 "-" "WordPress/6.9; https://view.lotushomemade.com"
114.119.149.78 - - [14/Jan/2026:18:26:42 +0700] "GET /shop/page/2/?max_price=1040&stock_status=instock,onsale&per_page=24 HTTP/1.1" 301 580 "https://view.lotushomemade.com/shop?max_price=1040&stock_status=instock%2Consale&per_page=24" "Mozilla/5.0 (Linux; Android 7.0;) AppleWebKit/537.36 (KHTML, like Gecko) Mobile Safari/537.36 (compatible; PetalBot;+https://webmaster.petalsearch.com/site/petalbot)"
114.119.149.78 - - [14/Jan/2026:18:26:46 +0700] "GET /shop/page/2/?max_price=1040&stock_status=instock,onsale&per_page=24 HTTP/1.1" 301 580 "https://view.lotushomemade.com/shop?max_price=1040&stock_status=instock%2Consale&per_page=24" "Mozilla/5.0 (Linux; Android 7.0;) AppleWebKit/537.36 (KHTML, like Gecko) Mobile Safari/537.36 (compatible; PetalBot;+https://webmaster.petalsearch.com/site/petalbot)"
114.119.149.78 - - [14/Jan/2026:18:26:46 +0700] "GET /shop/page/2/?max_price=1040&stock_status=instock,onsale&per_page=24 HTTP/1.1" 301 580 "https://view.lotushomemade.com/shop?max_price=1040&stock_status=instock%2Consale&per_page=24" "Mozilla/5.0 (Linux; Android 7.0;) AppleWebKit/537.36 (KHTML, like Gecko) Mobile Safari/537.36 (compatible; PetalBot;+https://webmaster.petalsearch.com/site/petalbot)"
114.119.149.78 - - [14/Jan/2026:18:26:47 +0700] "GET /shop/page/2/?max_price=1040&stock_status=instock,onsale&per_page=24 HTTP/1.1" 301 580 "https://view.lotushomemade.com/shop?max_price=1040&stock_status=instock%2Consale&per_page=24" "Mozilla/5.0 (Linux; Android 7.0;) AppleWebKit/537.36 (KHTML, like Gecko) Mobile Safari/537.36 (compatible; PetalBot;+https://webmaster.petalsearch.com/site/petalbot)"
114.119.149.78 - - [14/Jan/2026:18:26:48 +0700] "GET /shop/page/2/?max_price=1040&stock_status=instock,onsale&per_page=24 HTTP/1.1" 301 580 "https://view.lotushomemade.com/shop?max_price=1040&stock_status=instock%2Consale&per_page=24" "Mozilla/5.0 (Linux; Android 7.0;) AppleWebKit/537.36 (KHTML, like Gecko) Mobile Safari/537.36 (compatible; PetalBot;+https://webmaster.petalsearch.com/site/petalbot)"
114.119.149.78 - - [14/Jan/2026:18:26:49 +0700] "GET /shop/page/2/?max_price=1040&stock_status=instock,onsale&per_page=24 HTTP/1.1" 301 580 "https://view.lotushomemade.com/shop?max_price=1040&stock_status=instock%2Consale&per_page=24" "Mozilla/5.0 (Linux; Android 7.0;) AppleWebKit/537.36 (KHTML, like Gecko) Mobile Safari/537.36 (compatible; PetalBot;+https://webmaster.petalsearch.com/site/petalbot)"
114.119.149.78 - - [14/Jan/2026:18:26:50 +0700] "GET /shop/page/2/?max_price=1040&stock_status=instock,onsale&per_page=24 HTTP/1.1" 301 580 "https://view.lotushomemade.com/shop?max_price=1040&stock_status=instock%2Consale&per_page=24" "Mozilla/5.0 (Linux; Android 7.0;) AppleWebKit/537.36 (KHTML, like Gecko) Mobile Safari/537.36 (compatible; PetalBot;+https://webmaster.petalsearch.com/site/petalbot)"
114.119.149.78 - - [14/Jan/2026:18:26:52 +0700] "GET /shop/page/2/?max_price=1040&stock_status=instock,onsale&per_page=24 HTTP/1.1" 301 580 "https://view.lotushomemade.com/shop?max_price=1040&stock_status=instock%2Consale&per_page=24" "Mozilla/5.0 (Linux; Android 7.0;) AppleWebKit/537.36 (KHTML, like Gecko) Mobile Safari/537.36 (compatible; PetalBot;+https://webmaster.petalsearch.com/site/petalbot)"
114.119.149.78 - - [14/Jan/2026:18:26:52 +0700] "GET /shop/page/2/?max_price=1040&stock_status=instock,onsale&per_page=24 HTTP/1.1" 301 580 "https://view.lotushomemade.com/shop?max_price=1040&stock_status=instock%2Consale&per_page=24" "Mozilla/5.0 (Linux; Android 7.0;) AppleWebKit/537.36 (KHTML, like Gecko) Mobile Safari/537.36 (compatible; PetalBot;+https://webmaster.petalsearch.com/site/petalbot)"
114.119.149.78 - - [14/Jan/2026:18:26:53 +0700] "GET /shop/page/2/?max_price=1040&stock_status=instock,onsale&per_page=24 HTTP/1.1" 301 580 "https://view.lotushomemade.com/shop?max_price=1040&stock_status=instock%2Consale&per_page=24" "Mozilla/5.0 (Linux; Android 7.0;) AppleWebKit/537.36 (KHTML, like Gecko) Mobile Safari/537.36 (compatible; PetalBot;+https://webmaster.petalsearch.com/site/petalbot)"
114.119.145.110 - - [14/Jan/2026:18:27:40 +0700] "GET /shop/page/2/?max_price=1040&stock_status=instock,onsale&per_page=18 HTTP/1.1" 301 580 "https://view.lotushomemade.com/shop?max_price=1040&stock_status=instock%2Consale&per_page=18" "Mozilla/5.0 (Linux; Android 7.0;) AppleWebKit/537.36 (KHTML, like Gecko) Mobile Safari/537.36 (compatible; PetalBot;+https://webmaster.petalsearch.com/site/petalbot)"
114.119.145.110 - - [14/Jan/2026:18:27:42 +0700] "GET /shop/page/2/?max_price=1040&stock_status=instock,onsale&per_page=18 HTTP/1.1" 301 580 "https://view.lotushomemade.com/shop?max_price=1040&stock_status=instock%2Consale&per_page=18" "Mozilla/5.0 (Linux; Android 7.0;) AppleWebKit/537.36 (KHTML, like Gecko) Mobile Safari/537.36 (compatible; PetalBot;+https://webmaster.petalsearch.com/site/petalbot)"
114.119.145.110 - - [14/Jan/2026:18:27:44 +0700] "GET /shop/page/2/?max_price=1040&stock_status=instock,onsale&per_page=18 HTTP/1.1" 301 580 "https://view.lotushomemade.com/shop?max_price=1040&stock_status=instock%2Consale&per_page=18" "Mozilla/5.0 (Linux; Android 7.0;) AppleWebKit/537.36 (KHTML, like Gecko) Mobile Safari/537.36 (compatible; PetalBot;+https://webmaster.petalsearch.com/site/petalbot)"
114.119.145.110 - - [14/Jan/2026:18:27:44 +0700] "GET /shop/page/2/?max_price=1040&stock_status=instock,onsale&per_page=18 HTTP/1.1" 301 580 "https://view.lotushomemade.com/shop?max_price=1040&stock_status=instock%2Consale&per_page=18" "Mozilla/5.0 (Linux; Android 7.0;) AppleWebKit/537.36 (KHTML, like Gecko) Mobile Safari/537.36 (compatible; PetalBot;+https://webmaster.petalsearch.com/site/petalbot)"
114.119.145.110 - - [14/Jan/2026:18:27:45 +0700] "GET /shop/page/2/?max_price=1040&stock_status=instock,onsale&per_page=18 HTTP/1.1" 301 580 "https://view.lotushomemade.com/shop?max_price=1040&stock_status=instock%2Consale&per_page=18" "Mozilla/5.0 (Linux; Android 7.0;) AppleWebKit/537.36 (KHTML, like Gecko) Mobile Safari/537.36 (compatible; PetalBot;+https://webmaster.petalsearch.com/site/petalbot)"
114.119.145.110 - - [14/Jan/2026:18:27:45 +0700] "GET /shop/page/2/?max_price=1040&stock_status=instock,onsale&per_page=18 HTTP/1.1" 301 580 "https://view.lotushomemade.com/shop?max_price=1040&stock_status=instock%2Consale&per_page=18" "Mozilla/5.0 (Linux; Android 7.0;) AppleWebKit/537.36 (KHTML, like Gecko) Mobile Safari/537.36 (compatible; PetalBot;+https://webmaster.petalsearch.com/site/petalbot)"
114.119.145.110 - - [14/Jan/2026:18:27:46 +0700] "GET /shop/page/2/?max_price=1040&stock_status=instock,onsale&per_page=18 HTTP/1.1" 301 580 "https://view.lotushomemade.com/shop?max_price=1040&stock_status=instock%2Consale&per_page=18" "Mozilla/5.0 (Linux; Android 7.0;) AppleWebKit/537.36 (KHTML, like Gecko) Mobile Safari/537.36 (compatible; PetalBot;+https://webmaster.petalsearch.com/site/petalbot)"
114.119.145.110 - - [14/Jan/2026:18:27:46 +0700] "GET /shop/page/2/?max_price=1040&stock_status=instock,onsale&per_page=18 HTTP/1.1" 301 580 "https://view.lotushomemade.com/shop?max_price=1040&stock_status=instock%2Consale&per_page=18" "Mozilla/5.0 (Linux; Android 7.0;) AppleWebKit/537.36 (KHTML, like Gecko) Mobile Safari/537.36 (compatible; PetalBot;+https://webmaster.petalsearch.com/site/petalbot)"
114.119.145.110 - - [14/Jan/2026:18:27:47 +0700] "GET /shop/page/2/?max_price=1040&stock_status=instock,onsale&per_page=18 HTTP/1.1" 301 580 "https://view.lotushomemade.com/shop?max_price=1040&stock_status=instock%2Consale&per_page=18" "Mozilla/5.0 (Linux; Android 7.0;) AppleWebKit/537.36 (KHTML, like Gecko) Mobile Safari/537.36 (compatible; PetalBot;+https://webmaster.petalsearch.com/site/petalbot)"
114.119.145.110 - - [14/Jan/2026:18:27:48 +0700] "GET /shop/page/2/?max_price=1040&stock_status=instock,onsale&per_page=18 HTTP/1.1" 301 580 "https://view.lotushomemade.com/shop?max_price=1040&stock_status=instock%2Consale&per_page=18" "Mozilla/5.0 (Linux; Android 7.0;) AppleWebKit/537.36 (KHTML, like Gecko) Mobile Safari/537.36 (compatible; PetalBot;+https://webmaster.petalsearch.com/site/petalbot)"
103.131.51.123 - - [14/Jan/2026:18:28:56 +0700] "POST /wp-cron.php?doing_wp_cron=1768390136.7267069816589355468750 HTTP/1.1" 200 474 "-" "WordPress/6.9; https://view.lotushomemade.com"
57.141.16.21 - - [14/Jan/2026:18:28:54 +0700] "GET /product-category/traditional-cookies-series/page/12/?add-to-cart=17137 HTTP/2" 200 242399 "-" "meta-externalagent/1.1 (+https://developers.facebook.com/docs/sharing/webmasters/crawler)"
114.119.150.215 - - [14/Jan/2026:18:29:03 +0700] "GET /shop/page/2/?max_price=1040&per_page=18&stock_status=instock,onsale HTTP/1.1" 301 580 "https://view.lotushomemade.com/shop?max_price=1040&per_page=18&stock_status=instock%2Consale" "Mozilla/5.0 (Linux; Android 7.0;) AppleWebKit/537.36 (KHTML, like Gecko) Mobile Safari/537.36 (compatible; PetalBot;+https://webmaster.petalsearch.com/site/petalbot)"
114.119.150.215 - - [14/Jan/2026:18:29:04 +0700] "GET /shop/page/2/?max_price=1040&per_page=18&stock_status=instock,onsale HTTP/1.1" 301 580 "https://view.lotushomemade.com/shop?max_price=1040&per_page=18&stock_status=instock%2Consale" "Mozilla/5.0 (Linux; Android 7.0;) AppleWebKit/537.36 (KHTML, like Gecko) Mobile Safari/537.36 (compatible; PetalBot;+https://webmaster.petalsearch.com/site/petalbot)"
114.119.150.215 - - [14/Jan/2026:18:29:04 +0700] "GET /shop/page/2/?max_price=1040&per_page=18&stock_status=instock,onsale HTTP/1.1" 301 580 "https://view.lotushomemade.com/shop?max_price=1040&per_page=18&stock_status=instock%2Consale" "Mozilla/5.0 (Linux; Android 7.0;) AppleWebKit/537.36 (KHTML, like Gecko) Mobile Safari/537.36 (compatible; PetalBot;+https://webmaster.petalsearch.com/site/petalbot)"
114.119.150.215 - - [14/Jan/2026:18:29:05 +0700] "GET /shop/page/2/?max_price=1040&per_page=18&stock_status=instock,onsale HTTP/1.1" 301 580 "https://view.lotushomemade.com/shop?max_price=1040&per_page=18&stock_status=instock%2Consale" "Mozilla/5.0 (Linux; Android 7.0;) AppleWebKit/537.36 (KHTML, like Gecko) Mobile Safari/537.36 (compatible; PetalBot;+https://webmaster.petalsearch.com/site/petalbot)"
114.119.150.215 - - [14/Jan/2026:18:29:06 +0700] "GET /shop/page/2/?max_price=1040&per_page=18&stock_status=instock,onsale HTTP/1.1" 301 580 "https://view.lotushomemade.com/shop?max_price=1040&per_page=18&stock_status=instock%2Consale" "Mozilla/5.0 (Linux; Android 7.0;) AppleWebKit/537.36 (KHTML, like Gecko) Mobile Safari/537.36 (compatible; PetalBot;+https://webmaster.petalsearch.com/site/petalbot)"
114.119.150.215 - - [14/Jan/2026:18:29:07 +0700] "GET /shop/page/2/?max_price=1040&per_page=18&stock_status=instock,onsale HTTP/1.1" 301 580 "https://view.lotushomemade.com/shop?max_price=1040&per_page=18&stock_status=instock%2Consale" "Mozilla/5.0 (Linux; Android 7.0;) AppleWebKit/537.36 (KHTML, like Gecko) Mobile Safari/537.36 (compatible; PetalBot;+https://webmaster.petalsearch.com/site/petalbot)"
114.119.150.215 - - [14/Jan/2026:18:29:07 +0700] "GET /shop/page/2/?max_price=1040&per_page=18&stock_status=instock,onsale HTTP/1.1" 301 580 "https://view.lotushomemade.com/shop?max_price=1040&per_page=18&stock_status=instock%2Consale" "Mozilla/5.0 (Linux; Android 7.0;) AppleWebKit/537.36 (KHTML, like Gecko) Mobile Safari/537.36 (compatible; PetalBot;+https://webmaster.petalsearch.com/site/petalbot)"
114.119.150.215 - - [14/Jan/2026:18:29:08 +0700] "GET /shop/page/2/?max_price=1040&per_page=18&stock_status=instock,onsale HTTP/1.1" 301 580 "https://view.lotushomemade.com/shop?max_price=1040&per_page=18&stock_status=instock%2Consale" "Mozilla/5.0 (Linux; Android 7.0;) AppleWebKit/537.36 (KHTML, like Gecko) Mobile Safari/537.36 (compatible; PetalBot;+https://webmaster.petalsearch.com/site/petalbot)"
114.119.150.215 - - [14/Jan/2026:18:29:08 +0700] "GET /shop/page/2/?max_price=1040&per_page=18&stock_status=instock,onsale HTTP/1.1" 301 580 "https://view.lotushomemade.com/shop?max_price=1040&per_page=18&stock_status=instock%2Consale" "Mozilla/5.0 (Linux; Android 7.0;) AppleWebKit/537.36 (KHTML, like Gecko) Mobile Safari/537.36 (compatible; PetalBot;+https://webmaster.petalsearch.com/site/petalbot)"
114.119.150.215 - - [14/Jan/2026:18:29:08 +0700] "GET /shop/page/2/?max_price=1040&per_page=18&stock_status=instock,onsale HTTP/1.1" 301 580 "https://view.lotushomemade.com/shop?max_price=1040&per_page=18&stock_status=instock%2Consale" "Mozilla/5.0 (Linux; Android 7.0;) AppleWebKit/537.36 (KHTML, like Gecko) Mobile Safari/537.36 (compatible; PetalBot;+https://webmaster.petalsearch.com/site/petalbot)"
57.141.16.27 - - [14/Jan/2026:18:29:35 +0700] "GET /shop/page/11/?per_row=2&per_page=12&shop_view=grid&stock_status=onsale HTTP/2" 200 241325 "-" "meta-externalagent/1.1 (+https://developers.facebook.com/docs/sharing/webmasters/crawler)"
114.119.145.110 - - [14/Jan/2026:18:30:25 +0700] "GET /shop/page/1?per_row=6&per_page=12&shop_view=grid HTTP/1.1" 301 641 "https://view.lotushomemade.com/shop/page/8?per_row=6&per_page=12&shop_view=grid" "Mozilla/5.0 (Linux; Android 7.0;) AppleWebKit/537.36 (KHTML, like Gecko) Mobile Safari/537.36 (compatible; PetalBot;+https://webmaster.petalsearch.com/site/petalbot)"
114.119.145.110 - - [14/Jan/2026:18:30:26 +0700] "GET /shop/?per_row=6&per_page=12&shop_view=grid HTTP/1.1" 200 40962 "https://view.lotushomemade.com/shop/page/8?per_row=6&per_page=12&shop_view=grid" "Mozilla/5.0 (Linux; Android 7.0;) AppleWebKit/537.36 (KHTML, like Gecko) Mobile Safari/537.36 (compatible; PetalBot;+https://webmaster.petalsearch.com/site/petalbot)"
57.141.16.53 - - [14/Jan/2026:18:30:51 +0700] "GET /shop/page/41/?per_row=4&per_page=8&shop_view=grid&stock_status=instock%2Consale HTTP/2" 200 230402 "-" "meta-externalagent/1.1 (+https://developers.facebook.com/docs/sharing/webmasters/crawler)"
114.119.130.97 - - [14/Jan/2026:18:31:49 +0700] "GET /shop/page/1?per_row=2&per_page=12&shop_view=grid HTTP/1.1" 301 641 "https://view.lotushomemade.com/shop/page/8?per_row=2&per_page=12&shop_view=grid" "Mozilla/5.0 (Linux; Android 7.0;) AppleWebKit/537.36 (KHTML, like Gecko) Mobile Safari/537.36 (compatible; PetalBot;+https://webmaster.petalsearch.com/site/petalbot)"
114.119.130.97 - - [14/Jan/2026:18:31:50 +0700] "GET /shop/?per_row=2&per_page=12&shop_view=grid HTTP/1.1" 200 41042 "https://view.lotushomemade.com/shop/page/8?per_row=2&per_page=12&shop_view=grid" "Mozilla/5.0 (Linux; Android 7.0;) AppleWebKit/537.36 (KHTML, like Gecko) Mobile Safari/537.36 (compatible; PetalBot;+https://webmaster.petalsearch.com/site/petalbot)"
103.131.51.123 - - [14/Jan/2026:18:33:02 +0700] "POST /wp-cron.php?doing_wp_cron=1768390382.7286140918731689453125 HTTP/1.1" 200 474 "-" "WordPress/6.9; https://view.lotushomemade.com"
57.141.16.26 - - [14/Jan/2026:18:33:01 +0700] "GET /product-category/new-item/page/4/?stock_status=onsale&per_page=8&shop_view=grid&per_row=2 HTTP/2" 200 229867 "-" "meta-externalagent/1.1 (+https://developers.facebook.com/docs/sharing/webmasters/crawler)"
114.119.145.110 - - [14/Jan/2026:18:33:13 +0700] "GET /shop/page/1?orderby=price-desc&shop_view=grid&per_row=2 HTTP/1.1" 301 602 "https://view.lotushomemade.com/shop/page/3?orderby=price-desc&shop_view=grid&per_row=2" "Mozilla/5.0 (Linux; Android 7.0;) AppleWebKit/537.36 (KHTML, like Gecko) Mobile Safari/537.36 (compatible; PetalBot;+https://webmaster.petalsearch.com/site/petalbot)"
114.119.145.110 - - [14/Jan/2026:18:33:14 +0700] "GET /shop/?orderby=price-desc&shop_view=grid&per_row=2 HTTP/1.1" 200 40759 "https://view.lotushomemade.com/shop/page/3?orderby=price-desc&shop_view=grid&per_row=2" "Mozilla/5.0 (Linux; Android 7.0;) AppleWebKit/537.36 (KHTML, like Gecko) Mobile Safari/537.36 (compatible; PetalBot;+https://webmaster.petalsearch.com/site/petalbot)"
52.167.144.184 - - [14/Jan/2026:18:33:54 +0700] "GET /wp-content/uploads/2023/11/2004-150x150.png HTTP/2" 200 37956 "-" "Mozilla/5.0 AppleWebKit/537.36 (KHTML, like Gecko; compatible; bingbot/2.0; +http://www.bing.com/bingbot.htm) Chrome/116.0.1938.76 Safari/537.36"
57.141.16.46 - - [14/Jan/2026:18:34:14 +0700] "GET /product-category/traditional-cookies-series/page/8/?shop_view=grid&per_row=4 HTTP/2" 200 243130 "-" "meta-externalagent/1.1 (+https://developers.facebook.com/docs/sharing/webmasters/crawler)"
114.119.151.206 - - [14/Jan/2026:18:34:37 +0700] "GET /shop/page/1?max_price=780&stock_status=instock HTTP/1.1" 301 505 "https://view.lotushomemade.com/shop/page/3?max_price=780&stock_status=instock" "Mozilla/5.0 (Linux; Android 7.0;) AppleWebKit/537.36 (KHTML, like Gecko) Mobile Safari/537.36 (compatible; PetalBot;+https://webmaster.petalsearch.com/site/petalbot)"
114.119.151.206 - - [14/Jan/2026:18:34:37 +0700] "GET /shop/?max_price=780&stock_status=instock HTTP/1.1" 200 41094 "https://view.lotushomemade.com/shop/page/3?max_price=780&stock_status=instock" "Mozilla/5.0 (Linux; Android 7.0;) AppleWebKit/537.36 (KHTML, like Gecko) Mobile Safari/537.36 (compatible; PetalBot;+https://webmaster.petalsearch.com/site/petalbot)"
114.119.148.197 - - [14/Jan/2026:18:36:00 +0700] "GET /shop/page/1?max_price=1050&stock_status=onsale&per_row=4&shop_view=grid HTTP/1.1" 301 618 "https://view.lotushomemade.com/shop/page/18/?max_price=1050&stock_status=onsale&per_row=4&shop_view=grid" "Mozilla/5.0 (Linux; Android 7.0;) AppleWebKit/537.36 (KHTML, like Gecko) Mobile Safari/537.36 (compatible; PetalBot;+https://webmaster.petalsearch.com/site/petalbot)"
114.119.148.197 - - [14/Jan/2026:18:36:09 +0700] "GET /shop/?max_price=1050&stock_status=onsale&per_row=4&shop_view=grid HTTP/1.1" 200 41254 "https://view.lotushomemade.com/shop/page/18/?max_price=1050&stock_status=onsale&per_row=4&shop_view=grid" "Mozilla/5.0 (Linux; Android 7.0;) AppleWebKit/537.36 (KHTML, like Gecko) Mobile Safari/537.36 (compatible; PetalBot;+https://webmaster.petalsearch.com/site/petalbot)"
52.167.144.234 - - [14/Jan/2026:18:36:13 +0700] "GET /wp-content/uploads/2023/11/1073-300x300.png HTTP/2" 200 133172 "-" "Mozilla/5.0 AppleWebKit/537.36 (KHTML, like Gecko; compatible; bingbot/2.0; +http://www.bing.com/bingbot.htm) Chrome/116.0.1938.76 Safari/537.36"
57.141.16.12 - - [14/Jan/2026:18:36:58 +0700] "GET /shop/page/8/?add-to-cart=16930 HTTP/2" 200 238061 "-" "meta-externalagent/1.1 (+https://developers.facebook.com/docs/sharing/webmasters/crawler)"
103.131.51.123 - - [14/Jan/2026:18:37:24 +0700] "POST /wp-cron.php?doing_wp_cron=1768390644.8323600292205810546875 HTTP/1.1" 200 474 "-" "WordPress/6.9; https://view.lotushomemade.com"
114.119.151.206 - - [14/Jan/2026:18:37:24 +0700] "GET /shop/page/1?max_price=1050&per_page=24 HTTP/1.1" 301 543 "https://view.lotushomemade.com/shop/page/10/?max_price=1050&per_page=24" "Mozilla/5.0 (Linux; Android 7.0;) AppleWebKit/537.36 (KHTML, like Gecko) Mobile Safari/537.36 (compatible; PetalBot;+https://webmaster.petalsearch.com/site/petalbot)"
114.119.151.206 - - [14/Jan/2026:18:37:24 +0700] "GET /shop/?max_price=1050&per_page=24 HTTP/1.1" 200 43384 "https://view.lotushomemade.com/shop/page/10/?max_price=1050&per_page=24" "Mozilla/5.0 (Linux; Android 7.0;) AppleWebKit/537.36 (KHTML, like Gecko) Mobile Safari/537.36 (compatible; PetalBot;+https://webmaster.petalsearch.com/site/petalbot)"
114.119.148.197 - - [14/Jan/2026:18:38:48 +0700] "GET /shop/page/19?per_row=2&per_page=12&shop_view=grid HTTP/1.1" 301 649 "https://view.lotushomemade.com/shop/page/17/?per_row=2&per_page=12&shop_view=grid" "Mozilla/5.0 (Linux; Android 7.0;) AppleWebKit/537.36 (KHTML, like Gecko) Mobile Safari/537.36 (compatible; PetalBot;+https://webmaster.petalsearch.com/site/petalbot)"
114.119.148.197 - - [14/Jan/2026:18:39:00 +0700] "GET /shop/page/19/?per_row=2&per_page=12&shop_view=grid HTTP/1.1" 200 39957 "https://view.lotushomemade.com/shop/page/17/?per_row=2&per_page=12&shop_view=grid" "Mozilla/5.0 (Linux; Android 7.0;) AppleWebKit/537.36 (KHTML, like Gecko) Mobile Safari/537.36 (compatible; PetalBot;+https://webmaster.petalsearch.com/site/petalbot)"
103.131.51.123 - - [14/Jan/2026:18:40:08 +0700] "POST /wp-cron.php?doing_wp_cron=1768390808.2848010063171386718750 HTTP/1.1" 200 474 "-" "WordPress/6.9; https://view.lotushomemade.com"
40.77.167.33 - - [14/Jan/2026:18:40:07 +0700] "GET /product/fish-nian-gao/feed/ HTTP/2" 304 0 "-" "Mozilla/5.0 AppleWebKit/537.36 (KHTML, like Gecko; compatible; bingbot/2.0; +http://www.bing.com/bingbot.htm) Chrome/116.0.1938.76 Safari/537.36"
75.217.180.78 - - [14/Jan/2026:18:40:12 +0700] "GET /product/almond-london-c/ HTTP/1.1" 200 36599 "-" "Mozilla/5.0 (Windows; U; Windows NT 6.2) AppleWebKit/535.37.3 (KHTML, like Gecko) Version/5.0.3 Safari/535.37.3"
114.119.145.110 - - [14/Jan/2026:18:40:22 +0700] "GET /shop/page/19?orderby=price-desc&stock_status=onsale&per_page=12 HTTP/1.1" 301 575 "https://view.lotushomemade.com/shop/page/17/?orderby=price-desc&stock_status=onsale&per_page=12" "Mozilla/5.0 (Linux; Android 7.0;) AppleWebKit/537.36 (KHTML, like Gecko) Mobile Safari/537.36 (compatible; PetalBot;+https://webmaster.petalsearch.com/site/petalbot)"
114.119.145.110 - - [14/Jan/2026:18:40:23 +0700] "GET /shop/page/19/?orderby=price-desc&stock_status=onsale&per_page=12 HTTP/1.1" 200 40075 "https://view.lotushomemade.com/shop/page/17/?orderby=price-desc&stock_status=onsale&per_page=12" "Mozilla/5.0 (Linux; Android 7.0;) AppleWebKit/537.36 (KHTML, like Gecko) Mobile Safari/537.36 (compatible; PetalBot;+https://webmaster.petalsearch.com/site/petalbot)"
1.2.165.194 - - [14/Jan/2026:18:41:02 +0700] "GET /product/chocolate-mini-puff-l-2/?add-to-cart=8247 HTTP/1.1" 200 38800 "-" "Mozilla/5.0 (Macintosh; Intel Mac OS X 10_8_9 rv:3.0; pl-PL) AppleWebKit/534.17.3 (KHTML, like Gecko) Version/5.1 Safari/534.17.3"
181.16.125.101 - - [14/Jan/2026:18:41:20 +0700] "GET /product/chocolate-mini-puff-l-2/?add-to-cart=8247 HTTP/1.1" 200 38571 "-" "Opera/9.67.(X11; Linux i686; uk-UA) Presto/2.9.162 Version/11.00"
114.119.156.27 - - [14/Jan/2026:18:41:35 +0700] "GET /shop/page/19?orderby=price-desc&shop_view=grid&per_row=4 HTTP/1.1" 301 610 "https://view.lotushomemade.com/shop/page/17/?orderby=price-desc&shop_view=grid&per_row=4" "Mozilla/5.0 (Linux; Android 7.0;) AppleWebKit/537.36 (KHTML, like Gecko) Mobile Safari/537.36 (compatible; PetalBot;+https://webmaster.petalsearch.com/site/petalbot)"
114.119.156.27 - - [14/Jan/2026:18:41:36 +0700] "GET /shop/page/19/?orderby=price-desc&shop_view=grid&per_row=4 HTTP/1.1" 200 40063 "https://view.lotushomemade.com/shop/page/17/?orderby=price-desc&shop_view=grid&per_row=4" "Mozilla/5.0 (Linux; Android 7.0;) AppleWebKit/537.36 (KHTML, like Gecko) Mobile Safari/537.36 (compatible; PetalBot;+https://webmaster.petalsearch.com/site/petalbot)"
40.77.167.76 - - [14/Jan/2026:18:41:52 +0700] "GET /product-category/crispy-snack-series/100-vegan-crispy-snack-series/?shop_view=grid&per_row=4 HTTP/2" 200 32974 "-" "Mozilla/5.0 AppleWebKit/537.36 (KHTML, like Gecko; compatible; bingbot/2.0; +http://www.bing.com/bingbot.htm) Chrome/116.0.1938.76 Safari/537.36"
103.131.51.123 - - [14/Jan/2026:18:42:59 +0700] "POST /wp-cron.php?doing_wp_cron=1768390979.5803229808807373046875 HTTP/1.1" 200 474 "-" "WordPress/6.9; https://view.lotushomemade.com"
114.119.148.197 - - [14/Jan/2026:18:42:59 +0700] "GET /shop/page/19?orderby=date&stock_status=onsale&shop_view=grid&per_row=2 HTTP/1.1" 301 624 "https://view.lotushomemade.com/shop/page/16/?orderby=date&stock_status=onsale&shop_view=grid&per_row=2" "Mozilla/5.0 (Linux; Android 7.0;) AppleWebKit/537.36 (KHTML, like Gecko) Mobile Safari/537.36 (compatible; PetalBot;+https://webmaster.petalsearch.com/site/petalbot)"
114.119.148.197 - - [14/Jan/2026:18:43:00 +0700] "GET /shop/page/19/?orderby=date&stock_status=onsale&shop_view=grid&per_row=2 HTTP/1.1" 200 39783 "https://view.lotushomemade.com/shop/page/16/?orderby=date&stock_status=onsale&shop_view=grid&per_row=2" "Mozilla/5.0 (Linux; Android 7.0;) AppleWebKit/537.36 (KHTML, like Gecko) Mobile Safari/537.36 (compatible; PetalBot;+https://webmaster.petalsearch.com/site/petalbot)"
154.125.51.176 - - [14/Jan/2026:18:44:22 +0700] "GET /product/2-in1-bamboo-charcoal-mini-egg-roll-sg/?add-to-cart=344 HTTP/1.1" 200 38766 "-" "Opera/9.13.(X11; Linux i686; sr-RS) Presto/2.9.166 Version/12.00"
114.119.156.27 - - [14/Jan/2026:18:44:23 +0700] "GET /shop/page/19?min_price=0&max_price=260&stock_status=onsale HTTP/1.1" 301 524 "https://view.lotushomemade.com/shop/page/17/?min_price=0&max_price=260&stock_status=onsale" "Mozilla/5.0 (Linux; Android 7.0;) AppleWebKit/537.36 (KHTML, like Gecko) Mobile Safari/537.36 (compatible; PetalBot;+https://webmaster.petalsearch.com/site/petalbot)"
114.119.156.27 - - [14/Jan/2026:18:44:30 +0700] "GET /shop/page/19/?min_price=0&max_price=260&stock_status=onsale HTTP/1.1" 200 40270 "https://view.lotushomemade.com/shop/page/17/?min_price=0&max_price=260&stock_status=onsale" "Mozilla/5.0 (Linux; Android 7.0;) AppleWebKit/537.36 (KHTML, like Gecko) Mobile Safari/537.36 (compatible; PetalBot;+https://webmaster.petalsearch.com/site/petalbot)"
114.119.149.78 - - [14/Jan/2026:18:45:46 +0700] "GET /shop/page/19?max_price=1040&per_row=2&shop_view=grid&stock_status=onsale HTTP/1.1" 301 626 "https://view.lotushomemade.com/shop/page/16/?max_price=1040&per_row=2&shop_view=grid&stock_status=onsale" "Mozilla/5.0 (Linux; Android 7.0;) AppleWebKit/537.36 (KHTML, like Gecko) Mobile Safari/537.36 (compatible; PetalBot;+https://webmaster.petalsearch.com/site/petalbot)"
114.119.149.78 - - [14/Jan/2026:18:45:54 +0700] "GET /shop/page/19/?max_price=1040&per_row=2&shop_view=grid&stock_status=onsale HTTP/1.1" 200 40167 "https://view.lotushomemade.com/shop/page/16/?max_price=1040&per_row=2&shop_view=grid&stock_status=onsale" "Mozilla/5.0 (Linux; Android 7.0;) AppleWebKit/537.36 (KHTML, like Gecko) Mobile Safari/537.36 (compatible; PetalBot;+https://webmaster.petalsearch.com/site/petalbot)"
57.141.16.54 - - [14/Jan/2026:18:46:14 +0700] "GET /product-category/traditional-cookies-series/page/13/?stock_status=onsale&per_row=2&shop_view=grid&per_page=8 HTTP/2" 200 231727 "-" "meta-externalagent/1.1 (+https://developers.facebook.com/docs/sharing/webmasters/crawler)"
114.119.151.206 - - [14/Jan/2026:18:47:09 +0700] "GET /shop/page/19/?per_page=8&stock_status=onsale HTTP/1.1" 200 39272 "https://view.lotushomemade.com/shop/page/18/?per_page=8&stock_status=onsale" "Mozilla/5.0 (Linux; Android 7.0;) AppleWebKit/537.36 (KHTML, like Gecko) Mobile Safari/537.36 (compatible; PetalBot;+https://webmaster.petalsearch.com/site/petalbot)"
114.119.150.215 - - [14/Jan/2026:18:48:36 +0700] "GET /shop/page/19/?orderby=rating&per_row=4&shop_view=grid HTTP/1.1" 200 39760 "https://view.lotushomemade.com/shop/page/17/?orderby=rating&per_row=4&shop_view=grid" "Mozilla/5.0 (Linux; Android 7.0;) AppleWebKit/537.36 (KHTML, like Gecko) Mobile Safari/537.36 (compatible; PetalBot;+https://webmaster.petalsearch.com/site/petalbot)"
103.131.51.123 - - [14/Jan/2026:18:49:55 +0700] "POST /wp-cron.php?doing_wp_cron=1768391395.2954590320587158203125 HTTP/1.1" 200 474 "-" "WordPress/6.9; https://view.lotushomemade.com"
46.197.69.53 - - [14/Jan/2026:18:49:53 +0700] "GET /product/chocolate-mini-puff-l-2/?add-to-cart=16956 HTTP/1.1" 200 38521 "-" "Opera/9.57.(Windows NT 5.0; es-CO) Presto/2.9.183 Version/10.00"
114.119.149.78 - - [14/Jan/2026:18:49:58 +0700] "GET /shop/page/19/?orderby=rating&per_row=2&per_page=18&shop_view=grid HTTP/1.1" 200 40390 "https://view.lotushomemade.com/shop/page/18?orderby=rating&per_row=2&per_page=18&shop_view=grid" "Mozilla/5.0 (Linux; Android 7.0;) AppleWebKit/537.36 (KHTML, like Gecko) Mobile Safari/537.36 (compatible; PetalBot;+https://webmaster.petalsearch.com/site/petalbot)"
103.131.51.123 - - [14/Jan/2026:18:51:24 +0700] "POST /wp-cron.php?doing_wp_cron=1768391484.7193291187286376953125 HTTP/1.1" 200 474 "-" "WordPress/6.9; https://view.lotushomemade.com"
114.119.151.206 - - [14/Jan/2026:18:51:20 +0700] "GET /shop/page/19/?orderby=price-desc&stock_status=onsale&per_page=18 HTTP/1.1" 200 40892 "https://view.lotushomemade.com/shop/page/18/?orderby=price-desc&stock_status=onsale&per_page=18" "Mozilla/5.0 (Linux; Android 7.0;) AppleWebKit/537.36 (KHTML, like Gecko) Mobile Safari/537.36 (compatible; PetalBot;+https://webmaster.petalsearch.com/site/petalbot)"
103.131.51.123 - - [14/Jan/2026:18:51:34 +0700] "POST /wp-cron.php?doing_wp_cron=1768391494.0256109237670898437500 HTTP/1.1" 200 474 "-" "WordPress/6.9; https://view.lotushomemade.com"
74.125.151.99 - - [14/Jan/2026:18:51:32 +0700] "GET /product/sou-mian_18-inch/ HTTP/1.1" 200 36472 "-" "Mozilla/5.0 (X11; Linux x86_64) AppleWebKit/537.36 (KHTML, like Gecko) Chrome/143.0.7499.169 Safari/537.36"
103.131.51.123 - - [14/Jan/2026:18:52:51 +0700] "POST /wp-cron.php?doing_wp_cron=1768391571.4336299896240234375000 HTTP/1.1" 200 474 "-" "WordPress/6.9; https://view.lotushomemade.com"
114.119.130.97 - - [14/Jan/2026:18:52:47 +0700] "GET /shop/page/19/?orderby=price-desc&stock_status=onsale&per_page=12 HTTP/1.1" 200 40070 "https://view.lotushomemade.com/shop/page/20?orderby=price-desc&stock_status=onsale&per_page=12" "Mozilla/5.0 (Linux; Android 7.0;) AppleWebKit/537.36 (KHTML, like Gecko) Mobile Safari/537.36 (compatible; PetalBot;+https://webmaster.petalsearch.com/site/petalbot)"
114.119.130.97 - - [14/Jan/2026:18:54:09 +0700] "GET /shop/page/19/?orderby=price-desc&per_row=6&per_page=18&shop_view=grid HTTP/1.1" 200 41081 "https://view.lotushomemade.com/shop/page/19?orderby=price-desc&per_row=6&per_page=18&shop_view=grid" "Mozilla/5.0 (Linux; Android 7.0;) AppleWebKit/537.36 (KHTML, like Gecko) Mobile Safari/537.36 (compatible; PetalBot;+https://webmaster.petalsearch.com/site/petalbot)"
114.119.145.110 - - [14/Jan/2026:18:55:31 +0700] "GET /shop/page/19/?orderby=price-desc HTTP/1.1" 200 39889 "https://view.lotushomemade.com/shop/page/19?orderby=price-desc" "Mozilla/5.0 (Linux; Android 7.0;) AppleWebKit/537.36 (KHTML, like Gecko) Mobile Safari/537.36 (compatible; PetalBot;+https://webmaster.petalsearch.com/site/petalbot)"
103.131.51.123 - - [14/Jan/2026:18:56:59 +0700] "POST /wp-cron.php?doing_wp_cron=1768391819.1824870109558105468750 HTTP/1.1" 200 474 "-" "WordPress/6.9; https://view.lotushomemade.com"
114.119.148.197 - - [14/Jan/2026:18:56:55 +0700] "GET /shop/page/19/?orderby=price&stock_status=instock&per_row=2&shop_view=grid HTTP/1.1" 200 40175 "https://view.lotushomemade.com/shop/page/20/?orderby=price&stock_status=instock&per_row=2&shop_view=grid" "Mozilla/5.0 (Linux; Android 7.0;) AppleWebKit/537.36 (KHTML, like Gecko) Mobile Safari/537.36 (compatible; PetalBot;+https://webmaster.petalsearch.com/site/petalbot)"
103.131.51.123 - - [14/Jan/2026:18:58:23 +0700] "POST /wp-cron.php?doing_wp_cron=1768391903.0175158977508544921875 HTTP/1.1" 200 474 "-" "WordPress/6.9; https://view.lotushomemade.com"
114.119.150.215 - - [14/Jan/2026:18:58:19 +0700] "GET /shop/page/19/?min_price=0&max_price=260&per_page=8 HTTP/1.1" 200 39538 "https://view.lotushomemade.com/shop/page/20/?min_price=0&max_price=260&per_page=8" "Mozilla/5.0 (Linux; Android 7.0;) AppleWebKit/537.36 (KHTML, like Gecko) Mobile Safari/537.36 (compatible; PetalBot;+https://webmaster.petalsearch.com/site/petalbot)"
103.131.51.123 - - [14/Jan/2026:18:59:48 +0700] "POST /wp-cron.php?doing_wp_cron=1768391988.1598770618438720703125 HTTP/1.1" 200 474 "-" "WordPress/6.9; https://view.lotushomemade.com"
114.119.151.206 - - [14/Jan/2026:18:59:44 +0700] "GET /shop/page/19/?max_price=780&per_row=6&per_page=18&shop_view=grid HTTP/1.1" 200 41343 "https://view.lotushomemade.com/shop/page/19/?max_price=780&per_row=6&per_page=18&shop_view=grid" "Mozilla/5.0 (Linux; Android 7.0;) AppleWebKit/537.36 (KHTML, like Gecko) Mobile Safari/537.36 (compatible; PetalBot;+https://webmaster.petalsearch.com/site/petalbot)"
103.131.51.123 - - [14/Jan/2026:19:01:11 +0700] "POST /wp-cron.php?doing_wp_cron=1768392071.0322320461273193359375 HTTP/1.1" 200 474 "-" "WordPress/6.9; https://view.lotushomemade.com"
114.119.151.206 - - [14/Jan/2026:19:01:07 +0700] "GET /shop/page/19/?max_price=520&per_row=6&shop_view=grid HTTP/1.1" 200 40150 "https://view.lotushomemade.com/shop/page/21/?max_price=520&per_row=6&shop_view=grid" "Mozilla/5.0 (Linux; Android 7.0;) AppleWebKit/537.36 (KHTML, like Gecko) Mobile Safari/537.36 (compatible; PetalBot;+https://webmaster.petalsearch.com/site/petalbot)"
103.131.51.123 - - [14/Jan/2026:19:02:38 +0700] "POST /wp-cron.php?doing_wp_cron=1768392158.1348340511322021484375 HTTP/1.1" 200 474 "-" "WordPress/6.9; https://view.lotushomemade.com"
114.119.142.208 - - [14/Jan/2026:19:02:34 +0700] "GET /shop/page/19/?max_price=1040&per_row=4&shop_view=grid&per_page=8 HTTP/1.1" 200 39624 "https://view.lotushomemade.com/shop/page/18?max_price=1040&per_row=4&shop_view=grid&per_page=8" "Mozilla/5.0 (Linux; Android 7.0;) AppleWebKit/537.36 (KHTML, like Gecko) Mobile Safari/537.36 (compatible; PetalBot;+https://webmaster.petalsearch.com/site/petalbot)"
114.119.130.97 - - [14/Jan/2026:19:03:53 +0700] "GET /shop/page/18?per_row=4&per_page=18&shop_view=grid&stock_status=instock HTTP/1.1" 301 670 "https://view.lotushomemade.com/shop/page/15/?per_row=4&per_page=18&shop_view=grid&stock_status=instock" "Mozilla/5.0 (Linux; Android 7.0;) AppleWebKit/537.36 (KHTML, like Gecko) Mobile Safari/537.36 (compatible; PetalBot;+https://webmaster.petalsearch.com/site/petalbot)"
114.119.130.97 - - [14/Jan/2026:19:03:58 +0700] "GET /shop/page/18/?per_row=4&per_page=18&shop_view=grid&stock_status=instock HTTP/1.1" 200 41167 "https://view.lotushomemade.com/shop/page/15/?per_row=4&per_page=18&shop_view=grid&stock_status=instock" "Mozilla/5.0 (Linux; Android 7.0;) AppleWebKit/537.36 (KHTML, like Gecko) Mobile Safari/537.36 (compatible; PetalBot;+https://webmaster.petalsearch.com/site/petalbot)"
57.141.16.56 - - [14/Jan/2026:19:04:01 +0700] "GET /product-category/crispy-snack-series/page/10/?per_row=6&per_page=12&shop_view=grid&stock_status=instock HTTP/2" 200 226049 "-" "meta-externalagent/1.1 (+https://developers.facebook.com/docs/sharing/webmasters/crawler)"
103.131.51.123 - - [14/Jan/2026:19:05:20 +0700] "POST /wp-cron.php?doing_wp_cron=1768392320.5556221008300781250000 HTTP/1.1" 200 474 "-" "WordPress/6.9; https://view.lotushomemade.com"
114.119.156.27 - - [14/Jan/2026:19:05:18 +0700] "GET /shop/page/18?orderby=rating&stock_status=instock HTTP/1.1" 301 514 "https://view.lotushomemade.com/shop/page/18/?orderby=rating&stock_status=instock" "Mozilla/5.0 (Linux; Android 7.0;) AppleWebKit/537.36 (KHTML, like Gecko) Mobile Safari/537.36 (compatible; PetalBot;+https://webmaster.petalsearch.com/site/petalbot)"
114.119.156.27 - - [14/Jan/2026:19:05:21 +0700] "GET /shop/page/18/?orderby=rating&stock_status=instock HTTP/1.1" 200 39684 "https://view.lotushomemade.com/shop/page/18/?orderby=rating&stock_status=instock" "Mozilla/5.0 (Linux; Android 7.0;) AppleWebKit/537.36 (KHTML, like Gecko) Mobile Safari/537.36 (compatible; PetalBot;+https://webmaster.petalsearch.com/site/petalbot)"
103.131.51.123 - - [14/Jan/2026:19:06:44 +0700] "POST /wp-cron.php?doing_wp_cron=1768392403.9781579971313476562500 HTTP/1.1" 200 474 "-" "WordPress/6.9; https://view.lotushomemade.com"
114.119.150.215 - - [14/Jan/2026:19:06:41 +0700] "GET /shop/page/18?orderby=rating&per_page=12&shop_view=grid&per_row=2 HTTP/1.1" 301 664 "https://view.lotushomemade.com/shop/page/18/?orderby=rating&per_page=12&shop_view=grid&per_row=2" "Mozilla/5.0 (Linux; Android 7.0;) AppleWebKit/537.36 (KHTML, like Gecko) Mobile Safari/537.36 (compatible; PetalBot;+https://webmaster.petalsearch.com/site/petalbot)"
114.119.150.215 - - [14/Jan/2026:19:06:44 +0700] "GET /shop/page/18/?orderby=rating&per_page=12&shop_view=grid&per_row=2 HTTP/1.1" 200 39865 "https://view.lotushomemade.com/shop/page/18/?orderby=rating&per_page=12&shop_view=grid&per_row=2" "Mozilla/5.0 (Linux; Android 7.0;) AppleWebKit/537.36 (KHTML, like Gecko) Mobile Safari/537.36 (compatible; PetalBot;+https://webmaster.petalsearch.com/site/petalbot)"
103.131.51.123 - - [14/Jan/2026:19:08:06 +0700] "POST /wp-cron.php?doing_wp_cron=1768392486.7095909118652343750000 HTTP/1.1" 200 474 "-" "WordPress/6.9; https://view.lotushomemade.com"
114.119.151.206 - - [14/Jan/2026:19:08:04 +0700] "GET /shop/page/18?orderby=price-desc&stock_status=onsale&per_row=6&shop_view=grid HTTP/1.1" 301 630 "https://view.lotushomemade.com/shop/page/16/?orderby=price-desc&stock_status=onsale&per_row=6&shop_view=grid" "Mozilla/5.0 (Linux; Android 7.0;) AppleWebKit/537.36 (KHTML, like Gecko) Mobile Safari/537.36 (compatible; PetalBot;+https://webmaster.petalsearch.com/site/petalbot)"
114.119.151.206 - - [14/Jan/2026:19:08:06 +0700] "GET /shop/page/18/?orderby=price-desc&stock_status=onsale&per_row=6&shop_view=grid HTTP/1.1" 200 40106 "https://view.lotushomemade.com/shop/page/16/?orderby=price-desc&stock_status=onsale&per_row=6&shop_view=grid" "Mozilla/5.0 (Linux; Android 7.0;) AppleWebKit/537.36 (KHTML, like Gecko) Mobile Safari/537.36 (compatible; PetalBot;+https://webmaster.petalsearch.com/site/petalbot)"
103.131.51.123 - - [14/Jan/2026:19:08:37 +0700] "POST /wp-cron.php?doing_wp_cron=1768392516.8106789588928222656250 HTTP/1.1" 200 474 "-" "WordPress/6.9; https://view.lotushomemade.com"
57.141.16.18 - - [14/Jan/2026:19:08:35 +0700] "GET /product-category/crispy-snack-series/?per_row=6&per_page=12&shop_view=grid&stock_status=instock,onsale HTTP/2" 200 248880 "-" "meta-externalagent/1.1 (+https://developers.facebook.com/docs/sharing/webmasters/crawler)"
114.119.151.206 - - [14/Jan/2026:19:09:27 +0700] "GET /shop/page/18?orderby=popularity&stock_status=instock&per_row=4&shop_view=grid HTTP/1.1" 301 631 "https://view.lotushomemade.com/shop/page/16/?orderby=popularity&stock_status=instock&per_row=4&shop_view=grid" "Mozilla/5.0 (Linux; Android 7.0;) AppleWebKit/537.36 (KHTML, like Gecko) Mobile Safari/537.36 (compatible; PetalBot;+https://webmaster.petalsearch.com/site/petalbot)"
114.119.151.206 - - [14/Jan/2026:19:09:28 +0700] "GET /shop/page/18/?orderby=popularity&stock_status=instock&per_row=4&shop_view=grid HTTP/1.1" 200 39573 "https://view.lotushomemade.com/shop/page/16/?orderby=popularity&stock_status=instock&per_row=4&shop_view=grid" "Mozilla/5.0 (Linux; Android 7.0;) AppleWebKit/537.36 (KHTML, like Gecko) Mobile Safari/537.36 (compatible; PetalBot;+https://webmaster.petalsearch.com/site/petalbot)"
52.167.144.216 - - [14/Jan/2026:19:10:23 +0700] "GET /wp-content/uploads/2023/10/8004-N-300x300.png HTTP/2" 200 156125 "-" "Mozilla/5.0 AppleWebKit/537.36 (KHTML, like Gecko; compatible; bingbot/2.0; +http://www.bing.com/bingbot.htm) Chrome/116.0.1938.76 Safari/537.36"
114.119.149.78 - - [14/Jan/2026:19:10:52 +0700] "GET /shop/page/18?orderby=date&stock_status=onsale&per_row=6&shop_view=grid HTTP/1.1" 301 624 "https://view.lotushomemade.com/shop/page/17/?orderby=date&stock_status=onsale&per_row=6&shop_view=grid" "Mozilla/5.0 (Linux; Android 7.0;) AppleWebKit/537.36 (KHTML, like Gecko) Mobile Safari/537.36 (compatible; PetalBot;+https://webmaster.petalsearch.com/site/petalbot)"
114.119.149.78 - - [14/Jan/2026:19:11:00 +0700] "GET /shop/page/18/?orderby=date&stock_status=onsale&per_row=6&shop_view=grid HTTP/1.1" 200 39970 "https://view.lotushomemade.com/shop/page/17/?orderby=date&stock_status=onsale&per_row=6&shop_view=grid" "Mozilla/5.0 (Linux; Android 7.0;) AppleWebKit/537.36 (KHTML, like Gecko) Mobile Safari/537.36 (compatible; PetalBot;+https://webmaster.petalsearch.com/site/petalbot)"
103.131.51.123 - - [14/Jan/2026:19:12:19 +0700] "POST /wp-cron.php?doing_wp_cron=1768392739.5848729610443115234375 HTTP/1.1" 200 474 "-" "WordPress/6.9; https://view.lotushomemade.com"
114.119.151.206 - - [14/Jan/2026:19:12:15 +0700] "GET /shop/page/18/?orderby=price-desc&shop_view=grid&per_row=2 HTTP/1.1" 200 40067 "https://view.lotushomemade.com/shop/page/19/?orderby=price-desc&shop_view=grid&per_row=2" "Mozilla/5.0 (Linux; Android 7.0;) AppleWebKit/537.36 (KHTML, like Gecko) Mobile Safari/537.36 (compatible; PetalBot;+https://webmaster.petalsearch.com/site/petalbot)"
114.119.130.97 - - [14/Jan/2026:19:13:38 +0700] "GET /shop/page/18/?orderby=price-desc&per_page=8&shop_view=grid&per_row=2 HTTP/1.1" 200 39192 "https://view.lotushomemade.com/shop/page/19?orderby=price-desc&per_page=8&shop_view=grid&per_row=2" "Mozilla/5.0 (Linux; Android 7.0;) AppleWebKit/537.36 (KHTML, like Gecko) Mobile Safari/537.36 (compatible; PetalBot;+https://webmaster.petalsearch.com/site/petalbot)"
114.119.151.206 - - [14/Jan/2026:19:15:01 +0700] "GET /shop/page/18/?orderby=price&per_row=4&per_page=12&shop_view=grid HTTP/1.1" 200 40460 "https://view.lotushomemade.com/shop/page/21/?orderby=price&per_row=4&per_page=12&shop_view=grid" "Mozilla/5.0 (Linux; Android 7.0;) AppleWebKit/537.36 (KHTML, like Gecko) Mobile Safari/537.36 (compatible; PetalBot;+https://webmaster.petalsearch.com/site/petalbot)"
103.131.51.123 - - [14/Jan/2026:19:16:30 +0700] "POST /wp-cron.php?doing_wp_cron=1768392990.8201589584350585937500 HTTP/1.1" 200 474 "-" "WordPress/6.9; https://view.lotushomemade.com"
114.119.142.208 - - [14/Jan/2026:19:16:26 +0700] "GET /shop/page/18/?orderby=price&per_row=2&shop_view=grid&stock_status=onsale HTTP/1.1" 200 40407 "https://view.lotushomemade.com/shop/page/18/?orderby=price&per_row=2&shop_view=grid&stock_status=onsale" "Mozilla/5.0 (Linux; Android 7.0;) AppleWebKit/537.36 (KHTML, like Gecko) Mobile Safari/537.36 (compatible; PetalBot;+https://webmaster.petalsearch.com/site/petalbot)"
103.131.51.123 - - [14/Jan/2026:19:17:52 +0700] "POST /wp-cron.php?doing_wp_cron=1768393072.7341580390930175781250 HTTP/1.1" 200 474 "-" "WordPress/6.9; https://view.lotushomemade.com"
114.119.149.78 - - [14/Jan/2026:19:17:48 +0700] "GET /shop/page/18/?max_price=520&per_row=2&shop_view=grid&per_page=12 HTTP/1.1" 200 40539 "https://view.lotushomemade.com/shop/page/20/?max_price=520&per_row=2&shop_view=grid&per_page=12" "Mozilla/5.0 (Linux; Android 7.0;) AppleWebKit/537.36 (KHTML, like Gecko) Mobile Safari/537.36 (compatible; PetalBot;+https://webmaster.petalsearch.com/site/petalbot)"
57.141.16.30 - - [14/Jan/2026:19:18:37 +0700] "GET /shop/page/8/?add-to-cart=8338 HTTP/2" 200 238055 "-" "meta-externalagent/1.1 (+https://developers.facebook.com/docs/sharing/webmasters/crawler)"
114.119.148.197 - - [14/Jan/2026:19:19:13 +0700] "GET /shop/page/18/?max_price=520&per_page=18 HTTP/1.1" 200 41080 "https://view.lotushomemade.com/shop/page/21/?max_price=520&per_page=18" "Mozilla/5.0 (Linux; Android 7.0;) AppleWebKit/537.36 (KHTML, like Gecko) Mobile Safari/537.36 (compatible; PetalBot;+https://webmaster.petalsearch.com/site/petalbot)"
103.131.51.123 - - [14/Jan/2026:19:20:39 +0700] "POST /wp-cron.php?doing_wp_cron=1768393239.3659510612487792968750 HTTP/1.1" 200 474 "-" "WordPress/6.9; https://view.lotushomemade.com"
114.119.150.215 - - [14/Jan/2026:19:20:35 +0700] "GET /shop/page/18/?max_price=1050&per_row=2&per_page=12&shop_view=grid HTTP/1.1" 200 40535 "https://view.lotushomemade.com/shop/page/19/?max_price=1050&per_row=2&per_page=12&shop_view=grid" "Mozilla/5.0 (Linux; Android 7.0;) AppleWebKit/537.36 (KHTML, like Gecko) Mobile Safari/537.36 (compatible; PetalBot;+https://webmaster.petalsearch.com/site/petalbot)"
114.119.149.78 - - [14/Jan/2026:19:22:00 +0700] "GET /shop/page/18/?max_price=1040&stock_status=onsale&shop_view=grid&per_row=6 HTTP/1.1" 200 40620 "https://view.lotushomemade.com/shop/page/21/?max_price=1040&stock_status=onsale&shop_view=grid&per_row=6" "Mozilla/5.0 (Linux; Android 7.0;) AppleWebKit/537.36 (KHTML, like Gecko) Mobile Safari/537.36 (compatible; PetalBot;+https://webmaster.petalsearch.com/site/petalbot)"
57.141.16.58 - - [14/Jan/2026:19:22:48 +0700] "GET /shop/page/22/?per_row=4&shop_view=grid&stock_status=onsale HTTP/2" 200 243125 "-" "meta-externalagent/1.1 (+https://developers.facebook.com/docs/sharing/webmasters/crawler)"
103.131.51.123 - - [14/Jan/2026:19:23:27 +0700] "POST /wp-cron.php?doing_wp_cron=1768393407.0375580787658691406250 HTTP/1.1" 200 474 "-" "WordPress/6.9; https://view.lotushomemade.com"
