114.119.130.97 - - [15/Jan/2026:02:56:53 +0700] "GET /shop/page/2/?stock_status=instock,onsale&per_row=2&shop_view=grid&per_page=12 HTTP/1.1" 301 678 "https://view.lotushomemade.com/shop?stock_status=instock%2Consale&per_row=2&shop_view=grid&per_page=12" "Mozilla/5.0 (Linux; Android 7.0;) AppleWebKit/537.36 (KHTML, like Gecko) Mobile Safari/537.36 (compatible; PetalBot;+https://webmaster.petalsearch.com/site/petalbot)"
114.119.130.97 - - [15/Jan/2026:02:56:54 +0700] "GET /shop/page/2/?stock_status=instock,onsale&per_row=2&shop_view=grid&per_page=12 HTTP/1.1" 301 678 "https://view.lotushomemade.com/shop?stock_status=instock%2Consale&per_row=2&shop_view=grid&per_page=12" "Mozilla/5.0 (Linux; Android 7.0;) AppleWebKit/537.36 (KHTML, like Gecko) Mobile Safari/537.36 (compatible; PetalBot;+https://webmaster.petalsearch.com/site/petalbot)"
114.119.130.97 - - [15/Jan/2026:02:56:54 +0700] "GET /shop/page/2/?stock_status=instock,onsale&per_row=2&shop_view=grid&per_page=12 HTTP/1.1" 301 678 "https://view.lotushomemade.com/shop?stock_status=instock%2Consale&per_row=2&shop_view=grid&per_page=12" "Mozilla/5.0 (Linux; Android 7.0;) AppleWebKit/537.36 (KHTML, like Gecko) Mobile Safari/537.36 (compatible; PetalBot;+https://webmaster.petalsearch.com/site/petalbot)"
114.119.130.97 - - [15/Jan/2026:02:56:55 +0700] "GET /shop/page/2/?stock_status=instock,onsale&per_row=2&shop_view=grid&per_page=12 HTTP/1.1" 301 678 "https://view.lotushomemade.com/shop?stock_status=instock%2Consale&per_row=2&shop_view=grid&per_page=12" "Mozilla/5.0 (Linux; Android 7.0;) AppleWebKit/537.36 (KHTML, like Gecko) Mobile Safari/537.36 (compatible; PetalBot;+https://webmaster.petalsearch.com/site/petalbot)"
52.167.144.184 - - [15/Jan/2026:02:57:10 +0700] "GET /wp-content/uploads/2023/11/2046-150x150.png HTTP/2" 200 36974 "-" "Mozilla/5.0 AppleWebKit/537.36 (KHTML, like Gecko; compatible; bingbot/2.0; +http://www.bing.com/bingbot.htm) Chrome/116.0.1938.76 Safari/537.36"
103.131.51.123 - - [15/Jan/2026:02:58:17 +0700] "POST /wp-cron.php?doing_wp_cron=1768420697.6556589603424072265625 HTTP/1.1" 200 474 "-" "WordPress/6.9; https://view.lotushomemade.com"
114.119.149.78 - - [15/Jan/2026:02:58:13 +0700] "GET /shop/page/2/?orderby=rating&stock_status=instock&shop_view=grid&per_row=4 HTTP/1.1" 200 40573 "https://view.lotushomemade.com/shop/page/21/?orderby=rating&stock_status=instock&shop_view=grid&per_row=4" "Mozilla/5.0 (Linux; Android 7.0;) AppleWebKit/537.36 (KHTML, like Gecko) Mobile Safari/537.36 (compatible; PetalBot;+https://webmaster.petalsearch.com/site/petalbot)"
103.131.51.123 - - [15/Jan/2026:02:59:41 +0700] "POST /wp-cron.php?doing_wp_cron=1768420781.3348600864410400390625 HTTP/1.1" 200 474 "-" "WordPress/6.9; https://view.lotushomemade.com"
114.119.149.78 - - [15/Jan/2026:02:59:37 +0700] "GET /shop/page/8/?orderby=price&stock_status=onsale&per_page=12 HTTP/1.1" 200 39939 "https://view.lotushomemade.com/shop/page/7/?orderby=price&stock_status=onsale&per_page=12" "Mozilla/5.0 (Linux; Android 7.0;) AppleWebKit/537.36 (KHTML, like Gecko) Mobile Safari/537.36 (compatible; PetalBot;+https://webmaster.petalsearch.com/site/petalbot)"
57.141.16.63 - - [15/Jan/2026:02:59:57 +0700] "GET /shop/page/14/?per_page=12&stock_status=onsale HTTP/2" 200 243107 "-" "meta-externalagent/1.1 (+https://developers.facebook.com/docs/sharing/webmasters/crawler)"
103.131.51.123 - - [15/Jan/2026:03:01:02 +0700] "POST /wp-cron.php?doing_wp_cron=1768420862.1051490306854248046875 HTTP/1.1" 200 474 "-" "WordPress/6.9; https://view.lotushomemade.com"
114.119.130.97 - - [15/Jan/2026:03:01:00 +0700] "GET /shop/page/37/?orderby=price-desc&per_row=2&shop_view=grid&per_page=8 HTTP/1.1" 200 39467 "https://view.lotushomemade.com/shop/page/34/?orderby=price-desc&per_row=2&shop_view=grid&per_page=8" "Mozilla/5.0 (Linux; Android 7.0;) AppleWebKit/537.36 (KHTML, like Gecko) Mobile Safari/537.36 (compatible; PetalBot;+https://webmaster.petalsearch.com/site/petalbot)"
57.141.16.44 - - [15/Jan/2026:03:01:17 +0700] "GET /product-category/traditional-cookies-series/page/14/?stock_status=instock&per_row=2&shop_view=grid&per_page=8 HTTP/2" 200 232859 "-" "meta-externalagent/1.1 (+https://developers.facebook.com/docs/sharing/webmasters/crawler)"
103.131.51.123 - - [15/Jan/2026:03:02:25 +0700] "POST /wp-cron.php?doing_wp_cron=1768420944.9851229190826416015625 HTTP/1.1" 200 474 "-" "WordPress/6.9; https://view.lotushomemade.com"
114.119.150.215 - - [15/Jan/2026:03:02:24 +0700] "GET /shop/page/30/?orderby=rating&per_page=12&stock_status=instock,onsale HTTP/1.1" 301 581 "https://view.lotushomemade.com/shop?orderby=rating&per_page=12&stock_status=instock%2Consale" "Mozilla/5.0 (Linux; Android 7.0;) AppleWebKit/537.36 (KHTML, like Gecko) Mobile Safari/537.36 (compatible; PetalBot;+https://webmaster.petalsearch.com/site/petalbot)"
114.119.150.215 - - [15/Jan/2026:03:02:25 +0700] "GET /shop/page/30/?orderby=rating&per_page=12&stock_status=instock,onsale HTTP/1.1" 301 581 "https://view.lotushomemade.com/shop?orderby=rating&per_page=12&stock_status=instock%2Consale" "Mozilla/5.0 (Linux; Android 7.0;) AppleWebKit/537.36 (KHTML, like Gecko) Mobile Safari/537.36 (compatible; PetalBot;+https://webmaster.petalsearch.com/site/petalbot)"
114.119.150.215 - - [15/Jan/2026:03:02:26 +0700] "GET /shop/page/30/?orderby=rating&per_page=12&stock_status=instock,onsale HTTP/1.1" 301 581 "https://view.lotushomemade.com/shop?orderby=rating&per_page=12&stock_status=instock%2Consale" "Mozilla/5.0 (Linux; Android 7.0;) AppleWebKit/537.36 (KHTML, like Gecko) Mobile Safari/537.36 (compatible; PetalBot;+https://webmaster.petalsearch.com/site/petalbot)"
114.119.150.215 - - [15/Jan/2026:03:02:27 +0700] "GET /shop/page/30/?orderby=rating&per_page=12&stock_status=instock,onsale HTTP/1.1" 301 581 "https://view.lotushomemade.com/shop?orderby=rating&per_page=12&stock_status=instock%2Consale" "Mozilla/5.0 (Linux; Android 7.0;) AppleWebKit/537.36 (KHTML, like Gecko) Mobile Safari/537.36 (compatible; PetalBot;+https://webmaster.petalsearch.com/site/petalbot)"
114.119.150.215 - - [15/Jan/2026:03:02:28 +0700] "GET /shop/page/30/?orderby=rating&per_page=12&stock_status=instock,onsale HTTP/1.1" 301 581 "https://view.lotushomemade.com/shop?orderby=rating&per_page=12&stock_status=instock%2Consale" "Mozilla/5.0 (Linux; Android 7.0;) AppleWebKit/537.36 (KHTML, like Gecko) Mobile Safari/537.36 (compatible; PetalBot;+https://webmaster.petalsearch.com/site/petalbot)"
114.119.150.215 - - [15/Jan/2026:03:02:28 +0700] "GET /shop/page/30/?orderby=rating&per_page=12&stock_status=instock,onsale HTTP/1.1" 301 581 "https://view.lotushomemade.com/shop?orderby=rating&per_page=12&stock_status=instock%2Consale" "Mozilla/5.0 (Linux; Android 7.0;) AppleWebKit/537.36 (KHTML, like Gecko) Mobile Safari/537.36 (compatible; PetalBot;+https://webmaster.petalsearch.com/site/petalbot)"
114.119.150.215 - - [15/Jan/2026:03:02:29 +0700] "GET /shop/page/30/?orderby=rating&per_page=12&stock_status=instock,onsale HTTP/1.1" 301 581 "https://view.lotushomemade.com/shop?orderby=rating&per_page=12&stock_status=instock%2Consale" "Mozilla/5.0 (Linux; Android 7.0;) AppleWebKit/537.36 (KHTML, like Gecko) Mobile Safari/537.36 (compatible; PetalBot;+https://webmaster.petalsearch.com/site/petalbot)"
114.119.150.215 - - [15/Jan/2026:03:02:30 +0700] "GET /shop/page/30/?orderby=rating&per_page=12&stock_status=instock,onsale HTTP/1.1" 301 581 "https://view.lotushomemade.com/shop?orderby=rating&per_page=12&stock_status=instock%2Consale" "Mozilla/5.0 (Linux; Android 7.0;) AppleWebKit/537.36 (KHTML, like Gecko) Mobile Safari/537.36 (compatible; PetalBot;+https://webmaster.petalsearch.com/site/petalbot)"
114.119.150.215 - - [15/Jan/2026:03:02:30 +0700] "GET /shop/page/30/?orderby=rating&per_page=12&stock_status=instock,onsale HTTP/1.1" 301 581 "https://view.lotushomemade.com/shop?orderby=rating&per_page=12&stock_status=instock%2Consale" "Mozilla/5.0 (Linux; Android 7.0;) AppleWebKit/537.36 (KHTML, like Gecko) Mobile Safari/537.36 (compatible; PetalBot;+https://webmaster.petalsearch.com/site/petalbot)"
103.131.51.123 - - [15/Jan/2026:03:02:33 +0700] "POST /wp-cron.php?doing_wp_cron=1768420953.1629769802093505859375 HTTP/1.1" 200 474 "-" "WordPress/6.9; https://view.lotushomemade.com"
114.119.150.215 - - [15/Jan/2026:03:02:32 +0700] "GET /shop/page/30/?orderby=rating&per_page=12&stock_status=instock,onsale HTTP/1.1" 301 581 "https://view.lotushomemade.com/shop?orderby=rating&per_page=12&stock_status=instock%2Consale" "Mozilla/5.0 (Linux; Android 7.0;) AppleWebKit/537.36 (KHTML, like Gecko) Mobile Safari/537.36 (compatible; PetalBot;+https://webmaster.petalsearch.com/site/petalbot)"
103.131.51.123 - - [15/Jan/2026:03:03:53 +0700] "POST /wp-cron.php?doing_wp_cron=1768421033.1123619079589843750000 HTTP/1.1" 200 474 "-" "WordPress/6.9; https://view.lotushomemade.com"
114.119.148.197 - - [15/Jan/2026:03:03:48 +0700] "GET /shop/page/22/?orderby=price&shop_view=grid&per_row=2 HTTP/1.1" 200 40251 "https://view.lotushomemade.com/shop/page/20/?orderby=price&shop_view=grid&per_row=2" "Mozilla/5.0 (Linux; Android 7.0;) AppleWebKit/537.36 (KHTML, like Gecko) Mobile Safari/537.36 (compatible; PetalBot;+https://webmaster.petalsearch.com/site/petalbot)"
103.131.51.123 - - [15/Jan/2026:03:05:18 +0700] "POST /wp-cron.php?doing_wp_cron=1768421118.8702809810638427734375 HTTP/1.1" 200 474 "-" "WordPress/6.9; https://view.lotushomemade.com"
114.119.148.197 - - [15/Jan/2026:03:05:14 +0700] "GET /shop/page/2/?orderby=rating&stock_status=instock&per_row=4&shop_view=grid HTTP/1.1" 200 40556 "https://view.lotushomemade.com/shop/page/7/?orderby=rating&stock_status=instock&per_row=4&shop_view=grid" "Mozilla/5.0 (Linux; Android 7.0;) AppleWebKit/537.36 (KHTML, like Gecko) Mobile Safari/537.36 (compatible; PetalBot;+https://webmaster.petalsearch.com/site/petalbot)"
52.167.144.169 - - [15/Jan/2026:03:06:29 +0700] "GET /wp-content/uploads/2023/11/1103-430x430.png HTTP/2" 200 304063 "-" "Mozilla/5.0 AppleWebKit/537.36 (KHTML, like Gecko; compatible; bingbot/2.0; +http://www.bing.com/bingbot.htm) Chrome/116.0.1938.76 Safari/537.36"
103.131.51.123 - - [15/Jan/2026:03:06:39 +0700] "POST /wp-cron.php?doing_wp_cron=1768421199.0443160533905029296875 HTTP/1.1" 200 474 "-" "WordPress/6.9; https://view.lotushomemade.com"
114.119.142.208 - - [15/Jan/2026:03:06:36 +0700] "GET /shop/page/2/?orderby=price&stock_status=instock,onsale&shop_view=grid&per_row=2 HTTP/1.1" 301 634 "https://view.lotushomemade.com/shop?orderby=price&stock_status=instock%2Consale&shop_view=grid&per_row=2" "Mozilla/5.0 (Linux; Android 7.0;) AppleWebKit/537.36 (KHTML, like Gecko) Mobile Safari/537.36 (compatible; PetalBot;+https://webmaster.petalsearch.com/site/petalbot)"
114.119.142.208 - - [15/Jan/2026:03:06:39 +0700] "GET /shop/page/2/?orderby=price&stock_status=instock,onsale&shop_view=grid&per_row=2 HTTP/1.1" 301 634 "https://view.lotushomemade.com/shop?orderby=price&stock_status=instock%2Consale&shop_view=grid&per_row=2" "Mozilla/5.0 (Linux; Android 7.0;) AppleWebKit/537.36 (KHTML, like Gecko) Mobile Safari/537.36 (compatible; PetalBot;+https://webmaster.petalsearch.com/site/petalbot)"
114.119.142.208 - - [15/Jan/2026:03:06:39 +0700] "GET /shop/page/2/?orderby=price&stock_status=instock,onsale&shop_view=grid&per_row=2 HTTP/1.1" 301 634 "https://view.lotushomemade.com/shop?orderby=price&stock_status=instock%2Consale&shop_view=grid&per_row=2" "Mozilla/5.0 (Linux; Android 7.0;) AppleWebKit/537.36 (KHTML, like Gecko) Mobile Safari/537.36 (compatible; PetalBot;+https://webmaster.petalsearch.com/site/petalbot)"
114.119.142.208 - - [15/Jan/2026:03:06:40 +0700] "GET /shop/page/2/?orderby=price&stock_status=instock,onsale&shop_view=grid&per_row=2 HTTP/1.1" 301 634 "https://view.lotushomemade.com/shop?orderby=price&stock_status=instock%2Consale&shop_view=grid&per_row=2" "Mozilla/5.0 (Linux; Android 7.0;) AppleWebKit/537.36 (KHTML, like Gecko) Mobile Safari/537.36 (compatible; PetalBot;+https://webmaster.petalsearch.com/site/petalbot)"
114.119.142.208 - - [15/Jan/2026:03:06:40 +0700] "GET /shop/page/2/?orderby=price&stock_status=instock,onsale&shop_view=grid&per_row=2 HTTP/1.1" 301 634 "https://view.lotushomemade.com/shop?orderby=price&stock_status=instock%2Consale&shop_view=grid&per_row=2" "Mozilla/5.0 (Linux; Android 7.0;) AppleWebKit/537.36 (KHTML, like Gecko) Mobile Safari/537.36 (compatible; PetalBot;+https://webmaster.petalsearch.com/site/petalbot)"
114.119.142.208 - - [15/Jan/2026:03:06:41 +0700] "GET /shop/page/2/?orderby=price&stock_status=instock,onsale&shop_view=grid&per_row=2 HTTP/1.1" 301 634 "https://view.lotushomemade.com/shop?orderby=price&stock_status=instock%2Consale&shop_view=grid&per_row=2" "Mozilla/5.0 (Linux; Android 7.0;) AppleWebKit/537.36 (KHTML, like Gecko) Mobile Safari/537.36 (compatible; PetalBot;+https://webmaster.petalsearch.com/site/petalbot)"
114.119.142.208 - - [15/Jan/2026:03:06:42 +0700] "GET /shop/page/2/?orderby=price&stock_status=instock,onsale&shop_view=grid&per_row=2 HTTP/1.1" 301 634 "https://view.lotushomemade.com/shop?orderby=price&stock_status=instock%2Consale&shop_view=grid&per_row=2" "Mozilla/5.0 (Linux; Android 7.0;) AppleWebKit/537.36 (KHTML, like Gecko) Mobile Safari/537.36 (compatible; PetalBot;+https://webmaster.petalsearch.com/site/petalbot)"
114.119.142.208 - - [15/Jan/2026:03:06:42 +0700] "GET /shop/page/2/?orderby=price&stock_status=instock,onsale&shop_view=grid&per_row=2 HTTP/1.1" 301 634 "https://view.lotushomemade.com/shop?orderby=price&stock_status=instock%2Consale&shop_view=grid&per_row=2" "Mozilla/5.0 (Linux; Android 7.0;) AppleWebKit/537.36 (KHTML, like Gecko) Mobile Safari/537.36 (compatible; PetalBot;+https://webmaster.petalsearch.com/site/petalbot)"
114.119.142.208 - - [15/Jan/2026:03:06:43 +0700] "GET /shop/page/2/?orderby=price&stock_status=instock,onsale&shop_view=grid&per_row=2 HTTP/1.1" 301 634 "https://view.lotushomemade.com/shop?orderby=price&stock_status=instock%2Consale&shop_view=grid&per_row=2" "Mozilla/5.0 (Linux; Android 7.0;) AppleWebKit/537.36 (KHTML, like Gecko) Mobile Safari/537.36 (compatible; PetalBot;+https://webmaster.petalsearch.com/site/petalbot)"
114.119.142.208 - - [15/Jan/2026:03:06:43 +0700] "GET /shop/page/2/?orderby=price&stock_status=instock,onsale&shop_view=grid&per_row=2 HTTP/1.1" 301 634 "https://view.lotushomemade.com/shop?orderby=price&stock_status=instock%2Consale&shop_view=grid&per_row=2" "Mozilla/5.0 (Linux; Android 7.0;) AppleWebKit/537.36 (KHTML, like Gecko) Mobile Safari/537.36 (compatible; PetalBot;+https://webmaster.petalsearch.com/site/petalbot)"
66.249.70.97 - - [15/Jan/2026:03:07:43 +0700] "GET /wp-content/uploads/2023/11/1049.png HTTP/1.1" 200 904874 "-" "Googlebot-Image/1.0"
103.131.51.123 - - [15/Jan/2026:03:07:56 +0700] "POST /wp-cron.php?doing_wp_cron=1768421276.2702169418334960937500 HTTP/1.1" 200 474 "-" "WordPress/6.9; https://view.lotushomemade.com"
57.141.16.67 - - [15/Jan/2026:03:07:54 +0700] "GET /shop/page/10/?add-to-cart=7923 HTTP/2" 200 239597 "-" "meta-externalagent/1.1 (+https://developers.facebook.com/docs/sharing/webmasters/crawler)"
114.119.156.27 - - [15/Jan/2026:03:07:59 +0700] "GET /shop/page/2/?orderby=price&stock_status=instock,onsale&per_row=2&shop_view=grid HTTP/1.1" 301 634 "https://view.lotushomemade.com/shop?orderby=price&stock_status=instock%2Consale&per_row=2&shop_view=grid" "Mozilla/5.0 (Linux; Android 7.0;) AppleWebKit/537.36 (KHTML, like Gecko) Mobile Safari/537.36 (compatible; PetalBot;+https://webmaster.petalsearch.com/site/petalbot)"
114.119.156.27 - - [15/Jan/2026:03:08:00 +0700] "GET /shop/page/2/?orderby=price&stock_status=instock,onsale&per_row=2&shop_view=grid HTTP/1.1" 301 634 "https://view.lotushomemade.com/shop?orderby=price&stock_status=instock%2Consale&per_row=2&shop_view=grid" "Mozilla/5.0 (Linux; Android 7.0;) AppleWebKit/537.36 (KHTML, like Gecko) Mobile Safari/537.36 (compatible; PetalBot;+https://webmaster.petalsearch.com/site/petalbot)"
114.119.156.27 - - [15/Jan/2026:03:08:00 +0700] "GET /shop/page/2/?orderby=price&stock_status=instock,onsale&per_row=2&shop_view=grid HTTP/1.1" 301 634 "https://view.lotushomemade.com/shop?orderby=price&stock_status=instock%2Consale&per_row=2&shop_view=grid" "Mozilla/5.0 (Linux; Android 7.0;) AppleWebKit/537.36 (KHTML, like Gecko) Mobile Safari/537.36 (compatible; PetalBot;+https://webmaster.petalsearch.com/site/petalbot)"
114.119.156.27 - - [15/Jan/2026:03:08:01 +0700] "GET /shop/page/2/?orderby=price&stock_status=instock,onsale&per_row=2&shop_view=grid HTTP/1.1" 301 634 "https://view.lotushomemade.com/shop?orderby=price&stock_status=instock%2Consale&per_row=2&shop_view=grid" "Mozilla/5.0 (Linux; Android 7.0;) AppleWebKit/537.36 (KHTML, like Gecko) Mobile Safari/537.36 (compatible; PetalBot;+https://webmaster.petalsearch.com/site/petalbot)"
114.119.156.27 - - [15/Jan/2026:03:08:01 +0700] "GET /shop/page/2/?orderby=price&stock_status=instock,onsale&per_row=2&shop_view=grid HTTP/1.1" 301 634 "https://view.lotushomemade.com/shop?orderby=price&stock_status=instock%2Consale&per_row=2&shop_view=grid" "Mozilla/5.0 (Linux; Android 7.0;) AppleWebKit/537.36 (KHTML, like Gecko) Mobile Safari/537.36 (compatible; PetalBot;+https://webmaster.petalsearch.com/site/petalbot)"
114.119.156.27 - - [15/Jan/2026:03:08:02 +0700] "GET /shop/page/2/?orderby=price&stock_status=instock,onsale&per_row=2&shop_view=grid HTTP/1.1" 301 634 "https://view.lotushomemade.com/shop?orderby=price&stock_status=instock%2Consale&per_row=2&shop_view=grid" "Mozilla/5.0 (Linux; Android 7.0;) AppleWebKit/537.36 (KHTML, like Gecko) Mobile Safari/537.36 (compatible; PetalBot;+https://webmaster.petalsearch.com/site/petalbot)"
114.119.156.27 - - [15/Jan/2026:03:08:03 +0700] "GET /shop/page/2/?orderby=price&stock_status=instock,onsale&per_row=2&shop_view=grid HTTP/1.1" 301 634 "https://view.lotushomemade.com/shop?orderby=price&stock_status=instock%2Consale&per_row=2&shop_view=grid" "Mozilla/5.0 (Linux; Android 7.0;) AppleWebKit/537.36 (KHTML, like Gecko) Mobile Safari/537.36 (compatible; PetalBot;+https://webmaster.petalsearch.com/site/petalbot)"
114.119.156.27 - - [15/Jan/2026:03:08:03 +0700] "GET /shop/page/2/?orderby=price&stock_status=instock,onsale&per_row=2&shop_view=grid HTTP/1.1" 301 634 "https://view.lotushomemade.com/shop?orderby=price&stock_status=instock%2Consale&per_row=2&shop_view=grid" "Mozilla/5.0 (Linux; Android 7.0;) AppleWebKit/537.36 (KHTML, like Gecko) Mobile Safari/537.36 (compatible; PetalBot;+https://webmaster.petalsearch.com/site/petalbot)"
114.119.156.27 - - [15/Jan/2026:03:08:03 +0700] "GET /shop/page/2/?orderby=price&stock_status=instock,onsale&per_row=2&shop_view=grid HTTP/1.1" 301 634 "https://view.lotushomemade.com/shop?orderby=price&stock_status=instock%2Consale&per_row=2&shop_view=grid" "Mozilla/5.0 (Linux; Android 7.0;) AppleWebKit/537.36 (KHTML, like Gecko) Mobile Safari/537.36 (compatible; PetalBot;+https://webmaster.petalsearch.com/site/petalbot)"
114.119.156.27 - - [15/Jan/2026:03:08:04 +0700] "GET /shop/page/2/?orderby=price&stock_status=instock,onsale&per_row=2&shop_view=grid HTTP/1.1" 301 634 "https://view.lotushomemade.com/shop?orderby=price&stock_status=instock%2Consale&per_row=2&shop_view=grid" "Mozilla/5.0 (Linux; Android 7.0;) AppleWebKit/537.36 (KHTML, like Gecko) Mobile Safari/537.36 (compatible; PetalBot;+https://webmaster.petalsearch.com/site/petalbot)"
103.131.51.123 - - [15/Jan/2026:03:08:52 +0700] "POST /wp-cron.php?doing_wp_cron=1768421332.2960119247436523437500 HTTP/1.1" 200 474 "-" "WordPress/6.9; https://view.lotushomemade.com"
57.141.16.10 - - [15/Jan/2026:03:08:50 +0700] "GET /product-category/traditional-cookies-series/page/10/?add-to-cart=8645 HTTP/2" 200 243820 "-" "meta-externalagent/1.1 (+https://developers.facebook.com/docs/sharing/webmasters/crawler)"
114.119.148.197 - - [15/Jan/2026:03:09:22 +0700] "GET /shop/page/2/?orderby=price&per_row=6&per_page=24&shop_view=grid HTTP/1.1" 200 42623 "https://view.lotushomemade.com/shop/page/3/?orderby=price&per_row=6&per_page=24&shop_view=grid" "Mozilla/5.0 (Linux; Android 7.0;) AppleWebKit/537.36 (KHTML, like Gecko) Mobile Safari/537.36 (compatible; PetalBot;+https://webmaster.petalsearch.com/site/petalbot)"
57.141.16.58 - - [15/Jan/2026:03:09:28 +0700] "GET /product-category/traditional-cookies-series/page/12/?stock_status=instock&per_row=2&shop_view=grid&per_page=8 HTTP/2" 200 231818 "-" "meta-externalagent/1.1 (+https://developers.facebook.com/docs/sharing/webmasters/crawler)"
103.131.51.123 - - [15/Jan/2026:03:10:53 +0700] "POST /wp-cron.php?doing_wp_cron=1768421453.0796239376068115234375 HTTP/1.1" 200 474 "-" "WordPress/6.9; https://view.lotushomemade.com"
114.119.130.97 - - [15/Jan/2026:03:10:49 +0700] "GET /shop/page/2/?orderby=price&per_row=2&per_page=18&shop_view=grid HTTP/1.1" 200 41390 "https://view.lotushomemade.com/shop/page/4/?orderby=price&per_row=2&per_page=18&shop_view=grid" "Mozilla/5.0 (Linux; Android 7.0;) AppleWebKit/537.36 (KHTML, like Gecko) Mobile Safari/537.36 (compatible; PetalBot;+https://webmaster.petalsearch.com/site/petalbot)"
103.131.51.123 - - [15/Jan/2026:03:12:15 +0700] "POST /wp-cron.php?doing_wp_cron=1768421535.5821139812469482421875 HTTP/1.1" 200 474 "-" "WordPress/6.9; https://view.lotushomemade.com"
114.119.142.208 - - [15/Jan/2026:03:12:11 +0700] "GET /shop/page/2/?orderby=price&per_page=8&shop_view=grid&per_row=2 HTTP/1.1" 200 39579 "https://view.lotushomemade.com/shop/page/40/?orderby=price&per_page=8&shop_view=grid&per_row=2" "Mozilla/5.0 (Linux; Android 7.0;) AppleWebKit/537.36 (KHTML, like Gecko) Mobile Safari/537.36 (compatible; PetalBot;+https://webmaster.petalsearch.com/site/petalbot)"
103.131.51.123 - - [15/Jan/2026:03:13:36 +0700] "POST /wp-cron.php?doing_wp_cron=1768421616.8041510581970214843750 HTTP/1.1" 200 474 "-" "WordPress/6.9; https://view.lotushomemade.com"
114.119.156.27 - - [15/Jan/2026:03:13:34 +0700] "GET /shop/page/2/?orderby=popularity&stock_status=instock,onsale HTTP/1.1" 301 526 "https://view.lotushomemade.com/shop?orderby=popularity&stock_status=instock%2Consale" "Mozilla/5.0 (Linux; Android 7.0;) AppleWebKit/537.36 (KHTML, like Gecko) Mobile Safari/537.36 (compatible; PetalBot;+https://webmaster.petalsearch.com/site/petalbot)"
114.119.156.27 - - [15/Jan/2026:03:13:36 +0700] "GET /shop/page/2/?orderby=popularity&stock_status=instock,onsale HTTP/1.1" 301 526 "https://view.lotushomemade.com/shop?orderby=popularity&stock_status=instock%2Consale" "Mozilla/5.0 (Linux; Android 7.0;) AppleWebKit/537.36 (KHTML, like Gecko) Mobile Safari/537.36 (compatible; PetalBot;+https://webmaster.petalsearch.com/site/petalbot)"
114.119.156.27 - - [15/Jan/2026:03:13:37 +0700] "GET /shop/page/2/?orderby=popularity&stock_status=instock,onsale HTTP/1.1" 301 526 "https://view.lotushomemade.com/shop?orderby=popularity&stock_status=instock%2Consale" "Mozilla/5.0 (Linux; Android 7.0;) AppleWebKit/537.36 (KHTML, like Gecko) Mobile Safari/537.36 (compatible; PetalBot;+https://webmaster.petalsearch.com/site/petalbot)"
114.119.156.27 - - [15/Jan/2026:03:13:38 +0700] "GET /shop/page/2/?orderby=popularity&stock_status=instock,onsale HTTP/1.1" 301 526 "https://view.lotushomemade.com/shop?orderby=popularity&stock_status=instock%2Consale" "Mozilla/5.0 (Linux; Android 7.0;) AppleWebKit/537.36 (KHTML, like Gecko) Mobile Safari/537.36 (compatible; PetalBot;+https://webmaster.petalsearch.com/site/petalbot)"
114.119.156.27 - - [15/Jan/2026:03:13:38 +0700] "GET /shop/page/2/?orderby=popularity&stock_status=instock,onsale HTTP/1.1" 301 526 "https://view.lotushomemade.com/shop?orderby=popularity&stock_status=instock%2Consale" "Mozilla/5.0 (Linux; Android 7.0;) AppleWebKit/537.36 (KHTML, like Gecko) Mobile Safari/537.36 (compatible; PetalBot;+https://webmaster.petalsearch.com/site/petalbot)"
114.119.156.27 - - [15/Jan/2026:03:13:39 +0700] "GET /shop/page/2/?orderby=popularity&stock_status=instock,onsale HTTP/1.1" 301 526 "https://view.lotushomemade.com/shop?orderby=popularity&stock_status=instock%2Consale" "Mozilla/5.0 (Linux; Android 7.0;) AppleWebKit/537.36 (KHTML, like Gecko) Mobile Safari/537.36 (compatible; PetalBot;+https://webmaster.petalsearch.com/site/petalbot)"
114.119.156.27 - - [15/Jan/2026:03:13:39 +0700] "GET /shop/page/2/?orderby=popularity&stock_status=instock,onsale HTTP/1.1" 301 526 "https://view.lotushomemade.com/shop?orderby=popularity&stock_status=instock%2Consale" "Mozilla/5.0 (Linux; Android 7.0;) AppleWebKit/537.36 (KHTML, like Gecko) Mobile Safari/537.36 (compatible; PetalBot;+https://webmaster.petalsearch.com/site/petalbot)"
114.119.156.27 - - [15/Jan/2026:03:13:40 +0700] "GET /shop/page/2/?orderby=popularity&stock_status=instock,onsale HTTP/1.1" 301 526 "https://view.lotushomemade.com/shop?orderby=popularity&stock_status=instock%2Consale" "Mozilla/5.0 (Linux; Android 7.0;) AppleWebKit/537.36 (KHTML, like Gecko) Mobile Safari/537.36 (compatible; PetalBot;+https://webmaster.petalsearch.com/site/petalbot)"
114.119.156.27 - - [15/Jan/2026:03:13:40 +0700] "GET /shop/page/2/?orderby=popularity&stock_status=instock,onsale HTTP/1.1" 301 526 "https://view.lotushomemade.com/shop?orderby=popularity&stock_status=instock%2Consale" "Mozilla/5.0 (Linux; Android 7.0;) AppleWebKit/537.36 (KHTML, like Gecko) Mobile Safari/537.36 (compatible; PetalBot;+https://webmaster.petalsearch.com/site/petalbot)"
114.119.156.27 - - [15/Jan/2026:03:13:41 +0700] "GET /shop/page/2/?orderby=popularity&stock_status=instock,onsale HTTP/1.1" 301 526 "https://view.lotushomemade.com/shop?orderby=popularity&stock_status=instock%2Consale" "Mozilla/5.0 (Linux; Android 7.0;) AppleWebKit/537.36 (KHTML, like Gecko) Mobile Safari/537.36 (compatible; PetalBot;+https://webmaster.petalsearch.com/site/petalbot)"
57.141.16.31 - - [15/Jan/2026:03:13:55 +0700] "GET /product-category/crispy-snack-series/page/3/?stock_status=instock&per_row=4&shop_view=grid&per_page=8 HTTP/2" 200 226940 "-" "meta-externalagent/1.1 (+https://developers.facebook.com/docs/sharing/webmasters/crawler)"
103.131.51.123 - - [15/Jan/2026:03:15:00 +0700] "POST /wp-cron.php?doing_wp_cron=1768421700.0196819305419921875000 HTTP/1.1" 200 474 "-" "WordPress/6.9; https://view.lotushomemade.com"
114.119.148.197 - - [15/Jan/2026:03:14:58 +0700] "GET /shop/page/2/?orderby=popularity&per_page=18 HTTP/1.1" 200 41381 "https://view.lotushomemade.com/shop/page/22/?orderby=popularity&per_page=18" "Mozilla/5.0 (Linux; Android 7.0;) AppleWebKit/537.36 (KHTML, like Gecko) Mobile Safari/537.36 (compatible; PetalBot;+https://webmaster.petalsearch.com/site/petalbot)"
66.249.70.98 - - [15/Jan/2026:03:15:29 +0700] "GET /wp-content/uploads/2023/10/3066.png HTTP/1.1" 200 803471 "-" "Googlebot-Image/1.0"
103.131.51.123 - - [15/Jan/2026:03:15:43 +0700] "POST /wp-cron.php?doing_wp_cron=1768421743.7889909744262695312500 HTTP/1.1" 200 474 "-" "WordPress/6.9; https://view.lotushomemade.com"
57.141.16.17 - - [15/Jan/2026:03:15:41 +0700] "GET /shop/page/22/?stock_status=instock&per_page=12&shop_view=grid&per_row=4 HTTP/2" 200 243590 "-" "meta-externalagent/1.1 (+https://developers.facebook.com/docs/sharing/webmasters/crawler)"
114.119.145.110 - - [15/Jan/2026:03:16:22 +0700] "GET /shop/page/2/?orderby=date&stock_status=instock,onsale&shop_view=grid&per_row=4 HTTP/1.1" 301 633 "https://view.lotushomemade.com/shop?orderby=date&stock_status=instock%2Consale&shop_view=grid&per_row=4" "Mozilla/5.0 (Linux; Android 7.0;) AppleWebKit/537.36 (KHTML, like Gecko) Mobile Safari/537.36 (compatible; PetalBot;+https://webmaster.petalsearch.com/site/petalbot)"
114.119.145.110 - - [15/Jan/2026:03:16:23 +0700] "GET /shop/page/2/?orderby=date&stock_status=instock,onsale&shop_view=grid&per_row=4 HTTP/1.1" 301 633 "https://view.lotushomemade.com/shop?orderby=date&stock_status=instock%2Consale&shop_view=grid&per_row=4" "Mozilla/5.0 (Linux; Android 7.0;) AppleWebKit/537.36 (KHTML, like Gecko) Mobile Safari/537.36 (compatible; PetalBot;+https://webmaster.petalsearch.com/site/petalbot)"
114.119.145.110 - - [15/Jan/2026:03:16:24 +0700] "GET /shop/page/2/?orderby=date&stock_status=instock,onsale&shop_view=grid&per_row=4 HTTP/1.1" 301 633 "https://view.lotushomemade.com/shop?orderby=date&stock_status=instock%2Consale&shop_view=grid&per_row=4" "Mozilla/5.0 (Linux; Android 7.0;) AppleWebKit/537.36 (KHTML, like Gecko) Mobile Safari/537.36 (compatible; PetalBot;+https://webmaster.petalsearch.com/site/petalbot)"
114.119.145.110 - - [15/Jan/2026:03:16:25 +0700] "GET /shop/page/2/?orderby=date&stock_status=instock,onsale&shop_view=grid&per_row=4 HTTP/1.1" 301 633 "https://view.lotushomemade.com/shop?orderby=date&stock_status=instock%2Consale&shop_view=grid&per_row=4" "Mozilla/5.0 (Linux; Android 7.0;) AppleWebKit/537.36 (KHTML, like Gecko) Mobile Safari/537.36 (compatible; PetalBot;+https://webmaster.petalsearch.com/site/petalbot)"
114.119.145.110 - - [15/Jan/2026:03:16:25 +0700] "GET /shop/page/2/?orderby=date&stock_status=instock,onsale&shop_view=grid&per_row=4 HTTP/1.1" 301 633 "https://view.lotushomemade.com/shop?orderby=date&stock_status=instock%2Consale&shop_view=grid&per_row=4" "Mozilla/5.0 (Linux; Android 7.0;) AppleWebKit/537.36 (KHTML, like Gecko) Mobile Safari/537.36 (compatible; PetalBot;+https://webmaster.petalsearch.com/site/petalbot)"
114.119.145.110 - - [15/Jan/2026:03:16:26 +0700] "GET /shop/page/2/?orderby=date&stock_status=instock,onsale&shop_view=grid&per_row=4 HTTP/1.1" 301 633 "https://view.lotushomemade.com/shop?orderby=date&stock_status=instock%2Consale&shop_view=grid&per_row=4" "Mozilla/5.0 (Linux; Android 7.0;) AppleWebKit/537.36 (KHTML, like Gecko) Mobile Safari/537.36 (compatible; PetalBot;+https://webmaster.petalsearch.com/site/petalbot)"
114.119.145.110 - - [15/Jan/2026:03:16:26 +0700] "GET /shop/page/2/?orderby=date&stock_status=instock,onsale&shop_view=grid&per_row=4 HTTP/1.1" 301 633 "https://view.lotushomemade.com/shop?orderby=date&stock_status=instock%2Consale&shop_view=grid&per_row=4" "Mozilla/5.0 (Linux; Android 7.0;) AppleWebKit/537.36 (KHTML, like Gecko) Mobile Safari/537.36 (compatible; PetalBot;+https://webmaster.petalsearch.com/site/petalbot)"
114.119.145.110 - - [15/Jan/2026:03:16:27 +0700] "GET /shop/page/2/?orderby=date&stock_status=instock,onsale&shop_view=grid&per_row=4 HTTP/1.1" 301 633 "https://view.lotushomemade.com/shop?orderby=date&stock_status=instock%2Consale&shop_view=grid&per_row=4" "Mozilla/5.0 (Linux; Android 7.0;) AppleWebKit/537.36 (KHTML, like Gecko) Mobile Safari/537.36 (compatible; PetalBot;+https://webmaster.petalsearch.com/site/petalbot)"
114.119.145.110 - - [15/Jan/2026:03:16:27 +0700] "GET /shop/page/2/?orderby=date&stock_status=instock,onsale&shop_view=grid&per_row=4 HTTP/1.1" 301 633 "https://view.lotushomemade.com/shop?orderby=date&stock_status=instock%2Consale&shop_view=grid&per_row=4" "Mozilla/5.0 (Linux; Android 7.0;) AppleWebKit/537.36 (KHTML, like Gecko) Mobile Safari/537.36 (compatible; PetalBot;+https://webmaster.petalsearch.com/site/petalbot)"
114.119.145.110 - - [15/Jan/2026:03:16:28 +0700] "GET /shop/page/2/?orderby=date&stock_status=instock,onsale&shop_view=grid&per_row=4 HTTP/1.1" 301 633 "https://view.lotushomemade.com/shop?orderby=date&stock_status=instock%2Consale&shop_view=grid&per_row=4" "Mozilla/5.0 (Linux; Android 7.0;) AppleWebKit/537.36 (KHTML, like Gecko) Mobile Safari/537.36 (compatible; PetalBot;+https://webmaster.petalsearch.com/site/petalbot)"
103.131.51.123 - - [15/Jan/2026:03:17:49 +0700] "POST /wp-cron.php?doing_wp_cron=1768421869.3545610904693603515625 HTTP/1.1" 200 474 "-" "WordPress/6.9; https://view.lotushomemade.com"
114.119.142.208 - - [15/Jan/2026:03:17:45 +0700] "GET /shop/page/2/?orderby=date&per_page=24&shop_view=grid&per_row=6 HTTP/1.1" 200 42648 "https://view.lotushomemade.com/shop/page/9/?orderby=date&per_page=24&shop_view=grid&per_row=6" "Mozilla/5.0 (Linux; Android 7.0;) AppleWebKit/537.36 (KHTML, like Gecko) Mobile Safari/537.36 (compatible; PetalBot;+https://webmaster.petalsearch.com/site/petalbot)"
103.131.51.123 - - [15/Jan/2026:03:19:13 +0700] "POST /wp-cron.php?doing_wp_cron=1768421953.8466329574584960937500 HTTP/1.1" 200 474 "-" "WordPress/6.9; https://view.lotushomemade.com"
114.119.151.206 - - [15/Jan/2026:03:19:09 +0700] "GET /shop/page/2/?min_price=0&stock_status=instock&shop_view=grid&per_row=4 HTTP/1.1" 200 40613 "https://view.lotushomemade.com/shop/page/27/?min_price=0&stock_status=instock&shop_view=grid&per_row=4" "Mozilla/5.0 (Linux; Android 7.0;) AppleWebKit/537.36 (KHTML, like Gecko) Mobile Safari/537.36 (compatible; PetalBot;+https://webmaster.petalsearch.com/site/petalbot)"
103.131.51.123 - - [15/Jan/2026:03:20:38 +0700] "POST /wp-cron.php?doing_wp_cron=1768422038.6806449890136718750000 HTTP/1.1" 200 474 "-" "WordPress/6.9; https://view.lotushomemade.com"
114.119.130.97 - - [15/Jan/2026:03:20:36 +0700] "GET /shop/page/2/?min_price=0&stock_status=instock,onsale&per_page=18 HTTP/1.1" 301 577 "https://view.lotushomemade.com/shop?min_price=0&stock_status=instock%2Consale&per_page=18" "Mozilla/5.0 (Linux; Android 7.0;) AppleWebKit/537.36 (KHTML, like Gecko) Mobile Safari/537.36 (compatible; PetalBot;+https://webmaster.petalsearch.com/site/petalbot)"
114.119.130.97 - - [15/Jan/2026:03:20:38 +0700] "GET /shop/page/2/?min_price=0&stock_status=instock,onsale&per_page=18 HTTP/1.1" 301 577 "https://view.lotushomemade.com/shop?min_price=0&stock_status=instock%2Consale&per_page=18" "Mozilla/5.0 (Linux; Android 7.0;) AppleWebKit/537.36 (KHTML, like Gecko) Mobile Safari/537.36 (compatible; PetalBot;+https://webmaster.petalsearch.com/site/petalbot)"
114.119.130.97 - - [15/Jan/2026:03:20:39 +0700] "GET /shop/page/2/?min_price=0&stock_status=instock,onsale&per_page=18 HTTP/1.1" 301 577 "https://view.lotushomemade.com/shop?min_price=0&stock_status=instock%2Consale&per_page=18" "Mozilla/5.0 (Linux; Android 7.0;) AppleWebKit/537.36 (KHTML, like Gecko) Mobile Safari/537.36 (compatible; PetalBot;+https://webmaster.petalsearch.com/site/petalbot)"
114.119.130.97 - - [15/Jan/2026:03:20:40 +0700] "GET /shop/page/2/?min_price=0&stock_status=instock,onsale&per_page=18 HTTP/1.1" 301 577 "https://view.lotushomemade.com/shop?min_price=0&stock_status=instock%2Consale&per_page=18" "Mozilla/5.0 (Linux; Android 7.0;) AppleWebKit/537.36 (KHTML, like Gecko) Mobile Safari/537.36 (compatible; PetalBot;+https://webmaster.petalsearch.com/site/petalbot)"
114.119.130.97 - - [15/Jan/2026:03:20:40 +0700] "GET /shop/page/2/?min_price=0&stock_status=instock,onsale&per_page=18 HTTP/1.1" 301 577 "https://view.lotushomemade.com/shop?min_price=0&stock_status=instock%2Consale&per_page=18" "Mozilla/5.0 (Linux; Android 7.0;) AppleWebKit/537.36 (KHTML, like Gecko) Mobile Safari/537.36 (compatible; PetalBot;+https://webmaster.petalsearch.com/site/petalbot)"
114.119.130.97 - - [15/Jan/2026:03:20:41 +0700] "GET /shop/page/2/?min_price=0&stock_status=instock,onsale&per_page=18 HTTP/1.1" 301 577 "https://view.lotushomemade.com/shop?min_price=0&stock_status=instock%2Consale&per_page=18" "Mozilla/5.0 (Linux; Android 7.0;) AppleWebKit/537.36 (KHTML, like Gecko) Mobile Safari/537.36 (compatible; PetalBot;+https://webmaster.petalsearch.com/site/petalbot)"
114.119.130.97 - - [15/Jan/2026:03:20:41 +0700] "GET /shop/page/2/?min_price=0&stock_status=instock,onsale&per_page=18 HTTP/1.1" 301 577 "https://view.lotushomemade.com/shop?min_price=0&stock_status=instock%2Consale&per_page=18" "Mozilla/5.0 (Linux; Android 7.0;) AppleWebKit/537.36 (KHTML, like Gecko) Mobile Safari/537.36 (compatible; PetalBot;+https://webmaster.petalsearch.com/site/petalbot)"
114.119.130.97 - - [15/Jan/2026:03:20:42 +0700] "GET /shop/page/2/?min_price=0&stock_status=instock,onsale&per_page=18 HTTP/1.1" 301 577 "https://view.lotushomemade.com/shop?min_price=0&stock_status=instock%2Consale&per_page=18" "Mozilla/5.0 (Linux; Android 7.0;) AppleWebKit/537.36 (KHTML, like Gecko) Mobile Safari/537.36 (compatible; PetalBot;+https://webmaster.petalsearch.com/site/petalbot)"
114.119.130.97 - - [15/Jan/2026:03:20:43 +0700] "GET /shop/page/2/?min_price=0&stock_status=instock,onsale&per_page=18 HTTP/1.1" 301 577 "https://view.lotushomemade.com/shop?min_price=0&stock_status=instock%2Consale&per_page=18" "Mozilla/5.0 (Linux; Android 7.0;) AppleWebKit/537.36 (KHTML, like Gecko) Mobile Safari/537.36 (compatible; PetalBot;+https://webmaster.petalsearch.com/site/petalbot)"
114.119.130.97 - - [15/Jan/2026:03:20:44 +0700] "GET /shop/page/2/?min_price=0&stock_status=instock,onsale&per_page=18 HTTP/1.1" 301 577 "https://view.lotushomemade.com/shop?min_price=0&stock_status=instock%2Consale&per_page=18" "Mozilla/5.0 (Linux; Android 7.0;) AppleWebKit/537.36 (KHTML, like Gecko) Mobile Safari/537.36 (compatible; PetalBot;+https://webmaster.petalsearch.com/site/petalbot)"
57.141.16.68 - - [15/Jan/2026:03:20:50 +0700] "GET /product-category/traditional-cookies-series/page/12/?add-to-cart=16948 HTTP/2" 200 242402 "-" "meta-externalagent/1.1 (+https://developers.facebook.com/docs/sharing/webmasters/crawler)"
57.141.16.84 - - [15/Jan/2026:03:21:17 +0700] "GET /product-category/traditional-cookies-series/100-vegan-traditional-cookies-series/?per_row=2&shop_view=grid&per_page=8 HTTP/2" 200 241541 "-" "meta-externalagent/1.1 (+https://developers.facebook.com/docs/sharing/webmasters/crawler)"
103.131.51.123 - - [15/Jan/2026:03:21:58 +0700] "POST /wp-cron.php?doing_wp_cron=1768422118.5756230354309082031250 HTTP/1.1" 200 474 "-" "WordPress/6.9; https://view.lotushomemade.com"
114.119.151.206 - - [15/Jan/2026:03:21:58 +0700] "GET /shop?max_price=520&stock_status=onsale HTTP/1.1" 301 504 "https://view.lotushomemade.com/shop/page/9?max_price=520" "Mozilla/5.0 (Linux; Android 7.0;) AppleWebKit/537.36 (KHTML, like Gecko) Mobile Safari/537.36 (compatible; PetalBot;+https://webmaster.petalsearch.com/site/petalbot)"
114.119.151.206 - - [15/Jan/2026:03:21:58 +0700] "GET /shop/?max_price=520&stock_status=onsale HTTP/1.1" 200 41103 "https://view.lotushomemade.com/shop/page/9?max_price=520" "Mozilla/5.0 (Linux; Android 7.0;) AppleWebKit/537.36 (KHTML, like Gecko) Mobile Safari/537.36 (compatible; PetalBot;+https://webmaster.petalsearch.com/site/petalbot)"
103.131.51.123 - - [15/Jan/2026:03:23:26 +0700] "POST /wp-cron.php?doing_wp_cron=1768422205.5684120655059814453125 HTTP/1.1" 200 474 "-" "WordPress/6.9; https://view.lotushomemade.com"
114.119.149.78 - - [15/Jan/2026:03:23:21 +0700] "GET /shop/page/9/?orderby=popularity&per_page=8&shop_view=grid&per_row=6 HTTP/1.1" 200 39437 "https://view.lotushomemade.com/shop/page/7/?orderby=popularity&per_page=8&shop_view=grid&per_row=6" "Mozilla/5.0 (Linux; Android 7.0;) AppleWebKit/537.36 (KHTML, like Gecko) Mobile Safari/537.36 (compatible; PetalBot;+https://webmaster.petalsearch.com/site/petalbot)"
103.131.51.123 - - [15/Jan/2026:03:24:49 +0700] "POST /wp-cron.php?doing_wp_cron=1768422289.4004740715026855468750 HTTP/1.1" 200 474 "-" "WordPress/6.9; https://view.lotushomemade.com"
114.119.130.97 - - [15/Jan/2026:03:24:45 +0700] "GET /shop/page/8/?orderby=price-desc&per_page=18 HTTP/1.1" 200 41047 "https://view.lotushomemade.com/shop/page/6/?orderby=price-desc&per_page=18" "Mozilla/5.0 (Linux; Android 7.0;) AppleWebKit/537.36 (KHTML, like Gecko) Mobile Safari/537.36 (compatible; PetalBot;+https://webmaster.petalsearch.com/site/petalbot)"
103.131.51.123 - - [15/Jan/2026:03:26:13 +0700] "POST /wp-cron.php?doing_wp_cron=1768422372.9591178894042968750000 HTTP/1.1" 200 474 "-" "WordPress/6.9; https://view.lotushomemade.com"
114.119.130.97 - - [15/Jan/2026:03:26:08 +0700] "GET /shop/page/8/?max_price=520&per_row=6&shop_view=grid&stock_status=instock HTTP/1.1" 200 39933 "https://view.lotushomemade.com/shop/page/6/?max_price=520&per_row=6&shop_view=grid&stock_status=instock" "Mozilla/5.0 (Linux; Android 7.0;) AppleWebKit/537.36 (KHTML, like Gecko) Mobile Safari/537.36 (compatible; PetalBot;+https://webmaster.petalsearch.com/site/petalbot)"
103.131.51.123 - - [15/Jan/2026:03:27:35 +0700] "POST /wp-cron.php?doing_wp_cron=1768422455.6929409503936767578125 HTTP/1.1" 200 474 "-" "WordPress/6.9; https://view.lotushomemade.com"
114.119.145.110 - - [15/Jan/2026:03:27:31 +0700] "GET /shop/page/6/?min_price=0&stock_status=instock&per_row=6&shop_view=grid HTTP/1.1" 200 40192 "https://view.lotushomemade.com/shop/page/7/?min_price=0&stock_status=instock&per_row=6&shop_view=grid" "Mozilla/5.0 (Linux; Android 7.0;) AppleWebKit/537.36 (KHTML, like Gecko) Mobile Safari/537.36 (compatible; PetalBot;+https://webmaster.petalsearch.com/site/petalbot)"
103.131.51.123 - - [15/Jan/2026:03:28:58 +0700] "POST /wp-cron.php?doing_wp_cron=1768422538.0403358936309814453125 HTTP/1.1" 200 474 "-" "WordPress/6.9; https://view.lotushomemade.com"
114.119.148.197 - - [15/Jan/2026:03:28:55 +0700] "GET /shop/page/5?orderby=rating&per_page=18&shop_view=grid&per_row=4 HTTP/1.1" 301 663 "https://view.lotushomemade.com/shop/page/4?orderby=rating&per_page=18&shop_view=grid&per_row=4" "Mozilla/5.0 (Linux; Android 7.0;) AppleWebKit/537.36 (KHTML, like Gecko) Mobile Safari/537.36 (compatible; PetalBot;+https://webmaster.petalsearch.com/site/petalbot)"
114.119.148.197 - - [15/Jan/2026:03:28:58 +0700] "GET /shop/page/5/?orderby=rating&per_page=18&shop_view=grid&per_row=4 HTTP/1.1" 200 40682 "https://view.lotushomemade.com/shop/page/4?orderby=rating&per_page=18&shop_view=grid&per_row=4" "Mozilla/5.0 (Linux; Android 7.0;) AppleWebKit/537.36 (KHTML, like Gecko) Mobile Safari/537.36 (compatible; PetalBot;+https://webmaster.petalsearch.com/site/petalbot)"
103.131.51.123 - - [15/Jan/2026:03:30:22 +0700] "POST /wp-cron.php?doing_wp_cron=1768422622.7893309593200683593750 HTTP/1.1" 200 474 "-" "WordPress/6.9; https://view.lotushomemade.com"
114.119.156.27 - - [15/Jan/2026:03:30:20 +0700] "GET /shop/page/3?orderby=price-desc&per_row=2&shop_view=grid&stock_status=instock,onsale HTTP/1.1" 301 639 "https://view.lotushomemade.com/shop/?orderby=price-desc&per_row=2&shop_view=grid&stock_status=instock%2Consale" "Mozilla/5.0 (Linux; Android 7.0;) AppleWebKit/537.36 (KHTML, like Gecko) Mobile Safari/537.36 (compatible; PetalBot;+https://webmaster.petalsearch.com/site/petalbot)"
114.119.156.27 - - [15/Jan/2026:03:30:22 +0700] "GET /shop/page/3/?orderby=price-desc&per_row=2&shop_view=grid&stock_status=instock,onsale HTTP/1.1" 301 639 "https://view.lotushomemade.com/shop/?orderby=price-desc&per_row=2&shop_view=grid&stock_status=instock%2Consale" "Mozilla/5.0 (Linux; Android 7.0;) AppleWebKit/537.36 (KHTML, like Gecko) Mobile Safari/537.36 (compatible; PetalBot;+https://webmaster.petalsearch.com/site/petalbot)"
114.119.156.27 - - [15/Jan/2026:03:30:23 +0700] "GET /shop/page/3/?orderby=price-desc&per_row=2&shop_view=grid&stock_status=instock,onsale HTTP/1.1" 301 639 "https://view.lotushomemade.com/shop/?orderby=price-desc&per_row=2&shop_view=grid&stock_status=instock%2Consale" "Mozilla/5.0 (Linux; Android 7.0;) AppleWebKit/537.36 (KHTML, like Gecko) Mobile Safari/537.36 (compatible; PetalBot;+https://webmaster.petalsearch.com/site/petalbot)"
114.119.156.27 - - [15/Jan/2026:03:30:25 +0700] "GET /shop/page/3/?orderby=price-desc&per_row=2&shop_view=grid&stock_status=instock,onsale HTTP/1.1" 301 639 "https://view.lotushomemade.com/shop/?orderby=price-desc&per_row=2&shop_view=grid&stock_status=instock%2Consale" "Mozilla/5.0 (Linux; Android 7.0;) AppleWebKit/537.36 (KHTML, like Gecko) Mobile Safari/537.36 (compatible; PetalBot;+https://webmaster.petalsearch.com/site/petalbot)"
114.119.156.27 - - [15/Jan/2026:03:30:26 +0700] "GET /shop/page/3/?orderby=price-desc&per_row=2&shop_view=grid&stock_status=instock,onsale HTTP/1.1" 301 639 "https://view.lotushomemade.com/shop/?orderby=price-desc&per_row=2&shop_view=grid&stock_status=instock%2Consale" "Mozilla/5.0 (Linux; Android 7.0;) AppleWebKit/537.36 (KHTML, like Gecko) Mobile Safari/537.36 (compatible; PetalBot;+https://webmaster.petalsearch.com/site/petalbot)"
114.119.156.27 - - [15/Jan/2026:03:30:27 +0700] "GET /shop/page/3/?orderby=price-desc&per_row=2&shop_view=grid&stock_status=instock,onsale HTTP/1.1" 301 639 "https://view.lotushomemade.com/shop/?orderby=price-desc&per_row=2&shop_view=grid&stock_status=instock%2Consale" "Mozilla/5.0 (Linux; Android 7.0;) AppleWebKit/537.36 (KHTML, like Gecko) Mobile Safari/537.36 (compatible; PetalBot;+https://webmaster.petalsearch.com/site/petalbot)"
114.119.156.27 - - [15/Jan/2026:03:30:27 +0700] "GET /shop/page/3/?orderby=price-desc&per_row=2&shop_view=grid&stock_status=instock,onsale HTTP/1.1" 301 639 "https://view.lotushomemade.com/shop/?orderby=price-desc&per_row=2&shop_view=grid&stock_status=instock%2Consale" "Mozilla/5.0 (Linux; Android 7.0;) AppleWebKit/537.36 (KHTML, like Gecko) Mobile Safari/537.36 (compatible; PetalBot;+https://webmaster.petalsearch.com/site/petalbot)"
114.119.156.27 - - [15/Jan/2026:03:30:28 +0700] "GET /shop/page/3/?orderby=price-desc&per_row=2&shop_view=grid&stock_status=instock,onsale HTTP/1.1" 301 639 "https://view.lotushomemade.com/shop/?orderby=price-desc&per_row=2&shop_view=grid&stock_status=instock%2Consale" "Mozilla/5.0 (Linux; Android 7.0;) AppleWebKit/537.36 (KHTML, like Gecko) Mobile Safari/537.36 (compatible; PetalBot;+https://webmaster.petalsearch.com/site/petalbot)"
114.119.156.27 - - [15/Jan/2026:03:30:28 +0700] "GET /shop/page/3/?orderby=price-desc&per_row=2&shop_view=grid&stock_status=instock,onsale HTTP/1.1" 301 639 "https://view.lotushomemade.com/shop/?orderby=price-desc&per_row=2&shop_view=grid&stock_status=instock%2Consale" "Mozilla/5.0 (Linux; Android 7.0;) AppleWebKit/537.36 (KHTML, like Gecko) Mobile Safari/537.36 (compatible; PetalBot;+https://webmaster.petalsearch.com/site/petalbot)"
114.119.156.27 - - [15/Jan/2026:03:30:29 +0700] "GET /shop/page/3/?orderby=price-desc&per_row=2&shop_view=grid&stock_status=instock,onsale HTTP/1.1" 301 639 "https://view.lotushomemade.com/shop/?orderby=price-desc&per_row=2&shop_view=grid&stock_status=instock%2Consale" "Mozilla/5.0 (Linux; Android 7.0;) AppleWebKit/537.36 (KHTML, like Gecko) Mobile Safari/537.36 (compatible; PetalBot;+https://webmaster.petalsearch.com/site/petalbot)"
103.131.51.123 - - [15/Jan/2026:03:30:41 +0700] "POST /wp-cron.php?doing_wp_cron=1768422641.7100319862365722656250 HTTP/1.1" 200 474 "-" "WordPress/6.9; https://view.lotushomemade.com"
57.141.16.21 - - [15/Jan/2026:03:30:39 +0700] "GET /shop/page/10/?add-to-cart=17146 HTTP/2" 200 239613 "-" "meta-externalagent/1.1 (+https://developers.facebook.com/docs/sharing/webmasters/crawler)"
103.131.51.123 - - [15/Jan/2026:03:31:45 +0700] "POST /wp-cron.php?doing_wp_cron=1768422705.2436699867248535156250 HTTP/1.1" 200 474 "-" "WordPress/6.9; https://view.lotushomemade.com"
114.119.150.215 - - [15/Jan/2026:03:31:43 +0700] "GET /shop/page/33/?orderby=popularity&per_row=2&per_page=8&shop_view=grid HTTP/1.1" 200 39046 "https://view.lotushomemade.com/shop/page/31/?orderby=popularity&per_row=2&per_page=8&shop_view=grid" "Mozilla/5.0 (Linux; Android 7.0;) AppleWebKit/537.36 (KHTML, like Gecko) Mobile Safari/537.36 (compatible; PetalBot;+https://webmaster.petalsearch.com/site/petalbot)"
103.131.51.123 - - [15/Jan/2026:03:33:11 +0700] "POST /wp-cron.php?doing_wp_cron=1768422791.5254070758819580078125 HTTP/1.1" 200 474 "-" "WordPress/6.9; https://view.lotushomemade.com"
114.119.148.197 - - [15/Jan/2026:03:33:07 +0700] "GET /shop/page/31/?orderby=rating&stock_status=instock&per_row=2&shop_view=grid HTTP/1.1" 200 39957 "https://view.lotushomemade.com/shop/page/20?orderby=rating&stock_status=instock&per_row=2&shop_view=grid" "Mozilla/5.0 (Linux; Android 7.0;) AppleWebKit/537.36 (KHTML, like Gecko) Mobile Safari/537.36 (compatible; PetalBot;+https://webmaster.petalsearch.com/site/petalbot)"
103.131.51.123 - - [15/Jan/2026:03:34:34 +0700] "POST /wp-cron.php?doing_wp_cron=1768422874.2072529792785644531250 HTTP/1.1" 200 474 "-" "WordPress/6.9; https://view.lotushomemade.com"
114.119.149.78 - - [15/Jan/2026:03:34:30 +0700] "GET /shop/page/26/?orderby=rating&per_row=4&shop_view=grid&per_page=8 HTTP/1.1" 200 39053 "https://view.lotushomemade.com/shop/page/27/?orderby=rating&per_row=4&shop_view=grid&per_page=8" "Mozilla/5.0 (Linux; Android 7.0;) AppleWebKit/537.36 (KHTML, like Gecko) Mobile Safari/537.36 (compatible; PetalBot;+https://webmaster.petalsearch.com/site/petalbot)"
103.131.51.123 - - [15/Jan/2026:03:35:57 +0700] "POST /wp-cron.php?doing_wp_cron=1768422957.8386969566345214843750 HTTP/1.1" 200 474 "-" "WordPress/6.9; https://view.lotushomemade.com"
114.119.151.206 - - [15/Jan/2026:03:35:53 +0700] "GET /shop/page/26/?max_price=520&per_page=8 HTTP/1.1" 200 39446 "https://view.lotushomemade.com/shop/page/29/?max_price=520&per_page=8" "Mozilla/5.0 (Linux; Android 7.0;) AppleWebKit/537.36 (KHTML, like Gecko) Mobile Safari/537.36 (compatible; PetalBot;+https://webmaster.petalsearch.com/site/petalbot)"
103.131.51.123 - - [15/Jan/2026:03:37:21 +0700] "POST /wp-cron.php?doing_wp_cron=1768423041.8961920738220214843750 HTTP/1.1" 200 474 "-" "WordPress/6.9; https://view.lotushomemade.com"
114.119.142.208 - - [15/Jan/2026:03:37:17 +0700] "GET /shop/page/26/?max_price=1050&per_page=8 HTTP/1.1" 200 39481 "https://view.lotushomemade.com/shop/page/25/?max_price=1050&per_page=8" "Mozilla/5.0 (Linux; Android 7.0;) AppleWebKit/537.36 (KHTML, like Gecko) Mobile Safari/537.36 (compatible; PetalBot;+https://webmaster.petalsearch.com/site/petalbot)"
103.131.51.123 - - [15/Jan/2026:03:38:43 +0700] "POST /wp-cron.php?doing_wp_cron=1768423123.6799159049987792968750 HTTP/1.1" 200 474 "-" "WordPress/6.9; https://view.lotushomemade.com"
114.119.142.208 - - [15/Jan/2026:03:38:41 +0700] "GET /shop/page/2/?orderby=price&per_page=18&stock_status=instock,onsale HTTP/1.1" 301 579 "https://view.lotushomemade.com/shop?orderby=price&per_page=18&stock_status=instock%2Consale" "Mozilla/5.0 (Linux; Android 7.0;) AppleWebKit/537.36 (KHTML, like Gecko) Mobile Safari/537.36 (compatible; PetalBot;+https://webmaster.petalsearch.com/site/petalbot)"
