114.119.149.78 - - [14/Jan/2026:15:15:00 +0700] "GET /shop/page/31/?orderby=price-desc&stock_status=instock,onsale HTTP/1.1" 301 527 "https://view.lotushomemade.com/shop?orderby=price-desc&stock_status=instock%2Consale" "Mozilla/5.0 (Linux; Android 7.0;) AppleWebKit/537.36 (KHTML, like Gecko) Mobile Safari/537.36 (compatible; PetalBot;+https://webmaster.petalsearch.com/site/petalbot)"
114.119.149.78 - - [14/Jan/2026:15:15:00 +0700] "GET /shop/page/31/?orderby=price-desc&stock_status=instock,onsale HTTP/1.1" 301 527 "https://view.lotushomemade.com/shop?orderby=price-desc&stock_status=instock%2Consale" "Mozilla/5.0 (Linux; Android 7.0;) AppleWebKit/537.36 (KHTML, like Gecko) Mobile Safari/537.36 (compatible; PetalBot;+https://webmaster.petalsearch.com/site/petalbot)"
103.131.51.123 - - [14/Jan/2026:15:16:16 +0700] "POST /wp-cron.php?doing_wp_cron=1768378576.7283871173858642578125 HTTP/1.1" 200 474 "-" "WordPress/6.9; https://view.lotushomemade.com"
114.119.149.78 - - [14/Jan/2026:15:16:14 +0700] "GET /shop/page/31?max_price=520&per_row=2&shop_view=grid HTTP/1.1" 301 605 "https://view.lotushomemade.com/shop?max_price=520&per_row=2&shop_view=grid" "Mozilla/5.0 (Linux; Android 7.0;) AppleWebKit/537.36 (KHTML, like Gecko) Mobile Safari/537.36 (compatible; PetalBot;+https://webmaster.petalsearch.com/site/petalbot)"
114.119.149.78 - - [14/Jan/2026:15:16:16 +0700] "GET /shop/page/31/?max_price=520&per_row=2&shop_view=grid HTTP/1.1" 200 40214 "https://view.lotushomemade.com/shop?max_price=520&per_row=2&shop_view=grid" "Mozilla/5.0 (Linux; Android 7.0;) AppleWebKit/537.36 (KHTML, like Gecko) Mobile Safari/537.36 (compatible; PetalBot;+https://webmaster.petalsearch.com/site/petalbot)"
216.106.219.68 - - [14/Jan/2026:15:16:22 +0700] "GET /product/chocolate-mini-puff-l-2/?add-to-cart=7868 HTTP/1.1" 200 38732 "-" "Mozilla/5.0 (Windows; U; Windows NT 5.2) AppleWebKit/534.21.2 (KHTML, like Gecko) Version/4.0.2 Safari/534.21.2"
103.131.51.123 - - [14/Jan/2026:15:17:40 +0700] "POST /wp-cron.php?doing_wp_cron=1768378660.1463060379028320312500 HTTP/1.1" 200 474 "-" "WordPress/6.9; https://view.lotushomemade.com"
114.119.142.208 - - [14/Jan/2026:15:17:37 +0700] "GET /shop/page/31/?stock_status=instock&per_row=6&shop_view=grid&per_page=12 HTTP/1.1" 200 40181 "https://view.lotushomemade.com/shop/page/32/?stock_status=instock&per_row=6&shop_view=grid&per_page=12" "Mozilla/5.0 (Linux; Android 7.0;) AppleWebKit/537.36 (KHTML, like Gecko) Mobile Safari/537.36 (compatible; PetalBot;+https://webmaster.petalsearch.com/site/petalbot)"
57.141.16.37 - - [14/Jan/2026:15:17:36 +0700] "GET /shop/page/13/?stock_status=onsale&per_row=4&shop_view=grid&per_page=18 HTTP/2" 200 259987 "-" "meta-externalagent/1.1 (+https://developers.facebook.com/docs/sharing/webmasters/crawler)"
103.131.51.123 - - [14/Jan/2026:15:19:03 +0700] "POST /wp-cron.php?doing_wp_cron=1768378743.8148329257965087890625 HTTP/1.1" 200 474 "-" "WordPress/6.9; https://view.lotushomemade.com"
114.119.145.110 - - [14/Jan/2026:15:18:59 +0700] "GET /shop/page/31/?stock_status=instock&per_row=2&shop_view=grid&per_page=12 HTTP/1.1" 200 40089 "https://view.lotushomemade.com/shop/page/4/?stock_status=instock&per_row=2&shop_view=grid&per_page=12" "Mozilla/5.0 (Linux; Android 7.0;) AppleWebKit/537.36 (KHTML, like Gecko) Mobile Safari/537.36 (compatible; PetalBot;+https://webmaster.petalsearch.com/site/petalbot)"
103.131.51.123 - - [14/Jan/2026:15:20:26 +0700] "POST /wp-cron.php?doing_wp_cron=1768378826.7338531017303466796875 HTTP/1.1" 200 474 "-" "WordPress/6.9; https://view.lotushomemade.com"
114.119.151.206 - - [14/Jan/2026:15:20:24 +0700] "GET /shop/page/31/?per_row=2&per_page=12&shop_view=grid&stock_status=instock,onsale HTTP/1.1" 301 679 "https://view.lotushomemade.com/shop?per_row=2&per_page=12&shop_view=grid&stock_status=instock%2Consale" "Mozilla/5.0 (Linux; Android 7.0;) AppleWebKit/537.36 (KHTML, like Gecko) Mobile Safari/537.36 (compatible; PetalBot;+https://webmaster.petalsearch.com/site/petalbot)"
114.119.151.206 - - [14/Jan/2026:15:20:26 +0700] "GET /shop/page/31/?per_row=2&per_page=12&shop_view=grid&stock_status=instock,onsale HTTP/1.1" 301 679 "https://view.lotushomemade.com/shop?per_row=2&per_page=12&shop_view=grid&stock_status=instock%2Consale" "Mozilla/5.0 (Linux; Android 7.0;) AppleWebKit/537.36 (KHTML, like Gecko) Mobile Safari/537.36 (compatible; PetalBot;+https://webmaster.petalsearch.com/site/petalbot)"
114.119.151.206 - - [14/Jan/2026:15:20:27 +0700] "GET /shop/page/31/?per_row=2&per_page=12&shop_view=grid&stock_status=instock,onsale HTTP/1.1" 301 679 "https://view.lotushomemade.com/shop?per_row=2&per_page=12&shop_view=grid&stock_status=instock%2Consale" "Mozilla/5.0 (Linux; Android 7.0;) AppleWebKit/537.36 (KHTML, like Gecko) Mobile Safari/537.36 (compatible; PetalBot;+https://webmaster.petalsearch.com/site/petalbot)"
114.119.151.206 - - [14/Jan/2026:15:20:27 +0700] "GET /shop/page/31/?per_row=2&per_page=12&shop_view=grid&stock_status=instock,onsale HTTP/1.1" 301 679 "https://view.lotushomemade.com/shop?per_row=2&per_page=12&shop_view=grid&stock_status=instock%2Consale" "Mozilla/5.0 (Linux; Android 7.0;) AppleWebKit/537.36 (KHTML, like Gecko) Mobile Safari/537.36 (compatible; PetalBot;+https://webmaster.petalsearch.com/site/petalbot)"
114.119.151.206 - - [14/Jan/2026:15:20:28 +0700] "GET /shop/page/31/?per_row=2&per_page=12&shop_view=grid&stock_status=instock,onsale HTTP/1.1" 301 679 "https://view.lotushomemade.com/shop?per_row=2&per_page=12&shop_view=grid&stock_status=instock%2Consale" "Mozilla/5.0 (Linux; Android 7.0;) AppleWebKit/537.36 (KHTML, like Gecko) Mobile Safari/537.36 (compatible; PetalBot;+https://webmaster.petalsearch.com/site/petalbot)"
114.119.151.206 - - [14/Jan/2026:15:20:28 +0700] "GET /shop/page/31/?per_row=2&per_page=12&shop_view=grid&stock_status=instock,onsale HTTP/1.1" 301 679 "https://view.lotushomemade.com/shop?per_row=2&per_page=12&shop_view=grid&stock_status=instock%2Consale" "Mozilla/5.0 (Linux; Android 7.0;) AppleWebKit/537.36 (KHTML, like Gecko) Mobile Safari/537.36 (compatible; PetalBot;+https://webmaster.petalsearch.com/site/petalbot)"
114.119.151.206 - - [14/Jan/2026:15:20:29 +0700] "GET /shop/page/31/?per_row=2&per_page=12&shop_view=grid&stock_status=instock,onsale HTTP/1.1" 301 679 "https://view.lotushomemade.com/shop?per_row=2&per_page=12&shop_view=grid&stock_status=instock%2Consale" "Mozilla/5.0 (Linux; Android 7.0;) AppleWebKit/537.36 (KHTML, like Gecko) Mobile Safari/537.36 (compatible; PetalBot;+https://webmaster.petalsearch.com/site/petalbot)"
114.119.151.206 - - [14/Jan/2026:15:20:29 +0700] "GET /shop/page/31/?per_row=2&per_page=12&shop_view=grid&stock_status=instock,onsale HTTP/1.1" 301 679 "https://view.lotushomemade.com/shop?per_row=2&per_page=12&shop_view=grid&stock_status=instock%2Consale" "Mozilla/5.0 (Linux; Android 7.0;) AppleWebKit/537.36 (KHTML, like Gecko) Mobile Safari/537.36 (compatible; PetalBot;+https://webmaster.petalsearch.com/site/petalbot)"
114.119.151.206 - - [14/Jan/2026:15:20:29 +0700] "GET /shop/page/31/?per_row=2&per_page=12&shop_view=grid&stock_status=instock,onsale HTTP/1.1" 301 679 "https://view.lotushomemade.com/shop?per_row=2&per_page=12&shop_view=grid&stock_status=instock%2Consale" "Mozilla/5.0 (Linux; Android 7.0;) AppleWebKit/537.36 (KHTML, like Gecko) Mobile Safari/537.36 (compatible; PetalBot;+https://webmaster.petalsearch.com/site/petalbot)"
114.119.151.206 - - [14/Jan/2026:15:20:30 +0700] "GET /shop/page/31/?per_row=2&per_page=12&shop_view=grid&stock_status=instock,onsale HTTP/1.1" 301 679 "https://view.lotushomemade.com/shop?per_row=2&per_page=12&shop_view=grid&stock_status=instock%2Consale" "Mozilla/5.0 (Linux; Android 7.0;) AppleWebKit/537.36 (KHTML, like Gecko) Mobile Safari/537.36 (compatible; PetalBot;+https://webmaster.petalsearch.com/site/petalbot)"
103.131.51.123 - - [14/Jan/2026:15:21:51 +0700] "POST /wp-cron.php?doing_wp_cron=1768378911.6119139194488525390625 HTTP/1.1" 200 474 "-" "WordPress/6.9; https://view.lotushomemade.com"
114.119.145.110 - - [14/Jan/2026:15:21:47 +0700] "GET /shop/page/31/?orderby=price-desc&per_page=12&shop_view=grid&per_row=2 HTTP/1.1" 200 39883 "https://view.lotushomemade.com/shop/page/29/?orderby=price-desc&per_page=12&shop_view=grid&per_row=2" "Mozilla/5.0 (Linux; Android 7.0;) AppleWebKit/537.36 (KHTML, like Gecko) Mobile Safari/537.36 (compatible; PetalBot;+https://webmaster.petalsearch.com/site/petalbot)"
57.141.16.76 - - [14/Jan/2026:15:22:42 +0700] "GET /shop/page/8/?stock_status=onsale&per_row=6&shop_view=grid&per_page=8 HTTP/2" 200 229336 "-" "meta-externalagent/1.1 (+https://developers.facebook.com/docs/sharing/webmasters/crawler)"
114.119.142.208 - - [14/Jan/2026:15:23:10 +0700] "GET /shop/page/31/?orderby=price&stock_status=onsale&shop_view=grid&per_row=2 HTTP/1.1" 200 40158 "https://view.lotushomemade.com/shop/page/22/?orderby=price&stock_status=onsale&shop_view=grid&per_row=2" "Mozilla/5.0 (Linux; Android 7.0;) AppleWebKit/537.36 (KHTML, like Gecko) Mobile Safari/537.36 (compatible; PetalBot;+https://webmaster.petalsearch.com/site/petalbot)"
103.131.51.123 - - [14/Jan/2026:15:24:38 +0700] "POST /wp-cron.php?doing_wp_cron=1768379078.8562040328979492187500 HTTP/1.1" 200 474 "-" "WordPress/6.9; https://view.lotushomemade.com"
114.119.148.197 - - [14/Jan/2026:15:24:35 +0700] "GET /shop/page/31/?orderby=price&per_row=6&shop_view=grid&stock_status=onsale HTTP/1.1" 200 40146 "https://view.lotushomemade.com/shop/page/4?orderby=price&per_row=6&shop_view=grid&stock_status=onsale" "Mozilla/5.0 (Linux; Android 7.0;) AppleWebKit/537.36 (KHTML, like Gecko) Mobile Safari/537.36 (compatible; PetalBot;+https://webmaster.petalsearch.com/site/petalbot)"
154.82.150.75 - - [14/Jan/2026:15:24:42 +0700] "GET /product/salted-egg-dragon-king-l/?add-to-cart=7868 HTTP/1.1" 200 38647 "-" "Mozilla/5.0 (Windows NT 10.0) AppleWebKit/533.0 (KHTML, like Gecko) Chrome/51.0.868.0 Safari/533.0"
103.131.51.123 - - [14/Jan/2026:15:26:06 +0700] "POST /wp-cron.php?doing_wp_cron=1768379166.6894090175628662109375 HTTP/1.1" 200 474 "-" "WordPress/6.9; https://view.lotushomemade.com"
114.119.149.78 - - [14/Jan/2026:15:26:02 +0700] "GET /shop/page/31/?orderby=price&per_row=2&per_page=12&shop_view=grid HTTP/1.1" 200 40205 "https://view.lotushomemade.com/shop/page/8/?orderby=price&per_row=2&per_page=12&shop_view=grid" "Mozilla/5.0 (Linux; Android 7.0;) AppleWebKit/537.36 (KHTML, like Gecko) Mobile Safari/537.36 (compatible; PetalBot;+https://webmaster.petalsearch.com/site/petalbot)"
103.131.51.123 - - [14/Jan/2026:15:27:24 +0700] "POST /wp-cron.php?doing_wp_cron=1768379244.7298579216003417968750 HTTP/1.1" 200 474 "-" "WordPress/6.9; https://view.lotushomemade.com"
114.119.130.97 - - [14/Jan/2026:15:27:22 +0700] "GET /shop/page/31/?orderby=popularity&stock_status=instock,onsale&per_row=4&shop_view=grid HTTP/1.1" 301 640 "https://view.lotushomemade.com/shop?orderby=popularity&stock_status=instock%2Consale&per_row=4&shop_view=grid" "Mozilla/5.0 (Linux; Android 7.0;) AppleWebKit/537.36 (KHTML, like Gecko) Mobile Safari/537.36 (compatible; PetalBot;+https://webmaster.petalsearch.com/site/petalbot)"
114.119.130.97 - - [14/Jan/2026:15:27:24 +0700] "GET /shop/page/31/?orderby=popularity&stock_status=instock,onsale&per_row=4&shop_view=grid HTTP/1.1" 301 640 "https://view.lotushomemade.com/shop?orderby=popularity&stock_status=instock%2Consale&per_row=4&shop_view=grid" "Mozilla/5.0 (Linux; Android 7.0;) AppleWebKit/537.36 (KHTML, like Gecko) Mobile Safari/537.36 (compatible; PetalBot;+https://webmaster.petalsearch.com/site/petalbot)"
114.119.130.97 - - [14/Jan/2026:15:27:25 +0700] "GET /shop/page/31/?orderby=popularity&stock_status=instock,onsale&per_row=4&shop_view=grid HTTP/1.1" 301 640 "https://view.lotushomemade.com/shop?orderby=popularity&stock_status=instock%2Consale&per_row=4&shop_view=grid" "Mozilla/5.0 (Linux; Android 7.0;) AppleWebKit/537.36 (KHTML, like Gecko) Mobile Safari/537.36 (compatible; PetalBot;+https://webmaster.petalsearch.com/site/petalbot)"
114.119.130.97 - - [14/Jan/2026:15:27:25 +0700] "GET /shop/page/31/?orderby=popularity&stock_status=instock,onsale&per_row=4&shop_view=grid HTTP/1.1" 301 640 "https://view.lotushomemade.com/shop?orderby=popularity&stock_status=instock%2Consale&per_row=4&shop_view=grid" "Mozilla/5.0 (Linux; Android 7.0;) AppleWebKit/537.36 (KHTML, like Gecko) Mobile Safari/537.36 (compatible; PetalBot;+https://webmaster.petalsearch.com/site/petalbot)"
114.119.130.97 - - [14/Jan/2026:15:27:26 +0700] "GET /shop/page/31/?orderby=popularity&stock_status=instock,onsale&per_row=4&shop_view=grid HTTP/1.1" 301 640 "https://view.lotushomemade.com/shop?orderby=popularity&stock_status=instock%2Consale&per_row=4&shop_view=grid" "Mozilla/5.0 (Linux; Android 7.0;) AppleWebKit/537.36 (KHTML, like Gecko) Mobile Safari/537.36 (compatible; PetalBot;+https://webmaster.petalsearch.com/site/petalbot)"
114.119.130.97 - - [14/Jan/2026:15:27:26 +0700] "GET /shop/page/31/?orderby=popularity&stock_status=instock,onsale&per_row=4&shop_view=grid HTTP/1.1" 301 640 "https://view.lotushomemade.com/shop?orderby=popularity&stock_status=instock%2Consale&per_row=4&shop_view=grid" "Mozilla/5.0 (Linux; Android 7.0;) AppleWebKit/537.36 (KHTML, like Gecko) Mobile Safari/537.36 (compatible; PetalBot;+https://webmaster.petalsearch.com/site/petalbot)"
114.119.130.97 - - [14/Jan/2026:15:27:27 +0700] "GET /shop/page/31/?orderby=popularity&stock_status=instock,onsale&per_row=4&shop_view=grid HTTP/1.1" 301 640 "https://view.lotushomemade.com/shop?orderby=popularity&stock_status=instock%2Consale&per_row=4&shop_view=grid" "Mozilla/5.0 (Linux; Android 7.0;) AppleWebKit/537.36 (KHTML, like Gecko) Mobile Safari/537.36 (compatible; PetalBot;+https://webmaster.petalsearch.com/site/petalbot)"
114.119.130.97 - - [14/Jan/2026:15:27:27 +0700] "GET /shop/page/31/?orderby=popularity&stock_status=instock,onsale&per_row=4&shop_view=grid HTTP/1.1" 301 640 "https://view.lotushomemade.com/shop?orderby=popularity&stock_status=instock%2Consale&per_row=4&shop_view=grid" "Mozilla/5.0 (Linux; Android 7.0;) AppleWebKit/537.36 (KHTML, like Gecko) Mobile Safari/537.36 (compatible; PetalBot;+https://webmaster.petalsearch.com/site/petalbot)"
114.119.130.97 - - [14/Jan/2026:15:27:27 +0700] "GET /shop/page/31/?orderby=popularity&stock_status=instock,onsale&per_row=4&shop_view=grid HTTP/1.1" 301 640 "https://view.lotushomemade.com/shop?orderby=popularity&stock_status=instock%2Consale&per_row=4&shop_view=grid" "Mozilla/5.0 (Linux; Android 7.0;) AppleWebKit/537.36 (KHTML, like Gecko) Mobile Safari/537.36 (compatible; PetalBot;+https://webmaster.petalsearch.com/site/petalbot)"
114.119.130.97 - - [14/Jan/2026:15:27:28 +0700] "GET /shop/page/31/?orderby=popularity&stock_status=instock,onsale&per_row=4&shop_view=grid HTTP/1.1" 301 640 "https://view.lotushomemade.com/shop?orderby=popularity&stock_status=instock%2Consale&per_row=4&shop_view=grid" "Mozilla/5.0 (Linux; Android 7.0;) AppleWebKit/537.36 (KHTML, like Gecko) Mobile Safari/537.36 (compatible; PetalBot;+https://webmaster.petalsearch.com/site/petalbot)"
103.131.51.123 - - [14/Jan/2026:15:27:38 +0700] "POST /wp-cron.php?doing_wp_cron=1768379258.7149651050567626953125 HTTP/1.1" 200 474 "-" "WordPress/6.9; https://view.lotushomemade.com"
57.141.16.31 - - [14/Jan/2026:15:27:36 +0700] "GET /product-category/traditional-cookies-series/100-vegan-traditional-cookies-series/?stock_status=onsale&per_page=24 HTTP/2" 200 247435 "-" "meta-externalagent/1.1 (+https://developers.facebook.com/docs/sharing/webmasters/crawler)"
103.131.51.123 - - [14/Jan/2026:15:28:47 +0700] "POST /wp-cron.php?doing_wp_cron=1768379327.0937550067901611328125 HTTP/1.1" 200 474 "-" "WordPress/6.9; https://view.lotushomemade.com"
114.119.150.215 - - [14/Jan/2026:15:28:45 +0700] "GET /shop/page/31/?orderby=popularity&per_page=8&shop_view=grid&per_row=4 HTTP/1.1" 200 39068 "https://view.lotushomemade.com/shop/page/34/?orderby=popularity&per_page=8&shop_view=grid&per_row=4" "Mozilla/5.0 (Linux; Android 7.0;) AppleWebKit/537.36 (KHTML, like Gecko) Mobile Safari/537.36 (compatible; PetalBot;+https://webmaster.petalsearch.com/site/petalbot)"
103.131.51.123 - - [14/Jan/2026:15:30:12 +0700] "POST /wp-cron.php?doing_wp_cron=1768379412.8643929958343505859375 HTTP/1.1" 200 474 "-" "WordPress/6.9; https://view.lotushomemade.com"
114.119.145.110 - - [14/Jan/2026:15:30:09 +0700] "GET /shop/page/31/?min_price=0&per_row=6&shop_view=grid&stock_status=onsale HTTP/1.1" 200 40088 "https://view.lotushomemade.com/shop/page/27/?min_price=0&per_row=6&shop_view=grid&stock_status=onsale" "Mozilla/5.0 (Linux; Android 7.0;) AppleWebKit/537.36 (KHTML, like Gecko) Mobile Safari/537.36 (compatible; PetalBot;+https://webmaster.petalsearch.com/site/petalbot)"
57.141.16.67 - - [14/Jan/2026:15:30:10 +0700] "GET /product-category/traditional-cookies-series/100-vegan-traditional-cookies-series/?per_page=18&shop_view=grid&per_row=2 HTTP/2" 200 247610 "-" "meta-externalagent/1.1 (+https://developers.facebook.com/docs/sharing/webmasters/crawler)"
103.131.51.123 - - [14/Jan/2026:15:31:38 +0700] "POST /wp-cron.php?doing_wp_cron=1768379498.3977470397949218750000 HTTP/1.1" 200 474 "-" "WordPress/6.9; https://view.lotushomemade.com"
114.119.145.110 - - [14/Jan/2026:15:31:36 +0700] "GET /shop/page/31/?min_price=0&per_page=12&stock_status=instock,onsale HTTP/1.1" 301 578 "https://view.lotushomemade.com/shop?min_price=0&per_page=12&stock_status=instock%2Consale" "Mozilla/5.0 (Linux; Android 7.0;) AppleWebKit/537.36 (KHTML, like Gecko) Mobile Safari/537.36 (compatible; PetalBot;+https://webmaster.petalsearch.com/site/petalbot)"
114.119.145.110 - - [14/Jan/2026:15:31:38 +0700] "GET /shop/page/31/?min_price=0&per_page=12&stock_status=instock,onsale HTTP/1.1" 301 578 "https://view.lotushomemade.com/shop?min_price=0&per_page=12&stock_status=instock%2Consale" "Mozilla/5.0 (Linux; Android 7.0;) AppleWebKit/537.36 (KHTML, like Gecko) Mobile Safari/537.36 (compatible; PetalBot;+https://webmaster.petalsearch.com/site/petalbot)"
114.119.145.110 - - [14/Jan/2026:15:31:39 +0700] "GET /shop/page/31/?min_price=0&per_page=12&stock_status=instock,onsale HTTP/1.1" 301 578 "https://view.lotushomemade.com/shop?min_price=0&per_page=12&stock_status=instock%2Consale" "Mozilla/5.0 (Linux; Android 7.0;) AppleWebKit/537.36 (KHTML, like Gecko) Mobile Safari/537.36 (compatible; PetalBot;+https://webmaster.petalsearch.com/site/petalbot)"
114.119.145.110 - - [14/Jan/2026:15:31:39 +0700] "GET /shop/page/31/?min_price=0&per_page=12&stock_status=instock,onsale HTTP/1.1" 301 578 "https://view.lotushomemade.com/shop?min_price=0&per_page=12&stock_status=instock%2Consale" "Mozilla/5.0 (Linux; Android 7.0;) AppleWebKit/537.36 (KHTML, like Gecko) Mobile Safari/537.36 (compatible; PetalBot;+https://webmaster.petalsearch.com/site/petalbot)"
114.119.145.110 - - [14/Jan/2026:15:31:40 +0700] "GET /shop/page/31/?min_price=0&per_page=12&stock_status=instock,onsale HTTP/1.1" 301 578 "https://view.lotushomemade.com/shop?min_price=0&per_page=12&stock_status=instock%2Consale" "Mozilla/5.0 (Linux; Android 7.0;) AppleWebKit/537.36 (KHTML, like Gecko) Mobile Safari/537.36 (compatible; PetalBot;+https://webmaster.petalsearch.com/site/petalbot)"
114.119.145.110 - - [14/Jan/2026:15:31:40 +0700] "GET /shop/page/31/?min_price=0&per_page=12&stock_status=instock,onsale HTTP/1.1" 301 578 "https://view.lotushomemade.com/shop?min_price=0&per_page=12&stock_status=instock%2Consale" "Mozilla/5.0 (Linux; Android 7.0;) AppleWebKit/537.36 (KHTML, like Gecko) Mobile Safari/537.36 (compatible; PetalBot;+https://webmaster.petalsearch.com/site/petalbot)"
114.119.145.110 - - [14/Jan/2026:15:31:41 +0700] "GET /shop/page/31/?min_price=0&per_page=12&stock_status=instock,onsale HTTP/1.1" 301 578 "https://view.lotushomemade.com/shop?min_price=0&per_page=12&stock_status=instock%2Consale" "Mozilla/5.0 (Linux; Android 7.0;) AppleWebKit/537.36 (KHTML, like Gecko) Mobile Safari/537.36 (compatible; PetalBot;+https://webmaster.petalsearch.com/site/petalbot)"
114.119.145.110 - - [14/Jan/2026:15:31:41 +0700] "GET /shop/page/31/?min_price=0&per_page=12&stock_status=instock,onsale HTTP/1.1" 301 578 "https://view.lotushomemade.com/shop?min_price=0&per_page=12&stock_status=instock%2Consale" "Mozilla/5.0 (Linux; Android 7.0;) AppleWebKit/537.36 (KHTML, like Gecko) Mobile Safari/537.36 (compatible; PetalBot;+https://webmaster.petalsearch.com/site/petalbot)"
114.119.145.110 - - [14/Jan/2026:15:31:42 +0700] "GET /shop/page/31/?min_price=0&per_page=12&stock_status=instock,onsale HTTP/1.1" 301 578 "https://view.lotushomemade.com/shop?min_price=0&per_page=12&stock_status=instock%2Consale" "Mozilla/5.0 (Linux; Android 7.0;) AppleWebKit/537.36 (KHTML, like Gecko) Mobile Safari/537.36 (compatible; PetalBot;+https://webmaster.petalsearch.com/site/petalbot)"
114.119.145.110 - - [14/Jan/2026:15:31:42 +0700] "GET /shop/page/31/?min_price=0&per_page=12&stock_status=instock,onsale HTTP/1.1" 301 578 "https://view.lotushomemade.com/shop?min_price=0&per_page=12&stock_status=instock%2Consale" "Mozilla/5.0 (Linux; Android 7.0;) AppleWebKit/537.36 (KHTML, like Gecko) Mobile Safari/537.36 (compatible; PetalBot;+https://webmaster.petalsearch.com/site/petalbot)"
167.61.39.56 - - [14/Jan/2026:15:32:27 +0700] "GET /product/fish-bahulu-_-8142-xl/?add-to-cart=8639 HTTP/1.1" 200 38627 "-" "Mozilla/5.0 (Linux; Android 2.3.4) AppleWebKit/534.2 (KHTML, like Gecko) Chrome/54.0.887.0 Safari/534.2"
103.131.51.123 - - [14/Jan/2026:15:32:59 +0700] "POST /wp-cron.php?doing_wp_cron=1768379579.6484680175781250000000 HTTP/1.1" 200 474 "-" "WordPress/6.9; https://view.lotushomemade.com"
114.119.142.208 - - [14/Jan/2026:15:32:58 +0700] "GET /shop/page/31/?max_price=780&per_row=6&shop_view=grid&stock_status=instock,onsale HTTP/1.1" 301 635 "https://view.lotushomemade.com/shop?max_price=780&per_row=6&shop_view=grid&stock_status=instock%2Consale" "Mozilla/5.0 (Linux; Android 7.0;) AppleWebKit/537.36 (KHTML, like Gecko) Mobile Safari/537.36 (compatible; PetalBot;+https://webmaster.petalsearch.com/site/petalbot)"
114.119.142.208 - - [14/Jan/2026:15:32:59 +0700] "GET /shop/page/31/?max_price=780&per_row=6&shop_view=grid&stock_status=instock,onsale HTTP/1.1" 301 635 "https://view.lotushomemade.com/shop?max_price=780&per_row=6&shop_view=grid&stock_status=instock%2Consale" "Mozilla/5.0 (Linux; Android 7.0;) AppleWebKit/537.36 (KHTML, like Gecko) Mobile Safari/537.36 (compatible; PetalBot;+https://webmaster.petalsearch.com/site/petalbot)"
114.119.142.208 - - [14/Jan/2026:15:33:00 +0700] "GET /shop/page/31/?max_price=780&per_row=6&shop_view=grid&stock_status=instock,onsale HTTP/1.1" 301 635 "https://view.lotushomemade.com/shop?max_price=780&per_row=6&shop_view=grid&stock_status=instock%2Consale" "Mozilla/5.0 (Linux; Android 7.0;) AppleWebKit/537.36 (KHTML, like Gecko) Mobile Safari/537.36 (compatible; PetalBot;+https://webmaster.petalsearch.com/site/petalbot)"
114.119.142.208 - - [14/Jan/2026:15:33:01 +0700] "GET /shop/page/31/?max_price=780&per_row=6&shop_view=grid&stock_status=instock,onsale HTTP/1.1" 301 635 "https://view.lotushomemade.com/shop?max_price=780&per_row=6&shop_view=grid&stock_status=instock%2Consale" "Mozilla/5.0 (Linux; Android 7.0;) AppleWebKit/537.36 (KHTML, like Gecko) Mobile Safari/537.36 (compatible; PetalBot;+https://webmaster.petalsearch.com/site/petalbot)"
114.119.142.208 - - [14/Jan/2026:15:33:02 +0700] "GET /shop/page/31/?max_price=780&per_row=6&shop_view=grid&stock_status=instock,onsale HTTP/1.1" 301 635 "https://view.lotushomemade.com/shop?max_price=780&per_row=6&shop_view=grid&stock_status=instock%2Consale" "Mozilla/5.0 (Linux; Android 7.0;) AppleWebKit/537.36 (KHTML, like Gecko) Mobile Safari/537.36 (compatible; PetalBot;+https://webmaster.petalsearch.com/site/petalbot)"
114.119.142.208 - - [14/Jan/2026:15:33:02 +0700] "GET /shop/page/31/?max_price=780&per_row=6&shop_view=grid&stock_status=instock,onsale HTTP/1.1" 301 635 "https://view.lotushomemade.com/shop?max_price=780&per_row=6&shop_view=grid&stock_status=instock%2Consale" "Mozilla/5.0 (Linux; Android 7.0;) AppleWebKit/537.36 (KHTML, like Gecko) Mobile Safari/537.36 (compatible; PetalBot;+https://webmaster.petalsearch.com/site/petalbot)"
114.119.142.208 - - [14/Jan/2026:15:33:03 +0700] "GET /shop/page/31/?max_price=780&per_row=6&shop_view=grid&stock_status=instock,onsale HTTP/1.1" 301 635 "https://view.lotushomemade.com/shop?max_price=780&per_row=6&shop_view=grid&stock_status=instock%2Consale" "Mozilla/5.0 (Linux; Android 7.0;) AppleWebKit/537.36 (KHTML, like Gecko) Mobile Safari/537.36 (compatible; PetalBot;+https://webmaster.petalsearch.com/site/petalbot)"
114.119.142.208 - - [14/Jan/2026:15:33:04 +0700] "GET /shop/page/31/?max_price=780&per_row=6&shop_view=grid&stock_status=instock,onsale HTTP/1.1" 301 635 "https://view.lotushomemade.com/shop?max_price=780&per_row=6&shop_view=grid&stock_status=instock%2Consale" "Mozilla/5.0 (Linux; Android 7.0;) AppleWebKit/537.36 (KHTML, like Gecko) Mobile Safari/537.36 (compatible; PetalBot;+https://webmaster.petalsearch.com/site/petalbot)"
114.119.142.208 - - [14/Jan/2026:15:33:04 +0700] "GET /shop/page/31/?max_price=780&per_row=6&shop_view=grid&stock_status=instock,onsale HTTP/1.1" 301 635 "https://view.lotushomemade.com/shop?max_price=780&per_row=6&shop_view=grid&stock_status=instock%2Consale" "Mozilla/5.0 (Linux; Android 7.0;) AppleWebKit/537.36 (KHTML, like Gecko) Mobile Safari/537.36 (compatible; PetalBot;+https://webmaster.petalsearch.com/site/petalbot)"
114.119.142.208 - - [14/Jan/2026:15:33:05 +0700] "GET /shop/page/31/?max_price=780&per_row=6&shop_view=grid&stock_status=instock,onsale HTTP/1.1" 301 635 "https://view.lotushomemade.com/shop?max_price=780&per_row=6&shop_view=grid&stock_status=instock%2Consale" "Mozilla/5.0 (Linux; Android 7.0;) AppleWebKit/537.36 (KHTML, like Gecko) Mobile Safari/537.36 (compatible; PetalBot;+https://webmaster.petalsearch.com/site/petalbot)"
103.131.51.123 - - [14/Jan/2026:15:36:54 +0700] "POST /wp-cron.php?doing_wp_cron=1768379814.7987599372863769531250 HTTP/1.1" 200 474 "-" "WordPress/6.9; https://view.lotushomemade.com"
88.238.235.69 - - [14/Jan/2026:15:36:50 +0700] "GET /product/fish-bahulu-_-8142-xl/?add-to-cart=8372 HTTP/1.1" 200 38523 "-" "Mozilla/5.0 (Windows NT 11.0) AppleWebKit/531.1 (KHTML, like Gecko) Chrome/18.0.849.0 Safari/531.1"
114.119.142.208 - - [14/Jan/2026:15:37:06 +0700] "GET /shop/page/30?stock_status=onsale&per_row=4&per_page=12&shop_view=grid HTTP/1.1" 301 669 "https://view.lotushomemade.com/shop/page/12/?stock_status=onsale&per_row=4&per_page=12&shop_view=grid" "Mozilla/5.0 (Linux; Android 7.0;) AppleWebKit/537.36 (KHTML, like Gecko) Mobile Safari/537.36 (compatible; PetalBot;+https://webmaster.petalsearch.com/site/petalbot)"
114.119.142.208 - - [14/Jan/2026:15:37:08 +0700] "GET /shop/page/30/?stock_status=onsale&per_row=4&per_page=12&shop_view=grid HTTP/1.1" 200 40028 "https://view.lotushomemade.com/shop/page/12/?stock_status=onsale&per_row=4&per_page=12&shop_view=grid" "Mozilla/5.0 (Linux; Android 7.0;) AppleWebKit/537.36 (KHTML, like Gecko) Mobile Safari/537.36 (compatible; PetalBot;+https://webmaster.petalsearch.com/site/petalbot)"
114.119.151.206 - - [14/Jan/2026:15:37:29 +0700] "GET /shop/page/30?orderby=rating&per_row=4&shop_view=grid&stock_status=instock HTTP/1.1" 301 627 "https://view.lotushomemade.com/shop?orderby=rating&per_row=4&shop_view=grid&stock_status=instock" "Mozilla/5.0 (Linux; Android 7.0;) AppleWebKit/537.36 (KHTML, like Gecko) Mobile Safari/537.36 (compatible; PetalBot;+https://webmaster.petalsearch.com/site/petalbot)"
114.119.151.206 - - [14/Jan/2026:15:37:30 +0700] "GET /shop/page/30/?orderby=rating&per_row=4&shop_view=grid&stock_status=instock HTTP/1.1" 200 39470 "https://view.lotushomemade.com/shop?orderby=rating&per_row=4&shop_view=grid&stock_status=instock" "Mozilla/5.0 (Linux; Android 7.0;) AppleWebKit/537.36 (KHTML, like Gecko) Mobile Safari/537.36 (compatible; PetalBot;+https://webmaster.petalsearch.com/site/petalbot)"
103.131.51.123 - - [14/Jan/2026:15:37:55 +0700] "POST /wp-cron.php?doing_wp_cron=1768379875.1968500614166259765625 HTTP/1.1" 200 474 "-" "WordPress/6.9; https://view.lotushomemade.com"
114.119.142.208 - - [14/Jan/2026:15:37:54 +0700] "GET /shop/page/30?orderby=popularity&stock_status=onsale&per_row=2&shop_view=grid HTTP/1.1" 301 630 "https://view.lotushomemade.com/shop?orderby=popularity&stock_status=onsale&per_row=2&shop_view=grid" "Mozilla/5.0 (Linux; Android 7.0;) AppleWebKit/537.36 (KHTML, like Gecko) Mobile Safari/537.36 (compatible; PetalBot;+https://webmaster.petalsearch.com/site/petalbot)"
114.119.142.208 - - [14/Jan/2026:15:37:55 +0700] "GET /shop/page/30/?orderby=popularity&stock_status=onsale&per_row=2&shop_view=grid HTTP/1.1" 200 39428 "https://view.lotushomemade.com/shop?orderby=popularity&stock_status=onsale&per_row=2&shop_view=grid" "Mozilla/5.0 (Linux; Android 7.0;) AppleWebKit/537.36 (KHTML, like Gecko) Mobile Safari/537.36 (compatible; PetalBot;+https://webmaster.petalsearch.com/site/petalbot)"
66.249.70.97 - - [14/Jan/2026:15:37:56 +0700] "GET /wp-content/uploads/2023/11/2011.png HTTP/1.1" 200 805851 "-" "Googlebot-Image/1.0"
103.131.51.123 - - [14/Jan/2026:15:39:41 +0700] "POST /wp-cron.php?doing_wp_cron=1768379981.1162500381469726562500 HTTP/1.1" 200 474 "-" "WordPress/6.9; https://view.lotushomemade.com"
114.119.142.208 - - [14/Jan/2026:15:39:37 +0700] "GET /shop/page/30/?per_row=2&shop_view=grid&stock_status=onsale HTTP/1.1" 200 39946 "https://view.lotushomemade.com/shop/page/17?per_row=2&shop_view=grid&stock_status=onsale" "Mozilla/5.0 (Linux; Android 7.0;) AppleWebKit/537.36 (KHTML, like Gecko) Mobile Safari/537.36 (compatible; PetalBot;+https://webmaster.petalsearch.com/site/petalbot)"
114.119.142.208 - - [14/Jan/2026:15:40:18 +0700] "GET /shop/page/30/?max_price=780&stock_status=instock&per_row=4&shop_view=grid HTTP/1.1" 200 40274 "https://view.lotushomemade.com/shop/page/4?max_price=780&stock_status=instock&per_row=4&shop_view=grid" "Mozilla/5.0 (Linux; Android 7.0;) AppleWebKit/537.36 (KHTML, like Gecko) Mobile Safari/537.36 (compatible; PetalBot;+https://webmaster.petalsearch.com/site/petalbot)"
114.119.156.27 - - [14/Jan/2026:15:41:27 +0700] "GET /shop/page/30/?max_price=780&per_page=12&stock_status=instock,onsale HTTP/1.1" 301 580 "https://view.lotushomemade.com/shop?max_price=780&per_page=12&stock_status=instock%2Consale" "Mozilla/5.0 (Linux; Android 7.0;) AppleWebKit/537.36 (KHTML, like Gecko) Mobile Safari/537.36 (compatible; PetalBot;+https://webmaster.petalsearch.com/site/petalbot)"
114.119.156.27 - - [14/Jan/2026:15:41:35 +0700] "GET /shop/page/30/?max_price=780&per_page=12&stock_status=instock,onsale HTTP/1.1" 301 580 "https://view.lotushomemade.com/shop?max_price=780&per_page=12&stock_status=instock%2Consale" "Mozilla/5.0 (Linux; Android 7.0;) AppleWebKit/537.36 (KHTML, like Gecko) Mobile Safari/537.36 (compatible; PetalBot;+https://webmaster.petalsearch.com/site/petalbot)"
114.119.156.27 - - [14/Jan/2026:15:41:36 +0700] "GET /shop/page/30/?max_price=780&per_page=12&stock_status=instock,onsale HTTP/1.1" 301 580 "https://view.lotushomemade.com/shop?max_price=780&per_page=12&stock_status=instock%2Consale" "Mozilla/5.0 (Linux; Android 7.0;) AppleWebKit/537.36 (KHTML, like Gecko) Mobile Safari/537.36 (compatible; PetalBot;+https://webmaster.petalsearch.com/site/petalbot)"
114.119.156.27 - - [14/Jan/2026:15:41:38 +0700] "GET /shop/page/30/?max_price=780&per_page=12&stock_status=instock,onsale HTTP/1.1" 301 580 "https://view.lotushomemade.com/shop?max_price=780&per_page=12&stock_status=instock%2Consale" "Mozilla/5.0 (Linux; Android 7.0;) AppleWebKit/537.36 (KHTML, like Gecko) Mobile Safari/537.36 (compatible; PetalBot;+https://webmaster.petalsearch.com/site/petalbot)"
114.119.156.27 - - [14/Jan/2026:15:41:39 +0700] "GET /shop/page/30/?max_price=780&per_page=12&stock_status=instock,onsale HTTP/1.1" 301 580 "https://view.lotushomemade.com/shop?max_price=780&per_page=12&stock_status=instock%2Consale" "Mozilla/5.0 (Linux; Android 7.0;) AppleWebKit/537.36 (KHTML, like Gecko) Mobile Safari/537.36 (compatible; PetalBot;+https://webmaster.petalsearch.com/site/petalbot)"
114.119.156.27 - - [14/Jan/2026:15:41:41 +0700] "GET /shop/page/30/?max_price=780&per_page=12&stock_status=instock,onsale HTTP/1.1" 301 580 "https://view.lotushomemade.com/shop?max_price=780&per_page=12&stock_status=instock%2Consale" "Mozilla/5.0 (Linux; Android 7.0;) AppleWebKit/537.36 (KHTML, like Gecko) Mobile Safari/537.36 (compatible; PetalBot;+https://webmaster.petalsearch.com/site/petalbot)"
114.119.156.27 - - [14/Jan/2026:15:41:43 +0700] "GET /shop/page/30/?max_price=780&per_page=12&stock_status=instock,onsale HTTP/1.1" 301 580 "https://view.lotushomemade.com/shop?max_price=780&per_page=12&stock_status=instock%2Consale" "Mozilla/5.0 (Linux; Android 7.0;) AppleWebKit/537.36 (KHTML, like Gecko) Mobile Safari/537.36 (compatible; PetalBot;+https://webmaster.petalsearch.com/site/petalbot)"
114.119.156.27 - - [14/Jan/2026:15:41:44 +0700] "GET /shop/page/30/?max_price=780&per_page=12&stock_status=instock,onsale HTTP/1.1" 301 580 "https://view.lotushomemade.com/shop?max_price=780&per_page=12&stock_status=instock%2Consale" "Mozilla/5.0 (Linux; Android 7.0;) AppleWebKit/537.36 (KHTML, like Gecko) Mobile Safari/537.36 (compatible; PetalBot;+https://webmaster.petalsearch.com/site/petalbot)"
114.119.156.27 - - [14/Jan/2026:15:41:45 +0700] "GET /shop/page/30/?max_price=780&per_page=12&stock_status=instock,onsale HTTP/1.1" 301 580 "https://view.lotushomemade.com/shop?max_price=780&per_page=12&stock_status=instock%2Consale" "Mozilla/5.0 (Linux; Android 7.0;) AppleWebKit/537.36 (KHTML, like Gecko) Mobile Safari/537.36 (compatible; PetalBot;+https://webmaster.petalsearch.com/site/petalbot)"
114.119.156.27 - - [14/Jan/2026:15:41:46 +0700] "GET /shop/page/30/?max_price=780&per_page=12&stock_status=instock,onsale HTTP/1.1" 301 580 "https://view.lotushomemade.com/shop?max_price=780&per_page=12&stock_status=instock%2Consale" "Mozilla/5.0 (Linux; Android 7.0;) AppleWebKit/537.36 (KHTML, like Gecko) Mobile Safari/537.36 (compatible; PetalBot;+https://webmaster.petalsearch.com/site/petalbot)"
103.131.51.123 - - [14/Jan/2026:15:42:52 +0700] "POST /wp-cron.php?doing_wp_cron=1768380172.6180319786071777343750 HTTP/1.1" 200 474 "-" "WordPress/6.9; https://view.lotushomemade.com"
114.119.130.97 - - [14/Jan/2026:15:42:51 +0700] "GET /shop/page/30/?max_price=520&stock_status=onsale&shop_view=grid&per_row=4 HTTP/1.1" 200 40270 "https://view.lotushomemade.com/shop/page/21/?max_price=520&stock_status=onsale&shop_view=grid&per_row=4" "Mozilla/5.0 (Linux; Android 7.0;) AppleWebKit/537.36 (KHTML, like Gecko) Mobile Safari/537.36 (compatible; PetalBot;+https://webmaster.petalsearch.com/site/petalbot)"
103.131.51.123 - - [14/Jan/2026:15:44:20 +0700] "POST /wp-cron.php?doing_wp_cron=1768380260.0194950103759765625000 HTTP/1.1" 200 474 "-" "WordPress/6.9; https://view.lotushomemade.com"
114.119.145.110 - - [14/Jan/2026:15:44:15 +0700] "GET /shop/page/30/?max_price=520&per_row=6&shop_view=grid&stock_status=instock HTTP/1.1" 200 40265 "https://view.lotushomemade.com/shop/page/6/?max_price=520&per_row=6&shop_view=grid&stock_status=instock" "Mozilla/5.0 (Linux; Android 7.0;) AppleWebKit/537.36 (KHTML, like Gecko) Mobile Safari/537.36 (compatible; PetalBot;+https://webmaster.petalsearch.com/site/petalbot)"
103.131.51.123 - - [14/Jan/2026:15:45:42 +0700] "POST /wp-cron.php?doing_wp_cron=1768380342.2796521186828613281250 HTTP/1.1" 200 474 "-" "WordPress/6.9; https://view.lotushomemade.com"
114.119.142.208 - - [14/Jan/2026:15:45:38 +0700] "GET /shop/page/30/?max_price=1040&stock_status=onsale HTTP/1.1" 200 40127 "https://view.lotushomemade.com/shop/page/26/?max_price=1040&stock_status=onsale" "Mozilla/5.0 (Linux; Android 7.0;) AppleWebKit/537.36 (KHTML, like Gecko) Mobile Safari/537.36 (compatible; PetalBot;+https://webmaster.petalsearch.com/site/petalbot)"
103.131.51.123 - - [14/Jan/2026:15:47:05 +0700] "POST /wp-cron.php?doing_wp_cron=1768380425.1525959968566894531250 HTTP/1.1" 200 474 "-" "WordPress/6.9; https://view.lotushomemade.com"
114.119.130.97 - - [14/Jan/2026:15:47:01 +0700] "GET /shop/page/3/?stock_status=instock&per_page=12&shop_view=grid&per_row=2 HTTP/1.1" 200 40038 "https://view.lotushomemade.com/shop/page/30?stock_status=instock&per_page=12&shop_view=grid&per_row=2" "Mozilla/5.0 (Linux; Android 7.0;) AppleWebKit/537.36 (KHTML, like Gecko) Mobile Safari/537.36 (compatible; PetalBot;+https://webmaster.petalsearch.com/site/petalbot)"
103.131.51.123 - - [14/Jan/2026:15:48:25 +0700] "POST /wp-cron.php?doing_wp_cron=1768380505.6346321105957031250000 HTTP/1.1" 200 474 "-" "WordPress/6.9; https://view.lotushomemade.com"
114.119.150.215 - - [14/Jan/2026:15:48:23 +0700] "GET /shop/page/3/?per_row=6&per_page=24&shop_view=grid&stock_status=instock,onsale HTTP/1.1" 301 678 "https://view.lotushomemade.com/shop?per_row=6&per_page=24&shop_view=grid&stock_status=instock%2Consale" "Mozilla/5.0 (Linux; Android 7.0;) AppleWebKit/537.36 (KHTML, like Gecko) Mobile Safari/537.36 (compatible; PetalBot;+https://webmaster.petalsearch.com/site/petalbot)"
114.119.150.215 - - [14/Jan/2026:15:48:25 +0700] "GET /shop/page/3/?per_row=6&per_page=24&shop_view=grid&stock_status=instock,onsale HTTP/1.1" 301 678 "https://view.lotushomemade.com/shop?per_row=6&per_page=24&shop_view=grid&stock_status=instock%2Consale" "Mozilla/5.0 (Linux; Android 7.0;) AppleWebKit/537.36 (KHTML, like Gecko) Mobile Safari/537.36 (compatible; PetalBot;+https://webmaster.petalsearch.com/site/petalbot)"
114.119.150.215 - - [14/Jan/2026:15:48:26 +0700] "GET /shop/page/3/?per_row=6&per_page=24&shop_view=grid&stock_status=instock,onsale HTTP/1.1" 301 678 "https://view.lotushomemade.com/shop?per_row=6&per_page=24&shop_view=grid&stock_status=instock%2Consale" "Mozilla/5.0 (Linux; Android 7.0;) AppleWebKit/537.36 (KHTML, like Gecko) Mobile Safari/537.36 (compatible; PetalBot;+https://webmaster.petalsearch.com/site/petalbot)"
114.119.150.215 - - [14/Jan/2026:15:48:26 +0700] "GET /shop/page/3/?per_row=6&per_page=24&shop_view=grid&stock_status=instock,onsale HTTP/1.1" 301 678 "https://view.lotushomemade.com/shop?per_row=6&per_page=24&shop_view=grid&stock_status=instock%2Consale" "Mozilla/5.0 (Linux; Android 7.0;) AppleWebKit/537.36 (KHTML, like Gecko) Mobile Safari/537.36 (compatible; PetalBot;+https://webmaster.petalsearch.com/site/petalbot)"
114.119.150.215 - - [14/Jan/2026:15:48:27 +0700] "GET /shop/page/3/?per_row=6&per_page=24&shop_view=grid&stock_status=instock,onsale HTTP/1.1" 301 678 "https://view.lotushomemade.com/shop?per_row=6&per_page=24&shop_view=grid&stock_status=instock%2Consale" "Mozilla/5.0 (Linux; Android 7.0;) AppleWebKit/537.36 (KHTML, like Gecko) Mobile Safari/537.36 (compatible; PetalBot;+https://webmaster.petalsearch.com/site/petalbot)"
114.119.150.215 - - [14/Jan/2026:15:48:28 +0700] "GET /shop/page/3/?per_row=6&per_page=24&shop_view=grid&stock_status=instock,onsale HTTP/1.1" 301 678 "https://view.lotushomemade.com/shop?per_row=6&per_page=24&shop_view=grid&stock_status=instock%2Consale" "Mozilla/5.0 (Linux; Android 7.0;) AppleWebKit/537.36 (KHTML, like Gecko) Mobile Safari/537.36 (compatible; PetalBot;+https://webmaster.petalsearch.com/site/petalbot)"
114.119.150.215 - - [14/Jan/2026:15:48:28 +0700] "GET /shop/page/3/?per_row=6&per_page=24&shop_view=grid&stock_status=instock,onsale HTTP/1.1" 301 678 "https://view.lotushomemade.com/shop?per_row=6&per_page=24&shop_view=grid&stock_status=instock%2Consale" "Mozilla/5.0 (Linux; Android 7.0;) AppleWebKit/537.36 (KHTML, like Gecko) Mobile Safari/537.36 (compatible; PetalBot;+https://webmaster.petalsearch.com/site/petalbot)"
114.119.150.215 - - [14/Jan/2026:15:48:28 +0700] "GET /shop/page/3/?per_row=6&per_page=24&shop_view=grid&stock_status=instock,onsale HTTP/1.1" 301 678 "https://view.lotushomemade.com/shop?per_row=6&per_page=24&shop_view=grid&stock_status=instock%2Consale" "Mozilla/5.0 (Linux; Android 7.0;) AppleWebKit/537.36 (KHTML, like Gecko) Mobile Safari/537.36 (compatible; PetalBot;+https://webmaster.petalsearch.com/site/petalbot)"
114.119.150.215 - - [14/Jan/2026:15:48:29 +0700] "GET /shop/page/3/?per_row=6&per_page=24&shop_view=grid&stock_status=instock,onsale HTTP/1.1" 301 678 "https://view.lotushomemade.com/shop?per_row=6&per_page=24&shop_view=grid&stock_status=instock%2Consale" "Mozilla/5.0 (Linux; Android 7.0;) AppleWebKit/537.36 (KHTML, like Gecko) Mobile Safari/537.36 (compatible; PetalBot;+https://webmaster.petalsearch.com/site/petalbot)"
114.119.150.215 - - [14/Jan/2026:15:48:29 +0700] "GET /shop/page/3/?per_row=6&per_page=24&shop_view=grid&stock_status=instock,onsale HTTP/1.1" 301 678 "https://view.lotushomemade.com/shop?per_row=6&per_page=24&shop_view=grid&stock_status=instock%2Consale" "Mozilla/5.0 (Linux; Android 7.0;) AppleWebKit/537.36 (KHTML, like Gecko) Mobile Safari/537.36 (compatible; PetalBot;+https://webmaster.petalsearch.com/site/petalbot)"
103.131.51.123 - - [14/Jan/2026:15:49:50 +0700] "POST /wp-cron.php?doing_wp_cron=1768380590.7223150730133056640625 HTTP/1.1" 200 474 "-" "WordPress/6.9; https://view.lotushomemade.com"
114.119.145.110 - - [14/Jan/2026:15:49:47 +0700] "GET /shop/page/3/?orderby=rating&stock_status=onsale&per_page=24 HTTP/1.1" 200 42092 "https://view.lotushomemade.com/shop/page/8/?orderby=rating&stock_status=onsale&per_page=24" "Mozilla/5.0 (Linux; Android 7.0;) AppleWebKit/537.36 (KHTML, like Gecko) Mobile Safari/537.36 (compatible; PetalBot;+https://webmaster.petalsearch.com/site/petalbot)"
103.131.51.123 - - [14/Jan/2026:15:51:13 +0700] "POST /wp-cron.php?doing_wp_cron=1768380673.8410489559173583984375 HTTP/1.1" 200 474 "-" "WordPress/6.9; https://view.lotushomemade.com"
114.119.145.110 - - [14/Jan/2026:15:51:10 +0700] "GET /shop/page/3/?orderby=rating&shop_view=grid&per_row=6 HTTP/1.1" 200 39880 "https://view.lotushomemade.com/shop/page/3?orderby=rating&shop_view=grid&per_row=6" "Mozilla/5.0 (Linux; Android 7.0;) AppleWebKit/537.36 (KHTML, like Gecko) Mobile Safari/537.36 (compatible; PetalBot;+https://webmaster.petalsearch.com/site/petalbot)"
103.131.51.123 - - [14/Jan/2026:15:52:15 +0700] "POST /wp-cron.php?doing_wp_cron=1768380735.8547339439392089843750 HTTP/1.1" 200 474 "-" "WordPress/6.9; https://view.lotushomemade.com"
71.70.178.73 - - [14/Jan/2026:15:52:14 +0700] "GET /product/fish-bahulu-_-8142-xl/?add-to-cart=7868 HTTP/1.1" 200 38092 "-" "Mozilla/5.0 (compatible; MSIE 5.0; Windows 95; Trident/4.0)"
114.119.156.27 - - [14/Jan/2026:15:52:33 +0700] "GET /shop/page/3/?orderby=price-desc&per_row=2&shop_view=grid&stock_status=instock,onsale HTTP/1.1" 301 639 "https://view.lotushomemade.com/shop?orderby=price-desc&per_row=2&shop_view=grid&stock_status=instock%2Consale" "Mozilla/5.0 (Linux; Android 7.0;) AppleWebKit/537.36 (KHTML, like Gecko) Mobile Safari/537.36 (compatible; PetalBot;+https://webmaster.petalsearch.com/site/petalbot)"
114.119.156.27 - - [14/Jan/2026:15:52:43 +0700] "GET /shop/page/3/?orderby=price-desc&per_row=2&shop_view=grid&stock_status=instock,onsale HTTP/1.1" 301 639 "https://view.lotushomemade.com/shop?orderby=price-desc&per_row=2&shop_view=grid&stock_status=instock%2Consale" "Mozilla/5.0 (Linux; Android 7.0;) AppleWebKit/537.36 (KHTML, like Gecko) Mobile Safari/537.36 (compatible; PetalBot;+https://webmaster.petalsearch.com/site/petalbot)"
114.119.156.27 - - [14/Jan/2026:15:52:44 +0700] "GET /shop/page/3/?orderby=price-desc&per_row=2&shop_view=grid&stock_status=instock,onsale HTTP/1.1" 301 639 "https://view.lotushomemade.com/shop?orderby=price-desc&per_row=2&shop_view=grid&stock_status=instock%2Consale" "Mozilla/5.0 (Linux; Android 7.0;) AppleWebKit/537.36 (KHTML, like Gecko) Mobile Safari/537.36 (compatible; PetalBot;+https://webmaster.petalsearch.com/site/petalbot)"
114.119.156.27 - - [14/Jan/2026:15:52:44 +0700] "GET /shop/page/3/?orderby=price-desc&per_row=2&shop_view=grid&stock_status=instock,onsale HTTP/1.1" 301 639 "https://view.lotushomemade.com/shop?orderby=price-desc&per_row=2&shop_view=grid&stock_status=instock%2Consale" "Mozilla/5.0 (Linux; Android 7.0;) AppleWebKit/537.36 (KHTML, like Gecko) Mobile Safari/537.36 (compatible; PetalBot;+https://webmaster.petalsearch.com/site/petalbot)"
114.119.156.27 - - [14/Jan/2026:15:52:45 +0700] "GET /shop/page/3/?orderby=price-desc&per_row=2&shop_view=grid&stock_status=instock,onsale HTTP/1.1" 301 639 "https://view.lotushomemade.com/shop?orderby=price-desc&per_row=2&shop_view=grid&stock_status=instock%2Consale" "Mozilla/5.0 (Linux; Android 7.0;) AppleWebKit/537.36 (KHTML, like Gecko) Mobile Safari/537.36 (compatible; PetalBot;+https://webmaster.petalsearch.com/site/petalbot)"
114.119.156.27 - - [14/Jan/2026:15:52:45 +0700] "GET /shop/page/3/?orderby=price-desc&per_row=2&shop_view=grid&stock_status=instock,onsale HTTP/1.1" 301 639 "https://view.lotushomemade.com/shop?orderby=price-desc&per_row=2&shop_view=grid&stock_status=instock%2Consale" "Mozilla/5.0 (Linux; Android 7.0;) AppleWebKit/537.36 (KHTML, like Gecko) Mobile Safari/537.36 (compatible; PetalBot;+https://webmaster.petalsearch.com/site/petalbot)"
114.119.156.27 - - [14/Jan/2026:15:52:46 +0700] "GET /shop/page/3/?orderby=price-desc&per_row=2&shop_view=grid&stock_status=instock,onsale HTTP/1.1" 301 639 "https://view.lotushomemade.com/shop?orderby=price-desc&per_row=2&shop_view=grid&stock_status=instock%2Consale" "Mozilla/5.0 (Linux; Android 7.0;) AppleWebKit/537.36 (KHTML, like Gecko) Mobile Safari/537.36 (compatible; PetalBot;+https://webmaster.petalsearch.com/site/petalbot)"
114.119.156.27 - - [14/Jan/2026:15:52:46 +0700] "GET /shop/page/3/?orderby=price-desc&per_row=2&shop_view=grid&stock_status=instock,onsale HTTP/1.1" 301 639 "https://view.lotushomemade.com/shop?orderby=price-desc&per_row=2&shop_view=grid&stock_status=instock%2Consale" "Mozilla/5.0 (Linux; Android 7.0;) AppleWebKit/537.36 (KHTML, like Gecko) Mobile Safari/537.36 (compatible; PetalBot;+https://webmaster.petalsearch.com/site/petalbot)"
114.119.156.27 - - [14/Jan/2026:15:52:47 +0700] "GET /shop/page/3/?orderby=price-desc&per_row=2&shop_view=grid&stock_status=instock,onsale HTTP/1.1" 301 639 "https://view.lotushomemade.com/shop?orderby=price-desc&per_row=2&shop_view=grid&stock_status=instock%2Consale" "Mozilla/5.0 (Linux; Android 7.0;) AppleWebKit/537.36 (KHTML, like Gecko) Mobile Safari/537.36 (compatible; PetalBot;+https://webmaster.petalsearch.com/site/petalbot)"
114.119.156.27 - - [14/Jan/2026:15:52:47 +0700] "GET /shop/page/3/?orderby=price-desc&per_row=2&shop_view=grid&stock_status=instock,onsale HTTP/1.1" 301 639 "https://view.lotushomemade.com/shop?orderby=price-desc&per_row=2&shop_view=grid&stock_status=instock%2Consale" "Mozilla/5.0 (Linux; Android 7.0;) AppleWebKit/537.36 (KHTML, like Gecko) Mobile Safari/537.36 (compatible; PetalBot;+https://webmaster.petalsearch.com/site/petalbot)"
57.141.16.59 - - [14/Jan/2026:15:53:20 +0700] "GET /shop/page/8/?add-to-cart=7864 HTTP/2" 200 238069 "-" "meta-externalagent/1.1 (+https://developers.facebook.com/docs/sharing/webmasters/crawler)"
103.131.51.123 - - [14/Jan/2026:15:53:58 +0700] "POST /wp-cron.php?doing_wp_cron=1768380837.9807939529418945312500 HTTP/1.1" 200 474 "-" "WordPress/6.9; https://view.lotushomemade.com"
114.119.130.97 - - [14/Jan/2026:15:53:56 +0700] "GET /shop/page/3/?orderby=price&stock_status=instock&per_row=2&shop_view=grid HTTP/1.1" 200 39941 "https://view.lotushomemade.com/shop/page/20/?orderby=price&stock_status=instock&per_row=2&shop_view=grid" "Mozilla/5.0 (Linux; Android 7.0;) AppleWebKit/537.36 (KHTML, like Gecko) Mobile Safari/537.36 (compatible; PetalBot;+https://webmaster.petalsearch.com/site/petalbot)"
114.119.151.206 - - [14/Jan/2026:15:55:21 +0700] "GET /shop/page/3/?orderby=popularity&per_page=12&shop_view=grid&per_row=2 HTTP/1.1" 200 40029 "https://view.lotushomemade.com/shop/page/21/?orderby=popularity&per_page=12&shop_view=grid&per_row=2" "Mozilla/5.0 (Linux; Android 7.0;) AppleWebKit/537.36 (KHTML, like Gecko) Mobile Safari/537.36 (compatible; PetalBot;+https://webmaster.petalsearch.com/site/petalbot)"
114.119.151.206 - - [14/Jan/2026:15:56:45 +0700] "GET /shop/page/3/?min_price=0&per_row=6&shop_view=grid&stock_status=instock,onsale HTTP/1.1" 301 632 "https://view.lotushomemade.com/shop?min_price=0&per_row=6&shop_view=grid&stock_status=instock%2Consale" "Mozilla/5.0 (Linux; Android 7.0;) AppleWebKit/537.36 (KHTML, like Gecko) Mobile Safari/537.36 (compatible; PetalBot;+https://webmaster.petalsearch.com/site/petalbot)"
114.119.151.206 - - [14/Jan/2026:15:56:53 +0700] "GET /shop/page/3/?min_price=0&per_row=6&shop_view=grid&stock_status=instock,onsale HTTP/1.1" 301 632 "https://view.lotushomemade.com/shop?min_price=0&per_row=6&shop_view=grid&stock_status=instock%2Consale" "Mozilla/5.0 (Linux; Android 7.0;) AppleWebKit/537.36 (KHTML, like Gecko) Mobile Safari/537.36 (compatible; PetalBot;+https://webmaster.petalsearch.com/site/petalbot)"
114.119.151.206 - - [14/Jan/2026:15:56:54 +0700] "GET /shop/page/3/?min_price=0&per_row=6&shop_view=grid&stock_status=instock,onsale HTTP/1.1" 301 632 "https://view.lotushomemade.com/shop?min_price=0&per_row=6&shop_view=grid&stock_status=instock%2Consale" "Mozilla/5.0 (Linux; Android 7.0;) AppleWebKit/537.36 (KHTML, like Gecko) Mobile Safari/537.36 (compatible; PetalBot;+https://webmaster.petalsearch.com/site/petalbot)"
114.119.151.206 - - [14/Jan/2026:15:56:54 +0700] "GET /shop/page/3/?min_price=0&per_row=6&shop_view=grid&stock_status=instock,onsale HTTP/1.1" 301 632 "https://view.lotushomemade.com/shop?min_price=0&per_row=6&shop_view=grid&stock_status=instock%2Consale" "Mozilla/5.0 (Linux; Android 7.0;) AppleWebKit/537.36 (KHTML, like Gecko) Mobile Safari/537.36 (compatible; PetalBot;+https://webmaster.petalsearch.com/site/petalbot)"
