114.119.156.27 - - [14/Jan/2026:14:16:24 +0700] "GET /shop/page/3/?stock_status=instock,onsale&per_page=24&shop_view=grid&per_row=2 HTTP/1.1" 301 678 "https://view.lotushomemade.com/shop/?stock_status=instock%2Consale&per_page=24&shop_view=grid&per_row=2" "Mozilla/5.0 (Linux; Android 7.0;) AppleWebKit/537.36 (KHTML, like Gecko) Mobile Safari/537.36 (compatible; PetalBot;+https://webmaster.petalsearch.com/site/petalbot)"
114.119.156.27 - - [14/Jan/2026:14:16:24 +0700] "GET /shop/page/3/?stock_status=instock,onsale&per_page=24&shop_view=grid&per_row=2 HTTP/1.1" 301 678 "https://view.lotushomemade.com/shop/?stock_status=instock%2Consale&per_page=24&shop_view=grid&per_row=2" "Mozilla/5.0 (Linux; Android 7.0;) AppleWebKit/537.36 (KHTML, like Gecko) Mobile Safari/537.36 (compatible; PetalBot;+https://webmaster.petalsearch.com/site/petalbot)"
114.119.156.27 - - [14/Jan/2026:14:16:25 +0700] "GET /shop/page/3/?stock_status=instock,onsale&per_page=24&shop_view=grid&per_row=2 HTTP/1.1" 301 678 "https://view.lotushomemade.com/shop/?stock_status=instock%2Consale&per_page=24&shop_view=grid&per_row=2" "Mozilla/5.0 (Linux; Android 7.0;) AppleWebKit/537.36 (KHTML, like Gecko) Mobile Safari/537.36 (compatible; PetalBot;+https://webmaster.petalsearch.com/site/petalbot)"
114.119.156.27 - - [14/Jan/2026:14:16:26 +0700] "GET /shop/page/3/?stock_status=instock,onsale&per_page=24&shop_view=grid&per_row=2 HTTP/1.1" 301 678 "https://view.lotushomemade.com/shop/?stock_status=instock%2Consale&per_page=24&shop_view=grid&per_row=2" "Mozilla/5.0 (Linux; Android 7.0;) AppleWebKit/537.36 (KHTML, like Gecko) Mobile Safari/537.36 (compatible; PetalBot;+https://webmaster.petalsearch.com/site/petalbot)"
114.119.156.27 - - [14/Jan/2026:14:16:27 +0700] "GET /shop/page/3/?stock_status=instock,onsale&per_page=24&shop_view=grid&per_row=2 HTTP/1.1" 301 678 "https://view.lotushomemade.com/shop/?stock_status=instock%2Consale&per_page=24&shop_view=grid&per_row=2" "Mozilla/5.0 (Linux; Android 7.0;) AppleWebKit/537.36 (KHTML, like Gecko) Mobile Safari/537.36 (compatible; PetalBot;+https://webmaster.petalsearch.com/site/petalbot)"
114.119.156.27 - - [14/Jan/2026:14:16:27 +0700] "GET /shop/page/3/?stock_status=instock,onsale&per_page=24&shop_view=grid&per_row=2 HTTP/1.1" 301 678 "https://view.lotushomemade.com/shop/?stock_status=instock%2Consale&per_page=24&shop_view=grid&per_row=2" "Mozilla/5.0 (Linux; Android 7.0;) AppleWebKit/537.36 (KHTML, like Gecko) Mobile Safari/537.36 (compatible; PetalBot;+https://webmaster.petalsearch.com/site/petalbot)"
114.119.156.27 - - [14/Jan/2026:14:16:28 +0700] "GET /shop/page/3/?stock_status=instock,onsale&per_page=24&shop_view=grid&per_row=2 HTTP/1.1" 301 678 "https://view.lotushomemade.com/shop/?stock_status=instock%2Consale&per_page=24&shop_view=grid&per_row=2" "Mozilla/5.0 (Linux; Android 7.0;) AppleWebKit/537.36 (KHTML, like Gecko) Mobile Safari/537.36 (compatible; PetalBot;+https://webmaster.petalsearch.com/site/petalbot)"
114.119.156.27 - - [14/Jan/2026:14:16:28 +0700] "GET /shop/page/3/?stock_status=instock,onsale&per_page=24&shop_view=grid&per_row=2 HTTP/1.1" 301 678 "https://view.lotushomemade.com/shop/?stock_status=instock%2Consale&per_page=24&shop_view=grid&per_row=2" "Mozilla/5.0 (Linux; Android 7.0;) AppleWebKit/537.36 (KHTML, like Gecko) Mobile Safari/537.36 (compatible; PetalBot;+https://webmaster.petalsearch.com/site/petalbot)"
114.119.156.27 - - [14/Jan/2026:14:16:29 +0700] "GET /shop/page/3/?stock_status=instock,onsale&per_page=24&shop_view=grid&per_row=2 HTTP/1.1" 301 678 "https://view.lotushomemade.com/shop/?stock_status=instock%2Consale&per_page=24&shop_view=grid&per_row=2" "Mozilla/5.0 (Linux; Android 7.0;) AppleWebKit/537.36 (KHTML, like Gecko) Mobile Safari/537.36 (compatible; PetalBot;+https://webmaster.petalsearch.com/site/petalbot)"
103.131.51.123 - - [14/Jan/2026:14:17:42 +0700] "POST /wp-cron.php?doing_wp_cron=1768375062.0402140617370605468750 HTTP/1.1" 200 474 "-" "WordPress/6.9; https://view.lotushomemade.com"
114.119.142.208 - - [14/Jan/2026:14:17:41 +0700] "GET /shop/page/3?per_row=4&per_page=24&shop_view=grid&stock_status=instock HTTP/1.1" 301 669 "https://view.lotushomemade.com/shop?per_row=4&per_page=24&shop_view=grid&stock_status=instock" "Mozilla/5.0 (Linux; Android 7.0;) AppleWebKit/537.36 (KHTML, like Gecko) Mobile Safari/537.36 (compatible; PetalBot;+https://webmaster.petalsearch.com/site/petalbot)"
114.119.142.208 - - [14/Jan/2026:14:17:42 +0700] "GET /shop/page/3/?per_row=4&per_page=24&shop_view=grid&stock_status=instock HTTP/1.1" 200 42366 "https://view.lotushomemade.com/shop?per_row=4&per_page=24&shop_view=grid&stock_status=instock" "Mozilla/5.0 (Linux; Android 7.0;) AppleWebKit/537.36 (KHTML, like Gecko) Mobile Safari/537.36 (compatible; PetalBot;+https://webmaster.petalsearch.com/site/petalbot)"
40.77.167.67 - - [14/Jan/2026:14:18:01 +0700] "GET /product/premium-biscoff-almond-crunchy-sg/feed/ HTTP/2" 200 438 "-" "Mozilla/5.0 AppleWebKit/537.36 (KHTML, like Gecko; compatible; bingbot/2.0; +http://www.bing.com/bingbot.htm) Chrome/116.0.1938.76 Safari/537.36"
103.131.51.123 - - [14/Jan/2026:14:19:08 +0700] "POST /wp-cron.php?doing_wp_cron=1768375148.9035320281982421875000 HTTP/1.1" 200 474 "-" "WordPress/6.9; https://view.lotushomemade.com"
114.119.130.97 - - [14/Jan/2026:14:19:08 +0700] "GET /shop/page/3?orderby=price&stock_status=onsale HTTP/1.1" 301 511 "https://view.lotushomemade.com/shop?orderby=price&stock_status=onsale" "Mozilla/5.0 (Linux; Android 7.0;) AppleWebKit/537.36 (KHTML, like Gecko) Mobile Safari/537.36 (compatible; PetalBot;+https://webmaster.petalsearch.com/site/petalbot)"
114.119.130.97 - - [14/Jan/2026:14:19:09 +0700] "GET /shop/page/3/?orderby=price&stock_status=onsale HTTP/1.1" 200 39784 "https://view.lotushomemade.com/shop?orderby=price&stock_status=onsale" "Mozilla/5.0 (Linux; Android 7.0;) AppleWebKit/537.36 (KHTML, like Gecko) Mobile Safari/537.36 (compatible; PetalBot;+https://webmaster.petalsearch.com/site/petalbot)"
40.77.167.67 - - [14/Jan/2026:14:19:27 +0700] "GET /product-category/hot-item/?per_page=24 HTTP/2" 200 35195 "-" "Mozilla/5.0 AppleWebKit/537.36 (KHTML, like Gecko; compatible; bingbot/2.0; +http://www.bing.com/bingbot.htm) Chrome/116.0.1938.76 Safari/537.36"
57.141.16.23 - - [14/Jan/2026:14:20:05 +0700] "GET /shop/page/11/?add-to-cart=17250 HTTP/2" 200 239673 "-" "meta-externalagent/1.1 (+https://developers.facebook.com/docs/sharing/webmasters/crawler)"
114.119.145.110 - - [14/Jan/2026:14:20:29 +0700] "GET /shop/page/3?orderby=price&stock_status=instock&per_row=2&shop_view=grid HTTP/1.1" 301 625 "https://view.lotushomemade.com/shop?orderby=price&stock_status=instock&per_row=2&shop_view=grid" "Mozilla/5.0 (Linux; Android 7.0;) AppleWebKit/537.36 (KHTML, like Gecko) Mobile Safari/537.36 (compatible; PetalBot;+https://webmaster.petalsearch.com/site/petalbot)"
114.119.145.110 - - [14/Jan/2026:14:20:30 +0700] "GET /shop/page/3/?orderby=price&stock_status=instock&per_row=2&shop_view=grid HTTP/1.1" 200 39912 "https://view.lotushomemade.com/shop?orderby=price&stock_status=instock&per_row=2&shop_view=grid" "Mozilla/5.0 (Linux; Android 7.0;) AppleWebKit/537.36 (KHTML, like Gecko) Mobile Safari/537.36 (compatible; PetalBot;+https://webmaster.petalsearch.com/site/petalbot)"
57.141.16.93 - - [14/Jan/2026:14:21:00 +0700] "GET /product-category/traditional-cookies-series/?per_row=6&per_page=12&shop_view=grid&filter_brand=hss&stock_status=instock,onsale HTTP/2" 200 219040 "-" "meta-externalagent/1.1 (+https://developers.facebook.com/docs/sharing/webmasters/crawler)"
114.119.156.27 - - [14/Jan/2026:14:21:52 +0700] "GET /shop/page/46/?orderby=popularity&stock_status=instock,onsale&per_page=8 HTTP/1.1" 301 583 "https://view.lotushomemade.com/shop?orderby=popularity&stock_status=instock%2Consale&per_page=8" "Mozilla/5.0 (Linux; Android 7.0;) AppleWebKit/537.36 (KHTML, like Gecko) Mobile Safari/537.36 (compatible; PetalBot;+https://webmaster.petalsearch.com/site/petalbot)"
114.119.156.27 - - [14/Jan/2026:14:21:57 +0700] "GET /shop/page/46/?orderby=popularity&stock_status=instock,onsale&per_page=8 HTTP/1.1" 301 583 "https://view.lotushomemade.com/shop?orderby=popularity&stock_status=instock%2Consale&per_page=8" "Mozilla/5.0 (Linux; Android 7.0;) AppleWebKit/537.36 (KHTML, like Gecko) Mobile Safari/537.36 (compatible; PetalBot;+https://webmaster.petalsearch.com/site/petalbot)"
114.119.156.27 - - [14/Jan/2026:14:21:58 +0700] "GET /shop/page/46/?orderby=popularity&stock_status=instock,onsale&per_page=8 HTTP/1.1" 301 583 "https://view.lotushomemade.com/shop?orderby=popularity&stock_status=instock%2Consale&per_page=8" "Mozilla/5.0 (Linux; Android 7.0;) AppleWebKit/537.36 (KHTML, like Gecko) Mobile Safari/537.36 (compatible; PetalBot;+https://webmaster.petalsearch.com/site/petalbot)"
114.119.156.27 - - [14/Jan/2026:14:21:58 +0700] "GET /shop/page/46/?orderby=popularity&stock_status=instock,onsale&per_page=8 HTTP/1.1" 301 583 "https://view.lotushomemade.com/shop?orderby=popularity&stock_status=instock%2Consale&per_page=8" "Mozilla/5.0 (Linux; Android 7.0;) AppleWebKit/537.36 (KHTML, like Gecko) Mobile Safari/537.36 (compatible; PetalBot;+https://webmaster.petalsearch.com/site/petalbot)"
114.119.156.27 - - [14/Jan/2026:14:21:58 +0700] "GET /shop/page/46/?orderby=popularity&stock_status=instock,onsale&per_page=8 HTTP/1.1" 301 583 "https://view.lotushomemade.com/shop?orderby=popularity&stock_status=instock%2Consale&per_page=8" "Mozilla/5.0 (Linux; Android 7.0;) AppleWebKit/537.36 (KHTML, like Gecko) Mobile Safari/537.36 (compatible; PetalBot;+https://webmaster.petalsearch.com/site/petalbot)"
114.119.156.27 - - [14/Jan/2026:14:21:59 +0700] "GET /shop/page/46/?orderby=popularity&stock_status=instock,onsale&per_page=8 HTTP/1.1" 301 583 "https://view.lotushomemade.com/shop?orderby=popularity&stock_status=instock%2Consale&per_page=8" "Mozilla/5.0 (Linux; Android 7.0;) AppleWebKit/537.36 (KHTML, like Gecko) Mobile Safari/537.36 (compatible; PetalBot;+https://webmaster.petalsearch.com/site/petalbot)"
114.119.156.27 - - [14/Jan/2026:14:21:59 +0700] "GET /shop/page/46/?orderby=popularity&stock_status=instock,onsale&per_page=8 HTTP/1.1" 301 583 "https://view.lotushomemade.com/shop?orderby=popularity&stock_status=instock%2Consale&per_page=8" "Mozilla/5.0 (Linux; Android 7.0;) AppleWebKit/537.36 (KHTML, like Gecko) Mobile Safari/537.36 (compatible; PetalBot;+https://webmaster.petalsearch.com/site/petalbot)"
114.119.156.27 - - [14/Jan/2026:14:22:00 +0700] "GET /shop/page/46/?orderby=popularity&stock_status=instock,onsale&per_page=8 HTTP/1.1" 301 583 "https://view.lotushomemade.com/shop?orderby=popularity&stock_status=instock%2Consale&per_page=8" "Mozilla/5.0 (Linux; Android 7.0;) AppleWebKit/537.36 (KHTML, like Gecko) Mobile Safari/537.36 (compatible; PetalBot;+https://webmaster.petalsearch.com/site/petalbot)"
114.119.156.27 - - [14/Jan/2026:14:22:00 +0700] "GET /shop/page/46/?orderby=popularity&stock_status=instock,onsale&per_page=8 HTTP/1.1" 301 583 "https://view.lotushomemade.com/shop?orderby=popularity&stock_status=instock%2Consale&per_page=8" "Mozilla/5.0 (Linux; Android 7.0;) AppleWebKit/537.36 (KHTML, like Gecko) Mobile Safari/537.36 (compatible; PetalBot;+https://webmaster.petalsearch.com/site/petalbot)"
114.119.156.27 - - [14/Jan/2026:14:22:01 +0700] "GET /shop/page/46/?orderby=popularity&stock_status=instock,onsale&per_page=8 HTTP/1.1" 301 583 "https://view.lotushomemade.com/shop?orderby=popularity&stock_status=instock%2Consale&per_page=8" "Mozilla/5.0 (Linux; Android 7.0;) AppleWebKit/537.36 (KHTML, like Gecko) Mobile Safari/537.36 (compatible; PetalBot;+https://webmaster.petalsearch.com/site/petalbot)"
114.119.148.197 - - [14/Jan/2026:14:23:18 +0700] "GET /shop/page/3?orderby=date&shop_view=grid&per_row=6 HTTP/1.1" 301 603 "https://view.lotushomemade.com/shop/page/12/?orderby=date&shop_view=grid&per_row=6" "Mozilla/5.0 (Linux; Android 7.0;) AppleWebKit/537.36 (KHTML, like Gecko) Mobile Safari/537.36 (compatible; PetalBot;+https://webmaster.petalsearch.com/site/petalbot)"
114.119.148.197 - - [14/Jan/2026:14:23:31 +0700] "GET /shop/page/3/?orderby=date&shop_view=grid&per_row=6 HTTP/1.1" 200 40002 "https://view.lotushomemade.com/shop/page/12/?orderby=date&shop_view=grid&per_row=6" "Mozilla/5.0 (Linux; Android 7.0;) AppleWebKit/537.36 (KHTML, like Gecko) Mobile Safari/537.36 (compatible; PetalBot;+https://webmaster.petalsearch.com/site/petalbot)"
103.131.51.123 - - [14/Jan/2026:14:24:48 +0700] "POST /wp-cron.php?doing_wp_cron=1768375488.3856420516967773437500 HTTP/1.1" 200 474 "-" "WordPress/6.9; https://view.lotushomemade.com"
114.119.130.97 - - [14/Jan/2026:14:24:45 +0700] "GET /shop/page/3?min_price=0&stock_status=onsale&per_page=18 HTTP/1.1" 301 567 "-" "Mozilla/5.0 (Linux; Android 7.0;) AppleWebKit/537.36 (KHTML, like Gecko) Mobile Safari/537.36 (compatible; PetalBot;+https://webmaster.petalsearch.com/site/petalbot)"
114.119.130.97 - - [14/Jan/2026:14:24:49 +0700] "GET /shop/page/3/?min_price=0&stock_status=onsale&per_page=18 HTTP/1.1" 200 41443 "-" "Mozilla/5.0 (Linux; Android 7.0;) AppleWebKit/537.36 (KHTML, like Gecko) Mobile Safari/537.36 (compatible; PetalBot;+https://webmaster.petalsearch.com/site/petalbot)"
103.131.51.123 - - [14/Jan/2026:14:26:06 +0700] "POST /wp-cron.php?doing_wp_cron=1768375566.4866158962249755859375 HTTP/1.1" 200 474 "-" "WordPress/6.9; https://view.lotushomemade.com"
114.119.149.78 - - [14/Jan/2026:14:26:03 +0700] "GET /shop/page/3?min_price=0&max_price=260&per_page=12 HTTP/1.1" 301 561 "https://view.lotushomemade.com/shop/page/10/?min_price=0&max_price=260&per_page=12" "Mozilla/5.0 (Linux; Android 7.0;) AppleWebKit/537.36 (KHTML, like Gecko) Mobile Safari/537.36 (compatible; PetalBot;+https://webmaster.petalsearch.com/site/petalbot)"
114.119.149.78 - - [14/Jan/2026:14:26:06 +0700] "GET /shop/page/3/?min_price=0&max_price=260&per_page=12 HTTP/1.1" 200 40109 "https://view.lotushomemade.com/shop/page/10/?min_price=0&max_price=260&per_page=12" "Mozilla/5.0 (Linux; Android 7.0;) AppleWebKit/537.36 (KHTML, like Gecko) Mobile Safari/537.36 (compatible; PetalBot;+https://webmaster.petalsearch.com/site/petalbot)"
103.131.51.123 - - [14/Jan/2026:14:27:31 +0700] "POST /wp-cron.php?doing_wp_cron=1768375651.4152009487152099609375 HTTP/1.1" 200 474 "-" "WordPress/6.9; https://view.lotushomemade.com"
114.119.148.197 - - [14/Jan/2026:14:27:27 +0700] "GET /shop/page/39/?orderby=date&per_row=4&shop_view=grid&per_page=8 HTTP/1.1" 200 39110 "https://view.lotushomemade.com/shop/page/40?orderby=date&per_row=4&shop_view=grid&per_page=8" "Mozilla/5.0 (Linux; Android 7.0;) AppleWebKit/537.36 (KHTML, like Gecko) Mobile Safari/537.36 (compatible; PetalBot;+https://webmaster.petalsearch.com/site/petalbot)"
103.131.51.123 - - [14/Jan/2026:14:28:58 +0700] "POST /wp-cron.php?doing_wp_cron=1768375738.5529050827026367187500 HTTP/1.1" 200 474 "-" "WordPress/6.9; https://view.lotushomemade.com"
114.119.145.110 - - [14/Jan/2026:14:28:54 +0700] "GET /shop/page/39/?min_price=0&stock_status=onsale&per_page=8 HTTP/1.1" 200 39206 "https://view.lotushomemade.com/shop/page/39/?min_price=0&stock_status=onsale&per_page=8" "Mozilla/5.0 (Linux; Android 7.0;) AppleWebKit/537.36 (KHTML, like Gecko) Mobile Safari/537.36 (compatible; PetalBot;+https://webmaster.petalsearch.com/site/petalbot)"
103.131.51.123 - - [14/Jan/2026:14:30:20 +0700] "POST /wp-cron.php?doing_wp_cron=1768375820.6419749259948730468750 HTTP/1.1" 200 474 "-" "WordPress/6.9; https://view.lotushomemade.com"
114.119.145.110 - - [14/Jan/2026:14:30:16 +0700] "GET /shop/page/39/?max_price=520&stock_status=instock&per_page=8 HTTP/1.1" 200 39417 "https://view.lotushomemade.com/shop/page/39/?max_price=520&stock_status=instock&per_page=8" "Mozilla/5.0 (Linux; Android 7.0;) AppleWebKit/537.36 (KHTML, like Gecko) Mobile Safari/537.36 (compatible; PetalBot;+https://webmaster.petalsearch.com/site/petalbot)"
103.131.51.123 - - [14/Jan/2026:14:31:42 +0700] "POST /wp-cron.php?doing_wp_cron=1768375902.2428140640258789062500 HTTP/1.1" 200 474 "-" "WordPress/6.9; https://view.lotushomemade.com"
114.119.145.110 - - [14/Jan/2026:14:31:38 +0700] "GET /shop/page/38/?orderby=rating&per_row=6&shop_view=grid&per_page=8 HTTP/1.1" 200 39102 "https://view.lotushomemade.com/shop/page/41/?orderby=rating&per_row=6&shop_view=grid&per_page=8" "Mozilla/5.0 (Linux; Android 7.0;) AppleWebKit/537.36 (KHTML, like Gecko) Mobile Safari/537.36 (compatible; PetalBot;+https://webmaster.petalsearch.com/site/petalbot)"
114.119.150.215 - - [14/Jan/2026:14:33:02 +0700] "GET /shop/page/38/?orderby=rating&per_page=8 HTTP/1.1" 200 38958 "https://view.lotushomemade.com/shop/page/37/?orderby=rating&per_page=8" "Mozilla/5.0 (Linux; Android 7.0;) AppleWebKit/537.36 (KHTML, like Gecko) Mobile Safari/537.36 (compatible; PetalBot;+https://webmaster.petalsearch.com/site/petalbot)"
103.131.51.123 - - [14/Jan/2026:14:34:27 +0700] "POST /wp-cron.php?doing_wp_cron=1768376067.7617359161376953125000 HTTP/1.1" 200 474 "-" "WordPress/6.9; https://view.lotushomemade.com"
114.119.149.78 - - [14/Jan/2026:14:34:26 +0700] "GET /shop/page/38/?max_price=1040&per_page=8&stock_status=instock HTTP/1.1" 200 39544 "https://view.lotushomemade.com/shop/page/38/?max_price=1040&per_page=8&stock_status=instock" "Mozilla/5.0 (Linux; Android 7.0;) AppleWebKit/537.36 (KHTML, like Gecko) Mobile Safari/537.36 (compatible; PetalBot;+https://webmaster.petalsearch.com/site/petalbot)"
66.249.70.97 - - [14/Jan/2026:14:34:29 +0700] "GET /product/italy-almond-biscotti-sg/ HTTP/1.1" 200 36821 "-" "Mozilla/5.0 (compatible; Googlebot/2.1; +http://www.google.com/bot.html)"
103.131.51.123 - - [14/Jan/2026:14:35:51 +0700] "POST /wp-cron.php?doing_wp_cron=1768376151.4969339370727539062500 HTTP/1.1" 200 474 "-" "WordPress/6.9; https://view.lotushomemade.com"
114.119.156.27 - - [14/Jan/2026:14:35:49 +0700] "GET /shop/page/37?orderby=price&per_row=6&shop_view=grid&per_page=8 HTTP/1.1" 301 661 "-" "Mozilla/5.0 (Linux; Android 7.0;) AppleWebKit/537.36 (KHTML, like Gecko) Mobile Safari/537.36 (compatible; PetalBot;+https://webmaster.petalsearch.com/site/petalbot)"
114.119.156.27 - - [14/Jan/2026:14:35:52 +0700] "GET /shop/page/37/?orderby=price&per_row=6&shop_view=grid&per_page=8 HTTP/1.1" 200 39522 "-" "Mozilla/5.0 (Linux; Android 7.0;) AppleWebKit/537.36 (KHTML, like Gecko) Mobile Safari/537.36 (compatible; PetalBot;+https://webmaster.petalsearch.com/site/petalbot)"
103.131.51.123 - - [14/Jan/2026:14:37:16 +0700] "POST /wp-cron.php?doing_wp_cron=1768376236.2950589656829833984375 HTTP/1.1" 200 474 "-" "WordPress/6.9; https://view.lotushomemade.com"
114.119.148.197 - - [14/Jan/2026:14:37:12 +0700] "GET /shop/page/37/?stock_status=onsale&per_row=2&shop_view=grid&per_page=8 HTTP/1.1" 200 39439 "https://view.lotushomemade.com/shop/page/40/?stock_status=onsale&per_row=2&shop_view=grid&per_page=8" "Mozilla/5.0 (Linux; Android 7.0;) AppleWebKit/537.36 (KHTML, like Gecko) Mobile Safari/537.36 (compatible; PetalBot;+https://webmaster.petalsearch.com/site/petalbot)"
191.54.212.69 - - [14/Jan/2026:14:37:28 +0700] "GET /product-category/crispy-snack-series/page/9/?stock_status=onsale HTTP/1.1" 200 32671 "-" "Mozilla/5.0 (iPod; U; CPU iPhone OS 4_1 like Mac OS X; uz-UZ) AppleWebKit/534.35.1 (KHTML, like Gecko) Version/3.0.5 Mobile/8B112 Safari/6534.35.1"
103.131.51.123 - - [14/Jan/2026:14:38:37 +0700] "POST /wp-cron.php?doing_wp_cron=1768376317.4085929393768310546875 HTTP/1.1" 200 474 "-" "WordPress/6.9; https://view.lotushomemade.com"
114.119.156.27 - - [14/Jan/2026:14:38:35 +0700] "GET /shop/page/37/?orderby=price&per_page=8&stock_status=instock HTTP/1.1" 200 39431 "https://view.lotushomemade.com/shop/page/39/?orderby=price&per_page=8&stock_status=instock" "Mozilla/5.0 (Linux; Android 7.0;) AppleWebKit/537.36 (KHTML, like Gecko) Mobile Safari/537.36 (compatible; PetalBot;+https://webmaster.petalsearch.com/site/petalbot)"
103.131.51.123 - - [14/Jan/2026:14:40:08 +0700] "POST /wp-cron.php?doing_wp_cron=1768376408.6893360614776611328125 HTTP/1.1" 200 474 "-" "WordPress/6.9; https://view.lotushomemade.com"
114.119.130.97 - - [14/Jan/2026:14:40:05 +0700] "GET /shop/page/37/?orderby=date&per_row=2&shop_view=grid&per_page=8 HTTP/1.1" 200 39101 "https://view.lotushomemade.com/shop/page/35/?orderby=date&per_row=2&shop_view=grid&per_page=8" "Mozilla/5.0 (Linux; Android 7.0;) AppleWebKit/537.36 (KHTML, like Gecko) Mobile Safari/537.36 (compatible; PetalBot;+https://webmaster.petalsearch.com/site/petalbot)"
47.128.62.247 - - [14/Jan/2026:14:40:12 +0700] "GET /robots.txt HTTP/1.1" 200 624 "-" "Mozilla/5.0 (Linux; Android 5.0) AppleWebKit/537.36 (KHTML, like Gecko) Mobile Safari/537.36 (compatible; Bytespider; spider-feedback@bytedance.com)"
103.131.51.123 - - [14/Jan/2026:14:41:27 +0700] "POST /wp-cron.php?doing_wp_cron=1768376487.8321480751037597656250 HTTP/1.1" 200 474 "-" "WordPress/6.9; https://view.lotushomemade.com"
114.119.156.27 - - [14/Jan/2026:14:41:24 +0700] "GET /shop/page/37/?max_price=1050&stock_status=instock&per_page=8 HTTP/1.1" 200 39587 "https://view.lotushomemade.com/shop/page/37/?max_price=1050&stock_status=instock&per_page=8" "Mozilla/5.0 (Linux; Android 7.0;) AppleWebKit/537.36 (KHTML, like Gecko) Mobile Safari/537.36 (compatible; PetalBot;+https://webmaster.petalsearch.com/site/petalbot)"
103.131.51.123 - - [14/Jan/2026:14:42:22 +0700] "POST /wp-cron.php?doing_wp_cron=1768376542.7406549453735351562500 HTTP/1.1" 200 474 "-" "WordPress/6.9; https://view.lotushomemade.com"
57.141.16.92 - - [14/Jan/2026:14:42:21 +0700] "GET /shop/page/11/?add-to-cart=17063 HTTP/2" 200 239678 "-" "meta-externalagent/1.1 (+https://developers.facebook.com/docs/sharing/webmasters/crawler)"
103.131.51.123 - - [14/Jan/2026:14:42:48 +0700] "POST /wp-cron.php?doing_wp_cron=1768376568.5734651088714599609375 HTTP/1.1" 200 474 "-" "WordPress/6.9; https://view.lotushomemade.com"
114.119.148.197 - - [14/Jan/2026:14:42:47 +0700] "GET /shop/page/37/?max_price=1040&stock_status=onsale&per_page=8 HTTP/1.1" 200 39489 "https://view.lotushomemade.com/shop/page/35/?max_price=1040&stock_status=onsale&per_page=8" "Mozilla/5.0 (Linux; Android 7.0;) AppleWebKit/537.36 (KHTML, like Gecko) Mobile Safari/537.36 (compatible; PetalBot;+https://webmaster.petalsearch.com/site/petalbot)"
103.131.51.123 - - [14/Jan/2026:14:44:14 +0700] "POST /wp-cron.php?doing_wp_cron=1768376654.8096179962158203125000 HTTP/1.1" 200 474 "-" "WordPress/6.9; https://view.lotushomemade.com"
114.119.130.97 - - [14/Jan/2026:14:44:11 +0700] "GET /shop/page/37/?max_price=1040&per_row=2&shop_view=grid&per_page=8 HTTP/1.1" 200 39544 "https://view.lotushomemade.com/shop/page/35/?max_price=1040&per_row=2&shop_view=grid&per_page=8" "Mozilla/5.0 (Linux; Android 7.0;) AppleWebKit/537.36 (KHTML, like Gecko) Mobile Safari/537.36 (compatible; PetalBot;+https://webmaster.petalsearch.com/site/petalbot)"
103.131.51.123 - - [14/Jan/2026:14:45:38 +0700] "POST /wp-cron.php?doing_wp_cron=1768376738.8159921169281005859375 HTTP/1.1" 200 474 "-" "WordPress/6.9; https://view.lotushomemade.com"
114.119.149.78 - - [14/Jan/2026:14:45:35 +0700] "GET /shop/page/36/?stock_status=onsale&per_page=8&shop_view=grid&per_row=6 HTTP/1.1" 200 39578 "https://view.lotushomemade.com/shop/page/39/?stock_status=onsale&per_page=8&shop_view=grid&per_row=6" "Mozilla/5.0 (Linux; Android 7.0;) AppleWebKit/537.36 (KHTML, like Gecko) Mobile Safari/537.36 (compatible; PetalBot;+https://webmaster.petalsearch.com/site/petalbot)"
103.131.51.123 - - [14/Jan/2026:14:46:59 +0700] "POST /wp-cron.php?doing_wp_cron=1768376819.9592239856719970703125 HTTP/1.1" 200 474 "-" "WordPress/6.9; https://view.lotushomemade.com"
114.119.142.208 - - [14/Jan/2026:14:46:57 +0700] "GET /shop/page/35?per_page=8 HTTP/1.1" 301 534 "-" "Mozilla/5.0 (Linux; Android 7.0;) AppleWebKit/537.36 (KHTML, like Gecko) Mobile Safari/537.36 (compatible; PetalBot;+https://webmaster.petalsearch.com/site/petalbot)"
114.119.142.208 - - [14/Jan/2026:14:47:00 +0700] "GET /shop/page/35/?per_page=8 HTTP/1.1" 200 39123 "-" "Mozilla/5.0 (Linux; Android 7.0;) AppleWebKit/537.36 (KHTML, like Gecko) Mobile Safari/537.36 (compatible; PetalBot;+https://webmaster.petalsearch.com/site/petalbot)"
103.131.51.123 - - [14/Jan/2026:14:48:24 +0700] "POST /wp-cron.php?doing_wp_cron=1768376904.3153989315032958984375 HTTP/1.1" 200 474 "-" "WordPress/6.9; https://view.lotushomemade.com"
114.119.156.27 - - [14/Jan/2026:14:48:20 +0700] "GET /shop/page/35/?orderby=price&per_page=8 HTTP/1.1" 200 39288 "https://view.lotushomemade.com/shop/page/34/?orderby=price&per_page=8" "Mozilla/5.0 (Linux; Android 7.0;) AppleWebKit/537.36 (KHTML, like Gecko) Mobile Safari/537.36 (compatible; PetalBot;+https://webmaster.petalsearch.com/site/petalbot)"
103.131.51.123 - - [14/Jan/2026:14:49:49 +0700] "POST /wp-cron.php?doing_wp_cron=1768376989.8868219852447509765625 HTTP/1.1" 200 474 "-" "WordPress/6.9; https://view.lotushomemade.com"
114.119.148.197 - - [14/Jan/2026:14:49:46 +0700] "GET /shop/page/35/?max_price=780&per_page=8&stock_status=onsale HTTP/1.1" 200 39401 "https://view.lotushomemade.com/shop/page/36/?max_price=780&per_page=8&stock_status=onsale" "Mozilla/5.0 (Linux; Android 7.0;) AppleWebKit/537.36 (KHTML, like Gecko) Mobile Safari/537.36 (compatible; PetalBot;+https://webmaster.petalsearch.com/site/petalbot)"
103.131.51.123 - - [14/Jan/2026:14:51:15 +0700] "POST /wp-cron.php?doing_wp_cron=1768377075.7846200466156005859375 HTTP/1.1" 200 474 "-" "WordPress/6.9; https://view.lotushomemade.com"
114.119.130.97 - - [14/Jan/2026:14:51:12 +0700] "GET /shop/page/34/?stock_status=instock&per_row=4&per_page=8&shop_view=grid HTTP/1.1" 200 39374 "https://view.lotushomemade.com/shop/page/35/?stock_status=instock&per_row=4&per_page=8&shop_view=grid" "Mozilla/5.0 (Linux; Android 7.0;) AppleWebKit/537.36 (KHTML, like Gecko) Mobile Safari/537.36 (compatible; PetalBot;+https://webmaster.petalsearch.com/site/petalbot)"
103.131.51.123 - - [14/Jan/2026:14:51:54 +0700] "POST /wp-cron.php?doing_wp_cron=1768377114.7917129993438720703125 HTTP/1.1" 200 474 "-" "WordPress/6.9; https://view.lotushomemade.com"
115.45.42.169 - - [14/Jan/2026:14:51:54 +0700] "GET /robots.txt HTTP/1.1" 200 624 "-" "Mozilla/5.0 (Windows NT 10.0; WOW64) AppleWebKit/537.36 (KHTML, like Gecko) Chrome/56.0.3512.120 Safari/537.36 LBBROWSER"
57.141.16.57 - - [14/Jan/2026:14:52:29 +0700] "GET /shop/page/24/?per_row=2&per_page=12&shop_view=grid&stock_status=instock%2Consale HTTP/2" 200 243073 "-" "meta-externalagent/1.1 (+https://developers.facebook.com/docs/sharing/webmasters/crawler)"
103.131.51.123 - - [14/Jan/2026:14:52:34 +0700] "POST /wp-cron.php?doing_wp_cron=1768377154.2607879638671875000000 HTTP/1.1" 200 474 "-" "WordPress/6.9; https://view.lotushomemade.com"
114.119.145.110 - - [14/Jan/2026:14:52:32 +0700] "GET /shop/page/34/?per_row=4&per_page=8&shop_view=grid&stock_status=onsale HTTP/1.1" 200 39386 "https://view.lotushomemade.com/shop/page/36/?per_row=4&per_page=8&shop_view=grid&stock_status=onsale" "Mozilla/5.0 (Linux; Android 7.0;) AppleWebKit/537.36 (KHTML, like Gecko) Mobile Safari/537.36 (compatible; PetalBot;+https://webmaster.petalsearch.com/site/petalbot)"
103.131.51.123 - - [14/Jan/2026:14:54:04 +0700] "POST /wp-cron.php?doing_wp_cron=1768377244.7788250446319580078125 HTTP/1.1" 200 474 "-" "WordPress/6.9; https://view.lotushomemade.com"
114.119.150.215 - - [14/Jan/2026:14:54:00 +0700] "GET /shop/page/34/?max_price=780&per_row=2&per_page=8&shop_view=grid HTTP/1.1" 200 39575 "https://view.lotushomemade.com/shop/page/34/?max_price=780&per_row=2&per_page=8&shop_view=grid" "Mozilla/5.0 (Linux; Android 7.0;) AppleWebKit/537.36 (KHTML, like Gecko) Mobile Safari/537.36 (compatible; PetalBot;+https://webmaster.petalsearch.com/site/petalbot)"
57.141.16.8 - - [14/Jan/2026:14:54:23 +0700] "GET /product-category/traditional-cookies-series/page/12/?stock_status=instock%2Consale&per_page=12 HTTP/2" 200 243069 "-" "meta-externalagent/1.1 (+https://developers.facebook.com/docs/sharing/webmasters/crawler)"
103.131.51.123 - - [14/Jan/2026:14:55:20 +0700] "POST /wp-cron.php?doing_wp_cron=1768377320.7786049842834472656250 HTTP/1.1" 200 474 "-" "WordPress/6.9; https://view.lotushomemade.com"
114.119.148.197 - - [14/Jan/2026:14:55:19 +0700] "GET /shop/page/33/?orderby=price&per_row=4&shop_view=grid&per_page=8 HTTP/1.1" 200 39381 "https://view.lotushomemade.com/shop/page/34/?orderby=price&per_row=4&shop_view=grid&per_page=8" "Mozilla/5.0 (Linux; Android 7.0;) AppleWebKit/537.36 (KHTML, like Gecko) Mobile Safari/537.36 (compatible; PetalBot;+https://webmaster.petalsearch.com/site/petalbot)"
91.186.253.220 - - [14/Jan/2026:14:55:29 +0700] "GET /product/chocolate-mini-puff-l-2/?add-to-cart=8423 HTTP/1.1" 200 38659 "-" "Opera/8.13.(X11; Linux i686; nl-NL) Presto/2.9.188 Version/10.00"
103.131.51.123 - - [14/Jan/2026:14:56:47 +0700] "POST /wp-cron.php?doing_wp_cron=1768377407.8161160945892333984375 HTTP/1.1" 200 474 "-" "WordPress/6.9; https://view.lotushomemade.com"
114.119.130.97 - - [14/Jan/2026:14:56:44 +0700] "GET /shop/page/33/?max_price=780&stock_status=instock&per_page=8 HTTP/1.1" 200 39538 "https://view.lotushomemade.com/shop/page/36/?max_price=780&stock_status=instock&per_page=8" "Mozilla/5.0 (Linux; Android 7.0;) AppleWebKit/537.36 (KHTML, like Gecko) Mobile Safari/537.36 (compatible; PetalBot;+https://webmaster.petalsearch.com/site/petalbot)"
66.249.70.97 - - [14/Jan/2026:14:56:55 +0700] "GET /product/curry-leaf-salted-egg-butter-cookies-sg/ HTTP/1.1" 200 36876 "-" "Mozilla/5.0 (Linux; Android 6.0.1; Nexus 5X Build/MMB29P) AppleWebKit/537.36 (KHTML, like Gecko) Chrome/143.0.7499.192 Mobile Safari/537.36 (compatible; Googlebot/2.1; +http://www.google.com/bot.html)"
103.131.51.123 - - [14/Jan/2026:14:58:08 +0700] "POST /wp-cron.php?doing_wp_cron=1768377488.5150399208068847656250 HTTP/1.1" 200 474 "-" "WordPress/6.9; https://view.lotushomemade.com"
114.119.148.197 - - [14/Jan/2026:14:58:07 +0700] "GET /shop/page/33/?max_price=1040&per_row=4&shop_view=grid&per_page=8 HTTP/1.1" 200 39623 "https://view.lotushomemade.com/shop/page/32/?max_price=1040&per_row=4&shop_view=grid&per_page=8" "Mozilla/5.0 (Linux; Android 7.0;) AppleWebKit/537.36 (KHTML, like Gecko) Mobile Safari/537.36 (compatible; PetalBot;+https://webmaster.petalsearch.com/site/petalbot)"
114.119.150.215 - - [14/Jan/2026:14:59:30 +0700] "GET /shop/page/32?stock_status=onsale&shop_view=grid&per_row=6 HTTP/1.1" 301 611 "https://view.lotushomemade.com/shop?stock_status=onsale&shop_view=grid&per_row=6" "Mozilla/5.0 (Linux; Android 7.0;) AppleWebKit/537.36 (KHTML, like Gecko) Mobile Safari/537.36 (compatible; PetalBot;+https://webmaster.petalsearch.com/site/petalbot)"
114.119.150.215 - - [14/Jan/2026:14:59:38 +0700] "GET /shop/page/32/?stock_status=onsale&shop_view=grid&per_row=6 HTTP/1.1" 200 39978 "https://view.lotushomemade.com/shop?stock_status=onsale&shop_view=grid&per_row=6" "Mozilla/5.0 (Linux; Android 7.0;) AppleWebKit/537.36 (KHTML, like Gecko) Mobile Safari/537.36 (compatible; PetalBot;+https://webmaster.petalsearch.com/site/petalbot)"
103.131.51.123 - - [14/Jan/2026:15:00:56 +0700] "POST /wp-cron.php?doing_wp_cron=1768377656.5080111026763916015625 HTTP/1.1" 200 474 "-" "WordPress/6.9; https://view.lotushomemade.com"
114.119.148.197 - - [14/Jan/2026:15:00:54 +0700] "GET /shop/page/32?stock_status=instock,onsale&shop_view=grid&per_row=4 HTTP/1.1" 301 621 "https://view.lotushomemade.com/shop?stock_status=instock%2Consale&shop_view=grid&per_row=4" "Mozilla/5.0 (Linux; Android 7.0;) AppleWebKit/537.36 (KHTML, like Gecko) Mobile Safari/537.36 (compatible; PetalBot;+https://webmaster.petalsearch.com/site/petalbot)"
114.119.148.197 - - [14/Jan/2026:15:00:56 +0700] "GET /shop/page/32/?stock_status=instock,onsale&shop_view=grid&per_row=4 HTTP/1.1" 301 621 "https://view.lotushomemade.com/shop?stock_status=instock%2Consale&shop_view=grid&per_row=4" "Mozilla/5.0 (Linux; Android 7.0;) AppleWebKit/537.36 (KHTML, like Gecko) Mobile Safari/537.36 (compatible; PetalBot;+https://webmaster.petalsearch.com/site/petalbot)"
114.119.148.197 - - [14/Jan/2026:15:00:57 +0700] "GET /shop/page/32/?stock_status=instock,onsale&shop_view=grid&per_row=4 HTTP/1.1" 301 621 "https://view.lotushomemade.com/shop?stock_status=instock%2Consale&shop_view=grid&per_row=4" "Mozilla/5.0 (Linux; Android 7.0;) AppleWebKit/537.36 (KHTML, like Gecko) Mobile Safari/537.36 (compatible; PetalBot;+https://webmaster.petalsearch.com/site/petalbot)"
114.119.148.197 - - [14/Jan/2026:15:00:57 +0700] "GET /shop/page/32/?stock_status=instock,onsale&shop_view=grid&per_row=4 HTTP/1.1" 301 621 "https://view.lotushomemade.com/shop?stock_status=instock%2Consale&shop_view=grid&per_row=4" "Mozilla/5.0 (Linux; Android 7.0;) AppleWebKit/537.36 (KHTML, like Gecko) Mobile Safari/537.36 (compatible; PetalBot;+https://webmaster.petalsearch.com/site/petalbot)"
114.119.148.197 - - [14/Jan/2026:15:00:58 +0700] "GET /shop/page/32/?stock_status=instock,onsale&shop_view=grid&per_row=4 HTTP/1.1" 301 621 "https://view.lotushomemade.com/shop?stock_status=instock%2Consale&shop_view=grid&per_row=4" "Mozilla/5.0 (Linux; Android 7.0;) AppleWebKit/537.36 (KHTML, like Gecko) Mobile Safari/537.36 (compatible; PetalBot;+https://webmaster.petalsearch.com/site/petalbot)"
114.119.148.197 - - [14/Jan/2026:15:00:59 +0700] "GET /shop/page/32/?stock_status=instock,onsale&shop_view=grid&per_row=4 HTTP/1.1" 301 621 "https://view.lotushomemade.com/shop?stock_status=instock%2Consale&shop_view=grid&per_row=4" "Mozilla/5.0 (Linux; Android 7.0;) AppleWebKit/537.36 (KHTML, like Gecko) Mobile Safari/537.36 (compatible; PetalBot;+https://webmaster.petalsearch.com/site/petalbot)"
114.119.148.197 - - [14/Jan/2026:15:00:59 +0700] "GET /shop/page/32/?stock_status=instock,onsale&shop_view=grid&per_row=4 HTTP/1.1" 301 621 "https://view.lotushomemade.com/shop?stock_status=instock%2Consale&shop_view=grid&per_row=4" "Mozilla/5.0 (Linux; Android 7.0;) AppleWebKit/537.36 (KHTML, like Gecko) Mobile Safari/537.36 (compatible; PetalBot;+https://webmaster.petalsearch.com/site/petalbot)"
114.119.148.197 - - [14/Jan/2026:15:01:00 +0700] "GET /shop/page/32/?stock_status=instock,onsale&shop_view=grid&per_row=4 HTTP/1.1" 301 621 "https://view.lotushomemade.com/shop?stock_status=instock%2Consale&shop_view=grid&per_row=4" "Mozilla/5.0 (Linux; Android 7.0;) AppleWebKit/537.36 (KHTML, like Gecko) Mobile Safari/537.36 (compatible; PetalBot;+https://webmaster.petalsearch.com/site/petalbot)"
114.119.148.197 - - [14/Jan/2026:15:01:00 +0700] "GET /shop/page/32/?stock_status=instock,onsale&shop_view=grid&per_row=4 HTTP/1.1" 301 621 "https://view.lotushomemade.com/shop?stock_status=instock%2Consale&shop_view=grid&per_row=4" "Mozilla/5.0 (Linux; Android 7.0;) AppleWebKit/537.36 (KHTML, like Gecko) Mobile Safari/537.36 (compatible; PetalBot;+https://webmaster.petalsearch.com/site/petalbot)"
114.119.148.197 - - [14/Jan/2026:15:01:01 +0700] "GET /shop/page/32/?stock_status=instock,onsale&shop_view=grid&per_row=4 HTTP/1.1" 301 621 "https://view.lotushomemade.com/shop?stock_status=instock%2Consale&shop_view=grid&per_row=4" "Mozilla/5.0 (Linux; Android 7.0;) AppleWebKit/537.36 (KHTML, like Gecko) Mobile Safari/537.36 (compatible; PetalBot;+https://webmaster.petalsearch.com/site/petalbot)"
57.141.16.29 - - [14/Jan/2026:15:01:56 +0700] "GET /shop/page/12/?stock_status=onsale&per_row=4&shop_view=grid&per_page=18 HTTP/2" 200 261801 "-" "meta-externalagent/1.1 (+https://developers.facebook.com/docs/sharing/webmasters/crawler)"
114.119.156.27 - - [14/Jan/2026:15:02:17 +0700] "GET /shop/page/32?per_row=6&per_page=12&shop_view=grid&stock_status=onsale HTTP/1.1" 301 669 "https://view.lotushomemade.com/shop/page/9?per_row=6&per_page=12&shop_view=grid&stock_status=onsale" "Mozilla/5.0 (Linux; Android 7.0;) AppleWebKit/537.36 (KHTML, like Gecko) Mobile Safari/537.36 (compatible; PetalBot;+https://webmaster.petalsearch.com/site/petalbot)"
114.119.156.27 - - [14/Jan/2026:15:02:17 +0700] "GET /shop/page/32/?per_row=6&per_page=12&shop_view=grid&stock_status=onsale HTTP/1.1" 200 40032 "https://view.lotushomemade.com/shop/page/9?per_row=6&per_page=12&shop_view=grid&stock_status=onsale" "Mozilla/5.0 (Linux; Android 7.0;) AppleWebKit/537.36 (KHTML, like Gecko) Mobile Safari/537.36 (compatible; PetalBot;+https://webmaster.petalsearch.com/site/petalbot)"
57.141.16.7 - - [14/Jan/2026:15:02:20 +0700] "GET /product-category/traditional-cookies-series/page/4/?stock_status=instock%2Consale&per_page=12 HTTP/2" 200 243759 "-" "meta-externalagent/1.1 (+https://developers.facebook.com/docs/sharing/webmasters/crawler)"
103.131.51.123 - - [14/Jan/2026:15:03:42 +0700] "POST /wp-cron.php?doing_wp_cron=1768377822.9211421012878417968750 HTTP/1.1" 200 474 "-" "WordPress/6.9; https://view.lotushomemade.com"
114.119.145.110 - - [14/Jan/2026:15:03:40 +0700] "GET /shop/page/32?per_row=4&shop_view=grid&per_page=12 HTTP/1.1" 301 649 "https://view.lotushomemade.com/shop/page/13/?per_row=4&shop_view=grid&per_page=12" "Mozilla/5.0 (Linux; Android 7.0;) AppleWebKit/537.36 (KHTML, like Gecko) Mobile Safari/537.36 (compatible; PetalBot;+https://webmaster.petalsearch.com/site/petalbot)"
114.119.145.110 - - [14/Jan/2026:15:03:43 +0700] "GET /shop/page/32/?per_row=4&shop_view=grid&per_page=12 HTTP/1.1" 200 39988 "https://view.lotushomemade.com/shop/page/13/?per_row=4&shop_view=grid&per_page=12" "Mozilla/5.0 (Linux; Android 7.0;) AppleWebKit/537.36 (KHTML, like Gecko) Mobile Safari/537.36 (compatible; PetalBot;+https://webmaster.petalsearch.com/site/petalbot)"
114.119.150.215 - - [14/Jan/2026:15:05:05 +0700] "GET /shop/page/32?orderby=price&stock_status=onsale&per_page=12 HTTP/1.1" 301 570 "https://view.lotushomemade.com/shop/page/16/?orderby=price&stock_status=onsale&per_page=12" "Mozilla/5.0 (Linux; Android 7.0;) AppleWebKit/537.36 (KHTML, like Gecko) Mobile Safari/537.36 (compatible; PetalBot;+https://webmaster.petalsearch.com/site/petalbot)"
114.119.150.215 - - [14/Jan/2026:15:05:18 +0700] "GET /shop/page/32/?orderby=price&stock_status=onsale&per_page=12 HTTP/1.1" 200 39652 "https://view.lotushomemade.com/shop/page/16/?orderby=price&stock_status=onsale&per_page=12" "Mozilla/5.0 (Linux; Android 7.0;) AppleWebKit/537.36 (KHTML, like Gecko) Mobile Safari/537.36 (compatible; PetalBot;+https://webmaster.petalsearch.com/site/petalbot)"
66.249.70.97 - - [14/Jan/2026:15:06:05 +0700] "GET /product/pumkin-seed-peanut-nyonya-kuih-kapet-l/ HTTP/1.1" 200 37052 "-" "Mozilla/5.0 (compatible; Googlebot/2.1; +http://www.google.com/bot.html)"
103.131.51.123 - - [14/Jan/2026:15:06:29 +0700] "POST /wp-cron.php?doing_wp_cron=1768377989.6617450714111328125000 HTTP/1.1" 200 474 "-" "WordPress/6.9; https://view.lotushomemade.com"
114.119.142.208 - - [14/Jan/2026:15:06:29 +0700] "GET /shop/page/32?orderby=price&per_row=4&shop_view=grid&stock_status=instock HTTP/1.1" 301 626 "https://view.lotushomemade.com/shop?orderby=price&per_row=4&shop_view=grid&stock_status=instock" "Mozilla/5.0 (Linux; Android 7.0;) AppleWebKit/537.36 (KHTML, like Gecko) Mobile Safari/537.36 (compatible; PetalBot;+https://webmaster.petalsearch.com/site/petalbot)"
114.119.142.208 - - [14/Jan/2026:15:06:30 +0700] "GET /shop/page/32/?orderby=price&per_row=4&shop_view=grid&stock_status=instock HTTP/1.1" 200 39709 "https://view.lotushomemade.com/shop?orderby=price&per_row=4&shop_view=grid&stock_status=instock" "Mozilla/5.0 (Linux; Android 7.0;) AppleWebKit/537.36 (KHTML, like Gecko) Mobile Safari/537.36 (compatible; PetalBot;+https://webmaster.petalsearch.com/site/petalbot)"
103.131.51.123 - - [14/Jan/2026:15:07:55 +0700] "POST /wp-cron.php?doing_wp_cron=1768378075.5229020118713378906250 HTTP/1.1" 200 474 "-" "WordPress/6.9; https://view.lotushomemade.com"
114.119.156.27 - - [14/Jan/2026:15:07:51 +0700] "GET /shop/page/32/?orderby=price-desc&stock_status=onsale&per_page=12 HTTP/1.1" 200 39284 "https://view.lotushomemade.com/shop/page/1?orderby=price-desc&stock_status=onsale&per_page=12" "Mozilla/5.0 (Linux; Android 7.0;) AppleWebKit/537.36 (KHTML, like Gecko) Mobile Safari/537.36 (compatible; PetalBot;+https://webmaster.petalsearch.com/site/petalbot)"
103.131.51.123 - - [14/Jan/2026:15:09:19 +0700] "POST /wp-cron.php?doing_wp_cron=1768378159.7898659706115722656250 HTTP/1.1" 200 474 "-" "WordPress/6.9; https://view.lotushomemade.com"
114.119.150.215 - - [14/Jan/2026:15:09:16 +0700] "GET /shop/page/32/?orderby=price-desc HTTP/1.1" 200 39135 "https://view.lotushomemade.com/shop/page/24/?orderby=price-desc" "Mozilla/5.0 (Linux; Android 7.0;) AppleWebKit/537.36 (KHTML, like Gecko) Mobile Safari/537.36 (compatible; PetalBot;+https://webmaster.petalsearch.com/site/petalbot)"
114.119.142.208 - - [14/Jan/2026:15:10:40 +0700] "GET /shop/page/32/?orderby=price&per_row=2&shop_view=grid&stock_status=instock HTTP/1.1" 200 39700 "https://view.lotushomemade.com/shop/page/8/?orderby=price&per_row=2&shop_view=grid&stock_status=instock" "Mozilla/5.0 (Linux; Android 7.0;) AppleWebKit/537.36 (KHTML, like Gecko) Mobile Safari/537.36 (compatible; PetalBot;+https://webmaster.petalsearch.com/site/petalbot)"
187.188.51.77 - - [14/Jan/2026:15:11:25 +0700] "GET /product/peanut-puff-cracker_8080-s/?add-to-cart=7951 HTTP/1.1" 200 38626 "-" "Mozilla/5.0 (compatible; MSIE 7.0; Windows 98; Win 9x 4.90; Trident/3.0)"
103.131.51.123 - - [14/Jan/2026:15:12:04 +0700] "POST /wp-cron.php?doing_wp_cron=1768378323.9669029712677001953125 HTTP/1.1" 200 474 "-" "WordPress/6.9; https://view.lotushomemade.com"
114.119.156.27 - - [14/Jan/2026:15:12:03 +0700] "GET /shop/page/32/?max_price=520&stock_status=instock,onsale&per_row=4&shop_view=grid HTTP/1.1" 301 635 "https://view.lotushomemade.com/shop?max_price=520&stock_status=instock%2Consale&per_row=4&shop_view=grid" "Mozilla/5.0 (Linux; Android 7.0;) AppleWebKit/537.36 (KHTML, like Gecko) Mobile Safari/537.36 (compatible; PetalBot;+https://webmaster.petalsearch.com/site/petalbot)"
114.119.156.27 - - [14/Jan/2026:15:12:04 +0700] "GET /shop/page/32/?max_price=520&stock_status=instock,onsale&per_row=4&shop_view=grid HTTP/1.1" 301 635 "https://view.lotushomemade.com/shop?max_price=520&stock_status=instock%2Consale&per_row=4&shop_view=grid" "Mozilla/5.0 (Linux; Android 7.0;) AppleWebKit/537.36 (KHTML, like Gecko) Mobile Safari/537.36 (compatible; PetalBot;+https://webmaster.petalsearch.com/site/petalbot)"
114.119.156.27 - - [14/Jan/2026:15:12:04 +0700] "GET /shop/page/32/?max_price=520&stock_status=instock,onsale&per_row=4&shop_view=grid HTTP/1.1" 301 635 "https://view.lotushomemade.com/shop?max_price=520&stock_status=instock%2Consale&per_row=4&shop_view=grid" "Mozilla/5.0 (Linux; Android 7.0;) AppleWebKit/537.36 (KHTML, like Gecko) Mobile Safari/537.36 (compatible; PetalBot;+https://webmaster.petalsearch.com/site/petalbot)"
114.119.156.27 - - [14/Jan/2026:15:12:05 +0700] "GET /shop/page/32/?max_price=520&stock_status=instock,onsale&per_row=4&shop_view=grid HTTP/1.1" 301 635 "https://view.lotushomemade.com/shop?max_price=520&stock_status=instock%2Consale&per_row=4&shop_view=grid" "Mozilla/5.0 (Linux; Android 7.0;) AppleWebKit/537.36 (KHTML, like Gecko) Mobile Safari/537.36 (compatible; PetalBot;+https://webmaster.petalsearch.com/site/petalbot)"
114.119.156.27 - - [14/Jan/2026:15:12:05 +0700] "GET /shop/page/32/?max_price=520&stock_status=instock,onsale&per_row=4&shop_view=grid HTTP/1.1" 301 635 "https://view.lotushomemade.com/shop?max_price=520&stock_status=instock%2Consale&per_row=4&shop_view=grid" "Mozilla/5.0 (Linux; Android 7.0;) AppleWebKit/537.36 (KHTML, like Gecko) Mobile Safari/537.36 (compatible; PetalBot;+https://webmaster.petalsearch.com/site/petalbot)"
114.119.156.27 - - [14/Jan/2026:15:12:06 +0700] "GET /shop/page/32/?max_price=520&stock_status=instock,onsale&per_row=4&shop_view=grid HTTP/1.1" 301 635 "https://view.lotushomemade.com/shop?max_price=520&stock_status=instock%2Consale&per_row=4&shop_view=grid" "Mozilla/5.0 (Linux; Android 7.0;) AppleWebKit/537.36 (KHTML, like Gecko) Mobile Safari/537.36 (compatible; PetalBot;+https://webmaster.petalsearch.com/site/petalbot)"
57.141.16.54 - - [14/Jan/2026:15:12:04 +0700] "GET /shop/page/16/?stock_status=instock%2Consale&per_row=2&per_page=18&shop_view=grid HTTP/2" 200 260153 "-" "meta-externalagent/1.1 (+https://developers.facebook.com/docs/sharing/webmasters/crawler)"
114.119.156.27 - - [14/Jan/2026:15:12:06 +0700] "GET /shop/page/32/?max_price=520&stock_status=instock,onsale&per_row=4&shop_view=grid HTTP/1.1" 301 635 "https://view.lotushomemade.com/shop?max_price=520&stock_status=instock%2Consale&per_row=4&shop_view=grid" "Mozilla/5.0 (Linux; Android 7.0;) AppleWebKit/537.36 (KHTML, like Gecko) Mobile Safari/537.36 (compatible; PetalBot;+https://webmaster.petalsearch.com/site/petalbot)"
114.119.156.27 - - [14/Jan/2026:15:12:07 +0700] "GET /shop/page/32/?max_price=520&stock_status=instock,onsale&per_row=4&shop_view=grid HTTP/1.1" 301 635 "https://view.lotushomemade.com/shop?max_price=520&stock_status=instock%2Consale&per_row=4&shop_view=grid" "Mozilla/5.0 (Linux; Android 7.0;) AppleWebKit/537.36 (KHTML, like Gecko) Mobile Safari/537.36 (compatible; PetalBot;+https://webmaster.petalsearch.com/site/petalbot)"
114.119.156.27 - - [14/Jan/2026:15:12:07 +0700] "GET /shop/page/32/?max_price=520&stock_status=instock,onsale&per_row=4&shop_view=grid HTTP/1.1" 301 635 "https://view.lotushomemade.com/shop?max_price=520&stock_status=instock%2Consale&per_row=4&shop_view=grid" "Mozilla/5.0 (Linux; Android 7.0;) AppleWebKit/537.36 (KHTML, like Gecko) Mobile Safari/537.36 (compatible; PetalBot;+https://webmaster.petalsearch.com/site/petalbot)"
114.119.156.27 - - [14/Jan/2026:15:12:08 +0700] "GET /shop/page/32/?max_price=520&stock_status=instock,onsale&per_row=4&shop_view=grid HTTP/1.1" 301 635 "https://view.lotushomemade.com/shop?max_price=520&stock_status=instock%2Consale&per_row=4&shop_view=grid" "Mozilla/5.0 (Linux; Android 7.0;) AppleWebKit/537.36 (KHTML, like Gecko) Mobile Safari/537.36 (compatible; PetalBot;+https://webmaster.petalsearch.com/site/petalbot)"
103.131.51.123 - - [14/Jan/2026:15:13:30 +0700] "POST /wp-cron.php?doing_wp_cron=1768378410.9230780601501464843750 HTTP/1.1" 200 474 "-" "WordPress/6.9; https://view.lotushomemade.com"
114.119.142.208 - - [14/Jan/2026:15:13:27 +0700] "GET /shop/page/32/?max_price=1040&per_row=2&shop_view=grid&stock_status=onsale HTTP/1.1" 200 40033 "https://view.lotushomemade.com/shop?max_price=1040&per_row=2&shop_view=grid&stock_status=onsale" "Mozilla/5.0 (Linux; Android 7.0;) AppleWebKit/537.36 (KHTML, like Gecko) Mobile Safari/537.36 (compatible; PetalBot;+https://webmaster.petalsearch.com/site/petalbot)"
114.119.149.78 - - [14/Jan/2026:15:14:49 +0700] "GET /shop/page/31?orderby=price-desc&stock_status=instock,onsale HTTP/1.1" 301 527 "https://view.lotushomemade.com/shop?orderby=price-desc&stock_status=instock%2Consale" "Mozilla/5.0 (Linux; Android 7.0;) AppleWebKit/537.36 (KHTML, like Gecko) Mobile Safari/537.36 (compatible; PetalBot;+https://webmaster.petalsearch.com/site/petalbot)"
114.119.149.78 - - [14/Jan/2026:15:14:56 +0700] "GET /shop/page/31/?orderby=price-desc&stock_status=instock,onsale HTTP/1.1" 301 527 "https://view.lotushomemade.com/shop?orderby=price-desc&stock_status=instock%2Consale" "Mozilla/5.0 (Linux; Android 7.0;) AppleWebKit/537.36 (KHTML, like Gecko) Mobile Safari/537.36 (compatible; PetalBot;+https://webmaster.petalsearch.com/site/petalbot)"
114.119.149.78 - - [14/Jan/2026:15:14:57 +0700] "GET /shop/page/31/?orderby=price-desc&stock_status=instock,onsale HTTP/1.1" 301 527 "https://view.lotushomemade.com/shop?orderby=price-desc&stock_status=instock%2Consale" "Mozilla/5.0 (Linux; Android 7.0;) AppleWebKit/537.36 (KHTML, like Gecko) Mobile Safari/537.36 (compatible; PetalBot;+https://webmaster.petalsearch.com/site/petalbot)"
114.119.149.78 - - [14/Jan/2026:15:14:57 +0700] "GET /shop/page/31/?orderby=price-desc&stock_status=instock,onsale HTTP/1.1" 301 527 "https://view.lotushomemade.com/shop?orderby=price-desc&stock_status=instock%2Consale" "Mozilla/5.0 (Linux; Android 7.0;) AppleWebKit/537.36 (KHTML, like Gecko) Mobile Safari/537.36 (compatible; PetalBot;+https://webmaster.petalsearch.com/site/petalbot)"
114.119.149.78 - - [14/Jan/2026:15:14:58 +0700] "GET /shop/page/31/?orderby=price-desc&stock_status=instock,onsale HTTP/1.1" 301 527 "https://view.lotushomemade.com/shop?orderby=price-desc&stock_status=instock%2Consale" "Mozilla/5.0 (Linux; Android 7.0;) AppleWebKit/537.36 (KHTML, like Gecko) Mobile Safari/537.36 (compatible; PetalBot;+https://webmaster.petalsearch.com/site/petalbot)"
114.119.149.78 - - [14/Jan/2026:15:14:58 +0700] "GET /shop/page/31/?orderby=price-desc&stock_status=instock,onsale HTTP/1.1" 301 527 "https://view.lotushomemade.com/shop?orderby=price-desc&stock_status=instock%2Consale" "Mozilla/5.0 (Linux; Android 7.0;) AppleWebKit/537.36 (KHTML, like Gecko) Mobile Safari/537.36 (compatible; PetalBot;+https://webmaster.petalsearch.com/site/petalbot)"
114.119.149.78 - - [14/Jan/2026:15:14:59 +0700] "GET /shop/page/31/?orderby=price-desc&stock_status=instock,onsale HTTP/1.1" 301 527 "https://view.lotushomemade.com/shop?orderby=price-desc&stock_status=instock%2Consale" "Mozilla/5.0 (Linux; Android 7.0;) AppleWebKit/537.36 (KHTML, like Gecko) Mobile Safari/537.36 (compatible; PetalBot;+https://webmaster.petalsearch.com/site/petalbot)"
114.119.149.78 - - [14/Jan/2026:15:14:59 +0700] "GET /shop/page/31/?orderby=price-desc&stock_status=instock,onsale HTTP/1.1" 301 527 "https://view.lotushomemade.com/shop?orderby=price-desc&stock_status=instock%2Consale" "Mozilla/5.0 (Linux; Android 7.0;) AppleWebKit/537.36 (KHTML, like Gecko) Mobile Safari/537.36 (compatible; PetalBot;+https://webmaster.petalsearch.com/site/petalbot)"
