103.131.51.123 - - [14/Jan/2026:17:37:09 +0700] "POST /wp-cron.php?doing_wp_cron=1768387029.1383509635925292968750 HTTP/1.1" 200 474 "-" "WordPress/6.9; https://view.lotushomemade.com"
114.119.148.197 - - [14/Jan/2026:17:37:05 +0700] "GET /shop/page/21/?orderby=price&per_row=6&shop_view=grid&per_page=18 HTTP/1.1" 200 40951 "https://view.lotushomemade.com/shop/page/19/?orderby=price&per_row=6&shop_view=grid&per_page=18" "Mozilla/5.0 (Linux; Android 7.0;) AppleWebKit/537.36 (KHTML, like Gecko) Mobile Safari/537.36 (compatible; PetalBot;+https://webmaster.petalsearch.com/site/petalbot)"
114.119.150.215 - - [14/Jan/2026:17:38:26 +0700] "GET /shop/page/21/?orderby=price&per_page=18&stock_status=instock,onsale HTTP/1.1" 301 580 "https://view.lotushomemade.com/shop?orderby=price&per_page=18&stock_status=instock%2Consale" "Mozilla/5.0 (Linux; Android 7.0;) AppleWebKit/537.36 (KHTML, like Gecko) Mobile Safari/537.36 (compatible; PetalBot;+https://webmaster.petalsearch.com/site/petalbot)"
114.119.150.215 - - [14/Jan/2026:17:38:31 +0700] "GET /shop/page/21/?orderby=price&per_page=18&stock_status=instock,onsale HTTP/1.1" 301 580 "https://view.lotushomemade.com/shop?orderby=price&per_page=18&stock_status=instock%2Consale" "Mozilla/5.0 (Linux; Android 7.0;) AppleWebKit/537.36 (KHTML, like Gecko) Mobile Safari/537.36 (compatible; PetalBot;+https://webmaster.petalsearch.com/site/petalbot)"
114.119.150.215 - - [14/Jan/2026:17:38:32 +0700] "GET /shop/page/21/?orderby=price&per_page=18&stock_status=instock,onsale HTTP/1.1" 301 580 "https://view.lotushomemade.com/shop?orderby=price&per_page=18&stock_status=instock%2Consale" "Mozilla/5.0 (Linux; Android 7.0;) AppleWebKit/537.36 (KHTML, like Gecko) Mobile Safari/537.36 (compatible; PetalBot;+https://webmaster.petalsearch.com/site/petalbot)"
114.119.150.215 - - [14/Jan/2026:17:38:32 +0700] "GET /shop/page/21/?orderby=price&per_page=18&stock_status=instock,onsale HTTP/1.1" 301 580 "https://view.lotushomemade.com/shop?orderby=price&per_page=18&stock_status=instock%2Consale" "Mozilla/5.0 (Linux; Android 7.0;) AppleWebKit/537.36 (KHTML, like Gecko) Mobile Safari/537.36 (compatible; PetalBot;+https://webmaster.petalsearch.com/site/petalbot)"
114.119.150.215 - - [14/Jan/2026:17:38:33 +0700] "GET /shop/page/21/?orderby=price&per_page=18&stock_status=instock,onsale HTTP/1.1" 301 580 "https://view.lotushomemade.com/shop?orderby=price&per_page=18&stock_status=instock%2Consale" "Mozilla/5.0 (Linux; Android 7.0;) AppleWebKit/537.36 (KHTML, like Gecko) Mobile Safari/537.36 (compatible; PetalBot;+https://webmaster.petalsearch.com/site/petalbot)"
114.119.150.215 - - [14/Jan/2026:17:38:33 +0700] "GET /shop/page/21/?orderby=price&per_page=18&stock_status=instock,onsale HTTP/1.1" 301 580 "https://view.lotushomemade.com/shop?orderby=price&per_page=18&stock_status=instock%2Consale" "Mozilla/5.0 (Linux; Android 7.0;) AppleWebKit/537.36 (KHTML, like Gecko) Mobile Safari/537.36 (compatible; PetalBot;+https://webmaster.petalsearch.com/site/petalbot)"
114.119.150.215 - - [14/Jan/2026:17:38:34 +0700] "GET /shop/page/21/?orderby=price&per_page=18&stock_status=instock,onsale HTTP/1.1" 301 580 "https://view.lotushomemade.com/shop?orderby=price&per_page=18&stock_status=instock%2Consale" "Mozilla/5.0 (Linux; Android 7.0;) AppleWebKit/537.36 (KHTML, like Gecko) Mobile Safari/537.36 (compatible; PetalBot;+https://webmaster.petalsearch.com/site/petalbot)"
114.119.150.215 - - [14/Jan/2026:17:38:34 +0700] "GET /shop/page/21/?orderby=price&per_page=18&stock_status=instock,onsale HTTP/1.1" 301 580 "https://view.lotushomemade.com/shop?orderby=price&per_page=18&stock_status=instock%2Consale" "Mozilla/5.0 (Linux; Android 7.0;) AppleWebKit/537.36 (KHTML, like Gecko) Mobile Safari/537.36 (compatible; PetalBot;+https://webmaster.petalsearch.com/site/petalbot)"
114.119.150.215 - - [14/Jan/2026:17:38:35 +0700] "GET /shop/page/21/?orderby=price&per_page=18&stock_status=instock,onsale HTTP/1.1" 301 580 "https://view.lotushomemade.com/shop?orderby=price&per_page=18&stock_status=instock%2Consale" "Mozilla/5.0 (Linux; Android 7.0;) AppleWebKit/537.36 (KHTML, like Gecko) Mobile Safari/537.36 (compatible; PetalBot;+https://webmaster.petalsearch.com/site/petalbot)"
114.119.150.215 - - [14/Jan/2026:17:38:35 +0700] "GET /shop/page/21/?orderby=price&per_page=18&stock_status=instock,onsale HTTP/1.1" 301 580 "https://view.lotushomemade.com/shop?orderby=price&per_page=18&stock_status=instock%2Consale" "Mozilla/5.0 (Linux; Android 7.0;) AppleWebKit/537.36 (KHTML, like Gecko) Mobile Safari/537.36 (compatible; PetalBot;+https://webmaster.petalsearch.com/site/petalbot)"
109.242.252.202 - - [14/Jan/2026:17:39:14 +0700] "GET /product/peanut-cake_8080-s/?add-to-cart=8247 HTTP/1.1" 200 38229 "-" "Mozilla/5.0 (Linux; Android 2.3.7) AppleWebKit/533.1 (KHTML, like Gecko) Chrome/43.0.860.0 Safari/533.1"
103.131.51.123 - - [14/Jan/2026:17:39:51 +0700] "POST /wp-cron.php?doing_wp_cron=1768387191.4899098873138427734375 HTTP/1.1" 200 474 "-" "WordPress/6.9; https://view.lotushomemade.com"
114.119.130.97 - - [14/Jan/2026:17:39:49 +0700] "GET /shop/page/21/?orderby=popularity&per_page=18&stock_status=onsale HTTP/1.1" 200 40666 "https://view.lotushomemade.com/shop/page/9/?orderby=popularity&per_page=18&stock_status=onsale" "Mozilla/5.0 (Linux; Android 7.0;) AppleWebKit/537.36 (KHTML, like Gecko) Mobile Safari/537.36 (compatible; PetalBot;+https://webmaster.petalsearch.com/site/petalbot)"
103.131.51.123 - - [14/Jan/2026:17:41:18 +0700] "POST /wp-cron.php?doing_wp_cron=1768387278.3075950145721435546875 HTTP/1.1" 200 474 "-" "WordPress/6.9; https://view.lotushomemade.com"
114.119.151.206 - - [14/Jan/2026:17:41:14 +0700] "GET /shop/page/21/?orderby=date&per_row=6&shop_view=grid&per_page=18 HTTP/1.1" 200 41517 "https://view.lotushomemade.com/shop/page/5/?orderby=date&per_row=6&shop_view=grid&per_page=18" "Mozilla/5.0 (Linux; Android 7.0;) AppleWebKit/537.36 (KHTML, like Gecko) Mobile Safari/537.36 (compatible; PetalBot;+https://webmaster.petalsearch.com/site/petalbot)"
103.131.51.123 - - [14/Jan/2026:17:42:41 +0700] "POST /wp-cron.php?doing_wp_cron=1768387361.1975839138031005859375 HTTP/1.1" 200 474 "-" "WordPress/6.9; https://view.lotushomemade.com"
114.119.150.215 - - [14/Jan/2026:17:42:37 +0700] "GET /shop/page/21/?min_price=0&max_price=260&per_page=18&stock_status=onsale HTTP/1.1" 200 41293 "https://view.lotushomemade.com/shop/page/19/?min_price=0&max_price=260&per_page=18&stock_status=onsale" "Mozilla/5.0 (Linux; Android 7.0;) AppleWebKit/537.36 (KHTML, like Gecko) Mobile Safari/537.36 (compatible; PetalBot;+https://webmaster.petalsearch.com/site/petalbot)"
103.131.51.123 - - [14/Jan/2026:17:44:05 +0700] "POST /wp-cron.php?doing_wp_cron=1768387445.8024709224700927734375 HTTP/1.1" 200 474 "-" "WordPress/6.9; https://view.lotushomemade.com"
114.119.156.27 - - [14/Jan/2026:17:44:01 +0700] "GET /shop/page/21/?max_price=780&stock_status=instock&per_row=2&shop_view=grid HTTP/1.1" 200 40613 "https://view.lotushomemade.com/shop/page/19/?max_price=780&stock_status=instock&per_row=2&shop_view=grid" "Mozilla/5.0 (Linux; Android 7.0;) AppleWebKit/537.36 (KHTML, like Gecko) Mobile Safari/537.36 (compatible; PetalBot;+https://webmaster.petalsearch.com/site/petalbot)"
114.119.151.206 - - [14/Jan/2026:17:45:24 +0700] "GET /shop/page/20?per_row=6&per_page=8&shop_view=grid&stock_status=onsale HTTP/1.1" 301 667 "https://view.lotushomemade.com/shop/page/17/?per_row=6&per_page=8&shop_view=grid&stock_status=onsale" "Mozilla/5.0 (Linux; Android 7.0;) AppleWebKit/537.36 (KHTML, like Gecko) Mobile Safari/537.36 (compatible; PetalBot;+https://webmaster.petalsearch.com/site/petalbot)"
114.119.151.206 - - [14/Jan/2026:17:45:32 +0700] "GET /shop/page/20/?per_row=6&per_page=8&shop_view=grid&stock_status=onsale HTTP/1.1" 200 39505 "https://view.lotushomemade.com/shop/page/17/?per_row=6&per_page=8&shop_view=grid&stock_status=onsale" "Mozilla/5.0 (Linux; Android 7.0;) AppleWebKit/537.36 (KHTML, like Gecko) Mobile Safari/537.36 (compatible; PetalBot;+https://webmaster.petalsearch.com/site/petalbot)"
114.119.145.110 - - [14/Jan/2026:17:46:48 +0700] "GET /shop/page/20?orderby=popularity&per_row=2&per_page=18&shop_view=grid HTTP/1.1" 301 668 "https://view.lotushomemade.com/shop/page/6?orderby=popularity&per_row=2&per_page=18&shop_view=grid" "Mozilla/5.0 (Linux; Android 7.0;) AppleWebKit/537.36 (KHTML, like Gecko) Mobile Safari/537.36 (compatible; PetalBot;+https://webmaster.petalsearch.com/site/petalbot)"
114.119.145.110 - - [14/Jan/2026:17:46:56 +0700] "GET /shop/page/20/?orderby=popularity&per_row=2&per_page=18&shop_view=grid HTTP/1.1" 200 40191 "https://view.lotushomemade.com/shop/page/6?orderby=popularity&per_row=2&per_page=18&shop_view=grid" "Mozilla/5.0 (Linux; Android 7.0;) AppleWebKit/537.36 (KHTML, like Gecko) Mobile Safari/537.36 (compatible; PetalBot;+https://webmaster.petalsearch.com/site/petalbot)"
103.131.51.123 - - [14/Jan/2026:17:48:15 +0700] "POST /wp-cron.php?doing_wp_cron=1768387695.1190481185913085937500 HTTP/1.1" 200 474 "-" "WordPress/6.9; https://view.lotushomemade.com"
114.119.130.97 - - [14/Jan/2026:17:48:12 +0700] "GET /shop/page/20?orderby=date&per_page=12&stock_status=onsale HTTP/1.1" 301 569 "https://view.lotushomemade.com/shop/page/18/?orderby=date&per_page=12&stock_status=onsale" "Mozilla/5.0 (Linux; Android 7.0;) AppleWebKit/537.36 (KHTML, like Gecko) Mobile Safari/537.36 (compatible; PetalBot;+https://webmaster.petalsearch.com/site/petalbot)"
114.119.130.97 - - [14/Jan/2026:17:48:16 +0700] "GET /shop/page/20/?orderby=date&per_page=12&stock_status=onsale HTTP/1.1" 200 39482 "https://view.lotushomemade.com/shop/page/18/?orderby=date&per_page=12&stock_status=onsale" "Mozilla/5.0 (Linux; Android 7.0;) AppleWebKit/537.36 (KHTML, like Gecko) Mobile Safari/537.36 (compatible; PetalBot;+https://webmaster.petalsearch.com/site/petalbot)"
103.131.51.123 - - [14/Jan/2026:17:49:25 +0700] "POST /wp-cron.php?doing_wp_cron=1768387765.4171380996704101562500 HTTP/1.1" 200 474 "-" "WordPress/6.9; https://view.lotushomemade.com"
216.26.245.168 - - [14/Jan/2026:17:49:23 +0700] "GET /product/original-fish-skin_8118-l/ HTTP/1.1" 200 36480 "-" "Mozilla/5.0 (X11; Linux i686; rv:1.9.5.20) Gecko/7715-04-03 17:04:47.142212 Firefox/3.8"
103.131.51.123 - - [14/Jan/2026:17:49:36 +0700] "POST /wp-cron.php?doing_wp_cron=1768387776.3061480522155761718750 HTTP/1.1" 200 474 "-" "WordPress/6.9; https://view.lotushomemade.com"
114.119.148.197 - - [14/Jan/2026:17:49:35 +0700] "GET /shop/page/20?max_price=1050&stock_status=instock&shop_view=grid&per_row=2 HTTP/1.1" 301 627 "https://view.lotushomemade.com/shop/page/17/?max_price=1050&stock_status=instock&shop_view=grid&per_row=2" "Mozilla/5.0 (Linux; Android 7.0;) AppleWebKit/537.36 (KHTML, like Gecko) Mobile Safari/537.36 (compatible; PetalBot;+https://webmaster.petalsearch.com/site/petalbot)"
114.119.148.197 - - [14/Jan/2026:17:49:36 +0700] "GET /shop/page/20/?max_price=1050&stock_status=instock&shop_view=grid&per_row=2 HTTP/1.1" 200 40392 "https://view.lotushomemade.com/shop/page/17/?max_price=1050&stock_status=instock&shop_view=grid&per_row=2" "Mozilla/5.0 (Linux; Android 7.0;) AppleWebKit/537.36 (KHTML, like Gecko) Mobile Safari/537.36 (compatible; PetalBot;+https://webmaster.petalsearch.com/site/petalbot)"
114.119.149.78 - - [14/Jan/2026:17:50:58 +0700] "GET /shop/page/20/?shop_view=grid&per_row=2 HTTP/1.1" 200 40098 "https://view.lotushomemade.com/shop/page/19?shop_view=grid&per_row=2" "Mozilla/5.0 (Linux; Android 7.0;) AppleWebKit/537.36 (KHTML, like Gecko) Mobile Safari/537.36 (compatible; PetalBot;+https://webmaster.petalsearch.com/site/petalbot)"
52.167.144.21 - - [14/Jan/2026:17:52:03 +0700] "GET /wp-content/uploads/2023/11/2058-150x150.png HTTP/2" 200 36301 "-" "Mozilla/5.0 AppleWebKit/537.36 (KHTML, like Gecko; compatible; bingbot/2.0; +http://www.bing.com/bingbot.htm) Chrome/116.0.1938.76 Safari/537.36"
103.131.51.123 - - [14/Jan/2026:17:52:25 +0700] "POST /wp-cron.php?doing_wp_cron=1768387945.0794351100921630859375 HTTP/1.1" 200 474 "-" "WordPress/6.9; https://view.lotushomemade.com"
114.119.148.197 - - [14/Jan/2026:17:52:22 +0700] "GET /shop/page/20/?orderby=price&per_page=18&stock_status=instock,onsale HTTP/1.1" 301 580 "https://view.lotushomemade.com/shop?orderby=price&per_page=18&stock_status=instock%2Consale" "Mozilla/5.0 (Linux; Android 7.0;) AppleWebKit/537.36 (KHTML, like Gecko) Mobile Safari/537.36 (compatible; PetalBot;+https://webmaster.petalsearch.com/site/petalbot)"
114.119.148.197 - - [14/Jan/2026:17:52:27 +0700] "GET /shop/page/20/?orderby=price&per_page=18&stock_status=instock,onsale HTTP/1.1" 301 580 "https://view.lotushomemade.com/shop?orderby=price&per_page=18&stock_status=instock%2Consale" "Mozilla/5.0 (Linux; Android 7.0;) AppleWebKit/537.36 (KHTML, like Gecko) Mobile Safari/537.36 (compatible; PetalBot;+https://webmaster.petalsearch.com/site/petalbot)"
114.119.148.197 - - [14/Jan/2026:17:52:28 +0700] "GET /shop/page/20/?orderby=price&per_page=18&stock_status=instock,onsale HTTP/1.1" 301 580 "https://view.lotushomemade.com/shop?orderby=price&per_page=18&stock_status=instock%2Consale" "Mozilla/5.0 (Linux; Android 7.0;) AppleWebKit/537.36 (KHTML, like Gecko) Mobile Safari/537.36 (compatible; PetalBot;+https://webmaster.petalsearch.com/site/petalbot)"
114.119.148.197 - - [14/Jan/2026:17:52:29 +0700] "GET /shop/page/20/?orderby=price&per_page=18&stock_status=instock,onsale HTTP/1.1" 301 580 "https://view.lotushomemade.com/shop?orderby=price&per_page=18&stock_status=instock%2Consale" "Mozilla/5.0 (Linux; Android 7.0;) AppleWebKit/537.36 (KHTML, like Gecko) Mobile Safari/537.36 (compatible; PetalBot;+https://webmaster.petalsearch.com/site/petalbot)"
114.119.148.197 - - [14/Jan/2026:17:52:30 +0700] "GET /shop/page/20/?orderby=price&per_page=18&stock_status=instock,onsale HTTP/1.1" 301 580 "https://view.lotushomemade.com/shop?orderby=price&per_page=18&stock_status=instock%2Consale" "Mozilla/5.0 (Linux; Android 7.0;) AppleWebKit/537.36 (KHTML, like Gecko) Mobile Safari/537.36 (compatible; PetalBot;+https://webmaster.petalsearch.com/site/petalbot)"
114.119.148.197 - - [14/Jan/2026:17:52:30 +0700] "GET /shop/page/20/?orderby=price&per_page=18&stock_status=instock,onsale HTTP/1.1" 301 580 "https://view.lotushomemade.com/shop?orderby=price&per_page=18&stock_status=instock%2Consale" "Mozilla/5.0 (Linux; Android 7.0;) AppleWebKit/537.36 (KHTML, like Gecko) Mobile Safari/537.36 (compatible; PetalBot;+https://webmaster.petalsearch.com/site/petalbot)"
114.119.148.197 - - [14/Jan/2026:17:52:31 +0700] "GET /shop/page/20/?orderby=price&per_page=18&stock_status=instock,onsale HTTP/1.1" 301 580 "https://view.lotushomemade.com/shop?orderby=price&per_page=18&stock_status=instock%2Consale" "Mozilla/5.0 (Linux; Android 7.0;) AppleWebKit/537.36 (KHTML, like Gecko) Mobile Safari/537.36 (compatible; PetalBot;+https://webmaster.petalsearch.com/site/petalbot)"
114.119.148.197 - - [14/Jan/2026:17:52:31 +0700] "GET /shop/page/20/?orderby=price&per_page=18&stock_status=instock,onsale HTTP/1.1" 301 580 "https://view.lotushomemade.com/shop?orderby=price&per_page=18&stock_status=instock%2Consale" "Mozilla/5.0 (Linux; Android 7.0;) AppleWebKit/537.36 (KHTML, like Gecko) Mobile Safari/537.36 (compatible; PetalBot;+https://webmaster.petalsearch.com/site/petalbot)"
114.119.148.197 - - [14/Jan/2026:17:52:32 +0700] "GET /shop/page/20/?orderby=price&per_page=18&stock_status=instock,onsale HTTP/1.1" 301 580 "https://view.lotushomemade.com/shop?orderby=price&per_page=18&stock_status=instock%2Consale" "Mozilla/5.0 (Linux; Android 7.0;) AppleWebKit/537.36 (KHTML, like Gecko) Mobile Safari/537.36 (compatible; PetalBot;+https://webmaster.petalsearch.com/site/petalbot)"
114.119.148.197 - - [14/Jan/2026:17:52:32 +0700] "GET /shop/page/20/?orderby=price&per_page=18&stock_status=instock,onsale HTTP/1.1" 301 580 "https://view.lotushomemade.com/shop?orderby=price&per_page=18&stock_status=instock%2Consale" "Mozilla/5.0 (Linux; Android 7.0;) AppleWebKit/537.36 (KHTML, like Gecko) Mobile Safari/537.36 (compatible; PetalBot;+https://webmaster.petalsearch.com/site/petalbot)"
103.131.51.123 - - [14/Jan/2026:17:53:49 +0700] "POST /wp-cron.php?doing_wp_cron=1768388029.0764019489288330078125 HTTP/1.1" 200 474 "-" "WordPress/6.9; https://view.lotushomemade.com"
114.119.149.78 - - [14/Jan/2026:17:53:46 +0700] "GET /shop/page/20/?orderby=popularity&per_row=2&per_page=18&shop_view=grid HTTP/1.1" 200 40189 "https://view.lotushomemade.com/shop/page/5?orderby=popularity&per_row=2&per_page=18&shop_view=grid" "Mozilla/5.0 (Linux; Android 7.0;) AppleWebKit/537.36 (KHTML, like Gecko) Mobile Safari/537.36 (compatible; PetalBot;+https://webmaster.petalsearch.com/site/petalbot)"
114.119.156.27 - - [14/Jan/2026:17:55:09 +0700] "GET /shop/page/20/?orderby=popularity&per_page=12&stock_status=onsale HTTP/1.1" 200 39599 "https://view.lotushomemade.com/shop/page/21/?orderby=popularity&per_page=12&stock_status=onsale" "Mozilla/5.0 (Linux; Android 7.0;) AppleWebKit/537.36 (KHTML, like Gecko) Mobile Safari/537.36 (compatible; PetalBot;+https://webmaster.petalsearch.com/site/petalbot)"
103.131.51.123 - - [14/Jan/2026:17:56:34 +0700] "POST /wp-cron.php?doing_wp_cron=1768388194.1702139377593994140625 HTTP/1.1" 200 474 "-" "WordPress/6.9; https://view.lotushomemade.com"
114.119.156.27 - - [14/Jan/2026:17:56:33 +0700] "GET /shop/page/20/?orderby=date&stock_status=instock,onsale&per_page=18 HTTP/1.1" 301 579 "https://view.lotushomemade.com/shop?orderby=date&stock_status=instock%2Consale&per_page=18" "Mozilla/5.0 (Linux; Android 7.0;) AppleWebKit/537.36 (KHTML, like Gecko) Mobile Safari/537.36 (compatible; PetalBot;+https://webmaster.petalsearch.com/site/petalbot)"
114.119.156.27 - - [14/Jan/2026:17:56:34 +0700] "GET /shop/page/20/?orderby=date&stock_status=instock,onsale&per_page=18 HTTP/1.1" 301 579 "https://view.lotushomemade.com/shop?orderby=date&stock_status=instock%2Consale&per_page=18" "Mozilla/5.0 (Linux; Android 7.0;) AppleWebKit/537.36 (KHTML, like Gecko) Mobile Safari/537.36 (compatible; PetalBot;+https://webmaster.petalsearch.com/site/petalbot)"
114.119.156.27 - - [14/Jan/2026:17:56:35 +0700] "GET /shop/page/20/?orderby=date&stock_status=instock,onsale&per_page=18 HTTP/1.1" 301 579 "https://view.lotushomemade.com/shop?orderby=date&stock_status=instock%2Consale&per_page=18" "Mozilla/5.0 (Linux; Android 7.0;) AppleWebKit/537.36 (KHTML, like Gecko) Mobile Safari/537.36 (compatible; PetalBot;+https://webmaster.petalsearch.com/site/petalbot)"
114.119.156.27 - - [14/Jan/2026:17:56:36 +0700] "GET /shop/page/20/?orderby=date&stock_status=instock,onsale&per_page=18 HTTP/1.1" 301 579 "https://view.lotushomemade.com/shop?orderby=date&stock_status=instock%2Consale&per_page=18" "Mozilla/5.0 (Linux; Android 7.0;) AppleWebKit/537.36 (KHTML, like Gecko) Mobile Safari/537.36 (compatible; PetalBot;+https://webmaster.petalsearch.com/site/petalbot)"
114.119.156.27 - - [14/Jan/2026:17:56:36 +0700] "GET /shop/page/20/?orderby=date&stock_status=instock,onsale&per_page=18 HTTP/1.1" 301 579 "https://view.lotushomemade.com/shop?orderby=date&stock_status=instock%2Consale&per_page=18" "Mozilla/5.0 (Linux; Android 7.0;) AppleWebKit/537.36 (KHTML, like Gecko) Mobile Safari/537.36 (compatible; PetalBot;+https://webmaster.petalsearch.com/site/petalbot)"
114.119.156.27 - - [14/Jan/2026:17:56:37 +0700] "GET /shop/page/20/?orderby=date&stock_status=instock,onsale&per_page=18 HTTP/1.1" 301 579 "https://view.lotushomemade.com/shop?orderby=date&stock_status=instock%2Consale&per_page=18" "Mozilla/5.0 (Linux; Android 7.0;) AppleWebKit/537.36 (KHTML, like Gecko) Mobile Safari/537.36 (compatible; PetalBot;+https://webmaster.petalsearch.com/site/petalbot)"
114.119.156.27 - - [14/Jan/2026:17:56:37 +0700] "GET /shop/page/20/?orderby=date&stock_status=instock,onsale&per_page=18 HTTP/1.1" 301 579 "https://view.lotushomemade.com/shop?orderby=date&stock_status=instock%2Consale&per_page=18" "Mozilla/5.0 (Linux; Android 7.0;) AppleWebKit/537.36 (KHTML, like Gecko) Mobile Safari/537.36 (compatible; PetalBot;+https://webmaster.petalsearch.com/site/petalbot)"
114.119.156.27 - - [14/Jan/2026:17:56:38 +0700] "GET /shop/page/20/?orderby=date&stock_status=instock,onsale&per_page=18 HTTP/1.1" 301 579 "https://view.lotushomemade.com/shop?orderby=date&stock_status=instock%2Consale&per_page=18" "Mozilla/5.0 (Linux; Android 7.0;) AppleWebKit/537.36 (KHTML, like Gecko) Mobile Safari/537.36 (compatible; PetalBot;+https://webmaster.petalsearch.com/site/petalbot)"
114.119.156.27 - - [14/Jan/2026:17:56:38 +0700] "GET /shop/page/20/?orderby=date&stock_status=instock,onsale&per_page=18 HTTP/1.1" 301 579 "https://view.lotushomemade.com/shop?orderby=date&stock_status=instock%2Consale&per_page=18" "Mozilla/5.0 (Linux; Android 7.0;) AppleWebKit/537.36 (KHTML, like Gecko) Mobile Safari/537.36 (compatible; PetalBot;+https://webmaster.petalsearch.com/site/petalbot)"
114.119.156.27 - - [14/Jan/2026:17:56:39 +0700] "GET /shop/page/20/?orderby=date&stock_status=instock,onsale&per_page=18 HTTP/1.1" 301 579 "https://view.lotushomemade.com/shop?orderby=date&stock_status=instock%2Consale&per_page=18" "Mozilla/5.0 (Linux; Android 7.0;) AppleWebKit/537.36 (KHTML, like Gecko) Mobile Safari/537.36 (compatible; PetalBot;+https://webmaster.petalsearch.com/site/petalbot)"
103.131.51.123 - - [14/Jan/2026:17:58:04 +0700] "POST /wp-cron.php?doing_wp_cron=1768388283.9640390872955322265625 HTTP/1.1" 200 474 "-" "WordPress/6.9; https://view.lotushomemade.com"
114.119.130.97 - - [14/Jan/2026:17:58:00 +0700] "GET /shop/page/20/?orderby=date&per_row=6&shop_view=grid HTTP/1.1" 200 39505 "https://view.lotushomemade.com/shop/page/18?orderby=date&per_row=6&shop_view=grid" "Mozilla/5.0 (Linux; Android 7.0;) AppleWebKit/537.36 (KHTML, like Gecko) Mobile Safari/537.36 (compatible; PetalBot;+https://webmaster.petalsearch.com/site/petalbot)"
103.131.51.123 - - [14/Jan/2026:17:59:24 +0700] "POST /wp-cron.php?doing_wp_cron=1768388364.8318231105804443359375 HTTP/1.1" 200 474 "-" "WordPress/6.9; https://view.lotushomemade.com"
114.119.142.208 - - [14/Jan/2026:17:59:21 +0700] "GET /shop/page/20/?orderby=date&per_page=8&stock_status=instock HTTP/1.1" 200 39246 "https://view.lotushomemade.com/shop/page/20/?orderby=date&per_page=8&stock_status=instock" "Mozilla/5.0 (Linux; Android 7.0;) AppleWebKit/537.36 (KHTML, like Gecko) Mobile Safari/537.36 (compatible; PetalBot;+https://webmaster.petalsearch.com/site/petalbot)"
103.131.51.123 - - [14/Jan/2026:17:59:49 +0700] "POST /wp-cron.php?doing_wp_cron=1768388389.1583878993988037109375 HTTP/1.1" 200 474 "-" "WordPress/6.9; https://view.lotushomemade.com"
206.171.66.101 - - [14/Jan/2026:17:59:47 +0700] "GET /product/golden-almond-mocha-cookies-sg/ HTTP/1.1" 200 36688 "-" "Mozilla/5.0 (compatible; MSIE 5.0; Windows NT 6.2; Trident/5.0)"
103.131.51.123 - - [14/Jan/2026:18:00:46 +0700] "POST /wp-cron.php?doing_wp_cron=1768388446.1122059822082519531250 HTTP/1.1" 200 474 "-" "WordPress/6.9; https://view.lotushomemade.com"
114.119.148.197 - - [14/Jan/2026:18:00:44 +0700] "GET /shop/page/20/?min_price=0&per_row=4&per_page=12&shop_view=grid HTTP/1.1" 200 40242 "https://view.lotushomemade.com/shop/page/19/?min_price=0&per_row=4&per_page=12&shop_view=grid" "Mozilla/5.0 (Linux; Android 7.0;) AppleWebKit/537.36 (KHTML, like Gecko) Mobile Safari/537.36 (compatible; PetalBot;+https://webmaster.petalsearch.com/site/petalbot)"
103.131.51.123 - - [14/Jan/2026:18:02:11 +0700] "POST /wp-cron.php?doing_wp_cron=1768388531.7499399185180664062500 HTTP/1.1" 200 474 "-" "WordPress/6.9; https://view.lotushomemade.com"
114.119.142.208 - - [14/Jan/2026:18:02:07 +0700] "GET /shop/page/20/?max_price=1050&per_row=2&per_page=18&shop_view=grid HTTP/1.1" 200 41404 "https://view.lotushomemade.com/shop/page/18/?max_price=1050&per_row=2&per_page=18&shop_view=grid" "Mozilla/5.0 (Linux; Android 7.0;) AppleWebKit/537.36 (KHTML, like Gecko) Mobile Safari/537.36 (compatible; PetalBot;+https://webmaster.petalsearch.com/site/petalbot)"
103.131.51.123 - - [14/Jan/2026:18:03:36 +0700] "POST /wp-cron.php?doing_wp_cron=1768388616.2908020019531250000000 HTTP/1.1" 200 474 "-" "WordPress/6.9; https://view.lotushomemade.com"
114.119.149.78 - - [14/Jan/2026:18:03:33 +0700] "GET /shop/page/2/?stock_status=instock,onsale&per_page=12&shop_view=grid&per_row=6 HTTP/1.1" 301 678 "https://view.lotushomemade.com/shop?stock_status=instock%2Consale&per_page=12&shop_view=grid&per_row=6" "Mozilla/5.0 (Linux; Android 7.0;) AppleWebKit/537.36 (KHTML, like Gecko) Mobile Safari/537.36 (compatible; PetalBot;+https://webmaster.petalsearch.com/site/petalbot)"
114.119.149.78 - - [14/Jan/2026:18:03:36 +0700] "GET /shop/page/2/?stock_status=instock,onsale&per_page=12&shop_view=grid&per_row=6 HTTP/1.1" 301 678 "https://view.lotushomemade.com/shop?stock_status=instock%2Consale&per_page=12&shop_view=grid&per_row=6" "Mozilla/5.0 (Linux; Android 7.0;) AppleWebKit/537.36 (KHTML, like Gecko) Mobile Safari/537.36 (compatible; PetalBot;+https://webmaster.petalsearch.com/site/petalbot)"
114.119.149.78 - - [14/Jan/2026:18:03:36 +0700] "GET /shop/page/2/?stock_status=instock,onsale&per_page=12&shop_view=grid&per_row=6 HTTP/1.1" 301 678 "https://view.lotushomemade.com/shop?stock_status=instock%2Consale&per_page=12&shop_view=grid&per_row=6" "Mozilla/5.0 (Linux; Android 7.0;) AppleWebKit/537.36 (KHTML, like Gecko) Mobile Safari/537.36 (compatible; PetalBot;+https://webmaster.petalsearch.com/site/petalbot)"
114.119.149.78 - - [14/Jan/2026:18:03:37 +0700] "GET /shop/page/2/?stock_status=instock,onsale&per_page=12&shop_view=grid&per_row=6 HTTP/1.1" 301 678 "https://view.lotushomemade.com/shop?stock_status=instock%2Consale&per_page=12&shop_view=grid&per_row=6" "Mozilla/5.0 (Linux; Android 7.0;) AppleWebKit/537.36 (KHTML, like Gecko) Mobile Safari/537.36 (compatible; PetalBot;+https://webmaster.petalsearch.com/site/petalbot)"
114.119.149.78 - - [14/Jan/2026:18:03:37 +0700] "GET /shop/page/2/?stock_status=instock,onsale&per_page=12&shop_view=grid&per_row=6 HTTP/1.1" 301 678 "https://view.lotushomemade.com/shop?stock_status=instock%2Consale&per_page=12&shop_view=grid&per_row=6" "Mozilla/5.0 (Linux; Android 7.0;) AppleWebKit/537.36 (KHTML, like Gecko) Mobile Safari/537.36 (compatible; PetalBot;+https://webmaster.petalsearch.com/site/petalbot)"
114.119.149.78 - - [14/Jan/2026:18:03:38 +0700] "GET /shop/page/2/?stock_status=instock,onsale&per_page=12&shop_view=grid&per_row=6 HTTP/1.1" 301 678 "https://view.lotushomemade.com/shop?stock_status=instock%2Consale&per_page=12&shop_view=grid&per_row=6" "Mozilla/5.0 (Linux; Android 7.0;) AppleWebKit/537.36 (KHTML, like Gecko) Mobile Safari/537.36 (compatible; PetalBot;+https://webmaster.petalsearch.com/site/petalbot)"
114.119.149.78 - - [14/Jan/2026:18:03:38 +0700] "GET /shop/page/2/?stock_status=instock,onsale&per_page=12&shop_view=grid&per_row=6 HTTP/1.1" 301 678 "https://view.lotushomemade.com/shop?stock_status=instock%2Consale&per_page=12&shop_view=grid&per_row=6" "Mozilla/5.0 (Linux; Android 7.0;) AppleWebKit/537.36 (KHTML, like Gecko) Mobile Safari/537.36 (compatible; PetalBot;+https://webmaster.petalsearch.com/site/petalbot)"
114.119.149.78 - - [14/Jan/2026:18:03:39 +0700] "GET /shop/page/2/?stock_status=instock,onsale&per_page=12&shop_view=grid&per_row=6 HTTP/1.1" 301 678 "https://view.lotushomemade.com/shop?stock_status=instock%2Consale&per_page=12&shop_view=grid&per_row=6" "Mozilla/5.0 (Linux; Android 7.0;) AppleWebKit/537.36 (KHTML, like Gecko) Mobile Safari/537.36 (compatible; PetalBot;+https://webmaster.petalsearch.com/site/petalbot)"
114.119.149.78 - - [14/Jan/2026:18:03:39 +0700] "GET /shop/page/2/?stock_status=instock,onsale&per_page=12&shop_view=grid&per_row=6 HTTP/1.1" 301 678 "https://view.lotushomemade.com/shop?stock_status=instock%2Consale&per_page=12&shop_view=grid&per_row=6" "Mozilla/5.0 (Linux; Android 7.0;) AppleWebKit/537.36 (KHTML, like Gecko) Mobile Safari/537.36 (compatible; PetalBot;+https://webmaster.petalsearch.com/site/petalbot)"
114.119.149.78 - - [14/Jan/2026:18:03:40 +0700] "GET /shop/page/2/?stock_status=instock,onsale&per_page=12&shop_view=grid&per_row=6 HTTP/1.1" 301 678 "https://view.lotushomemade.com/shop?stock_status=instock%2Consale&per_page=12&shop_view=grid&per_row=6" "Mozilla/5.0 (Linux; Android 7.0;) AppleWebKit/537.36 (KHTML, like Gecko) Mobile Safari/537.36 (compatible; PetalBot;+https://webmaster.petalsearch.com/site/petalbot)"
114.119.149.78 - - [14/Jan/2026:18:04:55 +0700] "GET /shop/page/2/?per_row=2&per_page=24&shop_view=grid&stock_status=instock HTTP/1.1" 200 42741 "https://view.lotushomemade.com/shop?per_row=2&per_page=24&shop_view=grid&stock_status=instock" "Mozilla/5.0 (Linux; Android 7.0;) AppleWebKit/537.36 (KHTML, like Gecko) Mobile Safari/537.36 (compatible; PetalBot;+https://webmaster.petalsearch.com/site/petalbot)"
103.131.51.123 - - [14/Jan/2026:18:06:19 +0700] "POST /wp-cron.php?doing_wp_cron=1768388779.4202620983123779296875 HTTP/1.1" 200 474 "-" "WordPress/6.9; https://view.lotushomemade.com"
114.119.151.206 - - [14/Jan/2026:18:06:18 +0700] "GET /shop/page/2/?orderby=rating&per_page=12&stock_status=instock,onsale HTTP/1.1" 301 580 "https://view.lotushomemade.com/shop?orderby=rating&per_page=12&stock_status=instock%2Consale" "Mozilla/5.0 (Linux; Android 7.0;) AppleWebKit/537.36 (KHTML, like Gecko) Mobile Safari/537.36 (compatible; PetalBot;+https://webmaster.petalsearch.com/site/petalbot)"
114.119.151.206 - - [14/Jan/2026:18:06:19 +0700] "GET /shop/page/2/?orderby=rating&per_page=12&stock_status=instock,onsale HTTP/1.1" 301 580 "https://view.lotushomemade.com/shop?orderby=rating&per_page=12&stock_status=instock%2Consale" "Mozilla/5.0 (Linux; Android 7.0;) AppleWebKit/537.36 (KHTML, like Gecko) Mobile Safari/537.36 (compatible; PetalBot;+https://webmaster.petalsearch.com/site/petalbot)"
114.119.151.206 - - [14/Jan/2026:18:06:20 +0700] "GET /shop/page/2/?orderby=rating&per_page=12&stock_status=instock,onsale HTTP/1.1" 301 580 "https://view.lotushomemade.com/shop?orderby=rating&per_page=12&stock_status=instock%2Consale" "Mozilla/5.0 (Linux; Android 7.0;) AppleWebKit/537.36 (KHTML, like Gecko) Mobile Safari/537.36 (compatible; PetalBot;+https://webmaster.petalsearch.com/site/petalbot)"
114.119.151.206 - - [14/Jan/2026:18:06:20 +0700] "GET /shop/page/2/?orderby=rating&per_page=12&stock_status=instock,onsale HTTP/1.1" 301 580 "https://view.lotushomemade.com/shop?orderby=rating&per_page=12&stock_status=instock%2Consale" "Mozilla/5.0 (Linux; Android 7.0;) AppleWebKit/537.36 (KHTML, like Gecko) Mobile Safari/537.36 (compatible; PetalBot;+https://webmaster.petalsearch.com/site/petalbot)"
114.119.151.206 - - [14/Jan/2026:18:06:21 +0700] "GET /shop/page/2/?orderby=rating&per_page=12&stock_status=instock,onsale HTTP/1.1" 301 580 "https://view.lotushomemade.com/shop?orderby=rating&per_page=12&stock_status=instock%2Consale" "Mozilla/5.0 (Linux; Android 7.0;) AppleWebKit/537.36 (KHTML, like Gecko) Mobile Safari/537.36 (compatible; PetalBot;+https://webmaster.petalsearch.com/site/petalbot)"
114.119.151.206 - - [14/Jan/2026:18:06:21 +0700] "GET /shop/page/2/?orderby=rating&per_page=12&stock_status=instock,onsale HTTP/1.1" 301 580 "https://view.lotushomemade.com/shop?orderby=rating&per_page=12&stock_status=instock%2Consale" "Mozilla/5.0 (Linux; Android 7.0;) AppleWebKit/537.36 (KHTML, like Gecko) Mobile Safari/537.36 (compatible; PetalBot;+https://webmaster.petalsearch.com/site/petalbot)"
114.119.151.206 - - [14/Jan/2026:18:06:21 +0700] "GET /shop/page/2/?orderby=rating&per_page=12&stock_status=instock,onsale HTTP/1.1" 301 580 "https://view.lotushomemade.com/shop?orderby=rating&per_page=12&stock_status=instock%2Consale" "Mozilla/5.0 (Linux; Android 7.0;) AppleWebKit/537.36 (KHTML, like Gecko) Mobile Safari/537.36 (compatible; PetalBot;+https://webmaster.petalsearch.com/site/petalbot)"
114.119.151.206 - - [14/Jan/2026:18:06:22 +0700] "GET /shop/page/2/?orderby=rating&per_page=12&stock_status=instock,onsale HTTP/1.1" 301 580 "https://view.lotushomemade.com/shop?orderby=rating&per_page=12&stock_status=instock%2Consale" "Mozilla/5.0 (Linux; Android 7.0;) AppleWebKit/537.36 (KHTML, like Gecko) Mobile Safari/537.36 (compatible; PetalBot;+https://webmaster.petalsearch.com/site/petalbot)"
114.119.151.206 - - [14/Jan/2026:18:06:22 +0700] "GET /shop/page/2/?orderby=rating&per_page=12&stock_status=instock,onsale HTTP/1.1" 301 580 "https://view.lotushomemade.com/shop?orderby=rating&per_page=12&stock_status=instock%2Consale" "Mozilla/5.0 (Linux; Android 7.0;) AppleWebKit/537.36 (KHTML, like Gecko) Mobile Safari/537.36 (compatible; PetalBot;+https://webmaster.petalsearch.com/site/petalbot)"
114.119.151.206 - - [14/Jan/2026:18:06:23 +0700] "GET /shop/page/2/?orderby=rating&per_page=12&stock_status=instock,onsale HTTP/1.1" 301 580 "https://view.lotushomemade.com/shop?orderby=rating&per_page=12&stock_status=instock%2Consale" "Mozilla/5.0 (Linux; Android 7.0;) AppleWebKit/537.36 (KHTML, like Gecko) Mobile Safari/537.36 (compatible; PetalBot;+https://webmaster.petalsearch.com/site/petalbot)"
103.131.51.123 - - [14/Jan/2026:18:07:46 +0700] "POST /wp-cron.php?doing_wp_cron=1768388866.0954840183258056640625 HTTP/1.1" 200 474 "-" "WordPress/6.9; https://view.lotushomemade.com"
114.119.142.208 - - [14/Jan/2026:18:07:42 +0700] "GET /shop/page/2/?orderby=price-desc&per_page=24&shop_view=grid&per_row=6 HTTP/1.1" 200 42787 "https://view.lotushomemade.com/shop/page/4?orderby=price-desc&per_page=24&shop_view=grid&per_row=6" "Mozilla/5.0 (Linux; Android 7.0;) AppleWebKit/537.36 (KHTML, like Gecko) Mobile Safari/537.36 (compatible; PetalBot;+https://webmaster.petalsearch.com/site/petalbot)"
114.119.130.97 - - [14/Jan/2026:18:09:06 +0700] "GET /shop/page/2/?orderby=price-desc&per_page=12 HTTP/1.1" 200 40426 "https://view.lotushomemade.com/shop/page/1?orderby=price-desc&per_page=12" "Mozilla/5.0 (Linux; Android 7.0;) AppleWebKit/537.36 (KHTML, like Gecko) Mobile Safari/537.36 (compatible; PetalBot;+https://webmaster.petalsearch.com/site/petalbot)"
103.131.51.123 - - [14/Jan/2026:18:10:39 +0700] "POST /wp-cron.php?doing_wp_cron=1768389039.5044488906860351562500 HTTP/1.1" 200 474 "-" "WordPress/6.9; https://view.lotushomemade.com"
114.119.142.208 - - [14/Jan/2026:18:10:37 +0700] "GET /shop/page/2/?orderby=price&stock_status=instock,onsale&per_page=8 HTTP/1.1" 301 577 "https://view.lotushomemade.com/shop?orderby=price&stock_status=instock%2Consale&per_page=8" "Mozilla/5.0 (Linux; Android 7.0;) AppleWebKit/537.36 (KHTML, like Gecko) Mobile Safari/537.36 (compatible; PetalBot;+https://webmaster.petalsearch.com/site/petalbot)"
114.119.142.208 - - [14/Jan/2026:18:10:41 +0700] "GET /shop/page/2/?orderby=price&stock_status=instock,onsale&per_page=8 HTTP/1.1" 301 577 "https://view.lotushomemade.com/shop?orderby=price&stock_status=instock%2Consale&per_page=8" "Mozilla/5.0 (Linux; Android 7.0;) AppleWebKit/537.36 (KHTML, like Gecko) Mobile Safari/537.36 (compatible; PetalBot;+https://webmaster.petalsearch.com/site/petalbot)"
114.119.142.208 - - [14/Jan/2026:18:10:43 +0700] "GET /shop/page/2/?orderby=price&stock_status=instock,onsale&per_page=8 HTTP/1.1" 301 577 "https://view.lotushomemade.com/shop?orderby=price&stock_status=instock%2Consale&per_page=8" "Mozilla/5.0 (Linux; Android 7.0;) AppleWebKit/537.36 (KHTML, like Gecko) Mobile Safari/537.36 (compatible; PetalBot;+https://webmaster.petalsearch.com/site/petalbot)"
114.119.142.208 - - [14/Jan/2026:18:10:46 +0700] "GET /shop/page/2/?orderby=price&stock_status=instock,onsale&per_page=8 HTTP/1.1" 301 577 "https://view.lotushomemade.com/shop?orderby=price&stock_status=instock%2Consale&per_page=8" "Mozilla/5.0 (Linux; Android 7.0;) AppleWebKit/537.36 (KHTML, like Gecko) Mobile Safari/537.36 (compatible; PetalBot;+https://webmaster.petalsearch.com/site/petalbot)"
114.119.142.208 - - [14/Jan/2026:18:10:47 +0700] "GET /shop/page/2/?orderby=price&stock_status=instock,onsale&per_page=8 HTTP/1.1" 301 577 "https://view.lotushomemade.com/shop?orderby=price&stock_status=instock%2Consale&per_page=8" "Mozilla/5.0 (Linux; Android 7.0;) AppleWebKit/537.36 (KHTML, like Gecko) Mobile Safari/537.36 (compatible; PetalBot;+https://webmaster.petalsearch.com/site/petalbot)"
114.119.142.208 - - [14/Jan/2026:18:10:48 +0700] "GET /shop/page/2/?orderby=price&stock_status=instock,onsale&per_page=8 HTTP/1.1" 301 577 "https://view.lotushomemade.com/shop?orderby=price&stock_status=instock%2Consale&per_page=8" "Mozilla/5.0 (Linux; Android 7.0;) AppleWebKit/537.36 (KHTML, like Gecko) Mobile Safari/537.36 (compatible; PetalBot;+https://webmaster.petalsearch.com/site/petalbot)"
114.119.142.208 - - [14/Jan/2026:18:10:50 +0700] "GET /shop/page/2/?orderby=price&stock_status=instock,onsale&per_page=8 HTTP/1.1" 301 577 "https://view.lotushomemade.com/shop?orderby=price&stock_status=instock%2Consale&per_page=8" "Mozilla/5.0 (Linux; Android 7.0;) AppleWebKit/537.36 (KHTML, like Gecko) Mobile Safari/537.36 (compatible; PetalBot;+https://webmaster.petalsearch.com/site/petalbot)"
114.119.142.208 - - [14/Jan/2026:18:10:52 +0700] "GET /shop/page/2/?orderby=price&stock_status=instock,onsale&per_page=8 HTTP/1.1" 301 577 "https://view.lotushomemade.com/shop?orderby=price&stock_status=instock%2Consale&per_page=8" "Mozilla/5.0 (Linux; Android 7.0;) AppleWebKit/537.36 (KHTML, like Gecko) Mobile Safari/537.36 (compatible; PetalBot;+https://webmaster.petalsearch.com/site/petalbot)"
114.119.142.208 - - [14/Jan/2026:18:10:54 +0700] "GET /shop/page/2/?orderby=price&stock_status=instock,onsale&per_page=8 HTTP/1.1" 301 577 "https://view.lotushomemade.com/shop?orderby=price&stock_status=instock%2Consale&per_page=8" "Mozilla/5.0 (Linux; Android 7.0;) AppleWebKit/537.36 (KHTML, like Gecko) Mobile Safari/537.36 (compatible; PetalBot;+https://webmaster.petalsearch.com/site/petalbot)"
114.119.142.208 - - [14/Jan/2026:18:10:56 +0700] "GET /shop/page/2/?orderby=price&stock_status=instock,onsale&per_page=8 HTTP/1.1" 301 577 "https://view.lotushomemade.com/shop?orderby=price&stock_status=instock%2Consale&per_page=8" "Mozilla/5.0 (Linux; Android 7.0;) AppleWebKit/537.36 (KHTML, like Gecko) Mobile Safari/537.36 (compatible; PetalBot;+https://webmaster.petalsearch.com/site/petalbot)"
103.131.51.123 - - [14/Jan/2026:18:11:56 +0700] "POST /wp-cron.php?doing_wp_cron=1768389116.2096390724182128906250 HTTP/1.1" 200 474 "-" "WordPress/6.9; https://view.lotushomemade.com"
114.119.156.27 - - [14/Jan/2026:18:11:54 +0700] "GET /shop/page/2/?orderby=popularity&stock_status=onsale&per_page=8 HTTP/1.1" 200 39778 "https://view.lotushomemade.com/shop/page/39/?orderby=popularity&stock_status=onsale&per_page=8" "Mozilla/5.0 (Linux; Android 7.0;) AppleWebKit/537.36 (KHTML, like Gecko) Mobile Safari/537.36 (compatible; PetalBot;+https://webmaster.petalsearch.com/site/petalbot)"
103.131.51.123 - - [14/Jan/2026:18:13:21 +0700] "POST /wp-cron.php?doing_wp_cron=1768389201.3747310638427734375000 HTTP/1.1" 200 474 "-" "WordPress/6.9; https://view.lotushomemade.com"
114.119.142.208 - - [14/Jan/2026:18:13:17 +0700] "GET /shop/page/2/?orderby=popularity&stock_status=instock&per_page=24 HTTP/1.1" 200 42570 "https://view.lotushomemade.com/shop/page/4?orderby=popularity&stock_status=instock&per_page=24" "Mozilla/5.0 (Linux; Android 7.0;) AppleWebKit/537.36 (KHTML, like Gecko) Mobile Safari/537.36 (compatible; PetalBot;+https://webmaster.petalsearch.com/site/petalbot)"
103.131.51.123 - - [14/Jan/2026:18:14:42 +0700] "POST /wp-cron.php?doing_wp_cron=1768389282.0518910884857177734375 HTTP/1.1" 200 474 "-" "WordPress/6.9; https://view.lotushomemade.com"
114.119.142.208 - - [14/Jan/2026:18:14:39 +0700] "GET /shop/page/2/?orderby=date&stock_status=instock,onsale&per_row=4&shop_view=grid HTTP/1.1" 301 633 "https://view.lotushomemade.com/shop?orderby=date&stock_status=instock%2Consale&per_row=4&shop_view=grid" "Mozilla/5.0 (Linux; Android 7.0;) AppleWebKit/537.36 (KHTML, like Gecko) Mobile Safari/537.36 (compatible; PetalBot;+https://webmaster.petalsearch.com/site/petalbot)"
114.119.142.208 - - [14/Jan/2026:18:14:43 +0700] "GET /shop/page/2/?orderby=date&stock_status=instock,onsale&per_row=4&shop_view=grid HTTP/1.1" 301 633 "https://view.lotushomemade.com/shop?orderby=date&stock_status=instock%2Consale&per_row=4&shop_view=grid" "Mozilla/5.0 (Linux; Android 7.0;) AppleWebKit/537.36 (KHTML, like Gecko) Mobile Safari/537.36 (compatible; PetalBot;+https://webmaster.petalsearch.com/site/petalbot)"
114.119.142.208 - - [14/Jan/2026:18:14:43 +0700] "GET /shop/page/2/?orderby=date&stock_status=instock,onsale&per_row=4&shop_view=grid HTTP/1.1" 301 633 "https://view.lotushomemade.com/shop?orderby=date&stock_status=instock%2Consale&per_row=4&shop_view=grid" "Mozilla/5.0 (Linux; Android 7.0;) AppleWebKit/537.36 (KHTML, like Gecko) Mobile Safari/537.36 (compatible; PetalBot;+https://webmaster.petalsearch.com/site/petalbot)"
114.119.142.208 - - [14/Jan/2026:18:14:44 +0700] "GET /shop/page/2/?orderby=date&stock_status=instock,onsale&per_row=4&shop_view=grid HTTP/1.1" 301 633 "https://view.lotushomemade.com/shop?orderby=date&stock_status=instock%2Consale&per_row=4&shop_view=grid" "Mozilla/5.0 (Linux; Android 7.0;) AppleWebKit/537.36 (KHTML, like Gecko) Mobile Safari/537.36 (compatible; PetalBot;+https://webmaster.petalsearch.com/site/petalbot)"
114.119.142.208 - - [14/Jan/2026:18:14:45 +0700] "GET /shop/page/2/?orderby=date&stock_status=instock,onsale&per_row=4&shop_view=grid HTTP/1.1" 301 633 "https://view.lotushomemade.com/shop?orderby=date&stock_status=instock%2Consale&per_row=4&shop_view=grid" "Mozilla/5.0 (Linux; Android 7.0;) AppleWebKit/537.36 (KHTML, like Gecko) Mobile Safari/537.36 (compatible; PetalBot;+https://webmaster.petalsearch.com/site/petalbot)"
114.119.142.208 - - [14/Jan/2026:18:14:47 +0700] "GET /shop/page/2/?orderby=date&stock_status=instock,onsale&per_row=4&shop_view=grid HTTP/1.1" 301 633 "https://view.lotushomemade.com/shop?orderby=date&stock_status=instock%2Consale&per_row=4&shop_view=grid" "Mozilla/5.0 (Linux; Android 7.0;) AppleWebKit/537.36 (KHTML, like Gecko) Mobile Safari/537.36 (compatible; PetalBot;+https://webmaster.petalsearch.com/site/petalbot)"
114.119.142.208 - - [14/Jan/2026:18:14:47 +0700] "GET /shop/page/2/?orderby=date&stock_status=instock,onsale&per_row=4&shop_view=grid HTTP/1.1" 301 633 "https://view.lotushomemade.com/shop?orderby=date&stock_status=instock%2Consale&per_row=4&shop_view=grid" "Mozilla/5.0 (Linux; Android 7.0;) AppleWebKit/537.36 (KHTML, like Gecko) Mobile Safari/537.36 (compatible; PetalBot;+https://webmaster.petalsearch.com/site/petalbot)"
114.119.142.208 - - [14/Jan/2026:18:14:48 +0700] "GET /shop/page/2/?orderby=date&stock_status=instock,onsale&per_row=4&shop_view=grid HTTP/1.1" 301 633 "https://view.lotushomemade.com/shop?orderby=date&stock_status=instock%2Consale&per_row=4&shop_view=grid" "Mozilla/5.0 (Linux; Android 7.0;) AppleWebKit/537.36 (KHTML, like Gecko) Mobile Safari/537.36 (compatible; PetalBot;+https://webmaster.petalsearch.com/site/petalbot)"
114.119.142.208 - - [14/Jan/2026:18:14:49 +0700] "GET /shop/page/2/?orderby=date&stock_status=instock,onsale&per_row=4&shop_view=grid HTTP/1.1" 301 633 "https://view.lotushomemade.com/shop?orderby=date&stock_status=instock%2Consale&per_row=4&shop_view=grid" "Mozilla/5.0 (Linux; Android 7.0;) AppleWebKit/537.36 (KHTML, like Gecko) Mobile Safari/537.36 (compatible; PetalBot;+https://webmaster.petalsearch.com/site/petalbot)"
114.119.142.208 - - [14/Jan/2026:18:14:49 +0700] "GET /shop/page/2/?orderby=date&stock_status=instock,onsale&per_row=4&shop_view=grid HTTP/1.1" 301 633 "https://view.lotushomemade.com/shop?orderby=date&stock_status=instock%2Consale&per_row=4&shop_view=grid" "Mozilla/5.0 (Linux; Android 7.0;) AppleWebKit/537.36 (KHTML, like Gecko) Mobile Safari/537.36 (compatible; PetalBot;+https://webmaster.petalsearch.com/site/petalbot)"
114.119.151.206 - - [14/Jan/2026:18:16:03 +0700] "GET /shop/page/2/?orderby=date&per_page=18&shop_view=grid&per_row=6 HTTP/1.1" 200 41633 "https://view.lotushomemade.com/shop?orderby=date&per_page=18&shop_view=grid&per_row=6" "Mozilla/5.0 (Linux; Android 7.0;) AppleWebKit/537.36 (KHTML, like Gecko) Mobile Safari/537.36 (compatible; PetalBot;+https://webmaster.petalsearch.com/site/petalbot)"
114.119.151.206 - - [14/Jan/2026:18:17:27 +0700] "GET /shop/page/2/?min_price=0&stock_status=onsale&shop_view=grid&per_row=6 HTTP/1.1" 200 40581 "https://view.lotushomemade.com/shop/page/28/?min_price=0&stock_status=onsale&shop_view=grid&per_row=6" "Mozilla/5.0 (Linux; Android 7.0;) AppleWebKit/537.36 (KHTML, like Gecko) Mobile Safari/537.36 (compatible; PetalBot;+https://webmaster.petalsearch.com/site/petalbot)"
57.141.16.46 - - [14/Jan/2026:18:18:29 +0700] "GET /shop/page/19/?per_row=2&per_page=12&shop_view=grid HTTP/2" 200 240661 "-" "meta-externalagent/1.1 (+https://developers.facebook.com/docs/sharing/webmasters/crawler)"
103.131.51.123 - - [14/Jan/2026:18:18:52 +0700] "POST /wp-cron.php?doing_wp_cron=1768389532.2365510463714599609375 HTTP/1.1" 200 474 "-" "WordPress/6.9; https://view.lotushomemade.com"
114.119.150.215 - - [14/Jan/2026:18:18:51 +0700] "GET /shop/page/2/?min_price=0&per_row=2&shop_view=grid&stock_status=instock,onsale HTTP/1.1" 301 632 "https://view.lotushomemade.com/shop?min_price=0&per_row=2&shop_view=grid&stock_status=instock%2Consale" "Mozilla/5.0 (Linux; Android 7.0;) AppleWebKit/537.36 (KHTML, like Gecko) Mobile Safari/537.36 (compatible; PetalBot;+https://webmaster.petalsearch.com/site/petalbot)"
114.119.150.215 - - [14/Jan/2026:18:18:52 +0700] "GET /shop/page/2/?min_price=0&per_row=2&shop_view=grid&stock_status=instock,onsale HTTP/1.1" 301 632 "https://view.lotushomemade.com/shop?min_price=0&per_row=2&shop_view=grid&stock_status=instock%2Consale" "Mozilla/5.0 (Linux; Android 7.0;) AppleWebKit/537.36 (KHTML, like Gecko) Mobile Safari/537.36 (compatible; PetalBot;+https://webmaster.petalsearch.com/site/petalbot)"
114.119.150.215 - - [14/Jan/2026:18:18:53 +0700] "GET /shop/page/2/?min_price=0&per_row=2&shop_view=grid&stock_status=instock,onsale HTTP/1.1" 301 632 "https://view.lotushomemade.com/shop?min_price=0&per_row=2&shop_view=grid&stock_status=instock%2Consale" "Mozilla/5.0 (Linux; Android 7.0;) AppleWebKit/537.36 (KHTML, like Gecko) Mobile Safari/537.36 (compatible; PetalBot;+https://webmaster.petalsearch.com/site/petalbot)"
114.119.150.215 - - [14/Jan/2026:18:18:54 +0700] "GET /shop/page/2/?min_price=0&per_row=2&shop_view=grid&stock_status=instock,onsale HTTP/1.1" 301 632 "https://view.lotushomemade.com/shop?min_price=0&per_row=2&shop_view=grid&stock_status=instock%2Consale" "Mozilla/5.0 (Linux; Android 7.0;) AppleWebKit/537.36 (KHTML, like Gecko) Mobile Safari/537.36 (compatible; PetalBot;+https://webmaster.petalsearch.com/site/petalbot)"
114.119.150.215 - - [14/Jan/2026:18:18:54 +0700] "GET /shop/page/2/?min_price=0&per_row=2&shop_view=grid&stock_status=instock,onsale HTTP/1.1" 301 632 "https://view.lotushomemade.com/shop?min_price=0&per_row=2&shop_view=grid&stock_status=instock%2Consale" "Mozilla/5.0 (Linux; Android 7.0;) AppleWebKit/537.36 (KHTML, like Gecko) Mobile Safari/537.36 (compatible; PetalBot;+https://webmaster.petalsearch.com/site/petalbot)"
114.119.150.215 - - [14/Jan/2026:18:18:55 +0700] "GET /shop/page/2/?min_price=0&per_row=2&shop_view=grid&stock_status=instock,onsale HTTP/1.1" 301 632 "https://view.lotushomemade.com/shop?min_price=0&per_row=2&shop_view=grid&stock_status=instock%2Consale" "Mozilla/5.0 (Linux; Android 7.0;) AppleWebKit/537.36 (KHTML, like Gecko) Mobile Safari/537.36 (compatible; PetalBot;+https://webmaster.petalsearch.com/site/petalbot)"
114.119.150.215 - - [14/Jan/2026:18:18:56 +0700] "GET /shop/page/2/?min_price=0&per_row=2&shop_view=grid&stock_status=instock,onsale HTTP/1.1" 301 632 "https://view.lotushomemade.com/shop?min_price=0&per_row=2&shop_view=grid&stock_status=instock%2Consale" "Mozilla/5.0 (Linux; Android 7.0;) AppleWebKit/537.36 (KHTML, like Gecko) Mobile Safari/537.36 (compatible; PetalBot;+https://webmaster.petalsearch.com/site/petalbot)"
114.119.150.215 - - [14/Jan/2026:18:18:57 +0700] "GET /shop/page/2/?min_price=0&per_row=2&shop_view=grid&stock_status=instock,onsale HTTP/1.1" 301 632 "https://view.lotushomemade.com/shop?min_price=0&per_row=2&shop_view=grid&stock_status=instock%2Consale" "Mozilla/5.0 (Linux; Android 7.0;) AppleWebKit/537.36 (KHTML, like Gecko) Mobile Safari/537.36 (compatible; PetalBot;+https://webmaster.petalsearch.com/site/petalbot)"
114.119.150.215 - - [14/Jan/2026:18:18:58 +0700] "GET /shop/page/2/?min_price=0&per_row=2&shop_view=grid&stock_status=instock,onsale HTTP/1.1" 301 632 "https://view.lotushomemade.com/shop?min_price=0&per_row=2&shop_view=grid&stock_status=instock%2Consale" "Mozilla/5.0 (Linux; Android 7.0;) AppleWebKit/537.36 (KHTML, like Gecko) Mobile Safari/537.36 (compatible; PetalBot;+https://webmaster.petalsearch.com/site/petalbot)"
114.119.150.215 - - [14/Jan/2026:18:18:58 +0700] "GET /shop/page/2/?min_price=0&per_row=2&shop_view=grid&stock_status=instock,onsale HTTP/1.1" 301 632 "https://view.lotushomemade.com/shop?min_price=0&per_row=2&shop_view=grid&stock_status=instock%2Consale" "Mozilla/5.0 (Linux; Android 7.0;) AppleWebKit/537.36 (KHTML, like Gecko) Mobile Safari/537.36 (compatible; PetalBot;+https://webmaster.petalsearch.com/site/petalbot)"
57.141.16.75 - - [14/Jan/2026:18:19:16 +0700] "GET /shop/page/21/?per_row=4&shop_view=grid&per_page=18 HTTP/2" 200 262703 "-" "meta-externalagent/1.1 (+https://developers.facebook.com/docs/sharing/webmasters/crawler)"
139.28.49.205 - - [14/Jan/2026:18:23:38 +0700] "GET /product/fish-bahulu-_-8142-xl/?add-to-cart=344 HTTP/1.1" 200 38361 "-" "Opera/9.95.(X11; Linux i686; ml-IN) Presto/2.9.174 Version/10.00"
103.73.197.85 - - [14/Jan/2026:18:23:53 +0700] "GET /product/fish-bahulu-_-8142-xl/?add-to-cart=344 HTTP/1.1" 200 38153 "-" "Mozilla/5.0 (compatible; MSIE 7.0; Windows NT 11.0; Trident/4.0)"
