114.119.148.197 - - [14/Jan/2026:21:21:55 +0700] "GET /shop?per_row=6&shop_view=grid&per_page=8 HTTP/1.1" 301 639 "https://view.lotushomemade.com/shop?shop_view=grid&per_row=6" "Mozilla/5.0 (Linux; Android 7.0;) AppleWebKit/537.36 (KHTML, like Gecko) Mobile Safari/537.36 (compatible; PetalBot;+https://webmaster.petalsearch.com/site/petalbot)"
114.119.148.197 - - [14/Jan/2026:21:21:57 +0700] "GET /shop/?per_row=6&shop_view=grid&per_page=8 HTTP/1.1" 200 40366 "https://view.lotushomemade.com/shop?shop_view=grid&per_row=6" "Mozilla/5.0 (Linux; Android 7.0;) AppleWebKit/537.36 (KHTML, like Gecko) Mobile Safari/537.36 (compatible; PetalBot;+https://webmaster.petalsearch.com/site/petalbot)"
84.54.70.141 - - [14/Jan/2026:21:22:09 +0700] "GET /product/bamboo-charcoal-rossy-xxl/?add-to-cart=8438 HTTP/1.1" 200 38009 "-" "Mozilla/5.0 (Macintosh; Intel Mac OS X 10_8_8) AppleWebKit/536.1 (KHTML, like Gecko) Chrome/62.0.871.0 Safari/536.1"
103.131.51.123 - - [14/Jan/2026:21:23:20 +0700] "POST /wp-cron.php?doing_wp_cron=1768400600.4760110378265380859375 HTTP/1.1" 200 474 "-" "WordPress/6.9; https://view.lotushomemade.com"
114.119.148.197 - - [14/Jan/2026:21:23:20 +0700] "GET /shop?min_price=1040&per_row=2&shop_view=grid HTTP/1.1" 301 598 "https://view.lotushomemade.com/shop?min_price=1040&stock_status=instock&per_row=2&shop_view=grid" "Mozilla/5.0 (Linux; Android 7.0;) AppleWebKit/537.36 (KHTML, like Gecko) Mobile Safari/537.36 (compatible; PetalBot;+https://webmaster.petalsearch.com/site/petalbot)"
114.119.148.197 - - [14/Jan/2026:21:23:20 +0700] "GET /shop/?min_price=1040&per_row=2&shop_view=grid HTTP/1.1" 200 38557 "https://view.lotushomemade.com/shop?min_price=1040&stock_status=instock&per_row=2&shop_view=grid" "Mozilla/5.0 (Linux; Android 7.0;) AppleWebKit/537.36 (KHTML, like Gecko) Mobile Safari/537.36 (compatible; PetalBot;+https://webmaster.petalsearch.com/site/petalbot)"
57.141.16.61 - - [14/Jan/2026:21:24:47 +0700] "GET /shop/page/9/?stock_status=instock%2Consale&per_row=6&shop_view=grid&per_page=12 HTTP/2" 200 242292 "-" "meta-externalagent/1.1 (+https://developers.facebook.com/docs/sharing/webmasters/crawler)"
114.119.150.215 - - [14/Jan/2026:21:24:42 +0700] "GET /shop?min_price=0&per_page=8&filter_brand=hss HTTP/1.1" 301 555 "-" "Mozilla/5.0 (Linux; Android 7.0;) AppleWebKit/537.36 (KHTML, like Gecko) Mobile Safari/537.36 (compatible; PetalBot;+https://webmaster.petalsearch.com/site/petalbot)"
114.119.150.215 - - [14/Jan/2026:21:24:55 +0700] "GET /shop/?min_price=0&per_page=8&filter_brand=hss HTTP/1.1" 200 38735 "-" "Mozilla/5.0 (Linux; Android 7.0;) AppleWebKit/537.36 (KHTML, like Gecko) Mobile Safari/537.36 (compatible; PetalBot;+https://webmaster.petalsearch.com/site/petalbot)"
114.119.145.110 - - [14/Jan/2026:21:26:06 +0700] "GET /shop/page/9/?orderby=date&stock_status=onsale&per_page=8 HTTP/1.1" 200 39191 "https://view.lotushomemade.com/shop/page/8/?orderby=date&stock_status=onsale&per_page=8" "Mozilla/5.0 (Linux; Android 7.0;) AppleWebKit/537.36 (KHTML, like Gecko) Mobile Safari/537.36 (compatible; PetalBot;+https://webmaster.petalsearch.com/site/petalbot)"
103.131.51.123 - - [14/Jan/2026:21:27:34 +0700] "POST /wp-cron.php?doing_wp_cron=1768400854.3246579170227050781250 HTTP/1.1" 200 474 "-" "WordPress/6.9; https://view.lotushomemade.com"
114.119.151.206 - - [14/Jan/2026:21:27:30 +0700] "GET /shop/page/9/?min_price=0&max_price=260&per_page=24&stock_status=onsale HTTP/1.1" 200 42635 "https://view.lotushomemade.com/shop/page/8?min_price=0&max_price=260&per_page=24&stock_status=onsale" "Mozilla/5.0 (Linux; Android 7.0;) AppleWebKit/537.36 (KHTML, like Gecko) Mobile Safari/537.36 (compatible; PetalBot;+https://webmaster.petalsearch.com/site/petalbot)"
103.131.51.123 - - [14/Jan/2026:21:28:57 +0700] "POST /wp-cron.php?doing_wp_cron=1768400937.3734090328216552734375 HTTP/1.1" 200 474 "-" "WordPress/6.9; https://view.lotushomemade.com"
114.119.150.215 - - [14/Jan/2026:21:28:53 +0700] "GET /shop/page/7/?min_price=0&max_price=260&stock_status=onsale&per_page=8 HTTP/1.1" 200 39692 "https://view.lotushomemade.com/shop/page/7?min_price=0&max_price=260&stock_status=onsale&per_page=8" "Mozilla/5.0 (Linux; Android 7.0;) AppleWebKit/537.36 (KHTML, like Gecko) Mobile Safari/537.36 (compatible; PetalBot;+https://webmaster.petalsearch.com/site/petalbot)"
103.131.51.123 - - [14/Jan/2026:21:30:19 +0700] "POST /wp-cron.php?doing_wp_cron=1768401019.7318580150604248046875 HTTP/1.1" 200 474 "-" "WordPress/6.9; https://view.lotushomemade.com"
114.119.130.97 - - [14/Jan/2026:21:30:17 +0700] "GET /shop/page/6?stock_status=instock&per_row=6&shop_view=grid HTTP/1.1" 301 611 "https://view.lotushomemade.com/shop/page/5?stock_status=instock&per_row=6&shop_view=grid" "Mozilla/5.0 (Linux; Android 7.0;) AppleWebKit/537.36 (KHTML, like Gecko) Mobile Safari/537.36 (compatible; PetalBot;+https://webmaster.petalsearch.com/site/petalbot)"
114.119.130.97 - - [14/Jan/2026:21:30:19 +0700] "GET /shop/page/6/?stock_status=instock&per_row=6&shop_view=grid HTTP/1.1" 200 40137 "https://view.lotushomemade.com/shop/page/5?stock_status=instock&per_row=6&shop_view=grid" "Mozilla/5.0 (Linux; Android 7.0;) AppleWebKit/537.36 (KHTML, like Gecko) Mobile Safari/537.36 (compatible; PetalBot;+https://webmaster.petalsearch.com/site/petalbot)"
103.131.51.123 - - [14/Jan/2026:21:31:44 +0700] "POST /wp-cron.php?doing_wp_cron=1768401104.9659121036529541015625 HTTP/1.1" 200 474 "-" "WordPress/6.9; https://view.lotushomemade.com"
114.119.149.78 - - [14/Jan/2026:21:31:41 +0700] "GET /shop/page/6/?max_price=1050&per_row=6&shop_view=grid HTTP/1.1" 200 40321 "https://view.lotushomemade.com/shop/page/8?max_price=1050&per_row=6&shop_view=grid" "Mozilla/5.0 (Linux; Android 7.0;) AppleWebKit/537.36 (KHTML, like Gecko) Mobile Safari/537.36 (compatible; PetalBot;+https://webmaster.petalsearch.com/site/petalbot)"
103.131.51.123 - - [14/Jan/2026:21:33:03 +0700] "POST /wp-cron.php?doing_wp_cron=1768401183.8873169422149658203125 HTTP/1.1" 200 474 "-" "WordPress/6.9; https://view.lotushomemade.com"
187.189.123.135 - - [14/Jan/2026:21:32:59 +0700] "GET /product/pizza-tomato-cheese-seaweed-crunchy-sg/?add-to-cart=8647 HTTP/1.1" 200 38366 "-" "Opera/8.14.(X11; Linux x86_64; yo-NG) Presto/2.9.162 Version/12.00"
114.119.149.78 - - [14/Jan/2026:21:33:05 +0700] "GET /shop/page/5/?orderby=price&shop_view=grid&per_row=6 HTTP/1.1" 200 39916 "https://view.lotushomemade.com/shop/page/2/?orderby=price&shop_view=grid&per_row=6" "Mozilla/5.0 (Linux; Android 7.0;) AppleWebKit/537.36 (KHTML, like Gecko) Mobile Safari/537.36 (compatible; PetalBot;+https://webmaster.petalsearch.com/site/petalbot)"
114.119.149.78 - - [14/Jan/2026:21:34:28 +0700] "GET /shop/page/47/?min_price=0&max_price=260&per_page=8&stock_status=instock,onsale HTTP/1.1" 301 590 "https://view.lotushomemade.com/shop?min_price=0&max_price=260&per_page=8&stock_status=instock%2Consale" "Mozilla/5.0 (Linux; Android 7.0;) AppleWebKit/537.36 (KHTML, like Gecko) Mobile Safari/537.36 (compatible; PetalBot;+https://webmaster.petalsearch.com/site/petalbot)"
114.119.149.78 - - [14/Jan/2026:21:34:35 +0700] "GET /shop/page/47/?min_price=0&max_price=260&per_page=8&stock_status=instock,onsale HTTP/1.1" 301 590 "https://view.lotushomemade.com/shop?min_price=0&max_price=260&per_page=8&stock_status=instock%2Consale" "Mozilla/5.0 (Linux; Android 7.0;) AppleWebKit/537.36 (KHTML, like Gecko) Mobile Safari/537.36 (compatible; PetalBot;+https://webmaster.petalsearch.com/site/petalbot)"
114.119.149.78 - - [14/Jan/2026:21:34:36 +0700] "GET /shop/page/47/?min_price=0&max_price=260&per_page=8&stock_status=instock,onsale HTTP/1.1" 301 590 "https://view.lotushomemade.com/shop?min_price=0&max_price=260&per_page=8&stock_status=instock%2Consale" "Mozilla/5.0 (Linux; Android 7.0;) AppleWebKit/537.36 (KHTML, like Gecko) Mobile Safari/537.36 (compatible; PetalBot;+https://webmaster.petalsearch.com/site/petalbot)"
114.119.149.78 - - [14/Jan/2026:21:34:36 +0700] "GET /shop/page/47/?min_price=0&max_price=260&per_page=8&stock_status=instock,onsale HTTP/1.1" 301 590 "https://view.lotushomemade.com/shop?min_price=0&max_price=260&per_page=8&stock_status=instock%2Consale" "Mozilla/5.0 (Linux; Android 7.0;) AppleWebKit/537.36 (KHTML, like Gecko) Mobile Safari/537.36 (compatible; PetalBot;+https://webmaster.petalsearch.com/site/petalbot)"
114.119.149.78 - - [14/Jan/2026:21:34:37 +0700] "GET /shop/page/47/?min_price=0&max_price=260&per_page=8&stock_status=instock,onsale HTTP/1.1" 301 590 "https://view.lotushomemade.com/shop?min_price=0&max_price=260&per_page=8&stock_status=instock%2Consale" "Mozilla/5.0 (Linux; Android 7.0;) AppleWebKit/537.36 (KHTML, like Gecko) Mobile Safari/537.36 (compatible; PetalBot;+https://webmaster.petalsearch.com/site/petalbot)"
114.119.149.78 - - [14/Jan/2026:21:34:37 +0700] "GET /shop/page/47/?min_price=0&max_price=260&per_page=8&stock_status=instock,onsale HTTP/1.1" 301 590 "https://view.lotushomemade.com/shop?min_price=0&max_price=260&per_page=8&stock_status=instock%2Consale" "Mozilla/5.0 (Linux; Android 7.0;) AppleWebKit/537.36 (KHTML, like Gecko) Mobile Safari/537.36 (compatible; PetalBot;+https://webmaster.petalsearch.com/site/petalbot)"
114.119.149.78 - - [14/Jan/2026:21:34:38 +0700] "GET /shop/page/47/?min_price=0&max_price=260&per_page=8&stock_status=instock,onsale HTTP/1.1" 301 590 "https://view.lotushomemade.com/shop?min_price=0&max_price=260&per_page=8&stock_status=instock%2Consale" "Mozilla/5.0 (Linux; Android 7.0;) AppleWebKit/537.36 (KHTML, like Gecko) Mobile Safari/537.36 (compatible; PetalBot;+https://webmaster.petalsearch.com/site/petalbot)"
114.119.149.78 - - [14/Jan/2026:21:34:38 +0700] "GET /shop/page/47/?min_price=0&max_price=260&per_page=8&stock_status=instock,onsale HTTP/1.1" 301 590 "https://view.lotushomemade.com/shop?min_price=0&max_price=260&per_page=8&stock_status=instock%2Consale" "Mozilla/5.0 (Linux; Android 7.0;) AppleWebKit/537.36 (KHTML, like Gecko) Mobile Safari/537.36 (compatible; PetalBot;+https://webmaster.petalsearch.com/site/petalbot)"
114.119.149.78 - - [14/Jan/2026:21:34:39 +0700] "GET /shop/page/47/?min_price=0&max_price=260&per_page=8&stock_status=instock,onsale HTTP/1.1" 301 590 "https://view.lotushomemade.com/shop?min_price=0&max_price=260&per_page=8&stock_status=instock%2Consale" "Mozilla/5.0 (Linux; Android 7.0;) AppleWebKit/537.36 (KHTML, like Gecko) Mobile Safari/537.36 (compatible; PetalBot;+https://webmaster.petalsearch.com/site/petalbot)"
114.119.149.78 - - [14/Jan/2026:21:34:39 +0700] "GET /shop/page/47/?min_price=0&max_price=260&per_page=8&stock_status=instock,onsale HTTP/1.1" 301 590 "https://view.lotushomemade.com/shop?min_price=0&max_price=260&per_page=8&stock_status=instock%2Consale" "Mozilla/5.0 (Linux; Android 7.0;) AppleWebKit/537.36 (KHTML, like Gecko) Mobile Safari/537.36 (compatible; PetalBot;+https://webmaster.petalsearch.com/site/petalbot)"
114.119.151.206 - - [14/Jan/2026:21:35:53 +0700] "GET /shop/page/42/?orderby=date&per_row=2&per_page=8&shop_view=grid HTTP/1.1" 200 39047 "https://view.lotushomemade.com/shop/page/41/?orderby=date&per_row=2&per_page=8&shop_view=grid" "Mozilla/5.0 (Linux; Android 7.0;) AppleWebKit/537.36 (KHTML, like Gecko) Mobile Safari/537.36 (compatible; PetalBot;+https://webmaster.petalsearch.com/site/petalbot)"
103.131.51.123 - - [14/Jan/2026:21:37:18 +0700] "POST /wp-cron.php?doing_wp_cron=1768401438.5351080894470214843750 HTTP/1.1" 200 474 "-" "WordPress/6.9; https://view.lotushomemade.com"
114.119.142.208 - - [14/Jan/2026:21:37:16 +0700] "GET /shop/page/32?max_price=1050&stock_status=onsale&shop_view=grid&per_row=2 HTTP/1.1" 301 626 "https://view.lotushomemade.com/shop/page/14/?max_price=1050&stock_status=onsale&shop_view=grid&per_row=2" "Mozilla/5.0 (Linux; Android 7.0;) AppleWebKit/537.36 (KHTML, like Gecko) Mobile Safari/537.36 (compatible; PetalBot;+https://webmaster.petalsearch.com/site/petalbot)"
114.119.142.208 - - [14/Jan/2026:21:37:18 +0700] "GET /shop/page/32/?max_price=1050&stock_status=onsale&shop_view=grid&per_row=2 HTTP/1.1" 200 40173 "https://view.lotushomemade.com/shop/page/14/?max_price=1050&stock_status=onsale&shop_view=grid&per_row=2" "Mozilla/5.0 (Linux; Android 7.0;) AppleWebKit/537.36 (KHTML, like Gecko) Mobile Safari/537.36 (compatible; PetalBot;+https://webmaster.petalsearch.com/site/petalbot)"
103.131.51.123 - - [14/Jan/2026:21:38:42 +0700] "POST /wp-cron.php?doing_wp_cron=1768401521.9876589775085449218750 HTTP/1.1" 200 474 "-" "WordPress/6.9; https://view.lotushomemade.com"
114.119.148.197 - - [14/Jan/2026:21:38:39 +0700] "GET /shop/page/32?max_price=1050&per_page=12&stock_status=onsale HTTP/1.1" 301 571 "https://view.lotushomemade.com/shop/page/14/?max_price=1050&per_page=12&stock_status=onsale" "Mozilla/5.0 (Linux; Android 7.0;) AppleWebKit/537.36 (KHTML, like Gecko) Mobile Safari/537.36 (compatible; PetalBot;+https://webmaster.petalsearch.com/site/petalbot)"
114.119.148.197 - - [14/Jan/2026:21:38:42 +0700] "GET /shop/page/32/?max_price=1050&per_page=12&stock_status=onsale HTTP/1.1" 200 40144 "https://view.lotushomemade.com/shop/page/14/?max_price=1050&per_page=12&stock_status=onsale" "Mozilla/5.0 (Linux; Android 7.0;) AppleWebKit/537.36 (KHTML, like Gecko) Mobile Safari/537.36 (compatible; PetalBot;+https://webmaster.petalsearch.com/site/petalbot)"
103.131.51.123 - - [14/Jan/2026:21:40:03 +0700] "POST /wp-cron.php?doing_wp_cron=1768401603.0659770965576171875000 HTTP/1.1" 200 474 "-" "WordPress/6.9; https://view.lotushomemade.com"
57.141.16.75 - - [14/Jan/2026:21:39:59 +0700] "GET /shop/page/40/?stock_status=instock%2Consale&per_page=8&shop_view=grid&per_row=2 HTTP/2" 200 230286 "-" "meta-externalagent/1.1 (+https://developers.facebook.com/docs/sharing/webmasters/crawler)"
114.119.142.208 - - [14/Jan/2026:21:40:05 +0700] "GET /shop/page/32/?stock_status=instock&per_row=2&shop_view=grid HTTP/1.1" 200 39971 "https://view.lotushomemade.com/shop/page/2/?stock_status=instock&per_row=2&shop_view=grid" "Mozilla/5.0 (Linux; Android 7.0;) AppleWebKit/537.36 (KHTML, like Gecko) Mobile Safari/537.36 (compatible; PetalBot;+https://webmaster.petalsearch.com/site/petalbot)"
66.249.70.97 - - [14/Jan/2026:21:41:08 +0700] "GET /wp-content/uploads/2023/11/Logo-PS.png HTTP/1.1" 200 49513 "-" "Googlebot-Image/1.0"
103.131.51.123 - - [14/Jan/2026:21:41:32 +0700] "POST /wp-cron.php?doing_wp_cron=1768401692.9488329887390136718750 HTTP/1.1" 200 474 "-" "WordPress/6.9; https://view.lotushomemade.com"
114.119.156.27 - - [14/Jan/2026:21:41:29 +0700] "GET /shop/page/32/?orderby=date&per_row=6&shop_view=grid HTTP/1.1" 200 39948 "https://view.lotushomemade.com/shop/page/18?orderby=date&per_row=6&shop_view=grid" "Mozilla/5.0 (Linux; Android 7.0;) AppleWebKit/537.36 (KHTML, like Gecko) Mobile Safari/537.36 (compatible; PetalBot;+https://webmaster.petalsearch.com/site/petalbot)"
114.119.148.197 - - [14/Jan/2026:21:42:50 +0700] "GET /shop/page/31?orderby=popularity&stock_status=onsale&per_page=12 HTTP/1.1" 301 575 "https://view.lotushomemade.com/shop/page/1/?orderby=popularity&stock_status=onsale&per_page=12" "Mozilla/5.0 (Linux; Android 7.0;) AppleWebKit/537.36 (KHTML, like Gecko) Mobile Safari/537.36 (compatible; PetalBot;+https://webmaster.petalsearch.com/site/petalbot)"
114.119.148.197 - - [14/Jan/2026:21:43:07 +0700] "GET /shop/page/31/?orderby=popularity&stock_status=onsale&per_page=12 HTTP/1.1" 200 39860 "https://view.lotushomemade.com/shop/page/1/?orderby=popularity&stock_status=onsale&per_page=12" "Mozilla/5.0 (Linux; Android 7.0;) AppleWebKit/537.36 (KHTML, like Gecko) Mobile Safari/537.36 (compatible; PetalBot;+https://webmaster.petalsearch.com/site/petalbot)"
103.131.51.123 - - [14/Jan/2026:21:44:14 +0700] "POST /wp-cron.php?doing_wp_cron=1768401854.2575869560241699218750 HTTP/1.1" 200 474 "-" "WordPress/6.9; https://view.lotushomemade.com"
114.119.130.97 - - [14/Jan/2026:21:44:13 +0700] "GET /shop?per_row=2&per_page=18&shop_view=grid&stock_status=instock HTTP/1.1" 301 662 "https://view.lotushomemade.com/shop/page/9?per_row=2&shop_view=grid&per_page=18" "Mozilla/5.0 (Linux; Android 7.0;) AppleWebKit/537.36 (KHTML, like Gecko) Mobile Safari/537.36 (compatible; PetalBot;+https://webmaster.petalsearch.com/site/petalbot)"
114.119.130.97 - - [14/Jan/2026:21:44:14 +0700] "GET /shop/?per_row=2&per_page=18&shop_view=grid&stock_status=instock HTTP/1.1" 200 42348 "https://view.lotushomemade.com/shop/page/9?per_row=2&shop_view=grid&per_page=18" "Mozilla/5.0 (Linux; Android 7.0;) AppleWebKit/537.36 (KHTML, like Gecko) Mobile Safari/537.36 (compatible; PetalBot;+https://webmaster.petalsearch.com/site/petalbot)"
103.131.51.123 - - [14/Jan/2026:21:45:49 +0700] "POST /wp-cron.php?doing_wp_cron=1768401949.0616381168365478515625 HTTP/1.1" 200 474 "-" "WordPress/6.9; https://view.lotushomemade.com"
114.119.145.110 - - [14/Jan/2026:21:45:46 +0700] "GET /shop?orderby=price&stock_status=instock,onsale&per_page=12 HTTP/1.1" 301 570 "https://view.lotushomemade.com/shop?orderby=price&per_page=24&stock_status=instock%2Consale" "Mozilla/5.0 (Linux; Android 7.0;) AppleWebKit/537.36 (KHTML, like Gecko) Mobile Safari/537.36 (compatible; PetalBot;+https://webmaster.petalsearch.com/site/petalbot)"
114.119.145.110 - - [14/Jan/2026:21:45:53 +0700] "GET /shop/?orderby=price&stock_status=instock,onsale&per_page=12 HTTP/1.1" 200 40295 "https://view.lotushomemade.com/shop?orderby=price&per_page=24&stock_status=instock%2Consale" "Mozilla/5.0 (Linux; Android 7.0;) AppleWebKit/537.36 (KHTML, like Gecko) Mobile Safari/537.36 (compatible; PetalBot;+https://webmaster.petalsearch.com/site/petalbot)"
103.131.51.123 - - [14/Jan/2026:21:48:32 +0700] "POST /wp-cron.php?doing_wp_cron=1768402112.9293351173400878906250 HTTP/1.1" 200 474 "-" "WordPress/6.9; https://view.lotushomemade.com"
114.119.151.206 - - [14/Jan/2026:21:48:29 +0700] "GET /shop/page/7/?orderby=date&stock_status=instock&shop_view=grid&per_row=2 HTTP/1.1" 200 39843 "https://view.lotushomemade.com/shop/page/5/?orderby=date&stock_status=instock&shop_view=grid&per_row=2" "Mozilla/5.0 (Linux; Android 7.0;) AppleWebKit/537.36 (KHTML, like Gecko) Mobile Safari/537.36 (compatible; PetalBot;+https://webmaster.petalsearch.com/site/petalbot)"
114.119.130.97 - - [14/Jan/2026:21:56:53 +0700] "GET /shop/page/40/?orderby=popularity&per_row=4&per_page=8&shop_view=grid HTTP/1.1" 200 39090 "https://view.lotushomemade.com/shop/page/41/?orderby=popularity&per_row=4&per_page=8&shop_view=grid" "Mozilla/5.0 (Linux; Android 7.0;) AppleWebKit/537.36 (KHTML, like Gecko) Mobile Safari/537.36 (compatible; PetalBot;+https://webmaster.petalsearch.com/site/petalbot)"
103.131.51.123 - - [14/Jan/2026:21:58:11 +0700] "POST /wp-cron.php?doing_wp_cron=1768402691.5211560726165771484375 HTTP/1.1" 200 474 "-" "WordPress/6.9; https://view.lotushomemade.com"
114.119.142.208 - - [14/Jan/2026:21:58:11 +0700] "GET /shop/page/31?max_price=1050&stock_status=instock&shop_view=grid&per_row=6 HTTP/1.1" 301 627 "https://view.lotushomemade.com/shop?max_price=1050&stock_status=instock&shop_view=grid&per_row=6" "Mozilla/5.0 (Linux; Android 7.0;) AppleWebKit/537.36 (KHTML, like Gecko) Mobile Safari/537.36 (compatible; PetalBot;+https://webmaster.petalsearch.com/site/petalbot)"
114.119.142.208 - - [14/Jan/2026:21:58:12 +0700] "GET /shop/page/31/?max_price=1050&stock_status=instock&shop_view=grid&per_row=6 HTTP/1.1" 200 40353 "https://view.lotushomemade.com/shop?max_price=1050&stock_status=instock&shop_view=grid&per_row=6" "Mozilla/5.0 (Linux; Android 7.0;) AppleWebKit/537.36 (KHTML, like Gecko) Mobile Safari/537.36 (compatible; PetalBot;+https://webmaster.petalsearch.com/site/petalbot)"
114.119.151.206 - - [14/Jan/2026:21:59:33 +0700] "GET /shop/page/31/?stock_status=instock,onsale&shop_view=grid&per_row=2 HTTP/1.1" 301 621 "https://view.lotushomemade.com/shop?stock_status=instock%2Consale&shop_view=grid&per_row=2" "Mozilla/5.0 (Linux; Android 7.0;) AppleWebKit/537.36 (KHTML, like Gecko) Mobile Safari/537.36 (compatible; PetalBot;+https://webmaster.petalsearch.com/site/petalbot)"
114.119.151.206 - - [14/Jan/2026:21:59:40 +0700] "GET /shop/page/31/?stock_status=instock,onsale&shop_view=grid&per_row=2 HTTP/1.1" 301 621 "https://view.lotushomemade.com/shop?stock_status=instock%2Consale&shop_view=grid&per_row=2" "Mozilla/5.0 (Linux; Android 7.0;) AppleWebKit/537.36 (KHTML, like Gecko) Mobile Safari/537.36 (compatible; PetalBot;+https://webmaster.petalsearch.com/site/petalbot)"
114.119.151.206 - - [14/Jan/2026:21:59:41 +0700] "GET /shop/page/31/?stock_status=instock,onsale&shop_view=grid&per_row=2 HTTP/1.1" 301 621 "https://view.lotushomemade.com/shop?stock_status=instock%2Consale&shop_view=grid&per_row=2" "Mozilla/5.0 (Linux; Android 7.0;) AppleWebKit/537.36 (KHTML, like Gecko) Mobile Safari/537.36 (compatible; PetalBot;+https://webmaster.petalsearch.com/site/petalbot)"
114.119.151.206 - - [14/Jan/2026:21:59:41 +0700] "GET /shop/page/31/?stock_status=instock,onsale&shop_view=grid&per_row=2 HTTP/1.1" 301 621 "https://view.lotushomemade.com/shop?stock_status=instock%2Consale&shop_view=grid&per_row=2" "Mozilla/5.0 (Linux; Android 7.0;) AppleWebKit/537.36 (KHTML, like Gecko) Mobile Safari/537.36 (compatible; PetalBot;+https://webmaster.petalsearch.com/site/petalbot)"
114.119.151.206 - - [14/Jan/2026:21:59:42 +0700] "GET /shop/page/31/?stock_status=instock,onsale&shop_view=grid&per_row=2 HTTP/1.1" 301 621 "https://view.lotushomemade.com/shop?stock_status=instock%2Consale&shop_view=grid&per_row=2" "Mozilla/5.0 (Linux; Android 7.0;) AppleWebKit/537.36 (KHTML, like Gecko) Mobile Safari/537.36 (compatible; PetalBot;+https://webmaster.petalsearch.com/site/petalbot)"
114.119.151.206 - - [14/Jan/2026:21:59:42 +0700] "GET /shop/page/31/?stock_status=instock,onsale&shop_view=grid&per_row=2 HTTP/1.1" 301 621 "https://view.lotushomemade.com/shop?stock_status=instock%2Consale&shop_view=grid&per_row=2" "Mozilla/5.0 (Linux; Android 7.0;) AppleWebKit/537.36 (KHTML, like Gecko) Mobile Safari/537.36 (compatible; PetalBot;+https://webmaster.petalsearch.com/site/petalbot)"
114.119.151.206 - - [14/Jan/2026:21:59:43 +0700] "GET /shop/page/31/?stock_status=instock,onsale&shop_view=grid&per_row=2 HTTP/1.1" 301 621 "https://view.lotushomemade.com/shop?stock_status=instock%2Consale&shop_view=grid&per_row=2" "Mozilla/5.0 (Linux; Android 7.0;) AppleWebKit/537.36 (KHTML, like Gecko) Mobile Safari/537.36 (compatible; PetalBot;+https://webmaster.petalsearch.com/site/petalbot)"
114.119.151.206 - - [14/Jan/2026:21:59:43 +0700] "GET /shop/page/31/?stock_status=instock,onsale&shop_view=grid&per_row=2 HTTP/1.1" 301 621 "https://view.lotushomemade.com/shop?stock_status=instock%2Consale&shop_view=grid&per_row=2" "Mozilla/5.0 (Linux; Android 7.0;) AppleWebKit/537.36 (KHTML, like Gecko) Mobile Safari/537.36 (compatible; PetalBot;+https://webmaster.petalsearch.com/site/petalbot)"
114.119.151.206 - - [14/Jan/2026:21:59:43 +0700] "GET /shop/page/31/?stock_status=instock,onsale&shop_view=grid&per_row=2 HTTP/1.1" 301 621 "https://view.lotushomemade.com/shop?stock_status=instock%2Consale&shop_view=grid&per_row=2" "Mozilla/5.0 (Linux; Android 7.0;) AppleWebKit/537.36 (KHTML, like Gecko) Mobile Safari/537.36 (compatible; PetalBot;+https://webmaster.petalsearch.com/site/petalbot)"
114.119.151.206 - - [14/Jan/2026:21:59:44 +0700] "GET /shop/page/31/?stock_status=instock,onsale&shop_view=grid&per_row=2 HTTP/1.1" 301 621 "https://view.lotushomemade.com/shop?stock_status=instock%2Consale&shop_view=grid&per_row=2" "Mozilla/5.0 (Linux; Android 7.0;) AppleWebKit/537.36 (KHTML, like Gecko) Mobile Safari/537.36 (compatible; PetalBot;+https://webmaster.petalsearch.com/site/petalbot)"
103.131.51.123 - - [14/Jan/2026:22:01:00 +0700] "POST /wp-cron.php?doing_wp_cron=1768402860.2884809970855712890625 HTTP/1.1" 200 474 "-" "WordPress/6.9; https://view.lotushomemade.com"
114.119.150.215 - - [14/Jan/2026:22:00:57 +0700] "GET /shop/page/31/?orderby=popularity&stock_status=instock,onsale&per_row=2&shop_view=grid HTTP/1.1" 301 640 "https://view.lotushomemade.com/shop?orderby=popularity&stock_status=instock%2Consale&per_row=2&shop_view=grid" "Mozilla/5.0 (Linux; Android 7.0;) AppleWebKit/537.36 (KHTML, like Gecko) Mobile Safari/537.36 (compatible; PetalBot;+https://webmaster.petalsearch.com/site/petalbot)"
114.119.150.215 - - [14/Jan/2026:22:01:01 +0700] "GET /shop/page/31/?orderby=popularity&stock_status=instock,onsale&per_row=2&shop_view=grid HTTP/1.1" 301 640 "https://view.lotushomemade.com/shop?orderby=popularity&stock_status=instock%2Consale&per_row=2&shop_view=grid" "Mozilla/5.0 (Linux; Android 7.0;) AppleWebKit/537.36 (KHTML, like Gecko) Mobile Safari/537.36 (compatible; PetalBot;+https://webmaster.petalsearch.com/site/petalbot)"
114.119.150.215 - - [14/Jan/2026:22:01:03 +0700] "GET /shop/page/31/?orderby=popularity&stock_status=instock,onsale&per_row=2&shop_view=grid HTTP/1.1" 301 640 "https://view.lotushomemade.com/shop?orderby=popularity&stock_status=instock%2Consale&per_row=2&shop_view=grid" "Mozilla/5.0 (Linux; Android 7.0;) AppleWebKit/537.36 (KHTML, like Gecko) Mobile Safari/537.36 (compatible; PetalBot;+https://webmaster.petalsearch.com/site/petalbot)"
114.119.150.215 - - [14/Jan/2026:22:01:04 +0700] "GET /shop/page/31/?orderby=popularity&stock_status=instock,onsale&per_row=2&shop_view=grid HTTP/1.1" 301 640 "https://view.lotushomemade.com/shop?orderby=popularity&stock_status=instock%2Consale&per_row=2&shop_view=grid" "Mozilla/5.0 (Linux; Android 7.0;) AppleWebKit/537.36 (KHTML, like Gecko) Mobile Safari/537.36 (compatible; PetalBot;+https://webmaster.petalsearch.com/site/petalbot)"
114.119.150.215 - - [14/Jan/2026:22:01:04 +0700] "GET /shop/page/31/?orderby=popularity&stock_status=instock,onsale&per_row=2&shop_view=grid HTTP/1.1" 301 640 "https://view.lotushomemade.com/shop?orderby=popularity&stock_status=instock%2Consale&per_row=2&shop_view=grid" "Mozilla/5.0 (Linux; Android 7.0;) AppleWebKit/537.36 (KHTML, like Gecko) Mobile Safari/537.36 (compatible; PetalBot;+https://webmaster.petalsearch.com/site/petalbot)"
114.119.150.215 - - [14/Jan/2026:22:01:05 +0700] "GET /shop/page/31/?orderby=popularity&stock_status=instock,onsale&per_row=2&shop_view=grid HTTP/1.1" 301 640 "https://view.lotushomemade.com/shop?orderby=popularity&stock_status=instock%2Consale&per_row=2&shop_view=grid" "Mozilla/5.0 (Linux; Android 7.0;) AppleWebKit/537.36 (KHTML, like Gecko) Mobile Safari/537.36 (compatible; PetalBot;+https://webmaster.petalsearch.com/site/petalbot)"
114.119.150.215 - - [14/Jan/2026:22:01:05 +0700] "GET /shop/page/31/?orderby=popularity&stock_status=instock,onsale&per_row=2&shop_view=grid HTTP/1.1" 301 640 "https://view.lotushomemade.com/shop?orderby=popularity&stock_status=instock%2Consale&per_row=2&shop_view=grid" "Mozilla/5.0 (Linux; Android 7.0;) AppleWebKit/537.36 (KHTML, like Gecko) Mobile Safari/537.36 (compatible; PetalBot;+https://webmaster.petalsearch.com/site/petalbot)"
114.119.150.215 - - [14/Jan/2026:22:01:06 +0700] "GET /shop/page/31/?orderby=popularity&stock_status=instock,onsale&per_row=2&shop_view=grid HTTP/1.1" 301 640 "https://view.lotushomemade.com/shop?orderby=popularity&stock_status=instock%2Consale&per_row=2&shop_view=grid" "Mozilla/5.0 (Linux; Android 7.0;) AppleWebKit/537.36 (KHTML, like Gecko) Mobile Safari/537.36 (compatible; PetalBot;+https://webmaster.petalsearch.com/site/petalbot)"
114.119.150.215 - - [14/Jan/2026:22:01:06 +0700] "GET /shop/page/31/?orderby=popularity&stock_status=instock,onsale&per_row=2&shop_view=grid HTTP/1.1" 301 640 "https://view.lotushomemade.com/shop?orderby=popularity&stock_status=instock%2Consale&per_row=2&shop_view=grid" "Mozilla/5.0 (Linux; Android 7.0;) AppleWebKit/537.36 (KHTML, like Gecko) Mobile Safari/537.36 (compatible; PetalBot;+https://webmaster.petalsearch.com/site/petalbot)"
114.119.150.215 - - [14/Jan/2026:22:01:07 +0700] "GET /shop/page/31/?orderby=popularity&stock_status=instock,onsale&per_row=2&shop_view=grid HTTP/1.1" 301 640 "https://view.lotushomemade.com/shop?orderby=popularity&stock_status=instock%2Consale&per_row=2&shop_view=grid" "Mozilla/5.0 (Linux; Android 7.0;) AppleWebKit/537.36 (KHTML, like Gecko) Mobile Safari/537.36 (compatible; PetalBot;+https://webmaster.petalsearch.com/site/petalbot)"
103.131.51.123 - - [14/Jan/2026:22:01:43 +0700] "POST /wp-cron.php?doing_wp_cron=1768402903.0007860660552978515625 HTTP/1.1" 200 474 "-" "WordPress/6.9; https://view.lotushomemade.com"
57.141.16.19 - - [14/Jan/2026:22:01:41 +0700] "GET /product-category/kuih-kapit-series/page/6/?per_row=4&shop_view=grid&per_page=8 HTTP/2" 200 231270 "-" "meta-externalagent/1.1 (+https://developers.facebook.com/docs/sharing/webmasters/crawler)"
114.119.151.206 - - [14/Jan/2026:22:02:20 +0700] "GET /shop/page/31/?min_price=0&per_row=2&shop_view=grid&stock_status=onsale HTTP/1.1" 200 40125 "https://view.lotushomemade.com/shop/page/19/?min_price=0&per_row=2&shop_view=grid&stock_status=onsale" "Mozilla/5.0 (Linux; Android 7.0;) AppleWebKit/537.36 (KHTML, like Gecko) Mobile Safari/537.36 (compatible; PetalBot;+https://webmaster.petalsearch.com/site/petalbot)"
103.131.51.123 - - [14/Jan/2026:22:03:48 +0700] "POST /wp-cron.php?doing_wp_cron=1768403028.4825348854064941406250 HTTP/1.1" 200 474 "-" "WordPress/6.9; https://view.lotushomemade.com"
114.119.142.208 - - [14/Jan/2026:22:03:44 +0700] "GET /shop/page/31/?max_price=1040&per_row=2&shop_view=grid&stock_status=instock HTTP/1.1" 200 40324 "https://view.lotushomemade.com/shop/page/6/?max_price=1040&per_row=2&shop_view=grid&stock_status=instock" "Mozilla/5.0 (Linux; Android 7.0;) AppleWebKit/537.36 (KHTML, like Gecko) Mobile Safari/537.36 (compatible; PetalBot;+https://webmaster.petalsearch.com/site/petalbot)"
103.131.51.123 - - [14/Jan/2026:22:05:11 +0700] "POST /wp-cron.php?doing_wp_cron=1768403111.7023730278015136718750 HTTP/1.1" 200 474 "-" "WordPress/6.9; https://view.lotushomemade.com"
114.119.142.208 - - [14/Jan/2026:22:05:07 +0700] "GET /shop/page/30/?stock_status=onsale&per_row=4&per_page=8&shop_view=grid HTTP/1.1" 200 39438 "https://view.lotushomemade.com/shop/page/29/?stock_status=onsale&per_row=4&per_page=8&shop_view=grid" "Mozilla/5.0 (Linux; Android 7.0;) AppleWebKit/537.36 (KHTML, like Gecko) Mobile Safari/537.36 (compatible; PetalBot;+https://webmaster.petalsearch.com/site/petalbot)"
103.131.51.123 - - [14/Jan/2026:22:05:56 +0700] "POST /wp-cron.php?doing_wp_cron=1768403156.0486109256744384765625 HTTP/1.1" 200 474 "-" "WordPress/6.9; https://view.lotushomemade.com"
57.141.16.75 - - [14/Jan/2026:22:05:54 +0700] "GET /shop/page/8/?stock_status=onsale&per_page=12&shop_view=grid&per_row=4 HTTP/2" 200 239671 "-" "meta-externalagent/1.1 (+https://developers.facebook.com/docs/sharing/webmasters/crawler)"
103.131.51.123 - - [14/Jan/2026:22:06:32 +0700] "POST /wp-cron.php?doing_wp_cron=1768403192.9296739101409912109375 HTTP/1.1" 200 474 "-" "WordPress/6.9; https://view.lotushomemade.com"
114.119.156.27 - - [14/Jan/2026:22:06:32 +0700] "GET /shop?orderby=price&per_row=2&shop_view=grid&per_page=24 HTTP/1.1" 301 655 "https://view.lotushomemade.com/shop?orderby=price&per_row=2&shop_view=grid&per_page=24" "Mozilla/5.0 (Linux; Android 7.0;) AppleWebKit/537.36 (KHTML, like Gecko) Mobile Safari/537.36 (compatible; PetalBot;+https://webmaster.petalsearch.com/site/petalbot)"
114.119.156.27 - - [14/Jan/2026:22:06:33 +0700] "GET /shop/?orderby=price&per_row=2&shop_view=grid&per_page=24 HTTP/1.1" 200 42198 "https://view.lotushomemade.com/shop?orderby=price&per_row=2&shop_view=grid&per_page=24" "Mozilla/5.0 (Linux; Android 7.0;) AppleWebKit/537.36 (KHTML, like Gecko) Mobile Safari/537.36 (compatible; PetalBot;+https://webmaster.petalsearch.com/site/petalbot)"
103.131.51.123 - - [14/Jan/2026:22:07:59 +0700] "POST /wp-cron.php?doing_wp_cron=1768403279.7013080120086669921875 HTTP/1.1" 200 474 "-" "WordPress/6.9; https://view.lotushomemade.com"
114.119.148.197 - - [14/Jan/2026:22:07:55 +0700] "GET /shop/page/9/?stock_status=onsale&per_row=4&shop_view=grid&per_page=18 HTTP/1.1" 200 41115 "https://view.lotushomemade.com/shop/page/8/?stock_status=onsale&per_row=4&shop_view=grid&per_page=18" "Mozilla/5.0 (Linux; Android 7.0;) AppleWebKit/537.36 (KHTML, like Gecko) Mobile Safari/537.36 (compatible; PetalBot;+https://webmaster.petalsearch.com/site/petalbot)"
52.167.144.238 - - [14/Jan/2026:22:08:55 +0700] "GET /wp-content/uploads/2021/03/Ukuran-700x250.jpg HTTP/2" 200 58026 "-" "Mozilla/5.0 AppleWebKit/537.36 (KHTML, like Gecko; compatible; bingbot/2.0; +http://www.bing.com/bingbot.htm) Chrome/116.0.1938.76 Safari/537.36"
114.119.145.110 - - [14/Jan/2026:22:09:18 +0700] "GET /shop/page/8/?orderby=date&per_page=8&stock_status=instock HTTP/1.1" 200 39268 "https://view.lotushomemade.com/shop/page/5/?orderby=date&per_page=8&stock_status=instock" "Mozilla/5.0 (Linux; Android 7.0;) AppleWebKit/537.36 (KHTML, like Gecko) Mobile Safari/537.36 (compatible; PetalBot;+https://webmaster.petalsearch.com/site/petalbot)"
114.119.130.97 - - [14/Jan/2026:22:10:42 +0700] "GET /shop/page/5/?max_price=520&per_row=2&shop_view=grid&per_page=18 HTTP/1.1" 200 41094 "https://view.lotushomemade.com/shop/page/8/?max_price=520&per_row=2&shop_view=grid&per_page=18" "Mozilla/5.0 (Linux; Android 7.0;) AppleWebKit/537.36 (KHTML, like Gecko) Mobile Safari/537.36 (compatible; PetalBot;+https://webmaster.petalsearch.com/site/petalbot)"
103.131.51.123 - - [14/Jan/2026:22:12:09 +0700] "POST /wp-cron.php?doing_wp_cron=1768403529.0369930267333984375000 HTTP/1.1" 200 474 "-" "WordPress/6.9; https://view.lotushomemade.com"
114.119.151.206 - - [14/Jan/2026:22:12:05 +0700] "GET /shop/page/4/?orderby=price&stock_status=onsale&shop_view=grid&per_row=6 HTTP/1.1" 200 40006 "https://view.lotushomemade.com/shop/page/4/?orderby=price&stock_status=onsale&shop_view=grid&per_row=6" "Mozilla/5.0 (Linux; Android 7.0;) AppleWebKit/537.36 (KHTML, like Gecko) Mobile Safari/537.36 (compatible; PetalBot;+https://webmaster.petalsearch.com/site/petalbot)"
103.131.51.123 - - [14/Jan/2026:22:13:31 +0700] "POST /wp-cron.php?doing_wp_cron=1768403611.6940929889678955078125 HTTP/1.1" 200 474 "-" "WordPress/6.9; https://view.lotushomemade.com"
114.119.151.206 - - [14/Jan/2026:22:13:29 +0700] "GET /shop/page/3?orderby=price-desc&per_row=2&shop_view=grid&per_page=18 HTTP/1.1" 301 667 "https://view.lotushomemade.com/shop/page/16/?orderby=price-desc&per_row=2&shop_view=grid&per_page=18" "Mozilla/5.0 (Linux; Android 7.0;) AppleWebKit/537.36 (KHTML, like Gecko) Mobile Safari/537.36 (compatible; PetalBot;+https://webmaster.petalsearch.com/site/petalbot)"
114.119.151.206 - - [14/Jan/2026:22:13:31 +0700] "GET /shop/page/3/?orderby=price-desc&per_row=2&shop_view=grid&per_page=18 HTTP/1.1" 200 41079 "https://view.lotushomemade.com/shop/page/16/?orderby=price-desc&per_row=2&shop_view=grid&per_page=18" "Mozilla/5.0 (Linux; Android 7.0;) AppleWebKit/537.36 (KHTML, like Gecko) Mobile Safari/537.36 (compatible; PetalBot;+https://webmaster.petalsearch.com/site/petalbot)"
103.131.51.123 - - [14/Jan/2026:22:14:04 +0700] "POST /wp-cron.php?doing_wp_cron=1768403644.7958540916442871093750 HTTP/1.1" 200 474 "-" "WordPress/6.9; https://view.lotushomemade.com"
57.141.16.66 - - [14/Jan/2026:22:14:03 +0700] "GET /product-category/traditional-cookies-series/page/18/?stock_status=instock%2Consale&per_page=8 HTTP/2" 200 230380 "-" "meta-externalagent/1.1 (+https://developers.facebook.com/docs/sharing/webmasters/crawler)"
103.131.51.123 - - [14/Jan/2026:22:14:53 +0700] "POST /wp-cron.php?doing_wp_cron=1768403693.9350299835205078125000 HTTP/1.1" 200 474 "-" "WordPress/6.9; https://view.lotushomemade.com"
114.119.150.215 - - [14/Jan/2026:22:14:52 +0700] "GET /shop/page/39/?orderby=date&per_page=8&shop_view=grid&per_row=4 HTTP/1.1" 200 39120 "https://view.lotushomemade.com/shop/page/40?orderby=date&per_page=8&shop_view=grid&per_row=4" "Mozilla/5.0 (Linux; Android 7.0;) AppleWebKit/537.36 (KHTML, like Gecko) Mobile Safari/537.36 (compatible; PetalBot;+https://webmaster.petalsearch.com/site/petalbot)"
103.131.51.123 - - [14/Jan/2026:22:16:21 +0700] "POST /wp-cron.php?doing_wp_cron=1768403781.5089581012725830078125 HTTP/1.1" 200 474 "-" "WordPress/6.9; https://view.lotushomemade.com"
114.119.142.208 - - [14/Jan/2026:22:16:17 +0700] "GET /shop/page/32/?orderby=rating&per_page=8&shop_view=grid&per_row=6 HTTP/1.1" 200 39063 "https://view.lotushomemade.com/shop/page/29/?orderby=rating&per_page=8&shop_view=grid&per_row=6" "Mozilla/5.0 (Linux; Android 7.0;) AppleWebKit/537.36 (KHTML, like Gecko) Mobile Safari/537.36 (compatible; PetalBot;+https://webmaster.petalsearch.com/site/petalbot)"
103.131.51.123 - - [14/Jan/2026:22:17:41 +0700] "POST /wp-cron.php?doing_wp_cron=1768403861.3349800109863281250000 HTTP/1.1" 200 474 "-" "WordPress/6.9; https://view.lotushomemade.com"
128.79.205.31 - - [14/Jan/2026:22:17:37 +0700] "GET /product/premium-cashewnut-coffee-crunchy-sg/ HTTP/1.1" 200 36798 "-" "Mozilla/5.0 (Windows NT 5.01) AppleWebKit/534.0 (KHTML, like Gecko) Chrome/27.0.878.0 Safari/534.0"
114.119.142.208 - - [14/Jan/2026:22:17:46 +0700] "GET /shop/page/31?stock_status=instock&per_page=12&shop_view=grid&per_row=4 HTTP/1.1" 301 670 "https://view.lotushomemade.com/shop?stock_status=instock&per_page=12&shop_view=grid&per_row=4" "Mozilla/5.0 (Linux; Android 7.0;) AppleWebKit/537.36 (KHTML, like Gecko) Mobile Safari/537.36 (compatible; PetalBot;+https://webmaster.petalsearch.com/site/petalbot)"
114.119.142.208 - - [14/Jan/2026:22:17:47 +0700] "GET /shop/page/31/?stock_status=instock&per_page=12&shop_view=grid&per_row=4 HTTP/1.1" 200 40216 "https://view.lotushomemade.com/shop?stock_status=instock&per_page=12&shop_view=grid&per_row=4" "Mozilla/5.0 (Linux; Android 7.0;) AppleWebKit/537.36 (KHTML, like Gecko) Mobile Safari/537.36 (compatible; PetalBot;+https://webmaster.petalsearch.com/site/petalbot)"
103.131.51.123 - - [14/Jan/2026:22:19:06 +0700] "POST /wp-cron.php?doing_wp_cron=1768403946.8020019531250000000000 HTTP/1.1" 200 474 "-" "WordPress/6.9; https://view.lotushomemade.com"
114.119.151.206 - - [14/Jan/2026:22:19:04 +0700] "GET /shop/page/30?orderby=popularity&per_row=4&shop_view=grid HTTP/1.1" 301 610 "https://view.lotushomemade.com/shop?orderby=popularity&per_row=4&shop_view=grid" "Mozilla/5.0 (Linux; Android 7.0;) AppleWebKit/537.36 (KHTML, like Gecko) Mobile Safari/537.36 (compatible; PetalBot;+https://webmaster.petalsearch.com/site/petalbot)"
114.119.151.206 - - [14/Jan/2026:22:19:07 +0700] "GET /shop/page/30/?orderby=popularity&per_row=4&shop_view=grid HTTP/1.1" 200 39357 "https://view.lotushomemade.com/shop?orderby=popularity&per_row=4&shop_view=grid" "Mozilla/5.0 (Linux; Android 7.0;) AppleWebKit/537.36 (KHTML, like Gecko) Mobile Safari/537.36 (compatible; PetalBot;+https://webmaster.petalsearch.com/site/petalbot)"
167.99.229.175 - - [14/Jan/2026:22:19:17 +0700] "GET /wp-content/uploads/2023/10/3022.png HTTP/1.1" 200 914533 "https://view.lotushomemade.com/" "Mozilla/5.0 (Windows NT 10.0; Win64; x64) AppleWebKit/537.36 (KHTML, like Gecko) Chrome/109.0.0.0 Safari/537.36"
192.81.216.221 - - [14/Jan/2026:22:19:18 +0700] "GET /wp-content/uploads/2023/10/3027-V.png HTTP/1.1" 200 802984 "https://view.lotushomemade.com/" "Mozilla/5.0 (Windows NT 10.0; Win64; x64) AppleWebKit/537.36 (KHTML, like Gecko) Chrome/105.0.0.0 Safari/537.3"
143.198.118.33 - - [14/Jan/2026:22:19:18 +0700] "GET /wp-content/uploads/2023/10/3016.png HTTP/1.1" 200 881416 "https://view.lotushomemade.com/" "Mozilla/5.0 (Windows NT 10.0; Win64; x64) AppleWebKit/537.36 (KHTML, like Gecko) Chrome/107.0.0.0 Safari/537.36"
143.198.118.33 - - [14/Jan/2026:22:19:19 +0700] "GET /wp-content/uploads/2023/10/3001-H.png HTTP/1.1" 200 894167 "https://view.lotushomemade.com/" "Mozilla/5.0 (Windows NT 10.0; Win64; x64) AppleWebKit/537.36 (KHTML, like Gecko) Chrome/117.0.0.0 Safari/537.36"
167.99.225.135 - - [14/Jan/2026:22:19:20 +0700] "GET /wp-content/uploads/2023/10/3010.png HTTP/1.1" 200 813035 "https://view.lotushomemade.com/" "Mozilla/5.0 (Windows NT 10.0; Win64; x64) AppleWebKit/537.36 (KHTML, like Gecko) Chrome/110.0.0.0 Safari/537.36"
64.227.12.201 - - [14/Jan/2026:22:19:24 +0700] "GET /wp-content/uploads/2023/10/3026.png HTTP/1.1" 200 817351 "https://view.lotushomemade.com/" "Mozilla/5.0 (Windows NT 10.0; Win64; x64) AppleWebKit/537.36 (KHTML, like Gecko) Chrome/110.0.0.0 Safari/537.36"
64.227.12.201 - - [14/Jan/2026:22:19:24 +0700] "GET /wp-content/uploads/2023/10/3030.png HTTP/1.1" 200 834926 "https://view.lotushomemade.com/" "Mozilla/5.0 (Windows NT 10.0; Win64; x64) AppleWebKit/537.36 (KHTML, like Gecko) Chrome/133.0.0.0 Safari/537.36"
103.131.51.123 - - [14/Jan/2026:22:20:32 +0700] "POST /wp-cron.php?doing_wp_cron=1768404032.3684790134429931640625 HTTP/1.1" 200 474 "-" "WordPress/6.9; https://view.lotushomemade.com"
114.119.148.197 - - [14/Jan/2026:22:20:28 +0700] "GET /shop/page/30/?per_row=2&shop_view=grid HTTP/1.1" 200 39884 "https://view.lotushomemade.com/shop/page/32/?per_row=2&shop_view=grid" "Mozilla/5.0 (Linux; Android 7.0;) AppleWebKit/537.36 (KHTML, like Gecko) Mobile Safari/537.36 (compatible; PetalBot;+https://webmaster.petalsearch.com/site/petalbot)"
103.131.51.123 - - [14/Jan/2026:22:21:55 +0700] "POST /wp-cron.php?doing_wp_cron=1768404115.8382589817047119140625 HTTP/1.1" 200 474 "-" "WordPress/6.9; https://view.lotushomemade.com"
114.119.142.208 - - [14/Jan/2026:22:21:52 +0700] "GET /shop/page/30/?per_page=12&shop_view=grid&per_row=4 HTTP/1.1" 200 39966 "https://view.lotushomemade.com/shop/page/18?per_page=12&shop_view=grid&per_row=4" "Mozilla/5.0 (Linux; Android 7.0;) AppleWebKit/537.36 (KHTML, like Gecko) Mobile Safari/537.36 (compatible; PetalBot;+https://webmaster.petalsearch.com/site/petalbot)"
103.131.51.123 - - [14/Jan/2026:22:23:27 +0700] "POST /wp-cron.php?doing_wp_cron=1768404207.1170320510864257812500 HTTP/1.1" 200 474 "-" "WordPress/6.9; https://view.lotushomemade.com"
114.119.148.197 - - [14/Jan/2026:22:23:23 +0700] "GET /shop/page/30/?orderby=price&per_page=8 HTTP/1.1" 200 39202 "https://view.lotushomemade.com/shop/page/33/?orderby=price&per_page=8" "Mozilla/5.0 (Linux; Android 7.0;) AppleWebKit/537.36 (KHTML, like Gecko) Mobile Safari/537.36 (compatible; PetalBot;+https://webmaster.petalsearch.com/site/petalbot)"
103.131.51.123 - - [14/Jan/2026:22:24:48 +0700] "POST /wp-cron.php?doing_wp_cron=1768404288.5110359191894531250000 HTTP/1.1" 200 474 "-" "WordPress/6.9; https://view.lotushomemade.com"
114.119.156.27 - - [14/Jan/2026:22:24:44 +0700] "GET /shop/page/30/?orderby=popularity&per_page=8&stock_status=instock HTTP/1.1" 200 38980 "https://view.lotushomemade.com/shop/page/33/?orderby=popularity&per_page=8&stock_status=instock" "Mozilla/5.0 (Linux; Android 7.0;) AppleWebKit/537.36 (KHTML, like Gecko) Mobile Safari/537.36 (compatible; PetalBot;+https://webmaster.petalsearch.com/site/petalbot)"
114.119.150.215 - - [14/Jan/2026:22:26:02 +0700] "GET /shop/page/30/?max_price=1050&per_row=2&shop_view=grid&per_page=8 HTTP/1.1" 200 39603 "https://view.lotushomemade.com/shop/page/31/?max_price=1050&per_row=2&shop_view=grid&per_page=8" "Mozilla/5.0 (Linux; Android 7.0;) AppleWebKit/537.36 (KHTML, like Gecko) Mobile Safari/537.36 (compatible; PetalBot;+https://webmaster.petalsearch.com/site/petalbot)"
40.77.167.59 - - [14/Jan/2026:22:26:24 +0700] "GET /product/cheese-crispy-cookies-sg/ HTTP/2" 200 36087 "-" "Mozilla/5.0 AppleWebKit/537.36 (KHTML, like Gecko; compatible; bingbot/2.0; +http://www.bing.com/bingbot.htm) Chrome/116.0.1938.76 Safari/537.36"
57.141.16.71 - - [14/Jan/2026:22:26:36 +0700] "GET /product-category/traditional-cookies-series/100-vegan-traditional-cookies-series/?per_page=12&shop_view=grid&per_row=4 HTTP/2" 200 247578 "-" "meta-externalagent/1.1 (+https://developers.facebook.com/docs/sharing/webmasters/crawler)"
114.119.145.110 - - [14/Jan/2026:22:27:28 +0700] "GET /shop/page/3/?stock_status=instock&per_row=4&per_page=18&shop_view=grid HTTP/1.1" 200 41649 "https://view.lotushomemade.com/shop/page/19/?stock_status=instock&per_row=4&per_page=18&shop_view=grid" "Mozilla/5.0 (Linux; Android 7.0;) AppleWebKit/537.36 (KHTML, like Gecko) Mobile Safari/537.36 (compatible; PetalBot;+https://webmaster.petalsearch.com/site/petalbot)"
103.131.51.123 - - [14/Jan/2026:22:28:52 +0700] "POST /wp-cron.php?doing_wp_cron=1768404532.4785370826721191406250 HTTP/1.1" 200 474 "-" "WordPress/6.9; https://view.lotushomemade.com"
114.119.148.197 - - [14/Jan/2026:22:28:49 +0700] "GET /shop?stock_status=onsale&per_row=2&shop_view=grid&per_page=18 HTTP/1.1" 301 661 "https://view.lotushomemade.com/shop/page/9?stock_status=onsale&per_row=2&shop_view=grid" "Mozilla/5.0 (Linux; Android 7.0;) AppleWebKit/537.36 (KHTML, like Gecko) Mobile Safari/537.36 (compatible; PetalBot;+https://webmaster.petalsearch.com/site/petalbot)"
114.119.148.197 - - [14/Jan/2026:22:28:52 +0700] "GET /shop/?stock_status=onsale&per_row=2&shop_view=grid&per_page=18 HTTP/1.1" 200 42425 "https://view.lotushomemade.com/shop/page/9?stock_status=onsale&per_row=2&shop_view=grid" "Mozilla/5.0 (Linux; Android 7.0;) AppleWebKit/537.36 (KHTML, like Gecko) Mobile Safari/537.36 (compatible; PetalBot;+https://webmaster.petalsearch.com/site/petalbot)"
103.131.51.123 - - [14/Jan/2026:22:30:56 +0700] "POST /wp-cron.php?doing_wp_cron=1768404656.8525350093841552734375 HTTP/1.1" 200 474 "-" "WordPress/6.9; https://view.lotushomemade.com"
114.119.156.27 - - [14/Jan/2026:22:30:53 +0700] "GET /shop/page/8/?max_price=1040&per_page=18&shop_view=grid&per_row=6 HTTP/1.1" 200 41702 "https://view.lotushomemade.com/shop/page/5?max_price=1040&per_page=18&shop_view=grid&per_row=6" "Mozilla/5.0 (Linux; Android 7.0;) AppleWebKit/537.36 (KHTML, like Gecko) Mobile Safari/537.36 (compatible; PetalBot;+https://webmaster.petalsearch.com/site/petalbot)"
103.131.51.123 - - [14/Jan/2026:22:31:38 +0700] "POST /wp-cron.php?doing_wp_cron=1768404698.5062100887298583984375 HTTP/1.1" 200 474 "-" "WordPress/6.9; https://view.lotushomemade.com"
114.119.156.27 - - [14/Jan/2026:22:31:36 +0700] "GET /shop/page/5/?orderby=rating&per_row=6&shop_view=grid&per_page=24 HTTP/1.1" 200 41688 "https://view.lotushomemade.com/shop/page/3/?orderby=rating&per_row=6&shop_view=grid&per_page=24" "Mozilla/5.0 (Linux; Android 7.0;) AppleWebKit/537.36 (KHTML, like Gecko) Mobile Safari/537.36 (compatible; PetalBot;+https://webmaster.petalsearch.com/site/petalbot)"
203.192.238.192 - - [14/Jan/2026:22:32:01 +0700] "GET /product/green-peas-cookies_8080-s-2/?add-to-cart=8645 HTTP/1.1" 200 38422 "-" "Mozilla/5.0 (Macintosh; U; Intel Mac OS X 10_6_2 rv:3.0; byn-ER) AppleWebKit/535.24.3 (KHTML, like Gecko) Version/5.0.2 Safari/535.24.3"
57.141.16.48 - - [14/Jan/2026:22:32:30 +0700] "GET /shop/page/13/?per_page=12&stock_status=instock%2Consale HTTP/2" 200 241778 "-" "meta-externalagent/1.1 (+https://developers.facebook.com/docs/sharing/webmasters/crawler)"
103.131.51.123 - - [14/Jan/2026:22:33:02 +0700] "POST /wp-cron.php?doing_wp_cron=1768404782.5336089134216308593750 HTTP/1.1" 200 474 "-" "WordPress/6.9; https://view.lotushomemade.com"
114.119.149.78 - - [14/Jan/2026:22:33:00 +0700] "GET /shop/page/4/?orderby=date&per_row=2&shop_view=grid&per_page=8 HTTP/1.1" 200 39328 "https://view.lotushomemade.com/shop/page/5/?orderby=date&per_row=2&shop_view=grid&per_page=8" "Mozilla/5.0 (Linux; Android 7.0;) AppleWebKit/537.36 (KHTML, like Gecko) Mobile Safari/537.36 (compatible; PetalBot;+https://webmaster.petalsearch.com/site/petalbot)"
57.141.16.99 - - [14/Jan/2026:22:34:05 +0700] "GET /shop/page/42/?per_row=4&per_page=8&shop_view=grid&stock_status=instock%2Consale HTTP/2" 200 230153 "-" "meta-externalagent/1.1 (+https://developers.facebook.com/docs/sharing/webmasters/crawler)"
114.119.142.208 - - [14/Jan/2026:22:34:24 +0700] "GET /shop/page/36/?orderby=rating&per_row=6&shop_view=grid&per_page=8 HTTP/1.1" 200 38981 "https://view.lotushomemade.com/shop/page/38/?orderby=rating&per_row=6&shop_view=grid&per_page=8" "Mozilla/5.0 (Linux; Android 7.0;) AppleWebKit/537.36 (KHTML, like Gecko) Mobile Safari/537.36 (compatible; PetalBot;+https://webmaster.petalsearch.com/site/petalbot)"
103.131.51.123 - - [14/Jan/2026:22:35:51 +0700] "POST /wp-cron.php?doing_wp_cron=1768404951.1155230998992919921875 HTTP/1.1" 200 474 "-" "WordPress/6.9; https://view.lotushomemade.com"
114.119.151.206 - - [14/Jan/2026:22:35:47 +0700] "GET /shop/page/36/?max_price=780&per_row=6&shop_view=grid&per_page=8 HTTP/1.1" 200 39757 "https://view.lotushomemade.com/shop/page/34/?max_price=780&per_row=6&shop_view=grid&per_page=8" "Mozilla/5.0 (Linux; Android 7.0;) AppleWebKit/537.36 (KHTML, like Gecko) Mobile Safari/537.36 (compatible; PetalBot;+https://webmaster.petalsearch.com/site/petalbot)"
103.131.51.123 - - [14/Jan/2026:22:37:15 +0700] "POST /wp-cron.php?doing_wp_cron=1768405035.1962940692901611328125 HTTP/1.1" 200 474 "-" "WordPress/6.9; https://view.lotushomemade.com"
114.119.156.27 - - [14/Jan/2026:22:37:11 +0700] "GET /shop/page/32/?per_row=6&per_page=12&shop_view=grid&stock_status=instock HTTP/1.1" 200 40037 "https://view.lotushomemade.com/shop/page/18?per_row=6&per_page=12&shop_view=grid&stock_status=instock" "Mozilla/5.0 (Linux; Android 7.0;) AppleWebKit/537.36 (KHTML, like Gecko) Mobile Safari/537.36 (compatible; PetalBot;+https://webmaster.petalsearch.com/site/petalbot)"
103.131.51.123 - - [14/Jan/2026:22:38:02 +0700] "POST /wp-cron.php?doing_wp_cron=1768405082.4233260154724121093750 HTTP/1.1" 200 474 "-" "WordPress/6.9; https://view.lotushomemade.com"
57.141.16.41 - - [14/Jan/2026:22:38:00 +0700] "GET /shop/page/26/?per_row=2&per_page=12&shop_view=grid&stock_status=instock%2Consale HTTP/2" 200 240511 "-" "meta-externalagent/1.1 (+https://developers.facebook.com/docs/sharing/webmasters/crawler)"
103.131.51.123 - - [14/Jan/2026:22:38:36 +0700] "POST /wp-cron.php?doing_wp_cron=1768405116.2491710186004638671875 HTTP/1.1" 200 474 "-" "WordPress/6.9; https://view.lotushomemade.com"
