114.119.130.97 - - [14/Jan/2026:22:38:34 +0700] "GET /shop/page/32/?orderby=price&stock_status=instock&shop_view=grid&per_row=4 HTTP/1.1" 200 39701 "https://view.lotushomemade.com/shop/page/21/?orderby=price&stock_status=instock&shop_view=grid&per_row=4" "Mozilla/5.0 (Linux; Android 7.0;) AppleWebKit/537.36 (KHTML, like Gecko) Mobile Safari/537.36 (compatible; PetalBot;+https://webmaster.petalsearch.com/site/petalbot)"
57.141.16.1 - - [14/Jan/2026:22:39:13 +0700] "GET /product-category/traditional-cookies-series/page/10/?add-to-cart=16879 HTTP/2" 200 243821 "-" "meta-externalagent/1.1 (+https://developers.facebook.com/docs/sharing/webmasters/crawler)"
103.131.51.123 - - [14/Jan/2026:22:40:00 +0700] "POST /wp-cron.php?doing_wp_cron=1768405200.3891370296478271484375 HTTP/1.1" 200 474 "-" "WordPress/6.9; https://view.lotushomemade.com"
114.119.150.215 - - [14/Jan/2026:22:39:58 +0700] "GET /shop/page/32/?max_price=780&per_page=8&stock_status=instock HTTP/1.1" 200 39809 "https://view.lotushomemade.com/shop/page/35/?max_price=780&per_page=8&stock_status=instock" "Mozilla/5.0 (Linux; Android 7.0;) AppleWebKit/537.36 (KHTML, like Gecko) Mobile Safari/537.36 (compatible; PetalBot;+https://webmaster.petalsearch.com/site/petalbot)"
103.131.51.123 - - [14/Jan/2026:22:41:25 +0700] "POST /wp-cron.php?doing_wp_cron=1768405285.0027539730072021484375 HTTP/1.1" 200 474 "-" "WordPress/6.9; https://view.lotushomemade.com"
114.119.156.27 - - [14/Jan/2026:22:41:22 +0700] "GET /shop/page/3/?per_row=2&shop_view=grid&stock_status=instock,onsale HTTP/1.1" 301 620 "https://view.lotushomemade.com/shop?per_row=2&shop_view=grid&stock_status=instock%2Consale" "Mozilla/5.0 (Linux; Android 7.0;) AppleWebKit/537.36 (KHTML, like Gecko) Mobile Safari/537.36 (compatible; PetalBot;+https://webmaster.petalsearch.com/site/petalbot)"
114.119.156.27 - - [14/Jan/2026:22:41:25 +0700] "GET /shop/page/3/?per_row=2&shop_view=grid&stock_status=instock,onsale HTTP/1.1" 301 620 "https://view.lotushomemade.com/shop?per_row=2&shop_view=grid&stock_status=instock%2Consale" "Mozilla/5.0 (Linux; Android 7.0;) AppleWebKit/537.36 (KHTML, like Gecko) Mobile Safari/537.36 (compatible; PetalBot;+https://webmaster.petalsearch.com/site/petalbot)"
114.119.156.27 - - [14/Jan/2026:22:41:25 +0700] "GET /shop/page/3/?per_row=2&shop_view=grid&stock_status=instock,onsale HTTP/1.1" 301 620 "https://view.lotushomemade.com/shop?per_row=2&shop_view=grid&stock_status=instock%2Consale" "Mozilla/5.0 (Linux; Android 7.0;) AppleWebKit/537.36 (KHTML, like Gecko) Mobile Safari/537.36 (compatible; PetalBot;+https://webmaster.petalsearch.com/site/petalbot)"
114.119.156.27 - - [14/Jan/2026:22:41:26 +0700] "GET /shop/page/3/?per_row=2&shop_view=grid&stock_status=instock,onsale HTTP/1.1" 301 620 "https://view.lotushomemade.com/shop?per_row=2&shop_view=grid&stock_status=instock%2Consale" "Mozilla/5.0 (Linux; Android 7.0;) AppleWebKit/537.36 (KHTML, like Gecko) Mobile Safari/537.36 (compatible; PetalBot;+https://webmaster.petalsearch.com/site/petalbot)"
114.119.156.27 - - [14/Jan/2026:22:41:26 +0700] "GET /shop/page/3/?per_row=2&shop_view=grid&stock_status=instock,onsale HTTP/1.1" 301 620 "https://view.lotushomemade.com/shop?per_row=2&shop_view=grid&stock_status=instock%2Consale" "Mozilla/5.0 (Linux; Android 7.0;) AppleWebKit/537.36 (KHTML, like Gecko) Mobile Safari/537.36 (compatible; PetalBot;+https://webmaster.petalsearch.com/site/petalbot)"
114.119.156.27 - - [14/Jan/2026:22:41:27 +0700] "GET /shop/page/3/?per_row=2&shop_view=grid&stock_status=instock,onsale HTTP/1.1" 301 620 "https://view.lotushomemade.com/shop?per_row=2&shop_view=grid&stock_status=instock%2Consale" "Mozilla/5.0 (Linux; Android 7.0;) AppleWebKit/537.36 (KHTML, like Gecko) Mobile Safari/537.36 (compatible; PetalBot;+https://webmaster.petalsearch.com/site/petalbot)"
114.119.156.27 - - [14/Jan/2026:22:41:27 +0700] "GET /shop/page/3/?per_row=2&shop_view=grid&stock_status=instock,onsale HTTP/1.1" 301 620 "https://view.lotushomemade.com/shop?per_row=2&shop_view=grid&stock_status=instock%2Consale" "Mozilla/5.0 (Linux; Android 7.0;) AppleWebKit/537.36 (KHTML, like Gecko) Mobile Safari/537.36 (compatible; PetalBot;+https://webmaster.petalsearch.com/site/petalbot)"
114.119.156.27 - - [14/Jan/2026:22:41:27 +0700] "GET /shop/page/3/?per_row=2&shop_view=grid&stock_status=instock,onsale HTTP/1.1" 301 620 "https://view.lotushomemade.com/shop?per_row=2&shop_view=grid&stock_status=instock%2Consale" "Mozilla/5.0 (Linux; Android 7.0;) AppleWebKit/537.36 (KHTML, like Gecko) Mobile Safari/537.36 (compatible; PetalBot;+https://webmaster.petalsearch.com/site/petalbot)"
114.119.156.27 - - [14/Jan/2026:22:41:28 +0700] "GET /shop/page/3/?per_row=2&shop_view=grid&stock_status=instock,onsale HTTP/1.1" 301 620 "https://view.lotushomemade.com/shop?per_row=2&shop_view=grid&stock_status=instock%2Consale" "Mozilla/5.0 (Linux; Android 7.0;) AppleWebKit/537.36 (KHTML, like Gecko) Mobile Safari/537.36 (compatible; PetalBot;+https://webmaster.petalsearch.com/site/petalbot)"
114.119.156.27 - - [14/Jan/2026:22:41:28 +0700] "GET /shop/page/3/?per_row=2&shop_view=grid&stock_status=instock,onsale HTTP/1.1" 301 620 "https://view.lotushomemade.com/shop?per_row=2&shop_view=grid&stock_status=instock%2Consale" "Mozilla/5.0 (Linux; Android 7.0;) AppleWebKit/537.36 (KHTML, like Gecko) Mobile Safari/537.36 (compatible; PetalBot;+https://webmaster.petalsearch.com/site/petalbot)"
114.119.142.208 - - [14/Jan/2026:22:42:45 +0700] "GET /shop/page/3/?min_price=0&per_row=2&shop_view=grid&stock_status=onsale HTTP/1.1" 200 40003 "https://view.lotushomemade.com/shop/page/19/?min_price=0&per_row=2&shop_view=grid&stock_status=onsale" "Mozilla/5.0 (Linux; Android 7.0;) AppleWebKit/537.36 (KHTML, like Gecko) Mobile Safari/537.36 (compatible; PetalBot;+https://webmaster.petalsearch.com/site/petalbot)"
57.141.16.32 - - [14/Jan/2026:22:43:30 +0700] "GET /shop/page/16/?stock_status=instock%2Consale&per_row=4&per_page=18&shop_view=grid HTTP/2" 200 260095 "-" "meta-externalagent/1.1 (+https://developers.facebook.com/docs/sharing/webmasters/crawler)"
114.119.145.110 - - [14/Jan/2026:22:44:08 +0700] "GET /shop/page/3/?min_price=0&per_page=12&shop_view=grid&per_row=2 HTTP/1.1" 200 40027 "https://view.lotushomemade.com/shop/page/27/?min_price=0&per_page=12&shop_view=grid&per_row=2" "Mozilla/5.0 (Linux; Android 7.0;) AppleWebKit/537.36 (KHTML, like Gecko) Mobile Safari/537.36 (compatible; PetalBot;+https://webmaster.petalsearch.com/site/petalbot)"
103.131.51.123 - - [14/Jan/2026:22:45:37 +0700] "POST /wp-cron.php?doing_wp_cron=1768405536.8858819007873535156250 HTTP/1.1" 200 474 "-" "WordPress/6.9; https://view.lotushomemade.com"
114.119.149.78 - - [14/Jan/2026:22:45:33 +0700] "GET /shop/page/3/?max_price=520&per_row=6&per_page=24&shop_view=grid HTTP/1.1" 200 42597 "https://view.lotushomemade.com/shop/page/8/?max_price=520&per_row=6&per_page=24&shop_view=grid" "Mozilla/5.0 (Linux; Android 7.0;) AppleWebKit/537.36 (KHTML, like Gecko) Mobile Safari/537.36 (compatible; PetalBot;+https://webmaster.petalsearch.com/site/petalbot)"
103.131.51.123 - - [14/Jan/2026:22:47:00 +0700] "POST /wp-cron.php?doing_wp_cron=1768405620.9004750251770019531250 HTTP/1.1" 200 474 "-" "WordPress/6.9; https://view.lotushomemade.com"
114.119.151.206 - - [14/Jan/2026:22:46:57 +0700] "GET /shop/page/3/?max_price=1040&stock_status=onsale&shop_view=grid&per_row=6 HTTP/1.1" 200 40187 "https://view.lotushomemade.com/shop/page/23/?max_price=1040&stock_status=onsale&shop_view=grid&per_row=6" "Mozilla/5.0 (Linux; Android 7.0;) AppleWebKit/537.36 (KHTML, like Gecko) Mobile Safari/537.36 (compatible; PetalBot;+https://webmaster.petalsearch.com/site/petalbot)"
103.131.51.123 - - [14/Jan/2026:22:48:23 +0700] "POST /wp-cron.php?doing_wp_cron=1768405703.6106400489807128906250 HTTP/1.1" 200 474 "-" "WordPress/6.9; https://view.lotushomemade.com"
114.119.150.215 - - [14/Jan/2026:22:48:19 +0700] "GET /shop/page/3/?max_price=1040&per_page=8 HTTP/1.1" 200 39490 "https://view.lotushomemade.com/shop/page/1?max_price=1040&per_page=8" "Mozilla/5.0 (Linux; Android 7.0;) AppleWebKit/537.36 (KHTML, like Gecko) Mobile Safari/537.36 (compatible; PetalBot;+https://webmaster.petalsearch.com/site/petalbot)"
103.131.51.123 - - [14/Jan/2026:22:49:47 +0700] "POST /wp-cron.php?doing_wp_cron=1768405787.6920781135559082031250 HTTP/1.1" 200 474 "-" "WordPress/6.9; https://view.lotushomemade.com"
114.119.149.78 - - [14/Jan/2026:22:49:43 +0700] "GET /shop/page/3/?max_price=1040&per_page=18&shop_view=grid&per_row=2 HTTP/1.1" 200 41882 "https://view.lotushomemade.com/shop/page/8/?max_price=1040&per_page=18&shop_view=grid&per_row=2" "Mozilla/5.0 (Linux; Android 7.0;) AppleWebKit/537.36 (KHTML, like Gecko) Mobile Safari/537.36 (compatible; PetalBot;+https://webmaster.petalsearch.com/site/petalbot)"
57.141.16.58 - - [14/Jan/2026:22:49:49 +0700] "GET /product-category/traditional-cookies-series/page/1/?per_row=4&per_page=24&shop_view=grid&stock_status=instock HTTP/2" 301 0 "-" "meta-externalagent/1.1 (+https://developers.facebook.com/docs/sharing/webmasters/crawler)"
57.141.16.67 - - [14/Jan/2026:22:50:52 +0700] "GET /product-category/traditional-cookies-series/100-vegan-traditional-cookies-series/?per_page=24&shop_view=grid&per_row=2 HTTP/2" 200 247610 "-" "meta-externalagent/1.1 (+https://developers.facebook.com/docs/sharing/webmasters/crawler)"
114.119.150.215 - - [14/Jan/2026:22:51:08 +0700] "GET /shop?orderby=price&stock_status=instock,onsale&filter_brand=blessing-food&per_page=18 HTTP/1.1" 301 597 "https://view.lotushomemade.com/shop?orderby=price&stock_status=instock%2Consale&filter_brand=blessing-food" "Mozilla/5.0 (Linux; Android 7.0;) AppleWebKit/537.36 (KHTML, like Gecko) Mobile Safari/537.36 (compatible; PetalBot;+https://webmaster.petalsearch.com/site/petalbot)"
114.119.150.215 - - [14/Jan/2026:22:51:09 +0700] "GET /shop/?orderby=price&stock_status=instock,onsale&filter_brand=blessing-food&per_page=18 HTTP/1.1" 200 38696 "https://view.lotushomemade.com/shop?orderby=price&stock_status=instock%2Consale&filter_brand=blessing-food" "Mozilla/5.0 (Linux; Android 7.0;) AppleWebKit/537.36 (KHTML, like Gecko) Mobile Safari/537.36 (compatible; PetalBot;+https://webmaster.petalsearch.com/site/petalbot)"
40.77.167.144 - - [14/Jan/2026:22:51:53 +0700] "GET /wp-content/uploads/2023/11/1102-430x430.png HTTP/2" 200 302464 "-" "Mozilla/5.0 AppleWebKit/537.36 (KHTML, like Gecko; compatible; bingbot/2.0; +http://www.bing.com/bingbot.htm) Chrome/116.0.1938.76 Safari/537.36"
103.131.51.123 - - [14/Jan/2026:22:52:36 +0700] "POST /wp-cron.php?doing_wp_cron=1768405956.5043010711669921875000 HTTP/1.1" 200 474 "-" "WordPress/6.9; https://view.lotushomemade.com"
114.119.151.206 - - [14/Jan/2026:22:52:34 +0700] "GET /shop?orderby=date&per_row=6&shop_view=grid&per_page=18 HTTP/1.1" 301 654 "https://view.lotushomemade.com/shop?orderby=date&per_row=6&shop_view=grid&per_page=18" "Mozilla/5.0 (Linux; Android 7.0;) AppleWebKit/537.36 (KHTML, like Gecko) Mobile Safari/537.36 (compatible; PetalBot;+https://webmaster.petalsearch.com/site/petalbot)"
114.119.151.206 - - [14/Jan/2026:22:52:36 +0700] "GET /shop/?orderby=date&per_row=6&shop_view=grid&per_page=18 HTTP/1.1" 200 41962 "https://view.lotushomemade.com/shop?orderby=date&per_row=6&shop_view=grid&per_page=18" "Mozilla/5.0 (Linux; Android 7.0;) AppleWebKit/537.36 (KHTML, like Gecko) Mobile Safari/537.36 (compatible; PetalBot;+https://webmaster.petalsearch.com/site/petalbot)"
114.119.142.208 - - [14/Jan/2026:22:53:55 +0700] "GET /shop/page/6/?max_price=1040 HTTP/1.1" 200 40126 "https://view.lotushomemade.com/shop/page/5?max_price=1040" "Mozilla/5.0 (Linux; Android 7.0;) AppleWebKit/537.36 (KHTML, like Gecko) Mobile Safari/537.36 (compatible; PetalBot;+https://webmaster.petalsearch.com/site/petalbot)"
114.119.149.78 - - [14/Jan/2026:22:55:19 +0700] "GET /shop/page/5/?max_price=520&per_row=6&per_page=18&shop_view=grid HTTP/1.1" 200 41080 "https://view.lotushomemade.com/shop/page/8/?max_price=520&per_row=6&per_page=18&shop_view=grid" "Mozilla/5.0 (Linux; Android 7.0;) AppleWebKit/537.36 (KHTML, like Gecko) Mobile Safari/537.36 (compatible; PetalBot;+https://webmaster.petalsearch.com/site/petalbot)"
57.141.16.29 - - [14/Jan/2026:22:55:31 +0700] "GET /product-category/traditional-cookies-series/page/8/?per_row=4&per_page=8&shop_view=grid&stock_status=instock%2Consale HTTP/2" 200 230789 "-" "meta-externalagent/1.1 (+https://developers.facebook.com/docs/sharing/webmasters/crawler)"
114.119.148.197 - - [14/Jan/2026:22:56:42 +0700] "GET /shop/page/5/?max_price=1050&per_page=8&stock_status=onsale HTTP/1.1" 200 39569 "https://view.lotushomemade.com/shop/page/6/?max_price=1050&per_page=8&stock_status=onsale" "Mozilla/5.0 (Linux; Android 7.0;) AppleWebKit/537.36 (KHTML, like Gecko) Mobile Safari/537.36 (compatible; PetalBot;+https://webmaster.petalsearch.com/site/petalbot)"
103.131.51.123 - - [14/Jan/2026:22:58:09 +0700] "POST /wp-cron.php?doing_wp_cron=1768406289.8928229808807373046875 HTTP/1.1" 200 474 "-" "WordPress/6.9; https://view.lotushomemade.com"
114.119.156.27 - - [14/Jan/2026:22:58:07 +0700] "GET /shop/page/4?stock_status=instock,onsale&shop_view=grid&per_row=4 HTTP/1.1" 301 620 "https://view.lotushomemade.com/shop?stock_status=instock%2Consale&shop_view=grid&per_row=4" "Mozilla/5.0 (Linux; Android 7.0;) AppleWebKit/537.36 (KHTML, like Gecko) Mobile Safari/537.36 (compatible; PetalBot;+https://webmaster.petalsearch.com/site/petalbot)"
114.119.156.27 - - [14/Jan/2026:22:58:10 +0700] "GET /shop/page/4/?stock_status=instock,onsale&shop_view=grid&per_row=4 HTTP/1.1" 301 620 "https://view.lotushomemade.com/shop?stock_status=instock%2Consale&shop_view=grid&per_row=4" "Mozilla/5.0 (Linux; Android 7.0;) AppleWebKit/537.36 (KHTML, like Gecko) Mobile Safari/537.36 (compatible; PetalBot;+https://webmaster.petalsearch.com/site/petalbot)"
103.131.51.123 - - [14/Jan/2026:22:58:12 +0700] "POST /wp-cron.php?doing_wp_cron=1768406292.4890899658203125000000 HTTP/1.1" 200 474 "-" "WordPress/6.9; https://view.lotushomemade.com"
114.119.156.27 - - [14/Jan/2026:22:58:12 +0700] "GET /shop/page/4/?stock_status=instock,onsale&shop_view=grid&per_row=4 HTTP/1.1" 301 620 "https://view.lotushomemade.com/shop?stock_status=instock%2Consale&shop_view=grid&per_row=4" "Mozilla/5.0 (Linux; Android 7.0;) AppleWebKit/537.36 (KHTML, like Gecko) Mobile Safari/537.36 (compatible; PetalBot;+https://webmaster.petalsearch.com/site/petalbot)"
114.119.156.27 - - [14/Jan/2026:22:58:12 +0700] "GET /shop/page/4/?stock_status=instock,onsale&shop_view=grid&per_row=4 HTTP/1.1" 301 620 "https://view.lotushomemade.com/shop?stock_status=instock%2Consale&shop_view=grid&per_row=4" "Mozilla/5.0 (Linux; Android 7.0;) AppleWebKit/537.36 (KHTML, like Gecko) Mobile Safari/537.36 (compatible; PetalBot;+https://webmaster.petalsearch.com/site/petalbot)"
114.119.156.27 - - [14/Jan/2026:22:58:13 +0700] "GET /shop/page/4/?stock_status=instock,onsale&shop_view=grid&per_row=4 HTTP/1.1" 301 620 "https://view.lotushomemade.com/shop?stock_status=instock%2Consale&shop_view=grid&per_row=4" "Mozilla/5.0 (Linux; Android 7.0;) AppleWebKit/537.36 (KHTML, like Gecko) Mobile Safari/537.36 (compatible; PetalBot;+https://webmaster.petalsearch.com/site/petalbot)"
114.119.156.27 - - [14/Jan/2026:22:58:13 +0700] "GET /shop/page/4/?stock_status=instock,onsale&shop_view=grid&per_row=4 HTTP/1.1" 301 620 "https://view.lotushomemade.com/shop?stock_status=instock%2Consale&shop_view=grid&per_row=4" "Mozilla/5.0 (Linux; Android 7.0;) AppleWebKit/537.36 (KHTML, like Gecko) Mobile Safari/537.36 (compatible; PetalBot;+https://webmaster.petalsearch.com/site/petalbot)"
114.119.156.27 - - [14/Jan/2026:22:58:14 +0700] "GET /shop/page/4/?stock_status=instock,onsale&shop_view=grid&per_row=4 HTTP/1.1" 301 620 "https://view.lotushomemade.com/shop?stock_status=instock%2Consale&shop_view=grid&per_row=4" "Mozilla/5.0 (Linux; Android 7.0;) AppleWebKit/537.36 (KHTML, like Gecko) Mobile Safari/537.36 (compatible; PetalBot;+https://webmaster.petalsearch.com/site/petalbot)"
114.119.156.27 - - [14/Jan/2026:22:58:14 +0700] "GET /shop/page/4/?stock_status=instock,onsale&shop_view=grid&per_row=4 HTTP/1.1" 301 620 "https://view.lotushomemade.com/shop?stock_status=instock%2Consale&shop_view=grid&per_row=4" "Mozilla/5.0 (Linux; Android 7.0;) AppleWebKit/537.36 (KHTML, like Gecko) Mobile Safari/537.36 (compatible; PetalBot;+https://webmaster.petalsearch.com/site/petalbot)"
114.119.156.27 - - [14/Jan/2026:22:58:14 +0700] "GET /shop/page/4/?stock_status=instock,onsale&shop_view=grid&per_row=4 HTTP/1.1" 301 620 "https://view.lotushomemade.com/shop?stock_status=instock%2Consale&shop_view=grid&per_row=4" "Mozilla/5.0 (Linux; Android 7.0;) AppleWebKit/537.36 (KHTML, like Gecko) Mobile Safari/537.36 (compatible; PetalBot;+https://webmaster.petalsearch.com/site/petalbot)"
114.119.156.27 - - [14/Jan/2026:22:58:15 +0700] "GET /shop/page/4/?stock_status=instock,onsale&shop_view=grid&per_row=4 HTTP/1.1" 301 620 "https://view.lotushomemade.com/shop?stock_status=instock%2Consale&shop_view=grid&per_row=4" "Mozilla/5.0 (Linux; Android 7.0;) AppleWebKit/537.36 (KHTML, like Gecko) Mobile Safari/537.36 (compatible; PetalBot;+https://webmaster.petalsearch.com/site/petalbot)"
57.141.16.37 - - [14/Jan/2026:22:59:08 +0700] "GET /product-category/traditional-cookies-series/page/15/?stock_status=onsale&per_row=6&per_page=8&shop_view=grid HTTP/2" 200 231780 "-" "meta-externalagent/1.1 (+https://developers.facebook.com/docs/sharing/webmasters/crawler)"
114.119.149.78 - - [14/Jan/2026:22:59:33 +0700] "GET /shop/page/4?per_row=2&per_page=12&shop_view=grid&stock_status=instock HTTP/1.1" 301 669 "https://view.lotushomemade.com/shop?per_row=2&per_page=12&shop_view=grid&stock_status=instock" "Mozilla/5.0 (Linux; Android 7.0;) AppleWebKit/537.36 (KHTML, like Gecko) Mobile Safari/537.36 (compatible; PetalBot;+https://webmaster.petalsearch.com/site/petalbot)"
114.119.149.78 - - [14/Jan/2026:22:59:33 +0700] "GET /shop/page/4/?per_row=2&per_page=12&shop_view=grid&stock_status=instock HTTP/1.1" 200 40289 "https://view.lotushomemade.com/shop?per_row=2&per_page=12&shop_view=grid&stock_status=instock" "Mozilla/5.0 (Linux; Android 7.0;) AppleWebKit/537.36 (KHTML, like Gecko) Mobile Safari/537.36 (compatible; PetalBot;+https://webmaster.petalsearch.com/site/petalbot)"
103.131.51.123 - - [14/Jan/2026:23:00:59 +0700] "POST /wp-cron.php?doing_wp_cron=1768406458.9594891071319580078125 HTTP/1.1" 200 474 "-" "WordPress/6.9; https://view.lotushomemade.com"
114.119.148.197 - - [14/Jan/2026:23:00:55 +0700] "GET /shop/page/47/?min_price=0&per_page=8&stock_status=instock HTTP/1.1" 200 39508 "https://view.lotushomemade.com/shop/page/48?min_price=0&per_page=8&stock_status=instock" "Mozilla/5.0 (Linux; Android 7.0;) AppleWebKit/537.36 (KHTML, like Gecko) Mobile Safari/537.36 (compatible; PetalBot;+https://webmaster.petalsearch.com/site/petalbot)"
103.131.51.123 - - [14/Jan/2026:23:02:22 +0700] "POST /wp-cron.php?doing_wp_cron=1768406542.0003271102905273437500 HTTP/1.1" 200 474 "-" "WordPress/6.9; https://view.lotushomemade.com"
114.119.151.206 - - [14/Jan/2026:23:02:18 +0700] "GET /shop/page/44/?max_price=1050&per_page=8&stock_status=onsale HTTP/1.1" 200 39687 "https://view.lotushomemade.com/shop/page/45/?max_price=1050&per_page=8&stock_status=onsale" "Mozilla/5.0 (Linux; Android 7.0;) AppleWebKit/537.36 (KHTML, like Gecko) Mobile Safari/537.36 (compatible; PetalBot;+https://webmaster.petalsearch.com/site/petalbot)"
103.131.51.123 - - [14/Jan/2026:23:03:35 +0700] "POST /wp-cron.php?doing_wp_cron=1768406615.6823399066925048828125 HTTP/1.1" 200 474 "-" "WordPress/6.9; https://view.lotushomemade.com"
190.212.216.28 - - [14/Jan/2026:23:03:33 +0700] "GET /product/cashewnut-cookies-l/?add-to-cart=8665 HTTP/1.1" 200 38622 "-" "Mozilla/5.0 (compatible; MSIE 9.0; Windows NT 5.1; Trident/3.0)"
114.119.130.97 - - [14/Jan/2026:23:03:41 +0700] "GET /shop/page/43?per_row=2&per_page=8&shop_view=grid&stock_status=instock HTTP/1.1" 301 668 "https://view.lotushomemade.com/shop/page/40?per_row=2&per_page=8&shop_view=grid&stock_status=instock" "Mozilla/5.0 (Linux; Android 7.0;) AppleWebKit/537.36 (KHTML, like Gecko) Mobile Safari/537.36 (compatible; PetalBot;+https://webmaster.petalsearch.com/site/petalbot)"
114.119.130.97 - - [14/Jan/2026:23:03:41 +0700] "GET /shop/page/43/?per_row=2&per_page=8&shop_view=grid&stock_status=instock HTTP/1.1" 200 39352 "https://view.lotushomemade.com/shop/page/40?per_row=2&per_page=8&shop_view=grid&stock_status=instock" "Mozilla/5.0 (Linux; Android 7.0;) AppleWebKit/537.36 (KHTML, like Gecko) Mobile Safari/537.36 (compatible; PetalBot;+https://webmaster.petalsearch.com/site/petalbot)"
57.141.16.58 - - [14/Jan/2026:23:05:06 +0700] "GET /product-category/traditional-cookies-series/page/12/?per_row=2&shop_view=grid&stock_status=instock HTTP/2" 200 243326 "-" "meta-externalagent/1.1 (+https://developers.facebook.com/docs/sharing/webmasters/crawler)"
114.119.130.97 - - [14/Jan/2026:23:05:05 +0700] "GET /shop/page/32/?stock_status=instock&per_page=12&shop_view=grid&per_row=2 HTTP/1.1" 200 40025 "https://view.lotushomemade.com/shop/page/2?stock_status=instock&per_page=12&shop_view=grid&per_row=2" "Mozilla/5.0 (Linux; Android 7.0;) AppleWebKit/537.36 (KHTML, like Gecko) Mobile Safari/537.36 (compatible; PetalBot;+https://webmaster.petalsearch.com/site/petalbot)"
57.141.16.18 - - [14/Jan/2026:23:05:58 +0700] "GET /shop/page/39/?per_page=8&shop_view=grid&per_row=2 HTTP/2" 200 227862 "-" "meta-externalagent/1.1 (+https://developers.facebook.com/docs/sharing/webmasters/crawler)"
103.131.51.123 - - [14/Jan/2026:23:06:30 +0700] "POST /wp-cron.php?doing_wp_cron=1768406790.1732790470123291015625 HTTP/1.1" 200 474 "-" "WordPress/6.9; https://view.lotushomemade.com"
114.119.151.206 - - [14/Jan/2026:23:06:28 +0700] "GET /shop/page/32/?max_price=1050&per_page=8&stock_status=instock HTTP/1.1" 200 39839 "https://view.lotushomemade.com/shop/page/30/?max_price=1050&per_page=8&stock_status=instock" "Mozilla/5.0 (Linux; Android 7.0;) AppleWebKit/537.36 (KHTML, like Gecko) Mobile Safari/537.36 (compatible; PetalBot;+https://webmaster.petalsearch.com/site/petalbot)"
103.131.51.123 - - [14/Jan/2026:23:07:52 +0700] "POST /wp-cron.php?doing_wp_cron=1768406872.7847568988800048828125 HTTP/1.1" 200 474 "-" "WordPress/6.9; https://view.lotushomemade.com"
114.119.130.97 - - [14/Jan/2026:23:07:51 +0700] "GET /shop/page/31/?min_price=0&per_row=4&per_page=8&shop_view=grid HTTP/1.1" 200 39490 "https://view.lotushomemade.com/shop/page/30/?min_price=0&per_row=4&per_page=8&shop_view=grid" "Mozilla/5.0 (Linux; Android 7.0;) AppleWebKit/537.36 (KHTML, like Gecko) Mobile Safari/537.36 (compatible; PetalBot;+https://webmaster.petalsearch.com/site/petalbot)"
68.9.222.172 - - [14/Jan/2026:23:07:57 +0700] "GET /product/red-velvet-almond-flake-s/?add-to-cart=7951 HTTP/1.1" 200 38446 "-" "Mozilla/5.0 (Macintosh; PPC Mac OS X 10_7_8 rv:6.0; ik-CA) AppleWebKit/534.26.7 (KHTML, like Gecko) Version/4.0.4 Safari/534.26.7"
103.131.51.123 - - [14/Jan/2026:23:09:18 +0700] "POST /wp-cron.php?doing_wp_cron=1768406958.0498869419097900390625 HTTP/1.1" 200 474 "-" "WordPress/6.9; https://view.lotushomemade.com"
114.119.156.27 - - [14/Jan/2026:23:09:15 +0700] "GET /shop/page/31/?max_price=1050&per_row=4&shop_view=grid&stock_status=instock,onsale HTTP/1.1" 301 636 "https://view.lotushomemade.com/shop?max_price=1050&per_row=4&shop_view=grid&stock_status=instock%2Consale" "Mozilla/5.0 (Linux; Android 7.0;) AppleWebKit/537.36 (KHTML, like Gecko) Mobile Safari/537.36 (compatible; PetalBot;+https://webmaster.petalsearch.com/site/petalbot)"
114.119.156.27 - - [14/Jan/2026:23:09:18 +0700] "GET /shop/page/31/?max_price=1050&per_row=4&shop_view=grid&stock_status=instock,onsale HTTP/1.1" 301 636 "https://view.lotushomemade.com/shop?max_price=1050&per_row=4&shop_view=grid&stock_status=instock%2Consale" "Mozilla/5.0 (Linux; Android 7.0;) AppleWebKit/537.36 (KHTML, like Gecko) Mobile Safari/537.36 (compatible; PetalBot;+https://webmaster.petalsearch.com/site/petalbot)"
114.119.156.27 - - [14/Jan/2026:23:09:18 +0700] "GET /shop/page/31/?max_price=1050&per_row=4&shop_view=grid&stock_status=instock,onsale HTTP/1.1" 301 636 "https://view.lotushomemade.com/shop?max_price=1050&per_row=4&shop_view=grid&stock_status=instock%2Consale" "Mozilla/5.0 (Linux; Android 7.0;) AppleWebKit/537.36 (KHTML, like Gecko) Mobile Safari/537.36 (compatible; PetalBot;+https://webmaster.petalsearch.com/site/petalbot)"
114.119.156.27 - - [14/Jan/2026:23:09:19 +0700] "GET /shop/page/31/?max_price=1050&per_row=4&shop_view=grid&stock_status=instock,onsale HTTP/1.1" 301 636 "https://view.lotushomemade.com/shop?max_price=1050&per_row=4&shop_view=grid&stock_status=instock%2Consale" "Mozilla/5.0 (Linux; Android 7.0;) AppleWebKit/537.36 (KHTML, like Gecko) Mobile Safari/537.36 (compatible; PetalBot;+https://webmaster.petalsearch.com/site/petalbot)"
114.119.156.27 - - [14/Jan/2026:23:09:19 +0700] "GET /shop/page/31/?max_price=1050&per_row=4&shop_view=grid&stock_status=instock,onsale HTTP/1.1" 301 636 "https://view.lotushomemade.com/shop?max_price=1050&per_row=4&shop_view=grid&stock_status=instock%2Consale" "Mozilla/5.0 (Linux; Android 7.0;) AppleWebKit/537.36 (KHTML, like Gecko) Mobile Safari/537.36 (compatible; PetalBot;+https://webmaster.petalsearch.com/site/petalbot)"
114.119.156.27 - - [14/Jan/2026:23:09:20 +0700] "GET /shop/page/31/?max_price=1050&per_row=4&shop_view=grid&stock_status=instock,onsale HTTP/1.1" 301 636 "https://view.lotushomemade.com/shop?max_price=1050&per_row=4&shop_view=grid&stock_status=instock%2Consale" "Mozilla/5.0 (Linux; Android 7.0;) AppleWebKit/537.36 (KHTML, like Gecko) Mobile Safari/537.36 (compatible; PetalBot;+https://webmaster.petalsearch.com/site/petalbot)"
114.119.156.27 - - [14/Jan/2026:23:09:20 +0700] "GET /shop/page/31/?max_price=1050&per_row=4&shop_view=grid&stock_status=instock,onsale HTTP/1.1" 301 636 "https://view.lotushomemade.com/shop?max_price=1050&per_row=4&shop_view=grid&stock_status=instock%2Consale" "Mozilla/5.0 (Linux; Android 7.0;) AppleWebKit/537.36 (KHTML, like Gecko) Mobile Safari/537.36 (compatible; PetalBot;+https://webmaster.petalsearch.com/site/petalbot)"
114.119.156.27 - - [14/Jan/2026:23:09:21 +0700] "GET /shop/page/31/?max_price=1050&per_row=4&shop_view=grid&stock_status=instock,onsale HTTP/1.1" 301 636 "https://view.lotushomemade.com/shop?max_price=1050&per_row=4&shop_view=grid&stock_status=instock%2Consale" "Mozilla/5.0 (Linux; Android 7.0;) AppleWebKit/537.36 (KHTML, like Gecko) Mobile Safari/537.36 (compatible; PetalBot;+https://webmaster.petalsearch.com/site/petalbot)"
114.119.156.27 - - [14/Jan/2026:23:09:22 +0700] "GET /shop/page/31/?max_price=1050&per_row=4&shop_view=grid&stock_status=instock,onsale HTTP/1.1" 301 636 "https://view.lotushomemade.com/shop?max_price=1050&per_row=4&shop_view=grid&stock_status=instock%2Consale" "Mozilla/5.0 (Linux; Android 7.0;) AppleWebKit/537.36 (KHTML, like Gecko) Mobile Safari/537.36 (compatible; PetalBot;+https://webmaster.petalsearch.com/site/petalbot)"
114.119.156.27 - - [14/Jan/2026:23:09:23 +0700] "GET /shop/page/31/?max_price=1050&per_row=4&shop_view=grid&stock_status=instock,onsale HTTP/1.1" 301 636 "https://view.lotushomemade.com/shop?max_price=1050&per_row=4&shop_view=grid&stock_status=instock%2Consale" "Mozilla/5.0 (Linux; Android 7.0;) AppleWebKit/537.36 (KHTML, like Gecko) Mobile Safari/537.36 (compatible; PetalBot;+https://webmaster.petalsearch.com/site/petalbot)"
103.131.51.123 - - [14/Jan/2026:23:09:40 +0700] "POST /wp-cron.php?doing_wp_cron=1768406979.9786810874938964843750 HTTP/1.1" 200 474 "-" "WordPress/6.9; https://view.lotushomemade.com"
57.141.16.5 - - [14/Jan/2026:23:09:37 +0700] "GET /shop/page/13/?add-to-cart=17167 HTTP/2" 200 240835 "-" "meta-externalagent/1.1 (+https://developers.facebook.com/docs/sharing/webmasters/crawler)"
103.131.51.123 - - [14/Jan/2026:23:10:40 +0700] "POST /wp-cron.php?doing_wp_cron=1768407040.7032558917999267578125 HTTP/1.1" 200 474 "-" "WordPress/6.9; https://view.lotushomemade.com"
114.119.142.208 - - [14/Jan/2026:23:10:38 +0700] "GET /shop/page/30/?orderby=rating&stock_status=instock&per_row=2&shop_view=grid HTTP/1.1" 200 39484 "https://view.lotushomemade.com/shop/page/20?orderby=rating&stock_status=instock&per_row=2&shop_view=grid" "Mozilla/5.0 (Linux; Android 7.0;) AppleWebKit/537.36 (KHTML, like Gecko) Mobile Safari/537.36 (compatible; PetalBot;+https://webmaster.petalsearch.com/site/petalbot)"
103.131.51.123 - - [14/Jan/2026:23:12:09 +0700] "POST /wp-cron.php?doing_wp_cron=1768407128.9459869861602783203125 HTTP/1.1" 200 474 "-" "WordPress/6.9; https://view.lotushomemade.com"
114.119.148.197 - - [14/Jan/2026:23:12:04 +0700] "GET /shop/page/3/?orderby=popularity&per_row=6&shop_view=grid&per_page=8 HTTP/1.1" 200 39350 "https://view.lotushomemade.com/shop/page/38/?orderby=popularity&per_row=6&shop_view=grid&per_page=8" "Mozilla/5.0 (Linux; Android 7.0;) AppleWebKit/537.36 (KHTML, like Gecko) Mobile Safari/537.36 (compatible; PetalBot;+https://webmaster.petalsearch.com/site/petalbot)"
103.131.51.123 - - [14/Jan/2026:23:13:28 +0700] "POST /wp-cron.php?doing_wp_cron=1768407208.4939060211181640625000 HTTP/1.1" 200 474 "-" "WordPress/6.9; https://view.lotushomemade.com"
114.119.148.197 - - [14/Jan/2026:23:13:25 +0700] "GET /shop?max_price=780&stock_status=instock,onsale&per_row=6&shop_view=grid HTTP/1.1" 301 625 "-" "Mozilla/5.0 (Linux; Android 7.0;) AppleWebKit/537.36 (KHTML, like Gecko) Mobile Safari/537.36 (compatible; PetalBot;+https://webmaster.petalsearch.com/site/petalbot)"
114.119.148.197 - - [14/Jan/2026:23:13:28 +0700] "GET /shop/?max_price=780&stock_status=instock,onsale&per_row=6&shop_view=grid HTTP/1.1" 200 41267 "-" "Mozilla/5.0 (Linux; Android 7.0;) AppleWebKit/537.36 (KHTML, like Gecko) Mobile Safari/537.36 (compatible; PetalBot;+https://webmaster.petalsearch.com/site/petalbot)"
103.131.51.123 - - [14/Jan/2026:23:14:55 +0700] "POST /wp-cron.php?doing_wp_cron=1768407295.4400300979614257812500 HTTP/1.1" 200 474 "-" "WordPress/6.9; https://view.lotushomemade.com"
114.119.150.215 - - [14/Jan/2026:23:14:51 +0700] "GET /shop/page/5/?orderby=price-desc&per_row=4&shop_view=grid HTTP/1.1" 200 40042 "https://view.lotushomemade.com/shop/page/2/?orderby=price-desc&per_row=4&shop_view=grid" "Mozilla/5.0 (Linux; Android 7.0;) AppleWebKit/537.36 (KHTML, like Gecko) Mobile Safari/537.36 (compatible; PetalBot;+https://webmaster.petalsearch.com/site/petalbot)"
103.131.51.123 - - [14/Jan/2026:23:16:16 +0700] "POST /wp-cron.php?doing_wp_cron=1768407375.8092451095581054687500 HTTP/1.1" 200 474 "-" "WordPress/6.9; https://view.lotushomemade.com"
114.119.151.206 - - [14/Jan/2026:23:16:13 +0700] "GET /shop/page/3?per_row=4&shop_view=grid&per_page=8 HTTP/1.1" 301 646 "https://view.lotushomemade.com/shop?per_row=4&shop_view=grid&per_page=8" "Mozilla/5.0 (Linux; Android 7.0;) AppleWebKit/537.36 (KHTML, like Gecko) Mobile Safari/537.36 (compatible; PetalBot;+https://webmaster.petalsearch.com/site/petalbot)"
114.119.151.206 - - [14/Jan/2026:23:16:16 +0700] "GET /shop/page/3/?per_row=4&shop_view=grid&per_page=8 HTTP/1.1" 200 39369 "https://view.lotushomemade.com/shop?per_row=4&shop_view=grid&per_page=8" "Mozilla/5.0 (Linux; Android 7.0;) AppleWebKit/537.36 (KHTML, like Gecko) Mobile Safari/537.36 (compatible; PetalBot;+https://webmaster.petalsearch.com/site/petalbot)"
103.131.51.123 - - [14/Jan/2026:23:17:40 +0700] "POST /wp-cron.php?doing_wp_cron=1768407460.5007140636444091796875 HTTP/1.1" 200 474 "-" "WordPress/6.9; https://view.lotushomemade.com"
114.119.149.78 - - [14/Jan/2026:23:17:36 +0700] "GET /shop/page/36/?orderby=price&per_page=8&shop_view=grid&per_row=2 HTTP/1.1" 200 39447 "https://view.lotushomemade.com/shop/page/39/?orderby=price&per_page=8&shop_view=grid&per_row=2" "Mozilla/5.0 (Linux; Android 7.0;) AppleWebKit/537.36 (KHTML, like Gecko) Mobile Safari/537.36 (compatible; PetalBot;+https://webmaster.petalsearch.com/site/petalbot)"
43.173.176.124 - - [14/Jan/2026:23:17:55 +0700] "GET / HTTP/1.1" 200 861948 "http://view.lotushomemade.com/" "Mozilla/5.0 (Windows NT 10.0; Win64; x64) AppleWebKit/537.36 (KHTML, like Gecko) Chrome/106.0.5249.119 Safari/537.36"
43.173.179.58 - - [14/Jan/2026:23:18:09 +0700] "GET / HTTP/1.1" 200 861911 "http://view.lotushomemade.com" "Mozilla/5.0 (Windows NT 10.0; Win64; x64) AppleWebKit/537.36 (KHTML, like Gecko) Chrome/103.0.0.0 Safari/537.36"
103.131.51.123 - - [14/Jan/2026:23:19:02 +0700] "POST /wp-cron.php?doing_wp_cron=1768407542.8051860332489013671875 HTTP/1.1" 200 474 "-" "WordPress/6.9; https://view.lotushomemade.com"
114.119.142.208 - - [14/Jan/2026:23:19:01 +0700] "GET /shop/page/32/?orderby=price&per_row=6&shop_view=grid HTTP/1.1" 200 39642 "https://view.lotushomemade.com/shop/page/19/?orderby=price&per_row=6&shop_view=grid" "Mozilla/5.0 (Linux; Android 7.0;) AppleWebKit/537.36 (KHTML, like Gecko) Mobile Safari/537.36 (compatible; PetalBot;+https://webmaster.petalsearch.com/site/petalbot)"
103.131.51.123 - - [14/Jan/2026:23:20:28 +0700] "POST /wp-cron.php?doing_wp_cron=1768407628.3750739097595214843750 HTTP/1.1" 200 474 "-" "WordPress/6.9; https://view.lotushomemade.com"
114.119.148.197 - - [14/Jan/2026:23:20:24 +0700] "GET /shop/page/32/?max_price=1050&stock_status=instock&per_row=4&shop_view=grid HTTP/1.1" 200 40181 "https://view.lotushomemade.com/shop/page/7/?max_price=1050&stock_status=instock&per_row=4&shop_view=grid" "Mozilla/5.0 (Linux; Android 7.0;) AppleWebKit/537.36 (KHTML, like Gecko) Mobile Safari/537.36 (compatible; PetalBot;+https://webmaster.petalsearch.com/site/petalbot)"
103.131.51.123 - - [14/Jan/2026:23:21:51 +0700] "POST /wp-cron.php?doing_wp_cron=1768407711.8656139373779296875000 HTTP/1.1" 200 474 "-" "WordPress/6.9; https://view.lotushomemade.com"
114.119.145.110 - - [14/Jan/2026:23:21:47 +0700] "GET /shop/page/30/?orderby=date&per_page=12&shop_view=grid&per_row=4 HTTP/1.1" 200 39807 "https://view.lotushomemade.com/shop/page/18?orderby=date&per_page=12&shop_view=grid&per_row=4" "Mozilla/5.0 (Linux; Android 7.0;) AppleWebKit/537.36 (KHTML, like Gecko) Mobile Safari/537.36 (compatible; PetalBot;+https://webmaster.petalsearch.com/site/petalbot)"
103.131.51.123 - - [14/Jan/2026:23:23:13 +0700] "POST /wp-cron.php?doing_wp_cron=1768407793.6697599887847900390625 HTTP/1.1" 200 474 "-" "WordPress/6.9; https://view.lotushomemade.com"
114.119.130.97 - - [14/Jan/2026:23:23:11 +0700] "GET /shop/page/2?orderby=popularity&stock_status=instock,onsale&per_row=4&shop_view=grid HTTP/1.1" 301 639 "https://view.lotushomemade.com/shop?orderby=popularity&stock_status=instock%2Consale&per_row=4&shop_view=grid" "Mozilla/5.0 (Linux; Android 7.0;) AppleWebKit/537.36 (KHTML, like Gecko) Mobile Safari/537.36 (compatible; PetalBot;+https://webmaster.petalsearch.com/site/petalbot)"
114.119.130.97 - - [14/Jan/2026:23:23:13 +0700] "GET /shop/page/2/?orderby=popularity&stock_status=instock,onsale&per_row=4&shop_view=grid HTTP/1.1" 301 639 "https://view.lotushomemade.com/shop?orderby=popularity&stock_status=instock%2Consale&per_row=4&shop_view=grid" "Mozilla/5.0 (Linux; Android 7.0;) AppleWebKit/537.36 (KHTML, like Gecko) Mobile Safari/537.36 (compatible; PetalBot;+https://webmaster.petalsearch.com/site/petalbot)"
114.119.130.97 - - [14/Jan/2026:23:23:14 +0700] "GET /shop/page/2/?orderby=popularity&stock_status=instock,onsale&per_row=4&shop_view=grid HTTP/1.1" 301 639 "https://view.lotushomemade.com/shop?orderby=popularity&stock_status=instock%2Consale&per_row=4&shop_view=grid" "Mozilla/5.0 (Linux; Android 7.0;) AppleWebKit/537.36 (KHTML, like Gecko) Mobile Safari/537.36 (compatible; PetalBot;+https://webmaster.petalsearch.com/site/petalbot)"
114.119.130.97 - - [14/Jan/2026:23:23:14 +0700] "GET /shop/page/2/?orderby=popularity&stock_status=instock,onsale&per_row=4&shop_view=grid HTTP/1.1" 301 639 "https://view.lotushomemade.com/shop?orderby=popularity&stock_status=instock%2Consale&per_row=4&shop_view=grid" "Mozilla/5.0 (Linux; Android 7.0;) AppleWebKit/537.36 (KHTML, like Gecko) Mobile Safari/537.36 (compatible; PetalBot;+https://webmaster.petalsearch.com/site/petalbot)"
114.119.130.97 - - [14/Jan/2026:23:23:15 +0700] "GET /shop/page/2/?orderby=popularity&stock_status=instock,onsale&per_row=4&shop_view=grid HTTP/1.1" 301 639 "https://view.lotushomemade.com/shop?orderby=popularity&stock_status=instock%2Consale&per_row=4&shop_view=grid" "Mozilla/5.0 (Linux; Android 7.0;) AppleWebKit/537.36 (KHTML, like Gecko) Mobile Safari/537.36 (compatible; PetalBot;+https://webmaster.petalsearch.com/site/petalbot)"
114.119.130.97 - - [14/Jan/2026:23:23:15 +0700] "GET /shop/page/2/?orderby=popularity&stock_status=instock,onsale&per_row=4&shop_view=grid HTTP/1.1" 301 639 "https://view.lotushomemade.com/shop?orderby=popularity&stock_status=instock%2Consale&per_row=4&shop_view=grid" "Mozilla/5.0 (Linux; Android 7.0;) AppleWebKit/537.36 (KHTML, like Gecko) Mobile Safari/537.36 (compatible; PetalBot;+https://webmaster.petalsearch.com/site/petalbot)"
114.119.130.97 - - [14/Jan/2026:23:23:16 +0700] "GET /shop/page/2/?orderby=popularity&stock_status=instock,onsale&per_row=4&shop_view=grid HTTP/1.1" 301 639 "https://view.lotushomemade.com/shop?orderby=popularity&stock_status=instock%2Consale&per_row=4&shop_view=grid" "Mozilla/5.0 (Linux; Android 7.0;) AppleWebKit/537.36 (KHTML, like Gecko) Mobile Safari/537.36 (compatible; PetalBot;+https://webmaster.petalsearch.com/site/petalbot)"
114.119.130.97 - - [14/Jan/2026:23:23:16 +0700] "GET /shop/page/2/?orderby=popularity&stock_status=instock,onsale&per_row=4&shop_view=grid HTTP/1.1" 301 639 "https://view.lotushomemade.com/shop?orderby=popularity&stock_status=instock%2Consale&per_row=4&shop_view=grid" "Mozilla/5.0 (Linux; Android 7.0;) AppleWebKit/537.36 (KHTML, like Gecko) Mobile Safari/537.36 (compatible; PetalBot;+https://webmaster.petalsearch.com/site/petalbot)"
114.119.130.97 - - [14/Jan/2026:23:23:17 +0700] "GET /shop/page/2/?orderby=popularity&stock_status=instock,onsale&per_row=4&shop_view=grid HTTP/1.1" 301 639 "https://view.lotushomemade.com/shop?orderby=popularity&stock_status=instock%2Consale&per_row=4&shop_view=grid" "Mozilla/5.0 (Linux; Android 7.0;) AppleWebKit/537.36 (KHTML, like Gecko) Mobile Safari/537.36 (compatible; PetalBot;+https://webmaster.petalsearch.com/site/petalbot)"
114.119.130.97 - - [14/Jan/2026:23:23:17 +0700] "GET /shop/page/2/?orderby=popularity&stock_status=instock,onsale&per_row=4&shop_view=grid HTTP/1.1" 301 639 "https://view.lotushomemade.com/shop?orderby=popularity&stock_status=instock%2Consale&per_row=4&shop_view=grid" "Mozilla/5.0 (Linux; Android 7.0;) AppleWebKit/537.36 (KHTML, like Gecko) Mobile Safari/537.36 (compatible; PetalBot;+https://webmaster.petalsearch.com/site/petalbot)"
103.131.51.123 - - [14/Jan/2026:23:23:38 +0700] "POST /wp-cron.php?doing_wp_cron=1768407818.2630629539489746093750 HTTP/1.1" 200 474 "-" "WordPress/6.9; https://view.lotushomemade.com"
57.141.16.66 - - [14/Jan/2026:23:23:36 +0700] "GET /shop/page/13/?add-to-cart=8412 HTTP/2" 200 240835 "-" "meta-externalagent/1.1 (+https://developers.facebook.com/docs/sharing/webmasters/crawler)"
103.131.51.123 - - [14/Jan/2026:23:24:35 +0700] "POST /wp-cron.php?doing_wp_cron=1768407875.5757560729980468750000 HTTP/1.1" 200 474 "-" "WordPress/6.9; https://view.lotushomemade.com"
114.119.151.206 - - [14/Jan/2026:23:24:35 +0700] "GET /shop/page/2?orderby=popularity&per_row=2&shop_view=grid&per_page=18 HTTP/1.1" 301 667 "https://view.lotushomemade.com/shop/page/4?orderby=popularity&per_row=2&shop_view=grid&per_page=18" "Mozilla/5.0 (Linux; Android 7.0;) AppleWebKit/537.36 (KHTML, like Gecko) Mobile Safari/537.36 (compatible; PetalBot;+https://webmaster.petalsearch.com/site/petalbot)"
114.119.151.206 - - [14/Jan/2026:23:24:36 +0700] "GET /shop/page/2/?orderby=popularity&per_row=2&shop_view=grid&per_page=18 HTTP/1.1" 200 41573 "https://view.lotushomemade.com/shop/page/4?orderby=popularity&per_row=2&shop_view=grid&per_page=18" "Mozilla/5.0 (Linux; Android 7.0;) AppleWebKit/537.36 (KHTML, like Gecko) Mobile Safari/537.36 (compatible; PetalBot;+https://webmaster.petalsearch.com/site/petalbot)"
103.131.51.123 - - [14/Jan/2026:23:26:02 +0700] "POST /wp-cron.php?doing_wp_cron=1768407962.6646430492401123046875 HTTP/1.1" 200 474 "-" "WordPress/6.9; https://view.lotushomemade.com"
114.119.156.27 - - [14/Jan/2026:23:25:58 +0700] "GET /shop/page/29/?orderby=price&shop_view=grid&per_row=2 HTTP/1.1" 200 39938 "https://view.lotushomemade.com/shop/page/31/?orderby=price&shop_view=grid&per_row=2" "Mozilla/5.0 (Linux; Android 7.0;) AppleWebKit/537.36 (KHTML, like Gecko) Mobile Safari/537.36 (compatible; PetalBot;+https://webmaster.petalsearch.com/site/petalbot)"
103.131.51.123 - - [14/Jan/2026:23:26:41 +0700] "POST /wp-cron.php?doing_wp_cron=1768408001.4469749927520751953125 HTTP/1.1" 200 474 "-" "WordPress/6.9; https://view.lotushomemade.com"
43.173.174.21 - - [14/Jan/2026:23:26:40 +0700] "GET /product/macau-almond-green-beans-s HTTP/1.1" 301 537 "-" "Mozilla/5.0 (Windows NT 10.0; Win64; x64) AppleWebKit/537.36 (KHTML, like Gecko) Chrome/116.0.0.0 Safari/537.36"
43.173.174.21 - - [14/Jan/2026:23:26:41 +0700] "GET /product/macau-almond-green-beans-s/ HTTP/1.1" 200 44868 "https://view.lotushomemade.com/product/macau-almond-green-beans-s" "Mozilla/5.0 (Windows NT 10.0; Win64; x64) AppleWebKit/537.36 (KHTML, like Gecko) Chrome/116.0.0.0 Safari/537.36"
43.173.174.175 - - [14/Jan/2026:23:26:44 +0700] "GET /wp-content/themes/woodmart/css/parts/page-title.min.css?ver=7.2.5 HTTP/1.1" 200 877 "https://view.lotushomemade.com/product/macau-almond-green-beans-s" "Mozilla/5.0 (Windows NT 10.0; Win64; x64) AppleWebKit/537.36 (KHTML, like Gecko) Chrome/116.0.0.0 Safari/537.36"
43.173.173.192 - - [14/Jan/2026:23:26:44 +0700] "GET /wp-content/themes/woodmart/css/parts/opt-off-canvas-sidebar.min.css?ver=7.2.5 HTTP/1.1" 200 1327 "https://view.lotushomemade.com/product/macau-almond-green-beans-s" "Mozilla/5.0 (Windows NT 10.0; Win64; x64) AppleWebKit/537.36 (KHTML, like Gecko) Chrome/116.0.0.0 Safari/537.36"
43.173.180.184 - - [14/Jan/2026:23:26:46 +0700] "GET /wp-content/themes/woodmart/js/scripts/wc/cartWidget.min.js?ver=7.2.5 HTTP/1.1" 200 998 "https://view.lotushomemade.com/product/macau-almond-green-beans-s" "Mozilla/5.0 (Windows NT 10.0; Win64; x64) AppleWebKit/537.36 (KHTML, like Gecko) Chrome/116.0.0.0 Safari/537.36"
43.173.181.238 - - [14/Jan/2026:23:26:46 +0700] "GET /wp-content/themes/woodmart/js/libs/photoswipe-bundle.min.js?ver=7.2.5 HTTP/1.1" 200 15430 "https://view.lotushomemade.com/product/macau-almond-green-beans-s" "Mozilla/5.0 (Windows NT 10.0; Win64; x64) AppleWebKit/537.36 (KHTML, like Gecko) Chrome/116.0.0.0 Safari/537.36"
43.173.179.11 - - [14/Jan/2026:23:26:46 +0700] "GET /wp-content/plugins/woocommerce/assets/js/frontend/cart-fragments.min.js?ver=8.2.1 HTTP/1.1" 200 1674 "https://view.lotushomemade.com/product/macau-almond-green-beans-s" "Mozilla/5.0 (Windows NT 10.0; Win64; x64) AppleWebKit/537.36 (KHTML, like Gecko) Chrome/116.0.0.0 Safari/537.36"
43.173.179.9 - - [14/Jan/2026:23:26:46 +0700] "GET /wp-content/themes/woodmart/js/scripts/wc/onRemoveFromCart.min.js?ver=7.2.5 HTTP/1.1" 200 861 "https://view.lotushomemade.com/product/macau-almond-green-beans-s" "Mozilla/5.0 (Windows NT 10.0; Win64; x64) AppleWebKit/537.36 (KHTML, like Gecko) Chrome/116.0.0.0 Safari/537.36"
43.163.22.69 - - [14/Jan/2026:23:27:04 +0700] "POST /?wc-ajax=get_refreshed_fragments HTTP/1.1" 200 1348 "https://view.lotushomemade.com/product/macau-almond-green-beans-s" "Mozilla/5.0 (Windows NT 10.0; Win64; x64) AppleWebKit/537.36 (KHTML, like Gecko) Chrome/116.0.0.0 Safari/537.36"
114.119.130.97 - - [14/Jan/2026:23:27:23 +0700] "GET /shop/page/29/?max_price=780&per_page=8&shop_view=grid&per_row=4 HTTP/1.1" 200 39753 "https://view.lotushomemade.com/shop/page/26/?max_price=780&per_page=8&shop_view=grid&per_row=4" "Mozilla/5.0 (Linux; Android 7.0;) AppleWebKit/537.36 (KHTML, like Gecko) Mobile Safari/537.36 (compatible; PetalBot;+https://webmaster.petalsearch.com/site/petalbot)"
103.131.51.123 - - [14/Jan/2026:23:28:48 +0700] "POST /wp-cron.php?doing_wp_cron=1768408128.7911710739135742187500 HTTP/1.1" 200 474 "-" "WordPress/6.9; https://view.lotushomemade.com"
114.119.142.208 - - [14/Jan/2026:23:28:44 +0700] "GET /shop/page/28/?max_price=1050&stock_status=onsale HTTP/1.1" 200 40278 "https://view.lotushomemade.com/shop/page/30/?max_price=1050&stock_status=onsale" "Mozilla/5.0 (Linux; Android 7.0;) AppleWebKit/537.36 (KHTML, like Gecko) Mobile Safari/537.36 (compatible; PetalBot;+https://webmaster.petalsearch.com/site/petalbot)"
57.141.16.45 - - [14/Jan/2026:23:29:05 +0700] "GET /product-category/traditional-cookies-series/page/1/?stock_status=instock%2Consale&per_row=6&per_page=18&shop_view=grid HTTP/2" 301 0 "-" "meta-externalagent/1.1 (+https://developers.facebook.com/docs/sharing/webmasters/crawler)"
207.46.13.127 - - [14/Jan/2026:23:29:06 +0700] "GET /product/salted-egg-muruku-xl/ HTTP/2" 200 35860 "-" "Mozilla/5.0 AppleWebKit/537.36 (KHTML, like Gecko; compatible; bingbot/2.0; +http://www.bing.com/bingbot.htm) Chrome/116.0.1938.76 Safari/537.36"
57.141.16.93 - - [14/Jan/2026:23:29:12 +0700] "GET /shop/page/19/?per_page=12&stock_status=instock%2Consale HTTP/2" 200 240659 "-" "meta-externalagent/1.1 (+https://developers.facebook.com/docs/sharing/webmasters/crawler)"
103.131.51.123 - - [14/Jan/2026:23:29:42 +0700] "POST /wp-cron.php?doing_wp_cron=1768408182.9241440296173095703125 HTTP/1.1" 200 474 "-" "WordPress/6.9; https://view.lotushomemade.com"
57.141.16.54 - - [14/Jan/2026:23:29:42 +0700] "GET /product-category/crispy-snack-series/100-vegan-crispy-snack-series/page/1/?per_row=4&shop_view=grid&stock_status=instock%2Consale HTTP/2" 301 0 "-" "meta-externalagent/1.1 (+https://developers.facebook.com/docs/sharing/webmasters/crawler)"
114.119.145.110 - - [14/Jan/2026:23:30:08 +0700] "GET /shop/page/27/?orderby=rating&per_row=4&shop_view=grid&stock_status=instock HTTP/1.1" 200 39515 "https://view.lotushomemade.com/shop/page/26/?orderby=rating&per_row=4&shop_view=grid&stock_status=instock" "Mozilla/5.0 (Linux; Android 7.0;) AppleWebKit/537.36 (KHTML, like Gecko) Mobile Safari/537.36 (compatible; PetalBot;+https://webmaster.petalsearch.com/site/petalbot)"
103.131.51.123 - - [14/Jan/2026:23:31:37 +0700] "POST /wp-cron.php?doing_wp_cron=1768408297.7071099281311035156250 HTTP/1.1" 200 474 "-" "WordPress/6.9; https://view.lotushomemade.com"
114.119.130.97 - - [14/Jan/2026:23:31:33 +0700] "GET /shop/page/27/?orderby=price-desc&stock_status=instock&per_row=6&shop_view=grid HTTP/1.1" 200 40098 "https://view.lotushomemade.com/shop/page/25/?orderby=price-desc&stock_status=instock&per_row=6&shop_view=grid" "Mozilla/5.0 (Linux; Android 7.0;) AppleWebKit/537.36 (KHTML, like Gecko) Mobile Safari/537.36 (compatible; PetalBot;+https://webmaster.petalsearch.com/site/petalbot)"
103.131.51.123 - - [14/Jan/2026:23:33:01 +0700] "POST /wp-cron.php?doing_wp_cron=1768408380.7421190738677978515625 HTTP/1.1" 200 474 "-" "WordPress/6.9; https://view.lotushomemade.com"
114.119.150.215 - - [14/Jan/2026:23:32:56 +0700] "GET /shop/page/27/?orderby=price&per_row=2&shop_view=grid&stock_status=onsale HTTP/1.1" 200 40197 "https://view.lotushomemade.com/shop/page/30/?orderby=price&per_row=2&shop_view=grid&stock_status=onsale" "Mozilla/5.0 (Linux; Android 7.0;) AppleWebKit/537.36 (KHTML, like Gecko) Mobile Safari/537.36 (compatible; PetalBot;+https://webmaster.petalsearch.com/site/petalbot)"
103.131.51.123 - - [14/Jan/2026:23:34:24 +0700] "POST /wp-cron.php?doing_wp_cron=1768408464.2603769302368164062500 HTTP/1.1" 200 474 "-" "WordPress/6.9; https://view.lotushomemade.com"
114.119.151.206 - - [14/Jan/2026:23:34:20 +0700] "GET /shop/page/27/?orderby=date&per_row=6&shop_view=grid HTTP/1.1" 200 39520 "https://view.lotushomemade.com/shop/page/28/?orderby=date&per_row=6&shop_view=grid" "Mozilla/5.0 (Linux; Android 7.0;) AppleWebKit/537.36 (KHTML, like Gecko) Mobile Safari/537.36 (compatible; PetalBot;+https://webmaster.petalsearch.com/site/petalbot)"
103.131.51.123 - - [14/Jan/2026:23:35:45 +0700] "POST /wp-cron.php?doing_wp_cron=1768408545.3267719745635986328125 HTTP/1.1" 200 474 "-" "WordPress/6.9; https://view.lotushomemade.com"
114.119.142.208 - - [14/Jan/2026:23:35:42 +0700] "GET /shop?max_price=520&stock_status=onsale&filter_brand=hss&per_page=8 HTTP/1.1" 301 577 "-" "Mozilla/5.0 (Linux; Android 7.0;) AppleWebKit/537.36 (KHTML, like Gecko) Mobile Safari/537.36 (compatible; PetalBot;+https://webmaster.petalsearch.com/site/petalbot)"
114.119.142.208 - - [14/Jan/2026:23:35:45 +0700] "GET /shop/?max_price=520&stock_status=onsale&filter_brand=hss&per_page=8 HTTP/1.1" 200 38842 "-" "Mozilla/5.0 (Linux; Android 7.0;) AppleWebKit/537.36 (KHTML, like Gecko) Mobile Safari/537.36 (compatible; PetalBot;+https://webmaster.petalsearch.com/site/petalbot)"
103.131.51.123 - - [14/Jan/2026:23:37:09 +0700] "POST /wp-cron.php?doing_wp_cron=1768408629.6795449256896972656250 HTTP/1.1" 200 474 "-" "WordPress/6.9; https://view.lotushomemade.com"
114.119.149.78 - - [14/Jan/2026:23:37:06 +0700] "GET /shop?filter_brand=hss&stock_status=instock,onsale HTTP/1.1" 301 515 "https://view.lotushomemade.com/shop?max_price=520&stock_status=instock%2Consale&filter_brand=hss&per_page=12" "Mozilla/5.0 (Linux; Android 7.0;) AppleWebKit/537.36 (KHTML, like Gecko) Mobile Safari/537.36 (compatible; PetalBot;+https://webmaster.petalsearch.com/site/petalbot)"
114.119.149.78 - - [14/Jan/2026:23:37:10 +0700] "GET /shop/?filter_brand=hss&stock_status=instock,onsale HTTP/1.1" 200 38701 "https://view.lotushomemade.com/shop?max_price=520&stock_status=instock%2Consale&filter_brand=hss&per_page=12" "Mozilla/5.0 (Linux; Android 7.0;) AppleWebKit/537.36 (KHTML, like Gecko) Mobile Safari/537.36 (compatible; PetalBot;+https://webmaster.petalsearch.com/site/petalbot)"
