114.119.148.197 - - [15/Jan/2026:04:49:48 +0700] "GET /shop/page/18?orderby=price&stock_status=instock HTTP/1.1" 301 513 "https://view.lotushomemade.com/shop/page/18/?orderby=price&stock_status=instock" "Mozilla/5.0 (Linux; Android 7.0;) AppleWebKit/537.36 (KHTML, like Gecko) Mobile Safari/537.36 (compatible; PetalBot;+https://webmaster.petalsearch.com/site/petalbot)"
114.119.148.197 - - [15/Jan/2026:04:49:50 +0700] "GET /shop/page/18/?orderby=price&stock_status=instock HTTP/1.1" 200 40252 "https://view.lotushomemade.com/shop/page/18/?orderby=price&stock_status=instock" "Mozilla/5.0 (Linux; Android 7.0;) AppleWebKit/537.36 (KHTML, like Gecko) Mobile Safari/537.36 (compatible; PetalBot;+https://webmaster.petalsearch.com/site/petalbot)"
103.131.51.123 - - [15/Jan/2026:04:50:36 +0700] "POST /wp-cron.php?doing_wp_cron=1768427436.2878479957580566406250 HTTP/1.1" 200 474 "-" "WordPress/6.9; https://view.lotushomemade.com"
114.119.142.208 - - [15/Jan/2026:04:51:12 +0700] "GET /shop/page/18?min_price=0&max_price=260&stock_status=onsale HTTP/1.1" 301 524 "https://view.lotushomemade.com/shop/page/15/?min_price=0&max_price=260&stock_status=onsale" "Mozilla/5.0 (Linux; Android 7.0;) AppleWebKit/537.36 (KHTML, like Gecko) Mobile Safari/537.36 (compatible; PetalBot;+https://webmaster.petalsearch.com/site/petalbot)"
114.119.142.208 - - [15/Jan/2026:04:51:12 +0700] "GET /shop/page/18/?min_price=0&max_price=260&stock_status=onsale HTTP/1.1" 200 40372 "https://view.lotushomemade.com/shop/page/15/?min_price=0&max_price=260&stock_status=onsale" "Mozilla/5.0 (Linux; Android 7.0;) AppleWebKit/537.36 (KHTML, like Gecko) Mobile Safari/537.36 (compatible; PetalBot;+https://webmaster.petalsearch.com/site/petalbot)"
103.131.51.123 - - [15/Jan/2026:04:52:38 +0700] "POST /wp-cron.php?doing_wp_cron=1768427558.8787779808044433593750 HTTP/1.1" 200 474 "-" "WordPress/6.9; https://view.lotushomemade.com"
114.119.156.27 - - [15/Jan/2026:04:52:36 +0700] "GET /shop/page/18?max_price=1050&per_row=6&shop_view=grid&stock_status=onsale HTTP/1.1" 301 626 "https://view.lotushomemade.com/shop/page/17/?max_price=1050&per_row=6&shop_view=grid&stock_status=onsale" "Mozilla/5.0 (Linux; Android 7.0;) AppleWebKit/537.36 (KHTML, like Gecko) Mobile Safari/537.36 (compatible; PetalBot;+https://webmaster.petalsearch.com/site/petalbot)"
114.119.156.27 - - [15/Jan/2026:04:52:38 +0700] "GET /shop/page/18/?max_price=1050&per_row=6&shop_view=grid&stock_status=onsale HTTP/1.1" 200 40536 "https://view.lotushomemade.com/shop/page/17/?max_price=1050&per_row=6&shop_view=grid&stock_status=onsale" "Mozilla/5.0 (Linux; Android 7.0;) AppleWebKit/537.36 (KHTML, like Gecko) Mobile Safari/537.36 (compatible; PetalBot;+https://webmaster.petalsearch.com/site/petalbot)"
103.131.51.123 - - [15/Jan/2026:04:54:02 +0700] "POST /wp-cron.php?doing_wp_cron=1768427642.6006560325622558593750 HTTP/1.1" 200 474 "-" "WordPress/6.9; https://view.lotushomemade.com"
114.119.145.110 - - [15/Jan/2026:04:54:00 +0700] "GET /shop/page/18?max_price=1040&per_page=18 HTTP/1.1" 301 551 "https://view.lotushomemade.com/shop/page/17/?max_price=1040&per_page=18" "Mozilla/5.0 (Linux; Android 7.0;) AppleWebKit/537.36 (KHTML, like Gecko) Mobile Safari/537.36 (compatible; PetalBot;+https://webmaster.petalsearch.com/site/petalbot)"
114.119.145.110 - - [15/Jan/2026:04:54:02 +0700] "GET /shop/page/18/?max_price=1040&per_page=18 HTTP/1.1" 200 41084 "https://view.lotushomemade.com/shop/page/17/?max_price=1040&per_page=18" "Mozilla/5.0 (Linux; Android 7.0;) AppleWebKit/537.36 (KHTML, like Gecko) Mobile Safari/537.36 (compatible; PetalBot;+https://webmaster.petalsearch.com/site/petalbot)"
188.53.125.86 - - [15/Jan/2026:04:54:22 +0700] "GET /product/crispy-sotong-roll-l/?add-to-cart=8403 HTTP/1.1" 200 38244 "-" "Opera/8.39.(Windows NT 5.0; sq-ML) Presto/2.9.165 Version/12.00"
103.131.51.123 - - [15/Jan/2026:04:55:27 +0700] "POST /wp-cron.php?doing_wp_cron=1768427727.1569631099700927734375 HTTP/1.1" 200 474 "-" "WordPress/6.9; https://view.lotushomemade.com"
114.119.130.97 - - [15/Jan/2026:04:55:25 +0700] "GET /shop/page/18/?per_row=6&per_page=18&shop_view=grid&stock_status=instock HTTP/1.1" 200 41157 "https://view.lotushomemade.com/shop/page/19/?per_row=6&per_page=18&shop_view=grid&stock_status=instock" "Mozilla/5.0 (Linux; Android 7.0;) AppleWebKit/537.36 (KHTML, like Gecko) Mobile Safari/537.36 (compatible; PetalBot;+https://webmaster.petalsearch.com/site/petalbot)"
178.239.254.189 - - [15/Jan/2026:04:55:27 +0700] "GET /product/belinjo-cracker_8142-xl/?add-to-cart=8403 HTTP/1.1" 200 38060 "-" "Opera/8.24.(Windows 95; kk-KZ) Presto/2.9.167 Version/10.00"
103.131.51.123 - - [15/Jan/2026:04:56:51 +0700] "POST /wp-cron.php?doing_wp_cron=1768427811.2114429473876953125000 HTTP/1.1" 200 474 "-" "WordPress/6.9; https://view.lotushomemade.com"
114.119.145.110 - - [15/Jan/2026:04:56:46 +0700] "GET /shop/page/18/?per_row=4&shop_view=grid HTTP/1.1" 200 40247 "https://view.lotushomemade.com/shop/page/19/?per_row=4&shop_view=grid" "Mozilla/5.0 (Linux; Android 7.0;) AppleWebKit/537.36 (KHTML, like Gecko) Mobile Safari/537.36 (compatible; PetalBot;+https://webmaster.petalsearch.com/site/petalbot)"
103.131.51.123 - - [15/Jan/2026:04:58:18 +0700] "POST /wp-cron.php?doing_wp_cron=1768427898.7831180095672607421875 HTTP/1.1" 200 474 "-" "WordPress/6.9; https://view.lotushomemade.com"
114.119.149.78 - - [15/Jan/2026:04:58:14 +0700] "GET /shop/page/18/?per_page=12&shop_view=grid&per_row=2 HTTP/1.1" 200 40343 "https://view.lotushomemade.com/shop/page/17?per_page=12&shop_view=grid&per_row=2" "Mozilla/5.0 (Linux; Android 7.0;) AppleWebKit/537.36 (KHTML, like Gecko) Mobile Safari/537.36 (compatible; PetalBot;+https://webmaster.petalsearch.com/site/petalbot)"
103.131.51.123 - - [15/Jan/2026:04:59:37 +0700] "POST /wp-cron.php?doing_wp_cron=1768427977.6303420066833496093750 HTTP/1.1" 200 474 "-" "WordPress/6.9; https://view.lotushomemade.com"
114.119.130.97 - - [15/Jan/2026:04:59:33 +0700] "GET /shop/page/18/?min_price=0&per_row=6&per_page=12&shop_view=grid HTTP/1.1" 200 40373 "https://view.lotushomemade.com/shop/page/18/?min_price=0&per_row=6&per_page=12&shop_view=grid" "Mozilla/5.0 (Linux; Android 7.0;) AppleWebKit/537.36 (KHTML, like Gecko) Mobile Safari/537.36 (compatible; PetalBot;+https://webmaster.petalsearch.com/site/petalbot)"
103.131.51.123 - - [15/Jan/2026:05:01:01 +0700] "POST /wp-cron.php?doing_wp_cron=1768428061.5332670211791992187500 HTTP/1.1" 200 474 "-" "WordPress/6.9; https://view.lotushomemade.com"
114.119.148.197 - - [15/Jan/2026:05:00:57 +0700] "GET /shop/page/18/?max_price=1050&per_row=2&shop_view=grid&stock_status=onsale HTTP/1.1" 200 40527 "https://view.lotushomemade.com/shop/page/18?max_price=1050&per_row=2&shop_view=grid&stock_status=onsale" "Mozilla/5.0 (Linux; Android 7.0;) AppleWebKit/537.36 (KHTML, like Gecko) Mobile Safari/537.36 (compatible; PetalBot;+https://webmaster.petalsearch.com/site/petalbot)"
103.131.51.123 - - [15/Jan/2026:05:02:25 +0700] "POST /wp-cron.php?doing_wp_cron=1768428145.0401840209960937500000 HTTP/1.1" 200 474 "-" "WordPress/6.9; https://view.lotushomemade.com"
114.119.149.78 - - [15/Jan/2026:05:02:20 +0700] "GET /shop/page/18/?max_price=1040&per_row=4&shop_view=grid&stock_status=onsale HTTP/1.1" 200 40559 "https://view.lotushomemade.com/shop/page/19/?max_price=1040&per_row=4&shop_view=grid&stock_status=onsale" "Mozilla/5.0 (Linux; Android 7.0;) AppleWebKit/537.36 (KHTML, like Gecko) Mobile Safari/537.36 (compatible; PetalBot;+https://webmaster.petalsearch.com/site/petalbot)"
103.131.51.123 - - [15/Jan/2026:05:03:50 +0700] "POST /wp-cron.php?doing_wp_cron=1768428230.2766211032867431640625 HTTP/1.1" 200 474 "-" "WordPress/6.9; https://view.lotushomemade.com"
114.119.130.97 - - [15/Jan/2026:05:03:47 +0700] "GET /shop/page/17?stock_status=onsale&per_page=12&shop_view=grid&per_row=4 HTTP/1.1" 301 669 "https://view.lotushomemade.com/shop/page/16/?stock_status=onsale&per_page=12&shop_view=grid&per_row=4" "Mozilla/5.0 (Linux; Android 7.0;) AppleWebKit/537.36 (KHTML, like Gecko) Mobile Safari/537.36 (compatible; PetalBot;+https://webmaster.petalsearch.com/site/petalbot)"
114.119.130.97 - - [15/Jan/2026:05:03:51 +0700] "GET /shop/page/17/?stock_status=onsale&per_page=12&shop_view=grid&per_row=4 HTTP/1.1" 200 39947 "https://view.lotushomemade.com/shop/page/16/?stock_status=onsale&per_page=12&shop_view=grid&per_row=4" "Mozilla/5.0 (Linux; Android 7.0;) AppleWebKit/537.36 (KHTML, like Gecko) Mobile Safari/537.36 (compatible; PetalBot;+https://webmaster.petalsearch.com/site/petalbot)"
103.131.51.123 - - [15/Jan/2026:05:05:10 +0700] "POST /wp-cron.php?doing_wp_cron=1768428310.4448881149291992187500 HTTP/1.1" 200 474 "-" "WordPress/6.9; https://view.lotushomemade.com"
114.119.130.97 - - [15/Jan/2026:05:05:07 +0700] "GET /shop/page/17?stock_status=instock&per_row=6&per_page=8&shop_view=grid HTTP/1.1" 301 668 "https://view.lotushomemade.com/shop/page/17/?stock_status=instock&per_row=6&per_page=8&shop_view=grid" "Mozilla/5.0 (Linux; Android 7.0;) AppleWebKit/537.36 (KHTML, like Gecko) Mobile Safari/537.36 (compatible; PetalBot;+https://webmaster.petalsearch.com/site/petalbot)"
114.119.130.97 - - [15/Jan/2026:05:05:10 +0700] "GET /shop/page/17/?stock_status=instock&per_row=6&per_page=8&shop_view=grid HTTP/1.1" 200 39396 "https://view.lotushomemade.com/shop/page/17/?stock_status=instock&per_row=6&per_page=8&shop_view=grid" "Mozilla/5.0 (Linux; Android 7.0;) AppleWebKit/537.36 (KHTML, like Gecko) Mobile Safari/537.36 (compatible; PetalBot;+https://webmaster.petalsearch.com/site/petalbot)"
57.141.16.74 - - [15/Jan/2026:05:05:16 +0700] "GET /shop/page/10/?per_row=6&shop_view=grid&per_page=12 HTTP/2" 200 240502 "-" "meta-externalagent/1.1 (+https://developers.facebook.com/docs/sharing/webmasters/crawler)"
103.131.51.123 - - [15/Jan/2026:05:06:33 +0700] "POST /wp-cron.php?doing_wp_cron=1768428393.8452839851379394531250 HTTP/1.1" 200 474 "-" "WordPress/6.9; https://view.lotushomemade.com"
114.119.150.215 - - [15/Jan/2026:05:06:31 +0700] "GET /shop/page/17?stock_status=instock&per_row=4&per_page=18&shop_view=grid HTTP/1.1" 301 670 "https://view.lotushomemade.com/shop/page/15/?stock_status=instock&per_row=4&per_page=18&shop_view=grid" "Mozilla/5.0 (Linux; Android 7.0;) AppleWebKit/537.36 (KHTML, like Gecko) Mobile Safari/537.36 (compatible; PetalBot;+https://webmaster.petalsearch.com/site/petalbot)"
114.119.150.215 - - [15/Jan/2026:05:06:33 +0700] "GET /shop/page/17/?stock_status=instock&per_row=4&per_page=18&shop_view=grid HTTP/1.1" 200 41152 "https://view.lotushomemade.com/shop/page/15/?stock_status=instock&per_row=4&per_page=18&shop_view=grid" "Mozilla/5.0 (Linux; Android 7.0;) AppleWebKit/537.36 (KHTML, like Gecko) Mobile Safari/537.36 (compatible; PetalBot;+https://webmaster.petalsearch.com/site/petalbot)"
103.131.51.123 - - [15/Jan/2026:05:07:58 +0700] "POST /wp-cron.php?doing_wp_cron=1768428478.6273310184478759765625 HTTP/1.1" 200 474 "-" "WordPress/6.9; https://view.lotushomemade.com"
114.119.156.27 - - [15/Jan/2026:05:07:55 +0700] "GET /shop/page/17?per_row=6&per_page=18&shop_view=grid&stock_status=instock HTTP/1.1" 301 670 "https://view.lotushomemade.com/shop/page/14/?per_row=6&per_page=18&shop_view=grid&stock_status=instock" "Mozilla/5.0 (Linux; Android 7.0;) AppleWebKit/537.36 (KHTML, like Gecko) Mobile Safari/537.36 (compatible; PetalBot;+https://webmaster.petalsearch.com/site/petalbot)"
114.119.156.27 - - [15/Jan/2026:05:07:58 +0700] "GET /shop/page/17/?per_row=6&per_page=18&shop_view=grid&stock_status=instock HTTP/1.1" 200 41165 "https://view.lotushomemade.com/shop/page/14/?per_row=6&per_page=18&shop_view=grid&stock_status=instock" "Mozilla/5.0 (Linux; Android 7.0;) AppleWebKit/537.36 (KHTML, like Gecko) Mobile Safari/537.36 (compatible; PetalBot;+https://webmaster.petalsearch.com/site/petalbot)"
103.131.51.123 - - [15/Jan/2026:05:09:03 +0700] "POST /wp-cron.php?doing_wp_cron=1768428543.0002949237823486328125 HTTP/1.1" 200 474 "-" "WordPress/6.9; https://view.lotushomemade.com"
57.141.16.42 - - [15/Jan/2026:05:09:01 +0700] "GET /product-category/traditional-cookies-series/page/5/?stock_status=instock%2Consale&per_page=18 HTTP/2" 200 263067 "-" "meta-externalagent/1.1 (+https://developers.facebook.com/docs/sharing/webmasters/crawler)"
114.119.148.197 - - [15/Jan/2026:05:09:18 +0700] "GET /shop/page/17?per_page=12&stock_status=instock HTTP/1.1" 301 557 "https://view.lotushomemade.com/shop/page/18/?per_page=12&stock_status=instock" "Mozilla/5.0 (Linux; Android 7.0;) AppleWebKit/537.36 (KHTML, like Gecko) Mobile Safari/537.36 (compatible; PetalBot;+https://webmaster.petalsearch.com/site/petalbot)"
114.119.148.197 - - [15/Jan/2026:05:09:18 +0700] "GET /shop/page/17/?per_page=12&stock_status=instock HTTP/1.1" 200 39804 "https://view.lotushomemade.com/shop/page/18/?per_page=12&stock_status=instock" "Mozilla/5.0 (Linux; Android 7.0;) AppleWebKit/537.36 (KHTML, like Gecko) Mobile Safari/537.36 (compatible; PetalBot;+https://webmaster.petalsearch.com/site/petalbot)"
103.131.51.123 - - [15/Jan/2026:05:10:43 +0700] "POST /wp-cron.php?doing_wp_cron=1768428643.5434300899505615234375 HTTP/1.1" 200 474 "-" "WordPress/6.9; https://view.lotushomemade.com"
114.119.149.78 - - [15/Jan/2026:05:10:42 +0700] "GET /shop/page/17?orderby=rating&stock_status=onsale&per_row=4&shop_view=grid HTTP/1.1" 301 626 "https://view.lotushomemade.com/shop/page/14/?orderby=rating&stock_status=onsale&per_row=4&shop_view=grid" "Mozilla/5.0 (Linux; Android 7.0;) AppleWebKit/537.36 (KHTML, like Gecko) Mobile Safari/537.36 (compatible; PetalBot;+https://webmaster.petalsearch.com/site/petalbot)"
103.131.51.123 - - [15/Jan/2026:05:10:44 +0700] "POST /wp-cron.php?doing_wp_cron=1768428644.6066489219665527343750 HTTP/1.1" 200 474 "-" "WordPress/6.9; https://view.lotushomemade.com"
105.158.111.194 - - [15/Jan/2026:05:10:39 +0700] "GET /product/peanut-cookies_8080-s/?add-to-cart=3982 HTTP/1.1" 200 38237 "-" "Mozilla/5.0 (Macintosh; PPC Mac OS X 10_9_2 rv:3.0; de-AT) AppleWebKit/535.12.4 (KHTML, like Gecko) Version/5.0.4 Safari/535.12.4"
114.119.149.78 - - [15/Jan/2026:05:10:43 +0700] "GET /shop/page/17/?orderby=rating&stock_status=onsale&per_row=4&shop_view=grid HTTP/1.1" 200 39595 "https://view.lotushomemade.com/shop/page/14/?orderby=rating&stock_status=onsale&per_row=4&shop_view=grid" "Mozilla/5.0 (Linux; Android 7.0;) AppleWebKit/537.36 (KHTML, like Gecko) Mobile Safari/537.36 (compatible; PetalBot;+https://webmaster.petalsearch.com/site/petalbot)"
57.141.16.87 - - [15/Jan/2026:05:11:26 +0700] "GET /product-category/traditional-cookies-series/page/10/?per_row=4&per_page=8&shop_view=grid&stock_status=instock%2Consale HTTP/2" 200 232752 "-" "meta-externalagent/1.1 (+https://developers.facebook.com/docs/sharing/webmasters/crawler)"
103.131.51.123 - - [15/Jan/2026:05:12:06 +0700] "POST /wp-cron.php?doing_wp_cron=1768428726.2647850513458251953125 HTTP/1.1" 200 474 "-" "WordPress/6.9; https://view.lotushomemade.com"
114.119.151.206 - - [15/Jan/2026:05:12:05 +0700] "GET /shop/page/17?orderby=rating&per_row=2&shop_view=grid&stock_status=onsale HTTP/1.1" 301 626 "https://view.lotushomemade.com/shop/page/16/?orderby=rating&per_row=2&shop_view=grid&stock_status=onsale" "Mozilla/5.0 (Linux; Android 7.0;) AppleWebKit/537.36 (KHTML, like Gecko) Mobile Safari/537.36 (compatible; PetalBot;+https://webmaster.petalsearch.com/site/petalbot)"
114.119.151.206 - - [15/Jan/2026:05:12:06 +0700] "GET /shop/page/17/?orderby=rating&per_row=2&shop_view=grid&stock_status=onsale HTTP/1.1" 200 39613 "https://view.lotushomemade.com/shop/page/16/?orderby=rating&per_row=2&shop_view=grid&stock_status=onsale" "Mozilla/5.0 (Linux; Android 7.0;) AppleWebKit/537.36 (KHTML, like Gecko) Mobile Safari/537.36 (compatible; PetalBot;+https://webmaster.petalsearch.com/site/petalbot)"
103.131.51.123 - - [15/Jan/2026:05:13:33 +0700] "POST /wp-cron.php?doing_wp_cron=1768428813.7018799781799316406250 HTTP/1.1" 200 474 "-" "WordPress/6.9; https://view.lotushomemade.com"
114.119.148.197 - - [15/Jan/2026:05:13:29 +0700] "GET /shop/page/7/?stock_status=onsale&per_page=24&shop_view=grid&per_row=2 HTTP/1.1" 200 42271 "https://view.lotushomemade.com/shop/page/4/?stock_status=onsale&per_page=24&shop_view=grid&per_row=2" "Mozilla/5.0 (Linux; Android 7.0;) AppleWebKit/537.36 (KHTML, like Gecko) Mobile Safari/537.36 (compatible; PetalBot;+https://webmaster.petalsearch.com/site/petalbot)"
57.141.16.40 - - [15/Jan/2026:05:13:37 +0700] "GET /shop/page/17/?stock_status=instock&shop_view=grid&per_row=6 HTTP/2" 200 240583 "-" "meta-externalagent/1.1 (+https://developers.facebook.com/docs/sharing/webmasters/crawler)"
103.131.51.123 - - [15/Jan/2026:05:14:57 +0700] "POST /wp-cron.php?doing_wp_cron=1768428897.0916910171508789062500 HTTP/1.1" 200 474 "-" "WordPress/6.9; https://view.lotushomemade.com"
114.119.130.97 - - [15/Jan/2026:05:14:53 +0700] "GET /shop/page/7/?orderby=price-desc&stock_status=instock&per_row=2&shop_view=grid HTTP/1.1" 200 40201 "https://view.lotushomemade.com/shop/page/7/?orderby=price-desc&stock_status=instock&per_row=2&shop_view=grid" "Mozilla/5.0 (Linux; Android 7.0;) AppleWebKit/537.36 (KHTML, like Gecko) Mobile Safari/537.36 (compatible; PetalBot;+https://webmaster.petalsearch.com/site/petalbot)"
57.141.16.44 - - [15/Jan/2026:05:15:04 +0700] "GET /shop/page/13/?add-to-cart=8302 HTTP/2" 200 240827 "-" "meta-externalagent/1.1 (+https://developers.facebook.com/docs/sharing/webmasters/crawler)"
103.131.51.123 - - [15/Jan/2026:05:16:21 +0700] "POST /wp-cron.php?doing_wp_cron=1768428981.4791979789733886718750 HTTP/1.1" 200 474 "-" "WordPress/6.9; https://view.lotushomemade.com"
114.119.150.215 - - [15/Jan/2026:05:16:17 +0700] "GET /shop/page/6/?per_row=2&per_page=18&shop_view=grid&stock_status=instock HTTP/1.1" 200 40986 "https://view.lotushomemade.com/shop/page/9/?per_row=2&per_page=18&shop_view=grid&stock_status=instock" "Mozilla/5.0 (Linux; Android 7.0;) AppleWebKit/537.36 (KHTML, like Gecko) Mobile Safari/537.36 (compatible; PetalBot;+https://webmaster.petalsearch.com/site/petalbot)"
103.131.51.123 - - [15/Jan/2026:05:16:42 +0700] "POST /wp-cron.php?doing_wp_cron=1768429002.2757649421691894531250 HTTP/1.1" 200 474 "-" "WordPress/6.9; https://view.lotushomemade.com"
57.141.16.35 - - [15/Jan/2026:05:16:40 +0700] "GET /shop/page/23/?per_page=12&stock_status=onsale HTTP/2" 200 240076 "-" "meta-externalagent/1.1 (+https://developers.facebook.com/docs/sharing/webmasters/crawler)"
57.141.16.68 - - [15/Jan/2026:05:16:50 +0700] "GET /product-category/traditional-cookies-series/page/11/?add-to-cart=17197 HTTP/2" 200 241259 "-" "meta-externalagent/1.1 (+https://developers.facebook.com/docs/sharing/webmasters/crawler)"
103.131.51.123 - - [15/Jan/2026:05:17:40 +0700] "POST /wp-cron.php?doing_wp_cron=1768429060.9318509101867675781250 HTTP/1.1" 200 474 "-" "WordPress/6.9; https://view.lotushomemade.com"
114.119.130.97 - - [15/Jan/2026:05:17:40 +0700] "GET /shop/page/17?orderby=price&per_row=2&shop_view=grid&per_page=8 HTTP/1.1" 301 661 "https://view.lotushomemade.com/shop/page/17/?orderby=price&per_row=2&shop_view=grid&per_page=8" "Mozilla/5.0 (Linux; Android 7.0;) AppleWebKit/537.36 (KHTML, like Gecko) Mobile Safari/537.36 (compatible; PetalBot;+https://webmaster.petalsearch.com/site/petalbot)"
114.119.130.97 - - [15/Jan/2026:05:17:41 +0700] "GET /shop/page/17/?orderby=price&per_row=2&shop_view=grid&per_page=8 HTTP/1.1" 200 39300 "https://view.lotushomemade.com/shop/page/17/?orderby=price&per_row=2&shop_view=grid&per_page=8" "Mozilla/5.0 (Linux; Android 7.0;) AppleWebKit/537.36 (KHTML, like Gecko) Mobile Safari/537.36 (compatible; PetalBot;+https://webmaster.petalsearch.com/site/petalbot)"
103.131.51.123 - - [15/Jan/2026:05:18:55 +0700] "POST /wp-cron.php?doing_wp_cron=1768429135.0828220844268798828125 HTTP/1.1" 200 474 "-" "WordPress/6.9; https://view.lotushomemade.com"
57.141.16.21 - - [15/Jan/2026:05:18:53 +0700] "GET /shop/page/15/?stock_status=instock%2Consale HTTP/2" 200 240089 "-" "meta-externalagent/1.1 (+https://developers.facebook.com/docs/sharing/webmasters/crawler)"
114.119.145.110 - - [15/Jan/2026:05:19:03 +0700] "GET /shop/page/17?orderby=date&stock_status=onsale&shop_view=grid&per_row=4 HTTP/1.1" 301 624 "https://view.lotushomemade.com/shop/page/14/?orderby=date&stock_status=onsale&shop_view=grid&per_row=4" "Mozilla/5.0 (Linux; Android 7.0;) AppleWebKit/537.36 (KHTML, like Gecko) Mobile Safari/537.36 (compatible; PetalBot;+https://webmaster.petalsearch.com/site/petalbot)"
114.119.145.110 - - [15/Jan/2026:05:19:04 +0700] "GET /shop/page/17/?orderby=date&stock_status=onsale&shop_view=grid&per_row=4 HTTP/1.1" 200 39619 "https://view.lotushomemade.com/shop/page/14/?orderby=date&stock_status=onsale&shop_view=grid&per_row=4" "Mozilla/5.0 (Linux; Android 7.0;) AppleWebKit/537.36 (KHTML, like Gecko) Mobile Safari/537.36 (compatible; PetalBot;+https://webmaster.petalsearch.com/site/petalbot)"
57.141.16.40 - - [15/Jan/2026:05:19:05 +0700] "GET /product-category/traditional-cookies-series/page/8/?per_page=8 HTTP/2" 200 228896 "-" "meta-externalagent/1.1 (+https://developers.facebook.com/docs/sharing/webmasters/crawler)"
103.131.51.123 - - [15/Jan/2026:05:20:30 +0700] "POST /wp-cron.php?doing_wp_cron=1768429230.3137240409851074218750 HTTP/1.1" 200 474 "-" "WordPress/6.9; https://view.lotushomemade.com"
114.119.148.197 - - [15/Jan/2026:05:20:27 +0700] "GET /shop/page/17?orderby=date&per_row=2&shop_view=grid&per_page=8 HTTP/1.1" 301 660 "https://view.lotushomemade.com/shop/page/15/?orderby=date&per_row=2&shop_view=grid&per_page=8" "Mozilla/5.0 (Linux; Android 7.0;) AppleWebKit/537.36 (KHTML, like Gecko) Mobile Safari/537.36 (compatible; PetalBot;+https://webmaster.petalsearch.com/site/petalbot)"
114.119.148.197 - - [15/Jan/2026:05:20:30 +0700] "GET /shop/page/17/?orderby=date&per_row=2&shop_view=grid&per_page=8 HTTP/1.1" 200 39280 "https://view.lotushomemade.com/shop/page/15/?orderby=date&per_row=2&shop_view=grid&per_page=8" "Mozilla/5.0 (Linux; Android 7.0;) AppleWebKit/537.36 (KHTML, like Gecko) Mobile Safari/537.36 (compatible; PetalBot;+https://webmaster.petalsearch.com/site/petalbot)"
103.131.51.123 - - [15/Jan/2026:05:21:53 +0700] "POST /wp-cron.php?doing_wp_cron=1768429313.2885630130767822265625 HTTP/1.1" 200 474 "-" "WordPress/6.9; https://view.lotushomemade.com"
114.119.148.197 - - [15/Jan/2026:05:21:50 +0700] "GET /shop/page/17?min_price=0&max_price=260&per_page=12 HTTP/1.1" 301 562 "https://view.lotushomemade.com/shop/page/18/?min_price=0&max_price=260&per_page=12" "Mozilla/5.0 (Linux; Android 7.0;) AppleWebKit/537.36 (KHTML, like Gecko) Mobile Safari/537.36 (compatible; PetalBot;+https://webmaster.petalsearch.com/site/petalbot)"
114.119.148.197 - - [15/Jan/2026:05:21:53 +0700] "GET /shop/page/17/?min_price=0&max_price=260&per_page=12 HTTP/1.1" 200 40160 "https://view.lotushomemade.com/shop/page/18/?min_price=0&max_price=260&per_page=12" "Mozilla/5.0 (Linux; Android 7.0;) AppleWebKit/537.36 (KHTML, like Gecko) Mobile Safari/537.36 (compatible; PetalBot;+https://webmaster.petalsearch.com/site/petalbot)"
103.131.51.123 - - [15/Jan/2026:05:23:18 +0700] "POST /wp-cron.php?doing_wp_cron=1768429398.7674419879913330078125 HTTP/1.1" 200 474 "-" "WordPress/6.9; https://view.lotushomemade.com"
114.119.156.27 - - [15/Jan/2026:05:23:16 +0700] "GET /shop/page/17?min_price=0&max_price=260 HTTP/1.1" 301 504 "https://view.lotushomemade.com/shop/page/16/?min_price=0&max_price=260" "Mozilla/5.0 (Linux; Android 7.0;) AppleWebKit/537.36 (KHTML, like Gecko) Mobile Safari/537.36 (compatible; PetalBot;+https://webmaster.petalsearch.com/site/petalbot)"
114.119.156.27 - - [15/Jan/2026:05:23:18 +0700] "GET /shop/page/17/?min_price=0&max_price=260 HTTP/1.1" 200 40055 "https://view.lotushomemade.com/shop/page/16/?min_price=0&max_price=260" "Mozilla/5.0 (Linux; Android 7.0;) AppleWebKit/537.36 (KHTML, like Gecko) Mobile Safari/537.36 (compatible; PetalBot;+https://webmaster.petalsearch.com/site/petalbot)"
103.131.51.123 - - [15/Jan/2026:05:24:22 +0700] "POST /wp-cron.php?doing_wp_cron=1768429461.9822909832000732421875 HTTP/1.1" 200 474 "-" "WordPress/6.9; https://view.lotushomemade.com"
43.173.172.41 - - [15/Jan/2026:05:24:15 +0700] "GET / HTTP/1.1" 200 861940 "http://view.lotushomemade.com/" "Mozilla/5.0 (Windows NT 10.0; Win64; x64) AppleWebKit/537.36 (KHTML, like Gecko) Chrome/112.0.0.0 Safari/537.36"
43.173.179.191 - - [15/Jan/2026:05:24:24 +0700] "GET / HTTP/1.1" 200 861911 "http://view.lotushomemade.com" "Mozilla/5.0 (Windows NT 10.0; Win64; x64) AppleWebKit/537.36 (KHTML, like Gecko) Chrome/103.0.0.0 Safari/537.36"
103.131.51.123 - - [15/Jan/2026:05:24:39 +0700] "POST /wp-cron.php?doing_wp_cron=1768429479.9424510002136230468750 HTTP/1.1" 200 474 "-" "WordPress/6.9; https://view.lotushomemade.com"
114.119.142.208 - - [15/Jan/2026:05:24:39 +0700] "GET /shop/page/17?max_price=520&stock_status=instock&shop_view=grid&per_row=6 HTTP/1.1" 301 626 "https://view.lotushomemade.com/shop/page/14/?max_price=520&stock_status=instock&shop_view=grid&per_row=6" "Mozilla/5.0 (Linux; Android 7.0;) AppleWebKit/537.36 (KHTML, like Gecko) Mobile Safari/537.36 (compatible; PetalBot;+https://webmaster.petalsearch.com/site/petalbot)"
114.119.142.208 - - [15/Jan/2026:05:24:40 +0700] "GET /shop/page/17/?max_price=520&stock_status=instock&shop_view=grid&per_row=6 HTTP/1.1" 200 40115 "https://view.lotushomemade.com/shop/page/14/?max_price=520&stock_status=instock&shop_view=grid&per_row=6" "Mozilla/5.0 (Linux; Android 7.0;) AppleWebKit/537.36 (KHTML, like Gecko) Mobile Safari/537.36 (compatible; PetalBot;+https://webmaster.petalsearch.com/site/petalbot)"
103.131.51.123 - - [15/Jan/2026:05:26:05 +0700] "POST /wp-cron.php?doing_wp_cron=1768429565.7991220951080322265625 HTTP/1.1" 200 474 "-" "WordPress/6.9; https://view.lotushomemade.com"
114.119.130.97 - - [15/Jan/2026:05:26:03 +0700] "GET /shop/page/17?max_price=1050&per_row=2&per_page=8&shop_view=grid HTTP/1.1" 301 662 "https://view.lotushomemade.com/shop/page/18/?max_price=1050&per_row=2&per_page=8&shop_view=grid" "Mozilla/5.0 (Linux; Android 7.0;) AppleWebKit/537.36 (KHTML, like Gecko) Mobile Safari/537.36 (compatible; PetalBot;+https://webmaster.petalsearch.com/site/petalbot)"
114.119.130.97 - - [15/Jan/2026:05:26:05 +0700] "GET /shop/page/17/?max_price=1050&per_row=2&per_page=8&shop_view=grid HTTP/1.1" 200 39589 "https://view.lotushomemade.com/shop/page/18/?max_price=1050&per_row=2&per_page=8&shop_view=grid" "Mozilla/5.0 (Linux; Android 7.0;) AppleWebKit/537.36 (KHTML, like Gecko) Mobile Safari/537.36 (compatible; PetalBot;+https://webmaster.petalsearch.com/site/petalbot)"
103.131.51.123 - - [15/Jan/2026:05:28:02 +0700] "POST /wp-cron.php?doing_wp_cron=1768429682.7756719589233398437500 HTTP/1.1" 200 474 "-" "WordPress/6.9; https://view.lotushomemade.com"
57.141.16.34 - - [15/Jan/2026:05:27:57 +0700] "GET /shop/page/9/?stock_status=instock%2Consale&per_row=2&per_page=18&shop_view=grid HTTP/2" 200 262262 "-" "meta-externalagent/1.1 (+https://developers.facebook.com/docs/sharing/webmasters/crawler)"
103.131.51.123 - - [15/Jan/2026:05:30:20 +0700] "POST /wp-cron.php?doing_wp_cron=1768429820.5837008953094482421875 HTTP/1.1" 200 474 "-" "WordPress/6.9; https://view.lotushomemade.com"
114.119.130.97 - - [15/Jan/2026:05:30:17 +0700] "GET /shop/page/17?max_price=1040&per_row=2&shop_view=grid&stock_status=onsale HTTP/1.1" 301 626 "https://view.lotushomemade.com/shop/page/15/?max_price=1040&per_row=2&shop_view=grid&stock_status=onsale" "Mozilla/5.0 (Linux; Android 7.0;) AppleWebKit/537.36 (KHTML, like Gecko) Mobile Safari/537.36 (compatible; PetalBot;+https://webmaster.petalsearch.com/site/petalbot)"
114.119.130.97 - - [15/Jan/2026:05:30:21 +0700] "GET /shop/page/17/?max_price=1040&per_row=2&shop_view=grid&stock_status=onsale HTTP/1.1" 200 40113 "https://view.lotushomemade.com/shop/page/15/?max_price=1040&per_row=2&shop_view=grid&stock_status=onsale" "Mozilla/5.0 (Linux; Android 7.0;) AppleWebKit/537.36 (KHTML, like Gecko) Mobile Safari/537.36 (compatible; PetalBot;+https://webmaster.petalsearch.com/site/petalbot)"
103.131.51.123 - - [15/Jan/2026:05:30:41 +0700] "POST /wp-cron.php?doing_wp_cron=1768429841.3316869735717773437500 HTTP/1.1" 200 474 "-" "WordPress/6.9; https://view.lotushomemade.com"
114.119.151.206 - - [15/Jan/2026:05:30:39 +0700] "GET /shop/page/17/?stock_status=onsale&per_row=4&shop_view=grid HTTP/1.1" 200 39876 "https://view.lotushomemade.com/shop/page/19/?stock_status=onsale&per_row=4&shop_view=grid" "Mozilla/5.0 (Linux; Android 7.0;) AppleWebKit/537.36 (KHTML, like Gecko) Mobile Safari/537.36 (compatible; PetalBot;+https://webmaster.petalsearch.com/site/petalbot)"
114.119.156.27 - - [15/Jan/2026:05:31:00 +0700] "GET /shop/page/17/?stock_status=onsale&per_row=2&shop_view=grid&per_page=12 HTTP/1.1" 200 39924 "https://view.lotushomemade.com/shop/page/19?stock_status=onsale&per_row=2&shop_view=grid&per_page=12" "Mozilla/5.0 (Linux; Android 7.0;) AppleWebKit/537.36 (KHTML, like Gecko) Mobile Safari/537.36 (compatible; PetalBot;+https://webmaster.petalsearch.com/site/petalbot)"