103.131.51.123 - - [14/Jan/2026:08:29:27 +0700] "POST /wp-cron.php?doing_wp_cron=1768354167.0456159114837646484375 HTTP/1.1" 200 474 "-" "WordPress/6.9; https://view.lotushomemade.com"
114.119.148.197 - - [14/Jan/2026:08:29:26 +0700] "GET /shop/page/2/?max_price=1040&per_row=6&shop_view=grid&stock_status=instock,onsale HTTP/1.1" 301 635 "https://view.lotushomemade.com/shop?max_price=1040&per_row=6&shop_view=grid&stock_status=instock%2Consale" "Mozilla/5.0 (Linux; Android 7.0;) AppleWebKit/537.36 (KHTML, like Gecko) Mobile Safari/537.36 (compatible; PetalBot;+https://webmaster.petalsearch.com/site/petalbot)"
57.141.16.73 - - [14/Jan/2026:08:29:24 +0700] "GET /shop/page/25/?stock_status=instock&per_page=12&shop_view=grid&per_row=6 HTTP/2" 200 241146 "-" "meta-externalagent/1.1 (+https://developers.facebook.com/docs/sharing/webmasters/crawler)"
114.119.148.197 - - [14/Jan/2026:08:29:27 +0700] "GET /shop/page/2/?max_price=1040&per_row=6&shop_view=grid&stock_status=instock,onsale HTTP/1.1" 301 635 "https://view.lotushomemade.com/shop?max_price=1040&per_row=6&shop_view=grid&stock_status=instock%2Consale" "Mozilla/5.0 (Linux; Android 7.0;) AppleWebKit/537.36 (KHTML, like Gecko) Mobile Safari/537.36 (compatible; PetalBot;+https://webmaster.petalsearch.com/site/petalbot)"
114.119.148.197 - - [14/Jan/2026:08:29:27 +0700] "GET /shop/page/2/?max_price=1040&per_row=6&shop_view=grid&stock_status=instock,onsale HTTP/1.1" 301 635 "https://view.lotushomemade.com/shop?max_price=1040&per_row=6&shop_view=grid&stock_status=instock%2Consale" "Mozilla/5.0 (Linux; Android 7.0;) AppleWebKit/537.36 (KHTML, like Gecko) Mobile Safari/537.36 (compatible; PetalBot;+https://webmaster.petalsearch.com/site/petalbot)"
114.119.148.197 - - [14/Jan/2026:08:29:28 +0700] "GET /shop/page/2/?max_price=1040&per_row=6&shop_view=grid&stock_status=instock,onsale HTTP/1.1" 301 635 "https://view.lotushomemade.com/shop?max_price=1040&per_row=6&shop_view=grid&stock_status=instock%2Consale" "Mozilla/5.0 (Linux; Android 7.0;) AppleWebKit/537.36 (KHTML, like Gecko) Mobile Safari/537.36 (compatible; PetalBot;+https://webmaster.petalsearch.com/site/petalbot)"
114.119.148.197 - - [14/Jan/2026:08:29:28 +0700] "GET /shop/page/2/?max_price=1040&per_row=6&shop_view=grid&stock_status=instock,onsale HTTP/1.1" 301 635 "https://view.lotushomemade.com/shop?max_price=1040&per_row=6&shop_view=grid&stock_status=instock%2Consale" "Mozilla/5.0 (Linux; Android 7.0;) AppleWebKit/537.36 (KHTML, like Gecko) Mobile Safari/537.36 (compatible; PetalBot;+https://webmaster.petalsearch.com/site/petalbot)"
114.119.148.197 - - [14/Jan/2026:08:29:29 +0700] "GET /shop/page/2/?max_price=1040&per_row=6&shop_view=grid&stock_status=instock,onsale HTTP/1.1" 301 635 "https://view.lotushomemade.com/shop?max_price=1040&per_row=6&shop_view=grid&stock_status=instock%2Consale" "Mozilla/5.0 (Linux; Android 7.0;) AppleWebKit/537.36 (KHTML, like Gecko) Mobile Safari/537.36 (compatible; PetalBot;+https://webmaster.petalsearch.com/site/petalbot)"
114.119.148.197 - - [14/Jan/2026:08:29:29 +0700] "GET /shop/page/2/?max_price=1040&per_row=6&shop_view=grid&stock_status=instock,onsale HTTP/1.1" 301 635 "https://view.lotushomemade.com/shop?max_price=1040&per_row=6&shop_view=grid&stock_status=instock%2Consale" "Mozilla/5.0 (Linux; Android 7.0;) AppleWebKit/537.36 (KHTML, like Gecko) Mobile Safari/537.36 (compatible; PetalBot;+https://webmaster.petalsearch.com/site/petalbot)"
103.131.51.123 - - [14/Jan/2026:08:30:53 +0700] "POST /wp-cron.php?doing_wp_cron=1768354253.9482491016387939453125 HTTP/1.1" 200 474 "-" "WordPress/6.9; https://view.lotushomemade.com"
114.119.148.197 - - [14/Jan/2026:08:30:47 +0700] "GET /shop/page/9/?max_price=780&per_row=6&per_page=24&shop_view=grid HTTP/1.1" 200 42645 "https://view.lotushomemade.com/shop/page/7/?max_price=780&per_row=6&per_page=24&shop_view=grid" "Mozilla/5.0 (Linux; Android 7.0;) AppleWebKit/537.36 (KHTML, like Gecko) Mobile Safari/537.36 (compatible; PetalBot;+https://webmaster.petalsearch.com/site/petalbot)"
103.131.51.123 - - [14/Jan/2026:08:32:19 +0700] "POST /wp-cron.php?doing_wp_cron=1768354339.9137320518493652343750 HTTP/1.1" 200 474 "-" "WordPress/6.9; https://view.lotushomemade.com"
114.119.150.215 - - [14/Jan/2026:08:32:16 +0700] "GET /shop/page/5/?orderby=date&per_page=8&shop_view=grid&per_row=6 HTTP/1.1" 200 39396 "https://view.lotushomemade.com/shop/page/3/?orderby=date&per_page=8&shop_view=grid&per_row=6" "Mozilla/5.0 (Linux; Android 7.0;) AppleWebKit/537.36 (KHTML, like Gecko) Mobile Safari/537.36 (compatible; PetalBot;+https://webmaster.petalsearch.com/site/petalbot)"
103.131.51.123 - - [14/Jan/2026:08:33:35 +0700] "POST /wp-cron.php?doing_wp_cron=1768354415.6994230747222900390625 HTTP/1.1" 200 474 "-" "WordPress/6.9; https://view.lotushomemade.com"
114.119.150.215 - - [14/Jan/2026:08:33:33 +0700] "GET /shop/page/4/?orderby=date&stock_status=instock,onsale&per_page=8 HTTP/1.1" 301 576 "https://view.lotushomemade.com/shop?orderby=date&stock_status=instock%2Consale&per_page=8" "Mozilla/5.0 (Linux; Android 7.0;) AppleWebKit/537.36 (KHTML, like Gecko) Mobile Safari/537.36 (compatible; PetalBot;+https://webmaster.petalsearch.com/site/petalbot)"
114.119.150.215 - - [14/Jan/2026:08:33:35 +0700] "GET /shop/page/4/?orderby=date&stock_status=instock,onsale&per_page=8 HTTP/1.1" 301 576 "https://view.lotushomemade.com/shop?orderby=date&stock_status=instock%2Consale&per_page=8" "Mozilla/5.0 (Linux; Android 7.0;) AppleWebKit/537.36 (KHTML, like Gecko) Mobile Safari/537.36 (compatible; PetalBot;+https://webmaster.petalsearch.com/site/petalbot)"
114.119.150.215 - - [14/Jan/2026:08:33:36 +0700] "GET /shop/page/4/?orderby=date&stock_status=instock,onsale&per_page=8 HTTP/1.1" 301 576 "https://view.lotushomemade.com/shop?orderby=date&stock_status=instock%2Consale&per_page=8" "Mozilla/5.0 (Linux; Android 7.0;) AppleWebKit/537.36 (KHTML, like Gecko) Mobile Safari/537.36 (compatible; PetalBot;+https://webmaster.petalsearch.com/site/petalbot)"
114.119.150.215 - - [14/Jan/2026:08:33:36 +0700] "GET /shop/page/4/?orderby=date&stock_status=instock,onsale&per_page=8 HTTP/1.1" 301 576 "https://view.lotushomemade.com/shop?orderby=date&stock_status=instock%2Consale&per_page=8" "Mozilla/5.0 (Linux; Android 7.0;) AppleWebKit/537.36 (KHTML, like Gecko) Mobile Safari/537.36 (compatible; PetalBot;+https://webmaster.petalsearch.com/site/petalbot)"
114.119.150.215 - - [14/Jan/2026:08:33:37 +0700] "GET /shop/page/4/?orderby=date&stock_status=instock,onsale&per_page=8 HTTP/1.1" 301 576 "https://view.lotushomemade.com/shop?orderby=date&stock_status=instock%2Consale&per_page=8" "Mozilla/5.0 (Linux; Android 7.0;) AppleWebKit/537.36 (KHTML, like Gecko) Mobile Safari/537.36 (compatible; PetalBot;+https://webmaster.petalsearch.com/site/petalbot)"
114.119.150.215 - - [14/Jan/2026:08:33:37 +0700] "GET /shop/page/4/?orderby=date&stock_status=instock,onsale&per_page=8 HTTP/1.1" 301 576 "https://view.lotushomemade.com/shop?orderby=date&stock_status=instock%2Consale&per_page=8" "Mozilla/5.0 (Linux; Android 7.0;) AppleWebKit/537.36 (KHTML, like Gecko) Mobile Safari/537.36 (compatible; PetalBot;+https://webmaster.petalsearch.com/site/petalbot)"
114.119.150.215 - - [14/Jan/2026:08:33:38 +0700] "GET /shop/page/4/?orderby=date&stock_status=instock,onsale&per_page=8 HTTP/1.1" 301 576 "https://view.lotushomemade.com/shop?orderby=date&stock_status=instock%2Consale&per_page=8" "Mozilla/5.0 (Linux; Android 7.0;) AppleWebKit/537.36 (KHTML, like Gecko) Mobile Safari/537.36 (compatible; PetalBot;+https://webmaster.petalsearch.com/site/petalbot)"
114.119.150.215 - - [14/Jan/2026:08:33:38 +0700] "GET /shop/page/4/?orderby=date&stock_status=instock,onsale&per_page=8 HTTP/1.1" 301 576 "https://view.lotushomemade.com/shop?orderby=date&stock_status=instock%2Consale&per_page=8" "Mozilla/5.0 (Linux; Android 7.0;) AppleWebKit/537.36 (KHTML, like Gecko) Mobile Safari/537.36 (compatible; PetalBot;+https://webmaster.petalsearch.com/site/petalbot)"
114.119.150.215 - - [14/Jan/2026:08:33:39 +0700] "GET /shop/page/4/?orderby=date&stock_status=instock,onsale&per_page=8 HTTP/1.1" 301 576 "https://view.lotushomemade.com/shop?orderby=date&stock_status=instock%2Consale&per_page=8" "Mozilla/5.0 (Linux; Android 7.0;) AppleWebKit/537.36 (KHTML, like Gecko) Mobile Safari/537.36 (compatible; PetalBot;+https://webmaster.petalsearch.com/site/petalbot)"
114.119.150.215 - - [14/Jan/2026:08:33:39 +0700] "GET /shop/page/4/?orderby=date&stock_status=instock,onsale&per_page=8 HTTP/1.1" 301 576 "https://view.lotushomemade.com/shop?orderby=date&stock_status=instock%2Consale&per_page=8" "Mozilla/5.0 (Linux; Android 7.0;) AppleWebKit/537.36 (KHTML, like Gecko) Mobile Safari/537.36 (compatible; PetalBot;+https://webmaster.petalsearch.com/site/petalbot)"
57.141.16.48 - - [14/Jan/2026:08:33:47 +0700] "GET /product-category/crispy-snack-series/page/4/?add-to-cart=8496 HTTP/2" 200 237474 "-" "meta-externalagent/1.1 (+https://developers.facebook.com/docs/sharing/webmasters/crawler)"
177.239.80.240 - - [14/Jan/2026:08:34:14 +0700] "GET /product/new-zealand-cheese-cookies-sg/?add-to-cart=8652 HTTP/1.1" 200 38500 "-" "Opera/9.73.(X11; Linux i686; mg-MG) Presto/2.9.170 Version/10.00"
103.131.51.123 - - [14/Jan/2026:08:34:59 +0700] "POST /wp-cron.php?doing_wp_cron=1768354499.4833569526672363281250 HTTP/1.1" 200 474 "-" "WordPress/6.9; https://view.lotushomemade.com"
114.119.151.206 - - [14/Jan/2026:08:34:58 +0700] "GET /shop/page/2 HTTP/1.1" 301 477 "https://view.lotushomemade.com/shop/page/2?stock_status=instock&per_page=18" "Mozilla/5.0 (Linux; Android 7.0;) AppleWebKit/537.36 (KHTML, like Gecko) Mobile Safari/537.36 (compatible; PetalBot;+https://webmaster.petalsearch.com/site/petalbot)"
114.119.151.206 - - [14/Jan/2026:08:35:00 +0700] "GET /shop/page/2/ HTTP/1.1" 200 40326 "https://view.lotushomemade.com/shop/page/2?stock_status=instock&per_page=18" "Mozilla/5.0 (Linux; Android 7.0;) AppleWebKit/537.36 (KHTML, like Gecko) Mobile Safari/537.36 (compatible; PetalBot;+https://webmaster.petalsearch.com/site/petalbot)"
103.131.51.123 - - [14/Jan/2026:08:36:27 +0700] "POST /wp-cron.php?doing_wp_cron=1768354586.9614379405975341796875 HTTP/1.1" 200 474 "-" "WordPress/6.9; https://view.lotushomemade.com"
114.119.156.27 - - [14/Jan/2026:08:36:24 +0700] "GET /shop/page/1?stock_status=onsale&per_row=2&shop_view=grid&per_page=12 HTTP/1.1" 301 661 "https://view.lotushomemade.com/shop/page/15/?stock_status=onsale&per_row=2&shop_view=grid&per_page=12" "Mozilla/5.0 (Linux; Android 7.0;) AppleWebKit/537.36 (KHTML, like Gecko) Mobile Safari/537.36 (compatible; PetalBot;+https://webmaster.petalsearch.com/site/petalbot)"
114.119.156.27 - - [14/Jan/2026:08:36:28 +0700] "GET /shop/?stock_status=onsale&per_row=2&shop_view=grid&per_page=12 HTTP/1.1" 200 41111 "https://view.lotushomemade.com/shop/page/15/?stock_status=onsale&per_row=2&shop_view=grid&per_page=12" "Mozilla/5.0 (Linux; Android 7.0;) AppleWebKit/537.36 (KHTML, like Gecko) Mobile Safari/537.36 (compatible; PetalBot;+https://webmaster.petalsearch.com/site/petalbot)"
103.131.51.123 - - [14/Jan/2026:08:37:03 +0700] "POST /wp-cron.php?doing_wp_cron=1768354623.6360390186309814453125 HTTP/1.1" 200 474 "-" "WordPress/6.9; https://view.lotushomemade.com"
40.77.167.235 - - [14/Jan/2026:08:37:01 +0700] "GET /product/musang-king-nyonya-kuih-kapit-l/ HTTP/2" 200 36284 "-" "Mozilla/5.0 AppleWebKit/537.36 (KHTML, like Gecko; compatible; bingbot/2.0; +http://www.bing.com/bingbot.htm) Chrome/116.0.1938.76 Safari/537.36"
103.131.51.123 - - [14/Jan/2026:08:37:44 +0700] "POST /wp-cron.php?doing_wp_cron=1768354664.2477669715881347656250 HTTP/1.1" 200 474 "-" "WordPress/6.9; https://view.lotushomemade.com"
114.119.149.78 - - [14/Jan/2026:08:37:43 +0700] "GET /shop/page/1?stock_status=instock&shop_view=grid&per_row=2 HTTP/1.1" 301 604 "https://view.lotushomemade.com/shop/page/12/?stock_status=instock&shop_view=grid&per_row=2" "Mozilla/5.0 (Linux; Android 7.0;) AppleWebKit/537.36 (KHTML, like Gecko) Mobile Safari/537.36 (compatible; PetalBot;+https://webmaster.petalsearch.com/site/petalbot)"
114.119.149.78 - - [14/Jan/2026:08:37:44 +0700] "GET /shop/?stock_status=instock&shop_view=grid&per_row=2 HTTP/1.1" 200 41015 "https://view.lotushomemade.com/shop/page/12/?stock_status=instock&shop_view=grid&per_row=2" "Mozilla/5.0 (Linux; Android 7.0;) AppleWebKit/537.36 (KHTML, like Gecko) Mobile Safari/537.36 (compatible; PetalBot;+https://webmaster.petalsearch.com/site/petalbot)"
103.131.51.123 - - [14/Jan/2026:08:39:10 +0700] "POST /wp-cron.php?doing_wp_cron=1768354750.1816210746765136718750 HTTP/1.1" 200 474 "-" "WordPress/6.9; https://view.lotushomemade.com"
114.119.151.206 - - [14/Jan/2026:08:39:07 +0700] "GET /shop/page/1?per_row=2&per_page=24&shop_view=grid&stock_status=onsale HTTP/1.1" 301 661 "https://view.lotushomemade.com/shop/page/13/?per_row=2&per_page=24&shop_view=grid&stock_status=onsale" "Mozilla/5.0 (Linux; Android 7.0;) AppleWebKit/537.36 (KHTML, like Gecko) Mobile Safari/537.36 (compatible; PetalBot;+https://webmaster.petalsearch.com/site/petalbot)"
114.119.151.206 - - [14/Jan/2026:08:39:10 +0700] "GET /shop/?per_row=2&per_page=24&shop_view=grid&stock_status=onsale HTTP/1.1" 200 43467 "https://view.lotushomemade.com/shop/page/13/?per_row=2&per_page=24&shop_view=grid&stock_status=onsale" "Mozilla/5.0 (Linux; Android 7.0;) AppleWebKit/537.36 (KHTML, like Gecko) Mobile Safari/537.36 (compatible; PetalBot;+https://webmaster.petalsearch.com/site/petalbot)"
177.162.57.162 - - [14/Jan/2026:08:39:30 +0700] "GET /product/chicken-roll-sg/?add-to-cart=8388 HTTP/1.1" 200 38005 "-" "Mozilla/5.0 (compatible; MSIE 7.0; Windows 95; Trident/5.0)"
103.131.51.123 - - [14/Jan/2026:08:40:34 +0700] "POST /wp-cron.php?doing_wp_cron=1768354834.8805530071258544921875 HTTP/1.1" 200 474 "-" "WordPress/6.9; https://view.lotushomemade.com"
114.119.130.97 - - [14/Jan/2026:08:40:34 +0700] "GET /shop/page/1?per_page=18&shop_view=grid&per_row=2 HTTP/1.1" 301 641 "https://view.lotushomemade.com/shop/page/18/?per_page=18&shop_view=grid&per_row=2" "Mozilla/5.0 (Linux; Android 7.0;) AppleWebKit/537.36 (KHTML, like Gecko) Mobile Safari/537.36 (compatible; PetalBot;+https://webmaster.petalsearch.com/site/petalbot)"
114.119.130.97 - - [14/Jan/2026:08:40:35 +0700] "GET /shop/?per_page=18&shop_view=grid&per_row=2 HTTP/1.1" 200 42340 "https://view.lotushomemade.com/shop/page/18/?per_page=18&shop_view=grid&per_row=2" "Mozilla/5.0 (Linux; Android 7.0;) AppleWebKit/537.36 (KHTML, like Gecko) Mobile Safari/537.36 (compatible; PetalBot;+https://webmaster.petalsearch.com/site/petalbot)"
103.131.51.123 - - [14/Jan/2026:08:41:57 +0700] "POST /wp-cron.php?doing_wp_cron=1768354917.9070229530334472656250 HTTP/1.1" 200 474 "-" "WordPress/6.9; https://view.lotushomemade.com"
114.119.148.197 - - [14/Jan/2026:08:41:55 +0700] "GET /shop/page/1?orderby=price-desc&per_row=4&shop_view=grid&stock_status=onsale HTTP/1.1" 301 622 "https://view.lotushomemade.com/shop/page/12/?orderby=price-desc&per_row=4&shop_view=grid&stock_status=onsale" "Mozilla/5.0 (Linux; Android 7.0;) AppleWebKit/537.36 (KHTML, like Gecko) Mobile Safari/537.36 (compatible; PetalBot;+https://webmaster.petalsearch.com/site/petalbot)"
114.119.148.197 - - [14/Jan/2026:08:41:58 +0700] "GET /shop/?orderby=price-desc&per_row=4&shop_view=grid&stock_status=onsale HTTP/1.1" 200 40802 "https://view.lotushomemade.com/shop/page/12/?orderby=price-desc&per_row=4&shop_view=grid&stock_status=onsale" "Mozilla/5.0 (Linux; Android 7.0;) AppleWebKit/537.36 (KHTML, like Gecko) Mobile Safari/537.36 (compatible; PetalBot;+https://webmaster.petalsearch.com/site/petalbot)"
103.131.51.123 - - [14/Jan/2026:08:43:21 +0700] "POST /wp-cron.php?doing_wp_cron=1768355001.0375099182128906250000 HTTP/1.1" 200 474 "-" "WordPress/6.9; https://view.lotushomemade.com"
114.119.130.97 - - [14/Jan/2026:08:43:18 +0700] "GET /shop/page/1?orderby=price-desc&per_row=4&per_page=18&shop_view=grid HTTP/1.1" 301 660 "https://view.lotushomemade.com/shop/page/13/?orderby=price-desc&per_row=4&per_page=18&shop_view=grid" "Mozilla/5.0 (Linux; Android 7.0;) AppleWebKit/537.36 (KHTML, like Gecko) Mobile Safari/537.36 (compatible; PetalBot;+https://webmaster.petalsearch.com/site/petalbot)"
114.119.130.97 - - [14/Jan/2026:08:43:21 +0700] "GET /shop/?orderby=price-desc&per_row=4&per_page=18&shop_view=grid HTTP/1.1" 200 41822 "https://view.lotushomemade.com/shop/page/13/?orderby=price-desc&per_row=4&per_page=18&shop_view=grid" "Mozilla/5.0 (Linux; Android 7.0;) AppleWebKit/537.36 (KHTML, like Gecko) Mobile Safari/537.36 (compatible; PetalBot;+https://webmaster.petalsearch.com/site/petalbot)"
103.131.51.123 - - [14/Jan/2026:08:44:44 +0700] "POST /wp-cron.php?doing_wp_cron=1768355084.8646879196166992187500 HTTP/1.1" 200 474 "-" "WordPress/6.9; https://view.lotushomemade.com"
114.119.156.27 - - [14/Jan/2026:08:44:42 +0700] "GET /shop/page/1?orderby=popularity&stock_status=instock&per_row=6&shop_view=grid HTTP/1.1" 301 623 "https://view.lotushomemade.com/shop/page/12/?orderby=popularity&stock_status=instock&per_row=6&shop_view=grid" "Mozilla/5.0 (Linux; Android 7.0;) AppleWebKit/537.36 (KHTML, like Gecko) Mobile Safari/537.36 (compatible; PetalBot;+https://webmaster.petalsearch.com/site/petalbot)"
114.119.156.27 - - [14/Jan/2026:08:44:45 +0700] "GET /shop/?orderby=popularity&stock_status=instock&per_row=6&shop_view=grid HTTP/1.1" 200 41202 "https://view.lotushomemade.com/shop/page/12/?orderby=popularity&stock_status=instock&per_row=6&shop_view=grid" "Mozilla/5.0 (Linux; Android 7.0;) AppleWebKit/537.36 (KHTML, like Gecko) Mobile Safari/537.36 (compatible; PetalBot;+https://webmaster.petalsearch.com/site/petalbot)"
103.131.51.123 - - [14/Jan/2026:08:46:08 +0700] "POST /wp-cron.php?doing_wp_cron=1768355168.9472720623016357421875 HTTP/1.1" 200 474 "-" "WordPress/6.9; https://view.lotushomemade.com"
114.119.156.27 - - [14/Jan/2026:08:46:06 +0700] "GET /shop/page/1?orderby=popularity HTTP/1.1" 301 489 "https://view.lotushomemade.com/shop/page/12/?orderby=popularity" "Mozilla/5.0 (Linux; Android 7.0;) AppleWebKit/537.36 (KHTML, like Gecko) Mobile Safari/537.36 (compatible; PetalBot;+https://webmaster.petalsearch.com/site/petalbot)"
114.119.156.27 - - [14/Jan/2026:08:46:09 +0700] "GET /shop/?orderby=popularity HTTP/1.1" 200 41000 "https://view.lotushomemade.com/shop/page/12/?orderby=popularity" "Mozilla/5.0 (Linux; Android 7.0;) AppleWebKit/537.36 (KHTML, like Gecko) Mobile Safari/537.36 (compatible; PetalBot;+https://webmaster.petalsearch.com/site/petalbot)"
103.131.51.123 - - [14/Jan/2026:08:47:32 +0700] "POST /wp-cron.php?doing_wp_cron=1768355252.0792241096496582031250 HTTP/1.1" 200 474 "-" "WordPress/6.9; https://view.lotushomemade.com"
114.119.150.215 - - [14/Jan/2026:08:47:29 +0700] "GET /shop/page/1?orderby=date&per_row=4&shop_view=grid&per_page=24 HTTP/1.1" 301 654 "https://view.lotushomemade.com/shop/page/9?orderby=date&per_row=4&shop_view=grid&per_page=24" "Mozilla/5.0 (Linux; Android 7.0;) AppleWebKit/537.36 (KHTML, like Gecko) Mobile Safari/537.36 (compatible; PetalBot;+https://webmaster.petalsearch.com/site/petalbot)"
114.119.150.215 - - [14/Jan/2026:08:47:32 +0700] "GET /shop/?orderby=date&per_row=4&shop_view=grid&per_page=24 HTTP/1.1" 200 42918 "https://view.lotushomemade.com/shop/page/9?orderby=date&per_row=4&shop_view=grid&per_page=24" "Mozilla/5.0 (Linux; Android 7.0;) AppleWebKit/537.36 (KHTML, like Gecko) Mobile Safari/537.36 (compatible; PetalBot;+https://webmaster.petalsearch.com/site/petalbot)"
103.131.51.123 - - [14/Jan/2026:08:47:36 +0700] "POST /wp-cron.php?doing_wp_cron=1768355256.8731489181518554687500 HTTP/1.1" 200 474 "-" "WordPress/6.9; https://view.lotushomemade.com"
186.211.162.146 - - [14/Jan/2026:08:47:35 +0700] "GET /product/cashew-nut-cookies_8080-s/?add-to-cart=7951 HTTP/1.1" 200 38099 "-" "Mozilla/5.0 (iPhone; CPU iPhone OS 16_7_6 like Mac OS X) AppleWebKit/532.1 (KHTML, like Gecko) CriOS/46.0.861.0 Mobile/06O087 Safari/532.1"
49.145.199.102 - - [14/Jan/2026:08:47:37 +0700] "GET /product/2-in1-bamboo-charcoal-mini-egg-roll-sg/?add-to-cart=8669 HTTP/1.1" 200 38369 "-" "Mozilla/5.0 (iPod; U; CPU iPhone OS 3_0 like Mac OS X; sl-SI) AppleWebKit/534.6.5 (KHTML, like Gecko) Version/4.0.5 Mobile/8B111 Safari/6534.6.5"
103.131.51.123 - - [14/Jan/2026:08:48:54 +0700] "POST /wp-cron.php?doing_wp_cron=1768355334.7356400489807128906250 HTTP/1.1" 200 474 "-" "WordPress/6.9; https://view.lotushomemade.com"
114.119.145.110 - - [14/Jan/2026:08:48:52 +0700] "GET /shop/page/1?min_price=0&max_price=260&stock_status=instock&per_page=8 HTTP/1.1" 301 573 "https://view.lotushomemade.com/shop/page/14/?min_price=0&max_price=260&stock_status=instock&per_page=8" "Mozilla/5.0 (Linux; Android 7.0;) AppleWebKit/537.36 (KHTML, like Gecko) Mobile Safari/537.36 (compatible; PetalBot;+https://webmaster.petalsearch.com/site/petalbot)"
114.119.145.110 - - [14/Jan/2026:08:48:55 +0700] "GET /shop/?min_price=0&max_price=260&stock_status=instock&per_page=8 HTTP/1.1" 200 40540 "https://view.lotushomemade.com/shop/page/14/?min_price=0&max_price=260&stock_status=instock&per_page=8" "Mozilla/5.0 (Linux; Android 7.0;) AppleWebKit/537.36 (KHTML, like Gecko) Mobile Safari/537.36 (compatible; PetalBot;+https://webmaster.petalsearch.com/site/petalbot)"
103.131.51.123 - - [14/Jan/2026:08:50:19 +0700] "POST /wp-cron.php?doing_wp_cron=1768355419.2828679084777832031250 HTTP/1.1" 200 474 "-" "WordPress/6.9; https://view.lotushomemade.com"
114.119.156.27 - - [14/Jan/2026:08:50:16 +0700] "GET /shop/page/1?max_price=780&per_page=8 HTTP/1.1" 301 540 "https://view.lotushomemade.com/shop/page/10/?max_price=780&per_page=8" "Mozilla/5.0 (Linux; Android 7.0;) AppleWebKit/537.36 (KHTML, like Gecko) Mobile Safari/537.36 (compatible; PetalBot;+https://webmaster.petalsearch.com/site/petalbot)"
114.119.156.27 - - [14/Jan/2026:08:50:19 +0700] "GET /shop/?max_price=780&per_page=8 HTTP/1.1" 200 40459 "https://view.lotushomemade.com/shop/page/10/?max_price=780&per_page=8" "Mozilla/5.0 (Linux; Android 7.0;) AppleWebKit/537.36 (KHTML, like Gecko) Mobile Safari/537.36 (compatible; PetalBot;+https://webmaster.petalsearch.com/site/petalbot)"
103.131.51.123 - - [14/Jan/2026:08:51:42 +0700] "POST /wp-cron.php?doing_wp_cron=1768355502.3439569473266601562500 HTTP/1.1" 200 474 "-" "WordPress/6.9; https://view.lotushomemade.com"
114.119.145.110 - - [14/Jan/2026:08:51:39 +0700] "GET /shop/page/19?stock_status=instock&per_page=18&shop_view=grid&per_row=4 HTTP/1.1" 301 670 "https://view.lotushomemade.com/shop/page/18/?stock_status=instock&per_page=18&shop_view=grid&per_row=4" "Mozilla/5.0 (Linux; Android 7.0;) AppleWebKit/537.36 (KHTML, like Gecko) Mobile Safari/537.36 (compatible; PetalBot;+https://webmaster.petalsearch.com/site/petalbot)"
114.119.145.110 - - [14/Jan/2026:08:51:42 +0700] "GET /shop/page/19/?stock_status=instock&per_page=18&shop_view=grid&per_row=4 HTTP/1.1" 200 41228 "https://view.lotushomemade.com/shop/page/18/?stock_status=instock&per_page=18&shop_view=grid&per_row=4" "Mozilla/5.0 (Linux; Android 7.0;) AppleWebKit/537.36 (KHTML, like Gecko) Mobile Safari/537.36 (compatible; PetalBot;+https://webmaster.petalsearch.com/site/petalbot)"
103.131.51.123 - - [14/Jan/2026:08:53:05 +0700] "POST /wp-cron.php?doing_wp_cron=1768355585.8071939945220947265625 HTTP/1.1" 200 474 "-" "WordPress/6.9; https://view.lotushomemade.com"
114.119.150.215 - - [14/Jan/2026:08:53:03 +0700] "GET /shop/page/19?orderby=rating&stock_status=instock&per_page=12 HTTP/1.1" 301 572 "https://view.lotushomemade.com/shop/page/18/?orderby=rating&stock_status=instock&per_page=12" "Mozilla/5.0 (Linux; Android 7.0;) AppleWebKit/537.36 (KHTML, like Gecko) Mobile Safari/537.36 (compatible; PetalBot;+https://webmaster.petalsearch.com/site/petalbot)"
114.119.150.215 - - [14/Jan/2026:08:53:05 +0700] "GET /shop/page/19/?orderby=rating&stock_status=instock&per_page=12 HTTP/1.1" 200 39775 "https://view.lotushomemade.com/shop/page/18/?orderby=rating&stock_status=instock&per_page=12" "Mozilla/5.0 (Linux; Android 7.0;) AppleWebKit/537.36 (KHTML, like Gecko) Mobile Safari/537.36 (compatible; PetalBot;+https://webmaster.petalsearch.com/site/petalbot)"
103.131.51.123 - - [14/Jan/2026:08:54:32 +0700] "POST /wp-cron.php?doing_wp_cron=1768355672.8967270851135253906250 HTTP/1.1" 200 474 "-" "WordPress/6.9; https://view.lotushomemade.com"
114.119.130.97 - - [14/Jan/2026:08:54:30 +0700] "GET /shop/page/19?orderby=date&per_page=12&shop_view=grid&per_row=6 HTTP/1.1" 301 662 "https://view.lotushomemade.com/shop/page/16/?orderby=date&per_page=12&shop_view=grid&per_row=6" "Mozilla/5.0 (Linux; Android 7.0;) AppleWebKit/537.36 (KHTML, like Gecko) Mobile Safari/537.36 (compatible; PetalBot;+https://webmaster.petalsearch.com/site/petalbot)"
114.119.130.97 - - [14/Jan/2026:08:54:34 +0700] "GET /shop/page/19/?orderby=date&per_page=12&shop_view=grid&per_row=6 HTTP/1.1" 200 39794 "https://view.lotushomemade.com/shop/page/16/?orderby=date&per_page=12&shop_view=grid&per_row=6" "Mozilla/5.0 (Linux; Android 7.0;) AppleWebKit/537.36 (KHTML, like Gecko) Mobile Safari/537.36 (compatible; PetalBot;+https://webmaster.petalsearch.com/site/petalbot)"
40.77.167.59 - - [14/Jan/2026:08:54:44 +0700] "GET /product/traditional-seaweed-kapet_9300-xxl/ HTTP/2" 200 36189 "-" "Mozilla/5.0 AppleWebKit/537.36 (KHTML, like Gecko; compatible; bingbot/2.0; +http://www.bing.com/bingbot.htm) Chrome/116.0.1938.76 Safari/537.36"
103.131.51.123 - - [14/Jan/2026:08:56:01 +0700] "POST /wp-cron.php?doing_wp_cron=1768355761.2738850116729736328125 HTTP/1.1" 200 474 "-" "WordPress/6.9; https://view.lotushomemade.com"
114.119.145.110 - - [14/Jan/2026:08:55:58 +0700] "GET /shop/page/19?min_price=0&max_price=260&per_page=18&stock_status=onsale HTTP/1.1" 301 582 "https://view.lotushomemade.com/shop/page/16/?min_price=0&max_price=260&per_page=18&stock_status=onsale" "Mozilla/5.0 (Linux; Android 7.0;) AppleWebKit/537.36 (KHTML, like Gecko) Mobile Safari/537.36 (compatible; PetalBot;+https://webmaster.petalsearch.com/site/petalbot)"
114.119.145.110 - - [14/Jan/2026:08:56:01 +0700] "GET /shop/page/19/?min_price=0&max_price=260&per_page=18&stock_status=onsale HTTP/1.1" 200 41353 "https://view.lotushomemade.com/shop/page/16/?min_price=0&max_price=260&per_page=18&stock_status=onsale" "Mozilla/5.0 (Linux; Android 7.0;) AppleWebKit/537.36 (KHTML, like Gecko) Mobile Safari/537.36 (compatible; PetalBot;+https://webmaster.petalsearch.com/site/petalbot)"
103.131.51.123 - - [14/Jan/2026:08:57:21 +0700] "POST /wp-cron.php?doing_wp_cron=1768355841.9222180843353271484375 HTTP/1.1" 200 474 "-" "WordPress/6.9; https://view.lotushomemade.com"
114.119.156.27 - - [14/Jan/2026:08:57:19 +0700] "GET /shop/page/19?max_price=1050&stock_status=onsale&per_row=4&shop_view=grid HTTP/1.1" 301 626 "https://view.lotushomemade.com/shop/page/18/?max_price=1050&stock_status=onsale&per_row=4&shop_view=grid" "Mozilla/5.0 (Linux; Android 7.0;) AppleWebKit/537.36 (KHTML, like Gecko) Mobile Safari/537.36 (compatible; PetalBot;+https://webmaster.petalsearch.com/site/petalbot)"
103.131.51.123 - - [14/Jan/2026:08:57:23 +0700] "POST /wp-cron.php?doing_wp_cron=1768355843.5940940380096435546875 HTTP/1.1" 200 474 "-" "WordPress/6.9; https://view.lotushomemade.com"
114.119.156.27 - - [14/Jan/2026:08:57:22 +0700] "GET /shop/page/19/?max_price=1050&stock_status=onsale&per_row=4&shop_view=grid HTTP/1.1" 200 40202 "https://view.lotushomemade.com/shop/page/18/?max_price=1050&stock_status=onsale&per_row=4&shop_view=grid" "Mozilla/5.0 (Linux; Android 7.0;) AppleWebKit/537.36 (KHTML, like Gecko) Mobile Safari/537.36 (compatible; PetalBot;+https://webmaster.petalsearch.com/site/petalbot)"
57.141.16.2 - - [14/Jan/2026:08:57:21 +0700] "GET /shop/page/9/?stock_status=onsale&per_row=6&shop_view=grid&per_page=12 HTTP/2" 200 242013 "-" "meta-externalagent/1.1 (+https://developers.facebook.com/docs/sharing/webmasters/crawler)"
57.141.16.19 - - [14/Jan/2026:08:58:13 +0700] "GET /shop/page/17/?per_row=4&per_page=18&shop_view=grid&stock_status=instock HTTP/2" 200 258649 "-" "meta-externalagent/1.1 (+https://developers.facebook.com/docs/sharing/webmasters/crawler)"
103.131.51.123 - - [14/Jan/2026:08:58:40 +0700] "POST /wp-cron.php?doing_wp_cron=1768355920.3606369495391845703125 HTTP/1.1" 200 474 "-" "WordPress/6.9; https://view.lotushomemade.com"
114.119.148.197 - - [14/Jan/2026:08:58:39 +0700] "GET /shop/page/19?max_price=1050&stock_status=instock HTTP/1.1" 301 514 "https://view.lotushomemade.com/shop/page/17/?max_price=1050&stock_status=instock" "Mozilla/5.0 (Linux; Android 7.0;) AppleWebKit/537.36 (KHTML, like Gecko) Mobile Safari/537.36 (compatible; PetalBot;+https://webmaster.petalsearch.com/site/petalbot)"
114.119.148.197 - - [14/Jan/2026:08:58:41 +0700] "GET /shop/page/19/?max_price=1050&stock_status=instock HTTP/1.1" 200 39990 "https://view.lotushomemade.com/shop/page/17/?max_price=1050&stock_status=instock" "Mozilla/5.0 (Linux; Android 7.0;) AppleWebKit/537.36 (KHTML, like Gecko) Mobile Safari/537.36 (compatible; PetalBot;+https://webmaster.petalsearch.com/site/petalbot)"
57.141.16.39 - - [14/Jan/2026:08:59:09 +0700] "GET /product-category/traditional-cookies-series/page/13/?add-to-cart=8635 HTTP/2" 200 240015 "-" "meta-externalagent/1.1 (+https://developers.facebook.com/docs/sharing/webmasters/crawler)"
103.131.51.123 - - [14/Jan/2026:09:00:03 +0700] "POST /wp-cron.php?doing_wp_cron=1768356003.5955429077148437500000 HTTP/1.1" 200 474 "-" "WordPress/6.9; https://view.lotushomemade.com"
114.119.149.78 - - [14/Jan/2026:09:00:01 +0700] "GET /shop/page/19/?stock_status=onsale&shop_view=grid&per_row=6 HTTP/1.1" 200 39931 "https://view.lotushomemade.com/shop/page/22/?stock_status=onsale&shop_view=grid&per_row=6" "Mozilla/5.0 (Linux; Android 7.0;) AppleWebKit/537.36 (KHTML, like Gecko) Mobile Safari/537.36 (compatible; PetalBot;+https://webmaster.petalsearch.com/site/petalbot)"
103.131.51.123 - - [14/Jan/2026:09:00:39 +0700] "POST /wp-cron.php?doing_wp_cron=1768356039.3795409202575683593750 HTTP/1.1" 200 474 "-" "WordPress/6.9; https://view.lotushomemade.com"
57.141.16.67 - - [14/Jan/2026:09:00:37 +0700] "GET /shop/page/43/?stock_status=instock&per_page=8&shop_view=grid&per_row=4 HTTP/2" 200 229355 "-" "meta-externalagent/1.1 (+https://developers.facebook.com/docs/sharing/webmasters/crawler)"
114.119.150.215 - - [14/Jan/2026:09:01:24 +0700] "GET /shop/page/19/?stock_status=onsale&per_row=4&per_page=18&shop_view=grid HTTP/1.1" 200 41237 "https://view.lotushomemade.com/shop/page/19?stock_status=onsale&per_row=4&per_page=18&shop_view=grid" "Mozilla/5.0 (Linux; Android 7.0;) AppleWebKit/537.36 (KHTML, like Gecko) Mobile Safari/537.36 (compatible; PetalBot;+https://webmaster.petalsearch.com/site/petalbot)"
103.131.51.123 - - [14/Jan/2026:09:01:41 +0700] "POST /wp-cron.php?doing_wp_cron=1768356101.9268989562988281250000 HTTP/1.1" 200 474 "-" "WordPress/6.9; https://view.lotushomemade.com"
177.125.129.44 - - [14/Jan/2026:09:02:13 +0700] "GET /product/hao-yun-zhai_30g/?add-to-cart=7943 HTTP/1.1" 200 37849 "-" "Mozilla/5.0 (Macintosh; PPC Mac OS X 10_7_2 rv:5.0; fr-CH) AppleWebKit/533.4.5 (KHTML, like Gecko) Version/5.0 Safari/533.4.5"
103.131.51.123 - - [14/Jan/2026:09:02:50 +0700] "POST /wp-cron.php?doing_wp_cron=1768356170.0931971073150634765625 HTTP/1.1" 200 474 "-" "WordPress/6.9; https://view.lotushomemade.com"
114.119.130.97 - - [14/Jan/2026:09:02:48 +0700] "GET /shop/page/19/?stock_status=onsale&per_page=8&shop_view=grid&per_row=6 HTTP/1.1" 200 39444 "https://view.lotushomemade.com/shop/page/18?stock_status=onsale&per_page=8&shop_view=grid&per_row=6" "Mozilla/5.0 (Linux; Android 7.0;) AppleWebKit/537.36 (KHTML, like Gecko) Mobile Safari/537.36 (compatible; PetalBot;+https://webmaster.petalsearch.com/site/petalbot)"
103.131.51.123 - - [14/Jan/2026:09:04:18 +0700] "POST /wp-cron.php?doing_wp_cron=1768356258.3868660926818847656250 HTTP/1.1" 200 474 "-" "WordPress/6.9; https://view.lotushomemade.com"
114.119.156.27 - - [14/Jan/2026:09:04:14 +0700] "GET /shop/page/19/?stock_status=instock&per_row=4&per_page=18&shop_view=grid HTTP/1.1" 200 41249 "https://view.lotushomemade.com/shop/page/18?stock_status=instock&per_row=4&per_page=18&shop_view=grid" "Mozilla/5.0 (Linux; Android 7.0;) AppleWebKit/537.36 (KHTML, like Gecko) Mobile Safari/537.36 (compatible; PetalBot;+https://webmaster.petalsearch.com/site/petalbot)"
103.131.51.123 - - [14/Jan/2026:09:05:39 +0700] "POST /wp-cron.php?doing_wp_cron=1768356339.4078400135040283203125 HTTP/1.1" 200 474 "-" "WordPress/6.9; https://view.lotushomemade.com"
114.119.130.97 - - [14/Jan/2026:09:05:35 +0700] "GET /shop/page/19/?per_row=6&shop_view=grid&stock_status=onsale HTTP/1.1" 200 39936 "https://view.lotushomemade.com/shop/page/18/?per_row=6&shop_view=grid&stock_status=onsale" "Mozilla/5.0 (Linux; Android 7.0;) AppleWebKit/537.36 (KHTML, like Gecko) Mobile Safari/537.36 (compatible; PetalBot;+https://webmaster.petalsearch.com/site/petalbot)"
40.77.167.61 - - [14/Jan/2026:09:05:46 +0700] "GET /wp-content/uploads/2023/11/1097-300x300.png HTTP/2" 200 159652 "-" "Mozilla/5.0 AppleWebKit/537.36 (KHTML, like Gecko; compatible; bingbot/2.0; +http://www.bing.com/bingbot.htm) Chrome/116.0.1938.76 Safari/537.36"
103.131.51.123 - - [14/Jan/2026:09:07:03 +0700] "POST /wp-cron.php?doing_wp_cron=1768356423.3841779232025146484375 HTTP/1.1" 200 474 "-" "WordPress/6.9; https://view.lotushomemade.com"
114.119.130.97 - - [14/Jan/2026:09:06:59 +0700] "GET /shop/page/19/?per_page=18&shop_view=grid&per_row=2 HTTP/1.1" 200 41160 "https://view.lotushomemade.com/shop/page/17?per_page=18&shop_view=grid&per_row=2" "Mozilla/5.0 (Linux; Android 7.0;) AppleWebKit/537.36 (KHTML, like Gecko) Mobile Safari/537.36 (compatible; PetalBot;+https://webmaster.petalsearch.com/site/petalbot)"
57.141.16.26 - - [14/Jan/2026:09:07:26 +0700] "GET /product-category/traditional-cookies-series/page/1/?stock_status=instock%2Consale&per_row=2&per_page=8&shop_view=grid HTTP/2" 301 0 "-" "meta-externalagent/1.1 (+https://developers.facebook.com/docs/sharing/webmasters/crawler)"
103.131.51.123 - - [14/Jan/2026:09:08:25 +0700] "POST /wp-cron.php?doing_wp_cron=1768356504.9957709312438964843750 HTTP/1.1" 200 474 "-" "WordPress/6.9; https://view.lotushomemade.com"
114.119.145.110 - - [14/Jan/2026:09:08:23 +0700] "GET /shop/page/19/?orderby=rating&stock_status=instock HTTP/1.1" 200 39664 "https://view.lotushomemade.com/shop/page/22/?orderby=rating&stock_status=instock" "Mozilla/5.0 (Linux; Android 7.0;) AppleWebKit/537.36 (KHTML, like Gecko) Mobile Safari/537.36 (compatible; PetalBot;+https://webmaster.petalsearch.com/site/petalbot)"
103.131.51.123 - - [14/Jan/2026:09:09:50 +0700] "POST /wp-cron.php?doing_wp_cron=1768356590.5860450267791748046875 HTTP/1.1" 200 474 "-" "WordPress/6.9; https://view.lotushomemade.com"
114.119.150.215 - - [14/Jan/2026:09:09:46 +0700] "GET /shop/page/19/?orderby=rating&per_row=6&per_page=12&shop_view=grid HTTP/1.1" 200 39810 "https://view.lotushomemade.com/shop/page/20/?orderby=rating&per_row=6&per_page=12&shop_view=grid" "Mozilla/5.0 (Linux; Android 7.0;) AppleWebKit/537.36 (KHTML, like Gecko) Mobile Safari/537.36 (compatible; PetalBot;+https://webmaster.petalsearch.com/site/petalbot)"
103.131.51.123 - - [14/Jan/2026:09:11:13 +0700] "POST /wp-cron.php?doing_wp_cron=1768356673.6039879322052001953125 HTTP/1.1" 200 474 "-" "WordPress/6.9; https://view.lotushomemade.com"
114.119.142.208 - - [14/Jan/2026:09:11:09 +0700] "GET /shop/page/19/?orderby=price-desc&per_row=4&shop_view=grid&per_page=8 HTTP/1.1" 200 39373 "https://view.lotushomemade.com/shop/page/18?orderby=price-desc&per_row=4&shop_view=grid&per_page=8" "Mozilla/5.0 (Linux; Android 7.0;) AppleWebKit/537.36 (KHTML, like Gecko) Mobile Safari/537.36 (compatible; PetalBot;+https://webmaster.petalsearch.com/site/petalbot)"
103.131.51.123 - - [14/Jan/2026:09:12:37 +0700] "POST /wp-cron.php?doing_wp_cron=1768356757.2055149078369140625000 HTTP/1.1" 200 474 "-" "WordPress/6.9; https://view.lotushomemade.com"
114.119.130.97 - - [14/Jan/2026:09:12:33 +0700] "GET /shop/page/19/?orderby=price-desc&per_page=12&shop_view=grid&per_row=4 HTTP/1.1" 200 40164 "https://view.lotushomemade.com/shop/page/20/?orderby=price-desc&per_page=12&shop_view=grid&per_row=4" "Mozilla/5.0 (Linux; Android 7.0;) AppleWebKit/537.36 (KHTML, like Gecko) Mobile Safari/537.36 (compatible; PetalBot;+https://webmaster.petalsearch.com/site/petalbot)"
103.131.51.123 - - [14/Jan/2026:09:14:00 +0700] "POST /wp-cron.php?doing_wp_cron=1768356840.7922980785369873046875 HTTP/1.1" 200 474 "-" "WordPress/6.9; https://view.lotushomemade.com"
114.119.151.206 - - [14/Jan/2026:09:13:57 +0700] "GET /shop/page/19/?orderby=price-desc&per_page=12 HTTP/1.1" 200 40020 "https://view.lotushomemade.com/shop/page/20?orderby=price-desc&per_page=12" "Mozilla/5.0 (Linux; Android 7.0;) AppleWebKit/537.36 (KHTML, like Gecko) Mobile Safari/537.36 (compatible; PetalBot;+https://webmaster.petalsearch.com/site/petalbot)"
103.131.51.123 - - [14/Jan/2026:09:15:24 +0700] "POST /wp-cron.php?doing_wp_cron=1768356924.2860550880432128906250 HTTP/1.1" 200 474 "-" "WordPress/6.9; https://view.lotushomemade.com"
114.119.150.215 - - [14/Jan/2026:09:15:20 +0700] "GET /shop/page/19/?orderby=price&stock_status=onsale&per_row=2&shop_view=grid HTTP/1.1" 200 40201 "https://view.lotushomemade.com/shop/page/22/?orderby=price&stock_status=onsale&per_row=2&shop_view=grid" "Mozilla/5.0 (Linux; Android 7.0;) AppleWebKit/537.36 (KHTML, like Gecko) Mobile Safari/537.36 (compatible; PetalBot;+https://webmaster.petalsearch.com/site/petalbot)"
103.131.51.123 - - [14/Jan/2026:09:16:48 +0700] "POST /wp-cron.php?doing_wp_cron=1768357007.9804530143737792968750 HTTP/1.1" 200 474 "-" "WordPress/6.9; https://view.lotushomemade.com"
114.119.156.27 - - [14/Jan/2026:09:16:44 +0700] "GET /shop/page/19/?orderby=price&stock_status=onsale&per_page=8 HTTP/1.1" 200 39396 "https://view.lotushomemade.com/shop/page/20/?orderby=price&stock_status=onsale&per_page=8" "Mozilla/5.0 (Linux; Android 7.0;) AppleWebKit/537.36 (KHTML, like Gecko) Mobile Safari/537.36 (compatible; PetalBot;+https://webmaster.petalsearch.com/site/petalbot)"
103.131.51.123 - - [14/Jan/2026:09:17:58 +0700] "POST /wp-cron.php?doing_wp_cron=1768357078.1744558811187744140625 HTTP/1.1" 200 474 "-" "WordPress/6.9; https://view.lotushomemade.com"
57.141.16.15 - - [14/Jan/2026:09:17:56 +0700] "GET /product-category/traditional-cookies-series/page/10/?per_page=8 HTTP/2" 200 230859 "-" "meta-externalagent/1.1 (+https://developers.facebook.com/docs/sharing/webmasters/crawler)"
114.119.142.208 - - [14/Jan/2026:09:18:06 +0700] "GET /shop/page/19/?orderby=price&per_row=4&per_page=12&shop_view=grid HTTP/1.1" 200 40184 "https://view.lotushomemade.com/shop/page/22/?orderby=price&per_row=4&per_page=12&shop_view=grid" "Mozilla/5.0 (Linux; Android 7.0;) AppleWebKit/537.36 (KHTML, like Gecko) Mobile Safari/537.36 (compatible; PetalBot;+https://webmaster.petalsearch.com/site/petalbot)"
103.131.51.123 - - [14/Jan/2026:09:19:39 +0700] "POST /wp-cron.php?doing_wp_cron=1768357179.2071080207824707031250 HTTP/1.1" 200 474 "-" "WordPress/6.9; https://view.lotushomemade.com"
114.119.156.27 - - [14/Jan/2026:09:19:35 +0700] "GET /shop/page/19/?min_price=0&stock_status=instock&shop_view=grid&per_row=6 HTTP/1.1" 200 39994 "https://view.lotushomemade.com/shop/page/22/?min_price=0&stock_status=instock&shop_view=grid&per_row=6" "Mozilla/5.0 (Linux; Android 7.0;) AppleWebKit/537.36 (KHTML, like Gecko) Mobile Safari/537.36 (compatible; PetalBot;+https://webmaster.petalsearch.com/site/petalbot)"
164.138.205.216 - - [14/Jan/2026:09:20:10 +0700] "GET /product/2-in1-bamboo-charcoal-mini-egg-roll-sg/?add-to-cart=8639 HTTP/1.1" 200 38328 "-" "Mozilla/5.0 (Windows NT 6.2) AppleWebKit/535.2 (KHTML, like Gecko) Chrome/41.0.815.0 Safari/535.2"
157.50.147.107 - - [14/Jan/2026:09:20:26 +0700] "GET /product/2-in1-bamboo-charcoal-mini-egg-roll-sg/?add-to-cart=8639 HTTP/1.1" 200 38229 "-" "Mozilla/5.0 (Macintosh; U; PPC Mac OS X 10_11_6 rv:4.0; my-MM) AppleWebKit/534.6.5 (KHTML, like Gecko) Version/4.0.5 Safari/534.6.5"
103.131.51.123 - - [14/Jan/2026:09:20:55 +0700] "POST /wp-cron.php?doing_wp_cron=1768357255.8350191116333007812500 HTTP/1.1" 200 474 "-" "WordPress/6.9; https://view.lotushomemade.com"
114.119.148.197 - - [14/Jan/2026:09:20:54 +0700] "GET /shop/page/19/?min_price=0&per_page=8&shop_view=grid&per_row=6 HTTP/1.1" 200 39411 "https://view.lotushomemade.com/shop/page/20/?min_price=0&per_page=8&shop_view=grid&per_row=6" "Mozilla/5.0 (Linux; Android 7.0;) AppleWebKit/537.36 (KHTML, like Gecko) Mobile Safari/537.36 (compatible; PetalBot;+https://webmaster.petalsearch.com/site/petalbot)"
103.131.51.123 - - [14/Jan/2026:09:22:27 +0700] "POST /wp-cron.php?doing_wp_cron=1768357347.8183479309082031250000 HTTP/1.1" 200 474 "-" "WordPress/6.9; https://view.lotushomemade.com"
114.119.149.78 - - [14/Jan/2026:09:22:24 +0700] "GET /shop/page/19/?min_price=0&per_page=12 HTTP/1.1" 200 39870 "https://view.lotushomemade.com/shop/page/18?min_price=0&per_page=12" "Mozilla/5.0 (Linux; Android 7.0;) AppleWebKit/537.36 (KHTML, like Gecko) Mobile Safari/537.36 (compatible; PetalBot;+https://webmaster.petalsearch.com/site/petalbot)"
103.131.51.123 - - [14/Jan/2026:09:23:45 +0700] "POST /wp-cron.php?doing_wp_cron=1768357425.1240820884704589843750 HTTP/1.1" 200 474 "-" "WordPress/6.9; https://view.lotushomemade.com"
114.119.130.97 - - [14/Jan/2026:09:23:41 +0700] "GET /shop/page/19/?min_price=0&max_price=260&per_page=8&stock_status=instock HTTP/1.1" 200 39561 "https://view.lotushomemade.com/shop/page/20/?min_price=0&max_price=260&per_page=8&stock_status=instock" "Mozilla/5.0 (Linux; Android 7.0;) AppleWebKit/537.36 (KHTML, like Gecko) Mobile Safari/537.36 (compatible; PetalBot;+https://webmaster.petalsearch.com/site/petalbot)"
103.131.51.123 - - [14/Jan/2026:09:25:09 +0700] "POST /wp-cron.php?doing_wp_cron=1768357509.8487720489501953125000 HTTP/1.1" 200 474 "-" "WordPress/6.9; https://view.lotushomemade.com"
114.119.151.206 - - [14/Jan/2026:09:25:06 +0700] "GET /shop/page/19/?max_price=780&shop_view=grid&per_row=4 HTTP/1.1" 200 40140 "https://view.lotushomemade.com/shop/page/19/?max_price=780&shop_view=grid&per_row=4" "Mozilla/5.0 (Linux; Android 7.0;) AppleWebKit/537.36 (KHTML, like Gecko) Mobile Safari/537.36 (compatible; PetalBot;+https://webmaster.petalsearch.com/site/petalbot)"
57.141.16.61 - - [14/Jan/2026:09:25:20 +0700] "GET /shop/page/11/?shop_view=grid&per_row=4 HTTP/2" 200 240141 "-" "meta-externalagent/1.1 (+https://developers.facebook.com/docs/sharing/webmasters/crawler)"
103.131.51.123 - - [14/Jan/2026:09:26:30 +0700] "POST /wp-cron.php?doing_wp_cron=1768357590.2490069866180419921875 HTTP/1.1" 200 474 "-" "WordPress/6.9; https://view.lotushomemade.com"
114.119.148.197 - - [14/Jan/2026:09:26:28 +0700] "GET /shop/page/19/?max_price=520&stock_status=instock&per_row=4&shop_view=grid HTTP/1.1" 200 40204 "https://view.lotushomemade.com/shop/page/20/?max_price=520&stock_status=instock&per_row=4&shop_view=grid" "Mozilla/5.0 (Linux; Android 7.0;) AppleWebKit/537.36 (KHTML, like Gecko) Mobile Safari/537.36 (compatible; PetalBot;+https://webmaster.petalsearch.com/site/petalbot)"
103.131.51.123 - - [14/Jan/2026:09:27:55 +0700] "POST /wp-cron.php?doing_wp_cron=1768357675.9046249389648437500000 HTTP/1.1" 200 474 "-" "WordPress/6.9; https://view.lotushomemade.com"
114.119.149.78 - - [14/Jan/2026:09:27:52 +0700] "GET /shop/page/19/?max_price=1050&stock_status=onsale&shop_view=grid&per_row=4 HTTP/1.1" 200 40189 "https://view.lotushomemade.com/shop/page/18?max_price=1050&stock_status=onsale&shop_view=grid&per_row=4" "Mozilla/5.0 (Linux; Android 7.0;) AppleWebKit/537.36 (KHTML, like Gecko) Mobile Safari/537.36 (compatible; PetalBot;+https://webmaster.petalsearch.com/site/petalbot)"
131.106.97.201 - - [14/Jan/2026:09:28:29 +0700] "GET /product/peanut-puff-cracker_8080-s/?add-to-cart=7871 HTTP/1.1" 200 38690 "-" "Mozilla/5.0 (iPhone; CPU iPhone OS 17_2 like Mac OS X) AppleWebKit/533.1 (KHTML, like Gecko) CriOS/18.0.838.0 Mobile/81P037 Safari/533.1"
103.131.51.123 - - [14/Jan/2026:09:29:18 +0700] "POST /wp-cron.php?doing_wp_cron=1768357758.9514880180358886718750 HTTP/1.1" 200 474 "-" "WordPress/6.9; https://view.lotushomemade.com"
114.119.148.197 - - [14/Jan/2026:09:29:17 +0700] "GET /shop/page/19/?max_price=1050&stock_status=instock&per_page=18 HTTP/1.1" 200 41303 "https://view.lotushomemade.com/shop/page/21?max_price=1050&stock_status=instock&per_page=18" "Mozilla/5.0 (Linux; Android 7.0;) AppleWebKit/537.36 (KHTML, like Gecko) Mobile Safari/537.36 (compatible; PetalBot;+https://webmaster.petalsearch.com/site/petalbot)"
103.131.51.123 - - [14/Jan/2026:09:30:52 +0700] "POST /wp-cron.php?doing_wp_cron=1768357851.6164910793304443359375 HTTP/1.1" 200 474 "-" "WordPress/6.9; https://view.lotushomemade.com"
114.119.156.27 - - [14/Jan/2026:09:30:49 +0700] "GET /shop/page/18?stock_status=onsale&per_row=6&shop_view=grid&per_page=12 HTTP/1.1" 301 669 "https://view.lotushomemade.com/shop/page/17/?stock_status=onsale&per_row=6&shop_view=grid&per_page=12" "Mozilla/5.0 (Linux; Android 7.0;) AppleWebKit/537.36 (KHTML, like Gecko) Mobile Safari/537.36 (compatible; PetalBot;+https://webmaster.petalsearch.com/site/petalbot)"
114.119.156.27 - - [14/Jan/2026:09:30:52 +0700] "GET /shop/page/18/?stock_status=onsale&per_row=6&shop_view=grid&per_page=12 HTTP/1.1" 200 40349 "https://view.lotushomemade.com/shop/page/17/?stock_status=onsale&per_row=6&shop_view=grid&per_page=12" "Mozilla/5.0 (Linux; Android 7.0;) AppleWebKit/537.36 (KHTML, like Gecko) Mobile Safari/537.36 (compatible; PetalBot;+https://webmaster.petalsearch.com/site/petalbot)"
103.131.51.123 - - [14/Jan/2026:09:32:03 +0700] "POST /wp-cron.php?doing_wp_cron=1768357923.4569070339202880859375 HTTP/1.1" 200 474 "-" "WordPress/6.9; https://view.lotushomemade.com"
114.119.151.206 - - [14/Jan/2026:09:32:02 +0700] "GET /shop/page/18?stock_status=onsale&per_row=4&per_page=18&shop_view=grid HTTP/1.1" 301 669 "https://view.lotushomemade.com/shop/page/16/?stock_status=onsale&per_row=4&per_page=18&shop_view=grid" "Mozilla/5.0 (Linux; Android 7.0;) AppleWebKit/537.36 (KHTML, like Gecko) Mobile Safari/537.36 (compatible; PetalBot;+https://webmaster.petalsearch.com/site/petalbot)"
114.119.151.206 - - [14/Jan/2026:09:32:04 +0700] "GET /shop/page/18/?stock_status=onsale&per_row=4&per_page=18&shop_view=grid HTTP/1.1" 200 41249 "https://view.lotushomemade.com/shop/page/16/?stock_status=onsale&per_row=4&per_page=18&shop_view=grid" "Mozilla/5.0 (Linux; Android 7.0;) AppleWebKit/537.36 (KHTML, like Gecko) Mobile Safari/537.36 (compatible; PetalBot;+https://webmaster.petalsearch.com/site/petalbot)"
103.131.51.123 - - [14/Jan/2026:09:33:29 +0700] "POST /wp-cron.php?doing_wp_cron=1768358009.0899629592895507812500 HTTP/1.1" 200 474 "-" "WordPress/6.9; https://view.lotushomemade.com"
114.119.145.110 - - [14/Jan/2026:09:33:26 +0700] "GET /shop/page/18?per_row=4&shop_view=grid&per_page=18 HTTP/1.1" 301 649 "https://view.lotushomemade.com/shop/page/18/?per_row=4&shop_view=grid&per_page=18" "Mozilla/5.0 (Linux; Android 7.0;) AppleWebKit/537.36 (KHTML, like Gecko) Mobile Safari/537.36 (compatible; PetalBot;+https://webmaster.petalsearch.com/site/petalbot)"
114.119.145.110 - - [14/Jan/2026:09:33:29 +0700] "GET /shop/page/18/?per_row=4&shop_view=grid&per_page=18 HTTP/1.1" 200 41238 "https://view.lotushomemade.com/shop/page/18/?per_row=4&shop_view=grid&per_page=18" "Mozilla/5.0 (Linux; Android 7.0;) AppleWebKit/537.36 (KHTML, like Gecko) Mobile Safari/537.36 (compatible; PetalBot;+https://webmaster.petalsearch.com/site/petalbot)"
103.131.51.123 - - [14/Jan/2026:09:34:52 +0700] "POST /wp-cron.php?doing_wp_cron=1768358092.1395189762115478515625 HTTP/1.1" 200 474 "-" "WordPress/6.9; https://view.lotushomemade.com"
114.119.145.110 - - [14/Jan/2026:09:34:49 +0700] "GET /shop/page/18?per_row=2&per_page=18&shop_view=grid HTTP/1.1" 301 649 "https://view.lotushomemade.com/shop/page/15/?per_row=2&per_page=18&shop_view=grid" "Mozilla/5.0 (Linux; Android 7.0;) AppleWebKit/537.36 (KHTML, like Gecko) Mobile Safari/537.36 (compatible; PetalBot;+https://webmaster.petalsearch.com/site/petalbot)"
114.119.145.110 - - [14/Jan/2026:09:34:52 +0700] "GET /shop/page/18/?per_row=2&per_page=18&shop_view=grid HTTP/1.1" 200 41268 "https://view.lotushomemade.com/shop/page/15/?per_row=2&per_page=18&shop_view=grid" "Mozilla/5.0 (Linux; Android 7.0;) AppleWebKit/537.36 (KHTML, like Gecko) Mobile Safari/537.36 (compatible; PetalBot;+https://webmaster.petalsearch.com/site/petalbot)"
103.131.51.123 - - [14/Jan/2026:09:36:17 +0700] "POST /wp-cron.php?doing_wp_cron=1768358177.1345899105072021484375 HTTP/1.1" 200 474 "-" "WordPress/6.9; https://view.lotushomemade.com"
114.119.149.78 - - [14/Jan/2026:09:36:14 +0700] "GET /shop/page/18?orderby=rating&stock_status=instock&shop_view=grid&per_row=2 HTTP/1.1" 301 627 "https://view.lotushomemade.com/shop/page/16/?orderby=rating&stock_status=instock&shop_view=grid&per_row=2" "Mozilla/5.0 (Linux; Android 7.0;) AppleWebKit/537.36 (KHTML, like Gecko) Mobile Safari/537.36 (compatible; PetalBot;+https://webmaster.petalsearch.com/site/petalbot)"
114.119.149.78 - - [14/Jan/2026:09:36:18 +0700] "GET /shop/page/18/?orderby=rating&stock_status=instock&shop_view=grid&per_row=2 HTTP/1.1" 200 39859 "https://view.lotushomemade.com/shop/page/16/?orderby=rating&stock_status=instock&shop_view=grid&per_row=2" "Mozilla/5.0 (Linux; Android 7.0;) AppleWebKit/537.36 (KHTML, like Gecko) Mobile Safari/537.36 (compatible; PetalBot;+https://webmaster.petalsearch.com/site/petalbot)"
103.131.51.123 - - [14/Jan/2026:09:37:12 +0700] "POST /wp-cron.php?doing_wp_cron=1768358232.2641921043395996093750 HTTP/1.1" 200 474 "-" "WordPress/6.9; https://view.lotushomemade.com"
57.141.16.77 - - [14/Jan/2026:09:37:10 +0700] "GET /shop/page/11/?add-to-cart=17197 HTTP/2" 200 239673 "-" "meta-externalagent/1.1 (+https://developers.facebook.com/docs/sharing/webmasters/crawler)"
