103.131.51.123 - - [14/Jan/2026:07:35:07 +0700] "POST /wp-cron.php?doing_wp_cron=1768350907.0712490081787109375000 HTTP/1.1" 200 474 "-" "WordPress/6.9; https://view.lotushomemade.com"
114.119.148.197 - - [14/Jan/2026:07:35:03 +0700] "GET /shop/page/29/?min_price=0&shop_view=grid&per_row=6 HTTP/1.1" 200 40344 "https://view.lotushomemade.com/shop/page/31?min_price=0&shop_view=grid&per_row=6" "Mozilla/5.0 (Linux; Android 7.0;) AppleWebKit/537.36 (KHTML, like Gecko) Mobile Safari/537.36 (compatible; PetalBot;+https://webmaster.petalsearch.com/site/petalbot)"
103.131.51.123 - - [14/Jan/2026:07:36:30 +0700] "POST /wp-cron.php?doing_wp_cron=1768350990.0151269435882568359375 HTTP/1.1" 200 474 "-" "WordPress/6.9; https://view.lotushomemade.com"
114.119.156.27 - - [14/Jan/2026:07:36:26 +0700] "GET /shop/page/28/?max_price=1040&shop_view=grid&per_row=4 HTTP/1.1" 200 40296 "https://view.lotushomemade.com/shop/page/30?max_price=1040&shop_view=grid&per_row=4" "Mozilla/5.0 (Linux; Android 7.0;) AppleWebKit/537.36 (KHTML, like Gecko) Mobile Safari/537.36 (compatible; PetalBot;+https://webmaster.petalsearch.com/site/petalbot)"
103.131.51.123 - - [14/Jan/2026:07:37:53 +0700] "POST /wp-cron.php?doing_wp_cron=1768351073.6333050727844238281250 HTTP/1.1" 200 474 "-" "WordPress/6.9; https://view.lotushomemade.com"
114.119.148.197 - - [14/Jan/2026:07:37:50 +0700] "GET /shop/page/26/?max_price=780&stock_status=onsale&per_page=12 HTTP/1.1" 200 40197 "https://view.lotushomemade.com/shop/page/26/?max_price=780&stock_status=onsale&per_page=12" "Mozilla/5.0 (Linux; Android 7.0;) AppleWebKit/537.36 (KHTML, like Gecko) Mobile Safari/537.36 (compatible; PetalBot;+https://webmaster.petalsearch.com/site/petalbot)"
103.131.51.123 - - [14/Jan/2026:07:39:18 +0700] "POST /wp-cron.php?doing_wp_cron=1768351158.4359838962554931640625 HTTP/1.1" 200 474 "-" "WordPress/6.9; https://view.lotushomemade.com"
114.119.145.110 - - [14/Jan/2026:07:39:14 +0700] "GET /shop/page/23/?shop_view=grid&per_row=6 HTTP/1.1" 200 39935 "https://view.lotushomemade.com/shop/page/24/?shop_view=grid&per_row=6" "Mozilla/5.0 (Linux; Android 7.0;) AppleWebKit/537.36 (KHTML, like Gecko) Mobile Safari/537.36 (compatible; PetalBot;+https://webmaster.petalsearch.com/site/petalbot)"
103.131.51.123 - - [14/Jan/2026:07:40:41 +0700] "POST /wp-cron.php?doing_wp_cron=1768351241.2531280517578125000000 HTTP/1.1" 200 474 "-" "WordPress/6.9; https://view.lotushomemade.com"
114.119.150.215 - - [14/Jan/2026:07:40:37 +0700] "GET /shop/page/22/?per_page=18&shop_view=grid&per_row=6 HTTP/1.1" 200 38901 "https://view.lotushomemade.com/shop/page/18/?per_page=18&shop_view=grid&per_row=6" "Mozilla/5.0 (Linux; Android 7.0;) AppleWebKit/537.36 (KHTML, like Gecko) Mobile Safari/537.36 (compatible; PetalBot;+https://webmaster.petalsearch.com/site/petalbot)"
103.131.51.123 - - [14/Jan/2026:07:42:04 +0700] "POST /wp-cron.php?doing_wp_cron=1768351324.5557210445404052734375 HTTP/1.1" 200 474 "-" "WordPress/6.9; https://view.lotushomemade.com"
114.119.130.97 - - [14/Jan/2026:07:42:00 +0700] "GET /shop/page/2/?orderby=price-desc&per_row=4&shop_view=grid HTTP/1.1" 200 40503 "https://view.lotushomemade.com/shop/page/23/?orderby=price-desc&per_row=4&shop_view=grid" "Mozilla/5.0 (Linux; Android 7.0;) AppleWebKit/537.36 (KHTML, like Gecko) Mobile Safari/537.36 (compatible; PetalBot;+https://webmaster.petalsearch.com/site/petalbot)"
103.131.51.123 - - [14/Jan/2026:07:42:33 +0700] "POST /wp-cron.php?doing_wp_cron=1768351353.0940959453582763671875 HTTP/1.1" 200 474 "-" "WordPress/6.9; https://view.lotushomemade.com"
198.235.24.223 - - [14/Jan/2026:07:42:31 +0700] "GET /shell HTTP/1.1" 404 184524 "-" "Hello from Palo Alto Networks, find out more about our scans in https://docs-cortex.paloaltonetworks.com/r/1/Cortex-Xpanse/Scanning-activity"
114.119.148.197 - - [14/Jan/2026:07:43:26 +0700] "GET /shop/page/2/?min_price=0&stock_status=instock&shop_view=grid&per_row=2 HTTP/1.1" 200 40580 "https://view.lotushomemade.com/shop/page/25/?min_price=0&stock_status=instock&shop_view=grid&per_row=2" "Mozilla/5.0 (Linux; Android 7.0;) AppleWebKit/537.36 (KHTML, like Gecko) Mobile Safari/537.36 (compatible; PetalBot;+https://webmaster.petalsearch.com/site/petalbot)"
103.131.51.123 - - [14/Jan/2026:07:44:07 +0700] "POST /wp-cron.php?doing_wp_cron=1768351447.0674860477447509765625 HTTP/1.1" 200 474 "-" "WordPress/6.9; https://view.lotushomemade.com"
205.210.31.93 - - [14/Jan/2026:07:44:05 +0700] "GET /shell.php HTTP/1.1" 404 184536 "-" "Hello from Palo Alto Networks, find out more about our scans in https://docs-cortex.paloaltonetworks.com/r/1/Cortex-Xpanse/Scanning-activity"
52.167.144.213 - - [14/Jan/2026:07:44:18 +0700] "GET /wp-content/uploads/2021/08/9CC293A7B-860x491.png HTTP/2" 200 402274 "-" "Mozilla/5.0 AppleWebKit/537.36 (KHTML, like Gecko; compatible; bingbot/2.0; +http://www.bing.com/bingbot.htm) Chrome/116.0.1938.76 Safari/537.36"
103.131.51.123 - - [14/Jan/2026:07:44:53 +0700] "POST /wp-cron.php?doing_wp_cron=1768351493.5755560398101806640625 HTTP/1.1" 200 474 "-" "WordPress/6.9; https://view.lotushomemade.com"
114.119.149.78 - - [14/Jan/2026:07:44:52 +0700] "GET /shop/page/2/?min_price=0&per_row=4&per_page=12&shop_view=grid HTTP/1.1" 200 40582 "https://view.lotushomemade.com/shop/page/7/?min_price=0&per_row=4&per_page=12&shop_view=grid" "Mozilla/5.0 (Linux; Android 7.0;) AppleWebKit/537.36 (KHTML, like Gecko) Mobile Safari/537.36 (compatible; PetalBot;+https://webmaster.petalsearch.com/site/petalbot)"
103.131.51.123 - - [14/Jan/2026:07:45:59 +0700] "POST /wp-cron.php?doing_wp_cron=1768351559.7572839260101318359375 HTTP/1.1" 200 474 "-" "WordPress/6.9; https://view.lotushomemade.com"
57.141.16.18 - - [14/Jan/2026:07:45:58 +0700] "GET /shop/page/7/?add-to-cart=16879 HTTP/2" 200 238723 "-" "meta-externalagent/1.1 (+https://developers.facebook.com/docs/sharing/webmasters/crawler)"
114.119.149.78 - - [14/Jan/2026:07:46:11 +0700] "GET /shop?max_price=1040&stock_status=instock&filter_brand=blessing-food&per_page=12 HTTP/1.1" 301 591 "https://view.lotushomemade.com/shop?max_price=1040&filter_brand=blessing-food&stock_status=instock" "Mozilla/5.0 (Linux; Android 7.0;) AppleWebKit/537.36 (KHTML, like Gecko) Mobile Safari/537.36 (compatible; PetalBot;+https://webmaster.petalsearch.com/site/petalbot)"
114.119.149.78 - - [14/Jan/2026:07:46:12 +0700] "GET /shop/?max_price=1040&stock_status=instock&filter_brand=blessing-food&per_page=12 HTTP/1.1" 200 38739 "https://view.lotushomemade.com/shop?max_price=1040&filter_brand=blessing-food&stock_status=instock" "Mozilla/5.0 (Linux; Android 7.0;) AppleWebKit/537.36 (KHTML, like Gecko) Mobile Safari/537.36 (compatible; PetalBot;+https://webmaster.petalsearch.com/site/petalbot)"
103.131.51.123 - - [14/Jan/2026:07:47:20 +0700] "POST /wp-cron.php?doing_wp_cron=1768351640.2648639678955078125000 HTTP/1.1" 200 474 "-" "WordPress/6.9; https://view.lotushomemade.com"
52.167.144.208 - - [14/Jan/2026:07:47:18 +0700] "GET /product/crispy-cuttlefish-roll_mala_8150-l/ HTTP/2" 200 35888 "-" "Mozilla/5.0 AppleWebKit/537.36 (KHTML, like Gecko; compatible; bingbot/2.0; +http://www.bing.com/bingbot.htm) Chrome/116.0.1938.76 Safari/537.36"
103.131.51.123 - - [14/Jan/2026:07:47:36 +0700] "POST /wp-cron.php?doing_wp_cron=1768351656.2141509056091308593750 HTTP/1.1" 200 474 "-" "WordPress/6.9; https://view.lotushomemade.com"
114.119.145.110 - - [14/Jan/2026:07:47:35 +0700] "GET /shop/page/9?orderby=price&stock_status=onsale&per_page=24 HTTP/1.1" 301 569 "-" "Mozilla/5.0 (Linux; Android 7.0;) AppleWebKit/537.36 (KHTML, like Gecko) Mobile Safari/537.36 (compatible; PetalBot;+https://webmaster.petalsearch.com/site/petalbot)"
114.119.145.110 - - [14/Jan/2026:07:47:36 +0700] "GET /shop/page/9/?orderby=price&stock_status=onsale&per_page=24 HTTP/1.1" 200 42697 "-" "Mozilla/5.0 (Linux; Android 7.0;) AppleWebKit/537.36 (KHTML, like Gecko) Mobile Safari/537.36 (compatible; PetalBot;+https://webmaster.petalsearch.com/site/petalbot)"
88.216.253.43 - - [14/Jan/2026:07:48:01 +0700] "GET /product/salted-egg-dragon-king-l/?add-to-cart=16965 HTTP/1.1" 200 38642 "-" "Mozilla/5.0 (Macintosh; PPC Mac OS X 10_5_7 rv:4.0; sv-FI) AppleWebKit/534.43.4 (KHTML, like Gecko) Version/5.1 Safari/534.43.4"
147.185.132.90 - - [14/Jan/2026:07:48:24 +0700] "GET /webshell HTTP/1.1" 404 184533 "-" "Hello from Palo Alto Networks, find out more about our scans in https://docs-cortex.paloaltonetworks.com/r/1/Cortex-Xpanse/Scanning-activity"
103.131.51.123 - - [14/Jan/2026:07:49:00 +0700] "POST /wp-cron.php?doing_wp_cron=1768351740.2387900352478027343750 HTTP/1.1" 200 474 "-" "WordPress/6.9; https://view.lotushomemade.com"
114.119.151.206 - - [14/Jan/2026:07:48:58 +0700] "GET /shop/page/9/?stock_status=onsale&shop_view=grid&per_row=6 HTTP/1.1" 200 40144 "https://view.lotushomemade.com/shop/page/7/?stock_status=onsale&shop_view=grid&per_row=6" "Mozilla/5.0 (Linux; Android 7.0;) AppleWebKit/537.36 (KHTML, like Gecko) Mobile Safari/537.36 (compatible; PetalBot;+https://webmaster.petalsearch.com/site/petalbot)"
103.131.51.123 - - [14/Jan/2026:07:50:26 +0700] "POST /wp-cron.php?doing_wp_cron=1768351826.0893719196319580078125 HTTP/1.1" 200 474 "-" "WordPress/6.9; https://view.lotushomemade.com"
114.119.145.110 - - [14/Jan/2026:07:50:23 +0700] "GET /shop/page/7?orderby=price-desc&stock_status=instock&per_row=6&shop_view=grid HTTP/1.1" 301 630 "https://view.lotushomemade.com/shop/page/7?orderby=price-desc&stock_status=instock&per_row=6&shop_view=grid" "Mozilla/5.0 (Linux; Android 7.0;) AppleWebKit/537.36 (KHTML, like Gecko) Mobile Safari/537.36 (compatible; PetalBot;+https://webmaster.petalsearch.com/site/petalbot)"
114.119.145.110 - - [14/Jan/2026:07:50:26 +0700] "GET /shop/page/7/?orderby=price-desc&stock_status=instock&per_row=6&shop_view=grid HTTP/1.1" 200 40175 "https://view.lotushomemade.com/shop/page/7?orderby=price-desc&stock_status=instock&per_row=6&shop_view=grid" "Mozilla/5.0 (Linux; Android 7.0;) AppleWebKit/537.36 (KHTML, like Gecko) Mobile Safari/537.36 (compatible; PetalBot;+https://webmaster.petalsearch.com/site/petalbot)"
103.131.51.123 - - [14/Jan/2026:07:51:50 +0700] "POST /wp-cron.php?doing_wp_cron=1768351910.7444980144500732421875 HTTP/1.1" 200 474 "-" "WordPress/6.9; https://view.lotushomemade.com"
114.119.145.110 - - [14/Jan/2026:07:51:46 +0700] "GET /shop/page/7/?stock_status=onsale&per_page=24&shop_view=grid&per_row=4 HTTP/1.1" 200 42402 "https://view.lotushomemade.com/shop/page/4/?stock_status=onsale&per_page=24&shop_view=grid&per_row=4" "Mozilla/5.0 (Linux; Android 7.0;) AppleWebKit/537.36 (KHTML, like Gecko) Mobile Safari/537.36 (compatible; PetalBot;+https://webmaster.petalsearch.com/site/petalbot)"
103.131.51.123 - - [14/Jan/2026:07:53:13 +0700] "POST /wp-cron.php?doing_wp_cron=1768351993.0286519527435302734375 HTTP/1.1" 200 474 "-" "WordPress/6.9; https://view.lotushomemade.com"
114.119.130.97 - - [14/Jan/2026:07:53:09 +0700] "GET /shop/page/7/?orderby=price-desc&per_page=8 HTTP/1.1" 200 39364 "https://view.lotushomemade.com/shop/page/9?orderby=price-desc&per_page=8" "Mozilla/5.0 (Linux; Android 7.0;) AppleWebKit/537.36 (KHTML, like Gecko) Mobile Safari/537.36 (compatible; PetalBot;+https://webmaster.petalsearch.com/site/petalbot)"
103.131.51.123 - - [14/Jan/2026:07:54:37 +0700] "POST /wp-cron.php?doing_wp_cron=1768352077.2937970161437988281250 HTTP/1.1" 200 474 "-" "WordPress/6.9; https://view.lotushomemade.com"
114.119.150.215 - - [14/Jan/2026:07:54:33 +0700] "GET /shop/page/46/?max_price=1040&per_row=2&per_page=8&shop_view=grid HTTP/1.1" 200 39482 "https://view.lotushomemade.com/shop/page/19/?max_price=1040&per_row=2&per_page=8&shop_view=grid" "Mozilla/5.0 (Linux; Android 7.0;) AppleWebKit/537.36 (KHTML, like Gecko) Mobile Safari/537.36 (compatible; PetalBot;+https://webmaster.petalsearch.com/site/petalbot)"
103.131.51.123 - - [14/Jan/2026:07:55:59 +0700] "POST /wp-cron.php?doing_wp_cron=1768352159.7142729759216308593750 HTTP/1.1" 200 474 "-" "WordPress/6.9; https://view.lotushomemade.com"
114.119.130.97 - - [14/Jan/2026:07:55:57 +0700] "GET /shop/page/3?orderby=price-desc&per_row=2&shop_view=grid&stock_status=instock,onsale HTTP/1.1" 301 639 "https://view.lotushomemade.com/shop/?orderby=price-desc&per_row=2&shop_view=grid&stock_status=instock%2Consale" "Mozilla/5.0 (Linux; Android 7.0;) AppleWebKit/537.36 (KHTML, like Gecko) Mobile Safari/537.36 (compatible; PetalBot;+https://webmaster.petalsearch.com/site/petalbot)"
114.119.130.97 - - [14/Jan/2026:07:56:00 +0700] "GET /shop/page/3/?orderby=price-desc&per_row=2&shop_view=grid&stock_status=instock,onsale HTTP/1.1" 301 639 "https://view.lotushomemade.com/shop/?orderby=price-desc&per_row=2&shop_view=grid&stock_status=instock%2Consale" "Mozilla/5.0 (Linux; Android 7.0;) AppleWebKit/537.36 (KHTML, like Gecko) Mobile Safari/537.36 (compatible; PetalBot;+https://webmaster.petalsearch.com/site/petalbot)"
114.119.130.97 - - [14/Jan/2026:07:56:00 +0700] "GET /shop/page/3/?orderby=price-desc&per_row=2&shop_view=grid&stock_status=instock,onsale HTTP/1.1" 301 639 "https://view.lotushomemade.com/shop/?orderby=price-desc&per_row=2&shop_view=grid&stock_status=instock%2Consale" "Mozilla/5.0 (Linux; Android 7.0;) AppleWebKit/537.36 (KHTML, like Gecko) Mobile Safari/537.36 (compatible; PetalBot;+https://webmaster.petalsearch.com/site/petalbot)"
114.119.130.97 - - [14/Jan/2026:07:56:01 +0700] "GET /shop/page/3/?orderby=price-desc&per_row=2&shop_view=grid&stock_status=instock,onsale HTTP/1.1" 301 639 "https://view.lotushomemade.com/shop/?orderby=price-desc&per_row=2&shop_view=grid&stock_status=instock%2Consale" "Mozilla/5.0 (Linux; Android 7.0;) AppleWebKit/537.36 (KHTML, like Gecko) Mobile Safari/537.36 (compatible; PetalBot;+https://webmaster.petalsearch.com/site/petalbot)"
114.119.130.97 - - [14/Jan/2026:07:56:01 +0700] "GET /shop/page/3/?orderby=price-desc&per_row=2&shop_view=grid&stock_status=instock,onsale HTTP/1.1" 301 639 "https://view.lotushomemade.com/shop/?orderby=price-desc&per_row=2&shop_view=grid&stock_status=instock%2Consale" "Mozilla/5.0 (Linux; Android 7.0;) AppleWebKit/537.36 (KHTML, like Gecko) Mobile Safari/537.36 (compatible; PetalBot;+https://webmaster.petalsearch.com/site/petalbot)"
114.119.130.97 - - [14/Jan/2026:07:56:02 +0700] "GET /shop/page/3/?orderby=price-desc&per_row=2&shop_view=grid&stock_status=instock,onsale HTTP/1.1" 301 639 "https://view.lotushomemade.com/shop/?orderby=price-desc&per_row=2&shop_view=grid&stock_status=instock%2Consale" "Mozilla/5.0 (Linux; Android 7.0;) AppleWebKit/537.36 (KHTML, like Gecko) Mobile Safari/537.36 (compatible; PetalBot;+https://webmaster.petalsearch.com/site/petalbot)"
114.119.130.97 - - [14/Jan/2026:07:56:02 +0700] "GET /shop/page/3/?orderby=price-desc&per_row=2&shop_view=grid&stock_status=instock,onsale HTTP/1.1" 301 639 "https://view.lotushomemade.com/shop/?orderby=price-desc&per_row=2&shop_view=grid&stock_status=instock%2Consale" "Mozilla/5.0 (Linux; Android 7.0;) AppleWebKit/537.36 (KHTML, like Gecko) Mobile Safari/537.36 (compatible; PetalBot;+https://webmaster.petalsearch.com/site/petalbot)"
114.119.130.97 - - [14/Jan/2026:07:56:03 +0700] "GET /shop/page/3/?orderby=price-desc&per_row=2&shop_view=grid&stock_status=instock,onsale HTTP/1.1" 301 639 "https://view.lotushomemade.com/shop/?orderby=price-desc&per_row=2&shop_view=grid&stock_status=instock%2Consale" "Mozilla/5.0 (Linux; Android 7.0;) AppleWebKit/537.36 (KHTML, like Gecko) Mobile Safari/537.36 (compatible; PetalBot;+https://webmaster.petalsearch.com/site/petalbot)"
114.119.130.97 - - [14/Jan/2026:07:56:04 +0700] "GET /shop/page/3/?orderby=price-desc&per_row=2&shop_view=grid&stock_status=instock,onsale HTTP/1.1" 301 639 "https://view.lotushomemade.com/shop/?orderby=price-desc&per_row=2&shop_view=grid&stock_status=instock%2Consale" "Mozilla/5.0 (Linux; Android 7.0;) AppleWebKit/537.36 (KHTML, like Gecko) Mobile Safari/537.36 (compatible; PetalBot;+https://webmaster.petalsearch.com/site/petalbot)"
114.119.130.97 - - [14/Jan/2026:07:56:04 +0700] "GET /shop/page/3/?orderby=price-desc&per_row=2&shop_view=grid&stock_status=instock,onsale HTTP/1.1" 301 639 "https://view.lotushomemade.com/shop/?orderby=price-desc&per_row=2&shop_view=grid&stock_status=instock%2Consale" "Mozilla/5.0 (Linux; Android 7.0;) AppleWebKit/537.36 (KHTML, like Gecko) Mobile Safari/537.36 (compatible; PetalBot;+https://webmaster.petalsearch.com/site/petalbot)"
103.131.51.123 - - [14/Jan/2026:07:57:24 +0700] "POST /wp-cron.php?doing_wp_cron=1768352244.4530780315399169921875 HTTP/1.1" 200 474 "-" "WordPress/6.9; https://view.lotushomemade.com"
114.119.130.97 - - [14/Jan/2026:07:57:20 +0700] "GET /shop/page/30/?max_price=1040&per_row=2&shop_view=grid&per_page=8 HTTP/1.1" 200 39619 "https://view.lotushomemade.com/shop/page/31/?max_price=1040&per_row=2&shop_view=grid&per_page=8" "Mozilla/5.0 (Linux; Android 7.0;) AppleWebKit/537.36 (KHTML, like Gecko) Mobile Safari/537.36 (compatible; PetalBot;+https://webmaster.petalsearch.com/site/petalbot)"
103.131.51.123 - - [14/Jan/2026:07:57:44 +0700] "POST /wp-cron.php?doing_wp_cron=1768352264.6728041172027587890625 HTTP/1.1" 200 474 "-" "WordPress/6.9; https://view.lotushomemade.com"
57.141.16.79 - - [14/Jan/2026:07:57:43 +0700] "GET /shop/page/10/?per_row=2&per_page=12&shop_view=grid&stock_status=onsale HTTP/2" 200 241260 "-" "meta-externalagent/1.1 (+https://developers.facebook.com/docs/sharing/webmasters/crawler)"
57.141.16.52 - - [14/Jan/2026:07:58:20 +0700] "GET /product-category/traditional-cookies-series/page/14/?per_row=4&per_page=8&shop_view=grid&stock_status=instock%2Consale HTTP/2" 200 233079 "-" "meta-externalagent/1.1 (+https://developers.facebook.com/docs/sharing/webmasters/crawler)"
103.131.51.123 - - [14/Jan/2026:07:58:45 +0700] "POST /wp-cron.php?doing_wp_cron=1768352325.6886401176452636718750 HTTP/1.1" 200 474 "-" "WordPress/6.9; https://view.lotushomemade.com"
114.119.148.197 - - [14/Jan/2026:07:58:45 +0700] "GET /shop/page/3/?stock_status=instock,onsale&per_page=8&shop_view=grid&per_row=4 HTTP/1.1" 301 676 "https://view.lotushomemade.com/shop/?stock_status=instock%2Consale&per_page=8&shop_view=grid&per_row=4" "Mozilla/5.0 (Linux; Android 7.0;) AppleWebKit/537.36 (KHTML, like Gecko) Mobile Safari/537.36 (compatible; PetalBot;+https://webmaster.petalsearch.com/site/petalbot)"
114.119.148.197 - - [14/Jan/2026:07:58:46 +0700] "GET /shop/page/3/?stock_status=instock,onsale&per_page=8&shop_view=grid&per_row=4 HTTP/1.1" 301 676 "https://view.lotushomemade.com/shop/?stock_status=instock%2Consale&per_page=8&shop_view=grid&per_row=4" "Mozilla/5.0 (Linux; Android 7.0;) AppleWebKit/537.36 (KHTML, like Gecko) Mobile Safari/537.36 (compatible; PetalBot;+https://webmaster.petalsearch.com/site/petalbot)"
114.119.148.197 - - [14/Jan/2026:07:58:46 +0700] "GET /shop/page/3/?stock_status=instock,onsale&per_page=8&shop_view=grid&per_row=4 HTTP/1.1" 301 676 "https://view.lotushomemade.com/shop/?stock_status=instock%2Consale&per_page=8&shop_view=grid&per_row=4" "Mozilla/5.0 (Linux; Android 7.0;) AppleWebKit/537.36 (KHTML, like Gecko) Mobile Safari/537.36 (compatible; PetalBot;+https://webmaster.petalsearch.com/site/petalbot)"
114.119.148.197 - - [14/Jan/2026:07:58:47 +0700] "GET /shop/page/3/?stock_status=instock,onsale&per_page=8&shop_view=grid&per_row=4 HTTP/1.1" 301 676 "https://view.lotushomemade.com/shop/?stock_status=instock%2Consale&per_page=8&shop_view=grid&per_row=4" "Mozilla/5.0 (Linux; Android 7.0;) AppleWebKit/537.36 (KHTML, like Gecko) Mobile Safari/537.36 (compatible; PetalBot;+https://webmaster.petalsearch.com/site/petalbot)"
114.119.148.197 - - [14/Jan/2026:07:58:48 +0700] "GET /shop/page/3/?stock_status=instock,onsale&per_page=8&shop_view=grid&per_row=4 HTTP/1.1" 301 676 "https://view.lotushomemade.com/shop/?stock_status=instock%2Consale&per_page=8&shop_view=grid&per_row=4" "Mozilla/5.0 (Linux; Android 7.0;) AppleWebKit/537.36 (KHTML, like Gecko) Mobile Safari/537.36 (compatible; PetalBot;+https://webmaster.petalsearch.com/site/petalbot)"
114.119.148.197 - - [14/Jan/2026:07:58:49 +0700] "GET /shop/page/3/?stock_status=instock,onsale&per_page=8&shop_view=grid&per_row=4 HTTP/1.1" 301 676 "https://view.lotushomemade.com/shop/?stock_status=instock%2Consale&per_page=8&shop_view=grid&per_row=4" "Mozilla/5.0 (Linux; Android 7.0;) AppleWebKit/537.36 (KHTML, like Gecko) Mobile Safari/537.36 (compatible; PetalBot;+https://webmaster.petalsearch.com/site/petalbot)"
114.119.148.197 - - [14/Jan/2026:07:58:50 +0700] "GET /shop/page/3/?stock_status=instock,onsale&per_page=8&shop_view=grid&per_row=4 HTTP/1.1" 301 676 "https://view.lotushomemade.com/shop/?stock_status=instock%2Consale&per_page=8&shop_view=grid&per_row=4" "Mozilla/5.0 (Linux; Android 7.0;) AppleWebKit/537.36 (KHTML, like Gecko) Mobile Safari/537.36 (compatible; PetalBot;+https://webmaster.petalsearch.com/site/petalbot)"
114.119.148.197 - - [14/Jan/2026:07:58:50 +0700] "GET /shop/page/3/?stock_status=instock,onsale&per_page=8&shop_view=grid&per_row=4 HTTP/1.1" 301 676 "https://view.lotushomemade.com/shop/?stock_status=instock%2Consale&per_page=8&shop_view=grid&per_row=4" "Mozilla/5.0 (Linux; Android 7.0;) AppleWebKit/537.36 (KHTML, like Gecko) Mobile Safari/537.36 (compatible; PetalBot;+https://webmaster.petalsearch.com/site/petalbot)"
114.119.148.197 - - [14/Jan/2026:07:58:52 +0700] "GET /shop/page/3/?stock_status=instock,onsale&per_page=8&shop_view=grid&per_row=4 HTTP/1.1" 301 676 "https://view.lotushomemade.com/shop/?stock_status=instock%2Consale&per_page=8&shop_view=grid&per_row=4" "Mozilla/5.0 (Linux; Android 7.0;) AppleWebKit/537.36 (KHTML, like Gecko) Mobile Safari/537.36 (compatible; PetalBot;+https://webmaster.petalsearch.com/site/petalbot)"
114.119.148.197 - - [14/Jan/2026:07:58:52 +0700] "GET /shop/page/3/?stock_status=instock,onsale&per_page=8&shop_view=grid&per_row=4 HTTP/1.1" 301 676 "https://view.lotushomemade.com/shop/?stock_status=instock%2Consale&per_page=8&shop_view=grid&per_row=4" "Mozilla/5.0 (Linux; Android 7.0;) AppleWebKit/537.36 (KHTML, like Gecko) Mobile Safari/537.36 (compatible; PetalBot;+https://webmaster.petalsearch.com/site/petalbot)"
103.131.51.123 - - [14/Jan/2026:08:00:15 +0700] "POST /wp-cron.php?doing_wp_cron=1768352415.7881290912628173828125 HTTP/1.1" 200 474 "-" "WordPress/6.9; https://view.lotushomemade.com"
114.119.145.110 - - [14/Jan/2026:08:00:10 +0700] "GET /shop/page/27/?orderby=date&per_row=6&per_page=12&shop_view=grid HTTP/1.1" 200 39593 "https://view.lotushomemade.com/shop/page/24/?orderby=date&per_row=6&per_page=12&shop_view=grid" "Mozilla/5.0 (Linux; Android 7.0;) AppleWebKit/537.36 (KHTML, like Gecko) Mobile Safari/537.36 (compatible; PetalBot;+https://webmaster.petalsearch.com/site/petalbot)"
103.131.51.123 - - [14/Jan/2026:08:01:37 +0700] "POST /wp-cron.php?doing_wp_cron=1768352497.2298119068145751953125 HTTP/1.1" 200 474 "-" "WordPress/6.9; https://view.lotushomemade.com"
114.119.145.110 - - [14/Jan/2026:08:01:32 +0700] "GET /shop/page/26/?orderby=popularity&per_row=2&per_page=12&shop_view=grid HTTP/1.1" 200 39603 "https://view.lotushomemade.com/shop/page/24/?orderby=popularity&per_row=2&per_page=12&shop_view=grid" "Mozilla/5.0 (Linux; Android 7.0;) AppleWebKit/537.36 (KHTML, like Gecko) Mobile Safari/537.36 (compatible; PetalBot;+https://webmaster.petalsearch.com/site/petalbot)"
103.131.51.123 - - [14/Jan/2026:08:02:59 +0700] "POST /wp-cron.php?doing_wp_cron=1768352579.5110108852386474609375 HTTP/1.1" 200 474 "-" "WordPress/6.9; https://view.lotushomemade.com"
114.119.149.78 - - [14/Jan/2026:08:02:55 +0700] "GET /shop/page/25/?min_price=0&max_price=260&per_page=8&stock_status=instock HTTP/1.1" 200 39479 "https://view.lotushomemade.com/shop/page/26/?min_price=0&max_price=260&per_page=8&stock_status=instock" "Mozilla/5.0 (Linux; Android 7.0;) AppleWebKit/537.36 (KHTML, like Gecko) Mobile Safari/537.36 (compatible; PetalBot;+https://webmaster.petalsearch.com/site/petalbot)"
198.235.24.240 - - [14/Jan/2026:08:03:02 +0700] "GET /webshell.php HTTP/1.1" 404 184545 "-" "Hello from Palo Alto Networks, find out more about our scans in https://docs-cortex.paloaltonetworks.com/r/1/Cortex-Xpanse/Scanning-activity"
103.131.51.123 - - [14/Jan/2026:08:04:24 +0700] "POST /wp-cron.php?doing_wp_cron=1768352664.1700949668884277343750 HTTP/1.1" 200 474 "-" "WordPress/6.9; https://view.lotushomemade.com"
114.119.148.197 - - [14/Jan/2026:08:04:20 +0700] "GET /shop/page/2/?min_price=0&per_row=2&shop_view=grid HTTP/1.1" 200 40534 "https://view.lotushomemade.com/shop/page/4/?min_price=0&per_row=2&shop_view=grid" "Mozilla/5.0 (Linux; Android 7.0;) AppleWebKit/537.36 (KHTML, like Gecko) Mobile Safari/537.36 (compatible; PetalBot;+https://webmaster.petalsearch.com/site/petalbot)"
103.131.51.123 - - [14/Jan/2026:08:05:47 +0700] "POST /wp-cron.php?doing_wp_cron=1768352747.3422799110412597656250 HTTP/1.1" 200 474 "-" "WordPress/6.9; https://view.lotushomemade.com"
114.119.150.215 - - [14/Jan/2026:08:05:44 +0700] "GET /shop/page/2/?max_price=780&stock_status=instock,onsale&per_row=6&shop_view=grid HTTP/1.1" 301 634 "https://view.lotushomemade.com/shop?max_price=780&stock_status=instock%2Consale&per_row=6&shop_view=grid" "Mozilla/5.0 (Linux; Android 7.0;) AppleWebKit/537.36 (KHTML, like Gecko) Mobile Safari/537.36 (compatible; PetalBot;+https://webmaster.petalsearch.com/site/petalbot)"
114.119.150.215 - - [14/Jan/2026:08:05:48 +0700] "GET /shop/page/2/?max_price=780&stock_status=instock,onsale&per_row=6&shop_view=grid HTTP/1.1" 301 634 "https://view.lotushomemade.com/shop?max_price=780&stock_status=instock%2Consale&per_row=6&shop_view=grid" "Mozilla/5.0 (Linux; Android 7.0;) AppleWebKit/537.36 (KHTML, like Gecko) Mobile Safari/537.36 (compatible; PetalBot;+https://webmaster.petalsearch.com/site/petalbot)"
114.119.150.215 - - [14/Jan/2026:08:05:49 +0700] "GET /shop/page/2/?max_price=780&stock_status=instock,onsale&per_row=6&shop_view=grid HTTP/1.1" 301 634 "https://view.lotushomemade.com/shop?max_price=780&stock_status=instock%2Consale&per_row=6&shop_view=grid" "Mozilla/5.0 (Linux; Android 7.0;) AppleWebKit/537.36 (KHTML, like Gecko) Mobile Safari/537.36 (compatible; PetalBot;+https://webmaster.petalsearch.com/site/petalbot)"
114.119.150.215 - - [14/Jan/2026:08:05:50 +0700] "GET /shop/page/2/?max_price=780&stock_status=instock,onsale&per_row=6&shop_view=grid HTTP/1.1" 301 634 "https://view.lotushomemade.com/shop?max_price=780&stock_status=instock%2Consale&per_row=6&shop_view=grid" "Mozilla/5.0 (Linux; Android 7.0;) AppleWebKit/537.36 (KHTML, like Gecko) Mobile Safari/537.36 (compatible; PetalBot;+https://webmaster.petalsearch.com/site/petalbot)"
114.119.150.215 - - [14/Jan/2026:08:05:51 +0700] "GET /shop/page/2/?max_price=780&stock_status=instock,onsale&per_row=6&shop_view=grid HTTP/1.1" 301 634 "https://view.lotushomemade.com/shop?max_price=780&stock_status=instock%2Consale&per_row=6&shop_view=grid" "Mozilla/5.0 (Linux; Android 7.0;) AppleWebKit/537.36 (KHTML, like Gecko) Mobile Safari/537.36 (compatible; PetalBot;+https://webmaster.petalsearch.com/site/petalbot)"
114.119.150.215 - - [14/Jan/2026:08:05:54 +0700] "GET /shop/page/2/?max_price=780&stock_status=instock,onsale&per_row=6&shop_view=grid HTTP/1.1" 301 634 "https://view.lotushomemade.com/shop?max_price=780&stock_status=instock%2Consale&per_row=6&shop_view=grid" "Mozilla/5.0 (Linux; Android 7.0;) AppleWebKit/537.36 (KHTML, like Gecko) Mobile Safari/537.36 (compatible; PetalBot;+https://webmaster.petalsearch.com/site/petalbot)"
114.119.150.215 - - [14/Jan/2026:08:05:55 +0700] "GET /shop/page/2/?max_price=780&stock_status=instock,onsale&per_row=6&shop_view=grid HTTP/1.1" 301 634 "https://view.lotushomemade.com/shop?max_price=780&stock_status=instock%2Consale&per_row=6&shop_view=grid" "Mozilla/5.0 (Linux; Android 7.0;) AppleWebKit/537.36 (KHTML, like Gecko) Mobile Safari/537.36 (compatible; PetalBot;+https://webmaster.petalsearch.com/site/petalbot)"
114.119.150.215 - - [14/Jan/2026:08:05:56 +0700] "GET /shop/page/2/?max_price=780&stock_status=instock,onsale&per_row=6&shop_view=grid HTTP/1.1" 301 634 "https://view.lotushomemade.com/shop?max_price=780&stock_status=instock%2Consale&per_row=6&shop_view=grid" "Mozilla/5.0 (Linux; Android 7.0;) AppleWebKit/537.36 (KHTML, like Gecko) Mobile Safari/537.36 (compatible; PetalBot;+https://webmaster.petalsearch.com/site/petalbot)"
114.119.150.215 - - [14/Jan/2026:08:05:57 +0700] "GET /shop/page/2/?max_price=780&stock_status=instock,onsale&per_row=6&shop_view=grid HTTP/1.1" 301 634 "https://view.lotushomemade.com/shop?max_price=780&stock_status=instock%2Consale&per_row=6&shop_view=grid" "Mozilla/5.0 (Linux; Android 7.0;) AppleWebKit/537.36 (KHTML, like Gecko) Mobile Safari/537.36 (compatible; PetalBot;+https://webmaster.petalsearch.com/site/petalbot)"
114.119.150.215 - - [14/Jan/2026:08:05:58 +0700] "GET /shop/page/2/?max_price=780&stock_status=instock,onsale&per_row=6&shop_view=grid HTTP/1.1" 301 634 "https://view.lotushomemade.com/shop?max_price=780&stock_status=instock%2Consale&per_row=6&shop_view=grid" "Mozilla/5.0 (Linux; Android 7.0;) AppleWebKit/537.36 (KHTML, like Gecko) Mobile Safari/537.36 (compatible; PetalBot;+https://webmaster.petalsearch.com/site/petalbot)"
57.141.16.20 - - [14/Jan/2026:08:06:12 +0700] "GET /product-category/traditional-cookies-series/page/13/?add-to-cart=17167 HTTP/2" 200 240017 "-" "meta-externalagent/1.1 (+https://developers.facebook.com/docs/sharing/webmasters/crawler)"
103.131.51.123 - - [14/Jan/2026:08:07:08 +0700] "POST /wp-cron.php?doing_wp_cron=1768352828.6706409454345703125000 HTTP/1.1" 200 474 "-" "WordPress/6.9; https://view.lotushomemade.com"
114.119.148.197 - - [14/Jan/2026:08:07:07 +0700] "GET /shop/page/2/?max_price=780&per_row=6&shop_view=grid HTTP/1.1" 200 40723 "https://view.lotushomemade.com/shop/page/21/?max_price=780&per_row=6&shop_view=grid" "Mozilla/5.0 (Linux; Android 7.0;) AppleWebKit/537.36 (KHTML, like Gecko) Mobile Safari/537.36 (compatible; PetalBot;+https://webmaster.petalsearch.com/site/petalbot)"
103.131.51.123 - - [14/Jan/2026:08:08:34 +0700] "POST /wp-cron.php?doing_wp_cron=1768352913.9938220977783203125000 HTTP/1.1" 200 474 "-" "WordPress/6.9; https://view.lotushomemade.com"
114.119.156.27 - - [14/Jan/2026:08:08:30 +0700] "GET /shop/page/42/?max_price=1040&per_row=6&per_page=8&shop_view=grid HTTP/1.1" 200 39671 "https://view.lotushomemade.com/shop/page/44?max_price=1040&per_row=6&per_page=8&shop_view=grid" "Mozilla/5.0 (Linux; Android 7.0;) AppleWebKit/537.36 (KHTML, like Gecko) Mobile Safari/537.36 (compatible; PetalBot;+https://webmaster.petalsearch.com/site/petalbot)"
52.167.144.172 - - [14/Jan/2026:08:09:02 +0700] "GET /shop/page/29/ HTTP/2" 200 33046 "-" "Mozilla/5.0 AppleWebKit/537.36 (KHTML, like Gecko; compatible; bingbot/2.0; +http://www.bing.com/bingbot.htm) Chrome/116.0.1938.76 Safari/537.36"
103.131.51.123 - - [14/Jan/2026:08:09:55 +0700] "POST /wp-cron.php?doing_wp_cron=1768352995.2867040634155273437500 HTTP/1.1" 200 474 "-" "WordPress/6.9; https://view.lotushomemade.com"
114.119.156.27 - - [14/Jan/2026:08:09:54 +0700] "GET /shop/page/32?stock_status=instock&per_row=4&shop_view=grid HTTP/1.1" 301 612 "https://view.lotushomemade.com/shop?stock_status=instock&per_row=4&shop_view=grid" "Mozilla/5.0 (Linux; Android 7.0;) AppleWebKit/537.36 (KHTML, like Gecko) Mobile Safari/537.36 (compatible; PetalBot;+https://webmaster.petalsearch.com/site/petalbot)"
114.119.156.27 - - [14/Jan/2026:08:09:55 +0700] "GET /shop/page/32/?stock_status=instock&per_row=4&shop_view=grid HTTP/1.1" 200 39962 "https://view.lotushomemade.com/shop?stock_status=instock&per_row=4&shop_view=grid" "Mozilla/5.0 (Linux; Android 7.0;) AppleWebKit/537.36 (KHTML, like Gecko) Mobile Safari/537.36 (compatible; PetalBot;+https://webmaster.petalsearch.com/site/petalbot)"
103.131.51.123 - - [14/Jan/2026:08:11:23 +0700] "POST /wp-cron.php?doing_wp_cron=1768353083.6097860336303710937500 HTTP/1.1" 200 474 "-" "WordPress/6.9; https://view.lotushomemade.com"
114.119.150.215 - - [14/Jan/2026:08:11:19 +0700] "GET /shop/page/32/?per_row=2&shop_view=grid HTTP/1.1" 200 39922 "https://view.lotushomemade.com/shop/page/7/?per_row=2&shop_view=grid" "Mozilla/5.0 (Linux; Android 7.0;) AppleWebKit/537.36 (KHTML, like Gecko) Mobile Safari/537.36 (compatible; PetalBot;+https://webmaster.petalsearch.com/site/petalbot)"
103.131.51.123 - - [14/Jan/2026:08:12:46 +0700] "POST /wp-cron.php?doing_wp_cron=1768353166.8932518959045410156250 HTTP/1.1" 200 474 "-" "WordPress/6.9; https://view.lotushomemade.com"
114.119.145.110 - - [14/Jan/2026:08:12:42 +0700] "GET /shop/page/30/?stock_status=instock&per_page=8&shop_view=grid&per_row=2 HTTP/1.1" 200 39460 "https://view.lotushomemade.com/shop/page/27/?stock_status=instock&per_page=8&shop_view=grid&per_row=2" "Mozilla/5.0 (Linux; Android 7.0;) AppleWebKit/537.36 (KHTML, like Gecko) Mobile Safari/537.36 (compatible; PetalBot;+https://webmaster.petalsearch.com/site/petalbot)"
157.49.34.82 - - [14/Jan/2026:08:12:56 +0700] "GET /product/2-in1-bamboo-charcoal-mini-egg-roll-sg/?add-to-cart=334 HTTP/1.1" 200 38239 "-" "Mozilla/5.0 (compatible; MSIE 5.0; Windows 95; Trident/3.0)"
103.131.51.123 - - [14/Jan/2026:08:14:03 +0700] "POST /wp-cron.php?doing_wp_cron=1768353243.8833010196685791015625 HTTP/1.1" 200 474 "-" "WordPress/6.9; https://view.lotushomemade.com"
190.112.102.124 - - [14/Jan/2026:08:14:02 +0700] "GET /product/peanut-puff-cracker_8080-s/?add-to-cart=8669 HTTP/1.1" 200 38607 "-" "Opera/9.75.(X11; Linux i686; aa-ER) Presto/2.9.173 Version/11.00"
114.119.145.110 - - [14/Jan/2026:08:14:05 +0700] "GET /shop/page/2/?max_price=780&per_row=6&per_page=8&shop_view=grid HTTP/1.1" 200 40134 "https://view.lotushomemade.com/shop/page/35/?max_price=780&per_row=6&per_page=8&shop_view=grid" "Mozilla/5.0 (Linux; Android 7.0;) AppleWebKit/537.36 (KHTML, like Gecko) Mobile Safari/537.36 (compatible; PetalBot;+https://webmaster.petalsearch.com/site/petalbot)"
103.131.51.123 - - [14/Jan/2026:08:15:33 +0700] "POST /wp-cron.php?doing_wp_cron=1768353333.0690140724182128906250 HTTP/1.1" 200 474 "-" "WordPress/6.9; https://view.lotushomemade.com"
114.119.130.97 - - [14/Jan/2026:08:15:28 +0700] "GET /shop/page/2/?max_price=780&per_page=8&shop_view=grid&per_row=4 HTTP/1.1" 200 40174 "https://view.lotushomemade.com/shop/page/23/?max_price=780&per_page=8&shop_view=grid&per_row=4" "Mozilla/5.0 (Linux; Android 7.0;) AppleWebKit/537.36 (KHTML, like Gecko) Mobile Safari/537.36 (compatible; PetalBot;+https://webmaster.petalsearch.com/site/petalbot)"
103.131.51.123 - - [14/Jan/2026:08:16:40 +0700] "POST /wp-cron.php?doing_wp_cron=1768353400.6813449859619140625000 HTTP/1.1" 200 474 "-" "WordPress/6.9; https://view.lotushomemade.com"
57.141.16.5 - - [14/Jan/2026:08:16:39 +0700] "GET /product-category/traditional-cookies-series/100-vegan-traditional-cookies-series/?stock_status=onsale&shop_view=grid&per_row=6 HTTP/2" 200 247662 "-" "meta-externalagent/1.1 (+https://developers.facebook.com/docs/sharing/webmasters/crawler)"
114.119.151.206 - - [14/Jan/2026:08:16:52 +0700] "GET /shop/page/2/?max_price=520&stock_status=instock,onsale&per_page=18 HTTP/1.1" 301 579 "https://view.lotushomemade.com/shop?max_price=520&stock_status=instock%2Consale&per_page=18" "Mozilla/5.0 (Linux; Android 7.0;) AppleWebKit/537.36 (KHTML, like Gecko) Mobile Safari/537.36 (compatible; PetalBot;+https://webmaster.petalsearch.com/site/petalbot)"
114.119.151.206 - - [14/Jan/2026:08:16:53 +0700] "GET /shop/page/2/?max_price=520&stock_status=instock,onsale&per_page=18 HTTP/1.1" 301 579 "https://view.lotushomemade.com/shop?max_price=520&stock_status=instock%2Consale&per_page=18" "Mozilla/5.0 (Linux; Android 7.0;) AppleWebKit/537.36 (KHTML, like Gecko) Mobile Safari/537.36 (compatible; PetalBot;+https://webmaster.petalsearch.com/site/petalbot)"
114.119.151.206 - - [14/Jan/2026:08:16:53 +0700] "GET /shop/page/2/?max_price=520&stock_status=instock,onsale&per_page=18 HTTP/1.1" 301 579 "https://view.lotushomemade.com/shop?max_price=520&stock_status=instock%2Consale&per_page=18" "Mozilla/5.0 (Linux; Android 7.0;) AppleWebKit/537.36 (KHTML, like Gecko) Mobile Safari/537.36 (compatible; PetalBot;+https://webmaster.petalsearch.com/site/petalbot)"
114.119.151.206 - - [14/Jan/2026:08:16:54 +0700] "GET /shop/page/2/?max_price=520&stock_status=instock,onsale&per_page=18 HTTP/1.1" 301 579 "https://view.lotushomemade.com/shop?max_price=520&stock_status=instock%2Consale&per_page=18" "Mozilla/5.0 (Linux; Android 7.0;) AppleWebKit/537.36 (KHTML, like Gecko) Mobile Safari/537.36 (compatible; PetalBot;+https://webmaster.petalsearch.com/site/petalbot)"
114.119.151.206 - - [14/Jan/2026:08:16:54 +0700] "GET /shop/page/2/?max_price=520&stock_status=instock,onsale&per_page=18 HTTP/1.1" 301 579 "https://view.lotushomemade.com/shop?max_price=520&stock_status=instock%2Consale&per_page=18" "Mozilla/5.0 (Linux; Android 7.0;) AppleWebKit/537.36 (KHTML, like Gecko) Mobile Safari/537.36 (compatible; PetalBot;+https://webmaster.petalsearch.com/site/petalbot)"
114.119.151.206 - - [14/Jan/2026:08:16:54 +0700] "GET /shop/page/2/?max_price=520&stock_status=instock,onsale&per_page=18 HTTP/1.1" 301 579 "https://view.lotushomemade.com/shop?max_price=520&stock_status=instock%2Consale&per_page=18" "Mozilla/5.0 (Linux; Android 7.0;) AppleWebKit/537.36 (KHTML, like Gecko) Mobile Safari/537.36 (compatible; PetalBot;+https://webmaster.petalsearch.com/site/petalbot)"
114.119.151.206 - - [14/Jan/2026:08:16:55 +0700] "GET /shop/page/2/?max_price=520&stock_status=instock,onsale&per_page=18 HTTP/1.1" 301 579 "https://view.lotushomemade.com/shop?max_price=520&stock_status=instock%2Consale&per_page=18" "Mozilla/5.0 (Linux; Android 7.0;) AppleWebKit/537.36 (KHTML, like Gecko) Mobile Safari/537.36 (compatible; PetalBot;+https://webmaster.petalsearch.com/site/petalbot)"
114.119.151.206 - - [14/Jan/2026:08:16:55 +0700] "GET /shop/page/2/?max_price=520&stock_status=instock,onsale&per_page=18 HTTP/1.1" 301 579 "https://view.lotushomemade.com/shop?max_price=520&stock_status=instock%2Consale&per_page=18" "Mozilla/5.0 (Linux; Android 7.0;) AppleWebKit/537.36 (KHTML, like Gecko) Mobile Safari/537.36 (compatible; PetalBot;+https://webmaster.petalsearch.com/site/petalbot)"
114.119.151.206 - - [14/Jan/2026:08:16:56 +0700] "GET /shop/page/2/?max_price=520&stock_status=instock,onsale&per_page=18 HTTP/1.1" 301 579 "https://view.lotushomemade.com/shop?max_price=520&stock_status=instock%2Consale&per_page=18" "Mozilla/5.0 (Linux; Android 7.0;) AppleWebKit/537.36 (KHTML, like Gecko) Mobile Safari/537.36 (compatible; PetalBot;+https://webmaster.petalsearch.com/site/petalbot)"
114.119.151.206 - - [14/Jan/2026:08:16:56 +0700] "GET /shop/page/2/?max_price=520&stock_status=instock,onsale&per_page=18 HTTP/1.1" 301 579 "https://view.lotushomemade.com/shop?max_price=520&stock_status=instock%2Consale&per_page=18" "Mozilla/5.0 (Linux; Android 7.0;) AppleWebKit/537.36 (KHTML, like Gecko) Mobile Safari/537.36 (compatible; PetalBot;+https://webmaster.petalsearch.com/site/petalbot)"
103.131.51.123 - - [14/Jan/2026:08:18:08 +0700] "POST /wp-cron.php?doing_wp_cron=1768353488.2052350044250488281250 HTTP/1.1" 200 474 "-" "WordPress/6.9; https://view.lotushomemade.com"
57.141.16.25 - - [14/Jan/2026:08:18:06 +0700] "GET /shop/page/9/?stock_status=onsale&per_row=6&shop_view=grid&per_page=8 HTTP/2" 200 231213 "-" "meta-externalagent/1.1 (+https://developers.facebook.com/docs/sharing/webmasters/crawler)"
114.119.130.97 - - [14/Jan/2026:08:18:17 +0700] "GET /shop/page/2/?max_price=520&per_row=6&shop_view=grid&per_page=18 HTTP/1.1" 200 41746 "https://view.lotushomemade.com/shop/page/7?max_price=520&per_row=6&shop_view=grid&per_page=18" "Mozilla/5.0 (Linux; Android 7.0;) AppleWebKit/537.36 (KHTML, like Gecko) Mobile Safari/537.36 (compatible; PetalBot;+https://webmaster.petalsearch.com/site/petalbot)"
103.131.51.123 - - [14/Jan/2026:08:19:12 +0700] "POST /wp-cron.php?doing_wp_cron=1768353552.1658298969268798828125 HTTP/1.1" 200 474 "-" "WordPress/6.9; https://view.lotushomemade.com"
40.77.167.235 - - [14/Jan/2026:08:19:10 +0700] "GET /product/seaweed-faat-chai-fish_8158-l/ HTTP/2" 200 35974 "-" "Mozilla/5.0 AppleWebKit/537.36 (KHTML, like Gecko; compatible; bingbot/2.0; +http://www.bing.com/bingbot.htm) Chrome/116.0.1938.76 Safari/537.36"
103.131.51.123 - - [14/Jan/2026:08:19:43 +0700] "POST /wp-cron.php?doing_wp_cron=1768353583.3714718818664550781250 HTTP/1.1" 200 474 "-" "WordPress/6.9; https://view.lotushomemade.com"
114.119.142.208 - - [14/Jan/2026:08:19:41 +0700] "GET /shop/page/2/?max_price=520&per_row=2&per_page=12&shop_view=grid HTTP/1.1" 200 40787 "https://view.lotushomemade.com/shop/page/30/?max_price=520&per_row=2&per_page=12&shop_view=grid" "Mozilla/5.0 (Linux; Android 7.0;) AppleWebKit/537.36 (KHTML, like Gecko) Mobile Safari/537.36 (compatible; PetalBot;+https://webmaster.petalsearch.com/site/petalbot)"
103.131.51.123 - - [14/Jan/2026:08:21:07 +0700] "POST /wp-cron.php?doing_wp_cron=1768353667.5051290988922119140625 HTTP/1.1" 200 474 "-" "WordPress/6.9; https://view.lotushomemade.com"
114.119.150.215 - - [14/Jan/2026:08:21:03 +0700] "GET /shop/page/2/?max_price=520&per_page=12&stock_status=instock HTTP/1.1" 200 40712 "https://view.lotushomemade.com/shop?max_price=520&per_page=12&stock_status=instock" "Mozilla/5.0 (Linux; Android 7.0;) AppleWebKit/537.36 (KHTML, like Gecko) Mobile Safari/537.36 (compatible; PetalBot;+https://webmaster.petalsearch.com/site/petalbot)"
103.131.51.123 - - [14/Jan/2026:08:22:29 +0700] "POST /wp-cron.php?doing_wp_cron=1768353749.4626920223236083984375 HTTP/1.1" 200 474 "-" "WordPress/6.9; https://view.lotushomemade.com"
114.119.151.206 - - [14/Jan/2026:08:22:25 +0700] "GET /shop/page/2/?max_price=520 HTTP/1.1" 200 40550 "https://view.lotushomemade.com/shop/page/4?max_price=520" "Mozilla/5.0 (Linux; Android 7.0;) AppleWebKit/537.36 (KHTML, like Gecko) Mobile Safari/537.36 (compatible; PetalBot;+https://webmaster.petalsearch.com/site/petalbot)"
57.141.16.96 - - [14/Jan/2026:08:22:25 +0700] "GET /product-category/traditional-cookies-series/page/13/?stock_status=instock%2Consale&per_page=12 HTTP/2" 200 240598 "-" "meta-externalagent/1.1 (+https://developers.facebook.com/docs/sharing/webmasters/crawler)"
103.131.51.123 - - [14/Jan/2026:08:23:54 +0700] "POST /wp-cron.php?doing_wp_cron=1768353833.9790329933166503906250 HTTP/1.1" 200 474 "-" "WordPress/6.9; https://view.lotushomemade.com"
114.119.149.78 - - [14/Jan/2026:08:23:50 +0700] "GET /shop/page/2/?max_price=1050&per_row=2&shop_view=grid&stock_status=instock HTTP/1.1" 200 40778 "https://view.lotushomemade.com/shop/page/18/?max_price=1050&per_row=2&shop_view=grid&stock_status=instock" "Mozilla/5.0 (Linux; Android 7.0;) AppleWebKit/537.36 (KHTML, like Gecko) Mobile Safari/537.36 (compatible; PetalBot;+https://webmaster.petalsearch.com/site/petalbot)"
103.131.51.123 - - [14/Jan/2026:08:25:16 +0700] "POST /wp-cron.php?doing_wp_cron=1768353916.8442900180816650390625 HTTP/1.1" 200 474 "-" "WordPress/6.9; https://view.lotushomemade.com"
114.119.148.197 - - [14/Jan/2026:08:25:13 +0700] "GET /shop/page/2/?max_price=1050&per_page=18 HTTP/1.1" 200 41615 "https://view.lotushomemade.com/shop/page/3/?max_price=1050&per_page=18" "Mozilla/5.0 (Linux; Android 7.0;) AppleWebKit/537.36 (KHTML, like Gecko) Mobile Safari/537.36 (compatible; PetalBot;+https://webmaster.petalsearch.com/site/petalbot)"
103.131.51.123 - - [14/Jan/2026:08:26:40 +0700] "POST /wp-cron.php?doing_wp_cron=1768354000.5521190166473388671875 HTTP/1.1" 200 474 "-" "WordPress/6.9; https://view.lotushomemade.com"
114.119.151.206 - - [14/Jan/2026:08:26:36 +0700] "GET /shop/page/2/?max_price=1040&stock_status=onsale&per_page=18 HTTP/1.1" 200 41689 "https://view.lotushomemade.com/shop/page/4/?max_price=1040&stock_status=onsale&per_page=18" "Mozilla/5.0 (Linux; Android 7.0;) AppleWebKit/537.36 (KHTML, like Gecko) Mobile Safari/537.36 (compatible; PetalBot;+https://webmaster.petalsearch.com/site/petalbot)"
40.77.167.25 - - [14/Jan/2026:08:26:50 +0700] "GET /wp-content/uploads/2023/11/2010-150x150.png HTTP/2" 200 35213 "-" "Mozilla/5.0 AppleWebKit/537.36 (KHTML, like Gecko; compatible; bingbot/2.0; +http://www.bing.com/bingbot.htm) Chrome/116.0.1938.76 Safari/537.36"
103.131.51.123 - - [14/Jan/2026:08:28:01 +0700] "POST /wp-cron.php?doing_wp_cron=1768354081.9550681114196777343750 HTTP/1.1" 200 474 "-" "WordPress/6.9; https://view.lotushomemade.com"
114.119.150.215 - - [14/Jan/2026:08:27:59 +0700] "GET /shop/page/2/?max_price=1040&stock_status=instock,onsale&per_page=18 HTTP/1.1" 301 580 "https://view.lotushomemade.com/shop?max_price=1040&stock_status=instock%2Consale&per_page=18" "Mozilla/5.0 (Linux; Android 7.0;) AppleWebKit/537.36 (KHTML, like Gecko) Mobile Safari/537.36 (compatible; PetalBot;+https://webmaster.petalsearch.com/site/petalbot)"
114.119.150.215 - - [14/Jan/2026:08:28:02 +0700] "GET /shop/page/2/?max_price=1040&stock_status=instock,onsale&per_page=18 HTTP/1.1" 301 580 "https://view.lotushomemade.com/shop?max_price=1040&stock_status=instock%2Consale&per_page=18" "Mozilla/5.0 (Linux; Android 7.0;) AppleWebKit/537.36 (KHTML, like Gecko) Mobile Safari/537.36 (compatible; PetalBot;+https://webmaster.petalsearch.com/site/petalbot)"
114.119.150.215 - - [14/Jan/2026:08:28:02 +0700] "GET /shop/page/2/?max_price=1040&stock_status=instock,onsale&per_page=18 HTTP/1.1" 301 580 "https://view.lotushomemade.com/shop?max_price=1040&stock_status=instock%2Consale&per_page=18" "Mozilla/5.0 (Linux; Android 7.0;) AppleWebKit/537.36 (KHTML, like Gecko) Mobile Safari/537.36 (compatible; PetalBot;+https://webmaster.petalsearch.com/site/petalbot)"
114.119.150.215 - - [14/Jan/2026:08:28:02 +0700] "GET /shop/page/2/?max_price=1040&stock_status=instock,onsale&per_page=18 HTTP/1.1" 301 580 "https://view.lotushomemade.com/shop?max_price=1040&stock_status=instock%2Consale&per_page=18" "Mozilla/5.0 (Linux; Android 7.0;) AppleWebKit/537.36 (KHTML, like Gecko) Mobile Safari/537.36 (compatible; PetalBot;+https://webmaster.petalsearch.com/site/petalbot)"
114.119.150.215 - - [14/Jan/2026:08:28:03 +0700] "GET /shop/page/2/?max_price=1040&stock_status=instock,onsale&per_page=18 HTTP/1.1" 301 580 "https://view.lotushomemade.com/shop?max_price=1040&stock_status=instock%2Consale&per_page=18" "Mozilla/5.0 (Linux; Android 7.0;) AppleWebKit/537.36 (KHTML, like Gecko) Mobile Safari/537.36 (compatible; PetalBot;+https://webmaster.petalsearch.com/site/petalbot)"
114.119.150.215 - - [14/Jan/2026:08:28:03 +0700] "GET /shop/page/2/?max_price=1040&stock_status=instock,onsale&per_page=18 HTTP/1.1" 301 580 "https://view.lotushomemade.com/shop?max_price=1040&stock_status=instock%2Consale&per_page=18" "Mozilla/5.0 (Linux; Android 7.0;) AppleWebKit/537.36 (KHTML, like Gecko) Mobile Safari/537.36 (compatible; PetalBot;+https://webmaster.petalsearch.com/site/petalbot)"
114.119.150.215 - - [14/Jan/2026:08:28:04 +0700] "GET /shop/page/2/?max_price=1040&stock_status=instock,onsale&per_page=18 HTTP/1.1" 301 580 "https://view.lotushomemade.com/shop?max_price=1040&stock_status=instock%2Consale&per_page=18" "Mozilla/5.0 (Linux; Android 7.0;) AppleWebKit/537.36 (KHTML, like Gecko) Mobile Safari/537.36 (compatible; PetalBot;+https://webmaster.petalsearch.com/site/petalbot)"
114.119.150.215 - - [14/Jan/2026:08:28:04 +0700] "GET /shop/page/2/?max_price=1040&stock_status=instock,onsale&per_page=18 HTTP/1.1" 301 580 "https://view.lotushomemade.com/shop?max_price=1040&stock_status=instock%2Consale&per_page=18" "Mozilla/5.0 (Linux; Android 7.0;) AppleWebKit/537.36 (KHTML, like Gecko) Mobile Safari/537.36 (compatible; PetalBot;+https://webmaster.petalsearch.com/site/petalbot)"
114.119.150.215 - - [14/Jan/2026:08:28:05 +0700] "GET /shop/page/2/?max_price=1040&stock_status=instock,onsale&per_page=18 HTTP/1.1" 301 580 "https://view.lotushomemade.com/shop?max_price=1040&stock_status=instock%2Consale&per_page=18" "Mozilla/5.0 (Linux; Android 7.0;) AppleWebKit/537.36 (KHTML, like Gecko) Mobile Safari/537.36 (compatible; PetalBot;+https://webmaster.petalsearch.com/site/petalbot)"
114.119.150.215 - - [14/Jan/2026:08:28:05 +0700] "GET /shop/page/2/?max_price=1040&stock_status=instock,onsale&per_page=18 HTTP/1.1" 301 580 "https://view.lotushomemade.com/shop?max_price=1040&stock_status=instock%2Consale&per_page=18" "Mozilla/5.0 (Linux; Android 7.0;) AppleWebKit/537.36 (KHTML, like Gecko) Mobile Safari/537.36 (compatible; PetalBot;+https://webmaster.petalsearch.com/site/petalbot)"
103.131.51.123 - - [14/Jan/2026:08:29:25 +0700] "POST /wp-cron.php?doing_wp_cron=1768354165.5366818904876708984375 HTTP/1.1" 200 474 "-" "WordPress/6.9; https://view.lotushomemade.com"
114.119.148.197 - - [14/Jan/2026:08:29:23 +0700] "GET /shop/page/2/?max_price=1040&per_row=6&shop_view=grid&stock_status=instock,onsale HTTP/1.1" 301 635 "https://view.lotushomemade.com/shop?max_price=1040&per_row=6&shop_view=grid&stock_status=instock%2Consale" "Mozilla/5.0 (Linux; Android 7.0;) AppleWebKit/537.36 (KHTML, like Gecko) Mobile Safari/537.36 (compatible; PetalBot;+https://webmaster.petalsearch.com/site/petalbot)"
114.119.148.197 - - [14/Jan/2026:08:29:25 +0700] "GET /shop/page/2/?max_price=1040&per_row=6&shop_view=grid&stock_status=instock,onsale HTTP/1.1" 301 635 "https://view.lotushomemade.com/shop?max_price=1040&per_row=6&shop_view=grid&stock_status=instock%2Consale" "Mozilla/5.0 (Linux; Android 7.0;) AppleWebKit/537.36 (KHTML, like Gecko) Mobile Safari/537.36 (compatible; PetalBot;+https://webmaster.petalsearch.com/site/petalbot)"
114.119.148.197 - - [14/Jan/2026:08:29:26 +0700] "GET /shop/page/2/?max_price=1040&per_row=6&shop_view=grid&stock_status=instock,onsale HTTP/1.1" 301 635 "https://view.lotushomemade.com/shop?max_price=1040&per_row=6&shop_view=grid&stock_status=instock%2Consale" "Mozilla/5.0 (Linux; Android 7.0;) AppleWebKit/537.36 (KHTML, like Gecko) Mobile Safari/537.36 (compatible; PetalBot;+https://webmaster.petalsearch.com/site/petalbot)"
