114.119.150.215 - - [15/Jan/2026:01:00:51 +0700] "GET /shop/page/20/?orderby=price-desc&per_row=2&per_page=12&shop_view=grid HTTP/1.1" 200 40096 "https://view.lotushomemade.com/shop/page/18/?orderby=price-desc&per_row=2&per_page=12&shop_view=grid" "Mozilla/5.0 (Linux; Android 7.0;) AppleWebKit/537.36 (KHTML, like Gecko) Mobile Safari/537.36 (compatible; PetalBot;+https://webmaster.petalsearch.com/site/petalbot)"
103.131.51.123 - - [15/Jan/2026:01:02:13 +0700] "POST /wp-cron.php?doing_wp_cron=1768413733.9277889728546142578125 HTTP/1.1" 200 474 "-" "WordPress/6.9; https://view.lotushomemade.com"
114.119.156.27 - - [15/Jan/2026:01:02:11 +0700] "GET /shop/page/20?orderby=popularity&per_page=8 HTTP/1.1" 301 553 "https://view.lotushomemade.com/shop/page/17/?orderby=popularity&per_page=8" "Mozilla/5.0 (Linux; Android 7.0;) AppleWebKit/537.36 (KHTML, like Gecko) Mobile Safari/537.36 (compatible; PetalBot;+https://webmaster.petalsearch.com/site/petalbot)"
114.119.156.27 - - [15/Jan/2026:01:02:14 +0700] "GET /shop/page/20/?orderby=popularity&per_page=8 HTTP/1.1" 200 39213 "https://view.lotushomemade.com/shop/page/17/?orderby=popularity&per_page=8" "Mozilla/5.0 (Linux; Android 7.0;) AppleWebKit/537.36 (KHTML, like Gecko) Mobile Safari/537.36 (compatible; PetalBot;+https://webmaster.petalsearch.com/site/petalbot)"
103.131.51.123 - - [15/Jan/2026:01:02:35 +0700] "POST /wp-cron.php?doing_wp_cron=1768413755.2029180526733398437500 HTTP/1.1" 200 474 "-" "WordPress/6.9; https://view.lotushomemade.com"
57.141.16.42 - - [15/Jan/2026:01:02:33 +0700] "GET /shop/page/15/?per_row=6&shop_view=grid&stock_status=onsale HTTP/2" 200 240745 "-" "meta-externalagent/1.1 (+https://developers.facebook.com/docs/sharing/webmasters/crawler)"
103.131.51.123 - - [15/Jan/2026:01:03:35 +0700] "POST /wp-cron.php?doing_wp_cron=1768413815.0755798816680908203125 HTTP/1.1" 200 474 "-" "WordPress/6.9; https://view.lotushomemade.com"
114.119.142.208 - - [15/Jan/2026:01:03:34 +0700] "GET /shop/page/20?orderby=popularity&per_page=12&shop_view=grid&per_row=2 HTTP/1.1" 301 668 "https://view.lotushomemade.com/shop/page/17/?orderby=popularity&per_page=12&shop_view=grid&per_row=2" "Mozilla/5.0 (Linux; Android 7.0;) AppleWebKit/537.36 (KHTML, like Gecko) Mobile Safari/537.36 (compatible; PetalBot;+https://webmaster.petalsearch.com/site/petalbot)"
114.119.142.208 - - [15/Jan/2026:01:03:36 +0700] "GET /shop/page/20/?orderby=popularity&per_page=12&shop_view=grid&per_row=2 HTTP/1.1" 200 39720 "https://view.lotushomemade.com/shop/page/17/?orderby=popularity&per_page=12&shop_view=grid&per_row=2" "Mozilla/5.0 (Linux; Android 7.0;) AppleWebKit/537.36 (KHTML, like Gecko) Mobile Safari/537.36 (compatible; PetalBot;+https://webmaster.petalsearch.com/site/petalbot)"
57.141.16.94 - - [15/Jan/2026:01:03:58 +0700] "GET /shop/page/10/?add-to-cart=8308 HTTP/2" 200 239612 "-" "meta-externalagent/1.1 (+https://developers.facebook.com/docs/sharing/webmasters/crawler)"
103.131.51.123 - - [15/Jan/2026:01:04:51 +0700] "POST /wp-cron.php?doing_wp_cron=1768413891.3076939582824707031250 HTTP/1.1" 200 474 "-" "WordPress/6.9; https://view.lotushomemade.com"
57.141.16.89 - - [15/Jan/2026:01:04:49 +0700] "GET /shop/page/39/?per_row=6&per_page=8&shop_view=grid&stock_status=instock%2Consale HTTP/2" 200 228815 "-" "meta-externalagent/1.1 (+https://developers.facebook.com/docs/sharing/webmasters/crawler)"
114.119.142.208 - - [15/Jan/2026:01:04:58 +0700] "GET /shop/page/20?min_price=0&max_price=260&per_row=6&shop_view=grid HTTP/1.1" 301 617 "https://view.lotushomemade.com/shop/page/19/?min_price=0&max_price=260&per_row=6&shop_view=grid" "Mozilla/5.0 (Linux; Android 7.0;) AppleWebKit/537.36 (KHTML, like Gecko) Mobile Safari/537.36 (compatible; PetalBot;+https://webmaster.petalsearch.com/site/petalbot)"
114.119.142.208 - - [15/Jan/2026:01:04:59 +0700] "GET /shop/page/20/?min_price=0&max_price=260&per_row=6&shop_view=grid HTTP/1.1" 200 40311 "https://view.lotushomemade.com/shop/page/19/?min_price=0&max_price=260&per_row=6&shop_view=grid" "Mozilla/5.0 (Linux; Android 7.0;) AppleWebKit/537.36 (KHTML, like Gecko) Mobile Safari/537.36 (compatible; PetalBot;+https://webmaster.petalsearch.com/site/petalbot)"
57.141.16.4 - - [15/Jan/2026:01:05:00 +0700] "GET /shop/page/11/?per_row=2&per_page=8&shop_view=grid&stock_status=onsale HTTP/2" 200 229029 "-" "meta-externalagent/1.1 (+https://developers.facebook.com/docs/sharing/webmasters/crawler)"
103.131.51.123 - - [15/Jan/2026:01:06:26 +0700] "POST /wp-cron.php?doing_wp_cron=1768413986.5962510108947753906250 HTTP/1.1" 200 474 "-" "WordPress/6.9; https://view.lotushomemade.com"
114.119.142.208 - - [15/Jan/2026:01:06:22 +0700] "GET /shop/page/20/?stock_status=onsale&per_row=6&per_page=8&shop_view=grid HTTP/1.1" 200 39497 "https://view.lotushomemade.com/shop/page/22/?stock_status=onsale&per_row=6&per_page=8&shop_view=grid" "Mozilla/5.0 (Linux; Android 7.0;) AppleWebKit/537.36 (KHTML, like Gecko) Mobile Safari/537.36 (compatible; PetalBot;+https://webmaster.petalsearch.com/site/petalbot)"
103.131.51.123 - - [15/Jan/2026:01:07:49 +0700] "POST /wp-cron.php?doing_wp_cron=1768414069.7871520519256591796875 HTTP/1.1" 200 474 "-" "WordPress/6.9; https://view.lotushomemade.com"
114.119.156.27 - - [15/Jan/2026:01:07:45 +0700] "GET /shop/page/20/?stock_status=onsale&per_row=4&shop_view=grid HTTP/1.1" 200 40160 "https://view.lotushomemade.com/shop/page/19/?stock_status=onsale&per_row=4&shop_view=grid" "Mozilla/5.0 (Linux; Android 7.0;) AppleWebKit/537.36 (KHTML, like Gecko) Mobile Safari/537.36 (compatible; PetalBot;+https://webmaster.petalsearch.com/site/petalbot)"
103.131.51.123 - - [15/Jan/2026:01:09:01 +0700] "POST /wp-cron.php?doing_wp_cron=1768414141.3911368846893310546875 HTTP/1.1" 200 474 "-" "WordPress/6.9; https://view.lotushomemade.com"
57.141.16.59 - - [15/Jan/2026:01:08:59 +0700] "GET /product-category/traditional-cookies-series/100-vegan-traditional-cookies-series/?per_row=6&shop_view=grid&stock_status=instock HTTP/2" 200 247671 "-" "meta-externalagent/1.1 (+https://developers.facebook.com/docs/sharing/webmasters/crawler)"
114.119.149.78 - - [15/Jan/2026:01:09:09 +0700] "GET /shop/page/20/?per_row=4&per_page=18&shop_view=grid&stock_status=instock,onsale HTTP/1.1" 301 679 "https://view.lotushomemade.com/shop?per_row=4&per_page=18&shop_view=grid&stock_status=instock%2Consale" "Mozilla/5.0 (Linux; Android 7.0;) AppleWebKit/537.36 (KHTML, like Gecko) Mobile Safari/537.36 (compatible; PetalBot;+https://webmaster.petalsearch.com/site/petalbot)"
114.119.149.78 - - [15/Jan/2026:01:09:11 +0700] "GET /shop/page/20/?per_row=4&per_page=18&shop_view=grid&stock_status=instock,onsale HTTP/1.1" 301 679 "https://view.lotushomemade.com/shop?per_row=4&per_page=18&shop_view=grid&stock_status=instock%2Consale" "Mozilla/5.0 (Linux; Android 7.0;) AppleWebKit/537.36 (KHTML, like Gecko) Mobile Safari/537.36 (compatible; PetalBot;+https://webmaster.petalsearch.com/site/petalbot)"
114.119.149.78 - - [15/Jan/2026:01:09:12 +0700] "GET /shop/page/20/?per_row=4&per_page=18&shop_view=grid&stock_status=instock,onsale HTTP/1.1" 301 679 "https://view.lotushomemade.com/shop?per_row=4&per_page=18&shop_view=grid&stock_status=instock%2Consale" "Mozilla/5.0 (Linux; Android 7.0;) AppleWebKit/537.36 (KHTML, like Gecko) Mobile Safari/537.36 (compatible; PetalBot;+https://webmaster.petalsearch.com/site/petalbot)"
114.119.149.78 - - [15/Jan/2026:01:09:12 +0700] "GET /shop/page/20/?per_row=4&per_page=18&shop_view=grid&stock_status=instock,onsale HTTP/1.1" 301 679 "https://view.lotushomemade.com/shop?per_row=4&per_page=18&shop_view=grid&stock_status=instock%2Consale" "Mozilla/5.0 (Linux; Android 7.0;) AppleWebKit/537.36 (KHTML, like Gecko) Mobile Safari/537.36 (compatible; PetalBot;+https://webmaster.petalsearch.com/site/petalbot)"
114.119.149.78 - - [15/Jan/2026:01:09:13 +0700] "GET /shop/page/20/?per_row=4&per_page=18&shop_view=grid&stock_status=instock,onsale HTTP/1.1" 301 679 "https://view.lotushomemade.com/shop?per_row=4&per_page=18&shop_view=grid&stock_status=instock%2Consale" "Mozilla/5.0 (Linux; Android 7.0;) AppleWebKit/537.36 (KHTML, like Gecko) Mobile Safari/537.36 (compatible; PetalBot;+https://webmaster.petalsearch.com/site/petalbot)"
114.119.149.78 - - [15/Jan/2026:01:09:14 +0700] "GET /shop/page/20/?per_row=4&per_page=18&shop_view=grid&stock_status=instock,onsale HTTP/1.1" 301 679 "https://view.lotushomemade.com/shop?per_row=4&per_page=18&shop_view=grid&stock_status=instock%2Consale" "Mozilla/5.0 (Linux; Android 7.0;) AppleWebKit/537.36 (KHTML, like Gecko) Mobile Safari/537.36 (compatible; PetalBot;+https://webmaster.petalsearch.com/site/petalbot)"
114.119.149.78 - - [15/Jan/2026:01:09:14 +0700] "GET /shop/page/20/?per_row=4&per_page=18&shop_view=grid&stock_status=instock,onsale HTTP/1.1" 301 679 "https://view.lotushomemade.com/shop?per_row=4&per_page=18&shop_view=grid&stock_status=instock%2Consale" "Mozilla/5.0 (Linux; Android 7.0;) AppleWebKit/537.36 (KHTML, like Gecko) Mobile Safari/537.36 (compatible; PetalBot;+https://webmaster.petalsearch.com/site/petalbot)"
114.119.149.78 - - [15/Jan/2026:01:09:15 +0700] "GET /shop/page/20/?per_row=4&per_page=18&shop_view=grid&stock_status=instock,onsale HTTP/1.1" 301 679 "https://view.lotushomemade.com/shop?per_row=4&per_page=18&shop_view=grid&stock_status=instock%2Consale" "Mozilla/5.0 (Linux; Android 7.0;) AppleWebKit/537.36 (KHTML, like Gecko) Mobile Safari/537.36 (compatible; PetalBot;+https://webmaster.petalsearch.com/site/petalbot)"
114.119.149.78 - - [15/Jan/2026:01:09:15 +0700] "GET /shop/page/20/?per_row=4&per_page=18&shop_view=grid&stock_status=instock,onsale HTTP/1.1" 301 679 "https://view.lotushomemade.com/shop?per_row=4&per_page=18&shop_view=grid&stock_status=instock%2Consale" "Mozilla/5.0 (Linux; Android 7.0;) AppleWebKit/537.36 (KHTML, like Gecko) Mobile Safari/537.36 (compatible; PetalBot;+https://webmaster.petalsearch.com/site/petalbot)"
114.119.149.78 - - [15/Jan/2026:01:09:16 +0700] "GET /shop/page/20/?per_row=4&per_page=18&shop_view=grid&stock_status=instock,onsale HTTP/1.1" 301 679 "https://view.lotushomemade.com/shop?per_row=4&per_page=18&shop_view=grid&stock_status=instock%2Consale" "Mozilla/5.0 (Linux; Android 7.0;) AppleWebKit/537.36 (KHTML, like Gecko) Mobile Safari/537.36 (compatible; PetalBot;+https://webmaster.petalsearch.com/site/petalbot)"
103.131.51.123 - - [15/Jan/2026:01:09:45 +0700] "POST /wp-cron.php?doing_wp_cron=1768414185.3249518871307373046875 HTTP/1.1" 200 474 "-" "WordPress/6.9; https://view.lotushomemade.com"
57.141.16.42 - - [15/Jan/2026:01:09:43 +0700] "GET /shop/page/15/?per_page=12&stock_status=instock%2Consale HTTP/2" 200 240528 "-" "meta-externalagent/1.1 (+https://developers.facebook.com/docs/sharing/webmasters/crawler)"
57.141.16.89 - - [15/Jan/2026:01:10:27 +0700] "GET /shop/page/15/?stock_status=instock%2Consale&per_page=8 HTTP/2" 200 229130 "-" "meta-externalagent/1.1 (+https://developers.facebook.com/docs/sharing/webmasters/crawler)"
57.141.16.52 - - [15/Jan/2026:01:10:29 +0700] "GET /product-category/traditional-cookies-series/page/11/?add-to-cart=16990 HTTP/2" 200 241252 "-" "meta-externalagent/1.1 (+https://developers.facebook.com/docs/sharing/webmasters/crawler)"
103.131.51.123 - - [15/Jan/2026:01:10:34 +0700] "POST /wp-cron.php?doing_wp_cron=1768414234.0949409008026123046875 HTTP/1.1" 200 474 "-" "WordPress/6.9; https://view.lotushomemade.com"
114.119.151.206 - - [15/Jan/2026:01:10:32 +0700] "GET /shop/page/20/?orderby=rating&stock_status=instock&per_row=4&shop_view=grid HTTP/1.1" 200 39747 "https://view.lotushomemade.com/shop/page/17?orderby=rating&stock_status=instock&per_row=4&shop_view=grid" "Mozilla/5.0 (Linux; Android 7.0;) AppleWebKit/537.36 (KHTML, like Gecko) Mobile Safari/537.36 (compatible; PetalBot;+https://webmaster.petalsearch.com/site/petalbot)"
103.131.51.123 - - [15/Jan/2026:01:12:02 +0700] "POST /wp-cron.php?doing_wp_cron=1768414322.2697179317474365234375 HTTP/1.1" 200 474 "-" "WordPress/6.9; https://view.lotushomemade.com"
114.119.148.197 - - [15/Jan/2026:01:11:57 +0700] "GET /shop/page/20/?orderby=price-desc&per_row=4&shop_view=grid&per_page=8 HTTP/1.1" 200 39448 "https://view.lotushomemade.com/shop/page/19/?orderby=price-desc&per_row=4&shop_view=grid&per_page=8" "Mozilla/5.0 (Linux; Android 7.0;) AppleWebKit/537.36 (KHTML, like Gecko) Mobile Safari/537.36 (compatible; PetalBot;+https://webmaster.petalsearch.com/site/petalbot)"
103.131.51.123 - - [15/Jan/2026:01:12:40 +0700] "POST /wp-cron.php?doing_wp_cron=1768414360.2071781158447265625000 HTTP/1.1" 200 474 "-" "WordPress/6.9; https://view.lotushomemade.com"
57.141.16.80 - - [15/Jan/2026:01:12:38 +0700] "GET /shop/page/10/?add-to-cart=17069 HTTP/2" 200 239613 "-" "meta-externalagent/1.1 (+https://developers.facebook.com/docs/sharing/webmasters/crawler)"
114.119.142.208 - - [15/Jan/2026:01:13:19 +0700] "GET /shop/page/20/?orderby=popularity&stock_status=instock&shop_view=grid&per_row=4 HTTP/1.1" 200 39678 "https://view.lotushomemade.com/shop/page/19?orderby=popularity&stock_status=instock&shop_view=grid&per_row=4" "Mozilla/5.0 (Linux; Android 7.0;) AppleWebKit/537.36 (KHTML, like Gecko) Mobile Safari/537.36 (compatible; PetalBot;+https://webmaster.petalsearch.com/site/petalbot)"
103.131.51.123 - - [15/Jan/2026:01:14:47 +0700] "POST /wp-cron.php?doing_wp_cron=1768414487.2633450031280517578125 HTTP/1.1" 200 474 "-" "WordPress/6.9; https://view.lotushomemade.com"
114.119.142.208 - - [15/Jan/2026:01:14:43 +0700] "GET /shop/page/20/?orderby=popularity&stock_status=instock&per_row=4&shop_view=grid HTTP/1.1" 200 39706 "https://view.lotushomemade.com/shop/page/19/?orderby=popularity&stock_status=instock&per_row=4&shop_view=grid" "Mozilla/5.0 (Linux; Android 7.0;) AppleWebKit/537.36 (KHTML, like Gecko) Mobile Safari/537.36 (compatible; PetalBot;+https://webmaster.petalsearch.com/site/petalbot)"
157.55.39.11 - - [15/Jan/2026:01:15:15 +0700] "GET /product/green-tea-pineapple-roll-l/ HTTP/2" 200 36281 "-" "Mozilla/5.0 AppleWebKit/537.36 (KHTML, like Gecko; compatible; bingbot/2.0; +http://www.bing.com/bingbot.htm) Chrome/116.0.1938.76 Safari/537.36"
103.131.51.123 - - [15/Jan/2026:01:16:09 +0700] "POST /wp-cron.php?doing_wp_cron=1768414569.3485710620880126953125 HTTP/1.1" 200 474 "-" "WordPress/6.9; https://view.lotushomemade.com"
114.119.156.27 - - [15/Jan/2026:01:16:07 +0700] "GET /shop/page/20/?orderby=date&stock_status=instock&per_row=4&shop_view=grid HTTP/1.1" 200 39584 "https://view.lotushomemade.com/shop/page/18?orderby=date&stock_status=instock&per_row=4&shop_view=grid" "Mozilla/5.0 (Linux; Android 7.0;) AppleWebKit/537.36 (KHTML, like Gecko) Mobile Safari/537.36 (compatible; PetalBot;+https://webmaster.petalsearch.com/site/petalbot)"
103.131.51.123 - - [15/Jan/2026:01:16:53 +0700] "POST /wp-cron.php?doing_wp_cron=1768414613.4737029075622558593750 HTTP/1.1" 200 474 "-" "WordPress/6.9; https://view.lotushomemade.com"
57.141.16.29 - - [15/Jan/2026:01:16:51 +0700] "GET /product-category/traditional-cookies-series/100-vegan-traditional-cookies-series/?per_row=6&shop_view=grid&per_page=12 HTTP/2" 200 247565 "-" "meta-externalagent/1.1 (+https://developers.facebook.com/docs/sharing/webmasters/crawler)"
103.131.51.123 - - [15/Jan/2026:01:17:35 +0700] "POST /wp-cron.php?doing_wp_cron=1768414655.2551789283752441406250 HTTP/1.1" 200 474 "-" "WordPress/6.9; https://view.lotushomemade.com"
40.77.167.74 - - [15/Jan/2026:01:17:33 +0700] "GET /product-category/crispy-snack-series/100-vegan-crispy-snack-series/?per_page=8 HTTP/2" 200 32321 "-" "Mozilla/5.0 AppleWebKit/537.36 (KHTML, like Gecko; compatible; bingbot/2.0; +http://www.bing.com/bingbot.htm) Chrome/116.0.1938.76 Safari/537.36"
40.77.167.74 - - [15/Jan/2026:01:17:40 +0700] "GET /wp-content/uploads/2023/11/1073-150x150.png HTTP/2" 200 35997 "-" "Mozilla/5.0 AppleWebKit/537.36 (KHTML, like Gecko; compatible; bingbot/2.0; +http://www.bing.com/bingbot.htm) Chrome/116.0.1938.76 Safari/537.36"
114.119.151.206 - - [15/Jan/2026:01:17:51 +0700] "GET /shop/page/20/?min_price=0&stock_status=instock&shop_view=grid&per_row=6 HTTP/1.1" 200 40191 "https://view.lotushomemade.com/shop/page/19/?min_price=0&stock_status=instock&shop_view=grid&per_row=6" "Mozilla/5.0 (Linux; Android 7.0;) AppleWebKit/537.36 (KHTML, like Gecko) Mobile Safari/537.36 (compatible; PetalBot;+https://webmaster.petalsearch.com/site/petalbot)"
200.73.180.46 - - [15/Jan/2026:01:18:24 +0700] "GET /product/peanut-cake_8080-s/?add-to-cart=8643 HTTP/1.1" 200 38232 "-" "Mozilla/5.0 (compatible; MSIE 5.0; Windows NT 11.0; Trident/5.1)"
103.131.51.123 - - [15/Jan/2026:01:18:56 +0700] "POST /wp-cron.php?doing_wp_cron=1768414736.0382890701293945312500 HTTP/1.1" 200 474 "-" "WordPress/6.9; https://view.lotushomemade.com"
114.119.148.197 - - [15/Jan/2026:01:18:54 +0700] "GET /shop/page/20/?max_price=520&stock_status=onsale&per_row=6&shop_view=grid HTTP/1.1" 200 40408 "https://view.lotushomemade.com/shop/page/19/?max_price=520&stock_status=onsale&per_row=6&shop_view=grid" "Mozilla/5.0 (Linux; Android 7.0;) AppleWebKit/537.36 (KHTML, like Gecko) Mobile Safari/537.36 (compatible; PetalBot;+https://webmaster.petalsearch.com/site/petalbot)"
103.131.51.123 - - [15/Jan/2026:01:20:21 +0700] "POST /wp-cron.php?doing_wp_cron=1768414821.8830800056457519531250 HTTP/1.1" 200 474 "-" "WordPress/6.9; https://view.lotushomemade.com"
114.119.150.215 - - [15/Jan/2026:01:20:17 +0700] "GET /shop/page/20/?max_price=520&stock_status=instock HTTP/1.1" 200 40228 "https://view.lotushomemade.com/shop/page/19/?max_price=520&stock_status=instock" "Mozilla/5.0 (Linux; Android 7.0;) AppleWebKit/537.36 (KHTML, like Gecko) Mobile Safari/537.36 (compatible; PetalBot;+https://webmaster.petalsearch.com/site/petalbot)"
103.131.51.123 - - [15/Jan/2026:01:21:50 +0700] "POST /wp-cron.php?doing_wp_cron=1768414910.5606520175933837890625 HTTP/1.1" 200 474 "-" "WordPress/6.9; https://view.lotushomemade.com"
114.119.142.208 - - [15/Jan/2026:01:21:46 +0700] "GET /shop/page/20/?max_price=1050&per_page=8&stock_status=onsale HTTP/1.1" 200 39592 "https://view.lotushomemade.com/shop/page/22/?max_price=1050&per_page=8&stock_status=onsale" "Mozilla/5.0 (Linux; Android 7.0;) AppleWebKit/537.36 (KHTML, like Gecko) Mobile Safari/537.36 (compatible; PetalBot;+https://webmaster.petalsearch.com/site/petalbot)"
103.131.51.123 - - [15/Jan/2026:01:22:47 +0700] "POST /wp-cron.php?doing_wp_cron=1768414967.0918440818786621093750 HTTP/1.1" 200 474 "-" "WordPress/6.9; https://view.lotushomemade.com"
57.141.16.73 - - [15/Jan/2026:01:22:45 +0700] "GET /product-category/traditional-cookies-series/page/11/?add-to-cart=17146 HTTP/2" 200 241264 "-" "meta-externalagent/1.1 (+https://developers.facebook.com/docs/sharing/webmasters/crawler)"
114.119.145.110 - - [15/Jan/2026:01:23:06 +0700] "GET /shop/page/20/?max_price=1040&per_page=18&stock_status=instock HTTP/1.1" 200 41359 "https://view.lotushomemade.com/shop/page/19/?max_price=1040&per_page=18&stock_status=instock" "Mozilla/5.0 (Linux; Android 7.0;) AppleWebKit/537.36 (KHTML, like Gecko) Mobile Safari/537.36 (compatible; PetalBot;+https://webmaster.petalsearch.com/site/petalbot)"
103.131.51.123 - - [15/Jan/2026:01:24:34 +0700] "POST /wp-cron.php?doing_wp_cron=1768415074.1705970764160156250000 HTTP/1.1" 200 474 "-" "WordPress/6.9; https://view.lotushomemade.com"
114.119.142.208 - - [15/Jan/2026:01:24:31 +0700] "GET /shop/page/2/?stock_status=instock,onsale&per_page=24&shop_view=grid&per_row=2 HTTP/1.1" 301 678 "https://view.lotushomemade.com/shop?stock_status=instock%2Consale&per_page=24&shop_view=grid&per_row=2" "Mozilla/5.0 (Linux; Android 7.0;) AppleWebKit/537.36 (KHTML, like Gecko) Mobile Safari/537.36 (compatible; PetalBot;+https://webmaster.petalsearch.com/site/petalbot)"
114.119.142.208 - - [15/Jan/2026:01:24:34 +0700] "GET /shop/page/2/?stock_status=instock,onsale&per_page=24&shop_view=grid&per_row=2 HTTP/1.1" 301 678 "https://view.lotushomemade.com/shop?stock_status=instock%2Consale&per_page=24&shop_view=grid&per_row=2" "Mozilla/5.0 (Linux; Android 7.0;) AppleWebKit/537.36 (KHTML, like Gecko) Mobile Safari/537.36 (compatible; PetalBot;+https://webmaster.petalsearch.com/site/petalbot)"
114.119.142.208 - - [15/Jan/2026:01:24:34 +0700] "GET /shop/page/2/?stock_status=instock,onsale&per_page=24&shop_view=grid&per_row=2 HTTP/1.1" 301 678 "https://view.lotushomemade.com/shop?stock_status=instock%2Consale&per_page=24&shop_view=grid&per_row=2" "Mozilla/5.0 (Linux; Android 7.0;) AppleWebKit/537.36 (KHTML, like Gecko) Mobile Safari/537.36 (compatible; PetalBot;+https://webmaster.petalsearch.com/site/petalbot)"
114.119.142.208 - - [15/Jan/2026:01:24:35 +0700] "GET /shop/page/2/?stock_status=instock,onsale&per_page=24&shop_view=grid&per_row=2 HTTP/1.1" 301 678 "https://view.lotushomemade.com/shop?stock_status=instock%2Consale&per_page=24&shop_view=grid&per_row=2" "Mozilla/5.0 (Linux; Android 7.0;) AppleWebKit/537.36 (KHTML, like Gecko) Mobile Safari/537.36 (compatible; PetalBot;+https://webmaster.petalsearch.com/site/petalbot)"
114.119.142.208 - - [15/Jan/2026:01:24:35 +0700] "GET /shop/page/2/?stock_status=instock,onsale&per_page=24&shop_view=grid&per_row=2 HTTP/1.1" 301 678 "https://view.lotushomemade.com/shop?stock_status=instock%2Consale&per_page=24&shop_view=grid&per_row=2" "Mozilla/5.0 (Linux; Android 7.0;) AppleWebKit/537.36 (KHTML, like Gecko) Mobile Safari/537.36 (compatible; PetalBot;+https://webmaster.petalsearch.com/site/petalbot)"
114.119.142.208 - - [15/Jan/2026:01:24:36 +0700] "GET /shop/page/2/?stock_status=instock,onsale&per_page=24&shop_view=grid&per_row=2 HTTP/1.1" 301 678 "https://view.lotushomemade.com/shop?stock_status=instock%2Consale&per_page=24&shop_view=grid&per_row=2" "Mozilla/5.0 (Linux; Android 7.0;) AppleWebKit/537.36 (KHTML, like Gecko) Mobile Safari/537.36 (compatible; PetalBot;+https://webmaster.petalsearch.com/site/petalbot)"
114.119.142.208 - - [15/Jan/2026:01:24:36 +0700] "GET /shop/page/2/?stock_status=instock,onsale&per_page=24&shop_view=grid&per_row=2 HTTP/1.1" 301 678 "https://view.lotushomemade.com/shop?stock_status=instock%2Consale&per_page=24&shop_view=grid&per_row=2" "Mozilla/5.0 (Linux; Android 7.0;) AppleWebKit/537.36 (KHTML, like Gecko) Mobile Safari/537.36 (compatible; PetalBot;+https://webmaster.petalsearch.com/site/petalbot)"
114.119.142.208 - - [15/Jan/2026:01:24:37 +0700] "GET /shop/page/2/?stock_status=instock,onsale&per_page=24&shop_view=grid&per_row=2 HTTP/1.1" 301 678 "https://view.lotushomemade.com/shop?stock_status=instock%2Consale&per_page=24&shop_view=grid&per_row=2" "Mozilla/5.0 (Linux; Android 7.0;) AppleWebKit/537.36 (KHTML, like Gecko) Mobile Safari/537.36 (compatible; PetalBot;+https://webmaster.petalsearch.com/site/petalbot)"
114.119.142.208 - - [15/Jan/2026:01:24:37 +0700] "GET /shop/page/2/?stock_status=instock,onsale&per_page=24&shop_view=grid&per_row=2 HTTP/1.1" 301 678 "https://view.lotushomemade.com/shop?stock_status=instock%2Consale&per_page=24&shop_view=grid&per_row=2" "Mozilla/5.0 (Linux; Android 7.0;) AppleWebKit/537.36 (KHTML, like Gecko) Mobile Safari/537.36 (compatible; PetalBot;+https://webmaster.petalsearch.com/site/petalbot)"
114.119.142.208 - - [15/Jan/2026:01:24:38 +0700] "GET /shop/page/2/?stock_status=instock,onsale&per_page=24&shop_view=grid&per_row=2 HTTP/1.1" 301 678 "https://view.lotushomemade.com/shop?stock_status=instock%2Consale&per_page=24&shop_view=grid&per_row=2" "Mozilla/5.0 (Linux; Android 7.0;) AppleWebKit/537.36 (KHTML, like Gecko) Mobile Safari/537.36 (compatible; PetalBot;+https://webmaster.petalsearch.com/site/petalbot)"
103.131.51.123 - - [15/Jan/2026:01:25:57 +0700] "POST /wp-cron.php?doing_wp_cron=1768415157.9198839664459228515625 HTTP/1.1" 200 474 "-" "WordPress/6.9; https://view.lotushomemade.com"
114.119.150.215 - - [15/Jan/2026:01:25:53 +0700] "GET /shop/page/2/?per_page=12&shop_view=grid&per_row=4 HTTP/1.1" 200 40565 "https://view.lotushomemade.com/shop/page/18?per_page=12&shop_view=grid&per_row=4" "Mozilla/5.0 (Linux; Android 7.0;) AppleWebKit/537.36 (KHTML, like Gecko) Mobile Safari/537.36 (compatible; PetalBot;+https://webmaster.petalsearch.com/site/petalbot)"
103.131.51.123 - - [15/Jan/2026:01:27:18 +0700] "POST /wp-cron.php?doing_wp_cron=1768415238.6005089282989501953125 HTTP/1.1" 200 474 "-" "WordPress/6.9; https://view.lotushomemade.com"
114.119.149.78 - - [15/Jan/2026:01:27:16 +0700] "GET /shop?orderby=popularity&per_page=18 HTTP/1.1" 301 547 "https://view.lotushomemade.com/shop/page/48?orderby=popularity&per_page=8" "Mozilla/5.0 (Linux; Android 7.0;) AppleWebKit/537.36 (KHTML, like Gecko) Mobile Safari/537.36 (compatible; PetalBot;+https://webmaster.petalsearch.com/site/petalbot)"
114.119.149.78 - - [15/Jan/2026:01:27:20 +0700] "GET /shop/?orderby=popularity&per_page=18 HTTP/1.1" 200 42051 "https://view.lotushomemade.com/shop/page/48?orderby=popularity&per_page=8" "Mozilla/5.0 (Linux; Android 7.0;) AppleWebKit/537.36 (KHTML, like Gecko) Mobile Safari/537.36 (compatible; PetalBot;+https://webmaster.petalsearch.com/site/petalbot)"
103.131.51.123 - - [15/Jan/2026:01:28:43 +0700] "POST /wp-cron.php?doing_wp_cron=1768415322.8939878940582275390625 HTTP/1.1" 200 474 "-" "WordPress/6.9; https://view.lotushomemade.com"
114.119.156.27 - - [15/Jan/2026:01:28:40 +0700] "GET /shop?min_price=520&max_price=780&filter_brand=hss&stock_status=onsale HTTP/1.1" 301 535 "https://view.lotushomemade.com/shop?min_price=520&max_price=780&filter_brand=hss" "Mozilla/5.0 (Linux; Android 7.0;) AppleWebKit/537.36 (KHTML, like Gecko) Mobile Safari/537.36 (compatible; PetalBot;+https://webmaster.petalsearch.com/site/petalbot)"
103.131.51.123 - - [15/Jan/2026:01:28:44 +0700] "POST /wp-cron.php?doing_wp_cron=1768415324.7858939170837402343750 HTTP/1.1" 200 474 "-" "WordPress/6.9; https://view.lotushomemade.com"
114.119.156.27 - - [15/Jan/2026:01:28:43 +0700] "GET /shop/?min_price=520&max_price=780&filter_brand=hss&stock_status=onsale HTTP/1.1" 200 37552 "https://view.lotushomemade.com/shop?min_price=520&max_price=780&filter_brand=hss" "Mozilla/5.0 (Linux; Android 7.0;) AppleWebKit/537.36 (KHTML, like Gecko) Mobile Safari/537.36 (compatible; PetalBot;+https://webmaster.petalsearch.com/site/petalbot)"
57.141.16.18 - - [15/Jan/2026:01:28:42 +0700] "GET /product-category/traditional-cookies-series/page/5/?stock_status=instock%2Consale&per_row=2&per_page=8&shop_view=grid HTTP/2" 200 231257 "-" "meta-externalagent/1.1 (+https://developers.facebook.com/docs/sharing/webmasters/crawler)"
57.141.16.56 - - [15/Jan/2026:01:29:03 +0700] "GET /shop/page/18/?per_page=12&stock_status=instock%2Consale HTTP/2" 200 242450 "-" "meta-externalagent/1.1 (+https://developers.facebook.com/docs/sharing/webmasters/crawler)"
57.141.16.43 - - [15/Jan/2026:01:29:09 +0700] "GET /product-category/kuih-kapit-series/page/1/?per_row=4&per_page=18&shop_view=grid&stock_status=instock%2Consale HTTP/2" 301 0 "-" "meta-externalagent/1.1 (+https://developers.facebook.com/docs/sharing/webmasters/crawler)"
103.131.51.123 - - [15/Jan/2026:01:30:04 +0700] "POST /wp-cron.php?doing_wp_cron=1768415404.2774119377136230468750 HTTP/1.1" 200 474 "-" "WordPress/6.9; https://view.lotushomemade.com"
114.119.156.27 - - [15/Jan/2026:01:30:03 +0700] "GET /shop?max_price=1050&per_row=6&shop_view=grid&per_page=24 HTTP/1.1" 301 656 "https://view.lotushomemade.com/shop/page/8?max_price=1050&per_row=6&shop_view=grid" "Mozilla/5.0 (Linux; Android 7.0;) AppleWebKit/537.36 (KHTML, like Gecko) Mobile Safari/537.36 (compatible; PetalBot;+https://webmaster.petalsearch.com/site/petalbot)"
103.131.51.123 - - [15/Jan/2026:01:30:05 +0700] "POST /wp-cron.php?doing_wp_cron=1768415405.5746829509735107421875 HTTP/1.1" 200 474 "-" "WordPress/6.9; https://view.lotushomemade.com"
57.141.16.47 - - [15/Jan/2026:01:30:03 +0700] "GET /product-category/crispy-snack-series/page/5/?add-to-cart=8374 HTTP/2" 200 236678 "-" "meta-externalagent/1.1 (+https://developers.facebook.com/docs/sharing/webmasters/crawler)"
114.119.156.27 - - [15/Jan/2026:01:30:04 +0700] "GET /shop/?max_price=1050&per_row=6&shop_view=grid&per_page=24 HTTP/1.1" 200 43518 "https://view.lotushomemade.com/shop/page/8?max_price=1050&per_row=6&shop_view=grid" "Mozilla/5.0 (Linux; Android 7.0;) AppleWebKit/537.36 (KHTML, like Gecko) Mobile Safari/537.36 (compatible; PetalBot;+https://webmaster.petalsearch.com/site/petalbot)"
103.131.51.123 - - [15/Jan/2026:01:30:50 +0700] "POST /wp-cron.php?doing_wp_cron=1768415449.9949951171875000000000 HTTP/1.1" 200 474 "-" "WordPress/6.9; https://view.lotushomemade.com"
57.141.16.17 - - [15/Jan/2026:01:30:48 +0700] "GET /shop/page/11/?per_row=4&per_page=24&shop_view=grid&stock_status=onsale HTTP/2" 200 282027 "-" "meta-externalagent/1.1 (+https://developers.facebook.com/docs/sharing/webmasters/crawler)"
114.119.149.78 - - [15/Jan/2026:01:31:30 +0700] "GET /shop?max_price=1040&stock_status=instock,onsale&per_row=2&shop_view=grid HTTP/1.1" 301 626 "https://view.lotushomemade.com/shop/?max_price=1040&stock_status=instock%2Consale&per_row=2&shop_view=grid" "Mozilla/5.0 (Linux; Android 7.0;) AppleWebKit/537.36 (KHTML, like Gecko) Mobile Safari/537.36 (compatible; PetalBot;+https://webmaster.petalsearch.com/site/petalbot)"
114.119.149.78 - - [15/Jan/2026:01:31:31 +0700] "GET /shop/?max_price=1040&stock_status=instock,onsale&per_row=2&shop_view=grid HTTP/1.1" 200 41323 "https://view.lotushomemade.com/shop/?max_price=1040&stock_status=instock%2Consale&per_row=2&shop_view=grid" "Mozilla/5.0 (Linux; Android 7.0;) AppleWebKit/537.36 (KHTML, like Gecko) Mobile Safari/537.36 (compatible; PetalBot;+https://webmaster.petalsearch.com/site/petalbot)"
103.131.51.123 - - [15/Jan/2026:01:32:52 +0700] "POST /wp-cron.php?doing_wp_cron=1768415572.8058819770812988281250 HTTP/1.1" 200 474 "-" "WordPress/6.9; https://view.lotushomemade.com"
114.119.145.110 - - [15/Jan/2026:01:32:50 +0700] "GET /shop/page/8?orderby=price-desc&per_row=4&per_page=24&shop_view=grid HTTP/1.1" 301 667 "https://view.lotushomemade.com/shop/page/9?orderby=price-desc&per_row=4&per_page=24&shop_view=grid" "Mozilla/5.0 (Linux; Android 7.0;) AppleWebKit/537.36 (KHTML, like Gecko) Mobile Safari/537.36 (compatible; PetalBot;+https://webmaster.petalsearch.com/site/petalbot)"
114.119.145.110 - - [15/Jan/2026:01:32:52 +0700] "GET /shop/page/8/?orderby=price-desc&per_row=4&per_page=24&shop_view=grid HTTP/1.1" 200 42633 "https://view.lotushomemade.com/shop/page/9?orderby=price-desc&per_row=4&per_page=24&shop_view=grid" "Mozilla/5.0 (Linux; Android 7.0;) AppleWebKit/537.36 (KHTML, like Gecko) Mobile Safari/537.36 (compatible; PetalBot;+https://webmaster.petalsearch.com/site/petalbot)"
57.141.16.75 - - [15/Jan/2026:01:33:01 +0700] "GET /shop/page/32/?per_row=2&shop_view=grid HTTP/2" 200 239053 "-" "meta-externalagent/1.1 (+https://developers.facebook.com/docs/sharing/webmasters/crawler)"
103.131.51.123 - - [15/Jan/2026:01:34:19 +0700] "POST /wp-cron.php?doing_wp_cron=1768415659.5658199787139892578125 HTTP/1.1" 200 474 "-" "WordPress/6.9; https://view.lotushomemade.com"
114.119.130.97 - - [15/Jan/2026:01:34:15 +0700] "GET /shop/page/8/?per_page=24&shop_view=grid&per_row=6 HTTP/1.1" 200 42184 "https://view.lotushomemade.com/shop/page/9/?per_page=24&shop_view=grid&per_row=6" "Mozilla/5.0 (Linux; Android 7.0;) AppleWebKit/537.36 (KHTML, like Gecko) Mobile Safari/537.36 (compatible; PetalBot;+https://webmaster.petalsearch.com/site/petalbot)"
103.131.51.123 - - [15/Jan/2026:01:35:40 +0700] "POST /wp-cron.php?doing_wp_cron=1768415740.8944840431213378906250 HTTP/1.1" 200 474 "-" "WordPress/6.9; https://view.lotushomemade.com"
114.119.130.97 - - [15/Jan/2026:01:35:36 +0700] "GET /shop/page/8/?orderby=price&per_page=8&stock_status=instock HTTP/1.1" 200 39506 "https://view.lotushomemade.com/shop/page/6/?orderby=price&per_page=8&stock_status=instock" "Mozilla/5.0 (Linux; Android 7.0;) AppleWebKit/537.36 (KHTML, like Gecko) Mobile Safari/537.36 (compatible; PetalBot;+https://webmaster.petalsearch.com/site/petalbot)"
103.131.51.123 - - [15/Jan/2026:01:37:05 +0700] "POST /wp-cron.php?doing_wp_cron=1768415825.8522369861602783203125 HTTP/1.1" 200 474 "-" "WordPress/6.9; https://view.lotushomemade.com"
114.119.156.27 - - [15/Jan/2026:01:37:01 +0700] "GET /shop/page/8/?orderby=date&stock_status=onsale&per_row=2&shop_view=grid HTTP/1.1" 200 39805 "https://view.lotushomemade.com/shop/page/7/?orderby=date&stock_status=onsale&per_row=2&shop_view=grid" "Mozilla/5.0 (Linux; Android 7.0;) AppleWebKit/537.36 (KHTML, like Gecko) Mobile Safari/537.36 (compatible; PetalBot;+https://webmaster.petalsearch.com/site/petalbot)"
193.106.49.231 - - [15/Jan/2026:01:37:06 +0700] "GET /product/twister-cookies_8080-s/?add-to-cart=8643 HTTP/1.1" 200 38341 "-" "Mozilla/5.0 (Windows; U; Windows NT 10.0) AppleWebKit/532.2.1 (KHTML, like Gecko) Version/4.0 Safari/532.2.1"
57.141.16.67 - - [15/Jan/2026:01:37:24 +0700] "GET /wp-json/oembed/1.0/embed?url=https%3A%2F%2Fview.lotushomemade.com%2Fproduct%2Fpeanut-cake_8080-s%2F HTTP/2" 200 2430 "-" "meta-externalagent/1.1 (+https://developers.facebook.com/docs/sharing/webmasters/crawler)"
103.131.51.123 - - [15/Jan/2026:01:38:27 +0700] "POST /wp-cron.php?doing_wp_cron=1768415907.9365220069885253906250 HTTP/1.1" 200 474 "-" "WordPress/6.9; https://view.lotushomemade.com"
114.119.149.78 - - [15/Jan/2026:01:38:25 +0700] "GET /shop/page/8/?orderby=date&per_row=2&shop_view=grid HTTP/1.1" 200 39732 "https://view.lotushomemade.com/shop/page/9/?orderby=date&per_row=2&shop_view=grid" "Mozilla/5.0 (Linux; Android 7.0;) AppleWebKit/537.36 (KHTML, like Gecko) Mobile Safari/537.36 (compatible; PetalBot;+https://webmaster.petalsearch.com/site/petalbot)"
103.131.51.123 - - [15/Jan/2026:01:39:04 +0700] "POST /wp-cron.php?doing_wp_cron=1768415944.6067130565643310546875 HTTP/1.1" 200 474 "-" "WordPress/6.9; https://view.lotushomemade.com"
57.141.16.11 - - [15/Jan/2026:01:39:02 +0700] "GET /product-category/traditional-cookies-series/page/17/?stock_status=instock%2Consale&per_row=2&per_page=8&shop_view=grid HTTP/2" 200 231698 "-" "meta-externalagent/1.1 (+https://developers.facebook.com/docs/sharing/webmasters/crawler)"
103.131.51.123 - - [15/Jan/2026:01:39:51 +0700] "POST /wp-cron.php?doing_wp_cron=1768415991.9345750808715820312500 HTTP/1.1" 200 474 "-" "WordPress/6.9; https://view.lotushomemade.com"
114.119.156.27 - - [15/Jan/2026:01:39:50 +0700] "GET /shop/page/7/?per_row=2&shop_view=grid&per_page=24 HTTP/1.1" 200 42213 "https://view.lotushomemade.com/shop/page/6/?per_row=2&shop_view=grid&per_page=24" "Mozilla/5.0 (Linux; Android 7.0;) AppleWebKit/537.36 (KHTML, like Gecko) Mobile Safari/537.36 (compatible; PetalBot;+https://webmaster.petalsearch.com/site/petalbot)"
103.131.51.123 - - [15/Jan/2026:01:41:17 +0700] "POST /wp-cron.php?doing_wp_cron=1768416077.5125210285186767578125 HTTP/1.1" 200 474 "-" "WordPress/6.9; https://view.lotushomemade.com"
114.119.145.110 - - [15/Jan/2026:01:41:13 +0700] "GET /shop/page/5/?max_price=780&per_row=6&shop_view=grid&stock_status=onsale HTTP/1.1" 200 40416 "https://view.lotushomemade.com/shop/page/5/?max_price=780&per_row=6&shop_view=grid&stock_status=onsale" "Mozilla/5.0 (Linux; Android 7.0;) AppleWebKit/537.36 (KHTML, like Gecko) Mobile Safari/537.36 (compatible; PetalBot;+https://webmaster.petalsearch.com/site/petalbot)"
103.131.51.123 - - [15/Jan/2026:01:42:01 +0700] "POST /wp-cron.php?doing_wp_cron=1768416121.0539789199829101562500 HTTP/1.1" 200 474 "-" "WordPress/6.9; https://view.lotushomemade.com"
156.239.221.186 - - [15/Jan/2026:01:41:58 +0700] "GET /product/new-zealand-cheese-cookies-sg/?add-to-cart=8247 HTTP/1.1" 200 38331 "-" "Mozilla/5.0 (iPad; CPU iPad OS 9_3_5 like Mac OS X) AppleWebKit/532.0 (KHTML, like Gecko) CriOS/48.0.841.0 Mobile/48M561 Safari/532.0"
57.141.16.60 - - [15/Jan/2026:01:42:23 +0700] "GET /shop/page/11/?stock_status=instock%2Consale HTTP/2" 200 240178 "-" "meta-externalagent/1.1 (+https://developers.facebook.com/docs/sharing/webmasters/crawler)"
37.237.124.234 - - [15/Jan/2026:01:42:30 +0700] "GET /product/crispy-lotus-root_8166-xl/ HTTP/1.1" 200 36704 "-" "Mozilla/5.0 (Android 4.4.2; Mobile; rv:38.0) Gecko/38.0 Firefox/38.0"
103.131.51.123 - - [15/Jan/2026:01:42:37 +0700] "POST /wp-cron.php?doing_wp_cron=1768416157.7186648845672607421875 HTTP/1.1" 200 474 "-" "WordPress/6.9; https://view.lotushomemade.com"
114.119.151.206 - - [15/Jan/2026:01:42:37 +0700] "GET /shop/page/4?stock_status=onsale&per_page=18 HTTP/1.1" 301 555 "https://view.lotushomemade.com/shop/page/4?stock_status=onsale&per_page=18" "Mozilla/5.0 (Linux; Android 7.0;) AppleWebKit/537.36 (KHTML, like Gecko) Mobile Safari/537.36 (compatible; PetalBot;+https://webmaster.petalsearch.com/site/petalbot)"
114.119.151.206 - - [15/Jan/2026:01:42:37 +0700] "GET /shop/page/4/?stock_status=onsale&per_page=18 HTTP/1.1" 200 41155 "https://view.lotushomemade.com/shop/page/4?stock_status=onsale&per_page=18" "Mozilla/5.0 (Linux; Android 7.0;) AppleWebKit/537.36 (KHTML, like Gecko) Mobile Safari/537.36 (compatible; PetalBot;+https://webmaster.petalsearch.com/site/petalbot)"
103.131.51.123 - - [15/Jan/2026:01:44:01 +0700] "POST /wp-cron.php?doing_wp_cron=1768416241.9193310737609863281250 HTTP/1.1" 200 474 "-" "WordPress/6.9; https://view.lotushomemade.com"
114.119.142.208 - - [15/Jan/2026:01:43:59 +0700] "GET /shop/page/4?per_row=6&per_page=18&shop_view=grid HTTP/1.1" 301 648 "https://view.lotushomemade.com/shop/page/3?per_row=6&per_page=18&shop_view=grid" "Mozilla/5.0 (Linux; Android 7.0;) AppleWebKit/537.36 (KHTML, like Gecko) Mobile Safari/537.36 (compatible; PetalBot;+https://webmaster.petalsearch.com/site/petalbot)"
114.119.142.208 - - [15/Jan/2026:01:44:02 +0700] "GET /shop/page/4/?per_row=6&per_page=18&shop_view=grid HTTP/1.1" 200 41126 "https://view.lotushomemade.com/shop/page/3?per_row=6&per_page=18&shop_view=grid" "Mozilla/5.0 (Linux; Android 7.0;) AppleWebKit/537.36 (KHTML, like Gecko) Mobile Safari/537.36 (compatible; PetalBot;+https://webmaster.petalsearch.com/site/petalbot)"
103.131.51.123 - - [15/Jan/2026:01:45:26 +0700] "POST /wp-cron.php?doing_wp_cron=1768416326.8602499961853027343750 HTTP/1.1" 200 474 "-" "WordPress/6.9; https://view.lotushomemade.com"
114.119.156.27 - - [15/Jan/2026:01:45:24 +0700] "GET /shop/page/4?orderby=price&per_row=2&per_page=12&shop_view=grid HTTP/1.1" 301 662 "-" "Mozilla/5.0 (Linux; Android 7.0;) AppleWebKit/537.36 (KHTML, like Gecko) Mobile Safari/537.36 (compatible; PetalBot;+https://webmaster.petalsearch.com/site/petalbot)"
114.119.156.27 - - [15/Jan/2026:01:45:26 +0700] "GET /shop/page/4/?orderby=price&per_row=2&per_page=12&shop_view=grid HTTP/1.1" 200 40002 "-" "Mozilla/5.0 (Linux; Android 7.0;) AppleWebKit/537.36 (KHTML, like Gecko) Mobile Safari/537.36 (compatible; PetalBot;+https://webmaster.petalsearch.com/site/petalbot)"
40.77.167.61 - - [15/Jan/2026:01:45:33 +0700] "GET /wp-content/uploads/2023/11/1152-300x300.png HTTP/2" 200 141323 "-" "Mozilla/5.0 AppleWebKit/537.36 (KHTML, like Gecko; compatible; bingbot/2.0; +http://www.bing.com/bingbot.htm) Chrome/116.0.1938.76 Safari/537.36"
103.131.51.123 - - [15/Jan/2026:01:46:51 +0700] "POST /wp-cron.php?doing_wp_cron=1768416411.3315780162811279296875 HTTP/1.1" 200 474 "-" "WordPress/6.9; https://view.lotushomemade.com"
114.119.149.78 - - [15/Jan/2026:01:46:47 +0700] "GET /shop/page/47/?orderby=price&per_page=8 HTTP/1.1" 200 39142 "https://view.lotushomemade.com/shop/page/18?orderby=price&per_page=8" "Mozilla/5.0 (Linux; Android 7.0;) AppleWebKit/537.36 (KHTML, like Gecko) Mobile Safari/537.36 (compatible; PetalBot;+https://webmaster.petalsearch.com/site/petalbot)"
103.131.51.123 - - [15/Jan/2026:01:48:20 +0700] "POST /wp-cron.php?doing_wp_cron=1768416500.0945940017700195312500 HTTP/1.1" 200 474 "-" "WordPress/6.9; https://view.lotushomemade.com"
114.119.149.78 - - [15/Jan/2026:01:48:11 +0700] "GET /shop/page/44/?min_price=0&max_price=260&stock_status=onsale&per_page=8 HTTP/1.1" 200 39455 "https://view.lotushomemade.com/shop/page/41/?min_price=0&max_price=260&stock_status=onsale&per_page=8" "Mozilla/5.0 (Linux; Android 7.0;) AppleWebKit/537.36 (KHTML, like Gecko) Mobile Safari/537.36 (compatible; PetalBot;+https://webmaster.petalsearch.com/site/petalbot)"
57.141.16.25 - - [15/Jan/2026:01:48:25 +0700] "GET /shop/page/11/?per_page=8&stock_status=onsale HTTP/2" 200 228062 "-" "meta-externalagent/1.1 (+https://developers.facebook.com/docs/sharing/webmasters/crawler)"
103.131.51.123 - - [15/Jan/2026:01:49:22 +0700] "POST /wp-cron.php?doing_wp_cron=1768416562.6500220298767089843750 HTTP/1.1" 200 474 "-" "WordPress/6.9; https://view.lotushomemade.com"
57.141.16.73 - - [15/Jan/2026:01:49:20 +0700] "GET /shop/page/22/?per_row=6&shop_view=grid&stock_status=instock%2Consale HTTP/2" 200 243391 "-" "meta-externalagent/1.1 (+https://developers.facebook.com/docs/sharing/webmasters/crawler)"
103.131.51.123 - - [15/Jan/2026:01:49:35 +0700] "POST /wp-cron.php?doing_wp_cron=1768416575.1390249729156494140625 HTTP/1.1" 200 474 "-" "WordPress/6.9; https://view.lotushomemade.com"
114.119.151.206 - - [15/Jan/2026:01:49:34 +0700] "GET /shop?stock_status=onsale&per_row=6&shop_view=grid HTTP/1.1" 301 603 "https://view.lotushomemade.com/shop/page/9?stock_status=onsale&per_row=2&shop_view=grid" "Mozilla/5.0 (Linux; Android 7.0;) AppleWebKit/537.36 (KHTML, like Gecko) Mobile Safari/537.36 (compatible; PetalBot;+https://webmaster.petalsearch.com/site/petalbot)"
114.119.151.206 - - [15/Jan/2026:01:49:35 +0700] "GET /shop/?stock_status=onsale&per_row=6&shop_view=grid HTTP/1.1" 200 40962 "https://view.lotushomemade.com/shop/page/9?stock_status=onsale&per_row=2&shop_view=grid" "Mozilla/5.0 (Linux; Android 7.0;) AppleWebKit/537.36 (KHTML, like Gecko) Mobile Safari/537.36 (compatible; PetalBot;+https://webmaster.petalsearch.com/site/petalbot)"
103.131.51.123 - - [15/Jan/2026:01:50:34 +0700] "POST /wp-cron.php?doing_wp_cron=1768416634.5959889888763427734375 HTTP/1.1" 200 474 "-" "WordPress/6.9; https://view.lotushomemade.com"
57.141.16.91 - - [15/Jan/2026:01:50:32 +0700] "GET /shop/page/10/?add-to-cart=8600 HTTP/2" 200 239622 "-" "meta-externalagent/1.1 (+https://developers.facebook.com/docs/sharing/webmasters/crawler)"
114.119.151.206 - - [15/Jan/2026:01:50:57 +0700] "GET /shop/page/6?per_row=4&per_page=24&shop_view=grid&stock_status=onsale HTTP/1.1" 301 668 "https://view.lotushomemade.com/shop/page/8?per_row=4&per_page=24&shop_view=grid&stock_status=onsale" "Mozilla/5.0 (Linux; Android 7.0;) AppleWebKit/537.36 (KHTML, like Gecko) Mobile Safari/537.36 (compatible; PetalBot;+https://webmaster.petalsearch.com/site/petalbot)"
114.119.151.206 - - [15/Jan/2026:01:50:58 +0700] "GET /shop/page/6/?per_row=4&per_page=24&shop_view=grid&stock_status=onsale HTTP/1.1" 200 42639 "https://view.lotushomemade.com/shop/page/8?per_row=4&per_page=24&shop_view=grid&stock_status=onsale" "Mozilla/5.0 (Linux; Android 7.0;) AppleWebKit/537.36 (KHTML, like Gecko) Mobile Safari/537.36 (compatible; PetalBot;+https://webmaster.petalsearch.com/site/petalbot)"
103.131.51.123 - - [15/Jan/2026:01:52:25 +0700] "POST /wp-cron.php?doing_wp_cron=1768416745.7427959442138671875000 HTTP/1.1" 200 474 "-" "WordPress/6.9; https://view.lotushomemade.com"
114.119.148.197 - - [15/Jan/2026:01:52:21 +0700] "GET /shop/page/5/?max_price=1050&stock_status=instock&per_page=24 HTTP/1.1" 200 42468 "https://view.lotushomemade.com/shop/page/6/?max_price=1050&stock_status=instock&per_page=24" "Mozilla/5.0 (Linux; Android 7.0;) AppleWebKit/537.36 (KHTML, like Gecko) Mobile Safari/537.36 (compatible; PetalBot;+https://webmaster.petalsearch.com/site/petalbot)"
103.131.51.123 - - [15/Jan/2026:01:53:52 +0700] "POST /wp-cron.php?doing_wp_cron=1768416831.9883348941802978515625 HTTP/1.1" 200 474 "-" "WordPress/6.9; https://view.lotushomemade.com"
114.119.156.27 - - [15/Jan/2026:01:53:49 +0700] "GET /shop/page/4?orderby=date&per_page=18&shop_view=grid&per_row=4 HTTP/1.1" 301 661 "https://view.lotushomemade.com/shop/page/4?orderby=date&per_page=18&shop_view=grid&per_row=4" "Mozilla/5.0 (Linux; Android 7.0;) AppleWebKit/537.36 (KHTML, like Gecko) Mobile Safari/537.36 (compatible; PetalBot;+https://webmaster.petalsearch.com/site/petalbot)"
114.119.156.27 - - [15/Jan/2026:01:53:53 +0700] "GET /shop/page/4/?orderby=date&per_page=18&shop_view=grid&per_row=4 HTTP/1.1" 200 40832 "https://view.lotushomemade.com/shop/page/4?orderby=date&per_page=18&shop_view=grid&per_row=4" "Mozilla/5.0 (Linux; Android 7.0;) AppleWebKit/537.36 (KHTML, like Gecko) Mobile Safari/537.36 (compatible; PetalBot;+https://webmaster.petalsearch.com/site/petalbot)"
103.131.51.123 - - [15/Jan/2026:01:55:16 +0700] "POST /wp-cron.php?doing_wp_cron=1768416916.9406790733337402343750 HTTP/1.1" 200 474 "-" "WordPress/6.9; https://view.lotushomemade.com"
114.119.156.27 - - [15/Jan/2026:01:55:12 +0700] "GET /shop/page/42/?stock_status=onsale&per_row=6&per_page=8&shop_view=grid HTTP/1.1" 200 39448 "https://view.lotushomemade.com/shop/page/44/?stock_status=onsale&per_row=6&per_page=8&shop_view=grid" "Mozilla/5.0 (Linux; Android 7.0;) AppleWebKit/537.36 (KHTML, like Gecko) Mobile Safari/537.36 (compatible; PetalBot;+https://webmaster.petalsearch.com/site/petalbot)"
103.131.51.123 - - [15/Jan/2026:01:56:35 +0700] "POST /wp-cron.php?doing_wp_cron=1768416995.3644609451293945312500 HTTP/1.1" 200 474 "-" "WordPress/6.9; https://view.lotushomemade.com"
114.119.149.78 - - [15/Jan/2026:01:56:32 +0700] "GET /shop/page/40?max_price=780&per_page=8 HTTP/1.1" 301 548 "https://view.lotushomemade.com/shop/page/40?max_price=780&per_page=8" "Mozilla/5.0 (Linux; Android 7.0;) AppleWebKit/537.36 (KHTML, like Gecko) Mobile Safari/537.36 (compatible; PetalBot;+https://webmaster.petalsearch.com/site/petalbot)"
114.119.149.78 - - [15/Jan/2026:01:56:35 +0700] "GET /shop/page/40/?max_price=780&per_page=8 HTTP/1.1" 200 39597 "https://view.lotushomemade.com/shop/page/40?max_price=780&per_page=8" "Mozilla/5.0 (Linux; Android 7.0;) AppleWebKit/537.36 (KHTML, like Gecko) Mobile Safari/537.36 (compatible; PetalBot;+https://webmaster.petalsearch.com/site/petalbot)"
57.141.16.40 - - [15/Jan/2026:01:56:40 +0700] "GET /shop/page/39/?stock_status=instock&per_row=6&shop_view=grid&per_page=8 HTTP/2" 200 228562 "-" "meta-externalagent/1.1 (+https://developers.facebook.com/docs/sharing/webmasters/crawler)"
103.131.51.123 - - [15/Jan/2026:01:58:01 +0700] "POST /wp-cron.php?doing_wp_cron=1768417081.0425050258636474609375 HTTP/1.1" 200 474 "-" "WordPress/6.9; https://view.lotushomemade.com"
114.119.156.27 - - [15/Jan/2026:01:57:56 +0700] "GET /shop/page/40/?stock_status=onsale&per_row=6&shop_view=grid&per_page=8 HTTP/1.1" 200 39578 "https://view.lotushomemade.com/shop/page/39/?stock_status=onsale&per_row=6&shop_view=grid&per_page=8" "Mozilla/5.0 (Linux; Android 7.0;) AppleWebKit/537.36 (KHTML, like Gecko) Mobile Safari/537.36 (compatible; PetalBot;+https://webmaster.petalsearch.com/site/petalbot)"
103.131.51.123 - - [15/Jan/2026:01:59:23 +0700] "POST /wp-cron.php?doing_wp_cron=1768417163.9596440792083740234375 HTTP/1.1" 200 474 "-" "WordPress/6.9; https://view.lotushomemade.com"
114.119.149.78 - - [15/Jan/2026:01:59:19 +0700] "GET /shop/page/4/?orderby=price-desc&per_row=6&per_page=18&shop_view=grid HTTP/1.1" 200 41368 "https://view.lotushomemade.com/shop/page/1?orderby=price-desc&per_row=6&per_page=18&shop_view=grid" "Mozilla/5.0 (Linux; Android 7.0;) AppleWebKit/537.36 (KHTML, like Gecko) Mobile Safari/537.36 (compatible; PetalBot;+https://webmaster.petalsearch.com/site/petalbot)"
103.131.51.123 - - [15/Jan/2026:02:00:47 +0700] "POST /wp-cron.php?doing_wp_cron=1768417247.1775510311126708984375 HTTP/1.1" 200 474 "-" "WordPress/6.9; https://view.lotushomemade.com"
114.119.130.97 - - [15/Jan/2026:02:00:43 +0700] "GET /shop/page/4/?orderby=date&stock_status=instock&per_row=4&shop_view=grid HTTP/1.1" 200 40099 "https://view.lotushomemade.com/shop/page/7/?orderby=date&stock_status=instock&per_row=4&shop_view=grid" "Mozilla/5.0 (Linux; Android 7.0;) AppleWebKit/537.36 (KHTML, like Gecko) Mobile Safari/537.36 (compatible; PetalBot;+https://webmaster.petalsearch.com/site/petalbot)"
103.131.51.123 - - [15/Jan/2026:02:02:12 +0700] "POST /wp-cron.php?doing_wp_cron=1768417332.5679469108581542968750 HTTP/1.1" 200 474 "-" "WordPress/6.9; https://view.lotushomemade.com"
114.119.142.208 - - [15/Jan/2026:02:02:09 +0700] "GET /shop/page/3?stock_status=instock&per_page=8&shop_view=grid&per_row=4 HTTP/1.1" 301 667 "https://view.lotushomemade.com/shop/page/7?stock_status=instock&per_page=8&shop_view=grid&per_row=4" "Mozilla/5.0 (Linux; Android 7.0;) AppleWebKit/537.36 (KHTML, like Gecko) Mobile Safari/537.36 (compatible; PetalBot;+https://webmaster.petalsearch.com/site/petalbot)"
114.119.142.208 - - [15/Jan/2026:02:02:12 +0700] "GET /shop/page/3/?stock_status=instock&per_page=8&shop_view=grid&per_row=4 HTTP/1.1" 200 39427 "https://view.lotushomemade.com/shop/page/7?stock_status=instock&per_page=8&shop_view=grid&per_row=4" "Mozilla/5.0 (Linux; Android 7.0;) AppleWebKit/537.36 (KHTML, like Gecko) Mobile Safari/537.36 (compatible; PetalBot;+https://webmaster.petalsearch.com/site/petalbot)"
103.131.51.123 - - [15/Jan/2026:02:03:32 +0700] "POST /wp-cron.php?doing_wp_cron=1768417412.4085929393768310546875 HTTP/1.1" 200 474 "-" "WordPress/6.9; https://view.lotushomemade.com"
114.119.148.197 - - [15/Jan/2026:02:03:29 +0700] "GET /shop/page/3?orderby=rating&per_row=4&shop_view=grid&per_page=24 HTTP/1.1" 301 663 "https://view.lotushomemade.com/shop/page/14/?orderby=rating&per_row=4&shop_view=grid&per_page=24" "Mozilla/5.0 (Linux; Android 7.0;) AppleWebKit/537.36 (KHTML, like Gecko) Mobile Safari/537.36 (compatible; PetalBot;+https://webmaster.petalsearch.com/site/petalbot)"
103.131.51.123 - - [15/Jan/2026:02:03:34 +0700] "POST /wp-cron.php?doing_wp_cron=1768417414.2135260105133056640625 HTTP/1.1" 200 474 "-" "WordPress/6.9; https://view.lotushomemade.com"
