103.131.51.123 - - [14/Jan/2026:09:37:37 +0700] "POST /wp-cron.php?doing_wp_cron=1768358257.6632919311523437500000 HTTP/1.1" 200 474 "-" "WordPress/6.9; https://view.lotushomemade.com"
114.119.150.215 - - [14/Jan/2026:09:37:37 +0700] "GET /shop/page/18?orderby=rating&stock_status=instock&per_row=6&shop_view=grid HTTP/1.1" 301 627 "https://view.lotushomemade.com/shop/page/15/?orderby=rating&stock_status=instock&per_row=6&shop_view=grid" "Mozilla/5.0 (Linux; Android 7.0;) AppleWebKit/537.36 (KHTML, like Gecko) Mobile Safari/537.36 (compatible; PetalBot;+https://webmaster.petalsearch.com/site/petalbot)"
114.119.150.215 - - [14/Jan/2026:09:37:38 +0700] "GET /shop/page/18/?orderby=rating&stock_status=instock&per_row=6&shop_view=grid HTTP/1.1" 200 39824 "https://view.lotushomemade.com/shop/page/15/?orderby=rating&stock_status=instock&per_row=6&shop_view=grid" "Mozilla/5.0 (Linux; Android 7.0;) AppleWebKit/537.36 (KHTML, like Gecko) Mobile Safari/537.36 (compatible; PetalBot;+https://webmaster.petalsearch.com/site/petalbot)"
103.131.51.123 - - [14/Jan/2026:09:39:03 +0700] "POST /wp-cron.php?doing_wp_cron=1768358343.5167119503021240234375 HTTP/1.1" 200 474 "-" "WordPress/6.9; https://view.lotushomemade.com"
114.119.156.27 - - [14/Jan/2026:09:39:00 +0700] "GET /shop/page/18?orderby=rating&per_row=4&per_page=8&shop_view=grid HTTP/1.1" 301 662 "https://view.lotushomemade.com/shop/page/15/?orderby=rating&per_row=4&per_page=8&shop_view=grid" "Mozilla/5.0 (Linux; Android 7.0;) AppleWebKit/537.36 (KHTML, like Gecko) Mobile Safari/537.36 (compatible; PetalBot;+https://webmaster.petalsearch.com/site/petalbot)"
114.119.156.27 - - [14/Jan/2026:09:39:03 +0700] "GET /shop/page/18/?orderby=rating&per_row=4&per_page=8&shop_view=grid HTTP/1.1" 200 39260 "https://view.lotushomemade.com/shop/page/15/?orderby=rating&per_row=4&per_page=8&shop_view=grid" "Mozilla/5.0 (Linux; Android 7.0;) AppleWebKit/537.36 (KHTML, like Gecko) Mobile Safari/537.36 (compatible; PetalBot;+https://webmaster.petalsearch.com/site/petalbot)"
103.131.51.123 - - [14/Jan/2026:09:39:36 +0700] "POST /wp-cron.php?doing_wp_cron=1768358376.2420129776000976562500 HTTP/1.1" 200 474 "-" "WordPress/6.9; https://view.lotushomemade.com"
57.141.16.52 - - [14/Jan/2026:09:39:34 +0700] "GET /product-category/traditional-cookies-series/page/13/?add-to-cart=16972 HTTP/2" 200 240017 "-" "meta-externalagent/1.1 (+https://developers.facebook.com/docs/sharing/webmasters/crawler)"
114.119.148.197 - - [14/Jan/2026:09:40:25 +0700] "GET /shop/page/18?orderby=price-desc&stock_status=onsale&per_page=12 HTTP/1.1" 301 575 "https://view.lotushomemade.com/shop/page/17/?orderby=price-desc&stock_status=onsale&per_page=12" "Mozilla/5.0 (Linux; Android 7.0;) AppleWebKit/537.36 (KHTML, like Gecko) Mobile Safari/537.36 (compatible; PetalBot;+https://webmaster.petalsearch.com/site/petalbot)"
114.119.148.197 - - [14/Jan/2026:09:40:27 +0700] "GET /shop/page/18/?orderby=price-desc&stock_status=onsale&per_page=12 HTTP/1.1" 200 40059 "https://view.lotushomemade.com/shop/page/17/?orderby=price-desc&stock_status=onsale&per_page=12" "Mozilla/5.0 (Linux; Android 7.0;) AppleWebKit/537.36 (KHTML, like Gecko) Mobile Safari/537.36 (compatible; PetalBot;+https://webmaster.petalsearch.com/site/petalbot)"
52.167.144.177 - - [14/Jan/2026:09:41:49 +0700] "GET /wp-content/uploads/2023/11/2025-150x150.png HTTP/2" 200 39159 "-" "Mozilla/5.0 AppleWebKit/537.36 (KHTML, like Gecko; compatible; bingbot/2.0; +http://www.bing.com/bingbot.htm) Chrome/116.0.1938.76 Safari/537.36"
103.131.51.123 - - [14/Jan/2026:09:41:49 +0700] "POST /wp-cron.php?doing_wp_cron=1768358509.8166329860687255859375 HTTP/1.1" 200 474 "-" "WordPress/6.9; https://view.lotushomemade.com"
114.119.149.78 - - [14/Jan/2026:09:41:47 +0700] "GET /shop/page/18?orderby=price&per_page=8 HTTP/1.1" 301 548 "https://view.lotushomemade.com/shop/page/16/?orderby=price&per_page=8" "Mozilla/5.0 (Linux; Android 7.0;) AppleWebKit/537.36 (KHTML, like Gecko) Mobile Safari/537.36 (compatible; PetalBot;+https://webmaster.petalsearch.com/site/petalbot)"
114.119.149.78 - - [14/Jan/2026:09:41:49 +0700] "GET /shop/page/18/?orderby=price&per_page=8 HTTP/1.1" 200 39183 "https://view.lotushomemade.com/shop/page/16/?orderby=price&per_page=8" "Mozilla/5.0 (Linux; Android 7.0;) AppleWebKit/537.36 (KHTML, like Gecko) Mobile Safari/537.36 (compatible; PetalBot;+https://webmaster.petalsearch.com/site/petalbot)"
103.131.51.123 - - [14/Jan/2026:09:43:13 +0700] "POST /wp-cron.php?doing_wp_cron=1768358593.7225100994110107421875 HTTP/1.1" 200 474 "-" "WordPress/6.9; https://view.lotushomemade.com"
114.119.150.215 - - [14/Jan/2026:09:43:11 +0700] "GET /shop/page/18?orderby=popularity&per_row=2&shop_view=grid&stock_status=instock HTTP/1.1" 301 631 "https://view.lotushomemade.com/shop/page/16/?orderby=popularity&per_row=2&shop_view=grid&stock_status=instock" "Mozilla/5.0 (Linux; Android 7.0;) AppleWebKit/537.36 (KHTML, like Gecko) Mobile Safari/537.36 (compatible; PetalBot;+https://webmaster.petalsearch.com/site/petalbot)"
114.119.150.215 - - [14/Jan/2026:09:43:14 +0700] "GET /shop/page/18/?orderby=popularity&per_row=2&shop_view=grid&stock_status=instock HTTP/1.1" 200 39565 "https://view.lotushomemade.com/shop/page/16/?orderby=popularity&per_row=2&shop_view=grid&stock_status=instock" "Mozilla/5.0 (Linux; Android 7.0;) AppleWebKit/537.36 (KHTML, like Gecko) Mobile Safari/537.36 (compatible; PetalBot;+https://webmaster.petalsearch.com/site/petalbot)"
103.131.51.123 - - [14/Jan/2026:09:44:37 +0700] "POST /wp-cron.php?doing_wp_cron=1768358677.6679160594940185546875 HTTP/1.1" 200 474 "-" "WordPress/6.9; https://view.lotushomemade.com"
114.119.151.206 - - [14/Jan/2026:09:44:35 +0700] "GET /shop/page/18?orderby=date&per_page=12&shop_view=grid&per_row=4 HTTP/1.1" 301 662 "https://view.lotushomemade.com/shop/page/16/?orderby=date&per_page=12&shop_view=grid&per_row=4" "Mozilla/5.0 (Linux; Android 7.0;) AppleWebKit/537.36 (KHTML, like Gecko) Mobile Safari/537.36 (compatible; PetalBot;+https://webmaster.petalsearch.com/site/petalbot)"
114.119.151.206 - - [14/Jan/2026:09:44:38 +0700] "GET /shop/page/18/?orderby=date&per_page=12&shop_view=grid&per_row=4 HTTP/1.1" 200 39973 "https://view.lotushomemade.com/shop/page/16/?orderby=date&per_page=12&shop_view=grid&per_row=4" "Mozilla/5.0 (Linux; Android 7.0;) AppleWebKit/537.36 (KHTML, like Gecko) Mobile Safari/537.36 (compatible; PetalBot;+https://webmaster.petalsearch.com/site/petalbot)"
40.77.167.9 - - [14/Jan/2026:09:44:47 +0700] "GET /wp-content/uploads/2023/10/bakerass.png HTTP/2" 200 98236 "-" "Mozilla/5.0 AppleWebKit/537.36 (KHTML, like Gecko; compatible; bingbot/2.0; +http://www.bing.com/bingbot.htm) Chrome/116.0.1938.76 Safari/537.36"
99.22.172.62 - - [14/Jan/2026:09:44:51 +0700] "GET /product/peanut-puff-cracker_8080-s/?add-to-cart=8247 HTTP/1.1" 200 38305 "-" "Mozilla/5.0 (Linux; Android 2.3) AppleWebKit/533.1 (KHTML, like Gecko) Chrome/33.0.838.0 Safari/533.1"
103.131.51.123 - - [14/Jan/2026:09:46:04 +0700] "POST /wp-cron.php?doing_wp_cron=1768358764.3214271068572998046875 HTTP/1.1" 200 474 "-" "WordPress/6.9; https://view.lotushomemade.com"
114.119.156.27 - - [14/Jan/2026:09:46:03 +0700] "GET /shop/page/18?opts=filters_area HTTP/1.1" 301 496 "https://view.lotushomemade.com/shop/page/16/?opts=filters_area" "Mozilla/5.0 (Linux; Android 7.0;) AppleWebKit/537.36 (KHTML, like Gecko) Mobile Safari/537.36 (compatible; PetalBot;+https://webmaster.petalsearch.com/site/petalbot)"
114.119.156.27 - - [14/Jan/2026:09:46:05 +0700] "GET /shop/page/18/?opts=filters_area HTTP/1.1" 200 39165 "https://view.lotushomemade.com/shop/page/16/?opts=filters_area" "Mozilla/5.0 (Linux; Android 7.0;) AppleWebKit/537.36 (KHTML, like Gecko) Mobile Safari/537.36 (compatible; PetalBot;+https://webmaster.petalsearch.com/site/petalbot)"
103.131.51.123 - - [14/Jan/2026:09:46:55 +0700] "POST /wp-cron.php?doing_wp_cron=1768358815.6988959312438964843750 HTTP/1.1" 200 474 "-" "WordPress/6.9; https://view.lotushomemade.com"
70.130.175.29 - - [14/Jan/2026:09:46:54 +0700] "GET /product/fish-bahulu-_-8142-xl/?add-to-cart=361 HTTP/1.1" 200 38239 "-" "Mozilla/5.0 (Macintosh; U; Intel Mac OS X 10_12_8; rv:1.9.4.20) Gecko/2331-12-25 15:53:35.642662 Firefox/13.0"
114.119.149.78 - - [14/Jan/2026:09:47:22 +0700] "GET /shop/page/18?min_price=0&max_price=260&per_page=18 HTTP/1.1" 301 562 "https://view.lotushomemade.com/shop/page/16/?min_price=0&max_price=260&per_page=18" "Mozilla/5.0 (Linux; Android 7.0;) AppleWebKit/537.36 (KHTML, like Gecko) Mobile Safari/537.36 (compatible; PetalBot;+https://webmaster.petalsearch.com/site/petalbot)"
114.119.149.78 - - [14/Jan/2026:09:47:23 +0700] "GET /shop/page/18/?min_price=0&max_price=260&per_page=18 HTTP/1.1" 200 41337 "https://view.lotushomemade.com/shop/page/16/?min_price=0&max_price=260&per_page=18" "Mozilla/5.0 (Linux; Android 7.0;) AppleWebKit/537.36 (KHTML, like Gecko) Mobile Safari/537.36 (compatible; PetalBot;+https://webmaster.petalsearch.com/site/petalbot)"
103.131.51.123 - - [14/Jan/2026:09:48:42 +0700] "POST /wp-cron.php?doing_wp_cron=1768358922.1306049823760986328125 HTTP/1.1" 200 474 "-" "WordPress/6.9; https://view.lotushomemade.com"
62.82.122.162 - - [14/Jan/2026:09:48:38 +0700] "GET /product-category/hot-item/?per_page=12&stock_status=onsale HTTP/1.1" 200 34278 "-" "Mozilla/5.0 (Macintosh; PPC Mac OS X 10_11_8) AppleWebKit/533.2 (KHTML, like Gecko) Chrome/54.0.811.0 Safari/533.2"
114.119.150.215 - - [14/Jan/2026:09:48:45 +0700] "GET /shop/page/18?max_price=520&per_page=12 HTTP/1.1" 301 550 "https://view.lotushomemade.com/shop/page/15/?max_price=520&per_page=12" "Mozilla/5.0 (Linux; Android 7.0;) AppleWebKit/537.36 (KHTML, like Gecko) Mobile Safari/537.36 (compatible; PetalBot;+https://webmaster.petalsearch.com/site/petalbot)"
114.119.150.215 - - [14/Jan/2026:09:48:46 +0700] "GET /shop/page/18/?max_price=520&per_page=12 HTTP/1.1" 200 40437 "https://view.lotushomemade.com/shop/page/15/?max_price=520&per_page=12" "Mozilla/5.0 (Linux; Android 7.0;) AppleWebKit/537.36 (KHTML, like Gecko) Mobile Safari/537.36 (compatible; PetalBot;+https://webmaster.petalsearch.com/site/petalbot)"
103.131.51.123 - - [14/Jan/2026:09:50:11 +0700] "POST /wp-cron.php?doing_wp_cron=1768359011.4119238853454589843750 HTTP/1.1" 200 474 "-" "WordPress/6.9; https://view.lotushomemade.com"
114.119.148.197 - - [14/Jan/2026:09:50:09 +0700] "GET /shop/page/18?max_price=1050&per_row=2&per_page=18&shop_view=grid HTTP/1.1" 301 664 "https://view.lotushomemade.com/shop/page/15/?max_price=1050&per_row=2&per_page=18&shop_view=grid" "Mozilla/5.0 (Linux; Android 7.0;) AppleWebKit/537.36 (KHTML, like Gecko) Mobile Safari/537.36 (compatible; PetalBot;+https://webmaster.petalsearch.com/site/petalbot)"
114.119.148.197 - - [14/Jan/2026:09:50:11 +0700] "GET /shop/page/18/?max_price=1050&per_row=2&per_page=18&shop_view=grid HTTP/1.1" 200 41474 "https://view.lotushomemade.com/shop/page/15/?max_price=1050&per_row=2&per_page=18&shop_view=grid" "Mozilla/5.0 (Linux; Android 7.0;) AppleWebKit/537.36 (KHTML, like Gecko) Mobile Safari/537.36 (compatible; PetalBot;+https://webmaster.petalsearch.com/site/petalbot)"
103.131.51.123 - - [14/Jan/2026:09:51:35 +0700] "POST /wp-cron.php?doing_wp_cron=1768359095.9094231128692626953125 HTTP/1.1" 200 474 "-" "WordPress/6.9; https://view.lotushomemade.com"
114.119.150.215 - - [14/Jan/2026:09:51:32 +0700] "GET /shop/page/18/?stock_status=onsale&per_row=4&per_page=12&shop_view=grid HTTP/1.1" 200 40375 "https://view.lotushomemade.com/shop/page/21/?stock_status=onsale&per_row=4&per_page=12&shop_view=grid" "Mozilla/5.0 (Linux; Android 7.0;) AppleWebKit/537.36 (KHTML, like Gecko) Mobile Safari/537.36 (compatible; PetalBot;+https://webmaster.petalsearch.com/site/petalbot)"
103.131.51.123 - - [14/Jan/2026:09:53:00 +0700] "POST /wp-cron.php?doing_wp_cron=1768359180.2630679607391357421875 HTTP/1.1" 200 474 "-" "WordPress/6.9; https://view.lotushomemade.com"
114.119.149.78 - - [14/Jan/2026:09:52:56 +0700] "GET /shop/page/18/?stock_status=instock&per_row=4&per_page=8&shop_view=grid HTTP/1.1" 200 39649 "https://view.lotushomemade.com/shop/page/19/?stock_status=instock&per_row=4&per_page=8&shop_view=grid" "Mozilla/5.0 (Linux; Android 7.0;) AppleWebKit/537.36 (KHTML, like Gecko) Mobile Safari/537.36 (compatible; PetalBot;+https://webmaster.petalsearch.com/site/petalbot)"
103.131.51.123 - - [14/Jan/2026:09:54:23 +0700] "POST /wp-cron.php?doing_wp_cron=1768359263.4106938838958740234375 HTTP/1.1" 200 474 "-" "WordPress/6.9; https://view.lotushomemade.com"
114.119.148.197 - - [14/Jan/2026:09:54:19 +0700] "GET /shop/page/18/?stock_status=instock&per_row=4&per_page=18&shop_view=grid HTTP/1.1" 200 41220 "https://view.lotushomemade.com/shop/page/18?stock_status=instock&per_row=4&per_page=18&shop_view=grid" "Mozilla/5.0 (Linux; Android 7.0;) AppleWebKit/537.36 (KHTML, like Gecko) Mobile Safari/537.36 (compatible; PetalBot;+https://webmaster.petalsearch.com/site/petalbot)"
103.131.51.123 - - [14/Jan/2026:09:55:47 +0700] "POST /wp-cron.php?doing_wp_cron=1768359347.5284891128540039062500 HTTP/1.1" 200 474 "-" "WordPress/6.9; https://view.lotushomemade.com"
114.119.151.206 - - [14/Jan/2026:09:55:43 +0700] "GET /shop/page/18/?stock_status=instock&per_page=18&shop_view=grid&per_row=4 HTTP/1.1" 200 41243 "https://view.lotushomemade.com/shop/page/19/?stock_status=instock&per_page=18&shop_view=grid&per_row=4" "Mozilla/5.0 (Linux; Android 7.0;) AppleWebKit/537.36 (KHTML, like Gecko) Mobile Safari/537.36 (compatible; PetalBot;+https://webmaster.petalsearch.com/site/petalbot)"
104.168.98.195 - - [14/Jan/2026:09:56:11 +0700] "GET / HTTP/2" 200 504292 "http://view.lotushomemade.com/" "Mozilla/5.0 (Macintosh; Intel Mac OS X 15_7_3) AppleWebKit/605.1.15 (KHTML, like Gecko) Version/26.0 Safari/605.1.15"
57.141.16.53 - - [14/Jan/2026:09:56:20 +0700] "GET /product-category/new-item/page/1/?per_page=24&stock_status=onsale HTTP/2" 301 0 "-" "meta-externalagent/1.1 (+https://developers.facebook.com/docs/sharing/webmasters/crawler)"
103.131.51.123 - - [14/Jan/2026:09:57:13 +0700] "POST /wp-cron.php?doing_wp_cron=1768359433.3826560974121093750000 HTTP/1.1" 200 474 "-" "WordPress/6.9; https://view.lotushomemade.com"
114.119.142.208 - - [14/Jan/2026:09:57:11 +0700] "GET /shop/page/18/?per_row=4&per_page=12&shop_view=grid HTTP/1.1" 200 40312 "https://view.lotushomemade.com/shop/page/20/?per_row=4&per_page=12&shop_view=grid" "Mozilla/5.0 (Linux; Android 7.0;) AppleWebKit/537.36 (KHTML, like Gecko) Mobile Safari/537.36 (compatible; PetalBot;+https://webmaster.petalsearch.com/site/petalbot)"
103.131.51.123 - - [14/Jan/2026:09:58:34 +0700] "POST /wp-cron.php?doing_wp_cron=1768359514.7113239765167236328125 HTTP/1.1" 200 474 "-" "WordPress/6.9; https://view.lotushomemade.com"
114.119.130.97 - - [14/Jan/2026:09:58:31 +0700] "GET /shop/page/18/?per_row=2&per_page=18&shop_view=grid HTTP/1.1" 200 41267 "https://view.lotushomemade.com/shop/page/21/?per_row=2&per_page=18&shop_view=grid" "Mozilla/5.0 (Linux; Android 7.0;) AppleWebKit/537.36 (KHTML, like Gecko) Mobile Safari/537.36 (compatible; PetalBot;+https://webmaster.petalsearch.com/site/petalbot)"
103.131.51.123 - - [14/Jan/2026:10:02:34 +0700] "POST /wp-cron.php?doing_wp_cron=1768359754.5907120704650878906250 HTTP/1.1" 200 474 "-" "WordPress/6.9; https://view.lotushomemade.com"
114.119.151.206 - - [14/Jan/2026:10:02:30 +0700] "GET /shop/page/41/?orderby=price&per_row=2&shop_view=grid&per_page=8 HTTP/1.1" 200 39330 "https://view.lotushomemade.com/shop/page/43/?orderby=price&per_row=2&shop_view=grid&per_page=8" "Mozilla/5.0 (Linux; Android 7.0;) AppleWebKit/537.36 (KHTML, like Gecko) Mobile Safari/537.36 (compatible; PetalBot;+https://webmaster.petalsearch.com/site/petalbot)"
103.131.51.123 - - [14/Jan/2026:10:03:54 +0700] "POST /wp-cron.php?doing_wp_cron=1768359834.3919420242309570312500 HTTP/1.1" 200 474 "-" "WordPress/6.9; https://view.lotushomemade.com"
114.119.148.197 - - [14/Jan/2026:10:03:50 +0700] "GET /shop/page/18/?per_page=18&shop_view=grid&per_row=2 HTTP/1.1" 200 41241 "https://view.lotushomemade.com/shop/page/17?per_page=18&shop_view=grid&per_row=2" "Mozilla/5.0 (Linux; Android 7.0;) AppleWebKit/537.36 (KHTML, like Gecko) Mobile Safari/537.36 (compatible; PetalBot;+https://webmaster.petalsearch.com/site/petalbot)"
114.119.156.27 - - [14/Jan/2026:10:04:07 +0700] "GET /shop/page/18/?orderby=rating&stock_status=instock&per_page=12 HTTP/1.1" 200 39783 "https://view.lotushomemade.com/shop/page/21?orderby=rating&stock_status=instock&per_page=12" "Mozilla/5.0 (Linux; Android 7.0;) AppleWebKit/537.36 (KHTML, like Gecko) Mobile Safari/537.36 (compatible; PetalBot;+https://webmaster.petalsearch.com/site/petalbot)"
114.119.151.206 - - [14/Jan/2026:10:04:27 +0700] "GET /shop/page/18/?orderby=rating&stock_status=instock HTTP/1.1" 200 39668 "https://view.lotushomemade.com/shop/page/17?orderby=rating&stock_status=instock" "Mozilla/5.0 (Linux; Android 7.0;) AppleWebKit/537.36 (KHTML, like Gecko) Mobile Safari/537.36 (compatible; PetalBot;+https://webmaster.petalsearch.com/site/petalbot)"
103.131.51.123 - - [14/Jan/2026:10:06:04 +0700] "POST /wp-cron.php?doing_wp_cron=1768359964.0669279098510742187500 HTTP/1.1" 200 474 "-" "WordPress/6.9; https://view.lotushomemade.com"
114.119.148.197 - - [14/Jan/2026:10:06:00 +0700] "GET /shop/page/18/?orderby=rating&per_row=2&shop_view=grid&per_page=8 HTTP/1.1" 200 39252 "https://view.lotushomemade.com/shop/page/18?orderby=rating&per_row=2&shop_view=grid&per_page=8" "Mozilla/5.0 (Linux; Android 7.0;) AppleWebKit/537.36 (KHTML, like Gecko) Mobile Safari/537.36 (compatible; PetalBot;+https://webmaster.petalsearch.com/site/petalbot)"
57.141.16.84 - - [14/Jan/2026:10:06:10 +0700] "GET /product-category/traditional-cookies-series/page/13/?add-to-cart=16761 HTTP/2" 200 240029 "-" "meta-externalagent/1.1 (+https://developers.facebook.com/docs/sharing/webmasters/crawler)"
103.131.51.123 - - [14/Jan/2026:10:06:53 +0700] "POST /wp-cron.php?doing_wp_cron=1768360013.3421890735626220703125 HTTP/1.1" 200 474 "-" "WordPress/6.9; https://view.lotushomemade.com"
114.119.148.197 - - [14/Jan/2026:10:06:51 +0700] "GET /shop/page/18/?orderby=price-desc&per_row=4&per_page=12&shop_view=grid HTTP/1.1" 200 40147 "https://view.lotushomemade.com/shop/page/21/?orderby=price-desc&per_row=4&per_page=12&shop_view=grid" "Mozilla/5.0 (Linux; Android 7.0;) AppleWebKit/537.36 (KHTML, like Gecko) Mobile Safari/537.36 (compatible; PetalBot;+https://webmaster.petalsearch.com/site/petalbot)"
103.131.51.123 - - [14/Jan/2026:10:08:20 +0700] "POST /wp-cron.php?doing_wp_cron=1768360100.9578979015350341796875 HTTP/1.1" 200 474 "-" "WordPress/6.9; https://view.lotushomemade.com"
114.119.142.208 - - [14/Jan/2026:10:08:17 +0700] "GET /shop/page/18/?orderby=price-desc&per_page=12&stock_status=instock HTTP/1.1" 200 40056 "https://view.lotushomemade.com/shop/page/18?orderby=price-desc&per_page=12&stock_status=instock" "Mozilla/5.0 (Linux; Android 7.0;) AppleWebKit/537.36 (KHTML, like Gecko) Mobile Safari/537.36 (compatible; PetalBot;+https://webmaster.petalsearch.com/site/petalbot)"
103.131.51.123 - - [14/Jan/2026:10:09:43 +0700] "POST /wp-cron.php?doing_wp_cron=1768360183.7315540313720703125000 HTTP/1.1" 200 474 "-" "WordPress/6.9; https://view.lotushomemade.com"
114.119.150.215 - - [14/Jan/2026:10:09:39 +0700] "GET /shop/page/18/?orderby=price&stock_status=instock&shop_view=grid&per_row=6 HTTP/1.1" 200 40411 "https://view.lotushomemade.com/shop/page/21/?orderby=price&stock_status=instock&shop_view=grid&per_row=6" "Mozilla/5.0 (Linux; Android 7.0;) AppleWebKit/537.36 (KHTML, like Gecko) Mobile Safari/537.36 (compatible; PetalBot;+https://webmaster.petalsearch.com/site/petalbot)"
103.131.51.123 - - [14/Jan/2026:10:11:06 +0700] "POST /wp-cron.php?doing_wp_cron=1768360266.2484650611877441406250 HTTP/1.1" 200 474 "-" "WordPress/6.9; https://view.lotushomemade.com"
114.119.156.27 - - [14/Jan/2026:10:11:02 +0700] "GET /shop/page/18/?orderby=price&per_row=2&shop_view=grid&stock_status=onsale HTTP/1.1" 200 40383 "https://view.lotushomemade.com/shop/page/18/?orderby=price&per_row=2&shop_view=grid&stock_status=onsale" "Mozilla/5.0 (Linux; Android 7.0;) AppleWebKit/537.36 (KHTML, like Gecko) Mobile Safari/537.36 (compatible; PetalBot;+https://webmaster.petalsearch.com/site/petalbot)"
103.131.51.123 - - [14/Jan/2026:10:12:30 +0700] "POST /wp-cron.php?doing_wp_cron=1768360350.6480441093444824218750 HTTP/1.1" 200 474 "-" "WordPress/6.9; https://view.lotushomemade.com"
114.119.156.27 - - [14/Jan/2026:10:12:27 +0700] "GET /shop/page/18/?orderby=price&per_row=2&shop_view=grid&per_page=12 HTTP/1.1" 200 40430 "https://view.lotushomemade.com/shop/page/21/?orderby=price&per_row=2&shop_view=grid&per_page=12" "Mozilla/5.0 (Linux; Android 7.0;) AppleWebKit/537.36 (KHTML, like Gecko) Mobile Safari/537.36 (compatible; PetalBot;+https://webmaster.petalsearch.com/site/petalbot)"
103.131.51.123 - - [14/Jan/2026:10:13:54 +0700] "POST /wp-cron.php?doing_wp_cron=1768360433.6861069202423095703125 HTTP/1.1" 200 474 "-" "WordPress/6.9; https://view.lotushomemade.com"
114.119.151.206 - - [14/Jan/2026:10:13:49 +0700] "GET /shop/page/18/?orderby=price&per_row=2&shop_view=grid HTTP/1.1" 200 40340 "https://view.lotushomemade.com/shop/page/20/?orderby=price&per_row=2&shop_view=grid" "Mozilla/5.0 (Linux; Android 7.0;) AppleWebKit/537.36 (KHTML, like Gecko) Mobile Safari/537.36 (compatible; PetalBot;+https://webmaster.petalsearch.com/site/petalbot)"
103.131.51.123 - - [14/Jan/2026:10:14:42 +0700] "POST /wp-cron.php?doing_wp_cron=1768360482.7193179130554199218750 HTTP/1.1" 200 474 "-" "WordPress/6.9; https://view.lotushomemade.com"
57.141.16.19 - - [14/Jan/2026:10:14:41 +0700] "GET /shop/page/9/?stock_status=onsale HTTP/2" 200 240644 "-" "meta-externalagent/1.1 (+https://developers.facebook.com/docs/sharing/webmasters/crawler)"
114.119.130.97 - - [14/Jan/2026:10:15:15 +0700] "GET /shop/page/18/?orderby=price&per_page=8&stock_status=instock HTTP/1.1" 200 39220 "https://view.lotushomemade.com/shop/page/18/?orderby=price&per_page=8&stock_status=instock" "Mozilla/5.0 (Linux; Android 7.0;) AppleWebKit/537.36 (KHTML, like Gecko) Mobile Safari/537.36 (compatible; PetalBot;+https://webmaster.petalsearch.com/site/petalbot)"
103.131.51.123 - - [14/Jan/2026:10:16:45 +0700] "POST /wp-cron.php?doing_wp_cron=1768360605.6677439212799072265625 HTTP/1.1" 200 474 "-" "WordPress/6.9; https://view.lotushomemade.com"
114.119.148.197 - - [14/Jan/2026:10:16:42 +0700] "GET /shop/page/18/?orderby=popularity&stock_status=instock&shop_view=grid&per_row=2 HTTP/1.1" 200 39592 "https://view.lotushomemade.com/shop/page/19/?orderby=popularity&stock_status=instock&shop_view=grid&per_row=2" "Mozilla/5.0 (Linux; Android 7.0;) AppleWebKit/537.36 (KHTML, like Gecko) Mobile Safari/537.36 (compatible; PetalBot;+https://webmaster.petalsearch.com/site/petalbot)"
106.219.173.145 - - [14/Jan/2026:10:16:53 +0700] "GET /product-category/crispy-snack-series/page/8/?stock_status=onsale HTTP/1.1" 200 32694 "-" "Mozilla/5.0 (compatible; MSIE 6.0; Windows NT 6.0; Trident/4.1)"
57.141.16.32 - - [14/Jan/2026:10:17:15 +0700] "GET /product-category/traditional-cookies-series/page/11/?per_row=6&per_page=8&shop_view=grid HTTP/2" 200 231195 "-" "meta-externalagent/1.1 (+https://developers.facebook.com/docs/sharing/webmasters/crawler)"
103.131.51.123 - - [14/Jan/2026:10:17:43 +0700] "POST /wp-cron.php?doing_wp_cron=1768360663.3851950168609619140625 HTTP/1.1" 200 474 "-" "WordPress/6.9; https://view.lotushomemade.com"
57.141.16.39 - - [14/Jan/2026:10:17:41 +0700] "GET /shop/page/9/?stock_status=instock&per_page=12 HTTP/2" 200 241104 "-" "meta-externalagent/1.1 (+https://developers.facebook.com/docs/sharing/webmasters/crawler)"
114.119.145.110 - - [14/Jan/2026:10:18:01 +0700] "GET /shop/page/18/?orderby=popularity&per_page=8&stock_status=onsale HTTP/1.1" 200 39180 "https://view.lotushomemade.com/shop/page/21/?orderby=popularity&per_page=8&stock_status=onsale" "Mozilla/5.0 (Linux; Android 7.0;) AppleWebKit/537.36 (KHTML, like Gecko) Mobile Safari/537.36 (compatible; PetalBot;+https://webmaster.petalsearch.com/site/petalbot)"
103.131.51.123 - - [14/Jan/2026:10:19:16 +0700] "POST /wp-cron.php?doing_wp_cron=1768360756.0654919147491455078125 HTTP/1.1" 200 474 "-" "WordPress/6.9; https://view.lotushomemade.com"
57.141.16.5 - - [14/Jan/2026:10:19:14 +0700] "GET /shop/page/11/?add-to-cart=8334 HTTP/2" 200 239669 "-" "meta-externalagent/1.1 (+https://developers.facebook.com/docs/sharing/webmasters/crawler)"
114.119.149.78 - - [14/Jan/2026:10:19:25 +0700] "GET /shop/page/18/?orderby=date&stock_status=instock&shop_view=grid&per_row=4 HTTP/1.1" 200 39960 "https://view.lotushomemade.com/shop/page/21/?orderby=date&stock_status=instock&shop_view=grid&per_row=4" "Mozilla/5.0 (Linux; Android 7.0;) AppleWebKit/537.36 (KHTML, like Gecko) Mobile Safari/537.36 (compatible; PetalBot;+https://webmaster.petalsearch.com/site/petalbot)"
103.131.51.123 - - [14/Jan/2026:10:20:56 +0700] "POST /wp-cron.php?doing_wp_cron=1768360856.5173931121826171875000 HTTP/1.1" 200 474 "-" "WordPress/6.9; https://view.lotushomemade.com"
114.119.130.97 - - [14/Jan/2026:10:20:52 +0700] "GET /shop/page/18/?orderby=date&stock_status=instock HTTP/1.1" 200 39785 "https://view.lotushomemade.com/shop/page/21/?orderby=date&stock_status=instock" "Mozilla/5.0 (Linux; Android 7.0;) AppleWebKit/537.36 (KHTML, like Gecko) Mobile Safari/537.36 (compatible; PetalBot;+https://webmaster.petalsearch.com/site/petalbot)"
103.131.51.123 - - [14/Jan/2026:10:21:38 +0700] "POST /wp-cron.php?doing_wp_cron=1768360898.9717330932617187500000 HTTP/1.1" 200 474 "-" "WordPress/6.9; https://view.lotushomemade.com"
57.141.16.54 - - [14/Jan/2026:10:21:37 +0700] "GET /shop/page/10/?per_page=8&stock_status=onsale HTTP/2" 200 227752 "-" "meta-externalagent/1.1 (+https://developers.facebook.com/docs/sharing/webmasters/crawler)"
114.119.145.110 - - [14/Jan/2026:10:22:17 +0700] "GET /shop/page/7/?orderby=rating&per_row=2&shop_view=grid&per_page=24 HTTP/1.1" 200 42121 "https://view.lotushomemade.com/shop/page/7?orderby=rating&per_row=2&shop_view=grid&per_page=24" "Mozilla/5.0 (Linux; Android 7.0;) AppleWebKit/537.36 (KHTML, like Gecko) Mobile Safari/537.36 (compatible; PetalBot;+https://webmaster.petalsearch.com/site/petalbot)"
103.131.51.123 - - [14/Jan/2026:10:23:39 +0700] "POST /wp-cron.php?doing_wp_cron=1768361019.3969559669494628906250 HTTP/1.1" 200 474 "-" "WordPress/6.9; https://view.lotushomemade.com"
114.119.149.78 - - [14/Jan/2026:10:23:35 +0700] "GET /shop/page/44/?min_price=0&per_page=8&shop_view=grid&per_row=6 HTTP/1.1" 200 39583 "https://view.lotushomemade.com/shop/page/46?min_price=0&per_page=8&shop_view=grid&per_row=6" "Mozilla/5.0 (Linux; Android 7.0;) AppleWebKit/537.36 (KHTML, like Gecko) Mobile Safari/537.36 (compatible; PetalBot;+https://webmaster.petalsearch.com/site/petalbot)"
103.131.51.123 - - [14/Jan/2026:10:25:07 +0700] "POST /wp-cron.php?doing_wp_cron=1768361107.6982409954071044921875 HTTP/1.1" 200 474 "-" "WordPress/6.9; https://view.lotushomemade.com"
114.119.142.208 - - [14/Jan/2026:10:25:04 +0700] "GET /shop/page/18/?orderby=date&per_row=6&shop_view=grid&per_page=18 HTTP/1.1" 200 40282 "https://view.lotushomemade.com/shop/page/18?orderby=date&per_row=6&shop_view=grid&per_page=18" "Mozilla/5.0 (Linux; Android 7.0;) AppleWebKit/537.36 (KHTML, like Gecko) Mobile Safari/537.36 (compatible; PetalBot;+https://webmaster.petalsearch.com/site/petalbot)"
103.131.51.123 - - [14/Jan/2026:10:25:33 +0700] "POST /wp-cron.php?doing_wp_cron=1768361133.4682600498199462890625 HTTP/1.1" 200 474 "-" "WordPress/6.9; https://view.lotushomemade.com"
57.141.16.91 - - [14/Jan/2026:10:25:31 +0700] "GET /product-category/traditional-cookies-series/page/16/?stock_status=instock%2Consale&per_row=2&per_page=8&shop_view=grid HTTP/2" 200 230240 "-" "meta-externalagent/1.1 (+https://developers.facebook.com/docs/sharing/webmasters/crawler)"
114.119.151.206 - - [14/Jan/2026:10:26:28 +0700] "GET /shop/page/18/?orderby=date&per_page=12&shop_view=grid&per_row=4 HTTP/1.1" 200 39984 "https://view.lotushomemade.com/shop/page/21?orderby=date&per_page=12&shop_view=grid&per_row=4" "Mozilla/5.0 (Linux; Android 7.0;) AppleWebKit/537.36 (KHTML, like Gecko) Mobile Safari/537.36 (compatible; PetalBot;+https://webmaster.petalsearch.com/site/petalbot)"
103.131.51.123 - - [14/Jan/2026:10:27:55 +0700] "POST /wp-cron.php?doing_wp_cron=1768361275.3907990455627441406250 HTTP/1.1" 200 474 "-" "WordPress/6.9; https://view.lotushomemade.com"
114.119.151.206 - - [14/Jan/2026:10:27:51 +0700] "GET /shop/page/18/?min_price=0&per_page=18&shop_view=grid&per_row=2 HTTP/1.1" 200 41289 "https://view.lotushomemade.com/shop/page/21/?min_price=0&per_page=18&shop_view=grid&per_row=2" "Mozilla/5.0 (Linux; Android 7.0;) AppleWebKit/537.36 (KHTML, like Gecko) Mobile Safari/537.36 (compatible; PetalBot;+https://webmaster.petalsearch.com/site/petalbot)"
103.131.51.123 - - [14/Jan/2026:10:29:16 +0700] "POST /wp-cron.php?doing_wp_cron=1768361356.0658659934997558593750 HTTP/1.1" 200 474 "-" "WordPress/6.9; https://view.lotushomemade.com"
114.119.145.110 - - [14/Jan/2026:10:29:12 +0700] "GET /shop/page/18/?min_price=0&per_page=12&stock_status=onsale HTTP/1.1" 200 40285 "https://view.lotushomemade.com/shop/page/20/?min_price=0&per_page=12&stock_status=onsale" "Mozilla/5.0 (Linux; Android 7.0;) AppleWebKit/537.36 (KHTML, like Gecko) Mobile Safari/537.36 (compatible; PetalBot;+https://webmaster.petalsearch.com/site/petalbot)"
43.173.181.164 - - [14/Jan/2026:10:29:25 +0700] "GET / HTTP/1.1" 200 862114 "-" "Mozilla/5.0 (Windows NT 10.0; Win64; x64) AppleWebKit/537.36 (KHTML, like Gecko) Chrome/103.0.0.0 Safari/537.36"
103.131.51.123 - - [14/Jan/2026:10:29:45 +0700] "POST /wp-cron.php?doing_wp_cron=1768361385.1795840263366699218750 HTTP/1.1" 200 474 "-" "WordPress/6.9; https://view.lotushomemade.com"
43.173.182.32 - - [14/Jan/2026:10:29:39 +0700] "GET / HTTP/1.1" 200 862069 "-" "Mozilla/5.0 (Windows NT 10.0; Win64; x64) AppleWebKit/537.36 (KHTML, like Gecko) Chrome/131.0.0.0 Safari/537.36"
103.131.51.123 - - [14/Jan/2026:10:30:40 +0700] "POST /wp-cron.php?doing_wp_cron=1768361440.8680300712585449218750 HTTP/1.1" 200 474 "-" "WordPress/6.9; https://view.lotushomemade.com"
114.119.149.78 - - [14/Jan/2026:10:30:39 +0700] "GET /shop/page/18/?min_price=0&max_price=260&per_page=8&stock_status=instock HTTP/1.1" 200 39577 "https://view.lotushomemade.com/shop/page/20/?min_price=0&max_price=260&per_page=8&stock_status=instock" "Mozilla/5.0 (Linux; Android 7.0;) AppleWebKit/537.36 (KHTML, like Gecko) Mobile Safari/537.36 (compatible; PetalBot;+https://webmaster.petalsearch.com/site/petalbot)"
103.131.51.123 - - [14/Jan/2026:10:32:01 +0700] "POST /wp-cron.php?doing_wp_cron=1768361521.0864338874816894531250 HTTP/1.1" 200 474 "-" "WordPress/6.9; https://view.lotushomemade.com"
114.119.156.27 - - [14/Jan/2026:10:31:57 +0700] "GET /shop/page/18/?max_price=780&stock_status=instock&per_page=18 HTTP/1.1" 200 41153 "https://view.lotushomemade.com/shop/page/17/?max_price=780&stock_status=instock&per_page=18" "Mozilla/5.0 (Linux; Android 7.0;) AppleWebKit/537.36 (KHTML, like Gecko) Mobile Safari/537.36 (compatible; PetalBot;+https://webmaster.petalsearch.com/site/petalbot)"
103.131.51.123 - - [14/Jan/2026:10:33:26 +0700] "POST /wp-cron.php?doing_wp_cron=1768361606.9155941009521484375000 HTTP/1.1" 200 474 "-" "WordPress/6.9; https://view.lotushomemade.com"
114.119.149.78 - - [14/Jan/2026:10:33:23 +0700] "GET /shop/page/18/?max_price=780&per_row=6&per_page=12&shop_view=grid HTTP/1.1" 200 40554 "https://view.lotushomemade.com/shop/page/20/?max_price=780&per_row=6&per_page=12&shop_view=grid" "Mozilla/5.0 (Linux; Android 7.0;) AppleWebKit/537.36 (KHTML, like Gecko) Mobile Safari/537.36 (compatible; PetalBot;+https://webmaster.petalsearch.com/site/petalbot)"
103.131.51.123 - - [14/Jan/2026:10:34:51 +0700] "POST /wp-cron.php?doing_wp_cron=1768361691.3183000087738037109375 HTTP/1.1" 200 474 "-" "WordPress/6.9; https://view.lotushomemade.com"
114.119.150.215 - - [14/Jan/2026:10:34:47 +0700] "GET /shop/page/18/?max_price=780&per_row=4&shop_view=grid&per_page=18 HTTP/1.1" 200 41332 "https://view.lotushomemade.com/shop/page/19/?max_price=780&per_row=4&shop_view=grid&per_page=18" "Mozilla/5.0 (Linux; Android 7.0;) AppleWebKit/537.36 (KHTML, like Gecko) Mobile Safari/537.36 (compatible; PetalBot;+https://webmaster.petalsearch.com/site/petalbot)"
57.141.16.31 - - [14/Jan/2026:10:35:14 +0700] "GET /shop/page/11/?add-to-cart=8421 HTTP/2" 200 239670 "-" "meta-externalagent/1.1 (+https://developers.facebook.com/docs/sharing/webmasters/crawler)"
103.131.51.123 - - [14/Jan/2026:10:36:10 +0700] "POST /wp-cron.php?doing_wp_cron=1768361770.3385090827941894531250 HTTP/1.1" 200 474 "-" "WordPress/6.9; https://view.lotushomemade.com"
114.119.151.206 - - [14/Jan/2026:10:36:08 +0700] "GET /shop/page/18/?max_price=780&per_page=8&shop_view=grid&per_row=4 HTTP/1.1" 200 39834 "https://view.lotushomemade.com/shop/page/21/?max_price=780&per_page=8&shop_view=grid&per_row=4" "Mozilla/5.0 (Linux; Android 7.0;) AppleWebKit/537.36 (KHTML, like Gecko) Mobile Safari/537.36 (compatible; PetalBot;+https://webmaster.petalsearch.com/site/petalbot)"
103.131.51.123 - - [14/Jan/2026:10:37:39 +0700] "POST /wp-cron.php?doing_wp_cron=1768361859.2814838886260986328125 HTTP/1.1" 200 474 "-" "WordPress/6.9; https://view.lotushomemade.com"
114.119.130.97 - - [14/Jan/2026:10:37:35 +0700] "GET /shop/page/18/?max_price=520&stock_status=instock&per_page=12 HTTP/1.1" 200 40476 "https://view.lotushomemade.com/shop/page/20?max_price=520&stock_status=instock&per_page=12" "Mozilla/5.0 (Linux; Android 7.0;) AppleWebKit/537.36 (KHTML, like Gecko) Mobile Safari/537.36 (compatible; PetalBot;+https://webmaster.petalsearch.com/site/petalbot)"
103.131.51.123 - - [14/Jan/2026:10:38:59 +0700] "POST /wp-cron.php?doing_wp_cron=1768361939.5523610115051269531250 HTTP/1.1" 200 474 "-" "WordPress/6.9; https://view.lotushomemade.com"
114.119.150.215 - - [14/Jan/2026:10:38:55 +0700] "GET /shop/page/18/?max_price=1050&stock_status=onsale&shop_view=grid&per_row=4 HTTP/1.1" 200 40535 "https://view.lotushomemade.com/shop/page/18?max_price=1050&stock_status=onsale&shop_view=grid&per_row=4" "Mozilla/5.0 (Linux; Android 7.0;) AppleWebKit/537.36 (KHTML, like Gecko) Mobile Safari/537.36 (compatible; PetalBot;+https://webmaster.petalsearch.com/site/petalbot)"
103.131.51.123 - - [14/Jan/2026:10:40:23 +0700] "POST /wp-cron.php?doing_wp_cron=1768362023.2472240924835205078125 HTTP/1.1" 200 474 "-" "WordPress/6.9; https://view.lotushomemade.com"
114.119.142.208 - - [14/Jan/2026:10:40:19 +0700] "GET /shop/page/48/?orderby=rating&per_row=2&shop_view=grid&per_page=8 HTTP/1.1" 200 39403 "https://view.lotushomemade.com/shop/page/40?orderby=rating&per_row=2&shop_view=grid&per_page=8" "Mozilla/5.0 (Linux; Android 7.0;) AppleWebKit/537.36 (KHTML, like Gecko) Mobile Safari/537.36 (compatible; PetalBot;+https://webmaster.petalsearch.com/site/petalbot)"
103.131.51.123 - - [14/Jan/2026:10:40:39 +0700] "POST /wp-cron.php?doing_wp_cron=1768362038.9923710823059082031250 HTTP/1.1" 200 474 "-" "WordPress/6.9; https://view.lotushomemade.com"
52.167.144.179 - - [14/Jan/2026:10:40:37 +0700] "GET /product/peanut-cookies-l/ HTTP/2" 200 39975 "-" "Mozilla/5.0 AppleWebKit/537.36 (KHTML, like Gecko; compatible; bingbot/2.0; +http://www.bing.com/bingbot.htm) Chrome/116.0.1938.76 Safari/537.36"
52.167.144.169 - - [14/Jan/2026:10:41:12 +0700] "GET /wp-content/plugins/woocommerce/assets/js/frontend/cart-fragments.min.js?ver=8.2.1 HTTP/2" 200 943 "-" "Mozilla/5.0 AppleWebKit/537.36 (KHTML, like Gecko; compatible; bingbot/2.0; +http://www.bing.com/bingbot.htm) Chrome/116.0.1938.76 Safari/537.36"
52.167.144.179 - - [14/Jan/2026:10:41:16 +0700] "GET /wp-content/themes/woodmart/css/parts/mod-more-description.min.css?ver=7.2.5 HTTP/2" 200 398 "-" "Mozilla/5.0 AppleWebKit/537.36 (KHTML, like Gecko; compatible; bingbot/2.0; +http://www.bing.com/bingbot.htm) Chrome/116.0.1938.76 Safari/537.36"
52.167.144.179 - - [14/Jan/2026:10:41:16 +0700] "GET /wp-content/themes/woodmart/css/parts/woo-prod-loop-fw-button.min.css?ver=7.2.5 HTTP/2" 200 1465 "-" "Mozilla/5.0 AppleWebKit/537.36 (KHTML, like Gecko; compatible; bingbot/2.0; +http://www.bing.com/bingbot.htm) Chrome/116.0.1938.76 Safari/537.36"
52.167.144.179 - - [14/Jan/2026:10:41:17 +0700] "GET /wp-content/themes/woodmart/js/scripts/menu/menuOffsets.min.js?ver=7.2.5 HTTP/2" 200 876 "-" "Mozilla/5.0 AppleWebKit/537.36 (KHTML, like Gecko; compatible; bingbot/2.0; +http://www.bing.com/bingbot.htm) Chrome/116.0.1938.76 Safari/537.36"
103.131.51.123 - - [14/Jan/2026:10:41:43 +0700] "POST /wp-cron.php?doing_wp_cron=1768362103.7177379131317138671875 HTTP/1.1" 200 474 "-" "WordPress/6.9; https://view.lotushomemade.com"
114.119.149.78 - - [14/Jan/2026:10:41:42 +0700] "GET /shop/page/28/?stock_status=instock&per_row=4&per_page=12&shop_view=grid HTTP/1.1" 200 40183 "https://view.lotushomemade.com/shop/page/27/?stock_status=instock&per_row=4&per_page=12&shop_view=grid" "Mozilla/5.0 (Linux; Android 7.0;) AppleWebKit/537.36 (KHTML, like Gecko) Mobile Safari/537.36 (compatible; PetalBot;+https://webmaster.petalsearch.com/site/petalbot)"
103.131.51.123 - - [14/Jan/2026:10:43:11 +0700] "POST /wp-cron.php?doing_wp_cron=1768362190.9784080982208251953125 HTTP/1.1" 200 474 "-" "WordPress/6.9; https://view.lotushomemade.com"
114.119.150.215 - - [14/Jan/2026:10:43:06 +0700] "GET /shop/page/18/?max_price=1050&stock_status=onsale&per_page=12 HTTP/1.1" 200 40472 "https://view.lotushomemade.com/shop/page/21/?max_price=1050&stock_status=onsale&per_page=12" "Mozilla/5.0 (Linux; Android 7.0;) AppleWebKit/537.36 (KHTML, like Gecko) Mobile Safari/537.36 (compatible; PetalBot;+https://webmaster.petalsearch.com/site/petalbot)"
103.131.51.123 - - [14/Jan/2026:10:44:15 +0700] "POST /wp-cron.php?doing_wp_cron=1768362255.1564700603485107421875 HTTP/1.1" 200 474 "-" "WordPress/6.9; https://view.lotushomemade.com"
57.141.16.70 - - [14/Jan/2026:10:44:13 +0700] "GET /product-category/traditional-cookies-series/100-vegan-traditional-cookies-series/?stock_status=onsale&per_page=18 HTTP/2" 200 247435 "-" "meta-externalagent/1.1 (+https://developers.facebook.com/docs/sharing/webmasters/crawler)"
114.119.156.27 - - [14/Jan/2026:10:44:30 +0700] "GET /shop/page/18/?max_price=1050&stock_status=instock&shop_view=grid&per_row=6 HTTP/1.1" 200 40526 "https://view.lotushomemade.com/shop/page/19/?max_price=1050&stock_status=instock&shop_view=grid&per_row=6" "Mozilla/5.0 (Linux; Android 7.0;) AppleWebKit/537.36 (KHTML, like Gecko) Mobile Safari/537.36 (compatible; PetalBot;+https://webmaster.petalsearch.com/site/petalbot)"
57.141.16.57 - - [14/Jan/2026:10:45:46 +0700] "GET /product-category/traditional-cookies-series/page/13/?add-to-cart=17194 HTTP/2" 200 240023 "-" "meta-externalagent/1.1 (+https://developers.facebook.com/docs/sharing/webmasters/crawler)"
114.119.130.97 - - [14/Jan/2026:10:45:54 +0700] "GET /shop/page/18/?max_price=1050&per_row=4&per_page=12&shop_view=grid HTTP/1.1" 200 40538 "https://view.lotushomemade.com/shop/page/19/?max_price=1050&per_row=4&per_page=12&shop_view=grid" "Mozilla/5.0 (Linux; Android 7.0;) AppleWebKit/537.36 (KHTML, like Gecko) Mobile Safari/537.36 (compatible; PetalBot;+https://webmaster.petalsearch.com/site/petalbot)"
103.131.51.123 - - [14/Jan/2026:10:47:20 +0700] "POST /wp-cron.php?doing_wp_cron=1768362440.4697000980377197265625 HTTP/1.1" 200 474 "-" "WordPress/6.9; https://view.lotushomemade.com"
114.119.149.78 - - [14/Jan/2026:10:47:16 +0700] "GET /shop/page/18/?max_price=1050&per_page=8&shop_view=grid&per_row=6 HTTP/1.1" 200 39869 "https://view.lotushomemade.com/shop/page/21/?max_price=1050&per_page=8&shop_view=grid&per_row=6" "Mozilla/5.0 (Linux; Android 7.0;) AppleWebKit/537.36 (KHTML, like Gecko) Mobile Safari/537.36 (compatible; PetalBot;+https://webmaster.petalsearch.com/site/petalbot)"
103.131.51.123 - - [14/Jan/2026:10:48:45 +0700] "POST /wp-cron.php?doing_wp_cron=1768362525.1370429992675781250000 HTTP/1.1" 200 474 "-" "WordPress/6.9; https://view.lotushomemade.com"
114.119.145.110 - - [14/Jan/2026:10:48:41 +0700] "GET /shop/page/18/?max_price=1040&stock_status=instock&per_page=8 HTTP/1.1" 200 39756 "https://view.lotushomemade.com/shop/page/18?max_price=1040&stock_status=instock&per_page=8" "Mozilla/5.0 (Linux; Android 7.0;) AppleWebKit/537.36 (KHTML, like Gecko) Mobile Safari/537.36 (compatible; PetalBot;+https://webmaster.petalsearch.com/site/petalbot)"
52.167.144.191 - - [14/Jan/2026:10:49:13 +0700] "GET /product/fried-lotus-roots-l/ HTTP/2" 200 36054 "-" "Mozilla/5.0 AppleWebKit/537.36 (KHTML, like Gecko; compatible; bingbot/2.0; +http://www.bing.com/bingbot.htm) Chrome/116.0.1938.76 Safari/537.36"
103.131.51.123 - - [14/Jan/2026:10:50:08 +0700] "POST /wp-cron.php?doing_wp_cron=1768362608.7178881168365478515625 HTTP/1.1" 200 474 "-" "WordPress/6.9; https://view.lotushomemade.com"
114.119.149.78 - - [14/Jan/2026:10:50:07 +0700] "GET /shop/page/18/?max_price=1040&per_row=4&shop_view=grid&per_page=18 HTTP/1.1" 200 41328 "https://view.lotushomemade.com/shop/page/20/?max_price=1040&per_row=4&shop_view=grid&per_page=18" "Mozilla/5.0 (Linux; Android 7.0;) AppleWebKit/537.36 (KHTML, like Gecko) Mobile Safari/537.36 (compatible; PetalBot;+https://webmaster.petalsearch.com/site/petalbot)"
103.131.51.123 - - [14/Jan/2026:10:51:30 +0700] "POST /wp-cron.php?doing_wp_cron=1768362690.1136651039123535156250 HTTP/1.1" 200 474 "-" "WordPress/6.9; https://view.lotushomemade.com"
114.119.142.208 - - [14/Jan/2026:10:51:27 +0700] "GET /shop/page/17?stock_status=onsale&per_page=18&shop_view=grid&per_row=6 HTTP/1.1" 301 669 "https://view.lotushomemade.com/shop/page/17/?stock_status=onsale&per_page=18&shop_view=grid&per_row=6" "Mozilla/5.0 (Linux; Android 7.0;) AppleWebKit/537.36 (KHTML, like Gecko) Mobile Safari/537.36 (compatible; PetalBot;+https://webmaster.petalsearch.com/site/petalbot)"
114.119.142.208 - - [14/Jan/2026:10:51:30 +0700] "GET /shop/page/17/?stock_status=onsale&per_page=18&shop_view=grid&per_row=6 HTTP/1.1" 200 41147 "https://view.lotushomemade.com/shop/page/17/?stock_status=onsale&per_page=18&shop_view=grid&per_row=6" "Mozilla/5.0 (Linux; Android 7.0;) AppleWebKit/537.36 (KHTML, like Gecko) Mobile Safari/537.36 (compatible; PetalBot;+https://webmaster.petalsearch.com/site/petalbot)"
103.131.51.123 - - [14/Jan/2026:10:52:53 +0700] "POST /wp-cron.php?doing_wp_cron=1768362773.5016300678253173828125 HTTP/1.1" 200 474 "-" "WordPress/6.9; https://view.lotushomemade.com"
114.119.150.215 - - [14/Jan/2026:10:52:51 +0700] "GET /shop/page/17?stock_status=onsale&per_page=12 HTTP/1.1" 301 556 "https://view.lotushomemade.com/shop/page/17/?stock_status=onsale&per_page=12" "Mozilla/5.0 (Linux; Android 7.0;) AppleWebKit/537.36 (KHTML, like Gecko) Mobile Safari/537.36 (compatible; PetalBot;+https://webmaster.petalsearch.com/site/petalbot)"
114.119.150.215 - - [14/Jan/2026:10:52:54 +0700] "GET /shop/page/17/?stock_status=onsale&per_page=12 HTTP/1.1" 200 39789 "https://view.lotushomemade.com/shop/page/17/?stock_status=onsale&per_page=12" "Mozilla/5.0 (Linux; Android 7.0;) AppleWebKit/537.36 (KHTML, like Gecko) Mobile Safari/537.36 (compatible; PetalBot;+https://webmaster.petalsearch.com/site/petalbot)"
103.131.51.123 - - [14/Jan/2026:10:54:17 +0700] "POST /wp-cron.php?doing_wp_cron=1768362857.2933580875396728515625 HTTP/1.1" 200 474 "-" "WordPress/6.9; https://view.lotushomemade.com"
114.119.156.27 - - [14/Jan/2026:10:54:14 +0700] "GET /shop/page/17?stock_status=onsale HTTP/1.1" 301 498 "https://view.lotushomemade.com/shop/page/17/?stock_status=onsale" "Mozilla/5.0 (Linux; Android 7.0;) AppleWebKit/537.36 (KHTML, like Gecko) Mobile Safari/537.36 (compatible; PetalBot;+https://webmaster.petalsearch.com/site/petalbot)"
114.119.156.27 - - [14/Jan/2026:10:54:17 +0700] "GET /shop/page/17/?stock_status=onsale HTTP/1.1" 200 39691 "https://view.lotushomemade.com/shop/page/17/?stock_status=onsale" "Mozilla/5.0 (Linux; Android 7.0;) AppleWebKit/537.36 (KHTML, like Gecko) Mobile Safari/537.36 (compatible; PetalBot;+https://webmaster.petalsearch.com/site/petalbot)"
103.131.51.123 - - [14/Jan/2026:10:55:41 +0700] "POST /wp-cron.php?doing_wp_cron=1768362941.0055899620056152343750 HTTP/1.1" 200 474 "-" "WordPress/6.9; https://view.lotushomemade.com"
114.119.151.206 - - [14/Jan/2026:10:55:38 +0700] "GET /shop/page/17?per_row=4&per_page=8&shop_view=grid&stock_status=onsale HTTP/1.1" 301 667 "https://view.lotushomemade.com/shop/page/15/?per_row=4&per_page=8&shop_view=grid&stock_status=onsale" "Mozilla/5.0 (Linux; Android 7.0;) AppleWebKit/537.36 (KHTML, like Gecko) Mobile Safari/537.36 (compatible; PetalBot;+https://webmaster.petalsearch.com/site/petalbot)"
114.119.151.206 - - [14/Jan/2026:10:55:41 +0700] "GET /shop/page/17/?per_row=4&per_page=8&shop_view=grid&stock_status=onsale HTTP/1.1" 200 39419 "https://view.lotushomemade.com/shop/page/15/?per_row=4&per_page=8&shop_view=grid&stock_status=onsale" "Mozilla/5.0 (Linux; Android 7.0;) AppleWebKit/537.36 (KHTML, like Gecko) Mobile Safari/537.36 (compatible; PetalBot;+https://webmaster.petalsearch.com/site/petalbot)"
103.131.51.123 - - [14/Jan/2026:10:57:03 +0700] "POST /wp-cron.php?doing_wp_cron=1768363023.7814168930053710937500 HTTP/1.1" 200 474 "-" "WordPress/6.9; https://view.lotushomemade.com"
114.119.142.208 - - [14/Jan/2026:10:57:01 +0700] "GET /shop/page/17?orderby=rating&stock_status=onsale HTTP/1.1" 301 513 "https://view.lotushomemade.com/shop/page/14/?orderby=rating&stock_status=onsale" "Mozilla/5.0 (Linux; Android 7.0;) AppleWebKit/537.36 (KHTML, like Gecko) Mobile Safari/537.36 (compatible; PetalBot;+https://webmaster.petalsearch.com/site/petalbot)"
40.77.179.147 - - [14/Jan/2026:10:57:05 +0700] "GET /wp-content/themes/woodmart/css/parts/woo-mod-stock-status.min.css?ver=7.2.5 HTTP/2" 200 355 "https://view.lotushomemade.com/product/peanut-cookies-l/" "Mozilla/5.0 AppleWebKit/537.36 (KHTML, like Gecko; compatible; bingbot/2.0; +http://www.bing.com/bingbot.htm) Chrome/136.0.0.0 Safari/537.36"
40.77.179.147 - - [14/Jan/2026:10:57:05 +0700] "GET /wp-content/themes/woodmart/css/parts/el-text-block.min.css?ver=7.2.5 HTTP/2" 200 112 "https://view.lotushomemade.com/product/peanut-cookies-l/" "Mozilla/5.0 AppleWebKit/537.36 (KHTML, like Gecko; compatible; bingbot/2.0; +http://www.bing.com/bingbot.htm) Chrome/136.0.0.0 Safari/537.36"
40.77.179.147 - - [14/Jan/2026:10:57:05 +0700] "GET /wp-content/themes/woodmart/css/bootstrap-light.min.css?ver=7.2.5 HTTP/2" 200 812 "https://view.lotushomemade.com/product/peanut-cookies-l/" "Mozilla/5.0 AppleWebKit/537.36 (KHTML, like Gecko; compatible; bingbot/2.0; +http://www.bing.com/bingbot.htm) Chrome/136.0.0.0 Safari/537.36"
40.77.179.147 - - [14/Jan/2026:10:57:05 +0700] "GET /wp-content/themes/woodmart/css/parts/woo-mod-product-labels.min.css?ver=7.2.5 HTTP/2" 200 396 "https://view.lotushomemade.com/product/peanut-cookies-l/" "Mozilla/5.0 AppleWebKit/537.36 (KHTML, like Gecko; compatible; bingbot/2.0; +http://www.bing.com/bingbot.htm) Chrome/136.0.0.0 Safari/537.36"
40.77.179.147 - - [14/Jan/2026:10:57:05 +0700] "GET /wp-content/themes/woodmart/css/parts/woo-mod-product-labels-round.min.css?ver=7.2.5 HTTP/2" 200 174 "https://view.lotushomemade.com/product/peanut-cookies-l/" "Mozilla/5.0 AppleWebKit/537.36 (KHTML, like Gecko; compatible; bingbot/2.0; +http://www.bing.com/bingbot.htm) Chrome/136.0.0.0 Safari/537.36"
40.77.179.147 - - [14/Jan/2026:10:57:05 +0700] "GET /wp-content/themes/woodmart/css/parts/lib-magnific-popup.min.css?ver=7.2.5 HTTP/2" 200 899 "https://view.lotushomemade.com/product/peanut-cookies-l/" "Mozilla/5.0 AppleWebKit/537.36 (KHTML, like Gecko; compatible; bingbot/2.0; +http://www.bing.com/bingbot.htm) Chrome/136.0.0.0 Safari/537.36"
114.119.142.208 - - [14/Jan/2026:10:57:04 +0700] "GET /shop/page/17/?orderby=rating&stock_status=onsale HTTP/1.1" 200 39453 "https://view.lotushomemade.com/shop/page/14/?orderby=rating&stock_status=onsale" "Mozilla/5.0 (Linux; Android 7.0;) AppleWebKit/537.36 (KHTML, like Gecko) Mobile Safari/537.36 (compatible; PetalBot;+https://webmaster.petalsearch.com/site/petalbot)"
40.77.179.147 - - [14/Jan/2026:10:57:08 +0700] "GET /wp-content/plugins/elementor-pro/assets/js/webpack-pro.runtime.min.js?ver=3.16.1 HTTP/2" 200 2422 "https://view.lotushomemade.com/product/peanut-cookies-l/" "Mozilla/5.0 AppleWebKit/537.36 (KHTML, like Gecko; compatible; bingbot/2.0; +http://www.bing.com/bingbot.htm) Chrome/136.0.0.0 Safari/537.36"
40.77.179.147 - - [14/Jan/2026:10:57:08 +0700] "GET /wp-content/themes/woodmart/js/scripts/wc/stickySidebarBtn.min.js?ver=7.2.5 HTTP/2" 200 246 "https://view.lotushomemade.com/product/peanut-cookies-l/" "Mozilla/5.0 AppleWebKit/537.36 (KHTML, like Gecko; compatible; bingbot/2.0; +http://www.bing.com/bingbot.htm) Chrome/136.0.0.0 Safari/537.36"
40.77.179.147 - - [14/Jan/2026:10:57:08 +0700] "GET /wp-content/themes/woodmart/js/scripts/wc/singleProductTabsAccordion.min.js?ver=7.2.5 HTTP/2" 200 439 "https://view.lotushomemade.com/product/peanut-cookies-l/" "Mozilla/5.0 AppleWebKit/537.36 (KHTML, like Gecko; compatible; bingbot/2.0; +http://www.bing.com/bingbot.htm) Chrome/136.0.0.0 Safari/537.36"
40.77.179.147 - - [14/Jan/2026:10:57:08 +0700] "GET /wp-content/themes/woodmart/js/scripts/wc/initZoom.min.js?ver=7.2.5 HTTP/2" 200 451 "https://view.lotushomemade.com/product/peanut-cookies-l/" "Mozilla/5.0 AppleWebKit/537.36 (KHTML, like Gecko; compatible; bingbot/2.0; +http://www.bing.com/bingbot.htm) Chrome/136.0.0.0 Safari/537.36"
40.77.179.147 - - [14/Jan/2026:10:57:08 +0700] "GET /wp-content/themes/woodmart/js/libs/magnific-popup.min.js?ver=7.2.5 HTTP/2" 200 7177 "https://view.lotushomemade.com/product/peanut-cookies-l/" "Mozilla/5.0 AppleWebKit/537.36 (KHTML, like Gecko; compatible; bingbot/2.0; +http://www.bing.com/bingbot.htm) Chrome/136.0.0.0 Safari/537.36"
