114.119.148.197 - - [14/Jan/2026:13:24:47 +0700] "GET /shop/page/48/?orderby=rating&stock_status=instock,onsale&per_page=8 HTTP/1.1" 301 579 "https://view.lotushomemade.com/shop?orderby=rating&stock_status=instock%2Consale&per_page=8" "Mozilla/5.0 (Linux; Android 7.0;) AppleWebKit/537.36 (KHTML, like Gecko) Mobile Safari/537.36 (compatible; PetalBot;+https://webmaster.petalsearch.com/site/petalbot)"
114.119.148.197 - - [14/Jan/2026:13:24:47 +0700] "GET /shop/page/48/?orderby=rating&stock_status=instock,onsale&per_page=8 HTTP/1.1" 301 579 "https://view.lotushomemade.com/shop?orderby=rating&stock_status=instock%2Consale&per_page=8" "Mozilla/5.0 (Linux; Android 7.0;) AppleWebKit/537.36 (KHTML, like Gecko) Mobile Safari/537.36 (compatible; PetalBot;+https://webmaster.petalsearch.com/site/petalbot)"
114.119.148.197 - - [14/Jan/2026:13:24:48 +0700] "GET /shop/page/48/?orderby=rating&stock_status=instock,onsale&per_page=8 HTTP/1.1" 301 579 "https://view.lotushomemade.com/shop?orderby=rating&stock_status=instock%2Consale&per_page=8" "Mozilla/5.0 (Linux; Android 7.0;) AppleWebKit/537.36 (KHTML, like Gecko) Mobile Safari/537.36 (compatible; PetalBot;+https://webmaster.petalsearch.com/site/petalbot)"
114.119.148.197 - - [14/Jan/2026:13:24:48 +0700] "GET /shop/page/48/?orderby=rating&stock_status=instock,onsale&per_page=8 HTTP/1.1" 301 579 "https://view.lotushomemade.com/shop?orderby=rating&stock_status=instock%2Consale&per_page=8" "Mozilla/5.0 (Linux; Android 7.0;) AppleWebKit/537.36 (KHTML, like Gecko) Mobile Safari/537.36 (compatible; PetalBot;+https://webmaster.petalsearch.com/site/petalbot)"
114.119.148.197 - - [14/Jan/2026:13:24:49 +0700] "GET /shop/page/48/?orderby=rating&stock_status=instock,onsale&per_page=8 HTTP/1.1" 301 579 "https://view.lotushomemade.com/shop?orderby=rating&stock_status=instock%2Consale&per_page=8" "Mozilla/5.0 (Linux; Android 7.0;) AppleWebKit/537.36 (KHTML, like Gecko) Mobile Safari/537.36 (compatible; PetalBot;+https://webmaster.petalsearch.com/site/petalbot)"
114.119.148.197 - - [14/Jan/2026:13:24:49 +0700] "GET /shop/page/48/?orderby=rating&stock_status=instock,onsale&per_page=8 HTTP/1.1" 301 579 "https://view.lotushomemade.com/shop?orderby=rating&stock_status=instock%2Consale&per_page=8" "Mozilla/5.0 (Linux; Android 7.0;) AppleWebKit/537.36 (KHTML, like Gecko) Mobile Safari/537.36 (compatible; PetalBot;+https://webmaster.petalsearch.com/site/petalbot)"
103.131.51.123 - - [14/Jan/2026:13:26:11 +0700] "POST /wp-cron.php?doing_wp_cron=1768371971.3864328861236572265625 HTTP/1.1" 200 474 "-" "WordPress/6.9; https://view.lotushomemade.com"
114.119.149.78 - - [14/Jan/2026:13:26:08 +0700] "GET /shop/page/48/?max_price=520&per_page=8 HTTP/1.1" 200 39140 "https://view.lotushomemade.com/shop/page/47/?max_price=520&per_page=8" "Mozilla/5.0 (Linux; Android 7.0;) AppleWebKit/537.36 (KHTML, like Gecko) Mobile Safari/537.36 (compatible; PetalBot;+https://webmaster.petalsearch.com/site/petalbot)"
57.141.16.82 - - [14/Jan/2026:13:26:07 +0700] "GET /product-category/crispy-snack-series/100-vegan-crispy-snack-series/page/2/?per_row=4&shop_view=grid&stock_status=instock HTTP/2" 200 238151 "-" "meta-externalagent/1.1 (+https://developers.facebook.com/docs/sharing/webmasters/crawler)"
103.131.51.123 - - [14/Jan/2026:13:27:33 +0700] "POST /wp-cron.php?doing_wp_cron=1768372053.8814079761505126953125 HTTP/1.1" 200 474 "-" "WordPress/6.9; https://view.lotushomemade.com"
114.119.130.97 - - [14/Jan/2026:13:27:31 +0700] "GET /shop/page/47?orderby=popularity&per_row=2&shop_view=grid&per_page=8 HTTP/1.1" 301 666 "https://view.lotushomemade.com/shop?orderby=popularity&per_row=2&shop_view=grid&per_page=8" "Mozilla/5.0 (Linux; Android 7.0;) AppleWebKit/537.36 (KHTML, like Gecko) Mobile Safari/537.36 (compatible; PetalBot;+https://webmaster.petalsearch.com/site/petalbot)"
114.119.130.97 - - [14/Jan/2026:13:27:33 +0700] "GET /shop/page/47/?orderby=popularity&per_row=2&shop_view=grid&per_page=8 HTTP/1.1" 200 39149 "https://view.lotushomemade.com/shop?orderby=popularity&per_row=2&shop_view=grid&per_page=8" "Mozilla/5.0 (Linux; Android 7.0;) AppleWebKit/537.36 (KHTML, like Gecko) Mobile Safari/537.36 (compatible; PetalBot;+https://webmaster.petalsearch.com/site/petalbot)"
114.119.145.110 - - [14/Jan/2026:13:28:54 +0700] "GET /shop/page/47/?per_row=4&per_page=8&shop_view=grid&stock_status=instock,onsale HTTP/1.1" 301 677 "https://view.lotushomemade.com/shop?per_row=4&per_page=8&shop_view=grid&stock_status=instock%2Consale" "Mozilla/5.0 (Linux; Android 7.0;) AppleWebKit/537.36 (KHTML, like Gecko) Mobile Safari/537.36 (compatible; PetalBot;+https://webmaster.petalsearch.com/site/petalbot)"
114.119.145.110 - - [14/Jan/2026:13:29:06 +0700] "GET /shop/page/47/?per_row=4&per_page=8&shop_view=grid&stock_status=instock,onsale HTTP/1.1" 301 677 "https://view.lotushomemade.com/shop?per_row=4&per_page=8&shop_view=grid&stock_status=instock%2Consale" "Mozilla/5.0 (Linux; Android 7.0;) AppleWebKit/537.36 (KHTML, like Gecko) Mobile Safari/537.36 (compatible; PetalBot;+https://webmaster.petalsearch.com/site/petalbot)"
114.119.145.110 - - [14/Jan/2026:13:29:07 +0700] "GET /shop/page/47/?per_row=4&per_page=8&shop_view=grid&stock_status=instock,onsale HTTP/1.1" 301 677 "https://view.lotushomemade.com/shop?per_row=4&per_page=8&shop_view=grid&stock_status=instock%2Consale" "Mozilla/5.0 (Linux; Android 7.0;) AppleWebKit/537.36 (KHTML, like Gecko) Mobile Safari/537.36 (compatible; PetalBot;+https://webmaster.petalsearch.com/site/petalbot)"
114.119.145.110 - - [14/Jan/2026:13:29:07 +0700] "GET /shop/page/47/?per_row=4&per_page=8&shop_view=grid&stock_status=instock,onsale HTTP/1.1" 301 677 "https://view.lotushomemade.com/shop?per_row=4&per_page=8&shop_view=grid&stock_status=instock%2Consale" "Mozilla/5.0 (Linux; Android 7.0;) AppleWebKit/537.36 (KHTML, like Gecko) Mobile Safari/537.36 (compatible; PetalBot;+https://webmaster.petalsearch.com/site/petalbot)"
114.119.145.110 - - [14/Jan/2026:13:29:07 +0700] "GET /shop/page/47/?per_row=4&per_page=8&shop_view=grid&stock_status=instock,onsale HTTP/1.1" 301 677 "https://view.lotushomemade.com/shop?per_row=4&per_page=8&shop_view=grid&stock_status=instock%2Consale" "Mozilla/5.0 (Linux; Android 7.0;) AppleWebKit/537.36 (KHTML, like Gecko) Mobile Safari/537.36 (compatible; PetalBot;+https://webmaster.petalsearch.com/site/petalbot)"
114.119.145.110 - - [14/Jan/2026:13:29:08 +0700] "GET /shop/page/47/?per_row=4&per_page=8&shop_view=grid&stock_status=instock,onsale HTTP/1.1" 301 677 "https://view.lotushomemade.com/shop?per_row=4&per_page=8&shop_view=grid&stock_status=instock%2Consale" "Mozilla/5.0 (Linux; Android 7.0;) AppleWebKit/537.36 (KHTML, like Gecko) Mobile Safari/537.36 (compatible; PetalBot;+https://webmaster.petalsearch.com/site/petalbot)"
114.119.145.110 - - [14/Jan/2026:13:29:08 +0700] "GET /shop/page/47/?per_row=4&per_page=8&shop_view=grid&stock_status=instock,onsale HTTP/1.1" 301 677 "https://view.lotushomemade.com/shop?per_row=4&per_page=8&shop_view=grid&stock_status=instock%2Consale" "Mozilla/5.0 (Linux; Android 7.0;) AppleWebKit/537.36 (KHTML, like Gecko) Mobile Safari/537.36 (compatible; PetalBot;+https://webmaster.petalsearch.com/site/petalbot)"
114.119.145.110 - - [14/Jan/2026:13:29:09 +0700] "GET /shop/page/47/?per_row=4&per_page=8&shop_view=grid&stock_status=instock,onsale HTTP/1.1" 301 677 "https://view.lotushomemade.com/shop?per_row=4&per_page=8&shop_view=grid&stock_status=instock%2Consale" "Mozilla/5.0 (Linux; Android 7.0;) AppleWebKit/537.36 (KHTML, like Gecko) Mobile Safari/537.36 (compatible; PetalBot;+https://webmaster.petalsearch.com/site/petalbot)"
114.119.145.110 - - [14/Jan/2026:13:29:10 +0700] "GET /shop/page/47/?per_row=4&per_page=8&shop_view=grid&stock_status=instock,onsale HTTP/1.1" 301 677 "https://view.lotushomemade.com/shop?per_row=4&per_page=8&shop_view=grid&stock_status=instock%2Consale" "Mozilla/5.0 (Linux; Android 7.0;) AppleWebKit/537.36 (KHTML, like Gecko) Mobile Safari/537.36 (compatible; PetalBot;+https://webmaster.petalsearch.com/site/petalbot)"
114.119.145.110 - - [14/Jan/2026:13:29:10 +0700] "GET /shop/page/47/?per_row=4&per_page=8&shop_view=grid&stock_status=instock,onsale HTTP/1.1" 301 677 "https://view.lotushomemade.com/shop?per_row=4&per_page=8&shop_view=grid&stock_status=instock%2Consale" "Mozilla/5.0 (Linux; Android 7.0;) AppleWebKit/537.36 (KHTML, like Gecko) Mobile Safari/537.36 (compatible; PetalBot;+https://webmaster.petalsearch.com/site/petalbot)"
103.131.51.123 - - [14/Jan/2026:13:30:19 +0700] "POST /wp-cron.php?doing_wp_cron=1768372219.8415639400482177734375 HTTP/1.1" 200 474 "-" "WordPress/6.9; https://view.lotushomemade.com"
114.119.148.197 - - [14/Jan/2026:13:30:18 +0700] "GET /shop/page/47/?max_price=520&per_row=6&shop_view=grid&per_page=8 HTTP/1.1" 200 39720 "https://view.lotushomemade.com/shop/page/4/?max_price=520&per_row=6&shop_view=grid&per_page=8" "Mozilla/5.0 (Linux; Android 7.0;) AppleWebKit/537.36 (KHTML, like Gecko) Mobile Safari/537.36 (compatible; PetalBot;+https://webmaster.petalsearch.com/site/petalbot)"
57.141.16.92 - - [14/Jan/2026:13:31:45 +0700] "GET /shop/page/11/?add-to-cart=8344 HTTP/2" 200 239668 "-" "meta-externalagent/1.1 (+https://developers.facebook.com/docs/sharing/webmasters/crawler)"
114.119.156.27 - - [14/Jan/2026:13:31:42 +0700] "GET /shop/page/47/?max_price=1040&per_page=8&stock_status=instock,onsale HTTP/1.1" 301 579 "https://view.lotushomemade.com/shop?max_price=1040&per_page=8&stock_status=instock%2Consale" "Mozilla/5.0 (Linux; Android 7.0;) AppleWebKit/537.36 (KHTML, like Gecko) Mobile Safari/537.36 (compatible; PetalBot;+https://webmaster.petalsearch.com/site/petalbot)"
114.119.156.27 - - [14/Jan/2026:13:31:49 +0700] "GET /shop/page/47/?max_price=1040&per_page=8&stock_status=instock,onsale HTTP/1.1" 301 579 "https://view.lotushomemade.com/shop?max_price=1040&per_page=8&stock_status=instock%2Consale" "Mozilla/5.0 (Linux; Android 7.0;) AppleWebKit/537.36 (KHTML, like Gecko) Mobile Safari/537.36 (compatible; PetalBot;+https://webmaster.petalsearch.com/site/petalbot)"
114.119.156.27 - - [14/Jan/2026:13:31:50 +0700] "GET /shop/page/47/?max_price=1040&per_page=8&stock_status=instock,onsale HTTP/1.1" 301 579 "https://view.lotushomemade.com/shop?max_price=1040&per_page=8&stock_status=instock%2Consale" "Mozilla/5.0 (Linux; Android 7.0;) AppleWebKit/537.36 (KHTML, like Gecko) Mobile Safari/537.36 (compatible; PetalBot;+https://webmaster.petalsearch.com/site/petalbot)"
114.119.156.27 - - [14/Jan/2026:13:31:50 +0700] "GET /shop/page/47/?max_price=1040&per_page=8&stock_status=instock,onsale HTTP/1.1" 301 579 "https://view.lotushomemade.com/shop?max_price=1040&per_page=8&stock_status=instock%2Consale" "Mozilla/5.0 (Linux; Android 7.0;) AppleWebKit/537.36 (KHTML, like Gecko) Mobile Safari/537.36 (compatible; PetalBot;+https://webmaster.petalsearch.com/site/petalbot)"
114.119.156.27 - - [14/Jan/2026:13:31:51 +0700] "GET /shop/page/47/?max_price=1040&per_page=8&stock_status=instock,onsale HTTP/1.1" 301 579 "https://view.lotushomemade.com/shop?max_price=1040&per_page=8&stock_status=instock%2Consale" "Mozilla/5.0 (Linux; Android 7.0;) AppleWebKit/537.36 (KHTML, like Gecko) Mobile Safari/537.36 (compatible; PetalBot;+https://webmaster.petalsearch.com/site/petalbot)"
114.119.156.27 - - [14/Jan/2026:13:31:51 +0700] "GET /shop/page/47/?max_price=1040&per_page=8&stock_status=instock,onsale HTTP/1.1" 301 579 "https://view.lotushomemade.com/shop?max_price=1040&per_page=8&stock_status=instock%2Consale" "Mozilla/5.0 (Linux; Android 7.0;) AppleWebKit/537.36 (KHTML, like Gecko) Mobile Safari/537.36 (compatible; PetalBot;+https://webmaster.petalsearch.com/site/petalbot)"
114.119.156.27 - - [14/Jan/2026:13:31:52 +0700] "GET /shop/page/47/?max_price=1040&per_page=8&stock_status=instock,onsale HTTP/1.1" 301 579 "https://view.lotushomemade.com/shop?max_price=1040&per_page=8&stock_status=instock%2Consale" "Mozilla/5.0 (Linux; Android 7.0;) AppleWebKit/537.36 (KHTML, like Gecko) Mobile Safari/537.36 (compatible; PetalBot;+https://webmaster.petalsearch.com/site/petalbot)"
114.119.156.27 - - [14/Jan/2026:13:31:52 +0700] "GET /shop/page/47/?max_price=1040&per_page=8&stock_status=instock,onsale HTTP/1.1" 301 579 "https://view.lotushomemade.com/shop?max_price=1040&per_page=8&stock_status=instock%2Consale" "Mozilla/5.0 (Linux; Android 7.0;) AppleWebKit/537.36 (KHTML, like Gecko) Mobile Safari/537.36 (compatible; PetalBot;+https://webmaster.petalsearch.com/site/petalbot)"
114.119.156.27 - - [14/Jan/2026:13:31:53 +0700] "GET /shop/page/47/?max_price=1040&per_page=8&stock_status=instock,onsale HTTP/1.1" 301 579 "https://view.lotushomemade.com/shop?max_price=1040&per_page=8&stock_status=instock%2Consale" "Mozilla/5.0 (Linux; Android 7.0;) AppleWebKit/537.36 (KHTML, like Gecko) Mobile Safari/537.36 (compatible; PetalBot;+https://webmaster.petalsearch.com/site/petalbot)"
114.119.156.27 - - [14/Jan/2026:13:31:53 +0700] "GET /shop/page/47/?max_price=1040&per_page=8&stock_status=instock,onsale HTTP/1.1" 301 579 "https://view.lotushomemade.com/shop?max_price=1040&per_page=8&stock_status=instock%2Consale" "Mozilla/5.0 (Linux; Android 7.0;) AppleWebKit/537.36 (KHTML, like Gecko) Mobile Safari/537.36 (compatible; PetalBot;+https://webmaster.petalsearch.com/site/petalbot)"
103.131.51.123 - - [14/Jan/2026:13:33:07 +0700] "POST /wp-cron.php?doing_wp_cron=1768372387.3094480037689208984375 HTTP/1.1" 200 474 "-" "WordPress/6.9; https://view.lotushomemade.com"
114.119.142.208 - - [14/Jan/2026:13:33:05 +0700] "GET /shop/page/46/?orderby=price-desc&per_row=4&per_page=8&shop_view=grid HTTP/1.1" 200 39276 "https://view.lotushomemade.com/shop/page/29/?orderby=price-desc&per_row=4&per_page=8&shop_view=grid" "Mozilla/5.0 (Linux; Android 7.0;) AppleWebKit/537.36 (KHTML, like Gecko) Mobile Safari/537.36 (compatible; PetalBot;+https://webmaster.petalsearch.com/site/petalbot)"
103.131.51.123 - - [14/Jan/2026:13:34:32 +0700] "POST /wp-cron.php?doing_wp_cron=1768372472.5407409667968750000000 HTTP/1.1" 200 474 "-" "WordPress/6.9; https://view.lotushomemade.com"
114.119.156.27 - - [14/Jan/2026:13:34:28 +0700] "GET /shop/page/46/?orderby=date&per_row=2&per_page=8&shop_view=grid HTTP/1.1" 200 39443 "https://view.lotushomemade.com/shop/page/41/?orderby=date&per_row=2&per_page=8&shop_view=grid" "Mozilla/5.0 (Linux; Android 7.0;) AppleWebKit/537.36 (KHTML, like Gecko) Mobile Safari/537.36 (compatible; PetalBot;+https://webmaster.petalsearch.com/site/petalbot)"
57.141.16.99 - - [14/Jan/2026:13:35:04 +0700] "GET /product-category/traditional-cookies-series/?per_row=6&per_page=8&shop_view=grid&filter_brand=hss&stock_status=instock,onsale HTTP/2" 200 219033 "-" "meta-externalagent/1.1 (+https://developers.facebook.com/docs/sharing/webmasters/crawler)"
103.131.51.123 - - [14/Jan/2026:13:35:53 +0700] "POST /wp-cron.php?doing_wp_cron=1768372553.4225170612335205078125 HTTP/1.1" 200 474 "-" "WordPress/6.9; https://view.lotushomemade.com"
114.119.149.78 - - [14/Jan/2026:13:35:51 +0700] "GET /shop/page/46/?max_price=780&stock_status=instock&per_page=8 HTTP/1.1" 200 39419 "https://view.lotushomemade.com/shop/page/48/?max_price=780&stock_status=instock&per_page=8" "Mozilla/5.0 (Linux; Android 7.0;) AppleWebKit/537.36 (KHTML, like Gecko) Mobile Safari/537.36 (compatible; PetalBot;+https://webmaster.petalsearch.com/site/petalbot)"
114.119.142.208 - - [14/Jan/2026:13:37:15 +0700] "GET /shop/page/44?max_price=520&per_row=6&shop_view=grid&per_page=8 HTTP/1.1" 301 661 "-" "Mozilla/5.0 (Linux; Android 7.0;) AppleWebKit/537.36 (KHTML, like Gecko) Mobile Safari/537.36 (compatible; PetalBot;+https://webmaster.petalsearch.com/site/petalbot)"
114.119.142.208 - - [14/Jan/2026:13:37:23 +0700] "GET /shop/page/44/?max_price=520&per_row=6&shop_view=grid&per_page=8 HTTP/1.1" 200 39715 "-" "Mozilla/5.0 (Linux; Android 7.0;) AppleWebKit/537.36 (KHTML, like Gecko) Mobile Safari/537.36 (compatible; PetalBot;+https://webmaster.petalsearch.com/site/petalbot)"
207.46.13.102 - - [14/Jan/2026:13:38:02 +0700] "GET /wp-content/uploads/2023/11/1148-430x430.png HTTP/2" 200 288924 "-" "Mozilla/5.0 AppleWebKit/537.36 (KHTML, like Gecko; compatible; bingbot/2.0; +http://www.bing.com/bingbot.htm) Chrome/116.0.1938.76 Safari/537.36"
103.131.51.123 - - [14/Jan/2026:13:38:43 +0700] "POST /wp-cron.php?doing_wp_cron=1768372723.8199100494384765625000 HTTP/1.1" 200 474 "-" "WordPress/6.9; https://view.lotushomemade.com"
114.119.142.208 - - [14/Jan/2026:13:38:39 +0700] "GET /shop/page/44/?orderby=price&per_row=2&shop_view=grid&per_page=8 HTTP/1.1" 200 39535 "https://view.lotushomemade.com/shop/page/43/?orderby=price&per_row=2&shop_view=grid&per_page=8" "Mozilla/5.0 (Linux; Android 7.0;) AppleWebKit/537.36 (KHTML, like Gecko) Mobile Safari/537.36 (compatible; PetalBot;+https://webmaster.petalsearch.com/site/petalbot)"
103.131.51.123 - - [14/Jan/2026:13:40:17 +0700] "POST /wp-cron.php?doing_wp_cron=1768372817.9206240177154541015625 HTTP/1.1" 200 474 "-" "WordPress/6.9; https://view.lotushomemade.com"
114.119.142.208 - - [14/Jan/2026:13:40:14 +0700] "GET /shop/page/44/?max_price=780&per_page=8&shop_view=grid&per_row=2 HTTP/1.1" 200 39691 "https://view.lotushomemade.com/shop/page/46/?max_price=780&per_page=8&shop_view=grid&per_row=2" "Mozilla/5.0 (Linux; Android 7.0;) AppleWebKit/537.36 (KHTML, like Gecko) Mobile Safari/537.36 (compatible; PetalBot;+https://webmaster.petalsearch.com/site/petalbot)"
114.119.148.197 - - [14/Jan/2026:13:41:32 +0700] "GET /shop/page/41?stock_status=instock&per_row=6&per_page=8&shop_view=grid HTTP/1.1" 301 668 "https://view.lotushomemade.com/shop/page/41?stock_status=instock&per_row=6&per_page=8&shop_view=grid" "Mozilla/5.0 (Linux; Android 7.0;) AppleWebKit/537.36 (KHTML, like Gecko) Mobile Safari/537.36 (compatible; PetalBot;+https://webmaster.petalsearch.com/site/petalbot)"
114.119.148.197 - - [14/Jan/2026:13:41:45 +0700] "GET /shop/page/41/?stock_status=instock&per_row=6&per_page=8&shop_view=grid HTTP/1.1" 200 39530 "https://view.lotushomemade.com/shop/page/41?stock_status=instock&per_row=6&per_page=8&shop_view=grid" "Mozilla/5.0 (Linux; Android 7.0;) AppleWebKit/537.36 (KHTML, like Gecko) Mobile Safari/537.36 (compatible; PetalBot;+https://webmaster.petalsearch.com/site/petalbot)"
114.119.148.197 - - [14/Jan/2026:13:42:51 +0700] "GET /shop/page/41/?orderby=popularity&per_row=4&shop_view=grid&per_page=8 HTTP/1.1" 200 39034 "https://view.lotushomemade.com/shop/page/44?orderby=popularity&per_row=4&shop_view=grid&per_page=8" "Mozilla/5.0 (Linux; Android 7.0;) AppleWebKit/537.36 (KHTML, like Gecko) Mobile Safari/537.36 (compatible; PetalBot;+https://webmaster.petalsearch.com/site/petalbot)"
66.249.70.98 - - [14/Jan/2026:13:43:07 +0700] "GET /product/almond-shreds-peanut-nyonya-kuih-kapit-l/ HTTP/1.1" 200 36889 "-" "Mozilla/5.0 (Linux; Android 6.0.1; Nexus 5X Build/MMB29P) AppleWebKit/537.36 (KHTML, like Gecko) Chrome/143.0.7499.192 Mobile Safari/537.36 (compatible; Googlebot/2.1; +http://www.google.com/bot.html)"
66.249.70.98 - - [14/Jan/2026:13:43:13 +0700] "GET /wp-content/plugins/elementor-pro/assets/css/frontend-lite.min.css?ver=3.16.1 HTTP/1.1" 200 1947 "https://view.lotushomemade.com/product/almond-shreds-peanut-nyonya-kuih-kapit-l/" "Mozilla/5.0 (Linux; Android 6.0.1; Nexus 5X Build/MMB29P) AppleWebKit/537.36 (KHTML, like Gecko) Chrome/143.0.7499.169 Mobile Safari/537.36 (compatible; Googlebot/2.1; +http://www.google.com/bot.html)"
66.249.70.98 - - [14/Jan/2026:13:43:15 +0700] "GET /wp-content/themes/woodmart/css/parts/woo-widget-shopping-cart.min.css?ver=7.2.5 HTTP/1.1" 200 1627 "https://view.lotushomemade.com/product/almond-shreds-peanut-nyonya-kuih-kapit-l/" "Mozilla/5.0 (Linux; Android 6.0.1; Nexus 5X Build/MMB29P) AppleWebKit/537.36 (KHTML, like Gecko) Chrome/143.0.7499.169 Mobile Safari/537.36 (compatible; Googlebot/2.1; +http://www.google.com/bot.html)"
66.249.70.97 - - [14/Jan/2026:13:43:18 +0700] "GET /wp-content/plugins/elementor/assets/css/frontend-lite.min.css?ver=3.17.3 HTTP/1.1" 200 13551 "https://view.lotushomemade.com/product/almond-shreds-peanut-nyonya-kuih-kapit-l/" "Mozilla/5.0 (Linux; Android 6.0.1; Nexus 5X Build/MMB29P) AppleWebKit/537.36 (KHTML, like Gecko) Chrome/143.0.7499.169 Mobile Safari/537.36 (compatible; Googlebot/2.1; +http://www.google.com/bot.html)"
66.249.70.97 - - [14/Jan/2026:13:43:24 +0700] "GET /wp-content/themes/woodmart/css/parts/header-el-search.min.css?ver=7.2.5 HTTP/1.1" 200 938 "https://view.lotushomemade.com/product/almond-shreds-peanut-nyonya-kuih-kapit-l/" "Mozilla/5.0 (Linux; Android 6.0.1; Nexus 5X Build/MMB29P) AppleWebKit/537.36 (KHTML, like Gecko) Chrome/143.0.7499.169 Mobile Safari/537.36 (compatible; Googlebot/2.1; +http://www.google.com/bot.html)"
66.249.70.97 - - [14/Jan/2026:13:43:26 +0700] "GET /wp-content/themes/woodmart/js/libs/magnific-popup.min.js?ver=7.2.5 HTTP/1.1" 200 7627 "https://view.lotushomemade.com/product/almond-shreds-peanut-nyonya-kuih-kapit-l/" "Mozilla/5.0 (Linux; Android 6.0.1; Nexus 5X Build/MMB29P) AppleWebKit/537.36 (KHTML, like Gecko) Chrome/143.0.7499.169 Mobile Safari/537.36 (compatible; Googlebot/2.1; +http://www.google.com/bot.html)"
66.249.70.97 - - [14/Jan/2026:13:43:28 +0700] "GET /wp-content/themes/woodmart/js/scripts/global/ajaxSearch.min.js?ver=7.2.5 HTTP/1.1" 200 1704 "https://view.lotushomemade.com/product/almond-shreds-peanut-nyonya-kuih-kapit-l/" "Mozilla/5.0 (Linux; Android 6.0.1; Nexus 5X Build/MMB29P) AppleWebKit/537.36 (KHTML, like Gecko) Chrome/143.0.7499.169 Mobile Safari/537.36 (compatible; Googlebot/2.1; +http://www.google.com/bot.html)"
66.249.70.97 - - [14/Jan/2026:13:43:41 +0700] "POST /?wc-ajax=get_refreshed_fragments HTTP/1.1" 200 1297 "https://view.lotushomemade.com/product/almond-shreds-peanut-nyonya-kuih-kapit-l/" "Mozilla/5.0 (Linux; Android 6.0.1; Nexus 5X Build/MMB29P) AppleWebKit/537.36 (KHTML, like Gecko) Chrome/143.0.7499.169 Mobile Safari/537.36 (compatible; Googlebot/2.1; +http://www.google.com/bot.html)"
114.119.148.197 - - [14/Jan/2026:13:44:13 +0700] "GET /shop/page/41/?min_price=0&max_price=260&stock_status=onsale&per_page=8 HTTP/1.1" 200 39556 "https://view.lotushomemade.com/shop/page/41/?min_price=0&max_price=260&stock_status=onsale&per_page=8" "Mozilla/5.0 (Linux; Android 7.0;) AppleWebKit/537.36 (KHTML, like Gecko) Mobile Safari/537.36 (compatible; PetalBot;+https://webmaster.petalsearch.com/site/petalbot)"
114.119.130.97 - - [14/Jan/2026:13:45:37 +0700] "GET /shop/page/41/?max_price=1050&per_page=8&shop_view=grid&per_row=6 HTTP/1.1" 200 39718 "https://view.lotushomemade.com/shop/page/42/?max_price=1050&per_page=8&shop_view=grid&per_row=6" "Mozilla/5.0 (Linux; Android 7.0;) AppleWebKit/537.36 (KHTML, like Gecko) Mobile Safari/537.36 (compatible; PetalBot;+https://webmaster.petalsearch.com/site/petalbot)"
103.131.51.123 - - [14/Jan/2026:13:47:05 +0700] "POST /wp-cron.php?doing_wp_cron=1768373225.2887179851531982421875 HTTP/1.1" 200 474 "-" "WordPress/6.9; https://view.lotushomemade.com"
114.119.145.110 - - [14/Jan/2026:13:47:01 +0700] "GET /shop/page/41/?max_price=1040&per_row=6&shop_view=grid&per_page=8 HTTP/1.1" 200 39683 "https://view.lotushomemade.com/shop/page/43/?max_price=1040&per_row=6&shop_view=grid&per_page=8" "Mozilla/5.0 (Linux; Android 7.0;) AppleWebKit/537.36 (KHTML, like Gecko) Mobile Safari/537.36 (compatible; PetalBot;+https://webmaster.petalsearch.com/site/petalbot)"
103.131.51.123 - - [14/Jan/2026:13:48:30 +0700] "POST /wp-cron.php?doing_wp_cron=1768373309.9574708938598632812500 HTTP/1.1" 200 474 "-" "WordPress/6.9; https://view.lotushomemade.com"
114.119.130.97 - - [14/Jan/2026:13:48:26 +0700] "GET /shop/page/40/?stock_status=instock&per_row=4&per_page=8&shop_view=grid HTTP/1.1" 200 39607 "https://view.lotushomemade.com/shop/page/42?stock_status=instock&per_row=4&per_page=8&shop_view=grid" "Mozilla/5.0 (Linux; Android 7.0;) AppleWebKit/537.36 (KHTML, like Gecko) Mobile Safari/537.36 (compatible; PetalBot;+https://webmaster.petalsearch.com/site/petalbot)"
114.119.151.206 - - [14/Jan/2026:13:49:49 +0700] "GET /shop/page/40/?orderby=price&per_page=8&stock_status=instock HTTP/1.1" 200 39426 "https://view.lotushomemade.com/shop/page/41/?orderby=price&per_page=8&stock_status=instock" "Mozilla/5.0 (Linux; Android 7.0;) AppleWebKit/537.36 (KHTML, like Gecko) Mobile Safari/537.36 (compatible; PetalBot;+https://webmaster.petalsearch.com/site/petalbot)"
103.131.51.123 - - [14/Jan/2026:13:51:17 +0700] "POST /wp-cron.php?doing_wp_cron=1768373477.9044890403747558593750 HTTP/1.1" 200 474 "-" "WordPress/6.9; https://view.lotushomemade.com"
114.119.142.208 - - [14/Jan/2026:13:51:14 +0700] "GET /shop/page/40/?max_price=780&per_row=2&per_page=8&shop_view=grid HTTP/1.1" 200 39694 "https://view.lotushomemade.com/shop/page/38/?max_price=780&per_row=2&per_page=8&shop_view=grid" "Mozilla/5.0 (Linux; Android 7.0;) AppleWebKit/537.36 (KHTML, like Gecko) Mobile Safari/537.36 (compatible; PetalBot;+https://webmaster.petalsearch.com/site/petalbot)"
103.131.51.123 - - [14/Jan/2026:13:52:29 +0700] "POST /wp-cron.php?doing_wp_cron=1768373549.3381180763244628906250 HTTP/1.1" 200 474 "-" "WordPress/6.9; https://view.lotushomemade.com"
103.114.66.241 - - [14/Jan/2026:13:52:27 +0700] "GET /product/peanut-puff-cracker_8080-s/?add-to-cart=334 HTTP/1.1" 200 38446 "-" "Opera/9.42.(X11; Linux x86_64; cv-RU) Presto/2.9.160 Version/11.00"
103.131.51.123 - - [14/Jan/2026:13:52:37 +0700] "POST /wp-cron.php?doing_wp_cron=1768373557.3273670673370361328125 HTTP/1.1" 200 474 "-" "WordPress/6.9; https://view.lotushomemade.com"
114.119.145.110 - - [14/Jan/2026:13:52:35 +0700] "GET /shop/page/4/?stock_status=instock&per_row=6&shop_view=grid&per_page=12 HTTP/1.1" 200 40239 "https://view.lotushomemade.com/shop/page/3?stock_status=instock&per_row=6&shop_view=grid&per_page=12" "Mozilla/5.0 (Linux; Android 7.0;) AppleWebKit/537.36 (KHTML, like Gecko) Mobile Safari/537.36 (compatible; PetalBot;+https://webmaster.petalsearch.com/site/petalbot)"
114.119.130.97 - - [14/Jan/2026:13:54:00 +0700] "GET /shop/page/4/?per_row=6&per_page=18&shop_view=grid&stock_status=onsale HTTP/1.1" 200 41212 "https://view.lotushomemade.com/shop?per_row=6&per_page=18&shop_view=grid&stock_status=onsale" "Mozilla/5.0 (Linux; Android 7.0;) AppleWebKit/537.36 (KHTML, like Gecko) Mobile Safari/537.36 (compatible; PetalBot;+https://webmaster.petalsearch.com/site/petalbot)"
103.131.51.123 - - [14/Jan/2026:13:55:27 +0700] "POST /wp-cron.php?doing_wp_cron=1768373727.1442689895629882812500 HTTP/1.1" 200 474 "-" "WordPress/6.9; https://view.lotushomemade.com"
114.119.149.78 - - [14/Jan/2026:13:55:25 +0700] "GET /shop/page/4/?orderby=rating&stock_status=onsale&per_row=2&shop_view=grid HTTP/1.1" 200 40143 "https://view.lotushomemade.com/shop/page/3/?orderby=rating&stock_status=onsale&per_row=2&shop_view=grid" "Mozilla/5.0 (Linux; Android 7.0;) AppleWebKit/537.36 (KHTML, like Gecko) Mobile Safari/537.36 (compatible; PetalBot;+https://webmaster.petalsearch.com/site/petalbot)"
103.131.51.123 - - [14/Jan/2026:13:55:49 +0700] "POST /wp-cron.php?doing_wp_cron=1768373749.0581600666046142578125 HTTP/1.1" 200 474 "-" "WordPress/6.9; https://view.lotushomemade.com"
57.141.16.50 - - [14/Jan/2026:13:55:47 +0700] "GET /product-category/traditional-cookies-series/page/8/?stock_status=instock%2Consale&per_row=2&per_page=12&shop_view=grid HTTP/2" 200 244508 "-" "meta-externalagent/1.1 (+https://developers.facebook.com/docs/sharing/webmasters/crawler)"
103.131.51.123 - - [14/Jan/2026:13:56:51 +0700] "POST /wp-cron.php?doing_wp_cron=1768373811.3979899883270263671875 HTTP/1.1" 200 474 "-" "WordPress/6.9; https://view.lotushomemade.com"
114.119.149.78 - - [14/Jan/2026:13:56:49 +0700] "GET /shop/page/4/?orderby=rating&per_page=18&shop_view=grid&per_row=6 HTTP/1.1" 200 41256 "https://view.lotushomemade.com/shop/page/2/?orderby=rating&per_page=18&shop_view=grid&per_row=6" "Mozilla/5.0 (Linux; Android 7.0;) AppleWebKit/537.36 (KHTML, like Gecko) Mobile Safari/537.36 (compatible; PetalBot;+https://webmaster.petalsearch.com/site/petalbot)"
52.167.144.215 - - [14/Jan/2026:13:57:29 +0700] "GET /product/twister-cookies_8080-s/ HTTP/2" 200 36013 "-" "Mozilla/5.0 AppleWebKit/537.36 (KHTML, like Gecko; compatible; bingbot/2.0; +http://www.bing.com/bingbot.htm) Chrome/116.0.1938.76 Safari/537.36"
114.119.142.208 - - [14/Jan/2026:13:58:10 +0700] "GET /shop/page/4/?orderby=popularity&stock_status=onsale&per_row=6&shop_view=grid HTTP/1.1" 200 40091 "https://view.lotushomemade.com/shop/page/2/?orderby=popularity&stock_status=onsale&per_row=6&shop_view=grid" "Mozilla/5.0 (Linux; Android 7.0;) AppleWebKit/537.36 (KHTML, like Gecko) Mobile Safari/537.36 (compatible; PetalBot;+https://webmaster.petalsearch.com/site/petalbot)"
42.98.167.55 - - [14/Jan/2026:13:58:37 +0700] "GET /wp-content/uploads/2023/11/2004.png HTTP/2" 200 866045 "-" "com.google.GoogleMobile/403.0 iPhone/26.1 hw/iPhone17_1"
87.171.239.152 - - [14/Jan/2026:13:58:46 +0700] "GET /product/chocolate-mini-puff-l-2/?add-to-cart=1127 HTTP/1.1" 200 38577 "-" "Mozilla/5.0 (Windows NT 4.0; fi-FI; rv:1.9.1.20) Gecko/9067-05-23 20:42:32.446777 Firefox/13.0"
103.131.51.123 - - [14/Jan/2026:13:59:37 +0700] "POST /wp-cron.php?doing_wp_cron=1768373977.1659700870513916015625 HTTP/1.1" 200 474 "-" "WordPress/6.9; https://view.lotushomemade.com"
114.119.156.27 - - [14/Jan/2026:13:59:35 +0700] "GET /product/nutella-chocolate-nyonya-kuih-kapit-l/ HTTP/1.1" 200 45142 "-" "Mozilla/5.0 (Linux; Android 7.0;) AppleWebKit/537.36 (KHTML, like Gecko) Mobile Safari/537.36 (compatible; PetalBot;+https://webmaster.petalsearch.com/site/petalbot)"
103.131.51.123 - - [14/Jan/2026:14:01:02 +0700] "POST /wp-cron.php?doing_wp_cron=1768374062.2789869308471679687500 HTTP/1.1" 200 474 "-" "WordPress/6.9; https://view.lotushomemade.com"
114.119.145.110 - - [14/Jan/2026:14:00:58 +0700] "GET /blog/ HTTP/1.1" 200 36562 "-" "Mozilla/5.0 (Linux; Android 7.0;) AppleWebKit/537.36 (KHTML, like Gecko) Mobile Safari/537.36 (compatible; PetalBot;+https://webmaster.petalsearch.com/site/petalbot)"
188.215.125.166 - - [14/Jan/2026:14:04:46 +0700] "GET /product/kuih-bahulu_ms3000-cp/?add-to-cart=8342 HTTP/1.1" 200 37767 "-" "Mozilla/5.0 (iPad; CPU iPad OS 10_3_3 like Mac OS X) AppleWebKit/535.1 (KHTML, like Gecko) FxiOS/13.0x3437.0 Mobile/89L848 Safari/535.1"
114.119.156.27 - - [14/Jan/2026:14:06:33 +0700] "GET /shop/page/4/?orderby=date&stock_status=instock,onsale&per_page=18 HTTP/1.1" 301 578 "https://view.lotushomemade.com/shop?orderby=date&stock_status=instock%2Consale&per_page=18" "Mozilla/5.0 (Linux; Android 7.0;) AppleWebKit/537.36 (KHTML, like Gecko) Mobile Safari/537.36 (compatible; PetalBot;+https://webmaster.petalsearch.com/site/petalbot)"
114.119.156.27 - - [14/Jan/2026:14:06:40 +0700] "GET /shop/page/4/?orderby=date&stock_status=instock,onsale&per_page=18 HTTP/1.1" 301 578 "https://view.lotushomemade.com/shop?orderby=date&stock_status=instock%2Consale&per_page=18" "Mozilla/5.0 (Linux; Android 7.0;) AppleWebKit/537.36 (KHTML, like Gecko) Mobile Safari/537.36 (compatible; PetalBot;+https://webmaster.petalsearch.com/site/petalbot)"
114.119.156.27 - - [14/Jan/2026:14:06:41 +0700] "GET /shop/page/4/?orderby=date&stock_status=instock,onsale&per_page=18 HTTP/1.1" 301 578 "https://view.lotushomemade.com/shop?orderby=date&stock_status=instock%2Consale&per_page=18" "Mozilla/5.0 (Linux; Android 7.0;) AppleWebKit/537.36 (KHTML, like Gecko) Mobile Safari/537.36 (compatible; PetalBot;+https://webmaster.petalsearch.com/site/petalbot)"
114.119.156.27 - - [14/Jan/2026:14:06:41 +0700] "GET /shop/page/4/?orderby=date&stock_status=instock,onsale&per_page=18 HTTP/1.1" 301 578 "https://view.lotushomemade.com/shop?orderby=date&stock_status=instock%2Consale&per_page=18" "Mozilla/5.0 (Linux; Android 7.0;) AppleWebKit/537.36 (KHTML, like Gecko) Mobile Safari/537.36 (compatible; PetalBot;+https://webmaster.petalsearch.com/site/petalbot)"
114.119.156.27 - - [14/Jan/2026:14:06:42 +0700] "GET /shop/page/4/?orderby=date&stock_status=instock,onsale&per_page=18 HTTP/1.1" 301 578 "https://view.lotushomemade.com/shop?orderby=date&stock_status=instock%2Consale&per_page=18" "Mozilla/5.0 (Linux; Android 7.0;) AppleWebKit/537.36 (KHTML, like Gecko) Mobile Safari/537.36 (compatible; PetalBot;+https://webmaster.petalsearch.com/site/petalbot)"
114.119.156.27 - - [14/Jan/2026:14:06:42 +0700] "GET /shop/page/4/?orderby=date&stock_status=instock,onsale&per_page=18 HTTP/1.1" 301 578 "https://view.lotushomemade.com/shop?orderby=date&stock_status=instock%2Consale&per_page=18" "Mozilla/5.0 (Linux; Android 7.0;) AppleWebKit/537.36 (KHTML, like Gecko) Mobile Safari/537.36 (compatible; PetalBot;+https://webmaster.petalsearch.com/site/petalbot)"
114.119.156.27 - - [14/Jan/2026:14:06:43 +0700] "GET /shop/page/4/?orderby=date&stock_status=instock,onsale&per_page=18 HTTP/1.1" 301 578 "https://view.lotushomemade.com/shop?orderby=date&stock_status=instock%2Consale&per_page=18" "Mozilla/5.0 (Linux; Android 7.0;) AppleWebKit/537.36 (KHTML, like Gecko) Mobile Safari/537.36 (compatible; PetalBot;+https://webmaster.petalsearch.com/site/petalbot)"
114.119.156.27 - - [14/Jan/2026:14:06:44 +0700] "GET /shop/page/4/?orderby=date&stock_status=instock,onsale&per_page=18 HTTP/1.1" 301 578 "https://view.lotushomemade.com/shop?orderby=date&stock_status=instock%2Consale&per_page=18" "Mozilla/5.0 (Linux; Android 7.0;) AppleWebKit/537.36 (KHTML, like Gecko) Mobile Safari/537.36 (compatible; PetalBot;+https://webmaster.petalsearch.com/site/petalbot)"
114.119.156.27 - - [14/Jan/2026:14:06:44 +0700] "GET /shop/page/4/?orderby=date&stock_status=instock,onsale&per_page=18 HTTP/1.1" 301 578 "https://view.lotushomemade.com/shop?orderby=date&stock_status=instock%2Consale&per_page=18" "Mozilla/5.0 (Linux; Android 7.0;) AppleWebKit/537.36 (KHTML, like Gecko) Mobile Safari/537.36 (compatible; PetalBot;+https://webmaster.petalsearch.com/site/petalbot)"
114.119.156.27 - - [14/Jan/2026:14:06:45 +0700] "GET /shop/page/4/?orderby=date&stock_status=instock,onsale&per_page=18 HTTP/1.1" 301 578 "https://view.lotushomemade.com/shop?orderby=date&stock_status=instock%2Consale&per_page=18" "Mozilla/5.0 (Linux; Android 7.0;) AppleWebKit/537.36 (KHTML, like Gecko) Mobile Safari/537.36 (compatible; PetalBot;+https://webmaster.petalsearch.com/site/petalbot)"
114.119.130.97 - - [14/Jan/2026:14:07:56 +0700] "GET /shop/page/4/?max_price=780&per_row=6&shop_view=grid&per_page=18 HTTP/1.1" 200 41301 "https://view.lotushomemade.com/shop/page/7/?max_price=780&per_row=6&shop_view=grid&per_page=18" "Mozilla/5.0 (Linux; Android 7.0;) AppleWebKit/537.36 (KHTML, like Gecko) Mobile Safari/537.36 (compatible; PetalBot;+https://webmaster.petalsearch.com/site/petalbot)"
57.141.16.2 - - [14/Jan/2026:14:08:30 +0700] "GET /shop/page/35/?per_page=8&shop_view=grid&per_row=6 HTTP/2" 200 229156 "-" "meta-externalagent/1.1 (+https://developers.facebook.com/docs/sharing/webmasters/crawler)"
103.131.51.123 - - [14/Jan/2026:14:09:19 +0700] "POST /wp-cron.php?doing_wp_cron=1768374559.8494329452514648437500 HTTP/1.1" 200 474 "-" "WordPress/6.9; https://view.lotushomemade.com"
114.119.150.215 - - [14/Jan/2026:14:09:19 +0700] "GET /shop/page/4/?max_price=780&per_page=18&stock_status=instock,onsale HTTP/1.1" 301 579 "https://view.lotushomemade.com/shop?max_price=780&per_page=18&stock_status=instock%2Consale" "Mozilla/5.0 (Linux; Android 7.0;) AppleWebKit/537.36 (KHTML, like Gecko) Mobile Safari/537.36 (compatible; PetalBot;+https://webmaster.petalsearch.com/site/petalbot)"
114.119.150.215 - - [14/Jan/2026:14:09:19 +0700] "GET /shop/page/4/?max_price=780&per_page=18&stock_status=instock,onsale HTTP/1.1" 301 579 "https://view.lotushomemade.com/shop?max_price=780&per_page=18&stock_status=instock%2Consale" "Mozilla/5.0 (Linux; Android 7.0;) AppleWebKit/537.36 (KHTML, like Gecko) Mobile Safari/537.36 (compatible; PetalBot;+https://webmaster.petalsearch.com/site/petalbot)"
114.119.150.215 - - [14/Jan/2026:14:09:20 +0700] "GET /shop/page/4/?max_price=780&per_page=18&stock_status=instock,onsale HTTP/1.1" 301 579 "https://view.lotushomemade.com/shop?max_price=780&per_page=18&stock_status=instock%2Consale" "Mozilla/5.0 (Linux; Android 7.0;) AppleWebKit/537.36 (KHTML, like Gecko) Mobile Safari/537.36 (compatible; PetalBot;+https://webmaster.petalsearch.com/site/petalbot)"
114.119.150.215 - - [14/Jan/2026:14:09:20 +0700] "GET /shop/page/4/?max_price=780&per_page=18&stock_status=instock,onsale HTTP/1.1" 301 579 "https://view.lotushomemade.com/shop?max_price=780&per_page=18&stock_status=instock%2Consale" "Mozilla/5.0 (Linux; Android 7.0;) AppleWebKit/537.36 (KHTML, like Gecko) Mobile Safari/537.36 (compatible; PetalBot;+https://webmaster.petalsearch.com/site/petalbot)"
114.119.150.215 - - [14/Jan/2026:14:09:21 +0700] "GET /shop/page/4/?max_price=780&per_page=18&stock_status=instock,onsale HTTP/1.1" 301 579 "https://view.lotushomemade.com/shop?max_price=780&per_page=18&stock_status=instock%2Consale" "Mozilla/5.0 (Linux; Android 7.0;) AppleWebKit/537.36 (KHTML, like Gecko) Mobile Safari/537.36 (compatible; PetalBot;+https://webmaster.petalsearch.com/site/petalbot)"
114.119.150.215 - - [14/Jan/2026:14:09:21 +0700] "GET /shop/page/4/?max_price=780&per_page=18&stock_status=instock,onsale HTTP/1.1" 301 579 "https://view.lotushomemade.com/shop?max_price=780&per_page=18&stock_status=instock%2Consale" "Mozilla/5.0 (Linux; Android 7.0;) AppleWebKit/537.36 (KHTML, like Gecko) Mobile Safari/537.36 (compatible; PetalBot;+https://webmaster.petalsearch.com/site/petalbot)"
114.119.150.215 - - [14/Jan/2026:14:09:22 +0700] "GET /shop/page/4/?max_price=780&per_page=18&stock_status=instock,onsale HTTP/1.1" 301 579 "https://view.lotushomemade.com/shop?max_price=780&per_page=18&stock_status=instock%2Consale" "Mozilla/5.0 (Linux; Android 7.0;) AppleWebKit/537.36 (KHTML, like Gecko) Mobile Safari/537.36 (compatible; PetalBot;+https://webmaster.petalsearch.com/site/petalbot)"
114.119.150.215 - - [14/Jan/2026:14:09:23 +0700] "GET /shop/page/4/?max_price=780&per_page=18&stock_status=instock,onsale HTTP/1.1" 301 579 "https://view.lotushomemade.com/shop?max_price=780&per_page=18&stock_status=instock%2Consale" "Mozilla/5.0 (Linux; Android 7.0;) AppleWebKit/537.36 (KHTML, like Gecko) Mobile Safari/537.36 (compatible; PetalBot;+https://webmaster.petalsearch.com/site/petalbot)"
114.119.150.215 - - [14/Jan/2026:14:09:23 +0700] "GET /shop/page/4/?max_price=780&per_page=18&stock_status=instock,onsale HTTP/1.1" 301 579 "https://view.lotushomemade.com/shop?max_price=780&per_page=18&stock_status=instock%2Consale" "Mozilla/5.0 (Linux; Android 7.0;) AppleWebKit/537.36 (KHTML, like Gecko) Mobile Safari/537.36 (compatible; PetalBot;+https://webmaster.petalsearch.com/site/petalbot)"
114.119.150.215 - - [14/Jan/2026:14:09:25 +0700] "GET /shop/page/4/?max_price=780&per_page=18&stock_status=instock,onsale HTTP/1.1" 301 579 "https://view.lotushomemade.com/shop?max_price=780&per_page=18&stock_status=instock%2Consale" "Mozilla/5.0 (Linux; Android 7.0;) AppleWebKit/537.36 (KHTML, like Gecko) Mobile Safari/537.36 (compatible; PetalBot;+https://webmaster.petalsearch.com/site/petalbot)"
103.131.51.123 - - [14/Jan/2026:14:11:14 +0700] "POST /wp-cron.php?doing_wp_cron=1768374674.3046789169311523437500 HTTP/1.1" 200 474 "-" "WordPress/6.9; https://view.lotushomemade.com"
114.119.151.206 - - [14/Jan/2026:14:11:10 +0700] "GET /shop/page/4/?max_price=520&per_page=12 HTTP/1.1" 200 40287 "https://view.lotushomemade.com/shop/page/6/?max_price=520&per_page=12" "Mozilla/5.0 (Linux; Android 7.0;) AppleWebKit/537.36 (KHTML, like Gecko) Mobile Safari/537.36 (compatible; PetalBot;+https://webmaster.petalsearch.com/site/petalbot)"
103.131.51.123 - - [14/Jan/2026:14:12:13 +0700] "POST /wp-cron.php?doing_wp_cron=1768374733.9331750869750976562500 HTTP/1.1" 200 474 "-" "WordPress/6.9; https://view.lotushomemade.com"
114.119.145.110 - - [14/Jan/2026:14:12:13 +0700] "GET /shop/page/4/?max_price=1050&stock_status=instock,onsale&per_row=4&shop_view=grid HTTP/1.1" 301 635 "https://view.lotushomemade.com/shop/?max_price=1050&stock_status=instock%2Consale&per_row=4&shop_view=grid" "Mozilla/5.0 (Linux; Android 7.0;) AppleWebKit/537.36 (KHTML, like Gecko) Mobile Safari/537.36 (compatible; PetalBot;+https://webmaster.petalsearch.com/site/petalbot)"
114.119.145.110 - - [14/Jan/2026:14:12:14 +0700] "GET /shop/page/4/?max_price=1050&stock_status=instock,onsale&per_row=4&shop_view=grid HTTP/1.1" 301 635 "https://view.lotushomemade.com/shop/?max_price=1050&stock_status=instock%2Consale&per_row=4&shop_view=grid" "Mozilla/5.0 (Linux; Android 7.0;) AppleWebKit/537.36 (KHTML, like Gecko) Mobile Safari/537.36 (compatible; PetalBot;+https://webmaster.petalsearch.com/site/petalbot)"
114.119.145.110 - - [14/Jan/2026:14:12:15 +0700] "GET /shop/page/4/?max_price=1050&stock_status=instock,onsale&per_row=4&shop_view=grid HTTP/1.1" 301 635 "https://view.lotushomemade.com/shop/?max_price=1050&stock_status=instock%2Consale&per_row=4&shop_view=grid" "Mozilla/5.0 (Linux; Android 7.0;) AppleWebKit/537.36 (KHTML, like Gecko) Mobile Safari/537.36 (compatible; PetalBot;+https://webmaster.petalsearch.com/site/petalbot)"
114.119.145.110 - - [14/Jan/2026:14:12:15 +0700] "GET /shop/page/4/?max_price=1050&stock_status=instock,onsale&per_row=4&shop_view=grid HTTP/1.1" 301 635 "https://view.lotushomemade.com/shop/?max_price=1050&stock_status=instock%2Consale&per_row=4&shop_view=grid" "Mozilla/5.0 (Linux; Android 7.0;) AppleWebKit/537.36 (KHTML, like Gecko) Mobile Safari/537.36 (compatible; PetalBot;+https://webmaster.petalsearch.com/site/petalbot)"
114.119.145.110 - - [14/Jan/2026:14:12:16 +0700] "GET /shop/page/4/?max_price=1050&stock_status=instock,onsale&per_row=4&shop_view=grid HTTP/1.1" 301 635 "https://view.lotushomemade.com/shop/?max_price=1050&stock_status=instock%2Consale&per_row=4&shop_view=grid" "Mozilla/5.0 (Linux; Android 7.0;) AppleWebKit/537.36 (KHTML, like Gecko) Mobile Safari/537.36 (compatible; PetalBot;+https://webmaster.petalsearch.com/site/petalbot)"
114.119.145.110 - - [14/Jan/2026:14:12:17 +0700] "GET /shop/page/4/?max_price=1050&stock_status=instock,onsale&per_row=4&shop_view=grid HTTP/1.1" 301 635 "https://view.lotushomemade.com/shop/?max_price=1050&stock_status=instock%2Consale&per_row=4&shop_view=grid" "Mozilla/5.0 (Linux; Android 7.0;) AppleWebKit/537.36 (KHTML, like Gecko) Mobile Safari/537.36 (compatible; PetalBot;+https://webmaster.petalsearch.com/site/petalbot)"
114.119.145.110 - - [14/Jan/2026:14:12:17 +0700] "GET /shop/page/4/?max_price=1050&stock_status=instock,onsale&per_row=4&shop_view=grid HTTP/1.1" 301 635 "https://view.lotushomemade.com/shop/?max_price=1050&stock_status=instock%2Consale&per_row=4&shop_view=grid" "Mozilla/5.0 (Linux; Android 7.0;) AppleWebKit/537.36 (KHTML, like Gecko) Mobile Safari/537.36 (compatible; PetalBot;+https://webmaster.petalsearch.com/site/petalbot)"
114.119.145.110 - - [14/Jan/2026:14:12:18 +0700] "GET /shop/page/4/?max_price=1050&stock_status=instock,onsale&per_row=4&shop_view=grid HTTP/1.1" 301 635 "https://view.lotushomemade.com/shop/?max_price=1050&stock_status=instock%2Consale&per_row=4&shop_view=grid" "Mozilla/5.0 (Linux; Android 7.0;) AppleWebKit/537.36 (KHTML, like Gecko) Mobile Safari/537.36 (compatible; PetalBot;+https://webmaster.petalsearch.com/site/petalbot)"
114.119.145.110 - - [14/Jan/2026:14:12:19 +0700] "GET /shop/page/4/?max_price=1050&stock_status=instock,onsale&per_row=4&shop_view=grid HTTP/1.1" 301 635 "https://view.lotushomemade.com/shop/?max_price=1050&stock_status=instock%2Consale&per_row=4&shop_view=grid" "Mozilla/5.0 (Linux; Android 7.0;) AppleWebKit/537.36 (KHTML, like Gecko) Mobile Safari/537.36 (compatible; PetalBot;+https://webmaster.petalsearch.com/site/petalbot)"
114.119.145.110 - - [14/Jan/2026:14:12:20 +0700] "GET /shop/page/4/?max_price=1050&stock_status=instock,onsale&per_row=4&shop_view=grid HTTP/1.1" 301 635 "https://view.lotushomemade.com/shop/?max_price=1050&stock_status=instock%2Consale&per_row=4&shop_view=grid" "Mozilla/5.0 (Linux; Android 7.0;) AppleWebKit/537.36 (KHTML, like Gecko) Mobile Safari/537.36 (compatible; PetalBot;+https://webmaster.petalsearch.com/site/petalbot)"
103.131.51.123 - - [14/Jan/2026:14:13:30 +0700] "POST /wp-cron.php?doing_wp_cron=1768374809.9574389457702636718750 HTTP/1.1" 200 474 "-" "WordPress/6.9; https://view.lotushomemade.com"
114.119.149.78 - - [14/Jan/2026:14:13:29 +0700] "GET /shop/page/4/?max_price=1040&stock_status=instock,onsale HTTP/1.1" 301 522 "https://view.lotushomemade.com/shop?max_price=1040&stock_status=instock%2Consale" "Mozilla/5.0 (Linux; Android 7.0;) AppleWebKit/537.36 (KHTML, like Gecko) Mobile Safari/537.36 (compatible; PetalBot;+https://webmaster.petalsearch.com/site/petalbot)"
114.119.149.78 - - [14/Jan/2026:14:13:30 +0700] "GET /shop/page/4/?max_price=1040&stock_status=instock,onsale HTTP/1.1" 301 522 "https://view.lotushomemade.com/shop?max_price=1040&stock_status=instock%2Consale" "Mozilla/5.0 (Linux; Android 7.0;) AppleWebKit/537.36 (KHTML, like Gecko) Mobile Safari/537.36 (compatible; PetalBot;+https://webmaster.petalsearch.com/site/petalbot)"
114.119.149.78 - - [14/Jan/2026:14:13:31 +0700] "GET /shop/page/4/?max_price=1040&stock_status=instock,onsale HTTP/1.1" 301 522 "https://view.lotushomemade.com/shop?max_price=1040&stock_status=instock%2Consale" "Mozilla/5.0 (Linux; Android 7.0;) AppleWebKit/537.36 (KHTML, like Gecko) Mobile Safari/537.36 (compatible; PetalBot;+https://webmaster.petalsearch.com/site/petalbot)"
114.119.149.78 - - [14/Jan/2026:14:13:31 +0700] "GET /shop/page/4/?max_price=1040&stock_status=instock,onsale HTTP/1.1" 301 522 "https://view.lotushomemade.com/shop?max_price=1040&stock_status=instock%2Consale" "Mozilla/5.0 (Linux; Android 7.0;) AppleWebKit/537.36 (KHTML, like Gecko) Mobile Safari/537.36 (compatible; PetalBot;+https://webmaster.petalsearch.com/site/petalbot)"
114.119.149.78 - - [14/Jan/2026:14:13:32 +0700] "GET /shop/page/4/?max_price=1040&stock_status=instock,onsale HTTP/1.1" 301 522 "https://view.lotushomemade.com/shop?max_price=1040&stock_status=instock%2Consale" "Mozilla/5.0 (Linux; Android 7.0;) AppleWebKit/537.36 (KHTML, like Gecko) Mobile Safari/537.36 (compatible; PetalBot;+https://webmaster.petalsearch.com/site/petalbot)"
103.131.51.123 - - [14/Jan/2026:14:13:33 +0700] "POST /wp-cron.php?doing_wp_cron=1768374813.6228671073913574218750 HTTP/1.1" 200 474 "-" "WordPress/6.9; https://view.lotushomemade.com"
114.119.149.78 - - [14/Jan/2026:14:13:33 +0700] "GET /shop/page/4/?max_price=1040&stock_status=instock,onsale HTTP/1.1" 301 522 "https://view.lotushomemade.com/shop?max_price=1040&stock_status=instock%2Consale" "Mozilla/5.0 (Linux; Android 7.0;) AppleWebKit/537.36 (KHTML, like Gecko) Mobile Safari/537.36 (compatible; PetalBot;+https://webmaster.petalsearch.com/site/petalbot)"
114.119.149.78 - - [14/Jan/2026:14:13:33 +0700] "GET /shop/page/4/?max_price=1040&stock_status=instock,onsale HTTP/1.1" 301 522 "https://view.lotushomemade.com/shop?max_price=1040&stock_status=instock%2Consale" "Mozilla/5.0 (Linux; Android 7.0;) AppleWebKit/537.36 (KHTML, like Gecko) Mobile Safari/537.36 (compatible; PetalBot;+https://webmaster.petalsearch.com/site/petalbot)"
114.119.149.78 - - [14/Jan/2026:14:13:34 +0700] "GET /shop/page/4/?max_price=1040&stock_status=instock,onsale HTTP/1.1" 301 522 "https://view.lotushomemade.com/shop?max_price=1040&stock_status=instock%2Consale" "Mozilla/5.0 (Linux; Android 7.0;) AppleWebKit/537.36 (KHTML, like Gecko) Mobile Safari/537.36 (compatible; PetalBot;+https://webmaster.petalsearch.com/site/petalbot)"
114.119.149.78 - - [14/Jan/2026:14:13:35 +0700] "GET /shop/page/4/?max_price=1040&stock_status=instock,onsale HTTP/1.1" 301 522 "https://view.lotushomemade.com/shop?max_price=1040&stock_status=instock%2Consale" "Mozilla/5.0 (Linux; Android 7.0;) AppleWebKit/537.36 (KHTML, like Gecko) Mobile Safari/537.36 (compatible; PetalBot;+https://webmaster.petalsearch.com/site/petalbot)"
114.119.149.78 - - [14/Jan/2026:14:13:36 +0700] "GET /shop/page/4/?max_price=1040&stock_status=instock,onsale HTTP/1.1" 301 522 "https://view.lotushomemade.com/shop?max_price=1040&stock_status=instock%2Consale" "Mozilla/5.0 (Linux; Android 7.0;) AppleWebKit/537.36 (KHTML, like Gecko) Mobile Safari/537.36 (compatible; PetalBot;+https://webmaster.petalsearch.com/site/petalbot)"
66.249.70.99 - - [14/Jan/2026:14:14:13 +0700] "GET /product/peanut-butter-kuih-kapit-tin/?add-to-cart=17279 HTTP/1.1" 200 38579 "-" "Mozilla/5.0 (Linux; Android 6.0.1; Nexus 5X Build/MMB29P) AppleWebKit/537.36 (KHTML, like Gecko) Chrome/143.0.7499.192 Mobile Safari/537.36 (compatible; Googlebot/2.1; +http://www.google.com/bot.html)"
103.131.51.123 - - [14/Jan/2026:14:14:55 +0700] "POST /wp-cron.php?doing_wp_cron=1768374895.9140961170196533203125 HTTP/1.1" 200 474 "-" "WordPress/6.9; https://view.lotushomemade.com"
114.119.156.27 - - [14/Jan/2026:14:14:54 +0700] "GET /shop/page/4/?max_price=1040&shop_view=grid&per_row=6 HTTP/1.1" 200 40350 "https://view.lotushomemade.com/shop?max_price=1040&shop_view=grid&per_row=6" "Mozilla/5.0 (Linux; Android 7.0;) AppleWebKit/537.36 (KHTML, like Gecko) Mobile Safari/537.36 (compatible; PetalBot;+https://webmaster.petalsearch.com/site/petalbot)"
103.131.51.123 - - [14/Jan/2026:14:16:05 +0700] "POST /wp-cron.php?doing_wp_cron=1768374965.8693890571594238281250 HTTP/1.1" 200 474 "-" "WordPress/6.9; https://view.lotushomemade.com"
66.249.70.98 - - [14/Jan/2026:14:16:04 +0700] "GET /product/traditional-kapet_9001-xxl/ HTTP/1.1" 200 37033 "-" "Mozilla/5.0 (compatible; Googlebot/2.1; +http://www.google.com/bot.html)"
114.119.156.27 - - [14/Jan/2026:14:16:22 +0700] "GET /shop/page/3?stock_status=instock,onsale&per_page=24&shop_view=grid&per_row=2 HTTP/1.1" 301 678 "https://view.lotushomemade.com/shop/?stock_status=instock%2Consale&per_page=24&shop_view=grid&per_row=2" "Mozilla/5.0 (Linux; Android 7.0;) AppleWebKit/537.36 (KHTML, like Gecko) Mobile Safari/537.36 (compatible; PetalBot;+https://webmaster.petalsearch.com/site/petalbot)"
