40.77.179.147 - - [14/Jan/2026:10:57:10 +0700] "GET /wp-content/themes/woodmart/js/scripts/wc/stickyDetails.min.js?ver=7.2.5 HTTP/2" 200 351 "https://view.lotushomemade.com/product/peanut-cookies-l/" "Mozilla/5.0 AppleWebKit/537.36 (KHTML, like Gecko; compatible; bingbot/2.0; +http://www.bing.com/bingbot.htm) Chrome/136.0.0.0 Safari/537.36"
40.77.179.147 - - [14/Jan/2026:10:57:12 +0700] "POST /?wc-ajax=get_refreshed_fragments HTTP/2" 200 556 "https://view.lotushomemade.com/product/peanut-cookies-l/" "Mozilla/5.0 AppleWebKit/537.36 (KHTML, like Gecko; compatible; bingbot/2.0; +http://www.bing.com/bingbot.htm) Chrome/136.0.0.0 Safari/537.36"
103.131.51.123 - - [14/Jan/2026:10:58:24 +0700] "POST /wp-cron.php?doing_wp_cron=1768363104.8888459205627441406250 HTTP/1.1" 200 474 "-" "WordPress/6.9; https://view.lotushomemade.com"
114.119.142.208 - - [14/Jan/2026:10:58:24 +0700] "GET /shop/page/17?orderby=rating&stock_status=instock&per_page=12 HTTP/1.1" 301 572 "https://view.lotushomemade.com/shop/page/18/?orderby=rating&stock_status=instock&per_page=12" "Mozilla/5.0 (Linux; Android 7.0;) AppleWebKit/537.36 (KHTML, like Gecko) Mobile Safari/537.36 (compatible; PetalBot;+https://webmaster.petalsearch.com/site/petalbot)"
114.119.142.208 - - [14/Jan/2026:10:58:24 +0700] "GET /shop/page/17/?orderby=rating&stock_status=instock&per_page=12 HTTP/1.1" 200 39538 "https://view.lotushomemade.com/shop/page/18/?orderby=rating&stock_status=instock&per_page=12" "Mozilla/5.0 (Linux; Android 7.0;) AppleWebKit/537.36 (KHTML, like Gecko) Mobile Safari/537.36 (compatible; PetalBot;+https://webmaster.petalsearch.com/site/petalbot)"
103.131.51.123 - - [14/Jan/2026:10:59:51 +0700] "POST /wp-cron.php?doing_wp_cron=1768363191.3388140201568603515625 HTTP/1.1" 200 474 "-" "WordPress/6.9; https://view.lotushomemade.com"
114.119.149.78 - - [14/Jan/2026:10:59:48 +0700] "GET /shop/page/17?orderby=rating&per_row=6&shop_view=grid&stock_status=onsale HTTP/1.1" 301 626 "https://view.lotushomemade.com/shop/page/14/?orderby=rating&per_row=6&shop_view=grid&stock_status=onsale" "Mozilla/5.0 (Linux; Android 7.0;) AppleWebKit/537.36 (KHTML, like Gecko) Mobile Safari/537.36 (compatible; PetalBot;+https://webmaster.petalsearch.com/site/petalbot)"
114.119.149.78 - - [14/Jan/2026:10:59:52 +0700] "GET /shop/page/17/?orderby=rating&per_row=6&shop_view=grid&stock_status=onsale HTTP/1.1" 200 39586 "https://view.lotushomemade.com/shop/page/14/?orderby=rating&per_row=6&shop_view=grid&stock_status=onsale" "Mozilla/5.0 (Linux; Android 7.0;) AppleWebKit/537.36 (KHTML, like Gecko) Mobile Safari/537.36 (compatible; PetalBot;+https://webmaster.petalsearch.com/site/petalbot)"
103.131.51.123 - - [14/Jan/2026:11:01:14 +0700] "POST /wp-cron.php?doing_wp_cron=1768363274.6366469860076904296875 HTTP/1.1" 200 474 "-" "WordPress/6.9; https://view.lotushomemade.com"
114.119.156.27 - - [14/Jan/2026:11:01:12 +0700] "GET /shop/page/46/?stock_status=instock,onsale&per_row=2&shop_view=grid&per_page=8 HTTP/1.1" 301 677 "https://view.lotushomemade.com/shop/?stock_status=instock%2Consale&per_row=2&shop_view=grid&per_page=8" "Mozilla/5.0 (Linux; Android 7.0;) AppleWebKit/537.36 (KHTML, like Gecko) Mobile Safari/537.36 (compatible; PetalBot;+https://webmaster.petalsearch.com/site/petalbot)"
114.119.156.27 - - [14/Jan/2026:11:01:14 +0700] "GET /shop/page/46/?stock_status=instock,onsale&per_row=2&shop_view=grid&per_page=8 HTTP/1.1" 301 677 "https://view.lotushomemade.com/shop/?stock_status=instock%2Consale&per_row=2&shop_view=grid&per_page=8" "Mozilla/5.0 (Linux; Android 7.0;) AppleWebKit/537.36 (KHTML, like Gecko) Mobile Safari/537.36 (compatible; PetalBot;+https://webmaster.petalsearch.com/site/petalbot)"
114.119.156.27 - - [14/Jan/2026:11:01:15 +0700] "GET /shop/page/46/?stock_status=instock,onsale&per_row=2&shop_view=grid&per_page=8 HTTP/1.1" 301 677 "https://view.lotushomemade.com/shop/?stock_status=instock%2Consale&per_row=2&shop_view=grid&per_page=8" "Mozilla/5.0 (Linux; Android 7.0;) AppleWebKit/537.36 (KHTML, like Gecko) Mobile Safari/537.36 (compatible; PetalBot;+https://webmaster.petalsearch.com/site/petalbot)"
114.119.156.27 - - [14/Jan/2026:11:01:15 +0700] "GET /shop/page/46/?stock_status=instock,onsale&per_row=2&shop_view=grid&per_page=8 HTTP/1.1" 301 677 "https://view.lotushomemade.com/shop/?stock_status=instock%2Consale&per_row=2&shop_view=grid&per_page=8" "Mozilla/5.0 (Linux; Android 7.0;) AppleWebKit/537.36 (KHTML, like Gecko) Mobile Safari/537.36 (compatible; PetalBot;+https://webmaster.petalsearch.com/site/petalbot)"
114.119.156.27 - - [14/Jan/2026:11:01:16 +0700] "GET /shop/page/46/?stock_status=instock,onsale&per_row=2&shop_view=grid&per_page=8 HTTP/1.1" 301 677 "https://view.lotushomemade.com/shop/?stock_status=instock%2Consale&per_row=2&shop_view=grid&per_page=8" "Mozilla/5.0 (Linux; Android 7.0;) AppleWebKit/537.36 (KHTML, like Gecko) Mobile Safari/537.36 (compatible; PetalBot;+https://webmaster.petalsearch.com/site/petalbot)"
114.119.156.27 - - [14/Jan/2026:11:01:16 +0700] "GET /shop/page/46/?stock_status=instock,onsale&per_row=2&shop_view=grid&per_page=8 HTTP/1.1" 301 677 "https://view.lotushomemade.com/shop/?stock_status=instock%2Consale&per_row=2&shop_view=grid&per_page=8" "Mozilla/5.0 (Linux; Android 7.0;) AppleWebKit/537.36 (KHTML, like Gecko) Mobile Safari/537.36 (compatible; PetalBot;+https://webmaster.petalsearch.com/site/petalbot)"
114.119.156.27 - - [14/Jan/2026:11:01:17 +0700] "GET /shop/page/46/?stock_status=instock,onsale&per_row=2&shop_view=grid&per_page=8 HTTP/1.1" 301 677 "https://view.lotushomemade.com/shop/?stock_status=instock%2Consale&per_row=2&shop_view=grid&per_page=8" "Mozilla/5.0 (Linux; Android 7.0;) AppleWebKit/537.36 (KHTML, like Gecko) Mobile Safari/537.36 (compatible; PetalBot;+https://webmaster.petalsearch.com/site/petalbot)"
114.119.156.27 - - [14/Jan/2026:11:01:17 +0700] "GET /shop/page/46/?stock_status=instock,onsale&per_row=2&shop_view=grid&per_page=8 HTTP/1.1" 301 677 "https://view.lotushomemade.com/shop/?stock_status=instock%2Consale&per_row=2&shop_view=grid&per_page=8" "Mozilla/5.0 (Linux; Android 7.0;) AppleWebKit/537.36 (KHTML, like Gecko) Mobile Safari/537.36 (compatible; PetalBot;+https://webmaster.petalsearch.com/site/petalbot)"
114.119.156.27 - - [14/Jan/2026:11:01:18 +0700] "GET /shop/page/46/?stock_status=instock,onsale&per_row=2&shop_view=grid&per_page=8 HTTP/1.1" 301 677 "https://view.lotushomemade.com/shop/?stock_status=instock%2Consale&per_row=2&shop_view=grid&per_page=8" "Mozilla/5.0 (Linux; Android 7.0;) AppleWebKit/537.36 (KHTML, like Gecko) Mobile Safari/537.36 (compatible; PetalBot;+https://webmaster.petalsearch.com/site/petalbot)"
114.119.156.27 - - [14/Jan/2026:11:01:18 +0700] "GET /shop/page/46/?stock_status=instock,onsale&per_row=2&shop_view=grid&per_page=8 HTTP/1.1" 301 677 "https://view.lotushomemade.com/shop/?stock_status=instock%2Consale&per_row=2&shop_view=grid&per_page=8" "Mozilla/5.0 (Linux; Android 7.0;) AppleWebKit/537.36 (KHTML, like Gecko) Mobile Safari/537.36 (compatible; PetalBot;+https://webmaster.petalsearch.com/site/petalbot)"
114.119.145.110 - - [14/Jan/2026:11:02:40 +0700] "GET /shop/page/45/?orderby=date&per_page=8&stock_status=onsale HTTP/1.1" 200 39171 "https://view.lotushomemade.com/shop/page/42/?orderby=date&per_page=8&stock_status=onsale" "Mozilla/5.0 (Linux; Android 7.0;) AppleWebKit/537.36 (KHTML, like Gecko) Mobile Safari/537.36 (compatible; PetalBot;+https://webmaster.petalsearch.com/site/petalbot)"
103.131.51.123 - - [14/Jan/2026:11:04:01 +0700] "POST /wp-cron.php?doing_wp_cron=1768363441.1818559169769287109375 HTTP/1.1" 200 474 "-" "WordPress/6.9; https://view.lotushomemade.com"
114.119.151.206 - - [14/Jan/2026:11:03:59 +0700] "GET /shop/page/32/?orderby=rating&stock_status=onsale HTTP/1.1" 200 39867 "https://view.lotushomemade.com/shop/page/22/?orderby=rating&stock_status=onsale" "Mozilla/5.0 (Linux; Android 7.0;) AppleWebKit/537.36 (KHTML, like Gecko) Mobile Safari/537.36 (compatible; PetalBot;+https://webmaster.petalsearch.com/site/petalbot)"
103.131.51.123 - - [14/Jan/2026:11:05:26 +0700] "POST /wp-cron.php?doing_wp_cron=1768363526.6788129806518554687500 HTTP/1.1" 200 474 "-" "WordPress/6.9; https://view.lotushomemade.com"
114.119.151.206 - - [14/Jan/2026:11:05:22 +0700] "GET /shop/page/31/?max_price=520&per_row=2&shop_view=grid&per_page=12 HTTP/1.1" 200 40310 "https://view.lotushomemade.com/shop/page/5/?max_price=520&per_row=2&shop_view=grid&per_page=12" "Mozilla/5.0 (Linux; Android 7.0;) AppleWebKit/537.36 (KHTML, like Gecko) Mobile Safari/537.36 (compatible; PetalBot;+https://webmaster.petalsearch.com/site/petalbot)"
103.131.51.123 - - [14/Jan/2026:11:06:23 +0700] "POST /wp-cron.php?doing_wp_cron=1768363583.0647261142730712890625 HTTP/1.1" 200 474 "-" "WordPress/6.9; https://view.lotushomemade.com"
57.141.16.24 - - [14/Jan/2026:11:06:21 +0700] "GET /shop/page/13/?per_page=12&stock_status=onsale HTTP/2" 200 241499 "-" "meta-externalagent/1.1 (+https://developers.facebook.com/docs/sharing/webmasters/crawler)"
103.131.51.123 - - [14/Jan/2026:11:06:51 +0700] "POST /wp-cron.php?doing_wp_cron=1768363611.3836600780487060546875 HTTP/1.1" 200 474 "-" "WordPress/6.9; https://view.lotushomemade.com"
114.119.150.215 - - [14/Jan/2026:11:06:49 +0700] "GET /shop/page/3/?orderby=price-desc&per_row=6&per_page=12&shop_view=grid HTTP/1.1" 200 40296 "https://view.lotushomemade.com/shop/page/2?orderby=price-desc&per_row=6&per_page=12&shop_view=grid" "Mozilla/5.0 (Linux; Android 7.0;) AppleWebKit/537.36 (KHTML, like Gecko) Mobile Safari/537.36 (compatible; PetalBot;+https://webmaster.petalsearch.com/site/petalbot)"
114.119.151.206 - - [14/Jan/2026:11:08:15 +0700] "GET /shop/page/21/?orderby=popularity&per_row=6&shop_view=grid&per_page=18 HTTP/1.1" 200 40765 "https://view.lotushomemade.com/shop/page/22/?orderby=popularity&per_row=6&shop_view=grid&per_page=18" "Mozilla/5.0 (Linux; Android 7.0;) AppleWebKit/537.36 (KHTML, like Gecko) Mobile Safari/537.36 (compatible; PetalBot;+https://webmaster.petalsearch.com/site/petalbot)"
103.131.51.123 - - [14/Jan/2026:11:08:19 +0700] "POST /wp-cron.php?doing_wp_cron=1768363699.1049408912658691406250 HTTP/1.1" 200 474 "-" "WordPress/6.9; https://view.lotushomemade.com"
103.131.51.123 - - [14/Jan/2026:11:09:36 +0700] "POST /wp-cron.php?doing_wp_cron=1768363776.7494750022888183593750 HTTP/1.1" 200 474 "-" "WordPress/6.9; https://view.lotushomemade.com"
114.119.149.78 - - [14/Jan/2026:11:09:34 +0700] "GET /shop/page/17?orderby=rating&per_page=18&stock_status=instock HTTP/1.1" 301 572 "https://view.lotushomemade.com/shop/page/18/?orderby=rating&per_page=18&stock_status=instock" "Mozilla/5.0 (Linux; Android 7.0;) AppleWebKit/537.36 (KHTML, like Gecko) Mobile Safari/537.36 (compatible; PetalBot;+https://webmaster.petalsearch.com/site/petalbot)"
114.119.149.78 - - [14/Jan/2026:11:09:36 +0700] "GET /shop/page/17/?orderby=rating&per_page=18&stock_status=instock HTTP/1.1" 200 40523 "https://view.lotushomemade.com/shop/page/18/?orderby=rating&per_page=18&stock_status=instock" "Mozilla/5.0 (Linux; Android 7.0;) AppleWebKit/537.36 (KHTML, like Gecko) Mobile Safari/537.36 (compatible; PetalBot;+https://webmaster.petalsearch.com/site/petalbot)"
66.249.70.99 - - [14/Jan/2026:11:10:02 +0700] "GET /wp-content/uploads/2023/11/1072.png HTTP/1.1" 200 809313 "-" "Googlebot-Image/1.0"
103.131.51.123 - - [14/Jan/2026:11:11:01 +0700] "POST /wp-cron.php?doing_wp_cron=1768363861.8072209358215332031250 HTTP/1.1" 200 474 "-" "WordPress/6.9; https://view.lotushomemade.com"
114.119.151.206 - - [14/Jan/2026:11:10:59 +0700] "GET /shop/page/17?orderby=price-desc&stock_status=instock&per_row=4&shop_view=grid HTTP/1.1" 301 631 "https://view.lotushomemade.com/shop/page/16/?orderby=price-desc&stock_status=instock&per_row=4&shop_view=grid" "Mozilla/5.0 (Linux; Android 7.0;) AppleWebKit/537.36 (KHTML, like Gecko) Mobile Safari/537.36 (compatible; PetalBot;+https://webmaster.petalsearch.com/site/petalbot)"
114.119.151.206 - - [14/Jan/2026:11:11:02 +0700] "GET /shop/page/17/?orderby=price-desc&stock_status=instock&per_row=4&shop_view=grid HTTP/1.1" 200 40291 "https://view.lotushomemade.com/shop/page/16/?orderby=price-desc&stock_status=instock&per_row=4&shop_view=grid" "Mozilla/5.0 (Linux; Android 7.0;) AppleWebKit/537.36 (KHTML, like Gecko) Mobile Safari/537.36 (compatible; PetalBot;+https://webmaster.petalsearch.com/site/petalbot)"
103.131.51.123 - - [14/Jan/2026:11:12:23 +0700] "POST /wp-cron.php?doing_wp_cron=1768363943.7599101066589355468750 HTTP/1.1" 200 474 "-" "WordPress/6.9; https://view.lotushomemade.com"
114.119.150.215 - - [14/Jan/2026:11:12:21 +0700] "GET /shop/page/17?orderby=popularity&stock_status=instock&per_row=6&shop_view=grid HTTP/1.1" 301 631 "https://view.lotushomemade.com/shop/page/18/?orderby=popularity&stock_status=instock&per_row=6&shop_view=grid" "Mozilla/5.0 (Linux; Android 7.0;) AppleWebKit/537.36 (KHTML, like Gecko) Mobile Safari/537.36 (compatible; PetalBot;+https://webmaster.petalsearch.com/site/petalbot)"
114.119.150.215 - - [14/Jan/2026:11:12:23 +0700] "GET /shop/page/17/?orderby=popularity&stock_status=instock&per_row=6&shop_view=grid HTTP/1.1" 200 39703 "https://view.lotushomemade.com/shop/page/18/?orderby=popularity&stock_status=instock&per_row=6&shop_view=grid" "Mozilla/5.0 (Linux; Android 7.0;) AppleWebKit/537.36 (KHTML, like Gecko) Mobile Safari/537.36 (compatible; PetalBot;+https://webmaster.petalsearch.com/site/petalbot)"
103.131.51.123 - - [14/Jan/2026:11:13:47 +0700] "POST /wp-cron.php?doing_wp_cron=1768364027.0291540622711181640625 HTTP/1.1" 200 474 "-" "WordPress/6.9; https://view.lotushomemade.com"
114.119.150.215 - - [14/Jan/2026:11:13:44 +0700] "GET /shop/page/17?orderby=popularity&per_row=4&shop_view=grid&per_page=18 HTTP/1.1" 301 668 "https://view.lotushomemade.com/shop/page/14/?orderby=popularity&per_row=4&shop_view=grid&per_page=18" "Mozilla/5.0 (Linux; Android 7.0;) AppleWebKit/537.36 (KHTML, like Gecko) Mobile Safari/537.36 (compatible; PetalBot;+https://webmaster.petalsearch.com/site/petalbot)"
114.119.150.215 - - [14/Jan/2026:11:13:47 +0700] "GET /shop/page/17/?orderby=popularity&per_row=4&shop_view=grid&per_page=18 HTTP/1.1" 200 40469 "https://view.lotushomemade.com/shop/page/14/?orderby=popularity&per_row=4&shop_view=grid&per_page=18" "Mozilla/5.0 (Linux; Android 7.0;) AppleWebKit/537.36 (KHTML, like Gecko) Mobile Safari/537.36 (compatible; PetalBot;+https://webmaster.petalsearch.com/site/petalbot)"
103.131.51.123 - - [14/Jan/2026:11:15:10 +0700] "POST /wp-cron.php?doing_wp_cron=1768364110.3124959468841552734375 HTTP/1.1" 200 474 "-" "WordPress/6.9; https://view.lotushomemade.com"
114.119.150.215 - - [14/Jan/2026:11:15:08 +0700] "GET /shop/page/17?orderby=popularity&per_page=8 HTTP/1.1" 301 553 "https://view.lotushomemade.com/shop/page/17/?orderby=popularity&per_page=8" "Mozilla/5.0 (Linux; Android 7.0;) AppleWebKit/537.36 (KHTML, like Gecko) Mobile Safari/537.36 (compatible; PetalBot;+https://webmaster.petalsearch.com/site/petalbot)"
114.119.150.215 - - [14/Jan/2026:11:15:10 +0700] "GET /shop/page/17/?orderby=popularity&per_page=8 HTTP/1.1" 200 39248 "https://view.lotushomemade.com/shop/page/17/?orderby=popularity&per_page=8" "Mozilla/5.0 (Linux; Android 7.0;) AppleWebKit/537.36 (KHTML, like Gecko) Mobile Safari/537.36 (compatible; PetalBot;+https://webmaster.petalsearch.com/site/petalbot)"
114.119.142.208 - - [14/Jan/2026:11:16:31 +0700] "GET /shop/page/17?orderby=date&stock_status=onsale&per_row=2&shop_view=grid HTTP/1.1" 301 624 "https://view.lotushomemade.com/shop/page/18/?orderby=date&stock_status=onsale&per_row=2&shop_view=grid" "Mozilla/5.0 (Linux; Android 7.0;) AppleWebKit/537.36 (KHTML, like Gecko) Mobile Safari/537.36 (compatible; PetalBot;+https://webmaster.petalsearch.com/site/petalbot)"
114.119.142.208 - - [14/Jan/2026:11:16:38 +0700] "GET /shop/page/17/?orderby=date&stock_status=onsale&per_row=2&shop_view=grid HTTP/1.1" 200 39602 "https://view.lotushomemade.com/shop/page/18/?orderby=date&stock_status=onsale&per_row=2&shop_view=grid" "Mozilla/5.0 (Linux; Android 7.0;) AppleWebKit/537.36 (KHTML, like Gecko) Mobile Safari/537.36 (compatible; PetalBot;+https://webmaster.petalsearch.com/site/petalbot)"
103.131.51.123 - - [14/Jan/2026:11:17:59 +0700] "POST /wp-cron.php?doing_wp_cron=1768364279.0229868888854980468750 HTTP/1.1" 200 474 "-" "WordPress/6.9; https://view.lotushomemade.com"
114.119.149.78 - - [14/Jan/2026:11:17:56 +0700] "GET /shop/page/17?orderby=date&stock_status=instock&shop_view=grid&per_row=2 HTTP/1.1" 301 625 "https://view.lotushomemade.com/shop/page/16/?orderby=date&stock_status=instock&shop_view=grid&per_row=2" "Mozilla/5.0 (Linux; Android 7.0;) AppleWebKit/537.36 (KHTML, like Gecko) Mobile Safari/537.36 (compatible; PetalBot;+https://webmaster.petalsearch.com/site/petalbot)"
114.119.149.78 - - [14/Jan/2026:11:17:59 +0700] "GET /shop/page/17/?orderby=date&stock_status=instock&shop_view=grid&per_row=2 HTTP/1.1" 200 39585 "https://view.lotushomemade.com/shop/page/16/?orderby=date&stock_status=instock&shop_view=grid&per_row=2" "Mozilla/5.0 (Linux; Android 7.0;) AppleWebKit/537.36 (KHTML, like Gecko) Mobile Safari/537.36 (compatible; PetalBot;+https://webmaster.petalsearch.com/site/petalbot)"
103.131.51.123 - - [14/Jan/2026:11:19:21 +0700] "POST /wp-cron.php?doing_wp_cron=1768364361.2466430664062500000000 HTTP/1.1" 200 474 "-" "WordPress/6.9; https://view.lotushomemade.com"
114.119.151.206 - - [14/Jan/2026:11:19:18 +0700] "GET /shop/page/17?orderby=date&shop_view=grid&per_row=4 HTTP/1.1" 301 604 "https://view.lotushomemade.com/shop/page/17/?orderby=date&shop_view=grid&per_row=4" "Mozilla/5.0 (Linux; Android 7.0;) AppleWebKit/537.36 (KHTML, like Gecko) Mobile Safari/537.36 (compatible; PetalBot;+https://webmaster.petalsearch.com/site/petalbot)"
114.119.151.206 - - [14/Jan/2026:11:19:21 +0700] "GET /shop/page/17/?orderby=date&shop_view=grid&per_row=4 HTTP/1.1" 200 39537 "https://view.lotushomemade.com/shop/page/17/?orderby=date&shop_view=grid&per_row=4" "Mozilla/5.0 (Linux; Android 7.0;) AppleWebKit/537.36 (KHTML, like Gecko) Mobile Safari/537.36 (compatible; PetalBot;+https://webmaster.petalsearch.com/site/petalbot)"
103.131.51.123 - - [14/Jan/2026:11:20:03 +0700] "POST /wp-cron.php?doing_wp_cron=1768364403.8450229167938232421875 HTTP/1.1" 200 474 "-" "WordPress/6.9; https://view.lotushomemade.com"
43.173.178.85 - - [14/Jan/2026:11:19:58 +0700] "GET / HTTP/1.1" 200 862111 "http://view.lotushomemade.com/" "Mozilla/5.0 (Windows NT 10.0; Win64; x64) AppleWebKit/537.36 (KHTML, like Gecko) Chrome/116.0.0.0 Safari/537.36"
43.173.182.130 - - [14/Jan/2026:11:20:13 +0700] "GET / HTTP/1.1" 200 862075 "http://view.lotushomemade.com" "Mozilla/5.0 (Windows NT 10.0; Win64; x64) AppleWebKit/537.36 (KHTML, like Gecko) Chrome/108.0.0.0 Safari/537.36"
103.131.51.123 - - [14/Jan/2026:11:20:43 +0700] "POST /wp-cron.php?doing_wp_cron=1768364443.8751289844512939453125 HTTP/1.1" 200 474 "-" "WordPress/6.9; https://view.lotushomemade.com"
114.119.148.197 - - [14/Jan/2026:11:20:43 +0700] "GET /shop/page/17?orderby=date&per_page=12 HTTP/1.1" 301 549 "https://view.lotushomemade.com/shop/page/15/?orderby=date&per_page=12" "Mozilla/5.0 (Linux; Android 7.0;) AppleWebKit/537.36 (KHTML, like Gecko) Mobile Safari/537.36 (compatible; PetalBot;+https://webmaster.petalsearch.com/site/petalbot)"
114.119.148.197 - - [14/Jan/2026:11:20:43 +0700] "GET /shop/page/17/?orderby=date&per_page=12 HTTP/1.1" 200 39448 "https://view.lotushomemade.com/shop/page/15/?orderby=date&per_page=12" "Mozilla/5.0 (Linux; Android 7.0;) AppleWebKit/537.36 (KHTML, like Gecko) Mobile Safari/537.36 (compatible; PetalBot;+https://webmaster.petalsearch.com/site/petalbot)"
103.131.51.123 - - [14/Jan/2026:11:21:33 +0700] "POST /wp-cron.php?doing_wp_cron=1768364493.5417249202728271484375 HTTP/1.1" 200 474 "-" "WordPress/6.9; https://view.lotushomemade.com"
57.141.16.29 - - [14/Jan/2026:11:21:32 +0700] "GET /shop/page/41/?stock_status=instock&per_page=8&shop_view=grid&per_row=4 HTTP/2" 200 230149 "-" "meta-externalagent/1.1 (+https://developers.facebook.com/docs/sharing/webmasters/crawler)"
114.119.130.97 - - [14/Jan/2026:11:22:15 +0700] "GET /shop/page/17?min_price=0&max_price=260&stock_status=onsale HTTP/1.1" 301 524 "https://view.lotushomemade.com/shop/page/15/?min_price=0&max_price=260&stock_status=onsale" "Mozilla/5.0 (Linux; Android 7.0;) AppleWebKit/537.36 (KHTML, like Gecko) Mobile Safari/537.36 (compatible; PetalBot;+https://webmaster.petalsearch.com/site/petalbot)"
114.119.130.97 - - [14/Jan/2026:11:22:17 +0700] "GET /shop/page/17/?min_price=0&max_price=260&stock_status=onsale HTTP/1.1" 200 40131 "https://view.lotushomemade.com/shop/page/15/?min_price=0&max_price=260&stock_status=onsale" "Mozilla/5.0 (Linux; Android 7.0;) AppleWebKit/537.36 (KHTML, like Gecko) Mobile Safari/537.36 (compatible; PetalBot;+https://webmaster.petalsearch.com/site/petalbot)"
103.131.51.123 - - [14/Jan/2026:11:24:09 +0700] "POST /wp-cron.php?doing_wp_cron=1768364649.7299220561981201171875 HTTP/1.1" 200 474 "-" "WordPress/6.9; https://view.lotushomemade.com"
114.119.149.78 - - [14/Jan/2026:11:24:07 +0700] "GET /shop?stock_status=instock,onsale&shop_view=grid&per_row=2 HTTP/1.1" 301 611 "https://view.lotushomemade.com/shop/?stock_status=instock%2Consale" "Mozilla/5.0 (Linux; Android 7.0;) AppleWebKit/537.36 (KHTML, like Gecko) Mobile Safari/537.36 (compatible; PetalBot;+https://webmaster.petalsearch.com/site/petalbot)"
114.119.149.78 - - [14/Jan/2026:11:24:11 +0700] "GET /shop/?stock_status=instock,onsale&shop_view=grid&per_row=2 HTTP/1.1" 200 41070 "https://view.lotushomemade.com/shop/?stock_status=instock%2Consale" "Mozilla/5.0 (Linux; Android 7.0;) AppleWebKit/537.36 (KHTML, like Gecko) Mobile Safari/537.36 (compatible; PetalBot;+https://webmaster.petalsearch.com/site/petalbot)"
103.131.51.123 - - [14/Jan/2026:11:24:15 +0700] "POST /wp-admin/admin-ajax.php?action=wp_1_wc_privacy_cleanup&nonce=a9f7833799 HTTP/1.1" 200 678 "-" "WordPress/6.9; https://view.lotushomemade.com"
103.131.51.123 - - [14/Jan/2026:11:24:55 +0700] "POST /wp-cron.php?doing_wp_cron=1768364695.2789011001586914062500 HTTP/1.1" 200 474 "-" "WordPress/6.9; https://view.lotushomemade.com"
114.119.130.97 - - [14/Jan/2026:11:24:54 +0700] "GET /shop?stock_status=instock,onsale&per_row=2&shop_view=grid HTTP/1.1" 301 611 "https://view.lotushomemade.com/shop?stock_status=instock%2Consale&shop_view=grid&per_row=6" "Mozilla/5.0 (Linux; Android 7.0;) AppleWebKit/537.36 (KHTML, like Gecko) Mobile Safari/537.36 (compatible; PetalBot;+https://webmaster.petalsearch.com/site/petalbot)"
114.119.130.97 - - [14/Jan/2026:11:24:55 +0700] "GET /shop/?stock_status=instock,onsale&per_row=2&shop_view=grid HTTP/1.1" 200 41069 "https://view.lotushomemade.com/shop?stock_status=instock%2Consale&shop_view=grid&per_row=6" "Mozilla/5.0 (Linux; Android 7.0;) AppleWebKit/537.36 (KHTML, like Gecko) Mobile Safari/537.36 (compatible; PetalBot;+https://webmaster.petalsearch.com/site/petalbot)"
103.131.51.123 - - [14/Jan/2026:11:26:21 +0700] "POST /wp-cron.php?doing_wp_cron=1768364781.3012430667877197265625 HTTP/1.1" 200 474 "-" "WordPress/6.9; https://view.lotushomemade.com"
114.119.130.97 - - [14/Jan/2026:11:26:18 +0700] "GET /shop?max_price=1050&per_page=24&stock_status=instock,onsale HTTP/1.1" 301 571 "https://view.lotushomemade.com/shop/page/8?max_price=1050&stock_status=onsale&per_page=24" "Mozilla/5.0 (Linux; Android 7.0;) AppleWebKit/537.36 (KHTML, like Gecko) Mobile Safari/537.36 (compatible; PetalBot;+https://webmaster.petalsearch.com/site/petalbot)"
114.119.130.97 - - [14/Jan/2026:11:26:21 +0700] "GET /shop/?max_price=1050&per_page=24&stock_status=instock,onsale HTTP/1.1" 200 43462 "https://view.lotushomemade.com/shop/page/8?max_price=1050&stock_status=onsale&per_page=24" "Mozilla/5.0 (Linux; Android 7.0;) AppleWebKit/537.36 (KHTML, like Gecko) Mobile Safari/537.36 (compatible; PetalBot;+https://webmaster.petalsearch.com/site/petalbot)"
103.131.51.123 - - [14/Jan/2026:11:27:45 +0700] "POST /wp-cron.php?doing_wp_cron=1768364865.3945429325103759765625 HTTP/1.1" 200 474 "-" "WordPress/6.9; https://view.lotushomemade.com"
114.119.156.27 - - [14/Jan/2026:11:27:41 +0700] "GET /shop/page/9/?per_row=6&per_page=18&shop_view=grid&stock_status=instock HTTP/1.1" 200 41108 "https://view.lotushomemade.com/shop/page/6/?per_row=6&per_page=18&shop_view=grid&stock_status=instock" "Mozilla/5.0 (Linux; Android 7.0;) AppleWebKit/537.36 (KHTML, like Gecko) Mobile Safari/537.36 (compatible; PetalBot;+https://webmaster.petalsearch.com/site/petalbot)"
37.114.144.204 - - [14/Jan/2026:11:27:52 +0700] "GET /product/chicken-roll-sg/?add-to-cart=8250 HTTP/1.1" 200 38054 "-" "Mozilla/5.0 (iPad; CPU iPad OS 13_7 like Mac OS X) AppleWebKit/531.0 (KHTML, like Gecko) FxiOS/15.3s4088.0 Mobile/51B344 Safari/531.0"
114.119.156.27 - - [14/Jan/2026:11:29:05 +0700] "GET /shop/page/9/?orderby=price HTTP/1.1" 200 40014 "https://view.lotushomemade.com/shop/page/6/?orderby=price" "Mozilla/5.0 (Linux; Android 7.0;) AppleWebKit/537.36 (KHTML, like Gecko) Mobile Safari/537.36 (compatible; PetalBot;+https://webmaster.petalsearch.com/site/petalbot)"
103.131.51.123 - - [14/Jan/2026:11:30:32 +0700] "POST /wp-cron.php?doing_wp_cron=1768365032.1201100349426269531250 HTTP/1.1" 200 474 "-" "WordPress/6.9; https://view.lotushomemade.com"
114.119.156.27 - - [14/Jan/2026:11:30:28 +0700] "GET /shop/page/9/?max_price=780&per_row=6&shop_view=grid&per_page=24 HTTP/1.1" 200 42642 "https://view.lotushomemade.com/shop/page/8/?max_price=780&per_row=6&shop_view=grid&per_page=24" "Mozilla/5.0 (Linux; Android 7.0;) AppleWebKit/537.36 (KHTML, like Gecko) Mobile Safari/537.36 (compatible; PetalBot;+https://webmaster.petalsearch.com/site/petalbot)"
103.131.51.123 - - [14/Jan/2026:11:31:56 +0700] "POST /wp-cron.php?doing_wp_cron=1768365116.2044949531555175781250 HTTP/1.1" 200 474 "-" "WordPress/6.9; https://view.lotushomemade.com"
114.119.148.197 - - [14/Jan/2026:11:31:52 +0700] "GET /shop/page/9/?max_price=1040&per_row=4&shop_view=grid HTTP/1.1" 200 40320 "https://view.lotushomemade.com/shop/page/8/?max_price=1040&per_row=4&shop_view=grid" "Mozilla/5.0 (Linux; Android 7.0;) AppleWebKit/537.36 (KHTML, like Gecko) Mobile Safari/537.36 (compatible; PetalBot;+https://webmaster.petalsearch.com/site/petalbot)"
103.131.51.123 - - [14/Jan/2026:11:33:20 +0700] "POST /wp-cron.php?doing_wp_cron=1768365200.5790410041809082031250 HTTP/1.1" 200 474 "-" "WordPress/6.9; https://view.lotushomemade.com"
114.119.148.197 - - [14/Jan/2026:11:33:16 +0700] "GET /shop/page/8/?orderby=price-desc&per_page=18&shop_view=grid&per_row=2 HTTP/1.1" 200 41191 "https://view.lotushomemade.com/shop/page/6?orderby=price-desc&per_page=18&shop_view=grid&per_row=2" "Mozilla/5.0 (Linux; Android 7.0;) AppleWebKit/537.36 (KHTML, like Gecko) Mobile Safari/537.36 (compatible; PetalBot;+https://webmaster.petalsearch.com/site/petalbot)"
103.131.51.123 - - [14/Jan/2026:11:34:44 +0700] "POST /wp-cron.php?doing_wp_cron=1768365283.9817759990692138671875 HTTP/1.1" 200 474 "-" "WordPress/6.9; https://view.lotushomemade.com"
114.119.142.208 - - [14/Jan/2026:11:34:40 +0700] "GET /shop/page/5/?orderby=price&per_row=4&shop_view=grid&per_page=8 HTTP/1.1" 200 39357 "https://view.lotushomemade.com/shop/page/3/?orderby=price&per_row=4&shop_view=grid&per_page=8" "Mozilla/5.0 (Linux; Android 7.0;) AppleWebKit/537.36 (KHTML, like Gecko) Mobile Safari/537.36 (compatible; PetalBot;+https://webmaster.petalsearch.com/site/petalbot)"
103.131.51.123 - - [14/Jan/2026:11:36:06 +0700] "POST /wp-cron.php?doing_wp_cron=1768365366.5397720336914062500000 HTTP/1.1" 200 474 "-" "WordPress/6.9; https://view.lotushomemade.com"
114.119.149.78 - - [14/Jan/2026:11:36:02 +0700] "GET /shop/page/5/?orderby=date&per_row=2&per_page=8&shop_view=grid HTTP/1.1" 200 39411 "https://view.lotushomemade.com/shop/page/7/?orderby=date&per_row=2&per_page=8&shop_view=grid" "Mozilla/5.0 (Linux; Android 7.0;) AppleWebKit/537.36 (KHTML, like Gecko) Mobile Safari/537.36 (compatible; PetalBot;+https://webmaster.petalsearch.com/site/petalbot)"
103.131.51.123 - - [14/Jan/2026:11:37:27 +0700] "POST /wp-cron.php?doing_wp_cron=1768365447.8576869964599609375000 HTTP/1.1" 200 474 "-" "WordPress/6.9; https://view.lotushomemade.com"
57.141.16.69 - - [14/Jan/2026:11:37:24 +0700] "GET /shop/page/11/?add-to-cart=1106 HTTP/2" 200 239670 "-" "meta-externalagent/1.1 (+https://developers.facebook.com/docs/sharing/webmasters/crawler)"
114.119.156.27 - - [14/Jan/2026:11:37:29 +0700] "GET /shop/page/5/?max_price=1050 HTTP/1.1" 200 40150 "https://view.lotushomemade.com/shop/page/6?max_price=1050" "Mozilla/5.0 (Linux; Android 7.0;) AppleWebKit/537.36 (KHTML, like Gecko) Mobile Safari/537.36 (compatible; PetalBot;+https://webmaster.petalsearch.com/site/petalbot)"
119.56.68.8 - - [14/Jan/2026:11:38:28 +0700] "GET /wp-content/uploads/2023/11/2014-430x430.png HTTP/2" 200 300981 "https://www.google.com/" "Mozilla/5.0 (Linux; Android 10; K) AppleWebKit/537.36 (KHTML, like Gecko) Chrome/143.0.0.0 Mobile Safari/537.36"
103.131.51.123 - - [14/Jan/2026:11:38:55 +0700] "POST /wp-cron.php?doing_wp_cron=1768365535.2720270156860351562500 HTTP/1.1" 200 474 "-" "WordPress/6.9; https://view.lotushomemade.com"
114.119.156.27 - - [14/Jan/2026:11:38:51 +0700] "GET /shop/page/48/?max_price=780&stock_status=onsale&per_page=8 HTTP/1.1" 200 39214 "https://view.lotushomemade.com/shop/page/44/?max_price=780&stock_status=onsale&per_page=8" "Mozilla/5.0 (Linux; Android 7.0;) AppleWebKit/537.36 (KHTML, like Gecko) Mobile Safari/537.36 (compatible; PetalBot;+https://webmaster.petalsearch.com/site/petalbot)"
114.119.142.208 - - [14/Jan/2026:11:40:14 +0700] "GET /shop/page/47?per_row=2&per_page=8&shop_view=grid HTTP/1.1" 301 647 "https://view.lotushomemade.com/shop/page/9?per_row=2&per_page=8&shop_view=grid" "Mozilla/5.0 (Linux; Android 7.0;) AppleWebKit/537.36 (KHTML, like Gecko) Mobile Safari/537.36 (compatible; PetalBot;+https://webmaster.petalsearch.com/site/petalbot)"
114.119.142.208 - - [14/Jan/2026:11:40:22 +0700] "GET /shop/page/47/?per_row=2&per_page=8&shop_view=grid HTTP/1.1" 200 39503 "https://view.lotushomemade.com/shop/page/9?per_row=2&per_page=8&shop_view=grid" "Mozilla/5.0 (Linux; Android 7.0;) AppleWebKit/537.36 (KHTML, like Gecko) Mobile Safari/537.36 (compatible; PetalBot;+https://webmaster.petalsearch.com/site/petalbot)"
34.141.215.20 - - [14/Jan/2026:11:41:03 +0700] "GET / HTTP/1.1" 200 862095 "-" "Scrapy/2.13.4 (+https://scrapy.org)"
103.131.51.123 - - [14/Jan/2026:11:41:37 +0700] "POST /wp-cron.php?doing_wp_cron=1768365697.5386180877685546875000 HTTP/1.1" 200 474 "-" "WordPress/6.9; https://view.lotushomemade.com"
103.131.51.123 - - [14/Jan/2026:11:41:37 +0700] "POST /wp-cron.php?doing_wp_cron=1768365697.9122719764709472656250 HTTP/1.1" 200 474 "-" "WordPress/6.9; https://view.lotushomemade.com"
114.119.130.97 - - [14/Jan/2026:11:41:37 +0700] "GET /shop/page/46/?per_page=8&stock_status=instock,onsale HTTP/1.1" 301 564 "https://view.lotushomemade.com/shop/?per_page=8&stock_status=instock%2Consale" "Mozilla/5.0 (Linux; Android 7.0;) AppleWebKit/537.36 (KHTML, like Gecko) Mobile Safari/537.36 (compatible; PetalBot;+https://webmaster.petalsearch.com/site/petalbot)"
57.141.16.11 - - [14/Jan/2026:11:41:36 +0700] "GET /shop/page/7/?stock_status=onsale HTTP/2" 200 238952 "-" "meta-externalagent/1.1 (+https://developers.facebook.com/docs/sharing/webmasters/crawler)"
114.119.130.97 - - [14/Jan/2026:11:41:38 +0700] "GET /shop/page/46/?per_page=8&stock_status=instock,onsale HTTP/1.1" 301 564 "https://view.lotushomemade.com/shop/?per_page=8&stock_status=instock%2Consale" "Mozilla/5.0 (Linux; Android 7.0;) AppleWebKit/537.36 (KHTML, like Gecko) Mobile Safari/537.36 (compatible; PetalBot;+https://webmaster.petalsearch.com/site/petalbot)"
114.119.130.97 - - [14/Jan/2026:11:41:38 +0700] "GET /shop/page/46/?per_page=8&stock_status=instock,onsale HTTP/1.1" 301 564 "https://view.lotushomemade.com/shop/?per_page=8&stock_status=instock%2Consale" "Mozilla/5.0 (Linux; Android 7.0;) AppleWebKit/537.36 (KHTML, like Gecko) Mobile Safari/537.36 (compatible; PetalBot;+https://webmaster.petalsearch.com/site/petalbot)"
114.119.130.97 - - [14/Jan/2026:11:41:39 +0700] "GET /shop/page/46/?per_page=8&stock_status=instock,onsale HTTP/1.1" 301 564 "https://view.lotushomemade.com/shop/?per_page=8&stock_status=instock%2Consale" "Mozilla/5.0 (Linux; Android 7.0;) AppleWebKit/537.36 (KHTML, like Gecko) Mobile Safari/537.36 (compatible; PetalBot;+https://webmaster.petalsearch.com/site/petalbot)"
114.119.130.97 - - [14/Jan/2026:11:41:39 +0700] "GET /shop/page/46/?per_page=8&stock_status=instock,onsale HTTP/1.1" 301 564 "https://view.lotushomemade.com/shop/?per_page=8&stock_status=instock%2Consale" "Mozilla/5.0 (Linux; Android 7.0;) AppleWebKit/537.36 (KHTML, like Gecko) Mobile Safari/537.36 (compatible; PetalBot;+https://webmaster.petalsearch.com/site/petalbot)"
114.119.130.97 - - [14/Jan/2026:11:41:40 +0700] "GET /shop/page/46/?per_page=8&stock_status=instock,onsale HTTP/1.1" 301 564 "https://view.lotushomemade.com/shop/?per_page=8&stock_status=instock%2Consale" "Mozilla/5.0 (Linux; Android 7.0;) AppleWebKit/537.36 (KHTML, like Gecko) Mobile Safari/537.36 (compatible; PetalBot;+https://webmaster.petalsearch.com/site/petalbot)"
114.119.130.97 - - [14/Jan/2026:11:41:40 +0700] "GET /shop/page/46/?per_page=8&stock_status=instock,onsale HTTP/1.1" 301 564 "https://view.lotushomemade.com/shop/?per_page=8&stock_status=instock%2Consale" "Mozilla/5.0 (Linux; Android 7.0;) AppleWebKit/537.36 (KHTML, like Gecko) Mobile Safari/537.36 (compatible; PetalBot;+https://webmaster.petalsearch.com/site/petalbot)"
114.119.130.97 - - [14/Jan/2026:11:41:41 +0700] "GET /shop/page/46/?per_page=8&stock_status=instock,onsale HTTP/1.1" 301 564 "https://view.lotushomemade.com/shop/?per_page=8&stock_status=instock%2Consale" "Mozilla/5.0 (Linux; Android 7.0;) AppleWebKit/537.36 (KHTML, like Gecko) Mobile Safari/537.36 (compatible; PetalBot;+https://webmaster.petalsearch.com/site/petalbot)"
114.119.130.97 - - [14/Jan/2026:11:41:41 +0700] "GET /shop/page/46/?per_page=8&stock_status=instock,onsale HTTP/1.1" 301 564 "https://view.lotushomemade.com/shop/?per_page=8&stock_status=instock%2Consale" "Mozilla/5.0 (Linux; Android 7.0;) AppleWebKit/537.36 (KHTML, like Gecko) Mobile Safari/537.36 (compatible; PetalBot;+https://webmaster.petalsearch.com/site/petalbot)"
114.119.130.97 - - [14/Jan/2026:11:41:42 +0700] "GET /shop/page/46/?per_page=8&stock_status=instock,onsale HTTP/1.1" 301 564 "https://view.lotushomemade.com/shop/?per_page=8&stock_status=instock%2Consale" "Mozilla/5.0 (Linux; Android 7.0;) AppleWebKit/537.36 (KHTML, like Gecko) Mobile Safari/537.36 (compatible; PetalBot;+https://webmaster.petalsearch.com/site/petalbot)"
103.131.51.123 - - [14/Jan/2026:11:43:05 +0700] "POST /wp-cron.php?doing_wp_cron=1768365785.3563709259033203125000 HTTP/1.1" 200 474 "-" "WordPress/6.9; https://view.lotushomemade.com"
114.119.130.97 - - [14/Jan/2026:11:43:01 +0700] "GET /shop/page/45/?max_price=1040&per_page=8&shop_view=grid&per_row=2 HTTP/1.1" 200 39632 "https://view.lotushomemade.com/shop/page/46/?max_price=1040&per_page=8&shop_view=grid&per_row=2" "Mozilla/5.0 (Linux; Android 7.0;) AppleWebKit/537.36 (KHTML, like Gecko) Mobile Safari/537.36 (compatible; PetalBot;+https://webmaster.petalsearch.com/site/petalbot)"
103.131.51.123 - - [14/Jan/2026:11:44:30 +0700] "POST /wp-cron.php?doing_wp_cron=1768365870.1961259841918945312500 HTTP/1.1" 200 474 "-" "WordPress/6.9; https://view.lotushomemade.com"
114.119.145.110 - - [14/Jan/2026:11:44:26 +0700] "GET /shop/page/42/?stock_status=instock&per_page=8&shop_view=grid&per_row=4 HTTP/1.1" 200 39452 "https://view.lotushomemade.com/shop/page/45/?stock_status=instock&per_page=8&shop_view=grid&per_row=4" "Mozilla/5.0 (Linux; Android 7.0;) AppleWebKit/537.36 (KHTML, like Gecko) Mobile Safari/537.36 (compatible; PetalBot;+https://webmaster.petalsearch.com/site/petalbot)"
103.131.51.123 - - [14/Jan/2026:11:45:51 +0700] "POST /wp-cron.php?doing_wp_cron=1768365951.7405669689178466796875 HTTP/1.1" 200 474 "-" "WordPress/6.9; https://view.lotushomemade.com"
114.119.148.197 - - [14/Jan/2026:11:45:49 +0700] "GET /shop?orderby=rating&stock_status=instock,onsale&filter_brand=hss&per_page=18 HTTP/1.1" 301 588 "https://view.lotushomemade.com/shop?orderby=rating&stock_status=instock%2Consale&filter_brand=hss" "Mozilla/5.0 (Linux; Android 7.0;) AppleWebKit/537.36 (KHTML, like Gecko) Mobile Safari/537.36 (compatible; PetalBot;+https://webmaster.petalsearch.com/site/petalbot)"
114.119.148.197 - - [14/Jan/2026:11:45:53 +0700] "GET /shop/?orderby=rating&stock_status=instock,onsale&filter_brand=hss&per_page=18 HTTP/1.1" 200 38819 "https://view.lotushomemade.com/shop?orderby=rating&stock_status=instock%2Consale&filter_brand=hss" "Mozilla/5.0 (Linux; Android 7.0;) AppleWebKit/537.36 (KHTML, like Gecko) Mobile Safari/537.36 (compatible; PetalBot;+https://webmaster.petalsearch.com/site/petalbot)"
103.131.51.123 - - [14/Jan/2026:11:47:14 +0700] "POST /wp-cron.php?doing_wp_cron=1768366034.6910989284515380859375 HTTP/1.1" 200 474 "-" "WordPress/6.9; https://view.lotushomemade.com"
114.119.145.110 - - [14/Jan/2026:11:47:12 +0700] "GET /shop?orderby=rating&per_row=2&shop_view=grid&per_page=8 HTTP/1.1" 301 654 "https://view.lotushomemade.com/shop/page/4?orderby=rating&shop_view=grid&per_row=2" "Mozilla/5.0 (Linux; Android 7.0;) AppleWebKit/537.36 (KHTML, like Gecko) Mobile Safari/537.36 (compatible; PetalBot;+https://webmaster.petalsearch.com/site/petalbot)"
114.119.145.110 - - [14/Jan/2026:11:47:14 +0700] "GET /shop/?orderby=rating&per_row=2&shop_view=grid&per_page=8 HTTP/1.1" 200 40631 "https://view.lotushomemade.com/shop/page/4?orderby=rating&shop_view=grid&per_row=2" "Mozilla/5.0 (Linux; Android 7.0;) AppleWebKit/537.36 (KHTML, like Gecko) Mobile Safari/537.36 (compatible; PetalBot;+https://webmaster.petalsearch.com/site/petalbot)"
103.131.51.123 - - [14/Jan/2026:11:48:37 +0700] "POST /wp-cron.php?doing_wp_cron=1768366117.7173299789428710937500 HTTP/1.1" 200 474 "-" "WordPress/6.9; https://view.lotushomemade.com"
114.119.145.110 - - [14/Jan/2026:11:48:35 +0700] "GET /shop?min_price=1040&stock_status=instock,onsale HTTP/1.1" 301 513 "https://view.lotushomemade.com/shop?min_price=1040&max_price=1050&stock_status=instock%2Consale&per_page=12" "Mozilla/5.0 (Linux; Android 7.0;) AppleWebKit/537.36 (KHTML, like Gecko) Mobile Safari/537.36 (compatible; PetalBot;+https://webmaster.petalsearch.com/site/petalbot)"
114.119.145.110 - - [14/Jan/2026:11:48:37 +0700] "GET /shop/?min_price=1040&stock_status=instock,onsale HTTP/1.1" 200 38482 "https://view.lotushomemade.com/shop?min_price=1040&max_price=1050&stock_status=instock%2Consale&per_page=12" "Mozilla/5.0 (Linux; Android 7.0;) AppleWebKit/537.36 (KHTML, like Gecko) Mobile Safari/537.36 (compatible; PetalBot;+https://webmaster.petalsearch.com/site/petalbot)"
103.131.51.123 - - [14/Jan/2026:11:50:00 +0700] "POST /wp-cron.php?doing_wp_cron=1768366200.6583299636840820312500 HTTP/1.1" 200 474 "-" "WordPress/6.9; https://view.lotushomemade.com"
114.119.142.208 - - [14/Jan/2026:11:49:58 +0700] "GET /shop?max_price=780&per_page=24&stock_status=instock HTTP/1.1" 301 563 "https://view.lotushomemade.com/shop/page/14/?max_price=780&per_page=24" "Mozilla/5.0 (Linux; Android 7.0;) AppleWebKit/537.36 (KHTML, like Gecko) Mobile Safari/537.36 (compatible; PetalBot;+https://webmaster.petalsearch.com/site/petalbot)"
114.119.142.208 - - [14/Jan/2026:11:50:00 +0700] "GET /shop/?max_price=780&per_page=24&stock_status=instock HTTP/1.1" 200 43451 "https://view.lotushomemade.com/shop/page/14/?max_price=780&per_page=24" "Mozilla/5.0 (Linux; Android 7.0;) AppleWebKit/537.36 (KHTML, like Gecko) Mobile Safari/537.36 (compatible; PetalBot;+https://webmaster.petalsearch.com/site/petalbot)"
190.120.253.57 - - [14/Jan/2026:11:50:58 +0700] "GET /product/red-velvet-almond-flake-s/?add-to-cart=8637 HTTP/1.1" 200 38165 "-" "Mozilla/5.0 (Windows; U; Windows NT 5.01) AppleWebKit/534.9.1 (KHTML, like Gecko) Version/4.0.1 Safari/534.9.1"
114.119.151.206 - - [14/Jan/2026:11:51:21 +0700] "GET /shop?max_price=1040&per_row=2&per_page=24&shop_view=grid HTTP/1.1" 301 656 "https://view.lotushomemade.com/shop/page/5?max_price=1040&per_row=6&shop_view=grid&per_page=24" "Mozilla/5.0 (Linux; Android 7.0;) AppleWebKit/537.36 (KHTML, like Gecko) Mobile Safari/537.36 (compatible; PetalBot;+https://webmaster.petalsearch.com/site/petalbot)"
114.119.151.206 - - [14/Jan/2026:11:51:22 +0700] "GET /shop/?max_price=1040&per_row=2&per_page=24&shop_view=grid HTTP/1.1" 200 43624 "https://view.lotushomemade.com/shop/page/5?max_price=1040&per_row=6&shop_view=grid&per_page=24" "Mozilla/5.0 (Linux; Android 7.0;) AppleWebKit/537.36 (KHTML, like Gecko) Mobile Safari/537.36 (compatible; PetalBot;+https://webmaster.petalsearch.com/site/petalbot)"
103.131.51.123 - - [14/Jan/2026:11:52:48 +0700] "POST /wp-cron.php?doing_wp_cron=1768366368.5778849124908447265625 HTTP/1.1" 200 474 "-" "WordPress/6.9; https://view.lotushomemade.com"
114.119.156.27 - - [14/Jan/2026:11:52:46 +0700] "GET /shop/page/9?orderby=date&per_row=4&per_page=24&shop_view=grid HTTP/1.1" 301 661 "-" "Mozilla/5.0 (Linux; Android 7.0;) AppleWebKit/537.36 (KHTML, like Gecko) Mobile Safari/537.36 (compatible; PetalBot;+https://webmaster.petalsearch.com/site/petalbot)"
114.119.156.27 - - [14/Jan/2026:11:52:48 +0700] "GET /shop/page/9/?orderby=date&per_row=4&per_page=24&shop_view=grid HTTP/1.1" 200 41788 "-" "Mozilla/5.0 (Linux; Android 7.0;) AppleWebKit/537.36 (KHTML, like Gecko) Mobile Safari/537.36 (compatible; PetalBot;+https://webmaster.petalsearch.com/site/petalbot)"
103.131.51.123 - - [14/Jan/2026:11:53:55 +0700] "POST /wp-cron.php?doing_wp_cron=1768366435.6769459247589111328125 HTTP/1.1" 200 474 "-" "WordPress/6.9; https://view.lotushomemade.com"
40.77.167.154 - - [14/Jan/2026:11:53:50 +0700] "GET / HTTP/2" 200 76415 "-" "Mozilla/5.0 AppleWebKit/537.36 (KHTML, like Gecko; compatible; bingbot/2.0; +http://www.bing.com/bingbot.htm) Chrome/116.0.1938.76 Safari/537.36"
114.119.151.206 - - [14/Jan/2026:11:54:09 +0700] "GET /shop/page/9/?orderby=price&per_row=2&shop_view=grid&stock_status=instock HTTP/1.1" 200 40221 "https://view.lotushomemade.com/shop/page/8/?orderby=price&per_row=2&shop_view=grid&stock_status=instock" "Mozilla/5.0 (Linux; Android 7.0;) AppleWebKit/537.36 (KHTML, like Gecko) Mobile Safari/537.36 (compatible; PetalBot;+https://webmaster.petalsearch.com/site/petalbot)"
103.131.51.123 - - [14/Jan/2026:11:55:36 +0700] "POST /wp-cron.php?doing_wp_cron=1768366536.0594079494476318359375 HTTP/1.1" 200 474 "-" "WordPress/6.9; https://view.lotushomemade.com"
114.119.145.110 - - [14/Jan/2026:11:55:33 +0700] "GET /shop/page/8?orderby=popularity&per_page=24&shop_view=grid&per_row=6 HTTP/1.1" 301 667 "-" "Mozilla/5.0 (Linux; Android 7.0;) AppleWebKit/537.36 (KHTML, like Gecko) Mobile Safari/537.36 (compatible; PetalBot;+https://webmaster.petalsearch.com/site/petalbot)"
114.119.145.110 - - [14/Jan/2026:11:55:37 +0700] "GET /shop/page/8/?orderby=popularity&per_page=24&shop_view=grid&per_row=6 HTTP/1.1" 200 42395 "-" "Mozilla/5.0 (Linux; Android 7.0;) AppleWebKit/537.36 (KHTML, like Gecko) Mobile Safari/537.36 (compatible; PetalBot;+https://webmaster.petalsearch.com/site/petalbot)"
103.131.51.123 - - [14/Jan/2026:11:56:59 +0700] "POST /wp-cron.php?doing_wp_cron=1768366619.4293360710144042968750 HTTP/1.1" 200 474 "-" "WordPress/6.9; https://view.lotushomemade.com"
114.119.130.97 - - [14/Jan/2026:11:56:57 +0700] "GET /shop/page/8?orderby=popularity&per_page=24&shop_view=grid&per_row=4 HTTP/1.1" 301 667 "https://view.lotushomemade.com/shop/page/9?orderby=popularity&per_page=24&shop_view=grid&per_row=4" "Mozilla/5.0 (Linux; Android 7.0;) AppleWebKit/537.36 (KHTML, like Gecko) Mobile Safari/537.36 (compatible; PetalBot;+https://webmaster.petalsearch.com/site/petalbot)"
114.119.130.97 - - [14/Jan/2026:11:56:59 +0700] "GET /shop/page/8/?orderby=popularity&per_page=24&shop_view=grid&per_row=4 HTTP/1.1" 200 42306 "https://view.lotushomemade.com/shop/page/9?orderby=popularity&per_page=24&shop_view=grid&per_row=4" "Mozilla/5.0 (Linux; Android 7.0;) AppleWebKit/537.36 (KHTML, like Gecko) Mobile Safari/537.36 (compatible; PetalBot;+https://webmaster.petalsearch.com/site/petalbot)"
103.131.51.123 - - [14/Jan/2026:11:58:24 +0700] "POST /wp-cron.php?doing_wp_cron=1768366704.2851181030273437500000 HTTP/1.1" 200 474 "-" "WordPress/6.9; https://view.lotushomemade.com"
114.119.130.97 - - [14/Jan/2026:11:58:20 +0700] "GET /shop/page/8/?stock_status=onsale&shop_view=grid&per_row=6 HTTP/1.1" 200 39695 "https://view.lotushomemade.com/shop/page/6?stock_status=onsale&shop_view=grid&per_row=6" "Mozilla/5.0 (Linux; Android 7.0;) AppleWebKit/537.36 (KHTML, like Gecko) Mobile Safari/537.36 (compatible; PetalBot;+https://webmaster.petalsearch.com/site/petalbot)"
103.131.51.123 - - [14/Jan/2026:11:59:47 +0700] "POST /wp-cron.php?doing_wp_cron=1768366787.1416220664978027343750 HTTP/1.1" 200 474 "-" "WordPress/6.9; https://view.lotushomemade.com"
114.119.149.78 - - [14/Jan/2026:11:59:44 +0700] "GET /shop/page/7?max_price=520 HTTP/1.1" 301 491 "https://view.lotushomemade.com/shop/page/9?max_price=520" "Mozilla/5.0 (Linux; Android 7.0;) AppleWebKit/537.36 (KHTML, like Gecko) Mobile Safari/537.36 (compatible; PetalBot;+https://webmaster.petalsearch.com/site/petalbot)"
114.119.149.78 - - [14/Jan/2026:11:59:47 +0700] "GET /shop/page/7/?max_price=520 HTTP/1.1" 200 39952 "https://view.lotushomemade.com/shop/page/9?max_price=520" "Mozilla/5.0 (Linux; Android 7.0;) AppleWebKit/537.36 (KHTML, like Gecko) Mobile Safari/537.36 (compatible; PetalBot;+https://webmaster.petalsearch.com/site/petalbot)"
40.77.167.154 - - [14/Jan/2026:12:00:01 +0700] "GET /product/new-year-cake_big-2/ HTTP/2" 200 35612 "-" "Mozilla/5.0 AppleWebKit/537.36 (KHTML, like Gecko; compatible; bingbot/2.0; +http://www.bing.com/bingbot.htm) Chrome/116.0.1938.76 Safari/537.36"
103.131.51.123 - - [14/Jan/2026:12:01:09 +0700] "POST /wp-cron.php?doing_wp_cron=1768366869.7648661136627197265625 HTTP/1.1" 200 474 "-" "WordPress/6.9; https://view.lotushomemade.com"
114.119.149.78 - - [14/Jan/2026:12:01:07 +0700] "GET /shop/page/7/?stock_status=onsale&shop_view=grid&per_row=4 HTTP/1.1" 200 39953 "https://view.lotushomemade.com/shop/page/6/?stock_status=onsale&shop_view=grid&per_row=4" "Mozilla/5.0 (Linux; Android 7.0;) AppleWebKit/537.36 (KHTML, like Gecko) Mobile Safari/537.36 (compatible; PetalBot;+https://webmaster.petalsearch.com/site/petalbot)"
103.131.51.123 - - [14/Jan/2026:12:02:36 +0700] "POST /wp-cron.php?doing_wp_cron=1768366956.2434089183807373046875 HTTP/1.1" 200 474 "-" "WordPress/6.9; https://view.lotushomemade.com"
114.119.130.97 - - [14/Jan/2026:12:02:32 +0700] "GET /shop/page/7/?orderby=rating&stock_status=onsale&per_row=6&shop_view=grid HTTP/1.1" 200 39863 "https://view.lotushomemade.com/shop/page/4/?orderby=rating&stock_status=onsale&per_row=6&shop_view=grid" "Mozilla/5.0 (Linux; Android 7.0;) AppleWebKit/537.36 (KHTML, like Gecko) Mobile Safari/537.36 (compatible; PetalBot;+https://webmaster.petalsearch.com/site/petalbot)"
103.131.51.123 - - [14/Jan/2026:12:03:58 +0700] "POST /wp-cron.php?doing_wp_cron=1768367038.6095991134643554687500 HTTP/1.1" 200 474 "-" "WordPress/6.9; https://view.lotushomemade.com"
114.119.145.110 - - [14/Jan/2026:12:03:54 +0700] "GET /shop/page/7/?min_price=0&max_price=260&stock_status=onsale&per_page=24 HTTP/1.1" 200 42453 "https://view.lotushomemade.com/shop/page/6/?min_price=0&max_price=260&stock_status=onsale&per_page=24" "Mozilla/5.0 (Linux; Android 7.0;) AppleWebKit/537.36 (KHTML, like Gecko) Mobile Safari/537.36 (compatible; PetalBot;+https://webmaster.petalsearch.com/site/petalbot)"
103.131.51.123 - - [14/Jan/2026:12:05:22 +0700] "POST /wp-cron.php?doing_wp_cron=1768367122.3179440498352050781250 HTTP/1.1" 200 474 "-" "WordPress/6.9; https://view.lotushomemade.com"
114.119.149.78 - - [14/Jan/2026:12:05:18 +0700] "GET /shop/page/6/?orderby=price-desc&per_row=2&per_page=8&shop_view=grid HTTP/1.1" 200 39165 "https://view.lotushomemade.com/shop/page/8/?orderby=price-desc&per_row=2&per_page=8&shop_view=grid" "Mozilla/5.0 (Linux; Android 7.0;) AppleWebKit/537.36 (KHTML, like Gecko) Mobile Safari/537.36 (compatible; PetalBot;+https://webmaster.petalsearch.com/site/petalbot)"
114.119.150.215 - - [14/Jan/2026:12:06:43 +0700] "GET /shop/page/6/?orderby=price-desc&per_page=24&stock_status=instock HTTP/1.1" 200 42187 "https://view.lotushomemade.com/shop/page/3/?orderby=price-desc&per_page=24&stock_status=instock" "Mozilla/5.0 (Linux; Android 7.0;) AppleWebKit/537.36 (KHTML, like Gecko) Mobile Safari/537.36 (compatible; PetalBot;+https://webmaster.petalsearch.com/site/petalbot)"
103.131.51.123 - - [14/Jan/2026:12:08:07 +0700] "POST /wp-cron.php?doing_wp_cron=1768367287.8954660892486572265625 HTTP/1.1" 200 474 "-" "WordPress/6.9; https://view.lotushomemade.com"
114.119.151.206 - - [14/Jan/2026:12:08:05 +0700] "GET /shop?stock_status=instock,onsale&per_row=6&shop_view=grid&filter_brand=hss HTTP/1.1" 301 628 "https://view.lotushomemade.com/shop?per_row=6&shop_view=grid&filter_brand=hss&stock_status=instock%2Consale" "Mozilla/5.0 (Linux; Android 7.0;) AppleWebKit/537.36 (KHTML, like Gecko) Mobile Safari/537.36 (compatible; PetalBot;+https://webmaster.petalsearch.com/site/petalbot)"
114.119.151.206 - - [14/Jan/2026:12:08:08 +0700] "GET /shop/?stock_status=instock,onsale&per_row=6&shop_view=grid&filter_brand=hss HTTP/1.1" 200 38838 "https://view.lotushomemade.com/shop?per_row=6&shop_view=grid&filter_brand=hss&stock_status=instock%2Consale" "Mozilla/5.0 (Linux; Android 7.0;) AppleWebKit/537.36 (KHTML, like Gecko) Mobile Safari/537.36 (compatible; PetalBot;+https://webmaster.petalsearch.com/site/petalbot)"
103.131.51.123 - - [14/Jan/2026:12:09:32 +0700] "POST /wp-cron.php?doing_wp_cron=1768367372.1100139617919921875000 HTTP/1.1" 200 474 "-" "WordPress/6.9; https://view.lotushomemade.com"
