161.142.118.85 - - [14/Jan/2026:20:38:05 +0700] "GET /wp-content/plugins/woocommerce/assets/js/frontend/add-to-cart-variation.min.js?ver=8.2.1 HTTP/3" 200 3472 "https://view.lotushomemade.com/product/gold-mama-premium-kuih-kapit-tin/" "Mozilla/5.0 (Linux; Android 10; K) AppleWebKit/537.36 (KHTML, like Gecko) Chrome/143.0.0.0 Mobile Safari/537.36"
161.142.118.85 - - [14/Jan/2026:20:38:05 +0700] "GET /wp-includes/js/underscore.min.js?ver=1.13.7 HTTP/3" 200 7185 "https://view.lotushomemade.com/product/gold-mama-premium-kuih-kapit-tin/" "Mozilla/5.0 (Linux; Android 10; K) AppleWebKit/537.36 (KHTML, like Gecko) Chrome/143.0.0.0 Mobile Safari/537.36"
161.142.118.85 - - [14/Jan/2026:20:38:05 +0700] "GET /wp-content/themes/woodmart/js/scripts/wc/productImagesGallery.min.js?ver=7.2.5 HTTP/3" 200 1314 "https://view.lotushomemade.com/product/gold-mama-premium-kuih-kapit-tin/" "Mozilla/5.0 (Linux; Android 10; K) AppleWebKit/537.36 (KHTML, like Gecko) Chrome/143.0.0.0 Mobile Safari/537.36"
161.142.118.85 - - [14/Jan/2026:20:38:05 +0700] "GET /wp-content/themes/woodmart/js/libs/magnific-popup.min.js?ver=7.2.5 HTTP/3" 200 7177 "https://view.lotushomemade.com/product/gold-mama-premium-kuih-kapit-tin/" "Mozilla/5.0 (Linux; Android 10; K) AppleWebKit/537.36 (KHTML, like Gecko) Chrome/143.0.0.0 Mobile Safari/537.36"
161.142.118.85 - - [14/Jan/2026:20:38:05 +0700] "GET /wp-content/themes/woodmart/js/libs/owl.carousel.min.js?ver=7.2.5 HTTP/3" 200 10598 "https://view.lotushomemade.com/product/gold-mama-premium-kuih-kapit-tin/" "Mozilla/5.0 (Linux; Android 10; K) AppleWebKit/537.36 (KHTML, like Gecko) Chrome/143.0.0.0 Mobile Safari/537.36"
161.142.118.85 - - [14/Jan/2026:20:38:05 +0700] "GET /wp-content/themes/woodmart/js/scripts/wc/wishlist.min.js?ver=7.2.5 HTTP/3" 200 1933 "https://view.lotushomemade.com/product/gold-mama-premium-kuih-kapit-tin/" "Mozilla/5.0 (Linux; Android 10; K) AppleWebKit/537.36 (KHTML, like Gecko) Chrome/143.0.0.0 Mobile Safari/537.36"
161.142.118.85 - - [14/Jan/2026:20:38:05 +0700] "GET /wp-content/themes/woodmart/js/libs/tooltips.min.js?ver=7.2.5 HTTP/3" 200 9682 "https://view.lotushomemade.com/product/gold-mama-premium-kuih-kapit-tin/" "Mozilla/5.0 (Linux; Android 10; K) AppleWebKit/537.36 (KHTML, like Gecko) Chrome/143.0.0.0 Mobile Safari/537.36"
161.142.118.85 - - [14/Jan/2026:20:38:05 +0700] "GET /wp-content/uploads/2023/04/Motif.jpg HTTP/3" 200 36865 "https://view.lotushomemade.com/product/gold-mama-premium-kuih-kapit-tin/" "Mozilla/5.0 (Linux; Android 10; K) AppleWebKit/537.36 (KHTML, like Gecko) Chrome/143.0.0.0 Mobile Safari/537.36"
161.142.118.85 - - [14/Jan/2026:20:38:04 +0700] "GET /wp-content/uploads/2023/11/NASTAR-KLASIK.png HTTP/3" 200 68728 "https://view.lotushomemade.com/product/gold-mama-premium-kuih-kapit-tin/" "Mozilla/5.0 (Linux; Android 10; K) AppleWebKit/537.36 (KHTML, like Gecko) Chrome/143.0.0.0 Mobile Safari/537.36"
161.142.118.85 - - [14/Jan/2026:20:38:05 +0700] "GET /wp-content/uploads/2023/04/BN_01.jpg HTTP/3" 200 112993 "https://view.lotushomemade.com/product/gold-mama-premium-kuih-kapit-tin/" "Mozilla/5.0 (Linux; Android 10; K) AppleWebKit/537.36 (KHTML, like Gecko) Chrome/143.0.0.0 Mobile Safari/537.36"
161.142.118.85 - - [14/Jan/2026:20:38:05 +0700] "GET /wp-content/uploads/2023/04/9CC293A7-1300x727.png HTTP/3" 200 774521 "https://view.lotushomemade.com/product/gold-mama-premium-kuih-kapit-tin/" "Mozilla/5.0 (Linux; Android 10; K) AppleWebKit/537.36 (KHTML, like Gecko) Chrome/143.0.0.0 Mobile Safari/537.36"
161.142.118.85 - - [14/Jan/2026:20:38:05 +0700] "GET /wp-content/themes/woodmart/js/libs/autocomplete.min.js?ver=7.2.5 HTTP/3" 200 4000 "https://view.lotushomemade.com/product/gold-mama-premium-kuih-kapit-tin/" "Mozilla/5.0 (Linux; Android 10; K) AppleWebKit/537.36 (KHTML, like Gecko) Chrome/143.0.0.0 Mobile Safari/537.36"
161.142.118.85 - - [14/Jan/2026:20:38:05 +0700] "GET /wp-content/uploads/2023/11/ICON-HOME-3.svg HTTP/3" 200 1218 "https://view.lotushomemade.com/product/gold-mama-premium-kuih-kapit-tin/" "Mozilla/5.0 (Linux; Android 10; K) AppleWebKit/537.36 (KHTML, like Gecko) Chrome/143.0.0.0 Mobile Safari/537.36"
161.142.118.85 - - [14/Jan/2026:20:38:05 +0700] "GET /wp-content/themes/woodmart/js/libs/slick.min.js?ver=7.2.5 HTTP/3" 200 9430 "https://view.lotushomemade.com/product/gold-mama-premium-kuih-kapit-tin/" "Mozilla/5.0 (Linux; Android 10; K) AppleWebKit/537.36 (KHTML, like Gecko) Chrome/143.0.0.0 Mobile Safari/537.36"
161.142.118.85 - - [14/Jan/2026:20:38:05 +0700] "GET /wp-content/uploads/2023/11/ICON-Product-1.svg HTTP/3" 200 3546 "https://view.lotushomemade.com/product/gold-mama-premium-kuih-kapit-tin/" "Mozilla/5.0 (Linux; Android 10; K) AppleWebKit/537.36 (KHTML, like Gecko) Chrome/143.0.0.0 Mobile Safari/537.36"
161.142.118.85 - - [14/Jan/2026:20:38:05 +0700] "GET /wp-content/themes/woodmart/js/scripts/elements/accordion.min.js?ver=7.2.5 HTTP/3" 200 816 "https://view.lotushomemade.com/product/gold-mama-premium-kuih-kapit-tin/" "Mozilla/5.0 (Linux; Android 10; K) AppleWebKit/537.36 (KHTML, like Gecko) Chrome/143.0.0.0 Mobile Safari/537.36"
161.142.118.85 - - [14/Jan/2026:20:38:05 +0700] "GET /wp-content/themes/woodmart/js/scripts/wc/initZoom.min.js?ver=7.2.5 HTTP/3" 200 451 "https://view.lotushomemade.com/product/gold-mama-premium-kuih-kapit-tin/" "Mozilla/5.0 (Linux; Android 10; K) AppleWebKit/537.36 (KHTML, like Gecko) Chrome/143.0.0.0 Mobile Safari/537.36"
161.142.118.85 - - [14/Jan/2026:20:38:05 +0700] "GET /wp-content/themes/woodmart/js/scripts/wc/productImages.min.js?ver=7.2.5 HTTP/3" 200 527 "https://view.lotushomemade.com/product/gold-mama-premium-kuih-kapit-tin/" "Mozilla/5.0 (Linux; Android 10; K) AppleWebKit/537.36 (KHTML, like Gecko) Chrome/143.0.0.0 Mobile Safari/537.36"
161.142.118.85 - - [14/Jan/2026:20:38:05 +0700] "GET /wp-content/themes/woodmart/js/scripts/global/scrollTop.min.js?ver=7.2.5 HTTP/3" 200 171 "https://view.lotushomemade.com/product/gold-mama-premium-kuih-kapit-tin/" "Mozilla/5.0 (Linux; Android 10; K) AppleWebKit/537.36 (KHTML, like Gecko) Chrome/143.0.0.0 Mobile Safari/537.36"
161.142.118.85 - - [14/Jan/2026:20:38:05 +0700] "GET /wp-content/themes/woodmart/js/scripts/global/owlCarouselInit.min.js?ver=7.2.5 HTTP/3" 200 987 "https://view.lotushomemade.com/product/gold-mama-premium-kuih-kapit-tin/" "Mozilla/5.0 (Linux; Android 10; K) AppleWebKit/537.36 (KHTML, like Gecko) Chrome/143.0.0.0 Mobile Safari/537.36"
161.142.118.85 - - [14/Jan/2026:20:38:05 +0700] "GET /wp-content/themes/woodmart/js/scripts/wc/cartWidget.min.js?ver=7.2.5 HTTP/3" 200 323 "https://view.lotushomemade.com/product/gold-mama-premium-kuih-kapit-tin/" "Mozilla/5.0 (Linux; Android 10; K) AppleWebKit/537.36 (KHTML, like Gecko) Chrome/143.0.0.0 Mobile Safari/537.36"
161.142.118.85 - - [14/Jan/2026:20:38:05 +0700] "GET /wp-content/themes/woodmart/js/scripts/wc/singleProductTabsAccordion.min.js?ver=7.2.5 HTTP/3" 200 439 "https://view.lotushomemade.com/product/gold-mama-premium-kuih-kapit-tin/" "Mozilla/5.0 (Linux; Android 10; K) AppleWebKit/537.36 (KHTML, like Gecko) Chrome/143.0.0.0 Mobile Safari/537.36"
161.142.118.85 - - [14/Jan/2026:20:38:05 +0700] "GET /wp-content/themes/woodmart/js/scripts/menu/mobileNavigation.min.js?ver=7.2.5 HTTP/3" 200 555 "https://view.lotushomemade.com/product/gold-mama-premium-kuih-kapit-tin/" "Mozilla/5.0 (Linux; Android 10; K) AppleWebKit/537.36 (KHTML, like Gecko) Chrome/143.0.0.0 Mobile Safari/537.36"
161.142.118.85 - - [14/Jan/2026:20:38:05 +0700] "GET /wp-content/themes/woodmart/js/scripts/global/ajaxSearch.min.js?ver=7.2.5 HTTP/3" 200 1255 "https://view.lotushomemade.com/product/gold-mama-premium-kuih-kapit-tin/" "Mozilla/5.0 (Linux; Android 10; K) AppleWebKit/537.36 (KHTML, like Gecko) Chrome/143.0.0.0 Mobile Safari/537.36"
161.142.118.85 - - [14/Jan/2026:20:38:05 +0700] "GET /wp-content/themes/woodmart/js/scripts/wc/productHover.min.js?ver=7.2.5 HTTP/3" 200 891 "https://view.lotushomemade.com/product/gold-mama-premium-kuih-kapit-tin/" "Mozilla/5.0 (Linux; Android 10; K) AppleWebKit/537.36 (KHTML, like Gecko) Chrome/143.0.0.0 Mobile Safari/537.36"
161.142.118.85 - - [14/Jan/2026:20:38:05 +0700] "GET /wp-content/themes/woodmart/js/scripts/wc/woocommerceComments.min.js?ver=7.2.5 HTTP/3" 200 446 "https://view.lotushomemade.com/product/gold-mama-premium-kuih-kapit-tin/" "Mozilla/5.0 (Linux; Android 10; K) AppleWebKit/537.36 (KHTML, like Gecko) Chrome/143.0.0.0 Mobile Safari/537.36"
161.142.118.85 - - [14/Jan/2026:20:38:05 +0700] "GET /wp-content/themes/woodmart/js/scripts/global/promoPopup.min.js?ver=7.2.5 HTTP/3" 200 584 "https://view.lotushomemade.com/product/gold-mama-premium-kuih-kapit-tin/" "Mozilla/5.0 (Linux; Android 10; K) AppleWebKit/537.36 (KHTML, like Gecko) Chrome/143.0.0.0 Mobile Safari/537.36"
161.142.118.85 - - [14/Jan/2026:20:38:05 +0700] "GET /wp-content/plugins/woocommerce/assets/js/frontend/cart-fragments.min.js?ver=8.2.1 HTTP/3" 200 943 "https://view.lotushomemade.com/product/gold-mama-premium-kuih-kapit-tin/" "Mozilla/5.0 (Linux; Android 10; K) AppleWebKit/537.36 (KHTML, like Gecko) Chrome/143.0.0.0 Mobile Safari/537.36"
161.142.118.85 - - [14/Jan/2026:20:38:05 +0700] "GET /wp-content/uploads/2023/11/Vegan-pure.svg HTTP/3" 200 493 "https://view.lotushomemade.com/product/gold-mama-premium-kuih-kapit-tin/" "Mozilla/5.0 (Linux; Android 10; K) AppleWebKit/537.36 (KHTML, like Gecko) Chrome/143.0.0.0 Mobile Safari/537.36"
161.142.118.85 - - [14/Jan/2026:20:38:05 +0700] "GET /wp-content/themes/woodmart/js/scripts/wc/productMoreDescription.min.js?ver=7.2.5 HTTP/3" 200 463 "https://view.lotushomemade.com/product/gold-mama-premium-kuih-kapit-tin/" "Mozilla/5.0 (Linux; Android 10; K) AppleWebKit/537.36 (KHTML, like Gecko) Chrome/143.0.0.0 Mobile Safari/537.36"
161.142.118.85 - - [14/Jan/2026:20:38:05 +0700] "GET /wp-content/themes/woodmart/js/scripts/wc/stickySidebarBtn.min.js?ver=7.2.5 HTTP/3" 200 246 "https://view.lotushomemade.com/product/gold-mama-premium-kuih-kapit-tin/" "Mozilla/5.0 (Linux; Android 10; K) AppleWebKit/537.36 (KHTML, like Gecko) Chrome/143.0.0.0 Mobile Safari/537.36"
161.142.118.85 - - [14/Jan/2026:20:38:05 +0700] "GET /wp-content/themes/woodmart/js/scripts/global/hiddenSidebar.min.js?ver=7.2.5 HTTP/3" 200 479 "https://view.lotushomemade.com/product/gold-mama-premium-kuih-kapit-tin/" "Mozilla/5.0 (Linux; Android 10; K) AppleWebKit/537.36 (KHTML, like Gecko) Chrome/143.0.0.0 Mobile Safari/537.36"
161.142.118.85 - - [14/Jan/2026:20:38:05 +0700] "GET /wp-content/themes/woodmart/js/scripts/global/searchFullScreen.min.js?ver=7.2.5 HTTP/3" 200 826 "https://view.lotushomemade.com/product/gold-mama-premium-kuih-kapit-tin/" "Mozilla/5.0 (Linux; Android 10; K) AppleWebKit/537.36 (KHTML, like Gecko) Chrome/143.0.0.0 Mobile Safari/537.36"
161.142.118.85 - - [14/Jan/2026:20:38:05 +0700] "GET /wp-content/themes/woodmart/fonts/woodmart-font-1-400.woff2?v=7.2.5 HTTP/3" 200 10452 "https://view.lotushomemade.com/wp-content/uploads/2023/11/xts-theme_settings_default-1699280424.css?ver=7.2.5" "Mozilla/5.0 (Linux; Android 10; K) AppleWebKit/537.36 (KHTML, like Gecko) Chrome/143.0.0.0 Mobile Safari/537.36"
161.142.118.85 - - [14/Jan/2026:20:38:05 +0700] "GET /wp-includes/js/comment-reply.min.js?ver=6.9 HTTP/3" 200 1247 "https://view.lotushomemade.com/product/gold-mama-premium-kuih-kapit-tin/" "Mozilla/5.0 (Linux; Android 10; K) AppleWebKit/537.36 (KHTML, like Gecko) Chrome/143.0.0.0 Mobile Safari/537.36"
161.142.118.85 - - [14/Jan/2026:20:38:05 +0700] "GET /wp-content/uploads/2023/11/ICON-about-1.svg HTTP/3" 200 2129 "https://view.lotushomemade.com/product/gold-mama-premium-kuih-kapit-tin/" "Mozilla/5.0 (Linux; Android 10; K) AppleWebKit/537.36 (KHTML, like Gecko) Chrome/143.0.0.0 Mobile Safari/537.36"
161.142.118.85 - - [14/Jan/2026:20:38:05 +0700] "GET /wp-content/uploads/2023/11/ICON-Contact-2.svg HTTP/3" 200 1056 "https://view.lotushomemade.com/product/gold-mama-premium-kuih-kapit-tin/" "Mozilla/5.0 (Linux; Android 10; K) AppleWebKit/537.36 (KHTML, like Gecko) Chrome/143.0.0.0 Mobile Safari/537.36"
161.142.118.85 - - [14/Jan/2026:20:38:05 +0700] "GET /wp-content/plugins/revslider/public/assets/assets/dummy.png HTTP/3" 200 68 "https://view.lotushomemade.com/product/gold-mama-premium-kuih-kapit-tin/" "Mozilla/5.0 (Linux; Android 10; K) AppleWebKit/537.36 (KHTML, like Gecko) Chrome/143.0.0.0 Mobile Safari/537.36"
161.142.118.85 - - [14/Jan/2026:20:38:05 +0700] "GET /wp-content/uploads/2023/10/list-color_2.svg HTTP/3" 200 255 "https://view.lotushomemade.com/wp-content/uploads/2023/10/xts-default_header-1698647828.css?ver=7.2.5" "Mozilla/5.0 (Linux; Android 10; K) AppleWebKit/537.36 (KHTML, like Gecko) Chrome/143.0.0.0 Mobile Safari/537.36"
161.142.118.85 - - [14/Jan/2026:20:38:05 +0700] "GET /wp-content/uploads/2023/10/LOTUS-HOME-MADE-COOKIES-LOGO-MAIN.svg HTTP/3" 200 9678 "https://view.lotushomemade.com/product/gold-mama-premium-kuih-kapit-tin/" "Mozilla/5.0 (Linux; Android 10; K) AppleWebKit/537.36 (KHTML, like Gecko) Chrome/143.0.0.0 Mobile Safari/537.36"
161.142.118.85 - - [14/Jan/2026:20:38:05 +0700] "GET /wp-content/uploads/2023/04/BN_03AD.jpg HTTP/3" 200 133121 "https://view.lotushomemade.com/product/gold-mama-premium-kuih-kapit-tin/" "Mozilla/5.0 (Linux; Android 10; K) AppleWebKit/537.36 (KHTML, like Gecko) Chrome/143.0.0.0 Mobile Safari/537.36"
161.142.118.85 - - [14/Jan/2026:20:38:05 +0700] "GET /wp-content/uploads/2023/10/Kapitzaa.png HTTP/3" 200 72494 "https://view.lotushomemade.com/product/gold-mama-premium-kuih-kapit-tin/" "Mozilla/5.0 (Linux; Android 10; K) AppleWebKit/537.36 (KHTML, like Gecko) Chrome/143.0.0.0 Mobile Safari/537.36"
161.142.118.85 - - [14/Jan/2026:20:38:05 +0700] "GET /wp-content/uploads/2023/10/COMPANY-PROFILE-LOTUS-2.svg HTTP/3" 200 12656 "https://view.lotushomemade.com/product/gold-mama-premium-kuih-kapit-tin/" "Mozilla/5.0 (Linux; Android 10; K) AppleWebKit/537.36 (KHTML, like Gecko) Chrome/143.0.0.0 Mobile Safari/537.36"
161.142.118.85 - - [14/Jan/2026:20:38:05 +0700] "GET /wp-content/themes/woodmart/images/payments.png HTTP/3" 200 9198 "https://view.lotushomemade.com/product/gold-mama-premium-kuih-kapit-tin/" "Mozilla/5.0 (Linux; Android 10; K) AppleWebKit/537.36 (KHTML, like Gecko) Chrome/143.0.0.0 Mobile Safari/537.36"
161.142.118.85 - - [14/Jan/2026:20:38:05 +0700] "GET /wp-content/plugins/revslider/public/assets/js/rbtools.min.js?ver=6.6.18 HTTP/3" 200 59937 "https://view.lotushomemade.com/product/gold-mama-premium-kuih-kapit-tin/" "Mozilla/5.0 (Linux; Android 10; K) AppleWebKit/537.36 (KHTML, like Gecko) Chrome/143.0.0.0 Mobile Safari/537.36"
161.142.118.85 - - [14/Jan/2026:20:38:05 +0700] "GET /wp-content/plugins/gtranslate/js/float.js?ver=6.9 HTTP/3" 200 6287 "https://view.lotushomemade.com/product/gold-mama-premium-kuih-kapit-tin/" "Mozilla/5.0 (Linux; Android 10; K) AppleWebKit/537.36 (KHTML, like Gecko) Chrome/143.0.0.0 Mobile Safari/537.36"
161.142.118.85 - - [14/Jan/2026:20:38:05 +0700] "GET /wp-content/plugins/revslider/public/assets/js/rs6.min.js?ver=6.6.18 HTTP/3" 200 103630 "https://view.lotushomemade.com/product/gold-mama-premium-kuih-kapit-tin/" "Mozilla/5.0 (Linux; Android 10; K) AppleWebKit/537.36 (KHTML, like Gecko) Chrome/143.0.0.0 Mobile Safari/537.36"
161.142.118.85 - - [14/Jan/2026:20:38:05 +0700] "GET /wp-content/uploads/2023/04/Crypsy_1.png HTTP/3" 200 170389 "https://view.lotushomemade.com/product/gold-mama-premium-kuih-kapit-tin/" "Mozilla/5.0 (Linux; Android 10; K) AppleWebKit/537.36 (KHTML, like Gecko) Chrome/143.0.0.0 Mobile Safari/537.36"
161.142.118.85 - - [14/Jan/2026:20:38:05 +0700] "GET /wp-content/uploads/2023/11/IKAN.png HTTP/3" 200 48903 "https://view.lotushomemade.com/product/gold-mama-premium-kuih-kapit-tin/" "Mozilla/5.0 (Linux; Android 10; K) AppleWebKit/537.36 (KHTML, like Gecko) Chrome/143.0.0.0 Mobile Safari/537.36"
161.142.118.85 - - [14/Jan/2026:20:38:05 +0700] "GET /wp-content/uploads/2021/08/9CC29XS.png HTTP/3" 200 121163 "https://view.lotushomemade.com/product/gold-mama-premium-kuih-kapit-tin/" "Mozilla/5.0 (Linux; Android 10; K) AppleWebKit/537.36 (KHTML, like Gecko) Chrome/143.0.0.0 Mobile Safari/537.36"
161.142.118.85 - - [14/Jan/2026:20:38:05 +0700] "GET /wp-content/uploads/2023/11/Pita.png HTTP/3" 200 23918 "https://view.lotushomemade.com/product/gold-mama-premium-kuih-kapit-tin/" "Mozilla/5.0 (Linux; Android 10; K) AppleWebKit/537.36 (KHTML, like Gecko) Chrome/143.0.0.0 Mobile Safari/537.36"
161.142.118.85 - - [14/Jan/2026:20:38:05 +0700] "GET /wp-content/uploads/2023/04/Cookies_147.png HTTP/3" 200 49426 "https://view.lotushomemade.com/product/gold-mama-premium-kuih-kapit-tin/" "Mozilla/5.0 (Linux; Android 10; K) AppleWebKit/537.36 (KHTML, like Gecko) Chrome/143.0.0.0 Mobile Safari/537.36"
161.142.118.85 - - [14/Jan/2026:20:38:05 +0700] "GET /wp-content/uploads/2023/04/BB_123_1CSA.jpg HTTP/3" 200 122535 "https://view.lotushomemade.com/product/gold-mama-premium-kuih-kapit-tin/" "Mozilla/5.0 (Linux; Android 10; K) AppleWebKit/537.36 (KHTML, like Gecko) Chrome/143.0.0.0 Mobile Safari/537.36"
161.142.118.85 - - [14/Jan/2026:20:38:05 +0700] "GET /wp-content/uploads/2021/08/9CC29XSsaaa.png HTTP/3" 200 309982 "https://view.lotushomemade.com/product/gold-mama-premium-kuih-kapit-tin/" "Mozilla/5.0 (Linux; Android 10; K) AppleWebKit/537.36 (KHTML, like Gecko) Chrome/143.0.0.0 Mobile Safari/537.36"
161.142.118.85 - - [14/Jan/2026:20:38:06 +0700] "GET /wp-content/uploads/2023/11/2001.png HTTP/3" 200 875190 "https://view.lotushomemade.com/product/gold-mama-premium-kuih-kapit-tin/" "Mozilla/5.0 (Linux; Android 10; K) AppleWebKit/537.36 (KHTML, like Gecko) Chrome/143.0.0.0 Mobile Safari/537.36"
161.142.118.85 - - [14/Jan/2026:20:38:05 +0700] "GET /wp-content/uploads/2021/08/9CC293A7B-1300x742.png HTTP/3" 200 853279 "https://view.lotushomemade.com/product/gold-mama-premium-kuih-kapit-tin/" "Mozilla/5.0 (Linux; Android 10; K) AppleWebKit/537.36 (KHTML, like Gecko) Chrome/143.0.0.0 Mobile Safari/537.36"
161.142.118.85 - - [14/Jan/2026:20:38:05 +0700] "GET /wp-content/uploads/2023/04/9CC293A71SA-1300x727.png HTTP/3" 200 978652 "https://view.lotushomemade.com/product/gold-mama-premium-kuih-kapit-tin/" "Mozilla/5.0 (Linux; Android 10; K) AppleWebKit/537.36 (KHTML, like Gecko) Chrome/143.0.0.0 Mobile Safari/537.36"
161.142.118.85 - - [14/Jan/2026:20:38:05 +0700] "GET /wp-content/uploads/2023/10/8002-N.png HTTP/3" 200 847514 "https://view.lotushomemade.com/product/gold-mama-premium-kuih-kapit-tin/" "Mozilla/5.0 (Linux; Android 10; K) AppleWebKit/537.36 (KHTML, like Gecko) Chrome/143.0.0.0 Mobile Safari/537.36"
161.142.118.85 - - [14/Jan/2026:20:38:05 +0700] "GET /wp-content/uploads/2023/10/8001-N.png HTTP/3" 200 840106 "https://view.lotushomemade.com/product/gold-mama-premium-kuih-kapit-tin/" "Mozilla/5.0 (Linux; Android 10; K) AppleWebKit/537.36 (KHTML, like Gecko) Chrome/143.0.0.0 Mobile Safari/537.36"
161.142.118.85 - - [14/Jan/2026:20:38:05 +0700] "GET /wp-content/uploads/2023/04/9CC293A71b-1300x727.png HTTP/3" 200 836050 "https://view.lotushomemade.com/product/gold-mama-premium-kuih-kapit-tin/" "Mozilla/5.0 (Linux; Android 10; K) AppleWebKit/537.36 (KHTML, like Gecko) Chrome/143.0.0.0 Mobile Safari/537.36"
161.142.118.85 - - [14/Jan/2026:20:38:05 +0700] "GET /wp-content/uploads/2023/10/8003-N.png HTTP/3" 200 841910 "https://view.lotushomemade.com/product/gold-mama-premium-kuih-kapit-tin/" "Mozilla/5.0 (Linux; Android 10; K) AppleWebKit/537.36 (KHTML, like Gecko) Chrome/143.0.0.0 Mobile Safari/537.36"
161.142.118.85 - - [14/Jan/2026:20:38:05 +0700] "GET /wp-content/uploads/2021/08/9CC293A7BXD-1300x773.png HTTP/3" 200 1134449 "https://view.lotushomemade.com/product/gold-mama-premium-kuih-kapit-tin/" "Mozilla/5.0 (Linux; Android 10; K) AppleWebKit/537.36 (KHTML, like Gecko) Chrome/143.0.0.0 Mobile Safari/537.36"
161.142.118.85 - - [14/Jan/2026:20:38:06 +0700] "GET /wp-content/uploads/2023/11/2025-700x700.png HTTP/3" 200 695618 "https://view.lotushomemade.com/product/gold-mama-premium-kuih-kapit-tin/" "Mozilla/5.0 (Linux; Android 10; K) AppleWebKit/537.36 (KHTML, like Gecko) Chrome/143.0.0.0 Mobile Safari/537.36"
161.142.118.85 - - [14/Jan/2026:20:38:06 +0700] "GET /wp-content/uploads/2023/10/5011_1.png HTTP/3" 200 781066 "https://view.lotushomemade.com/product/gold-mama-premium-kuih-kapit-tin/" "Mozilla/5.0 (Linux; Android 10; K) AppleWebKit/537.36 (KHTML, like Gecko) Chrome/143.0.0.0 Mobile Safari/537.36"
161.142.118.85 - - [14/Jan/2026:20:38:06 +0700] "GET /wp-content/uploads/2023/11/2028.png HTTP/3" 200 840013 "https://view.lotushomemade.com/product/gold-mama-premium-kuih-kapit-tin/" "Mozilla/5.0 (Linux; Android 10; K) AppleWebKit/537.36 (KHTML, like Gecko) Chrome/143.0.0.0 Mobile Safari/537.36"
161.142.118.85 - - [14/Jan/2026:20:38:06 +0700] "GET /wp-content/uploads/2023/11/2064.png HTTP/3" 200 824190 "https://view.lotushomemade.com/product/gold-mama-premium-kuih-kapit-tin/" "Mozilla/5.0 (Linux; Android 10; K) AppleWebKit/537.36 (KHTML, like Gecko) Chrome/143.0.0.0 Mobile Safari/537.36"
161.142.118.85 - - [14/Jan/2026:20:38:06 +0700] "GET /wp-content/uploads/2023/11/2019-700x700.png HTTP/3" 200 713327 "https://view.lotushomemade.com/product/gold-mama-premium-kuih-kapit-tin/" "Mozilla/5.0 (Linux; Android 10; K) AppleWebKit/537.36 (KHTML, like Gecko) Chrome/143.0.0.0 Mobile Safari/537.36"
161.142.118.85 - - [14/Jan/2026:20:38:06 +0700] "GET /wp-content/uploads/2023/11/2013.png HTTP/3" 200 835984 "https://view.lotushomemade.com/product/gold-mama-premium-kuih-kapit-tin/" "Mozilla/5.0 (Linux; Android 10; K) AppleWebKit/537.36 (KHTML, like Gecko) Chrome/143.0.0.0 Mobile Safari/537.36"
161.142.118.85 - - [14/Jan/2026:20:38:06 +0700] "GET /wp-content/uploads/2023/10/2019_1.png HTTP/3" 200 841107 "https://view.lotushomemade.com/product/gold-mama-premium-kuih-kapit-tin/" "Mozilla/5.0 (Linux; Android 10; K) AppleWebKit/537.36 (KHTML, like Gecko) Chrome/143.0.0.0 Mobile Safari/537.36"
161.142.118.85 - - [14/Jan/2026:20:38:07 +0700] "GET / HTTP/3" 200 76462 "https://view.lotushomemade.com/product/gold-mama-premium-kuih-kapit-tin/" "Mozilla/5.0 (Linux; Android 10; K) AppleWebKit/537.36 (KHTML, like Gecko) Chrome/143.0.0.0 Mobile Safari/537.36"
161.142.118.85 - - [14/Jan/2026:20:38:02 +0700] "GET /product/gold-mama-premium-kuih-kapit-tin/ HTTP/2" 200 36230 "https://www.google.com/" "Mozilla/5.0 (Linux; Android 10; K) AppleWebKit/537.36 (KHTML, like Gecko) Chrome/143.0.0.0 Mobile Safari/537.36"
161.142.118.85 - - [14/Jan/2026:20:38:14 +0700] "GET /wp-content/plugins/gtranslate/flags/svg/en.svg HTTP/3" 200 429 "https://view.lotushomemade.com/product/gold-mama-premium-kuih-kapit-tin/" "Mozilla/5.0 (Linux; Android 10; K) AppleWebKit/537.36 (KHTML, like Gecko) Chrome/143.0.0.0 Mobile Safari/537.36"
161.142.118.85 - - [14/Jan/2026:20:38:14 +0700] "GET /wp-content/plugins/revslider/public/assets/assets/loader.gif HTTP/3" 200 2545 "https://view.lotushomemade.com/wp-content/plugins/revslider/public/assets/css/rs6.css?ver=6.6.18" "Mozilla/5.0 (Linux; Android 10; K) AppleWebKit/537.36 (KHTML, like Gecko) Chrome/143.0.0.0 Mobile Safari/537.36"
161.142.118.85 - - [14/Jan/2026:20:38:14 +0700] "GET /wp-content/uploads/revslider/coming-soon/LOGO-LOTUS-HOME-MADE.svg HTTP/3" 200 9418 "https://view.lotushomemade.com/product/gold-mama-premium-kuih-kapit-tin/" "Mozilla/5.0 (Linux; Android 10; K) AppleWebKit/537.36 (KHTML, like Gecko) Chrome/143.0.0.0 Mobile Safari/537.36"
161.142.118.85 - - [14/Jan/2026:20:38:14 +0700] "GET /wp-content/uploads/2023/11/BAGROUND-Home-made.jpg HTTP/3" 200 39134 "https://view.lotushomemade.com/product/gold-mama-premium-kuih-kapit-tin/" "Mozilla/5.0 (Linux; Android 10; K) AppleWebKit/537.36 (KHTML, like Gecko) Chrome/143.0.0.0 Mobile Safari/537.36"
161.142.118.85 - - [14/Jan/2026:20:38:14 +0700] "GET /wp-content/uploads/revslider/app-studio-contacts11/hand.png HTTP/3" 200 53593 "https://view.lotushomemade.com/product/gold-mama-premium-kuih-kapit-tin/" "Mozilla/5.0 (Linux; Android 10; K) AppleWebKit/537.36 (KHTML, like Gecko) Chrome/143.0.0.0 Mobile Safari/537.36"
161.142.118.85 - - [14/Jan/2026:20:38:14 +0700] "POST /?wc-ajax=get_refreshed_fragments HTTP/3" 200 556 "https://view.lotushomemade.com/product/gold-mama-premium-kuih-kapit-tin/" "Mozilla/5.0 (Linux; Android 10; K) AppleWebKit/537.36 (KHTML, like Gecko) Chrome/143.0.0.0 Mobile Safari/537.36"
161.142.118.85 - - [14/Jan/2026:20:38:14 +0700] "GET /wp-content/uploads/2023/11/BaNNER_fOTER_2.jpg HTTP/3" 200 134854 "https://view.lotushomemade.com/product/gold-mama-premium-kuih-kapit-tin/" "Mozilla/5.0 (Linux; Android 10; K) AppleWebKit/537.36 (KHTML, like Gecko) Chrome/143.0.0.0 Mobile Safari/537.36"
161.142.118.85 - - [14/Jan/2026:20:38:14 +0700] "GET /wp-content/uploads/2023/11/BaNNER_fOTER_3.jpg HTTP/3" 200 151626 "https://view.lotushomemade.com/product/gold-mama-premium-kuih-kapit-tin/" "Mozilla/5.0 (Linux; Android 10; K) AppleWebKit/537.36 (KHTML, like Gecko) Chrome/143.0.0.0 Mobile Safari/537.36"
161.142.118.85 - - [14/Jan/2026:20:38:15 +0700] "GET /wp-content/uploads/2023/11/BaNNER_fOTER_1.jpg HTTP/3" 200 118082 "https://view.lotushomemade.com/product/gold-mama-premium-kuih-kapit-tin/" "Mozilla/5.0 (Linux; Android 10; K) AppleWebKit/537.36 (KHTML, like Gecko) Chrome/143.0.0.0 Mobile Safari/537.36"
161.142.118.85 - - [14/Jan/2026:20:38:15 +0700] "GET /wp-content/uploads/2023/10/LOGO-ICON-LOTUS.svg HTTP/3" 200 5379 "https://view.lotushomemade.com/product/gold-mama-premium-kuih-kapit-tin/" "Mozilla/5.0 (Linux; Android 10; K) AppleWebKit/537.36 (KHTML, like Gecko) Chrome/143.0.0.0 Mobile Safari/537.36"
161.142.118.85 - - [14/Jan/2026:20:38:17 +0700] "GET /product/salted-egg-yolk-chicken-floss-kapit-puff-xl/ HTTP/3" 200 36425 "https://view.lotushomemade.com/product/gold-mama-premium-kuih-kapit-tin/" "Mozilla/5.0 (Linux; Android 10; K) AppleWebKit/537.36 (KHTML, like Gecko) Chrome/143.0.0.0 Mobile Safari/537.36"
114.119.151.206 - - [14/Jan/2026:20:38:37 +0700] "GET /shop?min_price=520&stock_status=onsale&per_page=24 HTTP/1.1" 301 562 "-" "Mozilla/5.0 (Linux; Android 7.0;) AppleWebKit/537.36 (KHTML, like Gecko) Mobile Safari/537.36 (compatible; PetalBot;+https://webmaster.petalsearch.com/site/petalbot)"
114.119.151.206 - - [14/Jan/2026:20:38:38 +0700] "GET /shop/?min_price=520&stock_status=onsale&per_page=24 HTTP/1.1" 200 38549 "-" "Mozilla/5.0 (Linux; Android 7.0;) AppleWebKit/537.36 (KHTML, like Gecko) Mobile Safari/537.36 (compatible; PetalBot;+https://webmaster.petalsearch.com/site/petalbot)"
114.119.130.97 - - [14/Jan/2026:20:40:02 +0700] "GET /shop/page/8/?orderby=price-desc&stock_status=instock&shop_view=grid&per_row=2 HTTP/1.1" 200 40288 "https://view.lotushomemade.com/shop/page/7/?orderby=price-desc&stock_status=instock&shop_view=grid&per_row=2" "Mozilla/5.0 (Linux; Android 7.0;) AppleWebKit/537.36 (KHTML, like Gecko) Mobile Safari/537.36 (compatible; PetalBot;+https://webmaster.petalsearch.com/site/petalbot)"
114.119.151.206 - - [14/Jan/2026:20:41:24 +0700] "GET /shop/page/8/?max_price=520&stock_status=instock&per_page=24 HTTP/1.1" 200 42418 "https://view.lotushomemade.com/shop/page/6/?max_price=520&stock_status=instock&per_page=24" "Mozilla/5.0 (Linux; Android 7.0;) AppleWebKit/537.36 (KHTML, like Gecko) Mobile Safari/537.36 (compatible; PetalBot;+https://webmaster.petalsearch.com/site/petalbot)"
114.119.156.27 - - [14/Jan/2026:20:42:48 +0700] "GET /shop/page/8/?max_price=1050&stock_status=instock&shop_view=grid&per_row=2 HTTP/1.1" 200 39894 "https://view.lotushomemade.com/shop/page/7/?max_price=1050&stock_status=instock&shop_view=grid&per_row=2" "Mozilla/5.0 (Linux; Android 7.0;) AppleWebKit/537.36 (KHTML, like Gecko) Mobile Safari/537.36 (compatible; PetalBot;+https://webmaster.petalsearch.com/site/petalbot)"
103.131.51.123 - - [14/Jan/2026:20:44:19 +0700] "POST /wp-cron.php?doing_wp_cron=1768398259.8241090774536132812500 HTTP/1.1" 200 474 "-" "WordPress/6.9; https://view.lotushomemade.com"
114.119.149.78 - - [14/Jan/2026:20:44:18 +0700] "GET /shop/page/7/?orderby=date&per_page=18&shop_view=grid&per_row=6 HTTP/1.1" 200 41178 "https://view.lotushomemade.com/shop/page/8/?orderby=date&per_page=18&shop_view=grid&per_row=6" "Mozilla/5.0 (Linux; Android 7.0;) AppleWebKit/537.36 (KHTML, like Gecko) Mobile Safari/537.36 (compatible; PetalBot;+https://webmaster.petalsearch.com/site/petalbot)"
2a06:98c0:3600::103 - - [14/Jan/2026:20:44:40 +0700] "GET /wp-content/uploads/2023/10/2004_1.png HTTP/2" 200 861394 "-" "-"
114.119.150.215 - - [14/Jan/2026:20:45:36 +0700] "GET /shop/page/7/?max_price=1050&per_page=18&stock_status=instock HTTP/1.1" 200 41147 "https://view.lotushomemade.com/shop/page/6/?max_price=1050&per_page=18&stock_status=instock" "Mozilla/5.0 (Linux; Android 7.0;) AppleWebKit/537.36 (KHTML, like Gecko) Mobile Safari/537.36 (compatible; PetalBot;+https://webmaster.petalsearch.com/site/petalbot)"
103.131.51.123 - - [14/Jan/2026:20:47:01 +0700] "POST /wp-cron.php?doing_wp_cron=1768398421.9362900257110595703125 HTTP/1.1" 200 474 "-" "WordPress/6.9; https://view.lotushomemade.com"
114.119.142.208 - - [14/Jan/2026:20:47:00 +0700] "GET /shop/page/6/?orderby=popularity&per_row=6&per_page=18&shop_view=grid HTTP/1.1" 200 40842 "https://view.lotushomemade.com/shop/page/3?orderby=popularity&per_row=6&per_page=18&shop_view=grid" "Mozilla/5.0 (Linux; Android 7.0;) AppleWebKit/537.36 (KHTML, like Gecko) Mobile Safari/537.36 (compatible; PetalBot;+https://webmaster.petalsearch.com/site/petalbot)"
103.131.51.123 - - [14/Jan/2026:20:48:24 +0700] "POST /wp-cron.php?doing_wp_cron=1768398504.1310100555419921875000 HTTP/1.1" 200 474 "-" "WordPress/6.9; https://view.lotushomemade.com"
114.119.130.97 - - [14/Jan/2026:20:48:24 +0700] "GET /shop/page/5?orderby=rating&per_row=2&shop_view=grid&stock_status=instock HTTP/1.1" 301 626 "https://view.lotushomemade.com/shop/page/7?orderby=rating&per_row=2&shop_view=grid&stock_status=instock" "Mozilla/5.0 (Linux; Android 7.0;) AppleWebKit/537.36 (KHTML, like Gecko) Mobile Safari/537.36 (compatible; PetalBot;+https://webmaster.petalsearch.com/site/petalbot)"
57.141.16.83 - - [14/Jan/2026:20:48:20 +0700] "GET /product-category/traditional-cookies-series/page/13/?stock_status=onsale&per_page=8 HTTP/2" 200 230760 "-" "meta-externalagent/1.1 (+https://developers.facebook.com/docs/sharing/webmasters/crawler)"
114.119.130.97 - - [14/Jan/2026:20:48:25 +0700] "GET /shop/page/5/?orderby=rating&per_row=2&shop_view=grid&stock_status=instock HTTP/1.1" 200 40069 "https://view.lotushomemade.com/shop/page/7?orderby=rating&per_row=2&shop_view=grid&stock_status=instock" "Mozilla/5.0 (Linux; Android 7.0;) AppleWebKit/537.36 (KHTML, like Gecko) Mobile Safari/537.36 (compatible; PetalBot;+https://webmaster.petalsearch.com/site/petalbot)"
57.141.16.51 - - [14/Jan/2026:20:49:02 +0700] "GET /product-category/traditional-cookies-series/page/10/?add-to-cart=17122 HTTP/2" 200 243828 "-" "meta-externalagent/1.1 (+https://developers.facebook.com/docs/sharing/webmasters/crawler)"
114.119.145.110 - - [14/Jan/2026:20:49:49 +0700] "GET /shop/page/5/?orderby=date&per_row=6&per_page=8&shop_view=grid HTTP/1.1" 200 39418 "https://view.lotushomemade.com/shop/page/8/?orderby=date&per_row=6&per_page=8&shop_view=grid" "Mozilla/5.0 (Linux; Android 7.0;) AppleWebKit/537.36 (KHTML, like Gecko) Mobile Safari/537.36 (compatible; PetalBot;+https://webmaster.petalsearch.com/site/petalbot)"
103.131.51.123 - - [14/Jan/2026:20:51:14 +0700] "POST /wp-cron.php?doing_wp_cron=1768398674.0481228828430175781250 HTTP/1.1" 200 474 "-" "WordPress/6.9; https://view.lotushomemade.com"
114.119.151.206 - - [14/Jan/2026:20:51:10 +0700] "GET /shop/page/5/?max_price=780&per_row=6&per_page=18&shop_view=grid HTTP/1.1" 200 41062 "https://view.lotushomemade.com/shop/page/5/?max_price=780&per_row=6&per_page=18&shop_view=grid" "Mozilla/5.0 (Linux; Android 7.0;) AppleWebKit/537.36 (KHTML, like Gecko) Mobile Safari/537.36 (compatible; PetalBot;+https://webmaster.petalsearch.com/site/petalbot)"
103.131.51.123 - - [14/Jan/2026:20:52:36 +0700] "POST /wp-cron.php?doing_wp_cron=1768398756.1517360210418701171875 HTTP/1.1" 200 474 "-" "WordPress/6.9; https://view.lotushomemade.com"
114.119.130.97 - - [14/Jan/2026:20:52:33 +0700] "GET /shop/page/4?orderby=rating&per_page=18 HTTP/1.1" 301 550 "-" "Mozilla/5.0 (Linux; Android 7.0;) AppleWebKit/537.36 (KHTML, like Gecko) Mobile Safari/537.36 (compatible; PetalBot;+https://webmaster.petalsearch.com/site/petalbot)"
114.119.130.97 - - [14/Jan/2026:20:52:36 +0700] "GET /shop/page/4/?orderby=rating&per_page=18 HTTP/1.1" 200 41093 "-" "Mozilla/5.0 (Linux; Android 7.0;) AppleWebKit/537.36 (KHTML, like Gecko) Mobile Safari/537.36 (compatible; PetalBot;+https://webmaster.petalsearch.com/site/petalbot)"
114.119.151.206 - - [14/Jan/2026:20:53:57 +0700] "GET /shop/page/48/?orderby=popularity&per_row=4&per_page=8&shop_view=grid HTTP/1.1" 200 39695 "https://view.lotushomemade.com/shop/page/41/?orderby=popularity&per_row=4&per_page=8&shop_view=grid" "Mozilla/5.0 (Linux; Android 7.0;) AppleWebKit/537.36 (KHTML, like Gecko) Mobile Safari/537.36 (compatible; PetalBot;+https://webmaster.petalsearch.com/site/petalbot)"
103.131.51.123 - - [14/Jan/2026:20:55:28 +0700] "POST /wp-cron.php?doing_wp_cron=1768398928.2471599578857421875000 HTTP/1.1" 200 474 "-" "WordPress/6.9; https://view.lotushomemade.com"
114.119.156.27 - - [14/Jan/2026:20:55:24 +0700] "GET /shop/page/48/?max_price=520&per_page=8&stock_status=onsale HTTP/1.1" 200 39208 "https://view.lotushomemade.com/shop/page/48?max_price=520&per_page=8&stock_status=onsale" "Mozilla/5.0 (Linux; Android 7.0;) AppleWebKit/537.36 (KHTML, like Gecko) Mobile Safari/537.36 (compatible; PetalBot;+https://webmaster.petalsearch.com/site/petalbot)"
114.119.151.206 - - [14/Jan/2026:20:56:46 +0700] "GET /shop/page/43/?orderby=rating&per_row=4&per_page=8&shop_view=grid HTTP/1.1" 200 39007 "https://view.lotushomemade.com/shop/page/40/?orderby=rating&per_row=4&per_page=8&shop_view=grid" "Mozilla/5.0 (Linux; Android 7.0;) AppleWebKit/537.36 (KHTML, like Gecko) Mobile Safari/537.36 (compatible; PetalBot;+https://webmaster.petalsearch.com/site/petalbot)"
57.141.16.28 - - [14/Jan/2026:20:56:39 +0700] "GET /shop/page/11/?stock_status=instock%2Consale&per_page=18 HTTP/2" 200 256962 "-" "meta-externalagent/1.1 (+https://developers.facebook.com/docs/sharing/webmasters/crawler)"
114.119.145.110 - - [14/Jan/2026:20:58:09 +0700] "GET /shop/page/41/?orderby=date&per_page=8 HTTP/1.1" 200 39070 "https://view.lotushomemade.com/shop/page/40/?orderby=date&per_page=8" "Mozilla/5.0 (Linux; Android 7.0;) AppleWebKit/537.36 (KHTML, like Gecko) Mobile Safari/537.36 (compatible; PetalBot;+https://webmaster.petalsearch.com/site/petalbot)"
103.131.51.123 - - [14/Jan/2026:20:59:34 +0700] "POST /wp-cron.php?doing_wp_cron=1768399174.2914121150970458984375 HTTP/1.1" 200 474 "-" "WordPress/6.9; https://view.lotushomemade.com"
114.119.130.97 - - [14/Jan/2026:20:59:31 +0700] "GET /shop?min_price=1040&max_price=1050&shop_view=grid&per_row=6 HTTP/1.1" 301 613 "https://view.lotushomemade.com/shop?min_price=1040&max_price=1050" "Mozilla/5.0 (Linux; Android 7.0;) AppleWebKit/537.36 (KHTML, like Gecko) Mobile Safari/537.36 (compatible; PetalBot;+https://webmaster.petalsearch.com/site/petalbot)"
114.119.130.97 - - [14/Jan/2026:20:59:34 +0700] "GET /shop/?min_price=1040&max_price=1050&shop_view=grid&per_row=6 HTTP/1.1" 200 38612 "https://view.lotushomemade.com/shop?min_price=1040&max_price=1050" "Mozilla/5.0 (Linux; Android 7.0;) AppleWebKit/537.36 (KHTML, like Gecko) Mobile Safari/537.36 (compatible; PetalBot;+https://webmaster.petalsearch.com/site/petalbot)"
170.233.193.13 - - [14/Jan/2026:20:59:52 +0700] "GET /shop/?min_price=260&max_price=520 HTTP/2" 200 31877 "https://www.google.com/" "Mozilla/5.0 (Windows NT 10.0; Win64; x64) AppleWebKit/537.36 (KHTML, like Gecko) Chrome/134.0.4322.75 Safari/537.36"
57.141.16.81 - - [14/Jan/2026:21:00:19 +0700] "GET /shop/page/13/?per_row=2&per_page=12&shop_view=grid HTTP/2" 200 241780 "-" "meta-externalagent/1.1 (+https://developers.facebook.com/docs/sharing/webmasters/crawler)"
114.119.151.206 - - [14/Jan/2026:21:00:55 +0700] "GET /shop/page/9?orderby=rating&per_row=2&shop_view=grid&stock_status=instock HTTP/1.1" 301 626 "https://view.lotushomemade.com/shop/page/7?orderby=rating&per_row=2&shop_view=grid&stock_status=instock" "Mozilla/5.0 (Linux; Android 7.0;) AppleWebKit/537.36 (KHTML, like Gecko) Mobile Safari/537.36 (compatible; PetalBot;+https://webmaster.petalsearch.com/site/petalbot)"
114.119.151.206 - - [14/Jan/2026:21:01:06 +0700] "GET /shop/page/9/?orderby=rating&per_row=2&shop_view=grid&stock_status=instock HTTP/1.1" 200 39833 "https://view.lotushomemade.com/shop/page/7?orderby=rating&per_row=2&shop_view=grid&stock_status=instock" "Mozilla/5.0 (Linux; Android 7.0;) AppleWebKit/537.36 (KHTML, like Gecko) Mobile Safari/537.36 (compatible; PetalBot;+https://webmaster.petalsearch.com/site/petalbot)"
57.141.16.77 - - [14/Jan/2026:21:02:04 +0700] "GET /shop/page/15/?stock_status=instock&per_page=8&shop_view=grid&per_row=2 HTTP/2" 200 229844 "-" "meta-externalagent/1.1 (+https://developers.facebook.com/docs/sharing/webmasters/crawler)"
57.141.16.46 - - [14/Jan/2026:21:02:04 +0700] "GET /shop/page/16/?add-to-cart=16962 HTTP/2" 200 239604 "-" "meta-externalagent/1.1 (+https://developers.facebook.com/docs/sharing/webmasters/crawler)"
114.119.148.197 - - [14/Jan/2026:21:02:21 +0700] "GET /shop/page/9/?orderby=date&stock_status=onsale&per_row=2&shop_view=grid HTTP/1.1" 200 39826 "https://view.lotushomemade.com/shop/page/7/?orderby=date&stock_status=onsale&per_row=2&shop_view=grid" "Mozilla/5.0 (Linux; Android 7.0;) AppleWebKit/537.36 (KHTML, like Gecko) Mobile Safari/537.36 (compatible; PetalBot;+https://webmaster.petalsearch.com/site/petalbot)"
52.167.144.193 - - [14/Jan/2026:21:03:13 +0700] "GET /wp-content/uploads/2023/11/1127-300x300.png HTTP/2" 200 144193 "-" "Mozilla/5.0 AppleWebKit/537.36 (KHTML, like Gecko; compatible; bingbot/2.0; +http://www.bing.com/bingbot.htm) Chrome/116.0.1938.76 Safari/537.36"
103.131.51.123 - - [14/Jan/2026:21:03:49 +0700] "POST /wp-cron.php?doing_wp_cron=1768399429.1819040775299072265625 HTTP/1.1" 200 474 "-" "WordPress/6.9; https://view.lotushomemade.com"
114.119.142.208 - - [14/Jan/2026:21:03:45 +0700] "GET /shop/page/9/?min_price=0&per_row=2&shop_view=grid&per_page=12 HTTP/1.1" 200 40207 "https://view.lotushomemade.com/shop/page/8/?min_price=0&per_row=2&shop_view=grid&per_page=12" "Mozilla/5.0 (Linux; Android 7.0;) AppleWebKit/537.36 (KHTML, like Gecko) Mobile Safari/537.36 (compatible; PetalBot;+https://webmaster.petalsearch.com/site/petalbot)"
103.131.51.123 - - [14/Jan/2026:21:05:12 +0700] "POST /wp-cron.php?doing_wp_cron=1768399512.2499809265136718750000 HTTP/1.1" 200 474 "-" "WordPress/6.9; https://view.lotushomemade.com"
114.119.142.208 - - [14/Jan/2026:21:05:08 +0700] "GET /shop/page/8/?min_price=0&per_page=24&stock_status=instock HTTP/1.1" 200 42136 "https://view.lotushomemade.com/shop/page/9/?min_price=0&per_page=24&stock_status=instock" "Mozilla/5.0 (Linux; Android 7.0;) AppleWebKit/537.36 (KHTML, like Gecko) Mobile Safari/537.36 (compatible; PetalBot;+https://webmaster.petalsearch.com/site/petalbot)"
52.167.144.23 - - [14/Jan/2026:21:06:24 +0700] "GET /wp-content/uploads/2023/10/bakery-LOTUS.png HTTP/2" 200 618915 "-" "Mozilla/5.0 AppleWebKit/537.36 (KHTML, like Gecko; compatible; bingbot/2.0; +http://www.bing.com/bingbot.htm) Chrome/116.0.1938.76 Safari/537.36"
103.131.51.123 - - [14/Jan/2026:21:08:43 +0700] "POST /wp-cron.php?doing_wp_cron=1768399723.2084069252014160156250 HTTP/1.1" 200 474 "-" "WordPress/6.9; https://view.lotushomemade.com"
114.119.150.215 - - [14/Jan/2026:21:08:39 +0700] "GET /shop/page/6/?orderby=price-desc&stock_status=instock&per_page=8 HTTP/1.1" 200 39112 "https://view.lotushomemade.com/shop/page/9/?orderby=price-desc&stock_status=instock&per_page=8" "Mozilla/5.0 (Linux; Android 7.0;) AppleWebKit/537.36 (KHTML, like Gecko) Mobile Safari/537.36 (compatible; PetalBot;+https://webmaster.petalsearch.com/site/petalbot)"
117.220.185.130 - - [14/Jan/2026:21:09:15 +0700] "GET /product/peanut-cake_8080-s/?add-to-cart=8654 HTTP/1.1" 200 38544 "-" "Mozilla/5.0 (Windows CE; ps-AF; rv:1.9.1.20) Gecko/6122-08-03 11:25:21.415192 Firefox/11.0"
103.131.51.123 - - [14/Jan/2026:21:09:56 +0700] "POST /wp-cron.php?doing_wp_cron=1768399796.6243889331817626953125 HTTP/1.1" 200 474 "-" "WordPress/6.9; https://view.lotushomemade.com"
57.141.16.10 - - [14/Jan/2026:21:09:55 +0700] "GET /shop/page/16/?per_row=4&per_page=18&shop_view=grid&stock_status=instock HTTP/2" 200 259842 "-" "meta-externalagent/1.1 (+https://developers.facebook.com/docs/sharing/webmasters/crawler)"
114.119.156.27 - - [14/Jan/2026:21:10:21 +0700] "GET /shop/page/47/?stock_status=instock&per_row=4&per_page=8&shop_view=grid HTTP/1.1" 200 39562 "https://view.lotushomemade.com/shop/page/18/?stock_status=instock&per_row=4&per_page=8&shop_view=grid" "Mozilla/5.0 (Linux; Android 7.0;) AppleWebKit/537.36 (KHTML, like Gecko) Mobile Safari/537.36 (compatible; PetalBot;+https://webmaster.petalsearch.com/site/petalbot)"
103.131.51.123 - - [14/Jan/2026:21:10:45 +0700] "POST /wp-cron.php?doing_wp_cron=1768399845.1169390678405761718750 HTTP/1.1" 200 474 "-" "WordPress/6.9; https://view.lotushomemade.com"
114.119.151.206 - - [14/Jan/2026:21:10:43 +0700] "GET /shop/page/47/?stock_status=instock&per_row=2&shop_view=grid&per_page=8 HTTP/1.1" 200 39581 "https://view.lotushomemade.com/shop/page/6/?stock_status=instock&per_row=2&shop_view=grid&per_page=8" "Mozilla/5.0 (Linux; Android 7.0;) AppleWebKit/537.36 (KHTML, like Gecko) Mobile Safari/537.36 (compatible; PetalBot;+https://webmaster.petalsearch.com/site/petalbot)"
114.119.142.208 - - [14/Jan/2026:21:11:08 +0700] "GET /shop/page/46?orderby=price&per_page=8 HTTP/1.1" 301 548 "https://view.lotushomemade.com/shop/page/9?orderby=price&per_page=8" "Mozilla/5.0 (Linux; Android 7.0;) AppleWebKit/537.36 (KHTML, like Gecko) Mobile Safari/537.36 (compatible; PetalBot;+https://webmaster.petalsearch.com/site/petalbot)"
114.119.142.208 - - [14/Jan/2026:21:11:09 +0700] "GET /shop/page/46/?orderby=price&per_page=8 HTTP/1.1" 200 39386 "https://view.lotushomemade.com/shop/page/9?orderby=price&per_page=8" "Mozilla/5.0 (Linux; Android 7.0;) AppleWebKit/537.36 (KHTML, like Gecko) Mobile Safari/537.36 (compatible; PetalBot;+https://webmaster.petalsearch.com/site/petalbot)"
103.131.51.123 - - [14/Jan/2026:21:12:52 +0700] "POST /wp-cron.php?doing_wp_cron=1768399972.4787271022796630859375 HTTP/1.1" 200 474 "-" "WordPress/6.9; https://view.lotushomemade.com"
114.119.156.27 - - [14/Jan/2026:21:12:48 +0700] "GET /shop/page/4/?stock_status=instock&per_row=2&per_page=12&shop_view=grid HTTP/1.1" 200 40273 "https://view.lotushomemade.com/shop/page/3?stock_status=instock&per_row=2&per_page=12&shop_view=grid" "Mozilla/5.0 (Linux; Android 7.0;) AppleWebKit/537.36 (KHTML, like Gecko) Mobile Safari/537.36 (compatible; PetalBot;+https://webmaster.petalsearch.com/site/petalbot)"
103.131.51.123 - - [14/Jan/2026:21:13:36 +0700] "POST /wp-cron.php?doing_wp_cron=1768400016.2463231086730957031250 HTTP/1.1" 200 474 "-" "WordPress/6.9; https://view.lotushomemade.com"
114.119.145.110 - - [14/Jan/2026:21:13:34 +0700] "GET /shop/page/4/?per_row=2&per_page=8&shop_view=grid&stock_status=instock HTTP/1.1" 200 39359 "https://view.lotushomemade.com/shop/page/7/?per_row=2&per_page=8&shop_view=grid&stock_status=instock" "Mozilla/5.0 (Linux; Android 7.0;) AppleWebKit/537.36 (KHTML, like Gecko) Mobile Safari/537.36 (compatible; PetalBot;+https://webmaster.petalsearch.com/site/petalbot)"
114.119.150.215 - - [14/Jan/2026:21:14:57 +0700] "GET /shop/page/4/?per_page=18&shop_view=grid&per_row=4 HTTP/1.1" 200 41165 "https://view.lotushomemade.com/shop/page/5/?per_page=18&shop_view=grid&per_row=4" "Mozilla/5.0 (Linux; Android 7.0;) AppleWebKit/537.36 (KHTML, like Gecko) Mobile Safari/537.36 (compatible; PetalBot;+https://webmaster.petalsearch.com/site/petalbot)"
114.119.130.97 - - [14/Jan/2026:21:16:21 +0700] "GET /shop/page/4/?orderby=popularity&per_row=2&shop_view=grid&stock_status=onsale HTTP/1.1" 200 40069 "https://view.lotushomemade.com/shop/page/4/?orderby=popularity&per_row=2&shop_view=grid&stock_status=onsale" "Mozilla/5.0 (Linux; Android 7.0;) AppleWebKit/537.36 (KHTML, like Gecko) Mobile Safari/537.36 (compatible; PetalBot;+https://webmaster.petalsearch.com/site/petalbot)"
103.131.51.123 - - [14/Jan/2026:21:17:46 +0700] "POST /wp-cron.php?doing_wp_cron=1768400266.8616409301757812500000 HTTP/1.1" 200 474 "-" "WordPress/6.9; https://view.lotushomemade.com"
114.119.150.215 - - [14/Jan/2026:21:17:45 +0700] "GET /shop/page/4/?min_price=0&stock_status=onsale&per_page=18 HTTP/1.1" 200 41170 "https://view.lotushomemade.com/shop/page/5/?min_price=0&stock_status=onsale&per_page=18" "Mozilla/5.0 (Linux; Android 7.0;) AppleWebKit/537.36 (KHTML, like Gecko) Mobile Safari/537.36 (compatible; PetalBot;+https://webmaster.petalsearch.com/site/petalbot)"
57.141.16.67 - - [14/Jan/2026:21:18:06 +0700] "GET /shop/page/17/?per_row=2&per_page=18&shop_view=grid HTTP/2" 200 258001 "-" "meta-externalagent/1.1 (+https://developers.facebook.com/docs/sharing/webmasters/crawler)"
103.131.51.123 - - [14/Jan/2026:21:19:10 +0700] "POST /wp-cron.php?doing_wp_cron=1768400350.0307469367980957031250 HTTP/1.1" 200 474 "-" "WordPress/6.9; https://view.lotushomemade.com"
114.119.142.208 - - [14/Jan/2026:21:19:08 +0700] "GET /shop/page/35/?orderby=price-desc&per_row=2&per_page=8&shop_view=grid HTTP/1.1" 200 39674 "https://view.lotushomemade.com/shop/page/32/?orderby=price-desc&per_row=2&per_page=8&shop_view=grid" "Mozilla/5.0 (Linux; Android 7.0;) AppleWebKit/537.36 (KHTML, like Gecko) Mobile Safari/537.36 (compatible; PetalBot;+https://webmaster.petalsearch.com/site/petalbot)"
103.131.51.123 - - [14/Jan/2026:21:20:35 +0700] "POST /wp-cron.php?doing_wp_cron=1768400435.6612598896026611328125 HTTP/1.1" 200 474 "-" "WordPress/6.9; https://view.lotushomemade.com"
114.119.156.27 - - [14/Jan/2026:21:20:33 +0700] "GET /shop/page/32?orderby=price-desc&stock_status=instock,onsale HTTP/1.1" 301 527 "https://view.lotushomemade.com/shop?orderby=price-desc&stock_status=instock%2Consale" "Mozilla/5.0 (Linux; Android 7.0;) AppleWebKit/537.36 (KHTML, like Gecko) Mobile Safari/537.36 (compatible; PetalBot;+https://webmaster.petalsearch.com/site/petalbot)"
114.119.156.27 - - [14/Jan/2026:21:20:36 +0700] "GET /shop/page/32/?orderby=price-desc&stock_status=instock,onsale HTTP/1.1" 301 527 "https://view.lotushomemade.com/shop?orderby=price-desc&stock_status=instock%2Consale" "Mozilla/5.0 (Linux; Android 7.0;) AppleWebKit/537.36 (KHTML, like Gecko) Mobile Safari/537.36 (compatible; PetalBot;+https://webmaster.petalsearch.com/site/petalbot)"
114.119.156.27 - - [14/Jan/2026:21:20:37 +0700] "GET /shop/page/32/?orderby=price-desc&stock_status=instock,onsale HTTP/1.1" 301 527 "https://view.lotushomemade.com/shop?orderby=price-desc&stock_status=instock%2Consale" "Mozilla/5.0 (Linux; Android 7.0;) AppleWebKit/537.36 (KHTML, like Gecko) Mobile Safari/537.36 (compatible; PetalBot;+https://webmaster.petalsearch.com/site/petalbot)"
114.119.156.27 - - [14/Jan/2026:21:20:38 +0700] "GET /shop/page/32/?orderby=price-desc&stock_status=instock,onsale HTTP/1.1" 301 527 "https://view.lotushomemade.com/shop?orderby=price-desc&stock_status=instock%2Consale" "Mozilla/5.0 (Linux; Android 7.0;) AppleWebKit/537.36 (KHTML, like Gecko) Mobile Safari/537.36 (compatible; PetalBot;+https://webmaster.petalsearch.com/site/petalbot)"
114.119.156.27 - - [14/Jan/2026:21:20:38 +0700] "GET /shop/page/32/?orderby=price-desc&stock_status=instock,onsale HTTP/1.1" 301 527 "https://view.lotushomemade.com/shop?orderby=price-desc&stock_status=instock%2Consale" "Mozilla/5.0 (Linux; Android 7.0;) AppleWebKit/537.36 (KHTML, like Gecko) Mobile Safari/537.36 (compatible; PetalBot;+https://webmaster.petalsearch.com/site/petalbot)"
114.119.156.27 - - [14/Jan/2026:21:20:39 +0700] "GET /shop/page/32/?orderby=price-desc&stock_status=instock,onsale HTTP/1.1" 301 527 "https://view.lotushomemade.com/shop?orderby=price-desc&stock_status=instock%2Consale" "Mozilla/5.0 (Linux; Android 7.0;) AppleWebKit/537.36 (KHTML, like Gecko) Mobile Safari/537.36 (compatible; PetalBot;+https://webmaster.petalsearch.com/site/petalbot)"
114.119.156.27 - - [14/Jan/2026:21:20:39 +0700] "GET /shop/page/32/?orderby=price-desc&stock_status=instock,onsale HTTP/1.1" 301 527 "https://view.lotushomemade.com/shop?orderby=price-desc&stock_status=instock%2Consale" "Mozilla/5.0 (Linux; Android 7.0;) AppleWebKit/537.36 (KHTML, like Gecko) Mobile Safari/537.36 (compatible; PetalBot;+https://webmaster.petalsearch.com/site/petalbot)"
114.119.156.27 - - [14/Jan/2026:21:20:40 +0700] "GET /shop/page/32/?orderby=price-desc&stock_status=instock,onsale HTTP/1.1" 301 527 "https://view.lotushomemade.com/shop?orderby=price-desc&stock_status=instock%2Consale" "Mozilla/5.0 (Linux; Android 7.0;) AppleWebKit/537.36 (KHTML, like Gecko) Mobile Safari/537.36 (compatible; PetalBot;+https://webmaster.petalsearch.com/site/petalbot)"
114.119.156.27 - - [14/Jan/2026:21:20:40 +0700] "GET /shop/page/32/?orderby=price-desc&stock_status=instock,onsale HTTP/1.1" 301 527 "https://view.lotushomemade.com/shop?orderby=price-desc&stock_status=instock%2Consale" "Mozilla/5.0 (Linux; Android 7.0;) AppleWebKit/537.36 (KHTML, like Gecko) Mobile Safari/537.36 (compatible; PetalBot;+https://webmaster.petalsearch.com/site/petalbot)"
114.119.156.27 - - [14/Jan/2026:21:20:41 +0700] "GET /shop/page/32/?orderby=price-desc&stock_status=instock,onsale HTTP/1.1" 301 527 "https://view.lotushomemade.com/shop?orderby=price-desc&stock_status=instock%2Consale" "Mozilla/5.0 (Linux; Android 7.0;) AppleWebKit/537.36 (KHTML, like Gecko) Mobile Safari/537.36 (compatible; PetalBot;+https://webmaster.petalsearch.com/site/petalbot)"
103.131.51.123 - - [14/Jan/2026:21:21:57 +0700] "POST /wp-cron.php?doing_wp_cron=1768400517.7516150474548339843750 HTTP/1.1" 200 474 "-" "WordPress/6.9; https://view.lotushomemade.com"
