114.119.151.206 - - [14/Jan/2026:19:23:25 +0700] "GET /shop/page/18/?max_price=1040&per_row=2&shop_view=grid&stock_status=onsale HTTP/1.1" 200 40544 "https://view.lotushomemade.com/shop/page/21/?max_price=1040&per_row=2&shop_view=grid&stock_status=onsale" "Mozilla/5.0 (Linux; Android 7.0;) AppleWebKit/537.36 (KHTML, like Gecko) Mobile Safari/537.36 (compatible; PetalBot;+https://webmaster.petalsearch.com/site/petalbot)"
103.131.51.123 - - [14/Jan/2026:19:24:51 +0700] "POST /wp-cron.php?doing_wp_cron=1768393491.5588870048522949218750 HTTP/1.1" 200 474 "-" "WordPress/6.9; https://view.lotushomemade.com"
114.119.150.215 - - [14/Jan/2026:19:24:47 +0700] "GET /shop/page/18/?max_price=1040&per_row=2&shop_view=grid HTTP/1.1" 200 40473 "https://view.lotushomemade.com/shop/page/18?max_price=1040&per_row=2&shop_view=grid" "Mozilla/5.0 (Linux; Android 7.0;) AppleWebKit/537.36 (KHTML, like Gecko) Mobile Safari/537.36 (compatible; PetalBot;+https://webmaster.petalsearch.com/site/petalbot)"
103.131.51.123 - - [14/Jan/2026:19:26:14 +0700] "POST /wp-cron.php?doing_wp_cron=1768393574.5301990509033203125000 HTTP/1.1" 200 474 "-" "WordPress/6.9; https://view.lotushomemade.com"
114.119.130.97 - - [14/Jan/2026:19:26:10 +0700] "GET /shop/page/18/?max_price=1040&per_page=8 HTTP/1.1" 200 39671 "https://view.lotushomemade.com/shop/page/20?max_price=1040&per_page=8" "Mozilla/5.0 (Linux; Android 7.0;) AppleWebKit/537.36 (KHTML, like Gecko) Mobile Safari/537.36 (compatible; PetalBot;+https://webmaster.petalsearch.com/site/petalbot)"
103.131.51.123 - - [14/Jan/2026:19:26:49 +0700] "POST /wp-cron.php?doing_wp_cron=1768393609.1495380401611328125000 HTTP/1.1" 200 474 "-" "WordPress/6.9; https://view.lotushomemade.com"
57.141.16.24 - - [14/Jan/2026:19:26:47 +0700] "GET /shop/page/8/?add-to-cart=8350 HTTP/2" 200 238065 "-" "meta-externalagent/1.1 (+https://developers.facebook.com/docs/sharing/webmasters/crawler)"
103.131.51.123 - - [14/Jan/2026:19:27:33 +0700] "POST /wp-cron.php?doing_wp_cron=1768393653.8890979290008544921875 HTTP/1.1" 200 474 "-" "WordPress/6.9; https://view.lotushomemade.com"
114.119.151.206 - - [14/Jan/2026:19:27:33 +0700] "GET /shop/page/17?stock_status=instock&per_row=6&per_page=12&shop_view=grid HTTP/1.1" 301 670 "https://view.lotushomemade.com/shop/page/17/?stock_status=instock&per_row=6&per_page=12&shop_view=grid" "Mozilla/5.0 (Linux; Android 7.0;) AppleWebKit/537.36 (KHTML, like Gecko) Mobile Safari/537.36 (compatible; PetalBot;+https://webmaster.petalsearch.com/site/petalbot)"
114.119.151.206 - - [14/Jan/2026:19:27:34 +0700] "GET /shop/page/17/?stock_status=instock&per_row=6&per_page=12&shop_view=grid HTTP/1.1" 200 39926 "https://view.lotushomemade.com/shop/page/17/?stock_status=instock&per_row=6&per_page=12&shop_view=grid" "Mozilla/5.0 (Linux; Android 7.0;) AppleWebKit/537.36 (KHTML, like Gecko) Mobile Safari/537.36 (compatible; PetalBot;+https://webmaster.petalsearch.com/site/petalbot)"
103.131.51.123 - - [14/Jan/2026:19:29:00 +0700] "POST /wp-cron.php?doing_wp_cron=1768393740.5342719554901123046875 HTTP/1.1" 200 474 "-" "WordPress/6.9; https://view.lotushomemade.com"
114.119.156.27 - - [14/Jan/2026:19:28:58 +0700] "GET /shop/page/17?per_row=2&shop_view=grid&stock_status=instock HTTP/1.1" 301 612 "https://view.lotushomemade.com/shop/page/17/?per_row=2&shop_view=grid&stock_status=instock" "Mozilla/5.0 (Linux; Android 7.0;) AppleWebKit/537.36 (KHTML, like Gecko) Mobile Safari/537.36 (compatible; PetalBot;+https://webmaster.petalsearch.com/site/petalbot)"
114.119.156.27 - - [14/Jan/2026:19:29:00 +0700] "GET /shop/page/17/?per_row=2&shop_view=grid&stock_status=instock HTTP/1.1" 200 39868 "https://view.lotushomemade.com/shop/page/17/?per_row=2&shop_view=grid&stock_status=instock" "Mozilla/5.0 (Linux; Android 7.0;) AppleWebKit/537.36 (KHTML, like Gecko) Mobile Safari/537.36 (compatible; PetalBot;+https://webmaster.petalsearch.com/site/petalbot)"
114.119.156.27 - - [14/Jan/2026:19:30:21 +0700] "GET /shop/page/17?orderby=rating&per_row=4&shop_view=grid HTTP/1.1" 301 606 "https://view.lotushomemade.com/shop/page/14/?orderby=rating&per_row=4&shop_view=grid" "Mozilla/5.0 (Linux; Android 7.0;) AppleWebKit/537.36 (KHTML, like Gecko) Mobile Safari/537.36 (compatible; PetalBot;+https://webmaster.petalsearch.com/site/petalbot)"
114.119.156.27 - - [14/Jan/2026:19:30:34 +0700] "GET /shop/page/17/?orderby=rating&per_row=4&shop_view=grid HTTP/1.1" 200 39550 "https://view.lotushomemade.com/shop/page/14/?orderby=rating&per_row=4&shop_view=grid" "Mozilla/5.0 (Linux; Android 7.0;) AppleWebKit/537.36 (KHTML, like Gecko) Mobile Safari/537.36 (compatible; PetalBot;+https://webmaster.petalsearch.com/site/petalbot)"
57.141.16.35 - - [14/Jan/2026:19:30:59 +0700] "GET /product-category/traditional-cookies-series/page/2/?per_page=8 HTTP/2" 200 231671 "-" "meta-externalagent/1.1 (+https://developers.facebook.com/docs/sharing/webmasters/crawler)"
103.131.51.123 - - [14/Jan/2026:19:31:44 +0700] "POST /wp-cron.php?doing_wp_cron=1768393904.6851489543914794921875 HTTP/1.1" 200 474 "-" "WordPress/6.9; https://view.lotushomemade.com"
114.119.145.110 - - [14/Jan/2026:19:31:44 +0700] "GET /shop/page/17?orderby=price-desc&per_row=4&shop_view=grid&per_page=8 HTTP/1.1" 301 666 "https://view.lotushomemade.com/shop/page/18/?orderby=price-desc&per_row=4&shop_view=grid&per_page=8" "Mozilla/5.0 (Linux; Android 7.0;) AppleWebKit/537.36 (KHTML, like Gecko) Mobile Safari/537.36 (compatible; PetalBot;+https://webmaster.petalsearch.com/site/petalbot)"
114.119.145.110 - - [14/Jan/2026:19:31:44 +0700] "GET /shop/page/17/?orderby=price-desc&per_row=4&shop_view=grid&per_page=8 HTTP/1.1" 200 39516 "https://view.lotushomemade.com/shop/page/18/?orderby=price-desc&per_row=4&shop_view=grid&per_page=8" "Mozilla/5.0 (Linux; Android 7.0;) AppleWebKit/537.36 (KHTML, like Gecko) Mobile Safari/537.36 (compatible; PetalBot;+https://webmaster.petalsearch.com/site/petalbot)"
57.141.16.18 - - [14/Jan/2026:19:31:55 +0700] "GET /shop/page/13/?per_row=4&shop_view=grid&per_page=12 HTTP/2" 200 241741 "-" "meta-externalagent/1.1 (+https://developers.facebook.com/docs/sharing/webmasters/crawler)"
114.119.149.78 - - [14/Jan/2026:19:33:09 +0700] "GET /shop/page/17?orderby=price&stock_status=instock&per_row=6&shop_view=grid HTTP/1.1" 301 626 "https://view.lotushomemade.com/shop/page/16/?orderby=price&stock_status=instock&per_row=6&shop_view=grid" "Mozilla/5.0 (Linux; Android 7.0;) AppleWebKit/537.36 (KHTML, like Gecko) Mobile Safari/537.36 (compatible; PetalBot;+https://webmaster.petalsearch.com/site/petalbot)"
114.119.149.78 - - [14/Jan/2026:19:33:22 +0700] "GET /shop/page/17/?orderby=price&stock_status=instock&per_row=6&shop_view=grid HTTP/1.1" 200 40139 "https://view.lotushomemade.com/shop/page/16/?orderby=price&stock_status=instock&per_row=6&shop_view=grid" "Mozilla/5.0 (Linux; Android 7.0;) AppleWebKit/537.36 (KHTML, like Gecko) Mobile Safari/537.36 (compatible; PetalBot;+https://webmaster.petalsearch.com/site/petalbot)"
57.141.16.20 - - [14/Jan/2026:19:34:05 +0700] "GET /product-category/traditional-cookies-series/page/2/?per_row=2&shop_view=grid&per_page=12 HTTP/2" 200 244627 "-" "meta-externalagent/1.1 (+https://developers.facebook.com/docs/sharing/webmasters/crawler)"
103.131.51.123 - - [14/Jan/2026:19:34:32 +0700] "POST /wp-cron.php?doing_wp_cron=1768394072.7813630104064941406250 HTTP/1.1" 200 474 "-" "WordPress/6.9; https://view.lotushomemade.com"
114.119.145.110 - - [14/Jan/2026:19:34:32 +0700] "GET /shop/page/17?orderby=price&stock_status=instock HTTP/1.1" 301 513 "https://view.lotushomemade.com/shop/page/18/?orderby=price&stock_status=instock" "Mozilla/5.0 (Linux; Android 7.0;) AppleWebKit/537.36 (KHTML, like Gecko) Mobile Safari/537.36 (compatible; PetalBot;+https://webmaster.petalsearch.com/site/petalbot)"
114.119.145.110 - - [14/Jan/2026:19:34:32 +0700] "GET /shop/page/17/?orderby=price&stock_status=instock HTTP/1.1" 200 40006 "https://view.lotushomemade.com/shop/page/18/?orderby=price&stock_status=instock" "Mozilla/5.0 (Linux; Android 7.0;) AppleWebKit/537.36 (KHTML, like Gecko) Mobile Safari/537.36 (compatible; PetalBot;+https://webmaster.petalsearch.com/site/petalbot)"
57.141.16.43 - - [14/Jan/2026:19:34:57 +0700] "GET /shop/page/10/?stock_status=instock&per_row=6&shop_view=grid&per_page=8 HTTP/2" 200 228713 "-" "meta-externalagent/1.1 (+https://developers.facebook.com/docs/sharing/webmasters/crawler)"
57.141.16.29 - - [14/Jan/2026:19:35:03 +0700] "GET /product-category/hot-item/page/5/?stock_status=onsale&per_row=2&per_page=8&shop_view=grid HTTP/2" 200 230452 "-" "meta-externalagent/1.1 (+https://developers.facebook.com/docs/sharing/webmasters/crawler)"
103.131.51.123 - - [14/Jan/2026:19:35:57 +0700] "POST /wp-cron.php?doing_wp_cron=1768394157.5220770835876464843750 HTTP/1.1" 200 474 "-" "WordPress/6.9; https://view.lotushomemade.com"
114.119.148.197 - - [14/Jan/2026:19:35:57 +0700] "GET /shop/page/17?orderby=date&per_page=8 HTTP/1.1" 301 547 "https://view.lotushomemade.com/shop/page/14/?orderby=date&per_page=8" "Mozilla/5.0 (Linux; Android 7.0;) AppleWebKit/537.36 (KHTML, like Gecko) Mobile Safari/537.36 (compatible; PetalBot;+https://webmaster.petalsearch.com/site/petalbot)"
114.119.148.197 - - [14/Jan/2026:19:35:58 +0700] "GET /shop/page/17/?orderby=date&per_page=8 HTTP/1.1" 200 39145 "https://view.lotushomemade.com/shop/page/14/?orderby=date&per_page=8" "Mozilla/5.0 (Linux; Android 7.0;) AppleWebKit/537.36 (KHTML, like Gecko) Mobile Safari/537.36 (compatible; PetalBot;+https://webmaster.petalsearch.com/site/petalbot)"
103.131.51.123 - - [14/Jan/2026:19:36:49 +0700] "POST /wp-cron.php?doing_wp_cron=1768394209.0360760688781738281250 HTTP/1.1" 200 474 "-" "WordPress/6.9; https://view.lotushomemade.com"
57.141.16.77 - - [14/Jan/2026:19:36:47 +0700] "GET /shop/page/20/?add-to-cart=8572 HTTP/2" 200 241747 "-" "meta-externalagent/1.1 (+https://developers.facebook.com/docs/sharing/webmasters/crawler)"
103.131.51.123 - - [14/Jan/2026:19:36:50 +0700] "POST /wp-cron.php?doing_wp_cron=1768394210.3999559879302978515625 HTTP/1.1" 200 474 "-" "WordPress/6.9; https://view.lotushomemade.com"
57.141.16.26 - - [14/Jan/2026:19:36:48 +0700] "GET /shop/page/26/?stock_status=instock&per_page=12 HTTP/2" 200 239271 "-" "meta-externalagent/1.1 (+https://developers.facebook.com/docs/sharing/webmasters/crawler)"
57.141.16.35 - - [14/Jan/2026:19:37:05 +0700] "GET /product-category/traditional-cookies-series/page/12/?add-to-cart=8673 HTTP/2" 200 242398 "-" "meta-externalagent/1.1 (+https://developers.facebook.com/docs/sharing/webmasters/crawler)"
57.141.16.62 - - [14/Jan/2026:19:37:16 +0700] "GET /shop/page/9/?add-to-cart=8352 HTTP/2" 200 240406 "-" "meta-externalagent/1.1 (+https://developers.facebook.com/docs/sharing/webmasters/crawler)"
114.119.150.215 - - [14/Jan/2026:19:37:19 +0700] "GET /shop/page/17?min_price=0&max_price=260&per_page=18&stock_status=onsale HTTP/1.1" 301 582 "https://view.lotushomemade.com/shop/page/16/?min_price=0&max_price=260&per_page=18&stock_status=onsale" "Mozilla/5.0 (Linux; Android 7.0;) AppleWebKit/537.36 (KHTML, like Gecko) Mobile Safari/537.36 (compatible; PetalBot;+https://webmaster.petalsearch.com/site/petalbot)"
114.119.150.215 - - [14/Jan/2026:19:37:19 +0700] "GET /shop/page/17/?min_price=0&max_price=260&per_page=18&stock_status=onsale HTTP/1.1" 200 40976 "https://view.lotushomemade.com/shop/page/16/?min_price=0&max_price=260&per_page=18&stock_status=onsale" "Mozilla/5.0 (Linux; Android 7.0;) AppleWebKit/537.36 (KHTML, like Gecko) Mobile Safari/537.36 (compatible; PetalBot;+https://webmaster.petalsearch.com/site/petalbot)"
57.141.16.78 - - [14/Jan/2026:19:37:32 +0700] "GET /shop/page/13/?add-to-cart=8304 HTTP/2" 200 240828 "-" "meta-externalagent/1.1 (+https://developers.facebook.com/docs/sharing/webmasters/crawler)"
57.141.16.35 - - [14/Jan/2026:19:37:41 +0700] "GET /shop/page/24/?stock_status=instock%2Consale&per_row=6&shop_view=grid&per_page=12 HTTP/2" 200 243021 "-" "meta-externalagent/1.1 (+https://developers.facebook.com/docs/sharing/webmasters/crawler)"
57.141.16.81 - - [14/Jan/2026:19:38:06 +0700] "GET /shop/page/8/?add-to-cart=8663 HTTP/2" 200 238061 "-" "meta-externalagent/1.1 (+https://developers.facebook.com/docs/sharing/webmasters/crawler)"
57.141.16.100 - - [14/Jan/2026:19:38:29 +0700] "GET /shop/page/4/?stock_status=instock&per_row=6&shop_view=grid&per_page=8 HTTP/2" 200 229029 "-" "meta-externalagent/1.1 (+https://developers.facebook.com/docs/sharing/webmasters/crawler)"
114.119.142.208 - - [14/Jan/2026:19:38:43 +0700] "GET /shop/page/17?max_price=1050&stock_status=instock&per_page=18 HTTP/1.1" 301 572 "https://view.lotushomemade.com/shop/page/18/?max_price=1050&stock_status=instock&per_page=18" "Mozilla/5.0 (Linux; Android 7.0;) AppleWebKit/537.36 (KHTML, like Gecko) Mobile Safari/537.36 (compatible; PetalBot;+https://webmaster.petalsearch.com/site/petalbot)"
114.119.142.208 - - [14/Jan/2026:19:38:44 +0700] "GET /shop/page/17/?max_price=1050&stock_status=instock&per_page=18 HTTP/1.1" 200 41248 "https://view.lotushomemade.com/shop/page/18/?max_price=1050&stock_status=instock&per_page=18" "Mozilla/5.0 (Linux; Android 7.0;) AppleWebKit/537.36 (KHTML, like Gecko) Mobile Safari/537.36 (compatible; PetalBot;+https://webmaster.petalsearch.com/site/petalbot)"
103.131.51.123 - - [14/Jan/2026:19:39:44 +0700] "POST /wp-cron.php?doing_wp_cron=1768394384.8469910621643066406250 HTTP/1.1" 200 474 "-" "WordPress/6.9; https://view.lotushomemade.com"
57.141.16.89 - - [14/Jan/2026:19:39:43 +0700] "GET /shop/page/10/?add-to-cart=8312 HTTP/2" 200 239608 "-" "meta-externalagent/1.1 (+https://developers.facebook.com/docs/sharing/webmasters/crawler)"
114.119.148.197 - - [14/Jan/2026:19:40:06 +0700] "GET /shop/page/17?max_price=1050&per_row=4&shop_view=grid&stock_status=onsale HTTP/1.1" 301 626 "https://view.lotushomemade.com/shop/page/18/?max_price=1050&per_row=4&shop_view=grid&stock_status=onsale" "Mozilla/5.0 (Linux; Android 7.0;) AppleWebKit/537.36 (KHTML, like Gecko) Mobile Safari/537.36 (compatible; PetalBot;+https://webmaster.petalsearch.com/site/petalbot)"
114.119.148.197 - - [14/Jan/2026:19:40:06 +0700] "GET /shop/page/17/?max_price=1050&per_row=4&shop_view=grid&stock_status=onsale HTTP/1.1" 200 40084 "https://view.lotushomemade.com/shop/page/18/?max_price=1050&per_row=4&shop_view=grid&stock_status=onsale" "Mozilla/5.0 (Linux; Android 7.0;) AppleWebKit/537.36 (KHTML, like Gecko) Mobile Safari/537.36 (compatible; PetalBot;+https://webmaster.petalsearch.com/site/petalbot)"
57.141.16.70 - - [14/Jan/2026:19:40:09 +0700] "GET /product-category/traditional-cookies-series/page/6/?per_row=2&per_page=18&shop_view=grid&stock_status=instock%2Consale HTTP/2" 200 262937 "-" "meta-externalagent/1.1 (+https://developers.facebook.com/docs/sharing/webmasters/crawler)"
57.141.16.35 - - [14/Jan/2026:19:40:13 +0700] "GET /product-category/cake-series/?per_row=6&per_page=18&shop_view=grid&stock_status=instock,onsale HTTP/2" 200 242159 "-" "meta-externalagent/1.1 (+https://developers.facebook.com/docs/sharing/webmasters/crawler)"
103.131.51.123 - - [14/Jan/2026:19:40:35 +0700] "POST /wp-cron.php?doing_wp_cron=1768394435.1253120899200439453125 HTTP/1.1" 200 474 "-" "WordPress/6.9; https://view.lotushomemade.com"
57.141.16.70 - - [14/Jan/2026:19:40:33 +0700] "GET /shop/page/17/?per_row=2&per_page=18&shop_view=grid&stock_status=onsale HTTP/2" 200 258682 "-" "meta-externalagent/1.1 (+https://developers.facebook.com/docs/sharing/webmasters/crawler)"
114.119.149.78 - - [14/Jan/2026:19:41:29 +0700] "GET /shop/page/17?max_price=1050&per_row=4&per_page=8&shop_view=grid HTTP/1.1" 301 662 "https://view.lotushomemade.com/shop/page/19/?max_price=1050&per_row=4&per_page=8&shop_view=grid" "Mozilla/5.0 (Linux; Android 7.0;) AppleWebKit/537.36 (KHTML, like Gecko) Mobile Safari/537.36 (compatible; PetalBot;+https://webmaster.petalsearch.com/site/petalbot)"
114.119.149.78 - - [14/Jan/2026:19:41:30 +0700] "GET /shop/page/17/?max_price=1050&per_row=4&per_page=8&shop_view=grid HTTP/1.1" 200 39586 "https://view.lotushomemade.com/shop/page/19/?max_price=1050&per_row=4&per_page=8&shop_view=grid" "Mozilla/5.0 (Linux; Android 7.0;) AppleWebKit/537.36 (KHTML, like Gecko) Mobile Safari/537.36 (compatible; PetalBot;+https://webmaster.petalsearch.com/site/petalbot)"
57.141.16.21 - - [14/Jan/2026:19:42:54 +0700] "GET /product-category/traditional-cookies-series/page/14/?stock_status=onsale&per_page=8 HTTP/2" 200 231867 "-" "meta-externalagent/1.1 (+https://developers.facebook.com/docs/sharing/webmasters/crawler)"
114.119.149.78 - - [14/Jan/2026:19:42:56 +0700] "GET /shop/page/17?max_price=1050&per_row=4&per_page=12&shop_view=grid HTTP/1.1" 301 664 "https://view.lotushomemade.com/shop/page/14/?max_price=1050&per_row=4&per_page=12&shop_view=grid" "Mozilla/5.0 (Linux; Android 7.0;) AppleWebKit/537.36 (KHTML, like Gecko) Mobile Safari/537.36 (compatible; PetalBot;+https://webmaster.petalsearch.com/site/petalbot)"
114.119.149.78 - - [14/Jan/2026:19:43:09 +0700] "GET /shop/page/17/?max_price=1050&per_row=4&per_page=12&shop_view=grid HTTP/1.1" 200 40102 "https://view.lotushomemade.com/shop/page/14/?max_price=1050&per_row=4&per_page=12&shop_view=grid" "Mozilla/5.0 (Linux; Android 7.0;) AppleWebKit/537.36 (KHTML, like Gecko) Mobile Safari/537.36 (compatible; PetalBot;+https://webmaster.petalsearch.com/site/petalbot)"
103.131.51.123 - - [14/Jan/2026:19:44:28 +0700] "POST /wp-cron.php?doing_wp_cron=1768394668.1171760559082031250000 HTTP/1.1" 200 474 "-" "WordPress/6.9; https://view.lotushomemade.com"
114.119.156.27 - - [14/Jan/2026:19:44:25 +0700] "GET /shop/page/17?max_price=1050&per_row=2&per_page=18&shop_view=grid HTTP/1.1" 301 664 "https://view.lotushomemade.com/shop/page/15/?max_price=1050&per_row=2&per_page=18&shop_view=grid" "Mozilla/5.0 (Linux; Android 7.0;) AppleWebKit/537.36 (KHTML, like Gecko) Mobile Safari/537.36 (compatible; PetalBot;+https://webmaster.petalsearch.com/site/petalbot)"
114.119.156.27 - - [14/Jan/2026:19:44:28 +0700] "GET /shop/page/17/?max_price=1050&per_row=2&per_page=18&shop_view=grid HTTP/1.1" 200 41333 "https://view.lotushomemade.com/shop/page/15/?max_price=1050&per_row=2&per_page=18&shop_view=grid" "Mozilla/5.0 (Linux; Android 7.0;) AppleWebKit/537.36 (KHTML, like Gecko) Mobile Safari/537.36 (compatible; PetalBot;+https://webmaster.petalsearch.com/site/petalbot)"
103.131.51.123 - - [14/Jan/2026:19:45:21 +0700] "POST /wp-cron.php?doing_wp_cron=1768394721.7344748973846435546875 HTTP/1.1" 200 474 "-" "WordPress/6.9; https://view.lotushomemade.com"
57.141.16.11 - - [14/Jan/2026:19:45:20 +0700] "GET /shop/page/15/?stock_status=onsale&per_page=18 HTTP/2" 200 260605 "-" "meta-externalagent/1.1 (+https://developers.facebook.com/docs/sharing/webmasters/crawler)"
114.119.150.215 - - [14/Jan/2026:19:45:40 +0700] "GET /shop/page/17?max_price=1040&stock_status=instock&per_page=12 HTTP/1.1" 301 572 "https://view.lotushomemade.com/shop/page/18/?max_price=1040&stock_status=instock&per_page=12" "Mozilla/5.0 (Linux; Android 7.0;) AppleWebKit/537.36 (KHTML, like Gecko) Mobile Safari/537.36 (compatible; PetalBot;+https://webmaster.petalsearch.com/site/petalbot)"
114.119.150.215 - - [14/Jan/2026:19:45:46 +0700] "GET /shop/page/17/?max_price=1040&stock_status=instock&per_page=12 HTTP/1.1" 200 40051 "https://view.lotushomemade.com/shop/page/18/?max_price=1040&stock_status=instock&per_page=12" "Mozilla/5.0 (Linux; Android 7.0;) AppleWebKit/537.36 (KHTML, like Gecko) Mobile Safari/537.36 (compatible; PetalBot;+https://webmaster.petalsearch.com/site/petalbot)"
103.131.51.123 - - [14/Jan/2026:19:47:12 +0700] "POST /wp-cron.php?doing_wp_cron=1768394832.4770259857177734375000 HTTP/1.1" 200 474 "-" "WordPress/6.9; https://view.lotushomemade.com"
114.119.148.197 - - [14/Jan/2026:19:47:10 +0700] "GET /shop/page/17?max_price=1040&per_row=6&shop_view=grid&per_page=12 HTTP/1.1" 301 664 "https://view.lotushomemade.com/shop/page/16/?max_price=1040&per_row=6&shop_view=grid&per_page=12" "Mozilla/5.0 (Linux; Android 7.0;) AppleWebKit/537.36 (KHTML, like Gecko) Mobile Safari/537.36 (compatible; PetalBot;+https://webmaster.petalsearch.com/site/petalbot)"
114.119.148.197 - - [14/Jan/2026:19:47:12 +0700] "GET /shop/page/17/?max_price=1040&per_row=6&shop_view=grid&per_page=12 HTTP/1.1" 200 40126 "https://view.lotushomemade.com/shop/page/16/?max_price=1040&per_row=6&shop_view=grid&per_page=12" "Mozilla/5.0 (Linux; Android 7.0;) AppleWebKit/537.36 (KHTML, like Gecko) Mobile Safari/537.36 (compatible; PetalBot;+https://webmaster.petalsearch.com/site/petalbot)"
103.131.51.123 - - [14/Jan/2026:19:48:30 +0700] "POST /wp-cron.php?doing_wp_cron=1768394910.7636311054229736328125 HTTP/1.1" 200 474 "-" "WordPress/6.9; https://view.lotushomemade.com"
114.119.151.206 - - [14/Jan/2026:19:48:28 +0700] "GET /shop/page/17?max_price=1040&per_row=4&shop_view=grid&per_page=8 HTTP/1.1" 301 662 "https://view.lotushomemade.com/shop/page/16/?max_price=1040&per_row=4&shop_view=grid&per_page=8" "Mozilla/5.0 (Linux; Android 7.0;) AppleWebKit/537.36 (KHTML, like Gecko) Mobile Safari/537.36 (compatible; PetalBot;+https://webmaster.petalsearch.com/site/petalbot)"
114.119.151.206 - - [14/Jan/2026:19:48:30 +0700] "GET /shop/page/17/?max_price=1040&per_row=4&shop_view=grid&per_page=8 HTTP/1.1" 200 39573 "https://view.lotushomemade.com/shop/page/16/?max_price=1040&per_row=4&shop_view=grid&per_page=8" "Mozilla/5.0 (Linux; Android 7.0;) AppleWebKit/537.36 (KHTML, like Gecko) Mobile Safari/537.36 (compatible; PetalBot;+https://webmaster.petalsearch.com/site/petalbot)"
103.131.51.123 - - [14/Jan/2026:19:48:50 +0700] "POST /wp-cron.php?doing_wp_cron=1768394930.6168429851531982421875 HTTP/1.1" 200 474 "-" "WordPress/6.9; https://view.lotushomemade.com"
57.141.16.97 - - [14/Jan/2026:19:48:49 +0700] "GET /product-category/traditional-cookies-series/100-vegan-traditional-cookies-series/?per_row=2&shop_view=grid&per_page=12 HTTP/2" 200 247610 "-" "meta-externalagent/1.1 (+https://developers.facebook.com/docs/sharing/webmasters/crawler)"
103.131.51.123 - - [14/Jan/2026:19:49:52 +0700] "POST /wp-cron.php?doing_wp_cron=1768394992.9301059246063232421875 HTTP/1.1" 200 474 "-" "WordPress/6.9; https://view.lotushomemade.com"
114.119.142.208 - - [14/Jan/2026:19:49:52 +0700] "GET /shop/page/17?max_price=1040&per_row=4&shop_view=grid&per_page=12 HTTP/1.1" 301 664 "https://view.lotushomemade.com/shop/page/16/?max_price=1040&per_row=4&shop_view=grid&per_page=12" "Mozilla/5.0 (Linux; Android 7.0;) AppleWebKit/537.36 (KHTML, like Gecko) Mobile Safari/537.36 (compatible; PetalBot;+https://webmaster.petalsearch.com/site/petalbot)"
103.131.51.123 - - [14/Jan/2026:19:49:55 +0700] "POST /wp-cron.php?doing_wp_cron=1768394995.9129040241241455078125 HTTP/1.1" 200 474 "-" "WordPress/6.9; https://view.lotushomemade.com"
114.119.142.208 - - [14/Jan/2026:19:49:54 +0700] "GET /shop/page/17/?max_price=1040&per_row=4&shop_view=grid&per_page=12 HTTP/1.1" 200 40122 "https://view.lotushomemade.com/shop/page/16/?max_price=1040&per_row=4&shop_view=grid&per_page=12" "Mozilla/5.0 (Linux; Android 7.0;) AppleWebKit/537.36 (KHTML, like Gecko) Mobile Safari/537.36 (compatible; PetalBot;+https://webmaster.petalsearch.com/site/petalbot)"
57.141.16.54 - - [14/Jan/2026:19:50:18 +0700] "GET /shop/page/11/?add-to-cart=8338 HTTP/2" 200 239670 "-" "meta-externalagent/1.1 (+https://developers.facebook.com/docs/sharing/webmasters/crawler)"
103.131.51.123 - - [14/Jan/2026:19:51:15 +0700] "POST /wp-cron.php?doing_wp_cron=1768395075.1112799644470214843750 HTTP/1.1" 200 474 "-" "WordPress/6.9; https://view.lotushomemade.com"
114.119.151.206 - - [14/Jan/2026:19:51:14 +0700] "GET /shop/page/17?max_price=1040&per_row=2&shop_view=grid HTTP/1.1" 301 606 "https://view.lotushomemade.com/shop/page/14/?max_price=1040&per_row=2&shop_view=grid" "Mozilla/5.0 (Linux; Android 7.0;) AppleWebKit/537.36 (KHTML, like Gecko) Mobile Safari/537.36 (compatible; PetalBot;+https://webmaster.petalsearch.com/site/petalbot)"
114.119.151.206 - - [14/Jan/2026:19:51:15 +0700] "GET /shop/page/17/?max_price=1040&per_row=2&shop_view=grid HTTP/1.1" 200 40070 "https://view.lotushomemade.com/shop/page/14/?max_price=1040&per_row=2&shop_view=grid" "Mozilla/5.0 (Linux; Android 7.0;) AppleWebKit/537.36 (KHTML, like Gecko) Mobile Safari/537.36 (compatible; PetalBot;+https://webmaster.petalsearch.com/site/petalbot)"
103.131.51.123 - - [14/Jan/2026:19:52:42 +0700] "POST /wp-cron.php?doing_wp_cron=1768395162.6179540157318115234375 HTTP/1.1" 200 474 "-" "WordPress/6.9; https://view.lotushomemade.com"
114.119.130.97 - - [14/Jan/2026:19:52:38 +0700] "GET /shop/page/17/?stock_status=onsale&per_row=4&shop_view=grid&per_page=8 HTTP/1.1" 200 39428 "https://view.lotushomemade.com/shop/page/19/?stock_status=onsale&per_row=4&shop_view=grid&per_page=8" "Mozilla/5.0 (Linux; Android 7.0;) AppleWebKit/537.36 (KHTML, like Gecko) Mobile Safari/537.36 (compatible; PetalBot;+https://webmaster.petalsearch.com/site/petalbot)"
103.131.51.123 - - [14/Jan/2026:19:54:06 +0700] "POST /wp-cron.php?doing_wp_cron=1768395246.0709390640258789062500 HTTP/1.1" 200 474 "-" "WordPress/6.9; https://view.lotushomemade.com"
114.119.145.110 - - [14/Jan/2026:19:54:02 +0700] "GET /shop/page/17/?stock_status=onsale&per_page=8 HTTP/1.1" 200 39271 "https://view.lotushomemade.com/shop/page/17?stock_status=onsale&per_page=8" "Mozilla/5.0 (Linux; Android 7.0;) AppleWebKit/537.36 (KHTML, like Gecko) Mobile Safari/537.36 (compatible; PetalBot;+https://webmaster.petalsearch.com/site/petalbot)"
122.162.146.120 - - [14/Jan/2026:19:54:17 +0700] "GET /product/chicken-roll-sg/?add-to-cart=8442 HTTP/1.1" 200 37958 "-" "Mozilla/5.0 (Windows; U; Windows NT 10.0) AppleWebKit/532.21.3 (KHTML, like Gecko) Version/5.0.4 Safari/532.21.3"
103.131.51.123 - - [14/Jan/2026:19:55:28 +0700] "POST /wp-cron.php?doing_wp_cron=1768395328.3394620418548583984375 HTTP/1.1" 200 474 "-" "WordPress/6.9; https://view.lotushomemade.com"
114.119.151.206 - - [14/Jan/2026:19:55:26 +0700] "GET /shop/page/17/?stock_status=onsale&per_page=18&shop_view=grid&per_row=2 HTTP/1.1" 200 41176 "https://view.lotushomemade.com/shop/page/20/?stock_status=onsale&per_page=18&shop_view=grid&per_row=2" "Mozilla/5.0 (Linux; Android 7.0;) AppleWebKit/537.36 (KHTML, like Gecko) Mobile Safari/537.36 (compatible; PetalBot;+https://webmaster.petalsearch.com/site/petalbot)"
114.119.151.206 - - [14/Jan/2026:19:56:48 +0700] "GET /shop/page/17/?stock_status=onsale&per_page=12&shop_view=grid&per_row=4 HTTP/1.1" 200 39943 "https://view.lotushomemade.com/shop/page/19?stock_status=onsale&per_page=12&shop_view=grid&per_row=4" "Mozilla/5.0 (Linux; Android 7.0;) AppleWebKit/537.36 (KHTML, like Gecko) Mobile Safari/537.36 (compatible; PetalBot;+https://webmaster.petalsearch.com/site/petalbot)"
114.119.145.110 - - [14/Jan/2026:19:58:12 +0700] "GET /shop/page/17/?stock_status=onsale HTTP/1.1" 200 39695 "https://view.lotushomemade.com/shop/page/18/?stock_status=onsale" "Mozilla/5.0 (Linux; Android 7.0;) AppleWebKit/537.36 (KHTML, like Gecko) Mobile Safari/537.36 (compatible; PetalBot;+https://webmaster.petalsearch.com/site/petalbot)"
114.119.150.215 - - [14/Jan/2026:19:59:36 +0700] "GET /wp-content/uploads/2023/10/Kapitzaa.png HTTP/1.1" 200 73029 "https://view.lotushomemade.com/product/chips-fish-ball_8142-xl/" "Mozilla/5.0 (Linux; Android 7.0;) AppleWebKit/537.36 (KHTML, like Gecko) Mobile Safari/537.36 (compatible; PetalBot;+https://webmaster.petalsearch.com/site/petalbot)"
114.119.145.110 - - [14/Jan/2026:20:01:02 +0700] "GET /shop?stock_status=onsale&per_page=24 HTTP/1.1" 301 548 "https://view.lotushomemade.com/shop?stock_status=onsale" "Mozilla/5.0 (Linux; Android 7.0;) AppleWebKit/537.36 (KHTML, like Gecko) Mobile Safari/537.36 (compatible; PetalBot;+https://webmaster.petalsearch.com/site/petalbot)"
114.119.145.110 - - [14/Jan/2026:20:01:10 +0700] "GET /shop/?stock_status=onsale&per_page=24 HTTP/1.1" 200 43197 "https://view.lotushomemade.com/shop?stock_status=onsale" "Mozilla/5.0 (Linux; Android 7.0;) AppleWebKit/537.36 (KHTML, like Gecko) Mobile Safari/537.36 (compatible; PetalBot;+https://webmaster.petalsearch.com/site/petalbot)"
114.119.130.97 - - [14/Jan/2026:20:02:29 +0700] "GET /shop?orderby=popularity&stock_status=instock&filter_brand=hss HTTP/1.1" 301 527 "https://view.lotushomemade.com/shop?orderby=popularity&stock_status=instock&filter_brand=hss" "Mozilla/5.0 (Linux; Android 7.0;) AppleWebKit/537.36 (KHTML, like Gecko) Mobile Safari/537.36 (compatible; PetalBot;+https://webmaster.petalsearch.com/site/petalbot)"
114.119.130.97 - - [14/Jan/2026:20:02:36 +0700] "GET /shop/?orderby=popularity&stock_status=instock&filter_brand=hss HTTP/1.1" 200 38712 "https://view.lotushomemade.com/shop?orderby=popularity&stock_status=instock&filter_brand=hss" "Mozilla/5.0 (Linux; Android 7.0;) AppleWebKit/537.36 (KHTML, like Gecko) Mobile Safari/537.36 (compatible; PetalBot;+https://webmaster.petalsearch.com/site/petalbot)"
103.131.51.123 - - [14/Jan/2026:20:03:50 +0700] "POST /wp-cron.php?doing_wp_cron=1768395829.9759759902954101562500 HTTP/1.1" 200 474 "-" "WordPress/6.9; https://view.lotushomemade.com"
114.119.148.197 - - [14/Jan/2026:20:03:49 +0700] "GET /shop?orderby=popularity&stock_status=instock,onsale&filter_brand=blessing-food&per_page=8 HTTP/1.1" 301 600 "https://view.lotushomemade.com/shop?orderby=popularity&stock_status=instock%2Consale&filter_brand=blessing-food&per_page=8" "Mozilla/5.0 (Linux; Android 7.0;) AppleWebKit/537.36 (KHTML, like Gecko) Mobile Safari/537.36 (compatible; PetalBot;+https://webmaster.petalsearch.com/site/petalbot)"
114.119.148.197 - - [14/Jan/2026:20:03:53 +0700] "GET /shop/?orderby=popularity&stock_status=instock,onsale&filter_brand=blessing-food&per_page=8 HTTP/1.1" 200 38717 "https://view.lotushomemade.com/shop?orderby=popularity&stock_status=instock%2Consale&filter_brand=blessing-food&per_page=8" "Mozilla/5.0 (Linux; Android 7.0;) AppleWebKit/537.36 (KHTML, like Gecko) Mobile Safari/537.36 (compatible; PetalBot;+https://webmaster.petalsearch.com/site/petalbot)"
103.131.51.123 - - [14/Jan/2026:20:05:13 +0700] "POST /wp-cron.php?doing_wp_cron=1768395913.1193199157714843750000 HTTP/1.1" 200 474 "-" "WordPress/6.9; https://view.lotushomemade.com"
114.119.151.206 - - [14/Jan/2026:20:05:10 +0700] "GET /shop?max_price=780&stock_status=instock,onsale&shop_view=grid&per_row=2 HTTP/1.1" 301 625 "https://view.lotushomemade.com/shop?max_price=780&stock_status=instock%2Consale" "Mozilla/5.0 (Linux; Android 7.0;) AppleWebKit/537.36 (KHTML, like Gecko) Mobile Safari/537.36 (compatible; PetalBot;+https://webmaster.petalsearch.com/site/petalbot)"
114.119.151.206 - - [14/Jan/2026:20:05:13 +0700] "GET /shop/?max_price=780&stock_status=instock,onsale&shop_view=grid&per_row=2 HTTP/1.1" 200 41318 "https://view.lotushomemade.com/shop?max_price=780&stock_status=instock%2Consale" "Mozilla/5.0 (Linux; Android 7.0;) AppleWebKit/537.36 (KHTML, like Gecko) Mobile Safari/537.36 (compatible; PetalBot;+https://webmaster.petalsearch.com/site/petalbot)"
103.131.51.123 - - [14/Jan/2026:20:06:36 +0700] "POST /wp-cron.php?doing_wp_cron=1768395996.8902440071105957031250 HTTP/1.1" 200 474 "-" "WordPress/6.9; https://view.lotushomemade.com"
114.119.148.197 - - [14/Jan/2026:20:06:34 +0700] "GET /shop?max_price=1040&per_row=6&shop_view=grid&per_page=24 HTTP/1.1" 301 656 "https://view.lotushomemade.com/shop/page/16/?max_price=1040&per_row=6&shop_view=grid" "Mozilla/5.0 (Linux; Android 7.0;) AppleWebKit/537.36 (KHTML, like Gecko) Mobile Safari/537.36 (compatible; PetalBot;+https://webmaster.petalsearch.com/site/petalbot)"
114.119.148.197 - - [14/Jan/2026:20:06:37 +0700] "GET /shop/?max_price=1040&per_row=6&shop_view=grid&per_page=24 HTTP/1.1" 200 43511 "https://view.lotushomemade.com/shop/page/16/?max_price=1040&per_row=6&shop_view=grid" "Mozilla/5.0 (Linux; Android 7.0;) AppleWebKit/537.36 (KHTML, like Gecko) Mobile Safari/537.36 (compatible; PetalBot;+https://webmaster.petalsearch.com/site/petalbot)"
103.131.51.123 - - [14/Jan/2026:20:08:01 +0700] "POST /wp-cron.php?doing_wp_cron=1768396080.9719309806823730468750 HTTP/1.1" 200 474 "-" "WordPress/6.9; https://view.lotushomemade.com"
114.119.142.208 - - [14/Jan/2026:20:07:58 +0700] "GET /shop/page/9?stock_status=instock&per_row=2&shop_view=grid&per_page=8 HTTP/1.1" 301 667 "https://view.lotushomemade.com/shop/page/6?stock_status=instock&per_row=2&shop_view=grid&per_page=8" "Mozilla/5.0 (Linux; Android 7.0;) AppleWebKit/537.36 (KHTML, like Gecko) Mobile Safari/537.36 (compatible; PetalBot;+https://webmaster.petalsearch.com/site/petalbot)"
114.119.142.208 - - [14/Jan/2026:20:08:01 +0700] "GET /shop/page/9/?stock_status=instock&per_row=2&shop_view=grid&per_page=8 HTTP/1.1" 200 39541 "https://view.lotushomemade.com/shop/page/6?stock_status=instock&per_row=2&shop_view=grid&per_page=8" "Mozilla/5.0 (Linux; Android 7.0;) AppleWebKit/537.36 (KHTML, like Gecko) Mobile Safari/537.36 (compatible; PetalBot;+https://webmaster.petalsearch.com/site/petalbot)"
114.119.145.110 - - [14/Jan/2026:20:09:24 +0700] "GET /shop/page/9?orderby=date&per_row=4&per_page=8&shop_view=grid HTTP/1.1" 301 659 "https://view.lotushomemade.com/shop/page/12/?orderby=date&per_row=4&per_page=8&shop_view=grid" "Mozilla/5.0 (Linux; Android 7.0;) AppleWebKit/537.36 (KHTML, like Gecko) Mobile Safari/537.36 (compatible; PetalBot;+https://webmaster.petalsearch.com/site/petalbot)"
114.119.145.110 - - [14/Jan/2026:20:09:37 +0700] "GET /shop/page/9/?orderby=date&per_row=4&per_page=8&shop_view=grid HTTP/1.1" 200 39270 "https://view.lotushomemade.com/shop/page/12/?orderby=date&per_row=4&per_page=8&shop_view=grid" "Mozilla/5.0 (Linux; Android 7.0;) AppleWebKit/537.36 (KHTML, like Gecko) Mobile Safari/537.36 (compatible; PetalBot;+https://webmaster.petalsearch.com/site/petalbot)"
103.131.51.123 - - [14/Jan/2026:20:10:49 +0700] "POST /wp-cron.php?doing_wp_cron=1768396249.9154889583587646484375 HTTP/1.1" 200 474 "-" "WordPress/6.9; https://view.lotushomemade.com"
57.141.16.36 - - [14/Jan/2026:20:10:48 +0700] "GET /shop/page/8/?add-to-cart=8308 HTTP/2" 200 238062 "-" "meta-externalagent/1.1 (+https://developers.facebook.com/docs/sharing/webmasters/crawler)"
114.119.142.208 - - [14/Jan/2026:20:10:52 +0700] "GET /shop/page/8/?per_row=4&shop_view=grid&per_page=8 HTTP/1.1" 200 39363 "https://view.lotushomemade.com/shop/page/6/?per_row=4&shop_view=grid&per_page=8" "Mozilla/5.0 (Linux; Android 7.0;) AppleWebKit/537.36 (KHTML, like Gecko) Mobile Safari/537.36 (compatible; PetalBot;+https://webmaster.petalsearch.com/site/petalbot)"
57.141.16.71 - - [14/Jan/2026:20:10:54 +0700] "GET /shop/page/26/?stock_status=onsale HTTP/2" 200 238811 "-" "meta-externalagent/1.1 (+https://developers.facebook.com/docs/sharing/webmasters/crawler)"
103.131.51.123 - - [14/Jan/2026:20:11:55 +0700] "POST /wp-cron.php?doing_wp_cron=1768396315.8517119884490966796875 HTTP/1.1" 200 474 "-" "WordPress/6.9; https://view.lotushomemade.com"
57.141.16.32 - - [14/Jan/2026:20:11:54 +0700] "GET /shop/page/21/?stock_status=instock&per_page=12&shop_view=grid&per_row=4 HTTP/2" 200 244611 "-" "meta-externalagent/1.1 (+https://developers.facebook.com/docs/sharing/webmasters/crawler)"
114.119.148.197 - - [14/Jan/2026:20:12:08 +0700] "GET /shop/page/8/?orderby=rating&per_row=4&shop_view=grid&per_page=24 HTTP/1.1" 200 42450 "https://view.lotushomemade.com/shop/page/6/?orderby=rating&per_row=4&shop_view=grid&per_page=24" "Mozilla/5.0 (Linux; Android 7.0;) AppleWebKit/537.36 (KHTML, like Gecko) Mobile Safari/537.36 (compatible; PetalBot;+https://webmaster.petalsearch.com/site/petalbot)"
114.119.151.206 - - [14/Jan/2026:20:13:31 +0700] "GET /shop/page/8/?orderby=price-desc&per_page=12&shop_view=grid&per_row=2 HTTP/1.1" 200 40313 "https://view.lotushomemade.com/shop/page/7?orderby=price-desc&per_page=12&shop_view=grid&per_row=2" "Mozilla/5.0 (Linux; Android 7.0;) AppleWebKit/537.36 (KHTML, like Gecko) Mobile Safari/537.36 (compatible; PetalBot;+https://webmaster.petalsearch.com/site/petalbot)"
103.131.51.123 - - [14/Jan/2026:20:14:51 +0700] "POST /wp-cron.php?doing_wp_cron=1768396491.1468880176544189453125 HTTP/1.1" 200 474 "-" "WordPress/6.9; https://view.lotushomemade.com"
223.178.209.180 - - [14/Jan/2026:20:14:49 +0700] "GET /product/bamboo-charcoal-rossy-xxl/?add-to-cart=8421 HTTP/1.1" 200 37900 "-" "Opera/9.40.(Windows NT 4.0; lzh-TW) Presto/2.9.181 Version/10.00"
114.119.145.110 - - [14/Jan/2026:20:15:03 +0700] "GET /shop/page/8/?orderby=popularity&per_page=24 HTTP/1.1" 200 42248 "https://view.lotushomemade.com/shop/page/9?orderby=popularity&per_page=24" "Mozilla/5.0 (Linux; Android 7.0;) AppleWebKit/537.36 (KHTML, like Gecko) Mobile Safari/537.36 (compatible; PetalBot;+https://webmaster.petalsearch.com/site/petalbot)"
66.249.70.99 - - [14/Jan/2026:20:15:56 +0700] "GET /robots.txt HTTP/1.1" 200 644 "-" "Mozilla/5.0 (compatible; Googlebot/2.1; +http://www.google.com/bot.html)"
114.119.130.97 - - [14/Jan/2026:20:16:19 +0700] "GET /shop/page/8/?max_price=520&per_row=4&shop_view=grid&per_page=12 HTTP/1.1" 200 39972 "https://view.lotushomemade.com/shop/page/9/?max_price=520&per_row=4&shop_view=grid&per_page=12" "Mozilla/5.0 (Linux; Android 7.0;) AppleWebKit/537.36 (KHTML, like Gecko) Mobile Safari/537.36 (compatible; PetalBot;+https://webmaster.petalsearch.com/site/petalbot)"
103.131.51.123 - - [14/Jan/2026:20:17:52 +0700] "POST /wp-cron.php?doing_wp_cron=1768396672.5084791183471679687500 HTTP/1.1" 200 474 "-" "WordPress/6.9; https://view.lotushomemade.com"
114.119.150.215 - - [14/Jan/2026:20:17:49 +0700] "GET /shop/page/7?orderby=price-desc&per_page=12&shop_view=grid&per_row=6 HTTP/1.1" 301 667 "-" "Mozilla/5.0 (Linux; Android 7.0;) AppleWebKit/537.36 (KHTML, like Gecko) Mobile Safari/537.36 (compatible; PetalBot;+https://webmaster.petalsearch.com/site/petalbot)"
114.119.150.215 - - [14/Jan/2026:20:17:53 +0700] "GET /shop/page/7/?orderby=price-desc&per_page=12&shop_view=grid&per_row=6 HTTP/1.1" 200 40186 "-" "Mozilla/5.0 (Linux; Android 7.0;) AppleWebKit/537.36 (KHTML, like Gecko) Mobile Safari/537.36 (compatible; PetalBot;+https://webmaster.petalsearch.com/site/petalbot)"
190.230.116.16 - - [14/Jan/2026:20:18:43 +0700] "GET /product/peanut-cake_8080-s/?add-to-cart=7951 HTTP/1.1" 200 38190 "-" "Mozilla/5.0 (compatible; MSIE 5.0; Windows CE; Trident/3.0)"
114.119.149.78 - - [14/Jan/2026:20:19:06 +0700] "GET /shop/page/7/?orderby=date&stock_status=onsale&per_row=2&shop_view=grid HTTP/1.1" 200 39851 "https://view.lotushomemade.com/shop/page/4?orderby=date&stock_status=onsale&per_row=2&shop_view=grid" "Mozilla/5.0 (Linux; Android 7.0;) AppleWebKit/537.36 (KHTML, like Gecko) Mobile Safari/537.36 (compatible; PetalBot;+https://webmaster.petalsearch.com/site/petalbot)"
103.131.51.123 - - [14/Jan/2026:20:20:34 +0700] "POST /wp-cron.php?doing_wp_cron=1768396834.7333610057830810546875 HTTP/1.1" 200 474 "-" "WordPress/6.9; https://view.lotushomemade.com"
114.119.148.197 - - [14/Jan/2026:20:20:30 +0700] "GET /shop/page/7/?max_price=780&per_row=2&per_page=8&shop_view=grid HTTP/1.1" 200 39742 "https://view.lotushomemade.com/shop/page/6/?max_price=780&per_row=2&per_page=8&shop_view=grid" "Mozilla/5.0 (Linux; Android 7.0;) AppleWebKit/537.36 (KHTML, like Gecko) Mobile Safari/537.36 (compatible; PetalBot;+https://webmaster.petalsearch.com/site/petalbot)"
103.131.51.123 - - [14/Jan/2026:20:21:59 +0700] "POST /wp-cron.php?doing_wp_cron=1768396919.6785600185394287109375 HTTP/1.1" 200 474 "-" "WordPress/6.9; https://view.lotushomemade.com"
114.119.156.27 - - [14/Jan/2026:20:21:55 +0700] "GET /shop/page/6/?per_row=2&per_page=24&shop_view=grid&stock_status=onsale HTTP/1.1" 200 42545 "https://view.lotushomemade.com/shop/page/4?per_row=2&per_page=24&shop_view=grid&stock_status=onsale" "Mozilla/5.0 (Linux; Android 7.0;) AppleWebKit/537.36 (KHTML, like Gecko) Mobile Safari/537.36 (compatible; PetalBot;+https://webmaster.petalsearch.com/site/petalbot)"
103.131.51.123 - - [14/Jan/2026:20:23:21 +0700] "POST /wp-cron.php?doing_wp_cron=1768397001.2499279975891113281250 HTTP/1.1" 200 474 "-" "WordPress/6.9; https://view.lotushomemade.com"
114.119.150.215 - - [14/Jan/2026:20:23:17 +0700] "GET /shop/page/6/?orderby=date&per_row=6&shop_view=grid&per_page=18 HTTP/1.1" 200 40624 "https://view.lotushomemade.com/shop/page/5/?orderby=date&per_row=6&shop_view=grid&per_page=18" "Mozilla/5.0 (Linux; Android 7.0;) AppleWebKit/537.36 (KHTML, like Gecko) Mobile Safari/537.36 (compatible; PetalBot;+https://webmaster.petalsearch.com/site/petalbot)"
114.119.145.110 - - [14/Jan/2026:20:24:41 +0700] "GET /shop/page/6/?min_price=0&per_row=4&shop_view=grid&per_page=8 HTTP/1.1" 200 39385 "https://view.lotushomemade.com/shop/page/8/?min_price=0&per_row=4&shop_view=grid&per_page=8" "Mozilla/5.0 (Linux; Android 7.0;) AppleWebKit/537.36 (KHTML, like Gecko) Mobile Safari/537.36 (compatible; PetalBot;+https://webmaster.petalsearch.com/site/petalbot)"
103.131.51.123 - - [14/Jan/2026:20:26:08 +0700] "POST /wp-cron.php?doing_wp_cron=1768397168.4657740592956542968750 HTTP/1.1" 200 474 "-" "WordPress/6.9; https://view.lotushomemade.com"
114.119.130.97 - - [14/Jan/2026:20:26:04 +0700] "GET /shop/page/5/?orderby=popularity&stock_status=onsale&per_row=2&shop_view=grid HTTP/1.1" 200 40126 "https://view.lotushomemade.com/shop/page/7/?orderby=popularity&stock_status=onsale&per_row=2&shop_view=grid" "Mozilla/5.0 (Linux; Android 7.0;) AppleWebKit/537.36 (KHTML, like Gecko) Mobile Safari/537.36 (compatible; PetalBot;+https://webmaster.petalsearch.com/site/petalbot)"
114.119.156.27 - - [14/Jan/2026:20:27:28 +0700] "GET /shop/page/4?per_page=12 HTTP/1.1" 301 535 "https://view.lotushomemade.com/shop/page/3?per_page=12" "Mozilla/5.0 (Linux; Android 7.0;) AppleWebKit/537.36 (KHTML, like Gecko) Mobile Safari/537.36 (compatible; PetalBot;+https://webmaster.petalsearch.com/site/petalbot)"
114.119.156.27 - - [14/Jan/2026:20:27:41 +0700] "GET /shop/page/4/?per_page=12 HTTP/1.1" 200 40060 "https://view.lotushomemade.com/shop/page/3?per_page=12" "Mozilla/5.0 (Linux; Android 7.0;) AppleWebKit/537.36 (KHTML, like Gecko) Mobile Safari/537.36 (compatible; PetalBot;+https://webmaster.petalsearch.com/site/petalbot)"
57.141.16.84 - - [14/Jan/2026:20:28:15 +0700] "GET /shop/page/11/?stock_status=instock&per_page=12 HTTP/2" 200 240364 "-" "meta-externalagent/1.1 (+https://developers.facebook.com/docs/sharing/webmasters/crawler)"
103.131.51.123 - - [14/Jan/2026:20:28:41 +0700] "POST /wp-cron.php?doing_wp_cron=1768397321.7464311122894287109375 HTTP/1.1" 200 474 "-" "WordPress/6.9; https://view.lotushomemade.com"
57.141.16.30 - - [14/Jan/2026:20:28:40 +0700] "GET /shop/page/11/?per_row=2&shop_view=grid HTTP/2" 200 240180 "-" "meta-externalagent/1.1 (+https://developers.facebook.com/docs/sharing/webmasters/crawler)"
114.119.149.78 - - [14/Jan/2026:20:28:51 +0700] "GET /shop/page/4?orderby=popularity&stock_status=instock,onsale&per_row=6&shop_view=grid HTTP/1.1" 301 639 "-" "Mozilla/5.0 (Linux; Android 7.0;) AppleWebKit/537.36 (KHTML, like Gecko) Mobile Safari/537.36 (compatible; PetalBot;+https://webmaster.petalsearch.com/site/petalbot)"
114.119.149.78 - - [14/Jan/2026:20:28:52 +0700] "GET /shop/page/4/?orderby=popularity&stock_status=instock,onsale&per_row=6&shop_view=grid HTTP/1.1" 301 639 "-" "Mozilla/5.0 (Linux; Android 7.0;) AppleWebKit/537.36 (KHTML, like Gecko) Mobile Safari/537.36 (compatible; PetalBot;+https://webmaster.petalsearch.com/site/petalbot)"
114.119.149.78 - - [14/Jan/2026:20:28:52 +0700] "GET /shop/page/4/?orderby=popularity&stock_status=instock,onsale&per_row=6&shop_view=grid HTTP/1.1" 301 639 "-" "Mozilla/5.0 (Linux; Android 7.0;) AppleWebKit/537.36 (KHTML, like Gecko) Mobile Safari/537.36 (compatible; PetalBot;+https://webmaster.petalsearch.com/site/petalbot)"
114.119.149.78 - - [14/Jan/2026:20:28:53 +0700] "GET /shop/page/4/?orderby=popularity&stock_status=instock,onsale&per_row=6&shop_view=grid HTTP/1.1" 301 639 "-" "Mozilla/5.0 (Linux; Android 7.0;) AppleWebKit/537.36 (KHTML, like Gecko) Mobile Safari/537.36 (compatible; PetalBot;+https://webmaster.petalsearch.com/site/petalbot)"
114.119.149.78 - - [14/Jan/2026:20:28:53 +0700] "GET /shop/page/4/?orderby=popularity&stock_status=instock,onsale&per_row=6&shop_view=grid HTTP/1.1" 301 639 "-" "Mozilla/5.0 (Linux; Android 7.0;) AppleWebKit/537.36 (KHTML, like Gecko) Mobile Safari/537.36 (compatible; PetalBot;+https://webmaster.petalsearch.com/site/petalbot)"
114.119.149.78 - - [14/Jan/2026:20:28:54 +0700] "GET /shop/page/4/?orderby=popularity&stock_status=instock,onsale&per_row=6&shop_view=grid HTTP/1.1" 301 639 "-" "Mozilla/5.0 (Linux; Android 7.0;) AppleWebKit/537.36 (KHTML, like Gecko) Mobile Safari/537.36 (compatible; PetalBot;+https://webmaster.petalsearch.com/site/petalbot)"
114.119.149.78 - - [14/Jan/2026:20:28:55 +0700] "GET /shop/page/4/?orderby=popularity&stock_status=instock,onsale&per_row=6&shop_view=grid HTTP/1.1" 301 639 "-" "Mozilla/5.0 (Linux; Android 7.0;) AppleWebKit/537.36 (KHTML, like Gecko) Mobile Safari/537.36 (compatible; PetalBot;+https://webmaster.petalsearch.com/site/petalbot)"
114.119.149.78 - - [14/Jan/2026:20:28:55 +0700] "GET /shop/page/4/?orderby=popularity&stock_status=instock,onsale&per_row=6&shop_view=grid HTTP/1.1" 301 639 "-" "Mozilla/5.0 (Linux; Android 7.0;) AppleWebKit/537.36 (KHTML, like Gecko) Mobile Safari/537.36 (compatible; PetalBot;+https://webmaster.petalsearch.com/site/petalbot)"
114.119.149.78 - - [14/Jan/2026:20:28:56 +0700] "GET /shop/page/4/?orderby=popularity&stock_status=instock,onsale&per_row=6&shop_view=grid HTTP/1.1" 301 639 "-" "Mozilla/5.0 (Linux; Android 7.0;) AppleWebKit/537.36 (KHTML, like Gecko) Mobile Safari/537.36 (compatible; PetalBot;+https://webmaster.petalsearch.com/site/petalbot)"
114.119.149.78 - - [14/Jan/2026:20:28:56 +0700] "GET /shop/page/4/?orderby=popularity&stock_status=instock,onsale&per_row=6&shop_view=grid HTTP/1.1" 301 639 "-" "Mozilla/5.0 (Linux; Android 7.0;) AppleWebKit/537.36 (KHTML, like Gecko) Mobile Safari/537.36 (compatible; PetalBot;+https://webmaster.petalsearch.com/site/petalbot)"
103.131.51.123 - - [14/Jan/2026:20:30:19 +0700] "POST /wp-cron.php?doing_wp_cron=1768397419.5266270637512207031250 HTTP/1.1" 200 474 "-" "WordPress/6.9; https://view.lotushomemade.com"
114.119.150.215 - - [14/Jan/2026:20:30:15 +0700] "GET /shop/page/47/?orderby=date&per_row=4&per_page=8&shop_view=grid HTTP/1.1" 200 39831 "https://view.lotushomemade.com/shop/page/8/?orderby=date&per_row=4&per_page=8&shop_view=grid" "Mozilla/5.0 (Linux; Android 7.0;) AppleWebKit/537.36 (KHTML, like Gecko) Mobile Safari/537.36 (compatible; PetalBot;+https://webmaster.petalsearch.com/site/petalbot)"
114.119.149.78 - - [14/Jan/2026:20:31:39 +0700] "GET /shop/page/46/?max_price=1050&per_row=4&per_page=8&shop_view=grid HTTP/1.1" 200 39548 "https://view.lotushomemade.com/shop/page/22/?max_price=1050&per_row=4&per_page=8&shop_view=grid" "Mozilla/5.0 (Linux; Android 7.0;) AppleWebKit/537.36 (KHTML, like Gecko) Mobile Safari/537.36 (compatible; PetalBot;+https://webmaster.petalsearch.com/site/petalbot)"
103.131.51.123 - - [14/Jan/2026:20:33:07 +0700] "POST /wp-cron.php?doing_wp_cron=1768397587.1066548824310302734375 HTTP/1.1" 200 474 "-" "WordPress/6.9; https://view.lotushomemade.com"
114.119.156.27 - - [14/Jan/2026:20:33:03 +0700] "GET /shop/page/45/?stock_status=onsale&per_row=6&per_page=8&shop_view=grid HTTP/1.1" 200 39492 "https://view.lotushomemade.com/shop/page/46/?stock_status=onsale&per_row=6&per_page=8&shop_view=grid" "Mozilla/5.0 (Linux; Android 7.0;) AppleWebKit/537.36 (KHTML, like Gecko) Mobile Safari/537.36 (compatible; PetalBot;+https://webmaster.petalsearch.com/site/petalbot)"
103.131.51.123 - - [14/Jan/2026:20:34:30 +0700] "POST /wp-cron.php?doing_wp_cron=1768397670.3531270027160644531250 HTTP/1.1" 200 474 "-" "WordPress/6.9; https://view.lotushomemade.com"
114.119.149.78 - - [14/Jan/2026:20:34:26 +0700] "GET /shop/page/45/?stock_status=onsale&per_page=8&shop_view=grid&per_row=2 HTTP/1.1" 200 39470 "https://view.lotushomemade.com/shop/page/42/?stock_status=onsale&per_page=8&shop_view=grid&per_row=2" "Mozilla/5.0 (Linux; Android 7.0;) AppleWebKit/537.36 (KHTML, like Gecko) Mobile Safari/537.36 (compatible; PetalBot;+https://webmaster.petalsearch.com/site/petalbot)"
103.131.51.123 - - [14/Jan/2026:20:35:53 +0700] "POST /wp-cron.php?doing_wp_cron=1768397753.2729630470275878906250 HTTP/1.1" 200 474 "-" "WordPress/6.9; https://view.lotushomemade.com"
114.119.148.197 - - [14/Jan/2026:20:35:49 +0700] "GET /shop/page/44/?stock_status=onsale&per_row=6&shop_view=grid&per_page=8 HTTP/1.1" 200 39623 "https://view.lotushomemade.com/shop/page/46?stock_status=onsale&per_row=6&shop_view=grid&per_page=8" "Mozilla/5.0 (Linux; Android 7.0;) AppleWebKit/537.36 (KHTML, like Gecko) Mobile Safari/537.36 (compatible; PetalBot;+https://webmaster.petalsearch.com/site/petalbot)"
103.131.51.123 - - [14/Jan/2026:20:37:16 +0700] "POST /wp-cron.php?doing_wp_cron=1768397836.8442430496215820312500 HTTP/1.1" 200 474 "-" "WordPress/6.9; https://view.lotushomemade.com"
114.119.156.27 - - [14/Jan/2026:20:37:14 +0700] "GET /shop?orderby=date&stock_status=onsale&per_row=6&shop_view=grid HTTP/1.1" 301 616 "https://view.lotushomemade.com/shop/page/7?orderby=date&stock_status=onsale&shop_view=grid&per_row=6" "Mozilla/5.0 (Linux; Android 7.0;) AppleWebKit/537.36 (KHTML, like Gecko) Mobile Safari/537.36 (compatible; PetalBot;+https://webmaster.petalsearch.com/site/petalbot)"
114.119.156.27 - - [14/Jan/2026:20:37:17 +0700] "GET /shop/?orderby=date&stock_status=onsale&per_row=6&shop_view=grid HTTP/1.1" 200 40858 "https://view.lotushomemade.com/shop/page/7?orderby=date&stock_status=onsale&shop_view=grid&per_row=6" "Mozilla/5.0 (Linux; Android 7.0;) AppleWebKit/537.36 (KHTML, like Gecko) Mobile Safari/537.36 (compatible; PetalBot;+https://webmaster.petalsearch.com/site/petalbot)"
