103.131.51.123 - - [14/Jan/2026:23:38:34 +0700] "POST /wp-cron.php?doing_wp_cron=1768408714.3863439559936523437500 HTTP/1.1" 200 474 "-" "WordPress/6.9; https://view.lotushomemade.com"
114.119.145.110 - - [14/Jan/2026:23:38:30 +0700] "GET /shop/page/8/?orderby=price&per_row=6&per_page=12&shop_view=grid HTTP/1.1" 200 39998 "https://view.lotushomemade.com/shop/page/8?orderby=price&per_row=6&per_page=12&shop_view=grid" "Mozilla/5.0 (Linux; Android 7.0;) AppleWebKit/537.36 (KHTML, like Gecko) Mobile Safari/537.36 (compatible; PetalBot;+https://webmaster.petalsearch.com/site/petalbot)"
103.131.51.123 - - [14/Jan/2026:23:39:56 +0700] "POST /wp-cron.php?doing_wp_cron=1768408796.5494918823242187500000 HTTP/1.1" 200 474 "-" "WordPress/6.9; https://view.lotushomemade.com"
114.119.149.78 - - [14/Jan/2026:23:39:54 +0700] "GET /shop/page/48?per_row=2&per_page=8&shop_view=grid&stock_status=instock,onsale HTTP/1.1" 301 677 "https://view.lotushomemade.com/shop/?per_row=2&per_page=8&shop_view=grid&stock_status=instock%2Consale" "Mozilla/5.0 (Linux; Android 7.0;) AppleWebKit/537.36 (KHTML, like Gecko) Mobile Safari/537.36 (compatible; PetalBot;+https://webmaster.petalsearch.com/site/petalbot)"
114.119.149.78 - - [14/Jan/2026:23:39:56 +0700] "GET /shop/page/48/?per_row=2&per_page=8&shop_view=grid&stock_status=instock,onsale HTTP/1.1" 301 677 "https://view.lotushomemade.com/shop/?per_row=2&per_page=8&shop_view=grid&stock_status=instock%2Consale" "Mozilla/5.0 (Linux; Android 7.0;) AppleWebKit/537.36 (KHTML, like Gecko) Mobile Safari/537.36 (compatible; PetalBot;+https://webmaster.petalsearch.com/site/petalbot)"
114.119.149.78 - - [14/Jan/2026:23:39:57 +0700] "GET /shop/page/48/?per_row=2&per_page=8&shop_view=grid&stock_status=instock,onsale HTTP/1.1" 301 677 "https://view.lotushomemade.com/shop/?per_row=2&per_page=8&shop_view=grid&stock_status=instock%2Consale" "Mozilla/5.0 (Linux; Android 7.0;) AppleWebKit/537.36 (KHTML, like Gecko) Mobile Safari/537.36 (compatible; PetalBot;+https://webmaster.petalsearch.com/site/petalbot)"
114.119.149.78 - - [14/Jan/2026:23:39:57 +0700] "GET /shop/page/48/?per_row=2&per_page=8&shop_view=grid&stock_status=instock,onsale HTTP/1.1" 301 677 "https://view.lotushomemade.com/shop/?per_row=2&per_page=8&shop_view=grid&stock_status=instock%2Consale" "Mozilla/5.0 (Linux; Android 7.0;) AppleWebKit/537.36 (KHTML, like Gecko) Mobile Safari/537.36 (compatible; PetalBot;+https://webmaster.petalsearch.com/site/petalbot)"
114.119.149.78 - - [14/Jan/2026:23:39:58 +0700] "GET /shop/page/48/?per_row=2&per_page=8&shop_view=grid&stock_status=instock,onsale HTTP/1.1" 301 677 "https://view.lotushomemade.com/shop/?per_row=2&per_page=8&shop_view=grid&stock_status=instock%2Consale" "Mozilla/5.0 (Linux; Android 7.0;) AppleWebKit/537.36 (KHTML, like Gecko) Mobile Safari/537.36 (compatible; PetalBot;+https://webmaster.petalsearch.com/site/petalbot)"
114.119.149.78 - - [14/Jan/2026:23:39:58 +0700] "GET /shop/page/48/?per_row=2&per_page=8&shop_view=grid&stock_status=instock,onsale HTTP/1.1" 301 677 "https://view.lotushomemade.com/shop/?per_row=2&per_page=8&shop_view=grid&stock_status=instock%2Consale" "Mozilla/5.0 (Linux; Android 7.0;) AppleWebKit/537.36 (KHTML, like Gecko) Mobile Safari/537.36 (compatible; PetalBot;+https://webmaster.petalsearch.com/site/petalbot)"
114.119.149.78 - - [14/Jan/2026:23:39:59 +0700] "GET /shop/page/48/?per_row=2&per_page=8&shop_view=grid&stock_status=instock,onsale HTTP/1.1" 301 677 "https://view.lotushomemade.com/shop/?per_row=2&per_page=8&shop_view=grid&stock_status=instock%2Consale" "Mozilla/5.0 (Linux; Android 7.0;) AppleWebKit/537.36 (KHTML, like Gecko) Mobile Safari/537.36 (compatible; PetalBot;+https://webmaster.petalsearch.com/site/petalbot)"
114.119.149.78 - - [14/Jan/2026:23:39:59 +0700] "GET /shop/page/48/?per_row=2&per_page=8&shop_view=grid&stock_status=instock,onsale HTTP/1.1" 301 677 "https://view.lotushomemade.com/shop/?per_row=2&per_page=8&shop_view=grid&stock_status=instock%2Consale" "Mozilla/5.0 (Linux; Android 7.0;) AppleWebKit/537.36 (KHTML, like Gecko) Mobile Safari/537.36 (compatible; PetalBot;+https://webmaster.petalsearch.com/site/petalbot)"
114.119.149.78 - - [14/Jan/2026:23:40:00 +0700] "GET /shop/page/48/?per_row=2&per_page=8&shop_view=grid&stock_status=instock,onsale HTTP/1.1" 301 677 "https://view.lotushomemade.com/shop/?per_row=2&per_page=8&shop_view=grid&stock_status=instock%2Consale" "Mozilla/5.0 (Linux; Android 7.0;) AppleWebKit/537.36 (KHTML, like Gecko) Mobile Safari/537.36 (compatible; PetalBot;+https://webmaster.petalsearch.com/site/petalbot)"
114.119.149.78 - - [14/Jan/2026:23:40:00 +0700] "GET /shop/page/48/?per_row=2&per_page=8&shop_view=grid&stock_status=instock,onsale HTTP/1.1" 301 677 "https://view.lotushomemade.com/shop/?per_row=2&per_page=8&shop_view=grid&stock_status=instock%2Consale" "Mozilla/5.0 (Linux; Android 7.0;) AppleWebKit/537.36 (KHTML, like Gecko) Mobile Safari/537.36 (compatible; PetalBot;+https://webmaster.petalsearch.com/site/petalbot)"
103.131.51.123 - - [14/Jan/2026:23:41:21 +0700] "POST /wp-cron.php?doing_wp_cron=1768408881.0001909732818603515625 HTTP/1.1" 200 474 "-" "WordPress/6.9; https://view.lotushomemade.com"
114.119.156.27 - - [14/Jan/2026:23:41:17 +0700] "GET /shop/page/47/?orderby=price&per_row=2&per_page=8&shop_view=grid HTTP/1.1" 200 39292 "https://view.lotushomemade.com/shop/page/8/?orderby=price&per_row=2&per_page=8&shop_view=grid" "Mozilla/5.0 (Linux; Android 7.0;) AppleWebKit/537.36 (KHTML, like Gecko) Mobile Safari/537.36 (compatible; PetalBot;+https://webmaster.petalsearch.com/site/petalbot)"
103.131.51.123 - - [14/Jan/2026:23:42:45 +0700] "POST /wp-cron.php?doing_wp_cron=1768408965.0002939701080322265625 HTTP/1.1" 200 474 "-" "WordPress/6.9; https://view.lotushomemade.com"
114.119.149.78 - - [14/Jan/2026:23:42:41 +0700] "GET /shop/page/45/?orderby=price&per_page=8&shop_view=grid&per_row=4 HTTP/1.1" 200 39426 "https://view.lotushomemade.com/shop/page/46/?orderby=price&per_page=8&shop_view=grid&per_row=4" "Mozilla/5.0 (Linux; Android 7.0;) AppleWebKit/537.36 (KHTML, like Gecko) Mobile Safari/537.36 (compatible; PetalBot;+https://webmaster.petalsearch.com/site/petalbot)"
187.109.107.53 - - [14/Jan/2026:23:43:00 +0700] "GET /product-category/hot-item/?per_page=12&per_row=6&shop_view=grid HTTP/1.1" 200 34350 "-" "Mozilla/5.0 (Windows NT 5.1) AppleWebKit/531.2 (KHTML, like Gecko) Chrome/33.0.880.0 Safari/531.2"
103.131.51.123 - - [14/Jan/2026:23:44:06 +0700] "POST /wp-cron.php?doing_wp_cron=1768409046.8590939044952392578125 HTTP/1.1" 200 474 "-" "WordPress/6.9; https://view.lotushomemade.com"
114.119.145.110 - - [14/Jan/2026:23:44:05 +0700] "GET /shop/page/36/?per_row=4&shop_view=grid&per_page=8 HTTP/1.1" 200 39506 "https://view.lotushomemade.com/shop/page/35/?per_row=4&shop_view=grid&per_page=8" "Mozilla/5.0 (Linux; Android 7.0;) AppleWebKit/537.36 (KHTML, like Gecko) Mobile Safari/537.36 (compatible; PetalBot;+https://webmaster.petalsearch.com/site/petalbot)"
103.131.51.123 - - [14/Jan/2026:23:45:32 +0700] "POST /wp-cron.php?doing_wp_cron=1768409132.7011029720306396484375 HTTP/1.1" 200 474 "-" "WordPress/6.9; https://view.lotushomemade.com"
114.119.142.208 - - [14/Jan/2026:23:45:28 +0700] "GET /shop/page/34/?stock_status=onsale&per_row=2&shop_view=grid&per_page=8 HTTP/1.1" 200 39391 "https://view.lotushomemade.com/shop/page/37/?stock_status=onsale&per_row=2&shop_view=grid&per_page=8" "Mozilla/5.0 (Linux; Android 7.0;) AppleWebKit/537.36 (KHTML, like Gecko) Mobile Safari/537.36 (compatible; PetalBot;+https://webmaster.petalsearch.com/site/petalbot)"
103.131.51.123 - - [14/Jan/2026:23:46:57 +0700] "POST /wp-cron.php?doing_wp_cron=1768409217.9308550357818603515625 HTTP/1.1" 200 474 "-" "WordPress/6.9; https://view.lotushomemade.com"
114.119.150.215 - - [14/Jan/2026:23:46:54 +0700] "GET /shop/page/34/?orderby=price-desc&per_row=6&per_page=8&shop_view=grid HTTP/1.1" 200 39450 "https://view.lotushomemade.com/shop/page/32/?orderby=price-desc&per_row=6&per_page=8&shop_view=grid" "Mozilla/5.0 (Linux; Android 7.0;) AppleWebKit/537.36 (KHTML, like Gecko) Mobile Safari/537.36 (compatible; PetalBot;+https://webmaster.petalsearch.com/site/petalbot)"
103.131.51.123 - - [14/Jan/2026:23:48:19 +0700] "POST /wp-cron.php?doing_wp_cron=1768409299.9413280487060546875000 HTTP/1.1" 200 474 "-" "WordPress/6.9; https://view.lotushomemade.com"
114.119.142.208 - - [14/Jan/2026:23:48:17 +0700] "GET /shop/page/32?max_price=520&per_row=6&shop_view=grid HTTP/1.1" 301 605 "https://view.lotushomemade.com/shop?max_price=520&per_row=6&shop_view=grid" "Mozilla/5.0 (Linux; Android 7.0;) AppleWebKit/537.36 (KHTML, like Gecko) Mobile Safari/537.36 (compatible; PetalBot;+https://webmaster.petalsearch.com/site/petalbot)"
114.119.142.208 - - [14/Jan/2026:23:48:20 +0700] "GET /shop/page/32/?max_price=520&per_row=6&shop_view=grid HTTP/1.1" 200 39993 "https://view.lotushomemade.com/shop?max_price=520&per_row=6&shop_view=grid" "Mozilla/5.0 (Linux; Android 7.0;) AppleWebKit/537.36 (KHTML, like Gecko) Mobile Safari/537.36 (compatible; PetalBot;+https://webmaster.petalsearch.com/site/petalbot)"
103.131.51.123 - - [14/Jan/2026:23:49:45 +0700] "POST /wp-cron.php?doing_wp_cron=1768409385.4348149299621582031250 HTTP/1.1" 200 474 "-" "WordPress/6.9; https://view.lotushomemade.com"
114.119.142.208 - - [14/Jan/2026:23:49:41 +0700] "GET /shop/page/31/?per_row=2&shop_view=grid&stock_status=onsale HTTP/1.1" 200 40026 "https://view.lotushomemade.com/shop/page/17?per_row=2&shop_view=grid&stock_status=onsale" "Mozilla/5.0 (Linux; Android 7.0;) AppleWebKit/537.36 (KHTML, like Gecko) Mobile Safari/537.36 (compatible; PetalBot;+https://webmaster.petalsearch.com/site/petalbot)"
207.46.13.54 - - [14/Jan/2026:23:50:09 +0700] "GET /wp-content/uploads/2023/11/1064-300x300.png HTTP/2" 200 146796 "-" "Mozilla/5.0 AppleWebKit/537.36 (KHTML, like Gecko; compatible; bingbot/2.0; +http://www.bing.com/bingbot.htm) Chrome/116.0.1938.76 Safari/537.36"
103.131.51.123 - - [14/Jan/2026:23:50:55 +0700] "POST /wp-cron.php?doing_wp_cron=1768409455.9500970840454101562500 HTTP/1.1" 200 474 "-" "WordPress/6.9; https://view.lotushomemade.com"
197.231.229.216 - - [14/Jan/2026:23:50:54 +0700] "GET /product/salted-egg-dragon-king-l/?add-to-cart=7951 HTTP/1.1" 200 38597 "-" "Mozilla/5.0 (Linux; Android 3.0) AppleWebKit/531.0 (KHTML, like Gecko) Chrome/43.0.848.0 Safari/531.0"
114.119.130.97 - - [14/Jan/2026:23:51:02 +0700] "GET /shop/page/28/?orderby=price&stock_status=onsale&per_page=8 HTTP/1.1" 200 39383 "https://view.lotushomemade.com/shop/page/28/?orderby=price&stock_status=onsale&per_page=8" "Mozilla/5.0 (Linux; Android 7.0;) AppleWebKit/537.36 (KHTML, like Gecko) Mobile Safari/537.36 (compatible; PetalBot;+https://webmaster.petalsearch.com/site/petalbot)"
103.131.51.123 - - [14/Jan/2026:23:52:16 +0700] "POST /wp-cron.php?doing_wp_cron=1768409536.0180380344390869140625 HTTP/1.1" 200 474 "-" "WordPress/6.9; https://view.lotushomemade.com"
86.213.69.34 - - [14/Jan/2026:23:52:14 +0700] "GET /product/crunchy-cheese-almond-flake-s/?add-to-cart=8247 HTTP/1.1" 200 38404 "-" "Mozilla/5.0 (compatible; MSIE 9.0; Windows NT 5.2; Trident/3.0)"
114.119.156.27 - - [14/Jan/2026:23:52:26 +0700] "GET /shop/page/27/?max_price=1040&per_row=6&per_page=12&shop_view=grid HTTP/1.1" 200 40351 "https://view.lotushomemade.com/shop/page/30/?max_price=1040&per_row=6&per_page=12&shop_view=grid" "Mozilla/5.0 (Linux; Android 7.0;) AppleWebKit/537.36 (KHTML, like Gecko) Mobile Safari/537.36 (compatible; PetalBot;+https://webmaster.petalsearch.com/site/petalbot)"
52.167.144.195 - - [14/Jan/2026:23:53:21 +0700] "GET /wp-content/uploads/2023/11/1074-150x150.png HTTP/2" 200 39030 "-" "Mozilla/5.0 AppleWebKit/537.36 (KHTML, like Gecko; compatible; bingbot/2.0; +http://www.bing.com/bingbot.htm) Chrome/116.0.1938.76 Safari/537.36"
103.131.51.123 - - [14/Jan/2026:23:53:54 +0700] "POST /wp-cron.php?doing_wp_cron=1768409634.7794990539550781250000 HTTP/1.1" 200 474 "-" "WordPress/6.9; https://view.lotushomemade.com"
57.141.16.68 - - [14/Jan/2026:23:53:50 +0700] "GET /product-category/traditional-cookies-series/page/12/?add-to-cart=17125 HTTP/2" 200 242400 "-" "meta-externalagent/1.1 (+https://developers.facebook.com/docs/sharing/webmasters/crawler)"
103.131.51.123 - - [14/Jan/2026:23:54:57 +0700] "POST /wp-cron.php?doing_wp_cron=1768409697.7975559234619140625000 HTTP/1.1" 200 474 "-" "WordPress/6.9; https://view.lotushomemade.com"
57.141.16.36 - - [14/Jan/2026:23:54:56 +0700] "GET /shop/page/14/?per_page=12&stock_status=instock%2Consale HTTP/2" 200 243386 "-" "meta-externalagent/1.1 (+https://developers.facebook.com/docs/sharing/webmasters/crawler)"
103.131.51.123 - - [14/Jan/2026:23:56:35 +0700] "POST /wp-cron.php?doing_wp_cron=1768409795.2587599754333496093750 HTTP/1.1" 200 474 "-" "WordPress/6.9; https://view.lotushomemade.com"
114.119.149.78 - - [14/Jan/2026:23:56:31 +0700] "GET /shop/page/26/?orderby=price&stock_status=instock HTTP/1.1" 200 39919 "https://view.lotushomemade.com/shop/page/27/?orderby=price&stock_status=instock" "Mozilla/5.0 (Linux; Android 7.0;) AppleWebKit/537.36 (KHTML, like Gecko) Mobile Safari/537.36 (compatible; PetalBot;+https://webmaster.petalsearch.com/site/petalbot)"
114.119.149.78 - - [14/Jan/2026:23:57:03 +0700] "GET /shop/page/26/?orderby=popularity&per_row=4&shop_view=grid HTTP/1.1" 200 39524 "https://view.lotushomemade.com/shop/page/27/?orderby=popularity&per_row=4&shop_view=grid" "Mozilla/5.0 (Linux; Android 7.0;) AppleWebKit/537.36 (KHTML, like Gecko) Mobile Safari/537.36 (compatible; PetalBot;+https://webmaster.petalsearch.com/site/petalbot)"
114.119.148.197 - - [14/Jan/2026:23:57:26 +0700] "GET /shop/page/26/?min_price=0&per_row=2&shop_view=grid&per_page=8 HTTP/1.1" 200 39409 "https://view.lotushomemade.com/shop/page/29/?min_price=0&per_row=2&shop_view=grid&per_page=8" "Mozilla/5.0 (Linux; Android 7.0;) AppleWebKit/537.36 (KHTML, like Gecko) Mobile Safari/537.36 (compatible; PetalBot;+https://webmaster.petalsearch.com/site/petalbot)"
103.131.51.123 - - [14/Jan/2026:23:58:04 +0700] "POST /wp-cron.php?doing_wp_cron=1768409884.4615790843963623046875 HTTP/1.1" 200 474 "-" "WordPress/6.9; https://view.lotushomemade.com"
114.119.142.208 - - [14/Jan/2026:23:58:03 +0700] "GET /shop?orderby=popularity&filter_brand=hss&shop_view=grid&per_row=6 HTTP/1.1" 301 619 "https://view.lotushomemade.com/shop?orderby=popularity&filter_brand=hss" "Mozilla/5.0 (Linux; Android 7.0;) AppleWebKit/537.36 (KHTML, like Gecko) Mobile Safari/537.36 (compatible; PetalBot;+https://webmaster.petalsearch.com/site/petalbot)"
114.119.142.208 - - [14/Jan/2026:23:58:04 +0700] "GET /shop/?orderby=popularity&filter_brand=hss&shop_view=grid&per_row=6 HTTP/1.1" 200 38792 "https://view.lotushomemade.com/shop?orderby=popularity&filter_brand=hss" "Mozilla/5.0 (Linux; Android 7.0;) AppleWebKit/537.36 (KHTML, like Gecko) Mobile Safari/537.36 (compatible; PetalBot;+https://webmaster.petalsearch.com/site/petalbot)"
103.131.51.123 - - [14/Jan/2026:23:59:03 +0700] "POST /wp-cron.php?doing_wp_cron=1768409943.4760460853576660156250 HTTP/1.1" 200 474 "-" "WordPress/6.9; https://view.lotushomemade.com"
57.141.16.43 - - [14/Jan/2026:23:59:01 +0700] "GET /product-category/traditional-cookies-series/page/12/?add-to-cart=17176 HTTP/2" 200 242401 "-" "meta-externalagent/1.1 (+https://developers.facebook.com/docs/sharing/webmasters/crawler)"
103.131.51.123 - - [14/Jan/2026:23:59:41 +0700] "POST /wp-cron.php?doing_wp_cron=1768409981.3064351081848144531250 HTTP/1.1" 200 474 "-" "WordPress/6.9; https://view.lotushomemade.com"
114.119.142.208 - - [14/Jan/2026:23:59:40 +0700] "GET /shop?min_price=780&max_price=1040&filter_brand=hss HTTP/1.1" 301 516 "https://view.lotushomemade.com/shop?min_price=780&max_price=1040" "Mozilla/5.0 (Linux; Android 7.0;) AppleWebKit/537.36 (KHTML, like Gecko) Mobile Safari/537.36 (compatible; PetalBot;+https://webmaster.petalsearch.com/site/petalbot)"
114.119.142.208 - - [14/Jan/2026:23:59:41 +0700] "GET /shop/?min_price=780&max_price=1040&filter_brand=hss HTTP/1.1" 200 37516 "https://view.lotushomemade.com/shop?min_price=780&max_price=1040" "Mozilla/5.0 (Linux; Android 7.0;) AppleWebKit/537.36 (KHTML, like Gecko) Mobile Safari/537.36 (compatible; PetalBot;+https://webmaster.petalsearch.com/site/petalbot)"
103.131.51.123 - - [15/Jan/2026:00:00:51 +0700] "POST /wp-cron.php?doing_wp_cron=1768410051.9125289916992187500000 HTTP/1.1" 200 474 "-" "WordPress/6.9; https://view.lotushomemade.com"
114.119.130.97 - - [15/Jan/2026:00:00:51 +0700] "GET /shop/page/9?orderby=price&per_page=8&stock_status=onsale HTTP/1.1" 301 567 "-" "Mozilla/5.0 (Linux; Android 7.0;) AppleWebKit/537.36 (KHTML, like Gecko) Mobile Safari/537.36 (compatible; PetalBot;+https://webmaster.petalsearch.com/site/petalbot)"
114.119.130.97 - - [15/Jan/2026:00:00:52 +0700] "GET /shop/page/9/?orderby=price&per_page=8&stock_status=onsale HTTP/1.1" 200 39211 "-" "Mozilla/5.0 (Linux; Android 7.0;) AppleWebKit/537.36 (KHTML, like Gecko) Mobile Safari/537.36 (compatible; PetalBot;+https://webmaster.petalsearch.com/site/petalbot)"
103.131.51.123 - - [15/Jan/2026:00:02:09 +0700] "POST /wp-cron.php?doing_wp_cron=1768410129.3610858917236328125000 HTTP/1.1" 200 474 "-" "WordPress/6.9; https://view.lotushomemade.com"
57.141.16.99 - - [15/Jan/2026:00:02:06 +0700] "GET /shop/page/1/?per_page=18 HTTP/2" 301 0 "-" "meta-externalagent/1.1 (+https://developers.facebook.com/docs/sharing/webmasters/crawler)"
114.119.145.110 - - [15/Jan/2026:00:02:15 +0700] "GET /shop/page/6/?orderby=price&stock_status=onsale&per_page=24 HTTP/1.1" 200 41844 "https://view.lotushomemade.com/shop/page/9?orderby=price&stock_status=onsale&per_page=24" "Mozilla/5.0 (Linux; Android 7.0;) AppleWebKit/537.36 (KHTML, like Gecko) Mobile Safari/537.36 (compatible; PetalBot;+https://webmaster.petalsearch.com/site/petalbot)"
103.131.51.123 - - [15/Jan/2026:00:03:42 +0700] "POST /wp-cron.php?doing_wp_cron=1768410222.5825819969177246093750 HTTP/1.1" 200 474 "-" "WordPress/6.9; https://view.lotushomemade.com"
114.119.150.215 - - [15/Jan/2026:00:03:38 +0700] "GET /shop/page/46/?max_price=1040&per_page=8&stock_status=onsale HTTP/1.1" 200 39425 "https://view.lotushomemade.com/shop/page/2/?max_price=1040&per_page=8&stock_status=onsale" "Mozilla/5.0 (Linux; Android 7.0;) AppleWebKit/537.36 (KHTML, like Gecko) Mobile Safari/537.36 (compatible; PetalBot;+https://webmaster.petalsearch.com/site/petalbot)"
103.131.51.123 - - [15/Jan/2026:00:05:05 +0700] "POST /wp-cron.php?doing_wp_cron=1768410305.8581280708312988281250 HTTP/1.1" 200 474 "-" "WordPress/6.9; https://view.lotushomemade.com"
114.119.142.208 - - [15/Jan/2026:00:05:03 +0700] "GET /shop/page/34?stock_status=instock&per_page=8&shop_view=grid&per_row=4 HTTP/1.1" 301 668 "-" "Mozilla/5.0 (Linux; Android 7.0;) AppleWebKit/537.36 (KHTML, like Gecko) Mobile Safari/537.36 (compatible; PetalBot;+https://webmaster.petalsearch.com/site/petalbot)"
114.119.142.208 - - [15/Jan/2026:00:05:06 +0700] "GET /shop/page/34/?stock_status=instock&per_page=8&shop_view=grid&per_row=4 HTTP/1.1" 200 39381 "-" "Mozilla/5.0 (Linux; Android 7.0;) AppleWebKit/537.36 (KHTML, like Gecko) Mobile Safari/537.36 (compatible; PetalBot;+https://webmaster.petalsearch.com/site/petalbot)"
103.131.51.123 - - [15/Jan/2026:00:06:28 +0700] "POST /wp-cron.php?doing_wp_cron=1768410388.8750898838043212890625 HTTP/1.1" 200 474 "-" "WordPress/6.9; https://view.lotushomemade.com"
114.119.150.215 - - [15/Jan/2026:00:06:26 +0700] "GET /shop/page/30?max_price=1040&per_row=2&shop_view=grid&stock_status=onsale HTTP/1.1" 301 626 "https://view.lotushomemade.com/shop/page/15/?max_price=1040&per_row=2&shop_view=grid&stock_status=onsale" "Mozilla/5.0 (Linux; Android 7.0;) AppleWebKit/537.36 (KHTML, like Gecko) Mobile Safari/537.36 (compatible; PetalBot;+https://webmaster.petalsearch.com/site/petalbot)"
114.119.150.215 - - [15/Jan/2026:00:06:29 +0700] "GET /shop/page/30/?max_price=1040&per_row=2&shop_view=grid&stock_status=onsale HTTP/1.1" 200 40290 "https://view.lotushomemade.com/shop/page/15/?max_price=1040&per_row=2&shop_view=grid&stock_status=onsale" "Mozilla/5.0 (Linux; Android 7.0;) AppleWebKit/537.36 (KHTML, like Gecko) Mobile Safari/537.36 (compatible; PetalBot;+https://webmaster.petalsearch.com/site/petalbot)"
103.131.51.123 - - [15/Jan/2026:00:07:54 +0700] "POST /wp-cron.php?doing_wp_cron=1768410474.8620600700378417968750 HTTP/1.1" 200 474 "-" "WordPress/6.9; https://view.lotushomemade.com"
114.119.156.27 - - [15/Jan/2026:00:07:50 +0700] "GET /shop/page/26/?max_price=780&per_row=4&per_page=8&shop_view=grid HTTP/1.1" 200 39525 "https://view.lotushomemade.com/shop/page/29/?max_price=780&per_row=4&per_page=8&shop_view=grid" "Mozilla/5.0 (Linux; Android 7.0;) AppleWebKit/537.36 (KHTML, like Gecko) Mobile Safari/537.36 (compatible; PetalBot;+https://webmaster.petalsearch.com/site/petalbot)"
57.141.16.90 - - [15/Jan/2026:00:07:53 +0700] "GET /shop/page/11/?stock_status=onsale&per_row=4&shop_view=grid&per_page=18 HTTP/2" 200 257638 "-" "meta-externalagent/1.1 (+https://developers.facebook.com/docs/sharing/webmasters/crawler)"
103.131.51.123 - - [15/Jan/2026:00:09:18 +0700] "POST /wp-cron.php?doing_wp_cron=1768410558.8152289390563964843750 HTTP/1.1" 200 474 "-" "WordPress/6.9; https://view.lotushomemade.com"
114.119.145.110 - - [15/Jan/2026:00:09:14 +0700] "GET /shop/page/25/?stock_status=onsale&per_page=8&shop_view=grid&per_row=6 HTTP/1.1" 200 39279 "https://view.lotushomemade.com/shop/page/23/?stock_status=onsale&per_page=8&shop_view=grid&per_row=6" "Mozilla/5.0 (Linux; Android 7.0;) AppleWebKit/537.36 (KHTML, like Gecko) Mobile Safari/537.36 (compatible; PetalBot;+https://webmaster.petalsearch.com/site/petalbot)"
103.131.51.123 - - [15/Jan/2026:00:10:03 +0700] "POST /wp-cron.php?doing_wp_cron=1768410603.9248681068420410156250 HTTP/1.1" 200 474 "-" "WordPress/6.9; https://view.lotushomemade.com"
181.44.125.33 - - [15/Jan/2026:00:10:01 +0700] "GET /product/banana-leaf-rice-cake-600g/?add-to-cart=8316 HTTP/1.1" 200 37914 "-" "Mozilla/5.0 (Android 12; Mobile; rv:15.0) Gecko/15.0 Firefox/15.0"
176.219.18.197 - - [15/Jan/2026:00:10:09 +0700] "GET /product/banana-leaf-rice-cake-600g/?add-to-cart=8316 HTTP/1.1" 200 37959 "-" "Mozilla/5.0 (Windows NT 5.2) AppleWebKit/534.2 (KHTML, like Gecko) Chrome/55.0.827.0 Safari/534.2"
103.131.51.123 - - [15/Jan/2026:00:10:38 +0700] "POST /wp-cron.php?doing_wp_cron=1768410638.3402540683746337890625 HTTP/1.1" 200 474 "-" "WordPress/6.9; https://view.lotushomemade.com"
114.119.148.197 - - [15/Jan/2026:00:10:36 +0700] "GET /shop/page/25/?stock_status=instock&per_row=6&shop_view=grid HTTP/1.1" 200 39995 "https://view.lotushomemade.com/shop/page/22/?stock_status=instock&per_row=6&shop_view=grid" "Mozilla/5.0 (Linux; Android 7.0;) AppleWebKit/537.36 (KHTML, like Gecko) Mobile Safari/537.36 (compatible; PetalBot;+https://webmaster.petalsearch.com/site/petalbot)"
103.131.51.123 - - [15/Jan/2026:00:12:07 +0700] "POST /wp-cron.php?doing_wp_cron=1768410727.9648799896240234375000 HTTP/1.1" 200 474 "-" "WordPress/6.9; https://view.lotushomemade.com"
114.119.130.97 - - [15/Jan/2026:00:12:03 +0700] "GET /shop/page/25/?per_row=6&per_page=8&shop_view=grid&stock_status=instock HTTP/1.1" 200 39260 "https://view.lotushomemade.com/shop/page/23/?per_row=6&per_page=8&shop_view=grid&stock_status=instock" "Mozilla/5.0 (Linux; Android 7.0;) AppleWebKit/537.36 (KHTML, like Gecko) Mobile Safari/537.36 (compatible; PetalBot;+https://webmaster.petalsearch.com/site/petalbot)"
103.131.51.123 - - [15/Jan/2026:00:13:29 +0700] "POST /wp-cron.php?doing_wp_cron=1768410809.4315280914306640625000 HTTP/1.1" 200 474 "-" "WordPress/6.9; https://view.lotushomemade.com"
114.119.151.206 - - [15/Jan/2026:00:13:24 +0700] "GET /shop/page/25/?per_page=12&stock_status=instock HTTP/1.1" 200 39940 "https://view.lotushomemade.com/shop/page/26/?per_page=12&stock_status=instock" "Mozilla/5.0 (Linux; Android 7.0;) AppleWebKit/537.36 (KHTML, like Gecko) Mobile Safari/537.36 (compatible; PetalBot;+https://webmaster.petalsearch.com/site/petalbot)"
52.167.144.211 - - [15/Jan/2026:00:13:55 +0700] "GET /wp-content/uploads/2023/10/PNEapple-Lotus.png HTTP/2" 200 18740 "-" "Mozilla/5.0 AppleWebKit/537.36 (KHTML, like Gecko; compatible; bingbot/2.0; +http://www.bing.com/bingbot.htm) Chrome/116.0.1938.76 Safari/537.36"
103.131.51.123 - - [15/Jan/2026:00:14:52 +0700] "POST /wp-cron.php?doing_wp_cron=1768410892.4798820018768310546875 HTTP/1.1" 200 474 "-" "WordPress/6.9; https://view.lotushomemade.com"
114.119.148.197 - - [15/Jan/2026:00:14:47 +0700] "GET /shop/page/25/?per_page=12&shop_view=grid&per_row=2 HTTP/1.1" 200 40045 "https://view.lotushomemade.com/shop/page/26/?per_page=12&shop_view=grid&per_row=2" "Mozilla/5.0 (Linux; Android 7.0;) AppleWebKit/537.36 (KHTML, like Gecko) Mobile Safari/537.36 (compatible; PetalBot;+https://webmaster.petalsearch.com/site/petalbot)"
103.131.51.123 - - [15/Jan/2026:00:16:19 +0700] "POST /wp-cron.php?doing_wp_cron=1768410979.6892910003662109375000 HTTP/1.1" 200 474 "-" "WordPress/6.9; https://view.lotushomemade.com"
114.119.151.206 - - [15/Jan/2026:00:16:15 +0700] "GET /shop/page/25/?orderby=price&stock_status=instock&shop_view=grid&per_row=2 HTTP/1.1" 200 40422 "https://view.lotushomemade.com/shop/page/27/?orderby=price&stock_status=instock&shop_view=grid&per_row=2" "Mozilla/5.0 (Linux; Android 7.0;) AppleWebKit/537.36 (KHTML, like Gecko) Mobile Safari/537.36 (compatible; PetalBot;+https://webmaster.petalsearch.com/site/petalbot)"
103.131.51.123 - - [15/Jan/2026:00:17:40 +0700] "POST /wp-cron.php?doing_wp_cron=1768411060.3979299068450927734375 HTTP/1.1" 200 474 "-" "WordPress/6.9; https://view.lotushomemade.com"
114.119.148.197 - - [15/Jan/2026:00:17:36 +0700] "GET /shop/page/25/?orderby=popularity&stock_status=instock&shop_view=grid&per_row=6 HTTP/1.1" 200 39675 "https://view.lotushomemade.com/shop/page/27/?orderby=popularity&stock_status=instock&shop_view=grid&per_row=6" "Mozilla/5.0 (Linux; Android 7.0;) AppleWebKit/537.36 (KHTML, like Gecko) Mobile Safari/537.36 (compatible; PetalBot;+https://webmaster.petalsearch.com/site/petalbot)"
103.131.51.123 - - [15/Jan/2026:00:19:02 +0700] "POST /wp-cron.php?doing_wp_cron=1768411142.2076070308685302734375 HTTP/1.1" 200 474 "-" "WordPress/6.9; https://view.lotushomemade.com"
114.119.150.215 - - [15/Jan/2026:00:18:57 +0700] "GET /shop/page/25/?orderby=date&stock_status=instock&shop_view=grid&per_row=6 HTTP/1.1" 200 39666 "https://view.lotushomemade.com/shop/page/26/?orderby=date&stock_status=instock&shop_view=grid&per_row=6" "Mozilla/5.0 (Linux; Android 7.0;) AppleWebKit/537.36 (KHTML, like Gecko) Mobile Safari/537.36 (compatible; PetalBot;+https://webmaster.petalsearch.com/site/petalbot)"
103.131.51.123 - - [15/Jan/2026:00:20:25 +0700] "POST /wp-cron.php?doing_wp_cron=1768411225.5679159164428710937500 HTTP/1.1" 200 474 "-" "WordPress/6.9; https://view.lotushomemade.com"
114.119.145.110 - - [15/Jan/2026:00:20:21 +0700] "GET /shop/page/25/?max_price=1050&per_row=6&shop_view=grid&per_page=8 HTTP/1.1" 200 39434 "https://view.lotushomemade.com/shop/page/26/?max_price=1050&per_row=6&shop_view=grid&per_page=8" "Mozilla/5.0 (Linux; Android 7.0;) AppleWebKit/537.36 (KHTML, like Gecko) Mobile Safari/537.36 (compatible; PetalBot;+https://webmaster.petalsearch.com/site/petalbot)"
103.131.51.123 - - [15/Jan/2026:00:21:49 +0700] "POST /wp-cron.php?doing_wp_cron=1768411309.7867200374603271484375 HTTP/1.1" 200 474 "-" "WordPress/6.9; https://view.lotushomemade.com"
114.119.149.78 - - [15/Jan/2026:00:21:45 +0700] "GET /shop/page/25/?max_price=1040&per_page=12&shop_view=grid&per_row=2 HTTP/1.1" 200 40239 "https://view.lotushomemade.com/shop/page/26/?max_price=1040&per_page=12&shop_view=grid&per_row=2" "Mozilla/5.0 (Linux; Android 7.0;) AppleWebKit/537.36 (KHTML, like Gecko) Mobile Safari/537.36 (compatible; PetalBot;+https://webmaster.petalsearch.com/site/petalbot)"
103.131.51.123 - - [15/Jan/2026:00:23:13 +0700] "POST /wp-cron.php?doing_wp_cron=1768411393.6809461116790771484375 HTTP/1.1" 200 474 "-" "WordPress/6.9; https://view.lotushomemade.com"
114.119.145.110 - - [15/Jan/2026:00:23:09 +0700] "GET /shop/page/24/?per_row=4&per_page=8&shop_view=grid HTTP/1.1" 200 39417 "https://view.lotushomemade.com/shop/page/26/?per_row=4&per_page=8&shop_view=grid" "Mozilla/5.0 (Linux; Android 7.0;) AppleWebKit/537.36 (KHTML, like Gecko) Mobile Safari/537.36 (compatible; PetalBot;+https://webmaster.petalsearch.com/site/petalbot)"
103.131.51.123 - - [15/Jan/2026:00:23:38 +0700] "POST /wp-cron.php?doing_wp_cron=1768411417.7782769203186035156250 HTTP/1.1" 200 474 "-" "WordPress/6.9; https://view.lotushomemade.com"
40.77.167.15 - - [15/Jan/2026:00:23:26 +0700] "GET /product/green-tea-german-butter-cookies-sg/ HTTP/2" 200 36206 "-" "Mozilla/5.0 AppleWebKit/537.36 (KHTML, like Gecko; compatible; bingbot/2.0; +http://www.bing.com/bingbot.htm) Chrome/116.0.1938.76 Safari/537.36"
114.119.149.78 - - [15/Jan/2026:00:24:33 +0700] "GET /shop/page/24/?orderby=price-desc&shop_view=grid&per_row=6 HTTP/1.1" 200 40193 "https://view.lotushomemade.com/shop/page/21/?orderby=price-desc&shop_view=grid&per_row=6" "Mozilla/5.0 (Linux; Android 7.0;) AppleWebKit/537.36 (KHTML, like Gecko) Mobile Safari/537.36 (compatible; PetalBot;+https://webmaster.petalsearch.com/site/petalbot)"
103.131.51.123 - - [15/Jan/2026:00:26:00 +0700] "POST /wp-cron.php?doing_wp_cron=1768411560.3264279365539550781250 HTTP/1.1" 200 474 "-" "WordPress/6.9; https://view.lotushomemade.com"
114.119.130.97 - - [15/Jan/2026:00:25:55 +0700] "GET /shop/page/24/?max_price=1050&per_row=4&shop_view=grid&stock_status=onsale HTTP/1.1" 200 40361 "https://view.lotushomemade.com/shop/page/21/?max_price=1050&per_row=4&shop_view=grid&stock_status=onsale" "Mozilla/5.0 (Linux; Android 7.0;) AppleWebKit/537.36 (KHTML, like Gecko) Mobile Safari/537.36 (compatible; PetalBot;+https://webmaster.petalsearch.com/site/petalbot)"
103.131.51.123 - - [15/Jan/2026:00:27:24 +0700] "POST /wp-cron.php?doing_wp_cron=1768411644.5779640674591064453125 HTTP/1.1" 200 474 "-" "WordPress/6.9; https://view.lotushomemade.com"
114.119.156.27 - - [15/Jan/2026:00:27:20 +0700] "GET /shop/page/23/?stock_status=onsale&per_row=6&shop_view=grid&per_page=12 HTTP/1.1" 200 40052 "https://view.lotushomemade.com/shop/page/20?stock_status=onsale&per_row=6&shop_view=grid&per_page=12" "Mozilla/5.0 (Linux; Android 7.0;) AppleWebKit/537.36 (KHTML, like Gecko) Mobile Safari/537.36 (compatible; PetalBot;+https://webmaster.petalsearch.com/site/petalbot)"
103.131.51.123 - - [15/Jan/2026:00:28:47 +0700] "POST /wp-cron.php?doing_wp_cron=1768411727.6707239151000976562500 HTTP/1.1" 200 474 "-" "WordPress/6.9; https://view.lotushomemade.com"
114.119.130.97 - - [15/Jan/2026:00:28:43 +0700] "GET /shop/page/23/?orderby=price-desc&stock_status=onsale&per_row=6&shop_view=grid HTTP/1.1" 200 40560 "https://view.lotushomemade.com/shop/page/20?orderby=price-desc&stock_status=onsale&per_row=6&shop_view=grid" "Mozilla/5.0 (Linux; Android 7.0;) AppleWebKit/537.36 (KHTML, like Gecko) Mobile Safari/537.36 (compatible; PetalBot;+https://webmaster.petalsearch.com/site/petalbot)"
57.141.16.66 - - [15/Jan/2026:00:29:23 +0700] "GET /shop/page/14/?per_row=4&shop_view=grid&per_page=12 HTTP/2" 200 243349 "-" "meta-externalagent/1.1 (+https://developers.facebook.com/docs/sharing/webmasters/crawler)"
103.131.51.123 - - [15/Jan/2026:00:30:08 +0700] "POST /wp-cron.php?doing_wp_cron=1768411808.6840789318084716796875 HTTP/1.1" 200 474 "-" "WordPress/6.9; https://view.lotushomemade.com"
114.119.145.110 - - [15/Jan/2026:00:30:06 +0700] "GET /shop/page/23/?orderby=popularity&per_row=2&shop_view=grid&stock_status=onsale HTTP/1.1" 200 39536 "https://view.lotushomemade.com/shop/page/20/?orderby=popularity&per_row=2&shop_view=grid&stock_status=onsale" "Mozilla/5.0 (Linux; Android 7.0;) AppleWebKit/537.36 (KHTML, like Gecko) Mobile Safari/537.36 (compatible; PetalBot;+https://webmaster.petalsearch.com/site/petalbot)"
57.141.16.34 - - [15/Jan/2026:00:30:23 +0700] "GET /product-category/traditional-cookies-series/page/12/?per_row=2&per_page=8&shop_view=grid HTTP/2" 200 231112 "-" "meta-externalagent/1.1 (+https://developers.facebook.com/docs/sharing/webmasters/crawler)"
103.131.51.123 - - [15/Jan/2026:00:30:34 +0700] "POST /wp-cron.php?doing_wp_cron=1768411834.2913389205932617187500 HTTP/1.1" 200 474 "-" "WordPress/6.9; https://view.lotushomemade.com"
57.141.16.14 - - [15/Jan/2026:00:30:31 +0700] "GET /product-category/crispy-snack-series/page/8/?per_page=8&stock_status=instock%2Consale HTTP/2" 200 227324 "-" "meta-externalagent/1.1 (+https://developers.facebook.com/docs/sharing/webmasters/crawler)"
151.229.107.128 - - [15/Jan/2026:00:31:08 +0700] "GET /product/honey-bahulu_ms3000-cp/?add-to-cart=8427 HTTP/1.1" 200 38422 "-" "Opera/8.82.(X11; Linux x86_64; en-ZW) Presto/2.9.177 Version/11.00"
114.119.149.78 - - [15/Jan/2026:00:31:30 +0700] "GET /shop/page/23/?orderby=date&per_row=4&shop_view=grid&stock_status=onsale HTTP/1.1" 200 39523 "https://view.lotushomemade.com/shop/page/22/?orderby=date&per_row=4&shop_view=grid&stock_status=onsale" "Mozilla/5.0 (Linux; Android 7.0;) AppleWebKit/537.36 (KHTML, like Gecko) Mobile Safari/537.36 (compatible; PetalBot;+https://webmaster.petalsearch.com/site/petalbot)"
103.131.51.123 - - [15/Jan/2026:00:32:58 +0700] "POST /wp-cron.php?doing_wp_cron=1768411978.7823441028594970703125 HTTP/1.1" 200 474 "-" "WordPress/6.9; https://view.lotushomemade.com"
114.119.148.197 - - [15/Jan/2026:00:32:53 +0700] "GET /shop/page/23/?min_price=0&stock_status=instock&shop_view=grid&per_row=2 HTTP/1.1" 200 40014 "https://view.lotushomemade.com/shop/page/25/?min_price=0&stock_status=instock&shop_view=grid&per_row=2" "Mozilla/5.0 (Linux; Android 7.0;) AppleWebKit/537.36 (KHTML, like Gecko) Mobile Safari/537.36 (compatible; PetalBot;+https://webmaster.petalsearch.com/site/petalbot)"
103.131.51.123 - - [15/Jan/2026:00:34:23 +0700] "POST /wp-cron.php?doing_wp_cron=1768412063.4286389350891113281250 HTTP/1.1" 200 474 "-" "WordPress/6.9; https://view.lotushomemade.com"
114.119.142.208 - - [15/Jan/2026:00:34:18 +0700] "GET /shop/page/23/?max_price=520&per_page=12 HTTP/1.1" 200 40046 "https://view.lotushomemade.com/shop/page/24/?max_price=520&per_page=12" "Mozilla/5.0 (Linux; Android 7.0;) AppleWebKit/537.36 (KHTML, like Gecko) Mobile Safari/537.36 (compatible; PetalBot;+https://webmaster.petalsearch.com/site/petalbot)"
103.131.51.123 - - [15/Jan/2026:00:35:00 +0700] "POST /wp-cron.php?doing_wp_cron=1768412100.8639390468597412109375 HTTP/1.1" 200 474 "-" "WordPress/6.9; https://view.lotushomemade.com"
57.141.16.6 - - [15/Jan/2026:00:34:59 +0700] "GET /product-category/kuih-kapit-series/page/2/?per_page=18&shop_view=grid&per_row=4 HTTP/2" 200 264215 "-" "meta-externalagent/1.1 (+https://developers.facebook.com/docs/sharing/webmasters/crawler)"
103.131.51.123 - - [15/Jan/2026:00:35:43 +0700] "POST /wp-cron.php?doing_wp_cron=1768412143.0725440979003906250000 HTTP/1.1" 200 474 "-" "WordPress/6.9; https://view.lotushomemade.com"
114.119.145.110 - - [15/Jan/2026:00:35:41 +0700] "GET /shop/page/23/?max_price=1040&stock_status=instock&per_page=12 HTTP/1.1" 200 40125 "https://view.lotushomemade.com/shop/page/22/?max_price=1040&stock_status=instock&per_page=12" "Mozilla/5.0 (Linux; Android 7.0;) AppleWebKit/537.36 (KHTML, like Gecko) Mobile Safari/537.36 (compatible; PetalBot;+https://webmaster.petalsearch.com/site/petalbot)"
40.77.167.43 - - [15/Jan/2026:00:36:54 +0700] "GET /wp-content/uploads/2023/11/2063-300x300.png HTTP/2" 200 142954 "-" "Mozilla/5.0 AppleWebKit/537.36 (KHTML, like Gecko; compatible; bingbot/2.0; +http://www.bing.com/bingbot.htm) Chrome/116.0.1938.76 Safari/537.36"
103.131.51.123 - - [15/Jan/2026:00:37:08 +0700] "POST /wp-cron.php?doing_wp_cron=1768412228.4733591079711914062500 HTTP/1.1" 200 474 "-" "WordPress/6.9; https://view.lotushomemade.com"
114.119.148.197 - - [15/Jan/2026:00:37:05 +0700] "GET /shop/page/22?max_price=520&stock_status=instock&per_page=18 HTTP/1.1" 301 571 "https://view.lotushomemade.com/shop/page/9?max_price=520&stock_status=instock&per_page=18" "Mozilla/5.0 (Linux; Android 7.0;) AppleWebKit/537.36 (KHTML, like Gecko) Mobile Safari/537.36 (compatible; PetalBot;+https://webmaster.petalsearch.com/site/petalbot)"
114.119.148.197 - - [15/Jan/2026:00:37:09 +0700] "GET /shop/page/22/?max_price=520&stock_status=instock&per_page=18 HTTP/1.1" 200 38809 "https://view.lotushomemade.com/shop/page/9?max_price=520&stock_status=instock&per_page=18" "Mozilla/5.0 (Linux; Android 7.0;) AppleWebKit/537.36 (KHTML, like Gecko) Mobile Safari/537.36 (compatible; PetalBot;+https://webmaster.petalsearch.com/site/petalbot)"
103.131.51.123 - - [15/Jan/2026:00:38:32 +0700] "POST /wp-cron.php?doing_wp_cron=1768412312.8361129760742187500000 HTTP/1.1" 200 474 "-" "WordPress/6.9; https://view.lotushomemade.com"
114.119.148.197 - - [15/Jan/2026:00:38:28 +0700] "GET /shop/page/22/?stock_status=onsale&per_row=2&per_page=8&shop_view=grid HTTP/1.1" 200 39399 "https://view.lotushomemade.com/shop/page/24/?stock_status=onsale&per_row=2&per_page=8&shop_view=grid" "Mozilla/5.0 (Linux; Android 7.0;) AppleWebKit/537.36 (KHTML, like Gecko) Mobile Safari/537.36 (compatible; PetalBot;+https://webmaster.petalsearch.com/site/petalbot)"
57.141.16.69 - - [15/Jan/2026:00:39:14 +0700] "GET /product-category/traditional-cookies-series/page/6/?stock_status=onsale&per_row=6&per_page=8&shop_view=grid HTTP/2" 200 232281 "-" "meta-externalagent/1.1 (+https://developers.facebook.com/docs/sharing/webmasters/crawler)"
103.131.51.123 - - [15/Jan/2026:00:39:44 +0700] "POST /wp-cron.php?doing_wp_cron=1768412384.1150970458984375000000 HTTP/1.1" 200 474 "-" "WordPress/6.9; https://view.lotushomemade.com"
78.164.52.219 - - [15/Jan/2026:00:39:42 +0700] "GET /product/red-velvet-almond-flake-s/?add-to-cart=8665 HTTP/1.1" 200 38415 "-" "Mozilla/5.0 (iPod; U; CPU iPhone OS 4_3 like Mac OS X; ml-IN) AppleWebKit/535.28.7 (KHTML, like Gecko) Version/3.0.5 Mobile/8B116 Safari/6535.28.7"
114.119.130.97 - - [15/Jan/2026:00:39:53 +0700] "GET /shop/page/22/?shop_view=grid&per_row=6 HTTP/1.1" 200 39960 "https://view.lotushomemade.com/shop/page/23/?shop_view=grid&per_row=6" "Mozilla/5.0 (Linux; Android 7.0;) AppleWebKit/537.36 (KHTML, like Gecko) Mobile Safari/537.36 (compatible; PetalBot;+https://webmaster.petalsearch.com/site/petalbot)"
103.131.51.123 - - [15/Jan/2026:00:40:50 +0700] "POST /wp-cron.php?doing_wp_cron=1768412449.8761410713195800781250 HTTP/1.1" 200 474 "-" "WordPress/6.9; https://view.lotushomemade.com"
57.141.16.27 - - [15/Jan/2026:00:40:47 +0700] "GET /product-category/traditional-cookies-series/100-vegan-traditional-cookies-series/?stock_status=instock&per_page=8 HTTP/2" 200 241370 "-" "meta-externalagent/1.1 (+https://developers.facebook.com/docs/sharing/webmasters/crawler)"
114.119.148.197 - - [15/Jan/2026:00:41:17 +0700] "GET /shop/page/22/?orderby=rating&per_row=6&per_page=8&shop_view=grid HTTP/1.1" 200 39461 "https://view.lotushomemade.com/shop/page/25/?orderby=rating&per_row=6&per_page=8&shop_view=grid" "Mozilla/5.0 (Linux; Android 7.0;) AppleWebKit/537.36 (KHTML, like Gecko) Mobile Safari/537.36 (compatible; PetalBot;+https://webmaster.petalsearch.com/site/petalbot)"
103.131.51.123 - - [15/Jan/2026:00:41:34 +0700] "POST /wp-cron.php?doing_wp_cron=1768412494.8281810283660888671875 HTTP/1.1" 200 474 "-" "WordPress/6.9; https://view.lotushomemade.com"
57.141.16.3 - - [15/Jan/2026:00:41:32 +0700] "GET /shop/page/13/?per_row=6&shop_view=grid&stock_status=onsale HTTP/2" 200 241995 "-" "meta-externalagent/1.1 (+https://developers.facebook.com/docs/sharing/webmasters/crawler)"
103.131.51.123 - - [15/Jan/2026:00:42:46 +0700] "POST /wp-cron.php?doing_wp_cron=1768412566.4678170680999755859375 HTTP/1.1" 200 474 "-" "WordPress/6.9; https://view.lotushomemade.com"
114.119.151.206 - - [15/Jan/2026:00:42:44 +0700] "GET /shop/page/22/?orderby=price&stock_status=instock&shop_view=grid&per_row=2 HTTP/1.1" 200 40300 "https://view.lotushomemade.com/shop/page/21/?orderby=price&stock_status=instock&shop_view=grid&per_row=2" "Mozilla/5.0 (Linux; Android 7.0;) AppleWebKit/537.36 (KHTML, like Gecko) Mobile Safari/537.36 (compatible; PetalBot;+https://webmaster.petalsearch.com/site/petalbot)"
57.141.16.20 - - [15/Jan/2026:00:43:30 +0700] "GET /product-category/traditional-cookies-series/page/12/?stock_status=onsale&per_row=2&shop_view=grid&per_page=8 HTTP/2" 200 231793 "-" "meta-externalagent/1.1 (+https://developers.facebook.com/docs/sharing/webmasters/crawler)"
103.131.51.123 - - [15/Jan/2026:00:44:06 +0700] "POST /wp-cron.php?doing_wp_cron=1768412645.4003450870513916015625 HTTP/1.1" 200 474 "-" "WordPress/6.9; https://view.lotushomemade.com"
114.119.145.110 - - [15/Jan/2026:00:44:03 +0700] "GET /shop/page/22/?orderby=popularity&per_page=18&shop_view=grid&per_row=6 HTTP/1.1" 200 39346 "https://view.lotushomemade.com/shop/page/4/?orderby=popularity&per_page=18&shop_view=grid&per_row=6" "Mozilla/5.0 (Linux; Android 7.0;) AppleWebKit/537.36 (KHTML, like Gecko) Mobile Safari/537.36 (compatible; PetalBot;+https://webmaster.petalsearch.com/site/petalbot)"
103.131.51.123 - - [15/Jan/2026:00:45:31 +0700] "POST /wp-cron.php?doing_wp_cron=1768412731.0782330036163330078125 HTTP/1.1" 200 474 "-" "WordPress/6.9; https://view.lotushomemade.com"
114.119.145.110 - - [15/Jan/2026:00:45:26 +0700] "GET /shop/page/22/?orderby=date&stock_status=onsale HTTP/1.1" 200 39382 "https://view.lotushomemade.com/shop/page/25/?orderby=date&stock_status=onsale" "Mozilla/5.0 (Linux; Android 7.0;) AppleWebKit/537.36 (KHTML, like Gecko) Mobile Safari/537.36 (compatible; PetalBot;+https://webmaster.petalsearch.com/site/petalbot)"
103.131.51.123 - - [15/Jan/2026:00:46:55 +0700] "POST /wp-cron.php?doing_wp_cron=1768412815.5140480995178222656250 HTTP/1.1" 200 474 "-" "WordPress/6.9; https://view.lotushomemade.com"
114.119.142.208 - - [15/Jan/2026:00:46:51 +0700] "GET /shop/page/22/?orderby=date&per_row=2&per_page=18&shop_view=grid HTTP/1.1" 200 38932 "https://view.lotushomemade.com/shop/page/21?orderby=date&per_row=2&per_page=18&shop_view=grid" "Mozilla/5.0 (Linux; Android 7.0;) AppleWebKit/537.36 (KHTML, like Gecko) Mobile Safari/537.36 (compatible; PetalBot;+https://webmaster.petalsearch.com/site/petalbot)"
103.131.51.123 - - [15/Jan/2026:00:48:18 +0700] "POST /wp-cron.php?doing_wp_cron=1768412898.1898739337921142578125 HTTP/1.1" 200 474 "-" "WordPress/6.9; https://view.lotushomemade.com"
114.119.130.97 - - [15/Jan/2026:00:48:14 +0700] "GET /shop/page/22/?min_price=0&per_row=6&per_page=18&shop_view=grid HTTP/1.1" 200 38900 "https://view.lotushomemade.com/shop/page/8/?min_price=0&per_row=6&per_page=18&shop_view=grid" "Mozilla/5.0 (Linux; Android 7.0;) AppleWebKit/537.36 (KHTML, like Gecko) Mobile Safari/537.36 (compatible; PetalBot;+https://webmaster.petalsearch.com/site/petalbot)"
103.131.51.123 - - [15/Jan/2026:00:49:07 +0700] "POST /wp-cron.php?doing_wp_cron=1768412947.6998000144958496093750 HTTP/1.1" 200 474 "-" "WordPress/6.9; https://view.lotushomemade.com"
57.141.16.64 - - [15/Jan/2026:00:49:05 +0700] "GET /shop/page/11/?add-to-cart=17128 HTTP/2" 200 239673 "-" "meta-externalagent/1.1 (+https://developers.facebook.com/docs/sharing/webmasters/crawler)"
103.131.51.123 - - [15/Jan/2026:00:49:40 +0700] "POST /wp-cron.php?doing_wp_cron=1768412980.3421530723571777343750 HTTP/1.1" 200 474 "-" "WordPress/6.9; https://view.lotushomemade.com"
114.119.145.110 - - [15/Jan/2026:00:49:38 +0700] "GET /shop/page/22/?max_price=1050&per_row=2&per_page=18&shop_view=grid HTTP/1.1" 200 39117 "https://view.lotushomemade.com/shop/page/18?max_price=1050&per_row=2&per_page=18&shop_view=grid" "Mozilla/5.0 (Linux; Android 7.0;) AppleWebKit/537.36 (KHTML, like Gecko) Mobile Safari/537.36 (compatible; PetalBot;+https://webmaster.petalsearch.com/site/petalbot)"
192.140.117.70 - - [15/Jan/2026:00:49:51 +0700] "GET /product/honey-bahulu_ms3000-cp/?add-to-cart=8352 HTTP/1.1" 200 38413 "-" "Opera/9.87.(Windows NT 4.0; sw-TZ) Presto/2.9.175 Version/11.00"
103.131.51.123 - - [15/Jan/2026:00:51:04 +0700] "POST /wp-cron.php?doing_wp_cron=1768413064.3339788913726806640625 HTTP/1.1" 200 474 "-" "WordPress/6.9; https://view.lotushomemade.com"
114.119.151.206 - - [15/Jan/2026:00:51:02 +0700] "GET /shop/page/21/?stock_status=onsale&per_row=6&shop_view=grid&per_page=12 HTTP/1.1" 200 40597 "https://view.lotushomemade.com/shop/page/18?stock_status=onsale&per_row=6&shop_view=grid&per_page=12" "Mozilla/5.0 (Linux; Android 7.0;) AppleWebKit/537.36 (KHTML, like Gecko) Mobile Safari/537.36 (compatible; PetalBot;+https://webmaster.petalsearch.com/site/petalbot)"
103.131.51.123 - - [15/Jan/2026:00:52:32 +0700] "POST /wp-cron.php?doing_wp_cron=1768413152.1182270050048828125000 HTTP/1.1" 200 474 "-" "WordPress/6.9; https://view.lotushomemade.com"
114.119.145.110 - - [15/Jan/2026:00:52:27 +0700] "GET /shop/page/21/?stock_status=onsale&per_row=6&per_page=8&shop_view=grid HTTP/1.1" 200 39465 "https://view.lotushomemade.com/shop/page/22/?stock_status=onsale&per_row=6&per_page=8&shop_view=grid" "Mozilla/5.0 (Linux; Android 7.0;) AppleWebKit/537.36 (KHTML, like Gecko) Mobile Safari/537.36 (compatible; PetalBot;+https://webmaster.petalsearch.com/site/petalbot)"
103.131.51.123 - - [15/Jan/2026:00:53:53 +0700] "POST /wp-cron.php?doing_wp_cron=1768413233.2810370922088623046875 HTTP/1.1" 200 474 "-" "WordPress/6.9; https://view.lotushomemade.com"
114.119.156.27 - - [15/Jan/2026:00:53:49 +0700] "GET /shop/page/21/?stock_status=instock&per_row=2&per_page=12&shop_view=grid HTTP/1.1" 200 40551 "https://view.lotushomemade.com/shop/page/22/?stock_status=instock&per_row=2&per_page=12&shop_view=grid" "Mozilla/5.0 (Linux; Android 7.0;) AppleWebKit/537.36 (KHTML, like Gecko) Mobile Safari/537.36 (compatible; PetalBot;+https://webmaster.petalsearch.com/site/petalbot)"
51.179.122.115 - - [15/Jan/2026:00:53:54 +0700] "GET /product/banana-leaf-rice-cake-1200g/?add-to-cart=8330 HTTP/1.1" 200 37868 "-" "Mozilla/5.0 (Macintosh; U; Intel Mac OS X 10_8_8 rv:2.0; wa-BE) AppleWebKit/532.31.6 (KHTML, like Gecko) Version/4.0.3 Safari/532.31.6"
103.131.51.123 - - [15/Jan/2026:00:55:17 +0700] "POST /wp-cron.php?doing_wp_cron=1768413317.8481829166412353515625 HTTP/1.1" 200 474 "-" "WordPress/6.9; https://view.lotushomemade.com"
114.119.151.206 - - [15/Jan/2026:00:55:13 +0700] "GET /shop/page/21/?per_row=6&shop_view=grid&per_page=12 HTTP/1.1" 200 40529 "https://view.lotushomemade.com/shop/page/23/?per_row=6&shop_view=grid&per_page=12" "Mozilla/5.0 (Linux; Android 7.0;) AppleWebKit/537.36 (KHTML, like Gecko) Mobile Safari/537.36 (compatible; PetalBot;+https://webmaster.petalsearch.com/site/petalbot)"
103.131.51.123 - - [15/Jan/2026:00:55:43 +0700] "POST /wp-cron.php?doing_wp_cron=1768413343.3696949481964111328125 HTTP/1.1" 200 474 "-" "WordPress/6.9; https://view.lotushomemade.com"
171.226.171.222 - - [15/Jan/2026:00:55:41 +0700] "GET /product/cappucino-cheese-cookies_8080-s/?add-to-cart=8652 HTTP/1.1" 200 38147 "-" "Mozilla/5.0 (iPod; U; CPU iPhone OS 3_2 like Mac OS X; vi-VN) AppleWebKit/535.23.2 (KHTML, like Gecko) Version/4.0.5 Mobile/8B116 Safari/6535.23.2"
103.131.51.123 - - [15/Jan/2026:00:56:39 +0700] "POST /wp-cron.php?doing_wp_cron=1768413399.4403300285339355468750 HTTP/1.1" 200 474 "-" "WordPress/6.9; https://view.lotushomemade.com"
114.119.148.197 - - [15/Jan/2026:00:56:37 +0700] "GET /shop/page/21/?per_row=6&per_page=18&shop_view=grid HTTP/1.1" 200 41317 "https://view.lotushomemade.com/shop/page/19/?per_row=6&per_page=18&shop_view=grid" "Mozilla/5.0 (Linux; Android 7.0;) AppleWebKit/537.36 (KHTML, like Gecko) Mobile Safari/537.36 (compatible; PetalBot;+https://webmaster.petalsearch.com/site/petalbot)"
57.141.16.72 - - [15/Jan/2026:00:57:10 +0700] "GET /shop/page/10/?stock_status=instock%2Consale&per_page=18 HTTP/2" 200 259162 "-" "meta-externalagent/1.1 (+https://developers.facebook.com/docs/sharing/webmasters/crawler)"
103.131.51.123 - - [15/Jan/2026:00:58:04 +0700] "POST /wp-cron.php?doing_wp_cron=1768413484.8680539131164550781250 HTTP/1.1" 200 474 "-" "WordPress/6.9; https://view.lotushomemade.com"
114.119.145.110 - - [15/Jan/2026:00:58:03 +0700] "GET /shop/page/21/?orderby=rating&shop_view=grid&per_row=6 HTTP/1.1" 200 39418 "https://view.lotushomemade.com/shop/page/19/?orderby=rating&shop_view=grid&per_row=6" "Mozilla/5.0 (Linux; Android 7.0;) AppleWebKit/537.36 (KHTML, like Gecko) Mobile Safari/537.36 (compatible; PetalBot;+https://webmaster.petalsearch.com/site/petalbot)"
207.46.13.154 - - [15/Jan/2026:00:58:21 +0700] "GET /wp-content/uploads/2023/11/2031-N-430x430.png HTTP/2" 200 303749 "-" "Mozilla/5.0 AppleWebKit/537.36 (KHTML, like Gecko; compatible; bingbot/2.0; +http://www.bing.com/bingbot.htm) Chrome/116.0.1938.76 Safari/537.36"
103.131.51.123 - - [15/Jan/2026:00:59:30 +0700] "POST /wp-cron.php?doing_wp_cron=1768413570.4884340763092041015625 HTTP/1.1" 200 474 "-" "WordPress/6.9; https://view.lotushomemade.com"
114.119.142.208 - - [15/Jan/2026:00:59:25 +0700] "GET /shop/page/21/?max_price=520&per_row=6&per_page=8&shop_view=grid HTTP/1.1" 200 39718 "https://view.lotushomemade.com/shop/page/24/?max_price=520&per_row=6&per_page=8&shop_view=grid" "Mozilla/5.0 (Linux; Android 7.0;) AppleWebKit/537.36 (KHTML, like Gecko) Mobile Safari/537.36 (compatible; PetalBot;+https://webmaster.petalsearch.com/site/petalbot)"
103.131.51.123 - - [15/Jan/2026:01:00:51 +0700] "POST /wp-cron.php?doing_wp_cron=1768413651.7622599601745605468750 HTTP/1.1" 200 474 "-" "WordPress/6.9; https://view.lotushomemade.com"
114.119.150.215 - - [15/Jan/2026:01:00:48 +0700] "GET /shop/page/20?orderby=price-desc&per_row=2&per_page=12&shop_view=grid HTTP/1.1" 301 668 "https://view.lotushomemade.com/shop/page/18/?orderby=price-desc&per_row=2&per_page=12&shop_view=grid" "Mozilla/5.0 (Linux; Android 7.0;) AppleWebKit/537.36 (KHTML, like Gecko) Mobile Safari/537.36 (compatible; PetalBot;+https://webmaster.petalsearch.com/site/petalbot)"
