114.119.148.197 - - [15/Jan/2026:02:03:32 +0700] "GET /shop/page/3/?orderby=rating&per_row=4&shop_view=grid&per_page=24 HTTP/1.1" 200 42166 "https://view.lotushomemade.com/shop/page/14/?orderby=rating&per_row=4&shop_view=grid&per_page=24" "Mozilla/5.0 (Linux; Android 7.0;) AppleWebKit/537.36 (KHTML, like Gecko) Mobile Safari/537.36 (compatible; PetalBot;+https://webmaster.petalsearch.com/site/petalbot)"
57.141.16.90 - - [15/Jan/2026:02:03:31 +0700] "GET /product-category/traditional-cookies-series/page/20/?stock_status=instock%2Consale&per_page=8 HTTP/2" 200 214296 "-" "meta-externalagent/1.1 (+https://developers.facebook.com/docs/sharing/webmasters/crawler)"
103.131.51.123 - - [15/Jan/2026:02:04:57 +0700] "POST /wp-cron.php?doing_wp_cron=1768417497.6722810268402099609375 HTTP/1.1" 200 474 "-" "WordPress/6.9; https://view.lotushomemade.com"
114.119.151.206 - - [15/Jan/2026:02:04:54 +0700] "GET /shop/page/3?orderby=rating&per_page=12&stock_status=instock,onsale HTTP/1.1" 301 580 "https://view.lotushomemade.com/shop/?orderby=rating&per_page=12&stock_status=instock%2Consale" "Mozilla/5.0 (Linux; Android 7.0;) AppleWebKit/537.36 (KHTML, like Gecko) Mobile Safari/537.36 (compatible; PetalBot;+https://webmaster.petalsearch.com/site/petalbot)"
114.119.151.206 - - [15/Jan/2026:02:04:58 +0700] "GET /shop/page/3/?orderby=rating&per_page=12&stock_status=instock,onsale HTTP/1.1" 301 580 "https://view.lotushomemade.com/shop/?orderby=rating&per_page=12&stock_status=instock%2Consale" "Mozilla/5.0 (Linux; Android 7.0;) AppleWebKit/537.36 (KHTML, like Gecko) Mobile Safari/537.36 (compatible; PetalBot;+https://webmaster.petalsearch.com/site/petalbot)"
114.119.151.206 - - [15/Jan/2026:02:04:59 +0700] "GET /shop/page/3/?orderby=rating&per_page=12&stock_status=instock,onsale HTTP/1.1" 301 580 "https://view.lotushomemade.com/shop/?orderby=rating&per_page=12&stock_status=instock%2Consale" "Mozilla/5.0 (Linux; Android 7.0;) AppleWebKit/537.36 (KHTML, like Gecko) Mobile Safari/537.36 (compatible; PetalBot;+https://webmaster.petalsearch.com/site/petalbot)"
114.119.151.206 - - [15/Jan/2026:02:04:59 +0700] "GET /shop/page/3/?orderby=rating&per_page=12&stock_status=instock,onsale HTTP/1.1" 301 580 "https://view.lotushomemade.com/shop/?orderby=rating&per_page=12&stock_status=instock%2Consale" "Mozilla/5.0 (Linux; Android 7.0;) AppleWebKit/537.36 (KHTML, like Gecko) Mobile Safari/537.36 (compatible; PetalBot;+https://webmaster.petalsearch.com/site/petalbot)"
114.119.151.206 - - [15/Jan/2026:02:05:00 +0700] "GET /shop/page/3/?orderby=rating&per_page=12&stock_status=instock,onsale HTTP/1.1" 301 580 "https://view.lotushomemade.com/shop/?orderby=rating&per_page=12&stock_status=instock%2Consale" "Mozilla/5.0 (Linux; Android 7.0;) AppleWebKit/537.36 (KHTML, like Gecko) Mobile Safari/537.36 (compatible; PetalBot;+https://webmaster.petalsearch.com/site/petalbot)"
114.119.151.206 - - [15/Jan/2026:02:05:00 +0700] "GET /shop/page/3/?orderby=rating&per_page=12&stock_status=instock,onsale HTTP/1.1" 301 580 "https://view.lotushomemade.com/shop/?orderby=rating&per_page=12&stock_status=instock%2Consale" "Mozilla/5.0 (Linux; Android 7.0;) AppleWebKit/537.36 (KHTML, like Gecko) Mobile Safari/537.36 (compatible; PetalBot;+https://webmaster.petalsearch.com/site/petalbot)"
114.119.151.206 - - [15/Jan/2026:02:05:01 +0700] "GET /shop/page/3/?orderby=rating&per_page=12&stock_status=instock,onsale HTTP/1.1" 301 580 "https://view.lotushomemade.com/shop/?orderby=rating&per_page=12&stock_status=instock%2Consale" "Mozilla/5.0 (Linux; Android 7.0;) AppleWebKit/537.36 (KHTML, like Gecko) Mobile Safari/537.36 (compatible; PetalBot;+https://webmaster.petalsearch.com/site/petalbot)"
114.119.151.206 - - [15/Jan/2026:02:05:02 +0700] "GET /shop/page/3/?orderby=rating&per_page=12&stock_status=instock,onsale HTTP/1.1" 301 580 "https://view.lotushomemade.com/shop/?orderby=rating&per_page=12&stock_status=instock%2Consale" "Mozilla/5.0 (Linux; Android 7.0;) AppleWebKit/537.36 (KHTML, like Gecko) Mobile Safari/537.36 (compatible; PetalBot;+https://webmaster.petalsearch.com/site/petalbot)"
114.119.151.206 - - [15/Jan/2026:02:05:03 +0700] "GET /shop/page/3/?orderby=rating&per_page=12&stock_status=instock,onsale HTTP/1.1" 301 580 "https://view.lotushomemade.com/shop/?orderby=rating&per_page=12&stock_status=instock%2Consale" "Mozilla/5.0 (Linux; Android 7.0;) AppleWebKit/537.36 (KHTML, like Gecko) Mobile Safari/537.36 (compatible; PetalBot;+https://webmaster.petalsearch.com/site/petalbot)"
114.119.151.206 - - [15/Jan/2026:02:05:04 +0700] "GET /shop/page/3/?orderby=rating&per_page=12&stock_status=instock,onsale HTTP/1.1" 301 580 "https://view.lotushomemade.com/shop/?orderby=rating&per_page=12&stock_status=instock%2Consale" "Mozilla/5.0 (Linux; Android 7.0;) AppleWebKit/537.36 (KHTML, like Gecko) Mobile Safari/537.36 (compatible; PetalBot;+https://webmaster.petalsearch.com/site/petalbot)"
103.131.51.123 - - [15/Jan/2026:02:06:26 +0700] "POST /wp-cron.php?doing_wp_cron=1768417586.0498900413513183593750 HTTP/1.1" 200 474 "-" "WordPress/6.9; https://view.lotushomemade.com"
114.119.148.197 - - [15/Jan/2026:02:06:23 +0700] "GET /shop/page/31?max_price=1050&shop_view=grid&per_row=4 HTTP/1.1" 301 606 "https://view.lotushomemade.com/shop/page/9?max_price=1050&shop_view=grid&per_row=4" "Mozilla/5.0 (Linux; Android 7.0;) AppleWebKit/537.36 (KHTML, like Gecko) Mobile Safari/537.36 (compatible; PetalBot;+https://webmaster.petalsearch.com/site/petalbot)"
103.131.51.123 - - [15/Jan/2026:02:06:29 +0700] "POST /wp-cron.php?doing_wp_cron=1768417589.2967679500579833984375 HTTP/1.1" 200 474 "-" "WordPress/6.9; https://view.lotushomemade.com"
114.119.148.197 - - [15/Jan/2026:02:06:27 +0700] "GET /shop/page/31/?max_price=1050&shop_view=grid&per_row=4 HTTP/1.1" 200 40225 "https://view.lotushomemade.com/shop/page/9?max_price=1050&shop_view=grid&per_row=4" "Mozilla/5.0 (Linux; Android 7.0;) AppleWebKit/537.36 (KHTML, like Gecko) Mobile Safari/537.36 (compatible; PetalBot;+https://webmaster.petalsearch.com/site/petalbot)"
103.131.51.123 - - [15/Jan/2026:02:06:37 +0700] "POST /wp-cron.php?doing_wp_cron=1768417597.7751801013946533203125 HTTP/1.1" 200 474 "-" "WordPress/6.9; https://view.lotushomemade.com"
57.141.16.40 - - [15/Jan/2026:02:06:36 +0700] "GET /product-category/traditional-cookies-series/100-vegan-traditional-cookies-series/?stock_status=onsale&per_page=8 HTTP/2" 200 241359 "-" "meta-externalagent/1.1 (+https://developers.facebook.com/docs/sharing/webmasters/crawler)"
103.131.51.123 - - [15/Jan/2026:02:07:39 +0700] "POST /wp-cron.php?doing_wp_cron=1768417659.1773960590362548828125 HTTP/1.1" 200 474 "-" "WordPress/6.9; https://view.lotushomemade.com"
40.77.167.150 - - [15/Jan/2026:02:07:37 +0700] "GET /product/cashewnut-coffee-butter-cookies-sg/ HTTP/2" 200 35880 "-" "Mozilla/5.0 AppleWebKit/537.36 (KHTML, like Gecko; compatible; bingbot/2.0; +http://www.bing.com/bingbot.htm) Chrome/116.0.1938.76 Safari/537.36"
114.119.156.27 - - [15/Jan/2026:02:07:41 +0700] "GET /shop/page/31/?orderby=popularity&per_page=12&stock_status=onsale HTTP/1.1" 200 39851 "https://view.lotushomemade.com/shop/page/22/?orderby=popularity&per_page=12&stock_status=onsale" "Mozilla/5.0 (Linux; Android 7.0;) AppleWebKit/537.36 (KHTML, like Gecko) Mobile Safari/537.36 (compatible; PetalBot;+https://webmaster.petalsearch.com/site/petalbot)"
103.131.51.123 - - [15/Jan/2026:02:09:09 +0700] "POST /wp-cron.php?doing_wp_cron=1768417749.3727340698242187500000 HTTP/1.1" 200 474 "-" "WordPress/6.9; https://view.lotushomemade.com"
114.119.149.78 - - [15/Jan/2026:02:09:05 +0700] "GET /shop/page/31/?min_price=0&per_row=2&shop_view=grid&stock_status=instock HTTP/1.1" 200 40124 "https://view.lotushomemade.com/shop/page/3/?min_price=0&per_row=2&shop_view=grid&stock_status=instock" "Mozilla/5.0 (Linux; Android 7.0;) AppleWebKit/537.36 (KHTML, like Gecko) Mobile Safari/537.36 (compatible; PetalBot;+https://webmaster.petalsearch.com/site/petalbot)"
103.131.51.123 - - [15/Jan/2026:02:09:56 +0700] "POST /wp-cron.php?doing_wp_cron=1768417796.3941791057586669921875 HTTP/1.1" 200 474 "-" "WordPress/6.9; https://view.lotushomemade.com"
57.141.16.96 - - [15/Jan/2026:02:09:54 +0700] "GET /shop/page/13/?add-to-cart=8673 HTTP/2" 200 240839 "-" "meta-externalagent/1.1 (+https://developers.facebook.com/docs/sharing/webmasters/crawler)"
114.119.156.27 - - [15/Jan/2026:02:10:31 +0700] "GET /shop/page/3/?orderby=price-desc&stock_status=instock&per_page=24 HTTP/1.1" 200 42389 "https://view.lotushomemade.com/shop/page/6?orderby=price-desc&stock_status=instock&per_page=24" "Mozilla/5.0 (Linux; Android 7.0;) AppleWebKit/537.36 (KHTML, like Gecko) Mobile Safari/537.36 (compatible; PetalBot;+https://webmaster.petalsearch.com/site/petalbot)"
103.131.51.123 - - [15/Jan/2026:02:12:04 +0700] "POST /wp-cron.php?doing_wp_cron=1768417924.3912389278411865234375 HTTP/1.1" 200 474 "-" "WordPress/6.9; https://view.lotushomemade.com"
114.119.142.208 - - [15/Jan/2026:02:12:01 +0700] "GET /shop?orderby=price&per_row=6&per_page=24&shop_view=grid HTTP/1.1" 301 655 "https://view.lotushomemade.com/shop/page/8?orderby=price&per_page=8&shop_view=grid&per_row=6" "Mozilla/5.0 (Linux; Android 7.0;) AppleWebKit/537.36 (KHTML, like Gecko) Mobile Safari/537.36 (compatible; PetalBot;+https://webmaster.petalsearch.com/site/petalbot)"
114.119.142.208 - - [15/Jan/2026:02:12:07 +0700] "GET /shop/?orderby=price&per_row=6&per_page=24&shop_view=grid HTTP/1.1" 200 42182 "https://view.lotushomemade.com/shop/page/8?orderby=price&per_page=8&shop_view=grid&per_row=6" "Mozilla/5.0 (Linux; Android 7.0;) AppleWebKit/537.36 (KHTML, like Gecko) Mobile Safari/537.36 (compatible; PetalBot;+https://webmaster.petalsearch.com/site/petalbot)"
103.131.51.123 - - [15/Jan/2026:02:12:45 +0700] "POST /wp-cron.php?doing_wp_cron=1768417965.4210360050201416015625 HTTP/1.1" 200 474 "-" "WordPress/6.9; https://view.lotushomemade.com"
57.141.16.38 - - [15/Jan/2026:02:12:43 +0700] "GET /shop/page/39/?per_page=8&stock_status=instock%2Consale HTTP/2" 200 227880 "-" "meta-externalagent/1.1 (+https://developers.facebook.com/docs/sharing/webmasters/crawler)"
114.119.142.208 - - [15/Jan/2026:02:13:19 +0700] "GET /shop/page/8?orderby=price-desc&per_page=24&shop_view=grid&per_row=6 HTTP/1.1" 301 667 "-" "Mozilla/5.0 (Linux; Android 7.0;) AppleWebKit/537.36 (KHTML, like Gecko) Mobile Safari/537.36 (compatible; PetalBot;+https://webmaster.petalsearch.com/site/petalbot)"
114.119.142.208 - - [15/Jan/2026:02:13:20 +0700] "GET /shop/page/8/?orderby=price-desc&per_page=24&shop_view=grid&per_row=6 HTTP/1.1" 200 42681 "-" "Mozilla/5.0 (Linux; Android 7.0;) AppleWebKit/537.36 (KHTML, like Gecko) Mobile Safari/537.36 (compatible; PetalBot;+https://webmaster.petalsearch.com/site/petalbot)"
103.131.51.123 - - [15/Jan/2026:02:14:48 +0700] "POST /wp-cron.php?doing_wp_cron=1768418088.6922690868377685546875 HTTP/1.1" 200 474 "-" "WordPress/6.9; https://view.lotushomemade.com"
114.119.130.97 - - [15/Jan/2026:02:14:45 +0700] "GET /shop/page/3/?min_price=0&per_page=8&stock_status=instock,onsale HTTP/1.1" 301 575 "https://view.lotushomemade.com/shop?min_price=0&per_page=8&stock_status=instock%2Consale" "Mozilla/5.0 (Linux; Android 7.0;) AppleWebKit/537.36 (KHTML, like Gecko) Mobile Safari/537.36 (compatible; PetalBot;+https://webmaster.petalsearch.com/site/petalbot)"
114.119.130.97 - - [15/Jan/2026:02:14:48 +0700] "GET /shop/page/3/?min_price=0&per_page=8&stock_status=instock,onsale HTTP/1.1" 301 575 "https://view.lotushomemade.com/shop?min_price=0&per_page=8&stock_status=instock%2Consale" "Mozilla/5.0 (Linux; Android 7.0;) AppleWebKit/537.36 (KHTML, like Gecko) Mobile Safari/537.36 (compatible; PetalBot;+https://webmaster.petalsearch.com/site/petalbot)"
114.119.130.97 - - [15/Jan/2026:02:14:49 +0700] "GET /shop/page/3/?min_price=0&per_page=8&stock_status=instock,onsale HTTP/1.1" 301 575 "https://view.lotushomemade.com/shop?min_price=0&per_page=8&stock_status=instock%2Consale" "Mozilla/5.0 (Linux; Android 7.0;) AppleWebKit/537.36 (KHTML, like Gecko) Mobile Safari/537.36 (compatible; PetalBot;+https://webmaster.petalsearch.com/site/petalbot)"
114.119.130.97 - - [15/Jan/2026:02:14:50 +0700] "GET /shop/page/3/?min_price=0&per_page=8&stock_status=instock,onsale HTTP/1.1" 301 575 "https://view.lotushomemade.com/shop?min_price=0&per_page=8&stock_status=instock%2Consale" "Mozilla/5.0 (Linux; Android 7.0;) AppleWebKit/537.36 (KHTML, like Gecko) Mobile Safari/537.36 (compatible; PetalBot;+https://webmaster.petalsearch.com/site/petalbot)"
114.119.130.97 - - [15/Jan/2026:02:14:51 +0700] "GET /shop/page/3/?min_price=0&per_page=8&stock_status=instock,onsale HTTP/1.1" 301 575 "https://view.lotushomemade.com/shop?min_price=0&per_page=8&stock_status=instock%2Consale" "Mozilla/5.0 (Linux; Android 7.0;) AppleWebKit/537.36 (KHTML, like Gecko) Mobile Safari/537.36 (compatible; PetalBot;+https://webmaster.petalsearch.com/site/petalbot)"
114.119.130.97 - - [15/Jan/2026:02:14:51 +0700] "GET /shop/page/3/?min_price=0&per_page=8&stock_status=instock,onsale HTTP/1.1" 301 575 "https://view.lotushomemade.com/shop?min_price=0&per_page=8&stock_status=instock%2Consale" "Mozilla/5.0 (Linux; Android 7.0;) AppleWebKit/537.36 (KHTML, like Gecko) Mobile Safari/537.36 (compatible; PetalBot;+https://webmaster.petalsearch.com/site/petalbot)"
114.119.130.97 - - [15/Jan/2026:02:14:52 +0700] "GET /shop/page/3/?min_price=0&per_page=8&stock_status=instock,onsale HTTP/1.1" 301 575 "https://view.lotushomemade.com/shop?min_price=0&per_page=8&stock_status=instock%2Consale" "Mozilla/5.0 (Linux; Android 7.0;) AppleWebKit/537.36 (KHTML, like Gecko) Mobile Safari/537.36 (compatible; PetalBot;+https://webmaster.petalsearch.com/site/petalbot)"
114.119.130.97 - - [15/Jan/2026:02:14:52 +0700] "GET /shop/page/3/?min_price=0&per_page=8&stock_status=instock,onsale HTTP/1.1" 301 575 "https://view.lotushomemade.com/shop?min_price=0&per_page=8&stock_status=instock%2Consale" "Mozilla/5.0 (Linux; Android 7.0;) AppleWebKit/537.36 (KHTML, like Gecko) Mobile Safari/537.36 (compatible; PetalBot;+https://webmaster.petalsearch.com/site/petalbot)"
114.119.130.97 - - [15/Jan/2026:02:14:53 +0700] "GET /shop/page/3/?min_price=0&per_page=8&stock_status=instock,onsale HTTP/1.1" 301 575 "https://view.lotushomemade.com/shop?min_price=0&per_page=8&stock_status=instock%2Consale" "Mozilla/5.0 (Linux; Android 7.0;) AppleWebKit/537.36 (KHTML, like Gecko) Mobile Safari/537.36 (compatible; PetalBot;+https://webmaster.petalsearch.com/site/petalbot)"
114.119.130.97 - - [15/Jan/2026:02:14:53 +0700] "GET /shop/page/3/?min_price=0&per_page=8&stock_status=instock,onsale HTTP/1.1" 301 575 "https://view.lotushomemade.com/shop?min_price=0&per_page=8&stock_status=instock%2Consale" "Mozilla/5.0 (Linux; Android 7.0;) AppleWebKit/537.36 (KHTML, like Gecko) Mobile Safari/537.36 (compatible; PetalBot;+https://webmaster.petalsearch.com/site/petalbot)"
181.225.10.163 - - [15/Jan/2026:02:15:27 +0700] "GET /product/fish-bahulu-_-8142-xl/?add-to-cart=334 HTTP/1.1" 200 38390 "-" "Mozilla/5.0 (compatible; MSIE 6.0; Windows NT 5.0; Trident/3.0)"
103.131.51.123 - - [15/Jan/2026:02:15:46 +0700] "POST /wp-cron.php?doing_wp_cron=1768418146.2199199199676513671875 HTTP/1.1" 200 474 "-" "WordPress/6.9; https://view.lotushomemade.com"
189.169.112.154 - - [15/Jan/2026:02:15:44 +0700] "GET /product/new-zealand-cheese-cookies-sg/?add-to-cart=8657 HTTP/1.1" 200 38503 "-" "Mozilla/5.0 (compatible; MSIE 9.0; Windows NT 5.1; Trident/3.1)"
37.237.197.27 - - [15/Jan/2026:02:15:47 +0700] "GET /product/musang-king-nyonya-kuih-kapit-l/?add-to-cart=17270 HTTP/1.1" 200 38253 "-" "Mozilla/5.0 (Linux; Android 10) AppleWebKit/533.1 (KHTML, like Gecko) Chrome/60.0.880.0 Safari/533.1"
169.224.24.17 - - [15/Jan/2026:02:16:02 +0700] "GET /product/musang-king-nyonya-kuih-kapit-l/?add-to-cart=17270 HTTP/1.1" 200 38220 "-" "Mozilla/5.0 (Macintosh; PPC Mac OS X 10_7_8; rv:1.9.6.20) Gecko/2192-07-19 14:44:21.524343 Firefox/6.0"
114.119.150.215 - - [15/Jan/2026:02:16:04 +0700] "GET /shop/page/3/?max_price=520&stock_status=onsale&shop_view=grid&per_row=4 HTTP/1.1" 200 40179 "https://view.lotushomemade.com/shop/page/21/?max_price=520&stock_status=onsale&shop_view=grid&per_row=4" "Mozilla/5.0 (Linux; Android 7.0;) AppleWebKit/537.36 (KHTML, like Gecko) Mobile Safari/537.36 (compatible; PetalBot;+https://webmaster.petalsearch.com/site/petalbot)"
103.131.51.123 - - [15/Jan/2026:02:16:36 +0700] "POST /wp-cron.php?doing_wp_cron=1768418196.6404519081115722656250 HTTP/1.1" 200 474 "-" "WordPress/6.9; https://view.lotushomemade.com"
57.141.16.50 - - [15/Jan/2026:02:16:34 +0700] "GET /shop/page/16/?stock_status=instock&per_page=8&shop_view=grid&per_row=2 HTTP/2" 200 229650 "-" "meta-externalagent/1.1 (+https://developers.facebook.com/docs/sharing/webmasters/crawler)"
114.119.150.215 - - [15/Jan/2026:02:17:28 +0700] "GET /shop/page/3/?max_price=520&stock_status=instock,onsale&per_row=4&shop_view=grid HTTP/1.1" 301 634 "https://view.lotushomemade.com/shop?max_price=520&stock_status=instock%2Consale&per_row=4&shop_view=grid" "Mozilla/5.0 (Linux; Android 7.0;) AppleWebKit/537.36 (KHTML, like Gecko) Mobile Safari/537.36 (compatible; PetalBot;+https://webmaster.petalsearch.com/site/petalbot)"
114.119.150.215 - - [15/Jan/2026:02:17:29 +0700] "GET /shop/page/3/?max_price=520&stock_status=instock,onsale&per_row=4&shop_view=grid HTTP/1.1" 301 634 "https://view.lotushomemade.com/shop?max_price=520&stock_status=instock%2Consale&per_row=4&shop_view=grid" "Mozilla/5.0 (Linux; Android 7.0;) AppleWebKit/537.36 (KHTML, like Gecko) Mobile Safari/537.36 (compatible; PetalBot;+https://webmaster.petalsearch.com/site/petalbot)"
114.119.150.215 - - [15/Jan/2026:02:17:29 +0700] "GET /shop/page/3/?max_price=520&stock_status=instock,onsale&per_row=4&shop_view=grid HTTP/1.1" 301 634 "https://view.lotushomemade.com/shop?max_price=520&stock_status=instock%2Consale&per_row=4&shop_view=grid" "Mozilla/5.0 (Linux; Android 7.0;) AppleWebKit/537.36 (KHTML, like Gecko) Mobile Safari/537.36 (compatible; PetalBot;+https://webmaster.petalsearch.com/site/petalbot)"
114.119.150.215 - - [15/Jan/2026:02:17:30 +0700] "GET /shop/page/3/?max_price=520&stock_status=instock,onsale&per_row=4&shop_view=grid HTTP/1.1" 301 634 "https://view.lotushomemade.com/shop?max_price=520&stock_status=instock%2Consale&per_row=4&shop_view=grid" "Mozilla/5.0 (Linux; Android 7.0;) AppleWebKit/537.36 (KHTML, like Gecko) Mobile Safari/537.36 (compatible; PetalBot;+https://webmaster.petalsearch.com/site/petalbot)"
114.119.150.215 - - [15/Jan/2026:02:17:30 +0700] "GET /shop/page/3/?max_price=520&stock_status=instock,onsale&per_row=4&shop_view=grid HTTP/1.1" 301 634 "https://view.lotushomemade.com/shop?max_price=520&stock_status=instock%2Consale&per_row=4&shop_view=grid" "Mozilla/5.0 (Linux; Android 7.0;) AppleWebKit/537.36 (KHTML, like Gecko) Mobile Safari/537.36 (compatible; PetalBot;+https://webmaster.petalsearch.com/site/petalbot)"
114.119.150.215 - - [15/Jan/2026:02:17:31 +0700] "GET /shop/page/3/?max_price=520&stock_status=instock,onsale&per_row=4&shop_view=grid HTTP/1.1" 301 634 "https://view.lotushomemade.com/shop?max_price=520&stock_status=instock%2Consale&per_row=4&shop_view=grid" "Mozilla/5.0 (Linux; Android 7.0;) AppleWebKit/537.36 (KHTML, like Gecko) Mobile Safari/537.36 (compatible; PetalBot;+https://webmaster.petalsearch.com/site/petalbot)"
114.119.150.215 - - [15/Jan/2026:02:17:32 +0700] "GET /shop/page/3/?max_price=520&stock_status=instock,onsale&per_row=4&shop_view=grid HTTP/1.1" 301 634 "https://view.lotushomemade.com/shop?max_price=520&stock_status=instock%2Consale&per_row=4&shop_view=grid" "Mozilla/5.0 (Linux; Android 7.0;) AppleWebKit/537.36 (KHTML, like Gecko) Mobile Safari/537.36 (compatible; PetalBot;+https://webmaster.petalsearch.com/site/petalbot)"
103.131.51.123 - - [15/Jan/2026:02:17:33 +0700] "POST /wp-cron.php?doing_wp_cron=1768418253.6607379913330078125000 HTTP/1.1" 200 474 "-" "WordPress/6.9; https://view.lotushomemade.com"
114.119.150.215 - - [15/Jan/2026:02:17:33 +0700] "GET /shop/page/3/?max_price=520&stock_status=instock,onsale&per_row=4&shop_view=grid HTTP/1.1" 301 634 "https://view.lotushomemade.com/shop?max_price=520&stock_status=instock%2Consale&per_row=4&shop_view=grid" "Mozilla/5.0 (Linux; Android 7.0;) AppleWebKit/537.36 (KHTML, like Gecko) Mobile Safari/537.36 (compatible; PetalBot;+https://webmaster.petalsearch.com/site/petalbot)"
114.119.150.215 - - [15/Jan/2026:02:17:34 +0700] "GET /shop/page/3/?max_price=520&stock_status=instock,onsale&per_row=4&shop_view=grid HTTP/1.1" 301 634 "https://view.lotushomemade.com/shop?max_price=520&stock_status=instock%2Consale&per_row=4&shop_view=grid" "Mozilla/5.0 (Linux; Android 7.0;) AppleWebKit/537.36 (KHTML, like Gecko) Mobile Safari/537.36 (compatible; PetalBot;+https://webmaster.petalsearch.com/site/petalbot)"
114.119.150.215 - - [15/Jan/2026:02:17:35 +0700] "GET /shop/page/3/?max_price=520&stock_status=instock,onsale&per_row=4&shop_view=grid HTTP/1.1" 301 634 "https://view.lotushomemade.com/shop?max_price=520&stock_status=instock%2Consale&per_row=4&shop_view=grid" "Mozilla/5.0 (Linux; Android 7.0;) AppleWebKit/537.36 (KHTML, like Gecko) Mobile Safari/537.36 (compatible; PetalBot;+https://webmaster.petalsearch.com/site/petalbot)"
103.131.51.123 - - [15/Jan/2026:02:18:57 +0700] "POST /wp-cron.php?doing_wp_cron=1768418337.2650959491729736328125 HTTP/1.1" 200 474 "-" "WordPress/6.9; https://view.lotushomemade.com"
114.119.145.110 - - [15/Jan/2026:02:18:53 +0700] "GET /shop/page/29/?orderby=price-desc&stock_status=instock&shop_view=grid&per_row=2 HTTP/1.1" 200 39924 "https://view.lotushomemade.com/shop/page/29/?orderby=price-desc&stock_status=instock&shop_view=grid&per_row=2" "Mozilla/5.0 (Linux; Android 7.0;) AppleWebKit/537.36 (KHTML, like Gecko) Mobile Safari/537.36 (compatible; PetalBot;+https://webmaster.petalsearch.com/site/petalbot)"
103.131.51.123 - - [15/Jan/2026:02:20:18 +0700] "POST /wp-cron.php?doing_wp_cron=1768418418.8812279701232910156250 HTTP/1.1" 200 474 "-" "WordPress/6.9; https://view.lotushomemade.com"
114.119.142.208 - - [15/Jan/2026:02:20:14 +0700] "GET /shop/page/28/?max_price=780 HTTP/1.1" 200 40120 "https://view.lotushomemade.com/shop/page/29/?max_price=780" "Mozilla/5.0 (Linux; Android 7.0;) AppleWebKit/537.36 (KHTML, like Gecko) Mobile Safari/537.36 (compatible; PetalBot;+https://webmaster.petalsearch.com/site/petalbot)"
103.131.51.123 - - [15/Jan/2026:02:21:42 +0700] "POST /wp-cron.php?doing_wp_cron=1768418502.3064310550689697265625 HTTP/1.1" 200 474 "-" "WordPress/6.9; https://view.lotushomemade.com"
114.119.130.97 - - [15/Jan/2026:02:21:37 +0700] "GET /shop/page/27/?orderby=rating&per_row=6&shop_view=grid&stock_status=instock HTTP/1.1" 200 39487 "https://view.lotushomemade.com/shop/page/28/?orderby=rating&per_row=6&shop_view=grid&stock_status=instock" "Mozilla/5.0 (Linux; Android 7.0;) AppleWebKit/537.36 (KHTML, like Gecko) Mobile Safari/537.36 (compatible; PetalBot;+https://webmaster.petalsearch.com/site/petalbot)"
57.141.16.71 - - [15/Jan/2026:02:21:58 +0700] "GET /shop/page/25/?per_row=2&per_page=12&shop_view=grid&stock_status=instock%2Consale HTTP/2" 200 241451 "-" "meta-externalagent/1.1 (+https://developers.facebook.com/docs/sharing/webmasters/crawler)"
103.131.51.123 - - [15/Jan/2026:02:23:02 +0700] "POST /wp-cron.php?doing_wp_cron=1768418582.4959421157836914062500 HTTP/1.1" 200 474 "-" "WordPress/6.9; https://view.lotushomemade.com"
114.119.151.206 - - [15/Jan/2026:02:23:00 +0700] "GET /shop/page/26/?stock_status=onsale&per_row=4&shop_view=grid&per_page=8 HTTP/1.1" 200 39421 "https://view.lotushomemade.com/shop/page/23/?stock_status=onsale&per_row=4&shop_view=grid&per_page=8" "Mozilla/5.0 (Linux; Android 7.0;) AppleWebKit/537.36 (KHTML, like Gecko) Mobile Safari/537.36 (compatible; PetalBot;+https://webmaster.petalsearch.com/site/petalbot)"
103.131.51.123 - - [15/Jan/2026:02:24:28 +0700] "POST /wp-cron.php?doing_wp_cron=1768418668.4348299503326416015625 HTTP/1.1" 200 474 "-" "WordPress/6.9; https://view.lotushomemade.com"
114.119.145.110 - - [15/Jan/2026:02:24:24 +0700] "GET /shop/page/26/?orderby=price&per_page=12&stock_status=instock HTTP/1.1" 200 40004 "https://view.lotushomemade.com/shop/page/28/?orderby=price&per_page=12&stock_status=instock" "Mozilla/5.0 (Linux; Android 7.0;) AppleWebKit/537.36 (KHTML, like Gecko) Mobile Safari/537.36 (compatible; PetalBot;+https://webmaster.petalsearch.com/site/petalbot)"
103.131.51.123 - - [15/Jan/2026:02:25:51 +0700] "POST /wp-cron.php?doing_wp_cron=1768418751.8783729076385498046875 HTTP/1.1" 200 474 "-" "WordPress/6.9; https://view.lotushomemade.com"
114.119.156.27 - - [15/Jan/2026:02:25:47 +0700] "GET /shop/page/26/?min_price=0&per_page=8&shop_view=grid&per_row=6 HTTP/1.1" 200 39405 "https://view.lotushomemade.com/shop/page/24/?min_price=0&per_page=8&shop_view=grid&per_row=6" "Mozilla/5.0 (Linux; Android 7.0;) AppleWebKit/537.36 (KHTML, like Gecko) Mobile Safari/537.36 (compatible; PetalBot;+https://webmaster.petalsearch.com/site/petalbot)"
103.131.51.123 - - [15/Jan/2026:02:27:05 +0700] "POST /wp-cron.php?doing_wp_cron=1768418825.7061190605163574218750 HTTP/1.1" 200 474 "-" "WordPress/6.9; https://view.lotushomemade.com"
57.141.16.55 - - [15/Jan/2026:02:27:04 +0700] "GET /shop/page/40/?per_row=6&per_page=8&shop_view=grid&stock_status=instock%2Consale HTTP/2" 200 230254 "-" "meta-externalagent/1.1 (+https://developers.facebook.com/docs/sharing/webmasters/crawler)"
114.119.150.215 - - [15/Jan/2026:02:27:13 +0700] "GET /shop/page/26/?max_price=780&stock_status=instock&per_row=2&shop_view=grid HTTP/1.1" 200 40252 "https://view.lotushomemade.com/shop/page/27/?max_price=780&stock_status=instock&per_row=2&shop_view=grid" "Mozilla/5.0 (Linux; Android 7.0;) AppleWebKit/537.36 (KHTML, like Gecko) Mobile Safari/537.36 (compatible; PetalBot;+https://webmaster.petalsearch.com/site/petalbot)"
103.131.51.123 - - [15/Jan/2026:02:28:39 +0700] "POST /wp-cron.php?doing_wp_cron=1768418919.6319200992584228515625 HTTP/1.1" 200 474 "-" "WordPress/6.9; https://view.lotushomemade.com"
114.119.150.215 - - [15/Jan/2026:02:28:35 +0700] "GET /shop/page/26/?max_price=1040&per_page=8&shop_view=grid&per_row=6 HTTP/1.1" 200 39558 "https://view.lotushomemade.com/shop/page/24/?max_price=1040&per_page=8&shop_view=grid&per_row=6" "Mozilla/5.0 (Linux; Android 7.0;) AppleWebKit/537.36 (KHTML, like Gecko) Mobile Safari/537.36 (compatible; PetalBot;+https://webmaster.petalsearch.com/site/petalbot)"
88.97.214.23 - - [15/Jan/2026:02:29:02 +0700] "GET /product/2-in1-bamboo-charcoal-mini-egg-roll-sg/?add-to-cart=8643 HTTP/1.1" 200 38503 "-" "Opera/9.43.(X11; Linux x86_64; wae-CH) Presto/2.9.163 Version/10.00"
103.131.51.123 - - [15/Jan/2026:02:29:34 +0700] "POST /wp-cron.php?doing_wp_cron=1768418974.5004498958587646484375 HTTP/1.1" 200 474 "-" "WordPress/6.9; https://view.lotushomemade.com"
57.141.16.68 - - [15/Jan/2026:02:29:32 +0700] "GET /product-category/traditional-cookies-series/page/14/?per_row=6&per_page=8&shop_view=grid&stock_status=instock HTTP/2" 200 232827 "-" "meta-externalagent/1.1 (+https://developers.facebook.com/docs/sharing/webmasters/crawler)"
114.119.130.97 - - [15/Jan/2026:02:29:59 +0700] "GET /shop/page/24/?max_price=1040&stock_status=instock&per_row=4&shop_view=grid HTTP/1.1" 200 40348 "https://view.lotushomemade.com/shop/page/21/?max_price=1040&stock_status=instock&per_row=4&shop_view=grid" "Mozilla/5.0 (Linux; Android 7.0;) AppleWebKit/537.36 (KHTML, like Gecko) Mobile Safari/537.36 (compatible; PetalBot;+https://webmaster.petalsearch.com/site/petalbot)"
207.46.13.155 - - [15/Jan/2026:02:30:31 +0700] "GET /wp-content/uploads/2023/11/1152-150x150.png HTTP/2" 200 38365 "-" "Mozilla/5.0 AppleWebKit/537.36 (KHTML, like Gecko; compatible; bingbot/2.0; +http://www.bing.com/bingbot.htm) Chrome/116.0.1938.76 Safari/537.36"
103.131.51.123 - - [15/Jan/2026:02:31:26 +0700] "POST /wp-cron.php?doing_wp_cron=1768419086.4414188861846923828125 HTTP/1.1" 200 474 "-" "WordPress/6.9; https://view.lotushomemade.com"
114.119.149.78 - - [15/Jan/2026:02:31:22 +0700] "GET /shop/page/23/?max_price=1050&per_row=2&shop_view=grid HTTP/1.1" 200 40175 "https://view.lotushomemade.com/shop/page/26/?max_price=1050&per_row=2&shop_view=grid" "Mozilla/5.0 (Linux; Android 7.0;) AppleWebKit/537.36 (KHTML, like Gecko) Mobile Safari/537.36 (compatible; PetalBot;+https://webmaster.petalsearch.com/site/petalbot)"
103.131.51.123 - - [15/Jan/2026:02:31:37 +0700] "POST /wp-cron.php?doing_wp_cron=1768419097.2489719390869140625000 HTTP/1.1" 200 474 "-" "WordPress/6.9; https://view.lotushomemade.com"
57.141.16.29 - - [15/Jan/2026:02:31:35 +0700] "GET /product-category/traditional-cookies-series/?per_row=6&per_page=24&shop_view=grid&filter_brand=hss&stock_status=instock,onsale HTTP/2" 200 219040 "-" "meta-externalagent/1.1 (+https://developers.facebook.com/docs/sharing/webmasters/crawler)"
103.131.51.123 - - [15/Jan/2026:02:32:46 +0700] "POST /wp-cron.php?doing_wp_cron=1768419166.0216898918151855468750 HTTP/1.1" 200 474 "-" "WordPress/6.9; https://view.lotushomemade.com"
114.119.151.206 - - [15/Jan/2026:02:32:45 +0700] "GET /shop/page/22?orderby=date&per_page=18&shop_view=grid&per_row=4 HTTP/1.1" 301 662 "https://view.lotushomemade.com/shop/page/4?orderby=date&per_page=18&shop_view=grid&per_row=4" "Mozilla/5.0 (Linux; Android 7.0;) AppleWebKit/537.36 (KHTML, like Gecko) Mobile Safari/537.36 (compatible; PetalBot;+https://webmaster.petalsearch.com/site/petalbot)"
114.119.151.206 - - [15/Jan/2026:02:32:46 +0700] "GET /shop/page/22/?orderby=date&per_page=18&shop_view=grid&per_row=4 HTTP/1.1" 200 38950 "https://view.lotushomemade.com/shop/page/4?orderby=date&per_page=18&shop_view=grid&per_row=4" "Mozilla/5.0 (Linux; Android 7.0;) AppleWebKit/537.36 (KHTML, like Gecko) Mobile Safari/537.36 (compatible; PetalBot;+https://webmaster.petalsearch.com/site/petalbot)"
103.131.51.123 - - [15/Jan/2026:02:34:12 +0700] "POST /wp-cron.php?doing_wp_cron=1768419252.2402598857879638671875 HTTP/1.1" 200 474 "-" "WordPress/6.9; https://view.lotushomemade.com"
114.119.148.197 - - [15/Jan/2026:02:34:09 +0700] "GET /shop/page/9?max_price=1050&stock_status=instock&per_row=6&shop_view=grid HTTP/1.1" 301 626 "https://view.lotushomemade.com/shop/page/10/?max_price=1050&stock_status=instock&per_row=6&shop_view=grid" "Mozilla/5.0 (Linux; Android 7.0;) AppleWebKit/537.36 (KHTML, like Gecko) Mobile Safari/537.36 (compatible; PetalBot;+https://webmaster.petalsearch.com/site/petalbot)"
114.119.148.197 - - [15/Jan/2026:02:34:12 +0700] "GET /shop/page/9/?max_price=1050&stock_status=instock&per_row=6&shop_view=grid HTTP/1.1" 200 40361 "https://view.lotushomemade.com/shop/page/10/?max_price=1050&stock_status=instock&per_row=6&shop_view=grid" "Mozilla/5.0 (Linux; Android 7.0;) AppleWebKit/537.36 (KHTML, like Gecko) Mobile Safari/537.36 (compatible; PetalBot;+https://webmaster.petalsearch.com/site/petalbot)"
103.131.51.123 - - [15/Jan/2026:02:35:36 +0700] "POST /wp-cron.php?doing_wp_cron=1768419336.5678639411926269531250 HTTP/1.1" 200 474 "-" "WordPress/6.9; https://view.lotushomemade.com"
114.119.150.215 - - [15/Jan/2026:02:35:32 +0700] "GET /shop/page/32/?max_price=1040&per_row=6&per_page=8&shop_view=grid HTTP/1.1" 200 39860 "https://view.lotushomemade.com/shop/page/29/?max_price=1040&per_row=6&per_page=8&shop_view=grid" "Mozilla/5.0 (Linux; Android 7.0;) AppleWebKit/537.36 (KHTML, like Gecko) Mobile Safari/537.36 (compatible; PetalBot;+https://webmaster.petalsearch.com/site/petalbot)"
103.131.51.123 - - [15/Jan/2026:02:36:59 +0700] "POST /wp-cron.php?doing_wp_cron=1768419419.8297328948974609375000 HTTP/1.1" 200 474 "-" "WordPress/6.9; https://view.lotushomemade.com"
114.119.145.110 - - [15/Jan/2026:02:36:57 +0700] "GET /shop/page/3/?stock_status=instock,onsale&per_page=8&shop_view=grid&per_row=4 HTTP/1.1" 301 676 "https://view.lotushomemade.com/shop/?stock_status=instock%2Consale&per_page=8&shop_view=grid&per_row=4" "Mozilla/5.0 (Linux; Android 7.0;) AppleWebKit/537.36 (KHTML, like Gecko) Mobile Safari/537.36 (compatible; PetalBot;+https://webmaster.petalsearch.com/site/petalbot)"
114.119.145.110 - - [15/Jan/2026:02:36:59 +0700] "GET /shop/page/3/?stock_status=instock,onsale&per_page=8&shop_view=grid&per_row=4 HTTP/1.1" 301 676 "https://view.lotushomemade.com/shop/?stock_status=instock%2Consale&per_page=8&shop_view=grid&per_row=4" "Mozilla/5.0 (Linux; Android 7.0;) AppleWebKit/537.36 (KHTML, like Gecko) Mobile Safari/537.36 (compatible; PetalBot;+https://webmaster.petalsearch.com/site/petalbot)"
114.119.145.110 - - [15/Jan/2026:02:37:00 +0700] "GET /shop/page/3/?stock_status=instock,onsale&per_page=8&shop_view=grid&per_row=4 HTTP/1.1" 301 676 "https://view.lotushomemade.com/shop/?stock_status=instock%2Consale&per_page=8&shop_view=grid&per_row=4" "Mozilla/5.0 (Linux; Android 7.0;) AppleWebKit/537.36 (KHTML, like Gecko) Mobile Safari/537.36 (compatible; PetalBot;+https://webmaster.petalsearch.com/site/petalbot)"
114.119.145.110 - - [15/Jan/2026:02:37:00 +0700] "GET /shop/page/3/?stock_status=instock,onsale&per_page=8&shop_view=grid&per_row=4 HTTP/1.1" 301 676 "https://view.lotushomemade.com/shop/?stock_status=instock%2Consale&per_page=8&shop_view=grid&per_row=4" "Mozilla/5.0 (Linux; Android 7.0;) AppleWebKit/537.36 (KHTML, like Gecko) Mobile Safari/537.36 (compatible; PetalBot;+https://webmaster.petalsearch.com/site/petalbot)"
114.119.145.110 - - [15/Jan/2026:02:37:01 +0700] "GET /shop/page/3/?stock_status=instock,onsale&per_page=8&shop_view=grid&per_row=4 HTTP/1.1" 301 676 "https://view.lotushomemade.com/shop/?stock_status=instock%2Consale&per_page=8&shop_view=grid&per_row=4" "Mozilla/5.0 (Linux; Android 7.0;) AppleWebKit/537.36 (KHTML, like Gecko) Mobile Safari/537.36 (compatible; PetalBot;+https://webmaster.petalsearch.com/site/petalbot)"
114.119.145.110 - - [15/Jan/2026:02:37:01 +0700] "GET /shop/page/3/?stock_status=instock,onsale&per_page=8&shop_view=grid&per_row=4 HTTP/1.1" 301 676 "https://view.lotushomemade.com/shop/?stock_status=instock%2Consale&per_page=8&shop_view=grid&per_row=4" "Mozilla/5.0 (Linux; Android 7.0;) AppleWebKit/537.36 (KHTML, like Gecko) Mobile Safari/537.36 (compatible; PetalBot;+https://webmaster.petalsearch.com/site/petalbot)"
114.119.145.110 - - [15/Jan/2026:02:37:02 +0700] "GET /shop/page/3/?stock_status=instock,onsale&per_page=8&shop_view=grid&per_row=4 HTTP/1.1" 301 676 "https://view.lotushomemade.com/shop/?stock_status=instock%2Consale&per_page=8&shop_view=grid&per_row=4" "Mozilla/5.0 (Linux; Android 7.0;) AppleWebKit/537.36 (KHTML, like Gecko) Mobile Safari/537.36 (compatible; PetalBot;+https://webmaster.petalsearch.com/site/petalbot)"
114.119.145.110 - - [15/Jan/2026:02:37:02 +0700] "GET /shop/page/3/?stock_status=instock,onsale&per_page=8&shop_view=grid&per_row=4 HTTP/1.1" 301 676 "https://view.lotushomemade.com/shop/?stock_status=instock%2Consale&per_page=8&shop_view=grid&per_row=4" "Mozilla/5.0 (Linux; Android 7.0;) AppleWebKit/537.36 (KHTML, like Gecko) Mobile Safari/537.36 (compatible; PetalBot;+https://webmaster.petalsearch.com/site/petalbot)"
114.119.145.110 - - [15/Jan/2026:02:37:03 +0700] "GET /shop/page/3/?stock_status=instock,onsale&per_page=8&shop_view=grid&per_row=4 HTTP/1.1" 301 676 "https://view.lotushomemade.com/shop/?stock_status=instock%2Consale&per_page=8&shop_view=grid&per_row=4" "Mozilla/5.0 (Linux; Android 7.0;) AppleWebKit/537.36 (KHTML, like Gecko) Mobile Safari/537.36 (compatible; PetalBot;+https://webmaster.petalsearch.com/site/petalbot)"
114.119.145.110 - - [15/Jan/2026:02:37:05 +0700] "GET /shop/page/3/?stock_status=instock,onsale&per_page=8&shop_view=grid&per_row=4 HTTP/1.1" 301 676 "https://view.lotushomemade.com/shop/?stock_status=instock%2Consale&per_page=8&shop_view=grid&per_row=4" "Mozilla/5.0 (Linux; Android 7.0;) AppleWebKit/537.36 (KHTML, like Gecko) Mobile Safari/537.36 (compatible; PetalBot;+https://webmaster.petalsearch.com/site/petalbot)"
103.131.51.123 - - [15/Jan/2026:02:37:54 +0700] "POST /wp-cron.php?doing_wp_cron=1768419474.7082619667053222656250 HTTP/1.1" 200 474 "-" "WordPress/6.9; https://view.lotushomemade.com"
57.141.16.34 - - [15/Jan/2026:02:37:52 +0700] "GET /shop/page/10/?add-to-cart=8512 HTTP/2" 200 239624 "-" "meta-externalagent/1.1 (+https://developers.facebook.com/docs/sharing/webmasters/crawler)"
57.141.16.25 - - [15/Jan/2026:02:37:55 +0700] "GET /shop/page/7/?per_row=2&per_page=18&shop_view=grid&stock_status=onsale HTTP/2" 200 258752 "-" "meta-externalagent/1.1 (+https://developers.facebook.com/docs/sharing/webmasters/crawler)"
57.141.16.43 - - [15/Jan/2026:02:38:21 +0700] "GET /shop/page/7/?per_page=24&shop_view=grid&per_row=2 HTTP/2" 200 279886 "-" "meta-externalagent/1.1 (+https://developers.facebook.com/docs/sharing/webmasters/crawler)"
114.119.130.97 - - [15/Jan/2026:02:38:30 +0700] "GET /shop/page/29/?orderby=date&per_row=6&shop_view=grid HTTP/1.1" 200 39355 "https://view.lotushomemade.com/shop/page/28/?orderby=date&per_row=6&shop_view=grid" "Mozilla/5.0 (Linux; Android 7.0;) AppleWebKit/537.36 (KHTML, like Gecko) Mobile Safari/537.36 (compatible; PetalBot;+https://webmaster.petalsearch.com/site/petalbot)"
40.77.167.154 - - [15/Jan/2026:02:38:38 +0700] "GET /wp-content/uploads/2023/10/1031_1-150x150.png HTTP/2" 200 38212 "-" "Mozilla/5.0 AppleWebKit/537.36 (KHTML, like Gecko; compatible; bingbot/2.0; +http://www.bing.com/bingbot.htm) Chrome/116.0.1938.76 Safari/537.36"
103.131.51.123 - - [15/Jan/2026:02:39:04 +0700] "POST /wp-cron.php?doing_wp_cron=1768419544.4811210632324218750000 HTTP/1.1" 200 474 "-" "WordPress/6.9; https://view.lotushomemade.com"
151.135.109.227 - - [15/Jan/2026:02:39:02 +0700] "GET /product/2-in1-bamboo-charcoal-mini-egg-roll-sg/?add-to-cart=8641 HTTP/1.1" 200 38443 "-" "Mozilla/5.0 (Macintosh; U; Intel Mac OS X 10_5_9 rv:4.0; fi-FI) AppleWebKit/533.22.7 (KHTML, like Gecko) Version/4.0.4 Safari/533.22.7"
103.131.51.123 - - [15/Jan/2026:02:40:39 +0700] "POST /wp-cron.php?doing_wp_cron=1768419639.8373088836669921875000 HTTP/1.1" 200 474 "-" "WordPress/6.9; https://view.lotushomemade.com"
114.119.150.215 - - [15/Jan/2026:02:40:35 +0700] "GET /shop/page/24/?orderby=popularity&stock_status=instock&shop_view=grid&per_row=6 HTTP/1.1" 200 39505 "https://view.lotushomemade.com/shop/page/27/?orderby=popularity&stock_status=instock&shop_view=grid&per_row=6" "Mozilla/5.0 (Linux; Android 7.0;) AppleWebKit/537.36 (KHTML, like Gecko) Mobile Safari/537.36 (compatible; PetalBot;+https://webmaster.petalsearch.com/site/petalbot)"
103.131.51.123 - - [15/Jan/2026:02:41:43 +0700] "POST /wp-cron.php?doing_wp_cron=1768419703.5195999145507812500000 HTTP/1.1" 200 474 "-" "WordPress/6.9; https://view.lotushomemade.com"
57.141.16.83 - - [15/Jan/2026:02:41:41 +0700] "GET /product-category/crispy-snack-series/page/2/?stock_status=onsale&per_page=8 HTTP/2" 200 228293 "-" "meta-externalagent/1.1 (+https://developers.facebook.com/docs/sharing/webmasters/crawler)"
207.46.13.102 - - [15/Jan/2026:02:42:22 +0700] "GET /wp-content/uploads/2023/11/2056-430x430.png HTTP/2" 200 270789 "-" "Mozilla/5.0 AppleWebKit/537.36 (KHTML, like Gecko; compatible; bingbot/2.0; +http://www.bing.com/bingbot.htm) Chrome/116.0.1938.76 Safari/537.36"
103.131.51.123 - - [15/Jan/2026:02:44:32 +0700] "POST /wp-cron.php?doing_wp_cron=1768419872.2570788860321044921875 HTTP/1.1" 200 474 "-" "WordPress/6.9; https://view.lotushomemade.com"
57.141.16.7 - - [15/Jan/2026:02:44:28 +0700] "GET /product-category/traditional-cookies-series/page/7/?stock_status=onsale&per_row=6&per_page=8&shop_view=grid HTTP/2" 200 230764 "-" "meta-externalagent/1.1 (+https://developers.facebook.com/docs/sharing/webmasters/crawler)"
103.131.51.123 - - [15/Jan/2026:02:45:54 +0700] "POST /wp-cron.php?doing_wp_cron=1768419954.4736330509185791015625 HTTP/1.1" 200 474 "-" "WordPress/6.9; https://view.lotushomemade.com"
88.98.118.59 - - [15/Jan/2026:02:45:50 +0700] "GET /product/melting-almond-cookies_8080-s/?add-to-cart=8663 HTTP/1.1" 200 38523 "-" "Opera/8.80.(Windows NT 5.2; fa-IR) Presto/2.9.163 Version/12.00"
103.131.51.123 - - [15/Jan/2026:02:46:35 +0700] "POST /wp-cron.php?doing_wp_cron=1768419995.1949710845947265625000 HTTP/1.1" 200 474 "-" "WordPress/6.9; https://view.lotushomemade.com"
207.46.13.102 - - [15/Jan/2026:02:46:33 +0700] "GET /product/sou-mian_21-inch/ HTTP/2" 200 35601 "-" "Mozilla/5.0 AppleWebKit/537.36 (KHTML, like Gecko; compatible; bingbot/2.0; +http://www.bing.com/bingbot.htm) Chrome/116.0.1938.76 Safari/537.36"
114.119.150.215 - - [15/Jan/2026:02:47:02 +0700] "GET /shop/page/21?per_row=6&per_page=12&shop_view=grid HTTP/1.1" 301 649 "https://view.lotushomemade.com/shop/page/18/?per_row=6&per_page=12&shop_view=grid" "Mozilla/5.0 (Linux; Android 7.0;) AppleWebKit/537.36 (KHTML, like Gecko) Mobile Safari/537.36 (compatible; PetalBot;+https://webmaster.petalsearch.com/site/petalbot)"
114.119.150.215 - - [15/Jan/2026:02:47:03 +0700] "GET /shop/page/21/?per_row=6&per_page=12&shop_view=grid HTTP/1.1" 200 40557 "https://view.lotushomemade.com/shop/page/18/?per_row=6&per_page=12&shop_view=grid" "Mozilla/5.0 (Linux; Android 7.0;) AppleWebKit/537.36 (KHTML, like Gecko) Mobile Safari/537.36 (compatible; PetalBot;+https://webmaster.petalsearch.com/site/petalbot)"
103.131.51.123 - - [15/Jan/2026:02:47:33 +0700] "POST /wp-cron.php?doing_wp_cron=1768420053.7573950290679931640625 HTTP/1.1" 200 474 "-" "WordPress/6.9; https://view.lotushomemade.com"
57.141.16.42 - - [15/Jan/2026:02:47:32 +0700] "GET /product-category/traditional-cookies-series/page/11/?stock_status=onsale&per_row=4&shop_view=grid&per_page=8 HTTP/2" 200 231882 "-" "meta-externalagent/1.1 (+https://developers.facebook.com/docs/sharing/webmasters/crawler)"
114.119.130.97 - - [15/Jan/2026:02:48:01 +0700] "GET /shop/page/21/?per_page=18&shop_view=grid&per_row=6 HTTP/1.1" 200 41291 "https://view.lotushomemade.com/shop/page/22/?per_page=18&shop_view=grid&per_row=6" "Mozilla/5.0 (Linux; Android 7.0;) AppleWebKit/537.36 (KHTML, like Gecko) Mobile Safari/537.36 (compatible; PetalBot;+https://webmaster.petalsearch.com/site/petalbot)"
103.131.51.123 - - [15/Jan/2026:02:50:00 +0700] "POST /wp-cron.php?doing_wp_cron=1768420200.4747300148010253906250 HTTP/1.1" 200 474 "-" "WordPress/6.9; https://view.lotushomemade.com"
114.119.150.215 - - [15/Jan/2026:02:49:56 +0700] "GET /shop/page/21/?orderby=popularity&per_row=2&shop_view=grid&stock_status=instock HTTP/1.1" 200 39540 "https://view.lotushomemade.com/shop/page/18?orderby=popularity&per_row=2&shop_view=grid&stock_status=instock" "Mozilla/5.0 (Linux; Android 7.0;) AppleWebKit/537.36 (KHTML, like Gecko) Mobile Safari/537.36 (compatible; PetalBot;+https://webmaster.petalsearch.com/site/petalbot)"
103.131.51.123 - - [15/Jan/2026:02:51:18 +0700] "POST /wp-cron.php?doing_wp_cron=1768420278.8850700855255126953125 HTTP/1.1" 200 474 "-" "WordPress/6.9; https://view.lotushomemade.com"
114.119.150.215 - - [15/Jan/2026:02:51:14 +0700] "GET /shop/page/21/?orderby=date&per_row=6&shop_view=grid HTTP/1.1" 200 39496 "https://view.lotushomemade.com/shop/page/18?orderby=date&per_row=6&shop_view=grid" "Mozilla/5.0 (Linux; Android 7.0;) AppleWebKit/537.36 (KHTML, like Gecko) Mobile Safari/537.36 (compatible; PetalBot;+https://webmaster.petalsearch.com/site/petalbot)"
103.131.51.123 - - [15/Jan/2026:02:51:59 +0700] "POST /wp-cron.php?doing_wp_cron=1768420319.8213889598846435546875 HTTP/1.1" 200 474 "-" "WordPress/6.9; https://view.lotushomemade.com"
114.119.145.110 - - [15/Jan/2026:02:51:58 +0700] "GET /shop/page/21/?orderby=date&per_row=2&shop_view=grid&per_page=8 HTTP/1.1" 200 39442 "https://view.lotushomemade.com/shop/page/18/?orderby=date&per_row=2&shop_view=grid&per_page=8" "Mozilla/5.0 (Linux; Android 7.0;) AppleWebKit/537.36 (KHTML, like Gecko) Mobile Safari/537.36 (compatible; PetalBot;+https://webmaster.petalsearch.com/site/petalbot)"
103.131.51.123 - - [15/Jan/2026:02:52:01 +0700] "POST /wp-cron.php?doing_wp_cron=1768420321.1783130168914794921875 HTTP/1.1" 200 474 "-" "WordPress/6.9; https://view.lotushomemade.com"
57.141.16.89 - - [15/Jan/2026:02:51:59 +0700] "GET /shop/page/34/?per_page=8&shop_view=grid&per_row=6 HTTP/2" 200 228709 "-" "meta-externalagent/1.1 (+https://developers.facebook.com/docs/sharing/webmasters/crawler)"
114.119.149.78 - - [15/Jan/2026:02:52:54 +0700] "GET /shop/page/20/?stock_status=onsale&per_row=4&per_page=12&shop_view=grid HTTP/1.1" 200 40263 "https://view.lotushomemade.com/shop/page/18/?stock_status=onsale&per_row=4&per_page=12&shop_view=grid" "Mozilla/5.0 (Linux; Android 7.0;) AppleWebKit/537.36 (KHTML, like Gecko) Mobile Safari/537.36 (compatible; PetalBot;+https://webmaster.petalsearch.com/site/petalbot)"
103.131.51.123 - - [15/Jan/2026:02:53:43 +0700] "POST /wp-cron.php?doing_wp_cron=1768420423.3873219490051269531250 HTTP/1.1" 200 474 "-" "WordPress/6.9; https://view.lotushomemade.com"
114.119.149.78 - - [15/Jan/2026:02:53:41 +0700] "GET /shop/page/20/?orderby=rating&stock_status=onsale&per_page=8 HTTP/1.1" 200 39227 "https://view.lotushomemade.com/shop/page/17?orderby=rating&stock_status=onsale&per_page=8" "Mozilla/5.0 (Linux; Android 7.0;) AppleWebKit/537.36 (KHTML, like Gecko) Mobile Safari/537.36 (compatible; PetalBot;+https://webmaster.petalsearch.com/site/petalbot)"
57.141.16.61 - - [15/Jan/2026:02:54:03 +0700] "GET /product-category/crispy-snack-series/100-vegan-crispy-snack-series/page/1/?stock_status=instock&per_row=6&per_page=18&shop_view=grid HTTP/2" 301 0 "-" "meta-externalagent/1.1 (+https://developers.facebook.com/docs/sharing/webmasters/crawler)"
114.119.145.110 - - [15/Jan/2026:02:54:26 +0700] "GET /shop/page/20/?orderby=date&stock_status=onsale&per_row=6&shop_view=grid HTTP/1.1" 200 39569 "https://view.lotushomemade.com/shop/page/19?orderby=date&stock_status=onsale&per_row=6&shop_view=grid" "Mozilla/5.0 (Linux; Android 7.0;) AppleWebKit/537.36 (KHTML, like Gecko) Mobile Safari/537.36 (compatible; PetalBot;+https://webmaster.petalsearch.com/site/petalbot)"
103.131.51.123 - - [15/Jan/2026:02:54:57 +0700] "POST /wp-cron.php?doing_wp_cron=1768420497.2924540042877197265625 HTTP/1.1" 200 474 "-" "WordPress/6.9; https://view.lotushomemade.com"
57.141.16.11 - - [15/Jan/2026:02:54:55 +0700] "GET /product-category/traditional-cookies-series/page/12/?per_row=6&per_page=8&shop_view=grid&stock_status=instock HTTP/2" 200 231786 "-" "meta-externalagent/1.1 (+https://developers.facebook.com/docs/sharing/webmasters/crawler)"
114.119.142.208 - - [15/Jan/2026:02:55:28 +0700] "GET /shop/page/20/?max_price=1040&per_row=6&shop_view=grid&stock_status=onsale HTTP/1.1" 200 40370 "https://view.lotushomemade.com/shop/page/21/?max_price=1040&per_row=6&shop_view=grid&stock_status=onsale" "Mozilla/5.0 (Linux; Android 7.0;) AppleWebKit/537.36 (KHTML, like Gecko) Mobile Safari/537.36 (compatible; PetalBot;+https://webmaster.petalsearch.com/site/petalbot)"
103.131.51.123 - - [15/Jan/2026:02:56:31 +0700] "POST /wp-cron.php?doing_wp_cron=1768420590.9742569923400878906250 HTTP/1.1" 200 474 "-" "WordPress/6.9; https://view.lotushomemade.com"
57.141.16.96 - - [15/Jan/2026:02:56:30 +0700] "GET /product-category/traditional-cookies-series/page/1/?per_row=2&per_page=18&shop_view=grid&stock_status=instock HTTP/2" 301 0 "-" "meta-externalagent/1.1 (+https://developers.facebook.com/docs/sharing/webmasters/crawler)"
103.131.51.123 - - [15/Jan/2026:02:56:50 +0700] "POST /wp-cron.php?doing_wp_cron=1768420610.6982181072235107421875 HTTP/1.1" 200 474 "-" "WordPress/6.9; https://view.lotushomemade.com"
114.119.130.97 - - [15/Jan/2026:02:56:50 +0700] "GET /shop/page/2/?stock_status=instock,onsale&per_row=2&shop_view=grid&per_page=12 HTTP/1.1" 301 678 "https://view.lotushomemade.com/shop?stock_status=instock%2Consale&per_row=2&shop_view=grid&per_page=12" "Mozilla/5.0 (Linux; Android 7.0;) AppleWebKit/537.36 (KHTML, like Gecko) Mobile Safari/537.36 (compatible; PetalBot;+https://webmaster.petalsearch.com/site/petalbot)"
114.119.130.97 - - [15/Jan/2026:02:56:50 +0700] "GET /shop/page/2/?stock_status=instock,onsale&per_row=2&shop_view=grid&per_page=12 HTTP/1.1" 301 678 "https://view.lotushomemade.com/shop?stock_status=instock%2Consale&per_row=2&shop_view=grid&per_page=12" "Mozilla/5.0 (Linux; Android 7.0;) AppleWebKit/537.36 (KHTML, like Gecko) Mobile Safari/537.36 (compatible; PetalBot;+https://webmaster.petalsearch.com/site/petalbot)"
114.119.130.97 - - [15/Jan/2026:02:56:51 +0700] "GET /shop/page/2/?stock_status=instock,onsale&per_row=2&shop_view=grid&per_page=12 HTTP/1.1" 301 678 "https://view.lotushomemade.com/shop?stock_status=instock%2Consale&per_row=2&shop_view=grid&per_page=12" "Mozilla/5.0 (Linux; Android 7.0;) AppleWebKit/537.36 (KHTML, like Gecko) Mobile Safari/537.36 (compatible; PetalBot;+https://webmaster.petalsearch.com/site/petalbot)"
114.119.130.97 - - [15/Jan/2026:02:56:51 +0700] "GET /shop/page/2/?stock_status=instock,onsale&per_row=2&shop_view=grid&per_page=12 HTTP/1.1" 301 678 "https://view.lotushomemade.com/shop?stock_status=instock%2Consale&per_row=2&shop_view=grid&per_page=12" "Mozilla/5.0 (Linux; Android 7.0;) AppleWebKit/537.36 (KHTML, like Gecko) Mobile Safari/537.36 (compatible; PetalBot;+https://webmaster.petalsearch.com/site/petalbot)"
114.119.130.97 - - [15/Jan/2026:02:56:52 +0700] "GET /shop/page/2/?stock_status=instock,onsale&per_row=2&shop_view=grid&per_page=12 HTTP/1.1" 301 678 "https://view.lotushomemade.com/shop?stock_status=instock%2Consale&per_row=2&shop_view=grid&per_page=12" "Mozilla/5.0 (Linux; Android 7.0;) AppleWebKit/537.36 (KHTML, like Gecko) Mobile Safari/537.36 (compatible; PetalBot;+https://webmaster.petalsearch.com/site/petalbot)"
114.119.130.97 - - [15/Jan/2026:02:56:52 +0700] "GET /shop/page/2/?stock_status=instock,onsale&per_row=2&shop_view=grid&per_page=12 HTTP/1.1" 301 678 "https://view.lotushomemade.com/shop?stock_status=instock%2Consale&per_row=2&shop_view=grid&per_page=12" "Mozilla/5.0 (Linux; Android 7.0;) AppleWebKit/537.36 (KHTML, like Gecko) Mobile Safari/537.36 (compatible; PetalBot;+https://webmaster.petalsearch.com/site/petalbot)"
