114.119.142.208 - - [15/Jan/2026:03:38:43 +0700] "GET /shop/page/2/?orderby=price&per_page=18&stock_status=instock,onsale HTTP/1.1" 301 579 "https://view.lotushomemade.com/shop?orderby=price&per_page=18&stock_status=instock%2Consale" "Mozilla/5.0 (Linux; Android 7.0;) AppleWebKit/537.36 (KHTML, like Gecko) Mobile Safari/537.36 (compatible; PetalBot;+https://webmaster.petalsearch.com/site/petalbot)"
114.119.142.208 - - [15/Jan/2026:03:38:44 +0700] "GET /shop/page/2/?orderby=price&per_page=18&stock_status=instock,onsale HTTP/1.1" 301 579 "https://view.lotushomemade.com/shop?orderby=price&per_page=18&stock_status=instock%2Consale" "Mozilla/5.0 (Linux; Android 7.0;) AppleWebKit/537.36 (KHTML, like Gecko) Mobile Safari/537.36 (compatible; PetalBot;+https://webmaster.petalsearch.com/site/petalbot)"
114.119.142.208 - - [15/Jan/2026:03:38:44 +0700] "GET /shop/page/2/?orderby=price&per_page=18&stock_status=instock,onsale HTTP/1.1" 301 579 "https://view.lotushomemade.com/shop?orderby=price&per_page=18&stock_status=instock%2Consale" "Mozilla/5.0 (Linux; Android 7.0;) AppleWebKit/537.36 (KHTML, like Gecko) Mobile Safari/537.36 (compatible; PetalBot;+https://webmaster.petalsearch.com/site/petalbot)"
114.119.142.208 - - [15/Jan/2026:03:38:45 +0700] "GET /shop/page/2/?orderby=price&per_page=18&stock_status=instock,onsale HTTP/1.1" 301 579 "https://view.lotushomemade.com/shop?orderby=price&per_page=18&stock_status=instock%2Consale" "Mozilla/5.0 (Linux; Android 7.0;) AppleWebKit/537.36 (KHTML, like Gecko) Mobile Safari/537.36 (compatible; PetalBot;+https://webmaster.petalsearch.com/site/petalbot)"
114.119.142.208 - - [15/Jan/2026:03:38:45 +0700] "GET /shop/page/2/?orderby=price&per_page=18&stock_status=instock,onsale HTTP/1.1" 301 579 "https://view.lotushomemade.com/shop?orderby=price&per_page=18&stock_status=instock%2Consale" "Mozilla/5.0 (Linux; Android 7.0;) AppleWebKit/537.36 (KHTML, like Gecko) Mobile Safari/537.36 (compatible; PetalBot;+https://webmaster.petalsearch.com/site/petalbot)"
114.119.142.208 - - [15/Jan/2026:03:38:46 +0700] "GET /shop/page/2/?orderby=price&per_page=18&stock_status=instock,onsale HTTP/1.1" 301 579 "https://view.lotushomemade.com/shop?orderby=price&per_page=18&stock_status=instock%2Consale" "Mozilla/5.0 (Linux; Android 7.0;) AppleWebKit/537.36 (KHTML, like Gecko) Mobile Safari/537.36 (compatible; PetalBot;+https://webmaster.petalsearch.com/site/petalbot)"
114.119.142.208 - - [15/Jan/2026:03:38:47 +0700] "GET /shop/page/2/?orderby=price&per_page=18&stock_status=instock,onsale HTTP/1.1" 301 579 "https://view.lotushomemade.com/shop?orderby=price&per_page=18&stock_status=instock%2Consale" "Mozilla/5.0 (Linux; Android 7.0;) AppleWebKit/537.36 (KHTML, like Gecko) Mobile Safari/537.36 (compatible; PetalBot;+https://webmaster.petalsearch.com/site/petalbot)"
114.119.142.208 - - [15/Jan/2026:03:38:47 +0700] "GET /shop/page/2/?orderby=price&per_page=18&stock_status=instock,onsale HTTP/1.1" 301 579 "https://view.lotushomemade.com/shop?orderby=price&per_page=18&stock_status=instock%2Consale" "Mozilla/5.0 (Linux; Android 7.0;) AppleWebKit/537.36 (KHTML, like Gecko) Mobile Safari/537.36 (compatible; PetalBot;+https://webmaster.petalsearch.com/site/petalbot)"
114.119.142.208 - - [15/Jan/2026:03:38:48 +0700] "GET /shop/page/2/?orderby=price&per_page=18&stock_status=instock,onsale HTTP/1.1" 301 579 "https://view.lotushomemade.com/shop?orderby=price&per_page=18&stock_status=instock%2Consale" "Mozilla/5.0 (Linux; Android 7.0;) AppleWebKit/537.36 (KHTML, like Gecko) Mobile Safari/537.36 (compatible; PetalBot;+https://webmaster.petalsearch.com/site/petalbot)"
103.131.51.123 - - [15/Jan/2026:03:40:09 +0700] "POST /wp-cron.php?doing_wp_cron=1768423209.1943430900573730468750 HTTP/1.1" 200 474 "-" "WordPress/6.9; https://view.lotushomemade.com"
114.119.149.78 - - [15/Jan/2026:03:40:05 +0700] "GET /shop/page/2/?orderby=date&per_row=6&per_page=12&shop_view=grid HTTP/1.1" 200 40413 "https://view.lotushomemade.com/shop/page/27/?orderby=date&per_row=6&per_page=12&shop_view=grid" "Mozilla/5.0 (Linux; Android 7.0;) AppleWebKit/537.36 (KHTML, like Gecko) Mobile Safari/537.36 (compatible; PetalBot;+https://webmaster.petalsearch.com/site/petalbot)"
103.131.51.123 - - [15/Jan/2026:03:41:33 +0700] "POST /wp-cron.php?doing_wp_cron=1768423293.1662580966949462890625 HTTP/1.1" 200 474 "-" "WordPress/6.9; https://view.lotushomemade.com"
114.119.150.215 - - [15/Jan/2026:03:41:29 +0700] "GET /shop/page/2/?min_price=0&per_page=8 HTTP/1.1" 200 39878 "https://view.lotushomemade.com/shop/page/17?min_price=0&per_page=8" "Mozilla/5.0 (Linux; Android 7.0;) AppleWebKit/537.36 (KHTML, like Gecko) Mobile Safari/537.36 (compatible; PetalBot;+https://webmaster.petalsearch.com/site/petalbot)"
103.131.51.123 - - [15/Jan/2026:03:42:59 +0700] "POST /wp-cron.php?doing_wp_cron=1768423379.4229540824890136718750 HTTP/1.1" 200 474 "-" "WordPress/6.9; https://view.lotushomemade.com"
114.119.130.97 - - [15/Jan/2026:03:42:54 +0700] "GET /shop/page/2/?min_price=0&max_price=260&stock_status=onsale HTTP/1.1" 200 40661 "https://view.lotushomemade.com/shop/page/17?min_price=0&max_price=260&stock_status=onsale" "Mozilla/5.0 (Linux; Android 7.0;) AppleWebKit/537.36 (KHTML, like Gecko) Mobile Safari/537.36 (compatible; PetalBot;+https://webmaster.petalsearch.com/site/petalbot)"
103.131.51.123 - - [15/Jan/2026:03:44:21 +0700] "POST /wp-cron.php?doing_wp_cron=1768423461.2088010311126708984375 HTTP/1.1" 200 474 "-" "WordPress/6.9; https://view.lotushomemade.com"
114.119.142.208 - - [15/Jan/2026:03:44:18 +0700] "GET /shop?max_price=1040&stock_status=instock&per_page=8&filter_brand=blessing-food HTTP/1.1" 301 589 "-" "Mozilla/5.0 (Linux; Android 7.0;) AppleWebKit/537.36 (KHTML, like Gecko) Mobile Safari/537.36 (compatible; PetalBot;+https://webmaster.petalsearch.com/site/petalbot)"
114.119.142.208 - - [15/Jan/2026:03:44:21 +0700] "GET /shop/?max_price=1040&stock_status=instock&per_page=8&filter_brand=blessing-food HTTP/1.1" 200 38742 "-" "Mozilla/5.0 (Linux; Android 7.0;) AppleWebKit/537.36 (KHTML, like Gecko) Mobile Safari/537.36 (compatible; PetalBot;+https://webmaster.petalsearch.com/site/petalbot)"
103.131.51.123 - - [15/Jan/2026:03:45:45 +0700] "POST /wp-cron.php?doing_wp_cron=1768423545.1615760326385498046875 HTTP/1.1" 200 474 "-" "WordPress/6.9; https://view.lotushomemade.com"
114.119.145.110 - - [15/Jan/2026:03:45:40 +0700] "GET /shop/page/7/?per_page=12&stock_status=onsale HTTP/1.1" 200 39839 "https://view.lotushomemade.com/shop/page/4/?per_page=12&stock_status=onsale" "Mozilla/5.0 (Linux; Android 7.0;) AppleWebKit/537.36 (KHTML, like Gecko) Mobile Safari/537.36 (compatible; PetalBot;+https://webmaster.petalsearch.com/site/petalbot)"
103.131.51.123 - - [15/Jan/2026:03:47:08 +0700] "POST /wp-cron.php?doing_wp_cron=1768423628.1334919929504394531250 HTTP/1.1" 200 474 "-" "WordPress/6.9; https://view.lotushomemade.com"
114.119.151.206 - - [15/Jan/2026:03:47:03 +0700] "GET /shop/page/47/?max_price=1040&per_row=4&shop_view=grid&per_page=8 HTTP/1.1" 200 39697 "https://view.lotushomemade.com/shop/page/22/?max_price=1040&per_row=4&shop_view=grid&per_page=8" "Mozilla/5.0 (Linux; Android 7.0;) AppleWebKit/537.36 (KHTML, like Gecko) Mobile Safari/537.36 (compatible; PetalBot;+https://webmaster.petalsearch.com/site/petalbot)"
103.131.51.123 - - [15/Jan/2026:03:48:31 +0700] "POST /wp-cron.php?doing_wp_cron=1768423711.0942399501800537109375 HTTP/1.1" 200 474 "-" "WordPress/6.9; https://view.lotushomemade.com"
114.119.148.197 - - [15/Jan/2026:03:48:26 +0700] "GET /shop/page/4/?per_page=12&shop_view=grid&per_row=4 HTTP/1.1" 200 40207 "https://view.lotushomemade.com/shop/page/1?per_page=12&shop_view=grid&per_row=4" "Mozilla/5.0 (Linux; Android 7.0;) AppleWebKit/537.36 (KHTML, like Gecko) Mobile Safari/537.36 (compatible; PetalBot;+https://webmaster.petalsearch.com/site/petalbot)"
103.131.51.123 - - [15/Jan/2026:03:49:56 +0700] "POST /wp-cron.php?doing_wp_cron=1768423796.6618340015411376953125 HTTP/1.1" 200 474 "-" "WordPress/6.9; https://view.lotushomemade.com"
114.119.142.208 - - [15/Jan/2026:03:49:52 +0700] "GET /shop/page/33/?per_row=6&per_page=8&shop_view=grid&stock_status=onsale HTTP/1.1" 200 39431 "https://view.lotushomemade.com/shop/page/30/?per_row=6&per_page=8&shop_view=grid&stock_status=onsale" "Mozilla/5.0 (Linux; Android 7.0;) AppleWebKit/537.36 (KHTML, like Gecko) Mobile Safari/537.36 (compatible; PetalBot;+https://webmaster.petalsearch.com/site/petalbot)"
103.131.51.123 - - [15/Jan/2026:03:51:17 +0700] "POST /wp-cron.php?doing_wp_cron=1768423877.9526159763336181640625 HTTP/1.1" 200 474 "-" "WordPress/6.9; https://view.lotushomemade.com"
114.119.145.110 - - [15/Jan/2026:03:51:13 +0700] "GET /shop/page/20/?orderby=date&per_row=6&shop_view=grid&per_page=12 HTTP/1.1" 200 39563 "https://view.lotushomemade.com/shop/page/19?orderby=date&per_row=6&shop_view=grid&per_page=12" "Mozilla/5.0 (Linux; Android 7.0;) AppleWebKit/537.36 (KHTML, like Gecko) Mobile Safari/537.36 (compatible; PetalBot;+https://webmaster.petalsearch.com/site/petalbot)"
103.131.51.123 - - [15/Jan/2026:03:52:42 +0700] "POST /wp-cron.php?doing_wp_cron=1768423962.7840220928192138671875 HTTP/1.1" 200 474 "-" "WordPress/6.9; https://view.lotushomemade.com"
114.119.142.208 - - [15/Jan/2026:03:52:40 +0700] "GET /shop/page/2/?orderby=price&per_page=8&stock_status=instock,onsale HTTP/1.1" 301 577 "https://view.lotushomemade.com/shop?orderby=price&per_page=8&stock_status=instock%2Consale" "Mozilla/5.0 (Linux; Android 7.0;) AppleWebKit/537.36 (KHTML, like Gecko) Mobile Safari/537.36 (compatible; PetalBot;+https://webmaster.petalsearch.com/site/petalbot)"
114.119.142.208 - - [15/Jan/2026:03:52:45 +0700] "GET /shop/page/2/?orderby=price&per_page=8&stock_status=instock,onsale HTTP/1.1" 301 577 "https://view.lotushomemade.com/shop?orderby=price&per_page=8&stock_status=instock%2Consale" "Mozilla/5.0 (Linux; Android 7.0;) AppleWebKit/537.36 (KHTML, like Gecko) Mobile Safari/537.36 (compatible; PetalBot;+https://webmaster.petalsearch.com/site/petalbot)"
114.119.142.208 - - [15/Jan/2026:03:52:45 +0700] "GET /shop/page/2/?orderby=price&per_page=8&stock_status=instock,onsale HTTP/1.1" 301 577 "https://view.lotushomemade.com/shop?orderby=price&per_page=8&stock_status=instock%2Consale" "Mozilla/5.0 (Linux; Android 7.0;) AppleWebKit/537.36 (KHTML, like Gecko) Mobile Safari/537.36 (compatible; PetalBot;+https://webmaster.petalsearch.com/site/petalbot)"
114.119.142.208 - - [15/Jan/2026:03:52:46 +0700] "GET /shop/page/2/?orderby=price&per_page=8&stock_status=instock,onsale HTTP/1.1" 301 577 "https://view.lotushomemade.com/shop?orderby=price&per_page=8&stock_status=instock%2Consale" "Mozilla/5.0 (Linux; Android 7.0;) AppleWebKit/537.36 (KHTML, like Gecko) Mobile Safari/537.36 (compatible; PetalBot;+https://webmaster.petalsearch.com/site/petalbot)"
114.119.142.208 - - [15/Jan/2026:03:52:47 +0700] "GET /shop/page/2/?orderby=price&per_page=8&stock_status=instock,onsale HTTP/1.1" 301 577 "https://view.lotushomemade.com/shop?orderby=price&per_page=8&stock_status=instock%2Consale" "Mozilla/5.0 (Linux; Android 7.0;) AppleWebKit/537.36 (KHTML, like Gecko) Mobile Safari/537.36 (compatible; PetalBot;+https://webmaster.petalsearch.com/site/petalbot)"
114.119.142.208 - - [15/Jan/2026:03:52:47 +0700] "GET /shop/page/2/?orderby=price&per_page=8&stock_status=instock,onsale HTTP/1.1" 301 577 "https://view.lotushomemade.com/shop?orderby=price&per_page=8&stock_status=instock%2Consale" "Mozilla/5.0 (Linux; Android 7.0;) AppleWebKit/537.36 (KHTML, like Gecko) Mobile Safari/537.36 (compatible; PetalBot;+https://webmaster.petalsearch.com/site/petalbot)"
114.119.142.208 - - [15/Jan/2026:03:52:48 +0700] "GET /shop/page/2/?orderby=price&per_page=8&stock_status=instock,onsale HTTP/1.1" 301 577 "https://view.lotushomemade.com/shop?orderby=price&per_page=8&stock_status=instock%2Consale" "Mozilla/5.0 (Linux; Android 7.0;) AppleWebKit/537.36 (KHTML, like Gecko) Mobile Safari/537.36 (compatible; PetalBot;+https://webmaster.petalsearch.com/site/petalbot)"
114.119.142.208 - - [15/Jan/2026:03:52:48 +0700] "GET /shop/page/2/?orderby=price&per_page=8&stock_status=instock,onsale HTTP/1.1" 301 577 "https://view.lotushomemade.com/shop?orderby=price&per_page=8&stock_status=instock%2Consale" "Mozilla/5.0 (Linux; Android 7.0;) AppleWebKit/537.36 (KHTML, like Gecko) Mobile Safari/537.36 (compatible; PetalBot;+https://webmaster.petalsearch.com/site/petalbot)"
114.119.142.208 - - [15/Jan/2026:03:52:49 +0700] "GET /shop/page/2/?orderby=price&per_page=8&stock_status=instock,onsale HTTP/1.1" 301 577 "https://view.lotushomemade.com/shop?orderby=price&per_page=8&stock_status=instock%2Consale" "Mozilla/5.0 (Linux; Android 7.0;) AppleWebKit/537.36 (KHTML, like Gecko) Mobile Safari/537.36 (compatible; PetalBot;+https://webmaster.petalsearch.com/site/petalbot)"
114.119.142.208 - - [15/Jan/2026:03:52:49 +0700] "GET /shop/page/2/?orderby=price&per_page=8&stock_status=instock,onsale HTTP/1.1" 301 577 "https://view.lotushomemade.com/shop?orderby=price&per_page=8&stock_status=instock%2Consale" "Mozilla/5.0 (Linux; Android 7.0;) AppleWebKit/537.36 (KHTML, like Gecko) Mobile Safari/537.36 (compatible; PetalBot;+https://webmaster.petalsearch.com/site/petalbot)"
103.131.51.123 - - [15/Jan/2026:03:53:42 +0700] "POST /wp-cron.php?doing_wp_cron=1768424022.4606840610504150390625 HTTP/1.1" 200 474 "-" "WordPress/6.9; https://view.lotushomemade.com"
57.141.16.5 - - [15/Jan/2026:03:53:40 +0700] "GET /shop/page/11/?per_row=6&per_page=12&shop_view=grid&stock_status=instock%2Consale HTTP/2" 200 241552 "-" "meta-externalagent/1.1 (+https://developers.facebook.com/docs/sharing/webmasters/crawler)"
114.119.156.27 - - [15/Jan/2026:03:54:01 +0700] "GET /shop/page/1?stock_status=instock&per_page=18 HTTP/1.1" 301 549 "https://view.lotushomemade.com/shop/page/2?stock_status=instock&per_page=18" "Mozilla/5.0 (Linux; Android 7.0;) AppleWebKit/537.36 (KHTML, like Gecko) Mobile Safari/537.36 (compatible; PetalBot;+https://webmaster.petalsearch.com/site/petalbot)"
114.119.156.27 - - [15/Jan/2026:03:54:02 +0700] "GET /shop/?stock_status=instock&per_page=18 HTTP/1.1" 200 42207 "https://view.lotushomemade.com/shop/page/2?stock_status=instock&per_page=18" "Mozilla/5.0 (Linux; Android 7.0;) AppleWebKit/537.36 (KHTML, like Gecko) Mobile Safari/537.36 (compatible; PetalBot;+https://webmaster.petalsearch.com/site/petalbot)"
103.131.51.123 - - [15/Jan/2026:03:55:29 +0700] "POST /wp-cron.php?doing_wp_cron=1768424128.9793510437011718750000 HTTP/1.1" 200 474 "-" "WordPress/6.9; https://view.lotushomemade.com"
114.119.145.110 - - [15/Jan/2026:03:55:26 +0700] "GET /shop/page/1?shop_view=grid&per_row=6 HTTP/1.1" 301 583 "https://view.lotushomemade.com/shop/page/13/?shop_view=grid&per_row=6" "Mozilla/5.0 (Linux; Android 7.0;) AppleWebKit/537.36 (KHTML, like Gecko) Mobile Safari/537.36 (compatible; PetalBot;+https://webmaster.petalsearch.com/site/petalbot)"
114.119.145.110 - - [15/Jan/2026:03:55:29 +0700] "GET /shop/?shop_view=grid&per_row=6 HTTP/1.1" 200 40923 "https://view.lotushomemade.com/shop/page/13/?shop_view=grid&per_row=6" "Mozilla/5.0 (Linux; Android 7.0;) AppleWebKit/537.36 (KHTML, like Gecko) Mobile Safari/537.36 (compatible; PetalBot;+https://webmaster.petalsearch.com/site/petalbot)"
103.131.51.123 - - [15/Jan/2026:03:55:35 +0700] "POST /wp-cron.php?doing_wp_cron=1768424135.1413919925689697265625 HTTP/1.1" 200 474 "-" "WordPress/6.9; https://view.lotushomemade.com"
81.37.197.125 - - [15/Jan/2026:03:55:33 +0700] "GET /product/mango-pineapple-roll_8080-s/?add-to-cart=8250 HTTP/1.1" 200 38546 "-" "Mozilla/5.0 (compatible; MSIE 5.0; Windows CE; Trident/3.1)"
103.131.51.123 - - [15/Jan/2026:03:56:52 +0700] "POST /wp-cron.php?doing_wp_cron=1768424212.1058790683746337890625 HTTP/1.1" 200 474 "-" "WordPress/6.9; https://view.lotushomemade.com"
114.119.130.97 - - [15/Jan/2026:03:56:49 +0700] "GET /shop/page/1?orderby=price-desc&per_row=2&shop_view=grid&per_page=12 HTTP/1.1" 301 660 "https://view.lotushomemade.com/shop/page/15/?orderby=price-desc&per_row=2&shop_view=grid&per_page=12" "Mozilla/5.0 (Linux; Android 7.0;) AppleWebKit/537.36 (KHTML, like Gecko) Mobile Safari/537.36 (compatible; PetalBot;+https://webmaster.petalsearch.com/site/petalbot)"
114.119.130.97 - - [15/Jan/2026:03:56:52 +0700] "GET /shop/?orderby=price-desc&per_row=2&shop_view=grid&per_page=12 HTTP/1.1" 200 40824 "https://view.lotushomemade.com/shop/page/15/?orderby=price-desc&per_row=2&shop_view=grid&per_page=12" "Mozilla/5.0 (Linux; Android 7.0;) AppleWebKit/537.36 (KHTML, like Gecko) Mobile Safari/537.36 (compatible; PetalBot;+https://webmaster.petalsearch.com/site/petalbot)"
57.141.16.46 - - [15/Jan/2026:03:57:18 +0700] "GET /shop/page/25/?stock_status=onsale HTTP/2" 200 239751 "-" "meta-externalagent/1.1 (+https://developers.facebook.com/docs/sharing/webmasters/crawler)"
103.131.51.123 - - [15/Jan/2026:03:58:15 +0700] "POST /wp-cron.php?doing_wp_cron=1768424295.3418340682983398437500 HTTP/1.1" 200 474 "-" "WordPress/6.9; https://view.lotushomemade.com"
114.119.150.215 - - [15/Jan/2026:03:58:14 +0700] "GET /shop/page/1?orderby=popularity&stock_status=onsale&per_row=4&shop_view=grid HTTP/1.1" 301 622 "https://view.lotushomemade.com/shop/page/16/?orderby=popularity&stock_status=onsale&per_row=4&shop_view=grid" "Mozilla/5.0 (Linux; Android 7.0;) AppleWebKit/537.36 (KHTML, like Gecko) Mobile Safari/537.36 (compatible; PetalBot;+https://webmaster.petalsearch.com/site/petalbot)"
114.119.150.215 - - [15/Jan/2026:03:58:15 +0700] "GET /shop/?orderby=popularity&stock_status=onsale&per_row=4&shop_view=grid HTTP/1.1" 200 41240 "https://view.lotushomemade.com/shop/page/16/?orderby=popularity&stock_status=onsale&per_row=4&shop_view=grid" "Mozilla/5.0 (Linux; Android 7.0;) AppleWebKit/537.36 (KHTML, like Gecko) Mobile Safari/537.36 (compatible; PetalBot;+https://webmaster.petalsearch.com/site/petalbot)"
103.131.51.123 - - [15/Jan/2026:03:59:38 +0700] "POST /wp-cron.php?doing_wp_cron=1768424378.4244110584259033203125 HTTP/1.1" 200 474 "-" "WordPress/6.9; https://view.lotushomemade.com"
114.119.145.110 - - [15/Jan/2026:03:59:35 +0700] "GET /shop/page/1?orderby=popularity&per_page=8&stock_status=instock HTTP/1.1" 301 566 "https://view.lotushomemade.com/shop/page/13/?orderby=popularity&per_page=8&stock_status=instock" "Mozilla/5.0 (Linux; Android 7.0;) AppleWebKit/537.36 (KHTML, like Gecko) Mobile Safari/537.36 (compatible; PetalBot;+https://webmaster.petalsearch.com/site/petalbot)"
114.119.145.110 - - [15/Jan/2026:03:59:38 +0700] "GET /shop/?orderby=popularity&per_page=8&stock_status=instock HTTP/1.1" 200 40453 "https://view.lotushomemade.com/shop/page/13/?orderby=popularity&per_page=8&stock_status=instock" "Mozilla/5.0 (Linux; Android 7.0;) AppleWebKit/537.36 (KHTML, like Gecko) Mobile Safari/537.36 (compatible; PetalBot;+https://webmaster.petalsearch.com/site/petalbot)"
103.131.51.123 - - [15/Jan/2026:04:01:22 +0700] "POST /wp-cron.php?doing_wp_cron=1768424482.4503989219665527343750 HTTP/1.1" 200 474 "-" "WordPress/6.9; https://view.lotushomemade.com"
57.141.16.29 - - [15/Jan/2026:04:01:17 +0700] "GET /shop/page/8/?stock_status=onsale HTTP/2" 200 238289 "-" "meta-externalagent/1.1 (+https://developers.facebook.com/docs/sharing/webmasters/crawler)"
103.131.51.123 - - [15/Jan/2026:04:02:02 +0700] "POST /wp-cron.php?doing_wp_cron=1768424522.4443650245666503906250 HTTP/1.1" 200 474 "-" "WordPress/6.9; https://view.lotushomemade.com"
114.119.130.97 - - [15/Jan/2026:04:02:01 +0700] "GET /shop/page/1?orderby=date&stock_status=onsale&shop_view=grid&per_row=6 HTTP/1.1" 301 616 "https://view.lotushomemade.com/shop/page/14/?orderby=date&stock_status=onsale&shop_view=grid&per_row=6" "Mozilla/5.0 (Linux; Android 7.0;) AppleWebKit/537.36 (KHTML, like Gecko) Mobile Safari/537.36 (compatible; PetalBot;+https://webmaster.petalsearch.com/site/petalbot)"
114.119.156.27 - - [15/Jan/2026:04:02:25 +0700] "GET /shop/page/1?orderby=date&per_row=2&shop_view=grid&per_page=8 HTTP/1.1" 301 652 "https://view.lotushomemade.com/shop/page/9?orderby=date&per_row=2&shop_view=grid&per_page=8" "Mozilla/5.0 (Linux; Android 7.0;) AppleWebKit/537.36 (KHTML, like Gecko) Mobile Safari/537.36 (compatible; PetalBot;+https://webmaster.petalsearch.com/site/petalbot)"
114.119.156.27 - - [15/Jan/2026:04:02:26 +0700] "GET /shop/?orderby=date&per_row=2&shop_view=grid&per_page=8 HTTP/1.1" 200 40223 "https://view.lotushomemade.com/shop/page/9?orderby=date&per_row=2&shop_view=grid&per_page=8" "Mozilla/5.0 (Linux; Android 7.0;) AppleWebKit/537.36 (KHTML, like Gecko) Mobile Safari/537.36 (compatible; PetalBot;+https://webmaster.petalsearch.com/site/petalbot)"
103.131.51.123 - - [15/Jan/2026:04:03:40 +0700] "POST /wp-cron.php?doing_wp_cron=1768424620.0953469276428222656250 HTTP/1.1" 200 474 "-" "WordPress/6.9; https://view.lotushomemade.com"
52.167.144.177 - - [15/Jan/2026:04:03:38 +0700] "GET /product/crispy-lotus-root_8118-l/ HTTP/2" 200 36104 "-" "Mozilla/5.0 AppleWebKit/537.36 (KHTML, like Gecko; compatible; bingbot/2.0; +http://www.bing.com/bingbot.htm) Chrome/116.0.1938.76 Safari/537.36"
57.141.16.55 - - [15/Jan/2026:04:04:27 +0700] "GET /shop/page/13/?stock_status=instock&per_page=12&shop_view=grid&per_row=6 HTTP/2" 200 242460 "-" "meta-externalagent/1.1 (+https://developers.facebook.com/docs/sharing/webmasters/crawler)"
207.46.13.168 - - [15/Jan/2026:04:04:30 +0700] "GET /wp-content/uploads/2023/11/1121-430x430.png HTTP/2" 200 295094 "-" "Mozilla/5.0 AppleWebKit/537.36 (KHTML, like Gecko; compatible; bingbot/2.0; +http://www.bing.com/bingbot.htm) Chrome/116.0.1938.76 Safari/537.36"
103.131.51.123 - - [15/Jan/2026:04:04:38 +0700] "POST /wp-cron.php?doing_wp_cron=1768424678.1042010784149169921875 HTTP/1.1" 200 474 "-" "WordPress/6.9; https://view.lotushomemade.com"
114.119.142.208 - - [15/Jan/2026:04:04:37 +0700] "GET /shop/page/1?max_price=1040&per_row=4&shop_view=grid&per_page=24 HTTP/1.1" 301 656 "https://view.lotushomemade.com/shop/page/8?max_price=1040&per_row=4&shop_view=grid&per_page=24" "Mozilla/5.0 (Linux; Android 7.0;) AppleWebKit/537.36 (KHTML, like Gecko) Mobile Safari/537.36 (compatible; PetalBot;+https://webmaster.petalsearch.com/site/petalbot)"
114.119.142.208 - - [15/Jan/2026:04:04:38 +0700] "GET /shop/?max_price=1040&per_row=4&shop_view=grid&per_page=24 HTTP/1.1" 200 43518 "https://view.lotushomemade.com/shop/page/8?max_price=1040&per_row=4&shop_view=grid&per_page=24" "Mozilla/5.0 (Linux; Android 7.0;) AppleWebKit/537.36 (KHTML, like Gecko) Mobile Safari/537.36 (compatible; PetalBot;+https://webmaster.petalsearch.com/site/petalbot)"
114.119.148.197 - - [15/Jan/2026:04:05:21 +0700] "GET /shop/page/1?max_price=1040&per_page=18&shop_view=grid&per_row=6 HTTP/1.1" 301 656 "https://view.lotushomemade.com/shop/page/16/?max_price=1040&per_page=18&shop_view=grid&per_row=6" "Mozilla/5.0 (Linux; Android 7.0;) AppleWebKit/537.36 (KHTML, like Gecko) Mobile Safari/537.36 (compatible; PetalBot;+https://webmaster.petalsearch.com/site/petalbot)"
114.119.148.197 - - [15/Jan/2026:04:05:23 +0700] "GET /shop/?max_price=1040&per_page=18&shop_view=grid&per_row=6 HTTP/1.1" 200 42561 "https://view.lotushomemade.com/shop/page/16/?max_price=1040&per_page=18&shop_view=grid&per_row=6" "Mozilla/5.0 (Linux; Android 7.0;) AppleWebKit/537.36 (KHTML, like Gecko) Mobile Safari/537.36 (compatible; PetalBot;+https://webmaster.petalsearch.com/site/petalbot)"
103.131.51.123 - - [15/Jan/2026:04:06:35 +0700] "POST /wp-cron.php?doing_wp_cron=1768424795.9138250350952148437500 HTTP/1.1" 200 474 "-" "WordPress/6.9; https://view.lotushomemade.com"
114.119.148.197 - - [15/Jan/2026:04:06:35 +0700] "GET /shop?min_price=520&stock_status=instock&per_page=24 HTTP/1.1" 301 563 "https://view.lotushomemade.com/shop?min_price=520&per_page=24&stock_status=instock" "Mozilla/5.0 (Linux; Android 7.0;) AppleWebKit/537.36 (KHTML, like Gecko) Mobile Safari/537.36 (compatible; PetalBot;+https://webmaster.petalsearch.com/site/petalbot)"
114.119.148.197 - - [15/Jan/2026:04:06:36 +0700] "GET /shop/?min_price=520&stock_status=instock&per_page=24 HTTP/1.1" 200 38540 "https://view.lotushomemade.com/shop?min_price=520&per_page=24&stock_status=instock" "Mozilla/5.0 (Linux; Android 7.0;) AppleWebKit/537.36 (KHTML, like Gecko) Mobile Safari/537.36 (compatible; PetalBot;+https://webmaster.petalsearch.com/site/petalbot)"
57.141.16.90 - - [15/Jan/2026:04:06:38 +0700] "GET /shop/page/15/?add-to-cart=16900 HTTP/2" 200 239601 "-" "meta-externalagent/1.1 (+https://developers.facebook.com/docs/sharing/webmasters/crawler)"
154.124.133.100 - - [15/Jan/2026:04:06:53 +0700] "GET /product/peanut-butter-kuih-kapit-tin/?add-to-cart=8247 HTTP/1.1" 200 38455 "-" "Mozilla/5.0 (Windows 95) AppleWebKit/532.2 (KHTML, like Gecko) Chrome/46.0.818.0 Safari/532.2"
103.131.51.123 - - [15/Jan/2026:04:08:00 +0700] "POST /wp-cron.php?doing_wp_cron=1768424880.7079429626464843750000 HTTP/1.1" 200 474 "-" "WordPress/6.9; https://view.lotushomemade.com"
114.119.142.208 - - [15/Jan/2026:04:07:58 +0700] "GET /shop/page/8/?orderby=price&per_row=4&per_page=24&shop_view=grid HTTP/1.1" 200 42437 "https://view.lotushomemade.com/shop/page/9/?orderby=price&per_row=4&per_page=24&shop_view=grid" "Mozilla/5.0 (Linux; Android 7.0;) AppleWebKit/537.36 (KHTML, like Gecko) Mobile Safari/537.36 (compatible; PetalBot;+https://webmaster.petalsearch.com/site/petalbot)"
103.131.51.123 - - [15/Jan/2026:04:08:40 +0700] "POST /wp-cron.php?doing_wp_cron=1768424920.4747629165649414062500 HTTP/1.1" 200 474 "-" "WordPress/6.9; https://view.lotushomemade.com"
197.249.26.11 - - [15/Jan/2026:04:08:38 +0700] "GET /product/double-chocolate-crispy-cookies-sg/?add-to-cart=8250 HTTP/1.1" 200 38508 "-" "Mozilla/5.0 (Windows NT 5.2) AppleWebKit/535.2 (KHTML, like Gecko) Chrome/25.0.883.0 Safari/535.2"
114.119.142.208 - - [15/Jan/2026:04:09:22 +0700] "GET /shop/page/8/?orderby=price&per_page=12&shop_view=grid&per_row=4 HTTP/1.1" 200 40021 "https://view.lotushomemade.com/shop/page/5/?orderby=price&per_page=12&shop_view=grid&per_row=4" "Mozilla/5.0 (Linux; Android 7.0;) AppleWebKit/537.36 (KHTML, like Gecko) Mobile Safari/537.36 (compatible; PetalBot;+https://webmaster.petalsearch.com/site/petalbot)"
103.131.51.123 - - [15/Jan/2026:04:10:02 +0700] "POST /wp-cron.php?doing_wp_cron=1768425002.7963109016418457031250 HTTP/1.1" 200 474 "-" "WordPress/6.9; https://view.lotushomemade.com"
57.141.16.44 - - [15/Jan/2026:04:10:00 +0700] "GET /shop/page/13/?add-to-cart=7943 HTTP/2" 200 240834 "-" "meta-externalagent/1.1 (+https://developers.facebook.com/docs/sharing/webmasters/crawler)"
103.131.51.123 - - [15/Jan/2026:04:10:48 +0700] "POST /wp-cron.php?doing_wp_cron=1768425048.3870029449462890625000 HTTP/1.1" 200 474 "-" "WordPress/6.9; https://view.lotushomemade.com"
114.119.150.215 - - [15/Jan/2026:04:10:46 +0700] "GET /shop/page/28/?orderby=price-desc HTTP/1.1" 200 39806 "https://view.lotushomemade.com/shop/page/31/?orderby=price-desc" "Mozilla/5.0 (Linux; Android 7.0;) AppleWebKit/537.36 (KHTML, like Gecko) Mobile Safari/537.36 (compatible; PetalBot;+https://webmaster.petalsearch.com/site/petalbot)"
103.131.51.123 - - [15/Jan/2026:04:11:47 +0700] "POST /wp-cron.php?doing_wp_cron=1768425107.7902269363403320312500 HTTP/1.1" 200 474 "-" "WordPress/6.9; https://view.lotushomemade.com"
57.141.16.68 - - [15/Jan/2026:04:11:46 +0700] "GET /shop/page/9/?per_row=6&shop_view=grid&per_page=12 HTTP/2" 200 241307 "-" "meta-externalagent/1.1 (+https://developers.facebook.com/docs/sharing/webmasters/crawler)"
114.119.156.27 - - [15/Jan/2026:04:12:11 +0700] "GET /shop/page/20/?max_price=520&per_row=6&shop_view=grid&per_page=8 HTTP/1.1" 200 39662 "https://view.lotushomemade.com/shop/page/19/?max_price=520&per_row=6&shop_view=grid&per_page=8" "Mozilla/5.0 (Linux; Android 7.0;) AppleWebKit/537.36 (KHTML, like Gecko) Mobile Safari/537.36 (compatible; PetalBot;+https://webmaster.petalsearch.com/site/petalbot)"
103.131.51.123 - - [15/Jan/2026:04:13:37 +0700] "POST /wp-cron.php?doing_wp_cron=1768425217.8398020267486572265625 HTTP/1.1" 200 474 "-" "WordPress/6.9; https://view.lotushomemade.com"
114.119.150.215 - - [15/Jan/2026:04:13:35 +0700] "GET /shop/page/19?per_row=4&per_page=18&shop_view=grid HTTP/1.1" 301 649 "https://view.lotushomemade.com/shop/page/18/?per_row=4&per_page=18&shop_view=grid" "Mozilla/5.0 (Linux; Android 7.0;) AppleWebKit/537.36 (KHTML, like Gecko) Mobile Safari/537.36 (compatible; PetalBot;+https://webmaster.petalsearch.com/site/petalbot)"
114.119.150.215 - - [15/Jan/2026:04:13:37 +0700] "GET /shop/page/19/?per_row=4&per_page=18&shop_view=grid HTTP/1.1" 200 41158 "https://view.lotushomemade.com/shop/page/18/?per_row=4&per_page=18&shop_view=grid" "Mozilla/5.0 (Linux; Android 7.0;) AppleWebKit/537.36 (KHTML, like Gecko) Mobile Safari/537.36 (compatible; PetalBot;+https://webmaster.petalsearch.com/site/petalbot)"
103.131.51.123 - - [15/Jan/2026:04:15:00 +0700] "POST /wp-cron.php?doing_wp_cron=1768425300.2272460460662841796875 HTTP/1.1" 200 474 "-" "WordPress/6.9; https://view.lotushomemade.com"
114.119.151.206 - - [15/Jan/2026:04:14:57 +0700] "GET /shop/page/19?per_row=2&shop_view=grid&per_page=18 HTTP/1.1" 301 649 "https://view.lotushomemade.com/shop/page/16/?per_row=2&shop_view=grid&per_page=18" "Mozilla/5.0 (Linux; Android 7.0;) AppleWebKit/537.36 (KHTML, like Gecko) Mobile Safari/537.36 (compatible; PetalBot;+https://webmaster.petalsearch.com/site/petalbot)"
114.119.151.206 - - [15/Jan/2026:04:15:00 +0700] "GET /shop/page/19/?per_row=2&shop_view=grid&per_page=18 HTTP/1.1" 200 41195 "https://view.lotushomemade.com/shop/page/16/?per_row=2&shop_view=grid&per_page=18" "Mozilla/5.0 (Linux; Android 7.0;) AppleWebKit/537.36 (KHTML, like Gecko) Mobile Safari/537.36 (compatible; PetalBot;+https://webmaster.petalsearch.com/site/petalbot)"
97.127.68.120 - - [15/Jan/2026:04:15:08 +0700] "GET /product/cashew-nut-cookies_8080-s/?add-to-cart=8645 HTTP/1.1" 200 38277 "-" "Mozilla/5.0 (compatible; MSIE 5.0; Windows 98; Win 9x 4.90; Trident/4.1)"
103.131.51.123 - - [15/Jan/2026:04:15:41 +0700] "POST /wp-cron.php?doing_wp_cron=1768425341.7239930629730224609375 HTTP/1.1" 200 474 "-" "WordPress/6.9; https://view.lotushomemade.com"
57.141.16.15 - - [15/Jan/2026:04:15:39 +0700] "GET /product-category/traditional-cookies-series/page/10/?stock_status=onsale&per_row=2&shop_view=grid&per_page=8 HTTP/2" 200 232507 "-" "meta-externalagent/1.1 (+https://developers.facebook.com/docs/sharing/webmasters/crawler)"
114.119.156.27 - - [15/Jan/2026:04:16:21 +0700] "GET /shop/page/19?orderby=popularity&stock_status=instock HTTP/1.1" 301 518 "https://view.lotushomemade.com/shop/page/17/?orderby=popularity&stock_status=instock" "Mozilla/5.0 (Linux; Android 7.0;) AppleWebKit/537.36 (KHTML, like Gecko) Mobile Safari/537.36 (compatible; PetalBot;+https://webmaster.petalsearch.com/site/petalbot)"
114.119.156.27 - - [15/Jan/2026:04:16:22 +0700] "GET /shop/page/19/?orderby=popularity&stock_status=instock HTTP/1.1" 200 39741 "https://view.lotushomemade.com/shop/page/17/?orderby=popularity&stock_status=instock" "Mozilla/5.0 (Linux; Android 7.0;) AppleWebKit/537.36 (KHTML, like Gecko) Mobile Safari/537.36 (compatible; PetalBot;+https://webmaster.petalsearch.com/site/petalbot)"
103.131.51.123 - - [15/Jan/2026:04:17:49 +0700] "POST /wp-cron.php?doing_wp_cron=1768425469.1156818866729736328125 HTTP/1.1" 200 474 "-" "WordPress/6.9; https://view.lotushomemade.com"
114.119.149.78 - - [15/Jan/2026:04:17:44 +0700] "GET /shop/page/19/?per_row=2&shop_view=grid&per_page=18 HTTP/1.1" 200 41198 "https://view.lotushomemade.com/shop/page/21?per_row=2&shop_view=grid&per_page=18" "Mozilla/5.0 (Linux; Android 7.0;) AppleWebKit/537.36 (KHTML, like Gecko) Mobile Safari/537.36 (compatible; PetalBot;+https://webmaster.petalsearch.com/site/petalbot)"
103.131.51.123 - - [15/Jan/2026:04:18:56 +0700] "POST /wp-cron.php?doing_wp_cron=1768425536.9513258934020996093750 HTTP/1.1" 200 474 "-" "WordPress/6.9; https://view.lotushomemade.com"
57.141.16.72 - - [15/Jan/2026:04:18:55 +0700] "GET /product-category/traditional-cookies-series/page/11/?stock_status=onsale&per_row=2&shop_view=grid&per_page=8 HTTP/2" 200 231908 "-" "meta-externalagent/1.1 (+https://developers.facebook.com/docs/sharing/webmasters/crawler)"
114.119.148.197 - - [15/Jan/2026:04:19:08 +0700] "GET /shop/page/19/?per_row=2&per_page=8&shop_view=grid&stock_status=instock HTTP/1.1" 200 39437 "https://view.lotushomemade.com/shop/page/18?per_row=2&per_page=8&shop_view=grid&stock_status=instock" "Mozilla/5.0 (Linux; Android 7.0;) AppleWebKit/537.36 (KHTML, like Gecko) Mobile Safari/537.36 (compatible; PetalBot;+https://webmaster.petalsearch.com/site/petalbot)"
103.131.51.123 - - [15/Jan/2026:04:20:37 +0700] "POST /wp-cron.php?doing_wp_cron=1768425637.0255489349365234375000 HTTP/1.1" 200 474 "-" "WordPress/6.9; https://view.lotushomemade.com"
114.119.145.110 - - [15/Jan/2026:04:20:33 +0700] "GET /shop/page/19/?orderby=rating&stock_status=onsale HTTP/1.1" 200 39678 "https://view.lotushomemade.com/shop/page/17?orderby=rating&stock_status=onsale" "Mozilla/5.0 (Linux; Android 7.0;) AppleWebKit/537.36 (KHTML, like Gecko) Mobile Safari/537.36 (compatible; PetalBot;+https://webmaster.petalsearch.com/site/petalbot)"
103.131.51.123 - - [15/Jan/2026:04:22:00 +0700] "POST /wp-cron.php?doing_wp_cron=1768425720.5712220668792724609375 HTTP/1.1" 200 474 "-" "WordPress/6.9; https://view.lotushomemade.com"
114.119.145.110 - - [15/Jan/2026:04:21:56 +0700] "GET /shop/page/19/?orderby=rating&per_row=6&shop_view=grid&stock_status=onsale HTTP/1.1" 200 39821 "https://view.lotushomemade.com/shop/page/17?orderby=rating&per_row=6&shop_view=grid&stock_status=onsale" "Mozilla/5.0 (Linux; Android 7.0;) AppleWebKit/537.36 (KHTML, like Gecko) Mobile Safari/537.36 (compatible; PetalBot;+https://webmaster.petalsearch.com/site/petalbot)"
103.131.51.123 - - [15/Jan/2026:04:23:25 +0700] "POST /wp-cron.php?doing_wp_cron=1768425805.0559890270233154296875 HTTP/1.1" 200 474 "-" "WordPress/6.9; https://view.lotushomemade.com"
114.119.150.215 - - [15/Jan/2026:04:23:20 +0700] "GET /shop/page/19/?orderby=rating&per_row=4&per_page=18&shop_view=grid HTTP/1.1" 200 40426 "https://view.lotushomemade.com/shop/page/21/?orderby=rating&per_row=4&per_page=18&shop_view=grid" "Mozilla/5.0 (Linux; Android 7.0;) AppleWebKit/537.36 (KHTML, like Gecko) Mobile Safari/537.36 (compatible; PetalBot;+https://webmaster.petalsearch.com/site/petalbot)"
103.131.51.123 - - [15/Jan/2026:04:24:21 +0700] "POST /wp-cron.php?doing_wp_cron=1768425861.3606150150299072265625 HTTP/1.1" 200 474 "-" "WordPress/6.9; https://view.lotushomemade.com"
57.141.16.77 - - [15/Jan/2026:04:24:19 +0700] "GET /product-category/traditional-cookies-series/page/10/?per_row=6&per_page=8&shop_view=grid&stock_status=instock HTTP/2" 200 232500 "-" "meta-externalagent/1.1 (+https://developers.facebook.com/docs/sharing/webmasters/crawler)"
103.131.51.123 - - [15/Jan/2026:04:24:46 +0700] "POST /wp-cron.php?doing_wp_cron=1768425886.5747389793395996093750 HTTP/1.1" 200 474 "-" "WordPress/6.9; https://view.lotushomemade.com"
114.119.130.97 - - [15/Jan/2026:04:24:44 +0700] "GET /shop/page/19/?orderby=rating&per_page=8 HTTP/1.1" 200 39228 "https://view.lotushomemade.com/shop/page/20/?orderby=rating&per_page=8" "Mozilla/5.0 (Linux; Android 7.0;) AppleWebKit/537.36 (KHTML, like Gecko) Mobile Safari/537.36 (compatible; PetalBot;+https://webmaster.petalsearch.com/site/petalbot)"
57.141.16.13 - - [15/Jan/2026:04:24:49 +0700] "GET /product-category/traditional-cookies-series/page/8/?per_row=6&per_page=8&shop_view=grid&stock_status=instock HTTP/2" 200 230537 "-" "meta-externalagent/1.1 (+https://developers.facebook.com/docs/sharing/webmasters/crawler)"
103.131.51.123 - - [15/Jan/2026:04:26:14 +0700] "POST /wp-cron.php?doing_wp_cron=1768425974.1439449787139892578125 HTTP/1.1" 200 474 "-" "WordPress/6.9; https://view.lotushomemade.com"
114.119.156.27 - - [15/Jan/2026:04:26:09 +0700] "GET /shop/page/19/?orderby=price-desc&stock_status=onsale&per_row=6&shop_view=grid HTTP/1.1" 200 40180 "https://view.lotushomemade.com/shop/page/20?orderby=price-desc&stock_status=onsale&per_row=6&shop_view=grid" "Mozilla/5.0 (Linux; Android 7.0;) AppleWebKit/537.36 (KHTML, like Gecko) Mobile Safari/537.36 (compatible; PetalBot;+https://webmaster.petalsearch.com/site/petalbot)"
57.141.16.34 - - [15/Jan/2026:04:26:22 +0700] "GET /shop/page/13/?add-to-cart=8526 HTTP/2" 200 240843 "-" "meta-externalagent/1.1 (+https://developers.facebook.com/docs/sharing/webmasters/crawler)"
103.131.51.123 - - [15/Jan/2026:04:27:35 +0700] "POST /wp-cron.php?doing_wp_cron=1768426055.5345530509948730468750 HTTP/1.1" 200 474 "-" "WordPress/6.9; https://view.lotushomemade.com"
114.119.145.110 - - [15/Jan/2026:04:27:33 +0700] "GET /shop/page/19/?orderby=price-desc&stock_status=instock&per_page=18 HTTP/1.1" 200 40869 "https://view.lotushomemade.com/shop/page/20?orderby=price-desc&stock_status=instock&per_page=18" "Mozilla/5.0 (Linux; Android 7.0;) AppleWebKit/537.36 (KHTML, like Gecko) Mobile Safari/537.36 (compatible; PetalBot;+https://webmaster.petalsearch.com/site/petalbot)"
57.141.16.96 - - [15/Jan/2026:04:27:54 +0700] "GET /shop/page/9/?per_row=2&per_page=12&shop_view=grid&stock_status=instock%2Consale HTTP/2" 200 242344 "-" "meta-externalagent/1.1 (+https://developers.facebook.com/docs/sharing/webmasters/crawler)"
103.131.51.123 - - [15/Jan/2026:04:28:56 +0700] "POST /wp-cron.php?doing_wp_cron=1768426136.5009009838104248046875 HTTP/1.1" 200 474 "-" "WordPress/6.9; https://view.lotushomemade.com"
114.119.151.206 - - [15/Jan/2026:04:28:54 +0700] "GET /shop/page/19/?orderby=price-desc&per_page=18&shop_view=grid&per_row=4 HTTP/1.1" 200 41057 "https://view.lotushomemade.com/shop/page/20?orderby=price-desc&per_page=18&shop_view=grid&per_row=4" "Mozilla/5.0 (Linux; Android 7.0;) AppleWebKit/537.36 (KHTML, like Gecko) Mobile Safari/537.36 (compatible; PetalBot;+https://webmaster.petalsearch.com/site/petalbot)"
103.131.51.123 - - [15/Jan/2026:04:30:22 +0700] "POST /wp-cron.php?doing_wp_cron=1768426222.4319689273834228515625 HTTP/1.1" 200 474 "-" "WordPress/6.9; https://view.lotushomemade.com"
114.119.142.208 - - [15/Jan/2026:04:30:18 +0700] "GET /shop/page/19/?orderby=price-desc&per_page=12&stock_status=onsale HTTP/1.1" 200 40066 "https://view.lotushomemade.com/shop/page/17?orderby=price-desc&per_page=12&stock_status=onsale" "Mozilla/5.0 (Linux; Android 7.0;) AppleWebKit/537.36 (KHTML, like Gecko) Mobile Safari/537.36 (compatible; PetalBot;+https://webmaster.petalsearch.com/site/petalbot)"
103.131.51.123 - - [15/Jan/2026:04:31:07 +0700] "POST /wp-cron.php?doing_wp_cron=1768426267.0362548828125000000000 HTTP/1.1" 200 474 "-" "WordPress/6.9; https://view.lotushomemade.com"
57.141.16.91 - - [15/Jan/2026:04:31:05 +0700] "GET /product-category/traditional-cookies-series/page/6/?stock_status=instock%2Consale&per_row=2&per_page=12&shop_view=grid HTTP/2" 200 244573 "-" "meta-externalagent/1.1 (+https://developers.facebook.com/docs/sharing/webmasters/crawler)"
103.131.51.123 - - [15/Jan/2026:04:31:43 +0700] "POST /wp-cron.php?doing_wp_cron=1768426303.9333550930023193359375 HTTP/1.1" 200 474 "-" "WordPress/6.9; https://view.lotushomemade.com"
114.119.151.206 - - [15/Jan/2026:04:31:42 +0700] "GET /shop/page/19/?orderby=price&per_row=6&shop_view=grid&stock_status=instock HTTP/1.1" 200 40164 "https://view.lotushomemade.com/shop/page/22/?orderby=price&per_row=6&shop_view=grid&stock_status=instock" "Mozilla/5.0 (Linux; Android 7.0;) AppleWebKit/537.36 (KHTML, like Gecko) Mobile Safari/537.36 (compatible; PetalBot;+https://webmaster.petalsearch.com/site/petalbot)"
57.141.16.0 - - [15/Jan/2026:04:31:49 +0700] "GET /shop/page/19/?per_row=2&per_page=18&shop_view=grid&stock_status=onsale HTTP/2" 200 260341 "-" "meta-externalagent/1.1 (+https://developers.facebook.com/docs/sharing/webmasters/crawler)"
103.131.51.123 - - [15/Jan/2026:04:32:51 +0700] "POST /wp-cron.php?doing_wp_cron=1768426371.4262199401855468750000 HTTP/1.1" 200 474 "-" "WordPress/6.9; https://view.lotushomemade.com"
57.141.16.42 - - [15/Jan/2026:04:32:49 +0700] "GET /shop/page/14/?per_row=4&shop_view=grid&stock_status=onsale HTTP/2" 200 243616 "-" "meta-externalagent/1.1 (+https://developers.facebook.com/docs/sharing/webmasters/crawler)"
57.141.16.42 - - [15/Jan/2026:04:32:59 +0700] "GET /shop/page/10/?add-to-cart=16764 HTTP/2" 200 239615 "-" "meta-externalagent/1.1 (+https://developers.facebook.com/docs/sharing/webmasters/crawler)"
114.119.142.208 - - [15/Jan/2026:04:33:05 +0700] "GET /shop/page/19/?orderby=price&per_row=2&shop_view=grid&per_page=8 HTTP/1.1" 200 39515 "https://view.lotushomemade.com/shop/page/20?orderby=price&per_row=2&shop_view=grid&per_page=8" "Mozilla/5.0 (Linux; Android 7.0;) AppleWebKit/537.36 (KHTML, like Gecko) Mobile Safari/537.36 (compatible; PetalBot;+https://webmaster.petalsearch.com/site/petalbot)"
103.131.51.123 - - [15/Jan/2026:04:34:17 +0700] "POST /wp-cron.php?doing_wp_cron=1768426457.4382479190826416015625 HTTP/1.1" 200 474 "-" "WordPress/6.9; https://view.lotushomemade.com"
57.141.16.5 - - [15/Jan/2026:04:34:15 +0700] "GET /shop/page/17/?per_row=4&shop_view=grid&per_page=12 HTTP/2" 200 240303 "-" "meta-externalagent/1.1 (+https://developers.facebook.com/docs/sharing/webmasters/crawler)"
114.119.148.197 - - [15/Jan/2026:04:34:29 +0700] "GET /shop/page/19/?orderby=popularity&stock_status=onsale&per_row=4&shop_view=grid HTTP/1.1" 200 39907 "https://view.lotushomemade.com/shop/page/17?orderby=popularity&stock_status=onsale&per_row=4&shop_view=grid" "Mozilla/5.0 (Linux; Android 7.0;) AppleWebKit/537.36 (KHTML, like Gecko) Mobile Safari/537.36 (compatible; PetalBot;+https://webmaster.petalsearch.com/site/petalbot)"
103.131.51.123 - - [15/Jan/2026:04:35:57 +0700] "POST /wp-cron.php?doing_wp_cron=1768426557.0267028808593750000000 HTTP/1.1" 200 474 "-" "WordPress/6.9; https://view.lotushomemade.com"
114.119.142.208 - - [15/Jan/2026:04:35:52 +0700] "GET /shop/page/19/?orderby=popularity&per_page=18&stock_status=instock HTTP/1.1" 200 40342 "https://view.lotushomemade.com/shop/page/21/?orderby=popularity&per_page=18&stock_status=instock" "Mozilla/5.0 (Linux; Android 7.0;) AppleWebKit/537.36 (KHTML, like Gecko) Mobile Safari/537.36 (compatible; PetalBot;+https://webmaster.petalsearch.com/site/petalbot)"
103.131.51.123 - - [15/Jan/2026:04:37:24 +0700] "POST /wp-cron.php?doing_wp_cron=1768426644.3443379402160644531250 HTTP/1.1" 200 474 "-" "WordPress/6.9; https://view.lotushomemade.com"
114.119.130.97 - - [15/Jan/2026:04:37:20 +0700] "GET /shop/page/19/?min_price=0&per_row=6&shop_view=grid HTTP/1.1" 200 39949 "https://view.lotushomemade.com/shop/page/22/?min_price=0&per_row=6&shop_view=grid" "Mozilla/5.0 (Linux; Android 7.0;) AppleWebKit/537.36 (KHTML, like Gecko) Mobile Safari/537.36 (compatible; PetalBot;+https://webmaster.petalsearch.com/site/petalbot)"
103.131.51.123 - - [15/Jan/2026:04:38:44 +0700] "POST /wp-cron.php?doing_wp_cron=1768426724.0865769386291503906250 HTTP/1.1" 200 474 "-" "WordPress/6.9; https://view.lotushomemade.com"
114.119.156.27 - - [15/Jan/2026:04:38:39 +0700] "GET /shop/page/19/?max_price=780&stock_status=instock&per_page=18 HTTP/1.1" 200 41249 "https://view.lotushomemade.com/shop/page/18/?max_price=780&stock_status=instock&per_page=18" "Mozilla/5.0 (Linux; Android 7.0;) AppleWebKit/537.36 (KHTML, like Gecko) Mobile Safari/537.36 (compatible; PetalBot;+https://webmaster.petalsearch.com/site/petalbot)"
103.131.51.123 - - [15/Jan/2026:04:40:07 +0700] "POST /wp-cron.php?doing_wp_cron=1768426807.2434380054473876953125 HTTP/1.1" 200 474 "-" "WordPress/6.9; https://view.lotushomemade.com"
114.119.156.27 - - [15/Jan/2026:04:40:03 +0700] "GET /shop/page/19/?max_price=780&per_row=6&shop_view=grid HTTP/1.1" 200 40147 "https://view.lotushomemade.com/shop/page/21/?max_price=780&per_row=6&shop_view=grid" "Mozilla/5.0 (Linux; Android 7.0;) AppleWebKit/537.36 (KHTML, like Gecko) Mobile Safari/537.36 (compatible; PetalBot;+https://webmaster.petalsearch.com/site/petalbot)"
103.131.51.123 - - [15/Jan/2026:04:40:08 +0700] "POST /wp-cron.php?doing_wp_cron=1768426808.3534080982208251953125 HTTP/1.1" 200 474 "-" "WordPress/6.9; https://view.lotushomemade.com"
57.141.16.50 - - [15/Jan/2026:04:40:06 +0700] "GET /product-category/traditional-cookies-series/page/6/?stock_status=instock%2Consale&per_row=6&per_page=18&shop_view=grid HTTP/2" 200 262859 "-" "meta-externalagent/1.1 (+https://developers.facebook.com/docs/sharing/webmasters/crawler)"
45.181.24.254 - - [15/Jan/2026:04:40:23 +0700] "GET /product/sunflower-seeds-crisps_8080-s/?add-to-cart=7951 HTTP/1.1" 200 38062 "-" "Mozilla/5.0 (compatible; MSIE 5.0; Windows 95; Trident/5.0)"
103.131.51.123 - - [15/Jan/2026:04:41:32 +0700] "POST /wp-cron.php?doing_wp_cron=1768426892.6139419078826904296875 HTTP/1.1" 200 474 "-" "WordPress/6.9; https://view.lotushomemade.com"
114.119.142.208 - - [15/Jan/2026:04:41:30 +0700] "GET /shop/page/19/?max_price=780&per_row=4&shop_view=grid&stock_status=onsale HTTP/1.1" 200 40150 "https://view.lotushomemade.com/shop/page/19/?max_price=780&per_row=4&shop_view=grid&stock_status=onsale" "Mozilla/5.0 (Linux; Android 7.0;) AppleWebKit/537.36 (KHTML, like Gecko) Mobile Safari/537.36 (compatible; PetalBot;+https://webmaster.petalsearch.com/site/petalbot)"
103.131.51.123 - - [15/Jan/2026:04:42:54 +0700] "POST /wp-cron.php?doing_wp_cron=1768426974.8645410537719726562500 HTTP/1.1" 200 474 "-" "WordPress/6.9; https://view.lotushomemade.com"
114.119.142.208 - - [15/Jan/2026:04:42:50 +0700] "GET /shop/page/19/?max_price=520&stock_status=onsale HTTP/1.1" 200 40062 "https://view.lotushomemade.com/shop/page/21/?max_price=520&stock_status=onsale" "Mozilla/5.0 (Linux; Android 7.0;) AppleWebKit/537.36 (KHTML, like Gecko) Mobile Safari/537.36 (compatible; PetalBot;+https://webmaster.petalsearch.com/site/petalbot)"
103.131.51.123 - - [15/Jan/2026:04:44:18 +0700] "POST /wp-cron.php?doing_wp_cron=1768427058.0726299285888671875000 HTTP/1.1" 200 474 "-" "WordPress/6.9; https://view.lotushomemade.com"
114.119.142.208 - - [15/Jan/2026:04:44:14 +0700] "GET /shop/page/19/?max_price=1040&stock_status=instock&per_row=6&shop_view=grid HTTP/1.1" 200 40199 "https://view.lotushomemade.com/shop/page/20/?max_price=1040&stock_status=instock&per_row=6&shop_view=grid" "Mozilla/5.0 (Linux; Android 7.0;) AppleWebKit/537.36 (KHTML, like Gecko) Mobile Safari/537.36 (compatible; PetalBot;+https://webmaster.petalsearch.com/site/petalbot)"
47.128.40.73 - - [15/Jan/2026:04:44:25 +0700] "GET /robots.txt HTTP/1.1" 200 624 "-" "Mozilla/5.0 (Linux; Android 5.0) AppleWebKit/537.36 (KHTML, like Gecko) Mobile Safari/537.36 (compatible; Bytespider; spider-feedback@bytedance.com)"
103.131.51.123 - - [15/Jan/2026:04:45:37 +0700] "POST /wp-cron.php?doing_wp_cron=1768427137.6293139457702636718750 HTTP/1.1" 200 474 "-" "WordPress/6.9; https://view.lotushomemade.com"
114.119.156.27 - - [15/Jan/2026:04:45:37 +0700] "GET /shop/page/18?stock_status=onsale&shop_view=grid&per_row=6 HTTP/1.1" 301 611 "https://view.lotushomemade.com/shop/page/15/?stock_status=onsale&shop_view=grid&per_row=6" "Mozilla/5.0 (Linux; Android 7.0;) AppleWebKit/537.36 (KHTML, like Gecko) Mobile Safari/537.36 (compatible; PetalBot;+https://webmaster.petalsearch.com/site/petalbot)"
114.119.156.27 - - [15/Jan/2026:04:45:37 +0700] "GET /shop/page/18/?stock_status=onsale&shop_view=grid&per_row=6 HTTP/1.1" 200 40289 "https://view.lotushomemade.com/shop/page/15/?stock_status=onsale&shop_view=grid&per_row=6" "Mozilla/5.0 (Linux; Android 7.0;) AppleWebKit/537.36 (KHTML, like Gecko) Mobile Safari/537.36 (compatible; PetalBot;+https://webmaster.petalsearch.com/site/petalbot)"
103.131.51.123 - - [15/Jan/2026:04:47:03 +0700] "POST /wp-cron.php?doing_wp_cron=1768427223.7519481182098388671875 HTTP/1.1" 200 474 "-" "WordPress/6.9; https://view.lotushomemade.com"
114.119.151.206 - - [15/Jan/2026:04:47:01 +0700] "GET /shop/page/18?shop_view=grid&per_row=6 HTTP/1.1" 301 591 "https://view.lotushomemade.com/shop/page/17/?shop_view=grid&per_row=6" "Mozilla/5.0 (Linux; Android 7.0;) AppleWebKit/537.36 (KHTML, like Gecko) Mobile Safari/537.36 (compatible; PetalBot;+https://webmaster.petalsearch.com/site/petalbot)"
114.119.151.206 - - [15/Jan/2026:04:47:03 +0700] "GET /shop/page/18/?shop_view=grid&per_row=6 HTTP/1.1" 200 40236 "https://view.lotushomemade.com/shop/page/17/?shop_view=grid&per_row=6" "Mozilla/5.0 (Linux; Android 7.0;) AppleWebKit/537.36 (KHTML, like Gecko) Mobile Safari/537.36 (compatible; PetalBot;+https://webmaster.petalsearch.com/site/petalbot)"
103.131.51.123 - - [15/Jan/2026:04:48:27 +0700] "POST /wp-cron.php?doing_wp_cron=1768427307.3148488998413085937500 HTTP/1.1" 200 474 "-" "WordPress/6.9; https://view.lotushomemade.com"
114.119.156.27 - - [15/Jan/2026:04:48:24 +0700] "GET /shop/page/18?orderby=rating&per_row=6&per_page=12&shop_view=grid HTTP/1.1" 301 664 "https://view.lotushomemade.com/shop/page/15/?orderby=rating&per_row=6&per_page=12&shop_view=grid" "Mozilla/5.0 (Linux; Android 7.0;) AppleWebKit/537.36 (KHTML, like Gecko) Mobile Safari/537.36 (compatible; PetalBot;+https://webmaster.petalsearch.com/site/petalbot)"
114.119.156.27 - - [15/Jan/2026:04:48:27 +0700] "GET /shop/page/18/?orderby=rating&per_row=6&per_page=12&shop_view=grid HTTP/1.1" 200 39854 "https://view.lotushomemade.com/shop/page/15/?orderby=rating&per_row=6&per_page=12&shop_view=grid" "Mozilla/5.0 (Linux; Android 7.0;) AppleWebKit/537.36 (KHTML, like Gecko) Mobile Safari/537.36 (compatible; PetalBot;+https://webmaster.petalsearch.com/site/petalbot)"
103.131.51.123 - - [15/Jan/2026:04:49:50 +0700] "POST /wp-cron.php?doing_wp_cron=1768427390.6607470512390136718750 HTTP/1.1" 200 474 "-" "WordPress/6.9; https://view.lotushomemade.com"
