File: //proc/thread-self/root/home/lotushomemade.com/logs/view.lotushomemade.com/access_ssl_log
103.131.51.123 - - [15/Jan/2026:05:42:53 +0700] "POST /wp-cron.php?doing_wp_cron=1768430572.9794309139251708984375 HTTP/1.1" 200 474 "-" "WordPress/6.9; https://view.lotushomemade.com"
114.119.149.78 - - [15/Jan/2026:05:42:48 +0700] "GET /shop/page/17/?per_row=4&shop_view=grid&per_page=18 HTTP/1.1" 200 41119 "https://view.lotushomemade.com/shop/page/20/?per_row=4&shop_view=grid&per_page=18" "Mozilla/5.0 (Linux; Android 7.0;) AppleWebKit/537.36 (KHTML, like Gecko) Mobile Safari/537.36 (compatible; PetalBot;+https://webmaster.petalsearch.com/site/petalbot)"
57.141.16.53 - - [15/Jan/2026:05:43:13 +0700] "GET /product-category/traditional-cookies-series/page/7/?stock_status=instock%2Consale&per_row=2&per_page=12&shop_view=grid HTTP/2" 200 245617 "-" "meta-externalagent/1.1 (+https://developers.facebook.com/docs/sharing/webmasters/crawler)"
103.131.51.123 - - [15/Jan/2026:05:44:13 +0700] "POST /wp-cron.php?doing_wp_cron=1768430653.4519488811492919921875 HTTP/1.1" 200 474 "-" "WordPress/6.9; https://view.lotushomemade.com"
114.119.149.78 - - [15/Jan/2026:05:44:11 +0700] "GET /shop/page/17/?per_row=4&shop_view=grid&per_page=12 HTTP/1.1" 200 39884 "https://view.lotushomemade.com/shop/page/18?per_row=4&shop_view=grid&per_page=12" "Mozilla/5.0 (Linux; Android 7.0;) AppleWebKit/537.36 (KHTML, like Gecko) Mobile Safari/537.36 (compatible; PetalBot;+https://webmaster.petalsearch.com/site/petalbot)"
103.131.51.123 - - [15/Jan/2026:05:45:40 +0700] "POST /wp-cron.php?doing_wp_cron=1768430740.8715150356292724609375 HTTP/1.1" 200 474 "-" "WordPress/6.9; https://view.lotushomemade.com"
114.119.130.97 - - [15/Jan/2026:05:45:36 +0700] "GET /shop/page/17/?per_row=4&per_page=18&shop_view=grid&stock_status=onsale HTTP/1.1" 200 41161 "https://view.lotushomemade.com/shop/page/18/?per_row=4&per_page=18&shop_view=grid&stock_status=onsale" "Mozilla/5.0 (Linux; Android 7.0;) AppleWebKit/537.36 (KHTML, like Gecko) Mobile Safari/537.36 (compatible; PetalBot;+https://webmaster.petalsearch.com/site/petalbot)"
103.131.51.123 - - [15/Jan/2026:05:47:03 +0700] "POST /wp-cron.php?doing_wp_cron=1768430823.4527480602264404296875 HTTP/1.1" 200 474 "-" "WordPress/6.9; https://view.lotushomemade.com"
114.119.145.110 - - [15/Jan/2026:05:46:59 +0700] "GET /shop/page/17/?per_row=4&per_page=12&shop_view=grid&stock_status=onsale HTTP/1.1" 200 39939 "https://view.lotushomemade.com/shop/page/20/?per_row=4&per_page=12&shop_view=grid&stock_status=onsale" "Mozilla/5.0 (Linux; Android 7.0;) AppleWebKit/537.36 (KHTML, like Gecko) Mobile Safari/537.36 (compatible; PetalBot;+https://webmaster.petalsearch.com/site/petalbot)"
57.141.16.80 - - [15/Jan/2026:05:47:15 +0700] "GET /product-category/traditional-cookies-series/page/11/?add-to-cart=17069 HTTP/2" 200 241264 "-" "meta-externalagent/1.1 (+https://developers.facebook.com/docs/sharing/webmasters/crawler)"
57.141.16.37 - - [15/Jan/2026:05:47:29 +0700] "GET /shop/page/22/?per_page=12&stock_status=onsale HTTP/2" 200 242616 "-" "meta-externalagent/1.1 (+https://developers.facebook.com/docs/sharing/webmasters/crawler)"
103.131.51.123 - - [15/Jan/2026:05:48:29 +0700] "POST /wp-cron.php?doing_wp_cron=1768430909.0611219406127929687500 HTTP/1.1" 200 474 "-" "WordPress/6.9; https://view.lotushomemade.com"
114.119.156.27 - - [15/Jan/2026:05:48:27 +0700] "GET /shop/page/17/?per_row=2&per_page=18&shop_view=grid&stock_status=onsale HTTP/1.1" 200 41166 "https://view.lotushomemade.com/shop/page/17/?per_row=2&per_page=18&shop_view=grid&stock_status=onsale" "Mozilla/5.0 (Linux; Android 7.0;) AppleWebKit/537.36 (KHTML, like Gecko) Mobile Safari/537.36 (compatible; PetalBot;+https://webmaster.petalsearch.com/site/petalbot)"
103.131.51.123 - - [15/Jan/2026:05:49:51 +0700] "POST /wp-cron.php?doing_wp_cron=1768430991.7805678844451904296875 HTTP/1.1" 200 474 "-" "WordPress/6.9; https://view.lotushomemade.com"
114.119.130.97 - - [15/Jan/2026:05:49:47 +0700] "GET /shop/page/17/?per_page=8&stock_status=onsale HTTP/1.1" 200 39293 "https://view.lotushomemade.com/shop/page/18/?per_page=8&stock_status=onsale" "Mozilla/5.0 (Linux; Android 7.0;) AppleWebKit/537.36 (KHTML, like Gecko) Mobile Safari/537.36 (compatible; PetalBot;+https://webmaster.petalsearch.com/site/petalbot)"
103.131.51.123 - - [15/Jan/2026:05:51:17 +0700] "POST /wp-cron.php?doing_wp_cron=1768431077.3953769207000732421875 HTTP/1.1" 200 474 "-" "WordPress/6.9; https://view.lotushomemade.com"
114.119.148.197 - - [15/Jan/2026:05:51:13 +0700] "GET /shop/page/17/?per_page=8&shop_view=grid&per_row=4 HTTP/1.1" 200 39361 "https://view.lotushomemade.com/shop/page/16?per_page=8&shop_view=grid&per_row=4" "Mozilla/5.0 (Linux; Android 7.0;) AppleWebKit/537.36 (KHTML, like Gecko) Mobile Safari/537.36 (compatible; PetalBot;+https://webmaster.petalsearch.com/site/petalbot)"
103.131.51.123 - - [15/Jan/2026:05:52:38 +0700] "POST /wp-cron.php?doing_wp_cron=1768431158.0390870571136474609375 HTTP/1.1" 200 474 "-" "WordPress/6.9; https://view.lotushomemade.com"
114.119.142.208 - - [15/Jan/2026:05:52:34 +0700] "GET /shop/page/17/?per_page=12&stock_status=instock HTTP/1.1" 200 39804 "https://view.lotushomemade.com/shop/page/19/?per_page=12&stock_status=instock" "Mozilla/5.0 (Linux; Android 7.0;) AppleWebKit/537.36 (KHTML, like Gecko) Mobile Safari/537.36 (compatible; PetalBot;+https://webmaster.petalsearch.com/site/petalbot)"
57.141.16.95 - - [15/Jan/2026:05:53:09 +0700] "GET /shop/page/33/?per_page=8&shop_view=grid&per_row=6 HTTP/2" 200 230971 "-" "meta-externalagent/1.1 (+https://developers.facebook.com/docs/sharing/webmasters/crawler)"
103.131.51.123 - - [15/Jan/2026:05:53:59 +0700] "POST /wp-cron.php?doing_wp_cron=1768431239.3590850830078125000000 HTTP/1.1" 200 474 "-" "WordPress/6.9; https://view.lotushomemade.com"
114.119.149.78 - - [15/Jan/2026:05:53:57 +0700] "GET /shop/page/17/?per_page=12&shop_view=grid&per_row=2 HTTP/1.1" 200 39878 "https://view.lotushomemade.com/shop/page/19/?per_page=12&shop_view=grid&per_row=2" "Mozilla/5.0 (Linux; Android 7.0;) AppleWebKit/537.36 (KHTML, like Gecko) Mobile Safari/537.36 (compatible; PetalBot;+https://webmaster.petalsearch.com/site/petalbot)"
103.131.51.123 - - [15/Jan/2026:05:55:25 +0700] "POST /wp-cron.php?doing_wp_cron=1768431325.1183719635009765625000 HTTP/1.1" 200 474 "-" "WordPress/6.9; https://view.lotushomemade.com"
114.119.150.215 - - [15/Jan/2026:05:55:21 +0700] "GET /shop/page/17/?per_page=12 HTTP/1.1" 200 39733 "https://view.lotushomemade.com/shop/page/18/?per_page=12" "Mozilla/5.0 (Linux; Android 7.0;) AppleWebKit/537.36 (KHTML, like Gecko) Mobile Safari/537.36 (compatible; PetalBot;+https://webmaster.petalsearch.com/site/petalbot)"
103.131.51.123 - - [15/Jan/2026:05:56:49 +0700] "POST /wp-cron.php?doing_wp_cron=1768431409.2021191120147705078125 HTTP/1.1" 200 474 "-" "WordPress/6.9; https://view.lotushomemade.com"
114.119.142.208 - - [15/Jan/2026:05:56:45 +0700] "GET /shop/page/17/?orderby=rating&stock_status=onsale&shop_view=grid&per_row=2 HTTP/1.1" 200 39612 "https://view.lotushomemade.com/shop/page/20/?orderby=rating&stock_status=onsale&shop_view=grid&per_row=2" "Mozilla/5.0 (Linux; Android 7.0;) AppleWebKit/537.36 (KHTML, like Gecko) Mobile Safari/537.36 (compatible; PetalBot;+https://webmaster.petalsearch.com/site/petalbot)"
103.131.51.123 - - [15/Jan/2026:05:58:14 +0700] "POST /wp-cron.php?doing_wp_cron=1768431494.0758891105651855468750 HTTP/1.1" 200 474 "-" "WordPress/6.9; https://view.lotushomemade.com"
114.119.156.27 - - [15/Jan/2026:05:58:10 +0700] "GET /shop/page/17/?orderby=rating&stock_status=onsale&per_row=2&shop_view=grid HTTP/1.1" 200 39627 "https://view.lotushomemade.com/shop/page/18/?orderby=rating&stock_status=onsale&per_row=2&shop_view=grid" "Mozilla/5.0 (Linux; Android 7.0;) AppleWebKit/537.36 (KHTML, like Gecko) Mobile Safari/537.36 (compatible; PetalBot;+https://webmaster.petalsearch.com/site/petalbot)"
103.131.51.123 - - [15/Jan/2026:05:59:21 +0700] "POST /wp-cron.php?doing_wp_cron=1768431561.4568889141082763671875 HTTP/1.1" 200 474 "-" "WordPress/6.9; https://view.lotushomemade.com"
57.141.16.14 - - [15/Jan/2026:05:59:19 +0700] "GET /product-category/traditional-cookies-series/page/11/?add-to-cart=17063 HTTP/2" 200 241264 "-" "meta-externalagent/1.1 (+https://developers.facebook.com/docs/sharing/webmasters/crawler)"
103.131.51.123 - - [15/Jan/2026:05:59:34 +0700] "POST /wp-cron.php?doing_wp_cron=1768431574.2921030521392822265625 HTTP/1.1" 200 474 "-" "WordPress/6.9; https://view.lotushomemade.com"
114.119.150.215 - - [15/Jan/2026:05:59:32 +0700] "GET /shop/page/17/?orderby=rating&stock_status=instock&per_row=6&shop_view=grid HTTP/1.1" 200 39627 "https://view.lotushomemade.com/shop/page/17?orderby=rating&stock_status=instock&per_row=6&shop_view=grid" "Mozilla/5.0 (Linux; Android 7.0;) AppleWebKit/537.36 (KHTML, like Gecko) Mobile Safari/537.36 (compatible; PetalBot;+https://webmaster.petalsearch.com/site/petalbot)"
103.131.51.123 - - [15/Jan/2026:06:01:10 +0700] "POST /wp-cron.php?doing_wp_cron=1768431670.7593150138854980468750 HTTP/1.1" 200 474 "-" "WordPress/6.9; https://view.lotushomemade.com"
114.119.151.206 - - [15/Jan/2026:06:01:06 +0700] "GET /shop/page/17/?orderby=rating&stock_status=instock&per_page=8 HTTP/1.1" 200 39314 "https://view.lotushomemade.com/shop/page/19/?orderby=rating&stock_status=instock&per_page=8" "Mozilla/5.0 (Linux; Android 7.0;) AppleWebKit/537.36 (KHTML, like Gecko) Mobile Safari/537.36 (compatible; PetalBot;+https://webmaster.petalsearch.com/site/petalbot)"
57.141.16.85 - - [15/Jan/2026:06:01:20 +0700] "GET /shop/page/21/?per_row=4&shop_view=grid&stock_status=onsale HTTP/2" 200 244146 "-" "meta-externalagent/1.1 (+https://developers.facebook.com/docs/sharing/webmasters/crawler)"
103.131.51.123 - - [15/Jan/2026:06:01:37 +0700] "POST /wp-cron.php?doing_wp_cron=1768431697.0582430362701416015625 HTTP/1.1" 200 474 "-" "WordPress/6.9; https://view.lotushomemade.com"
57.141.16.26 - - [15/Jan/2026:06:01:35 +0700] "GET /shop/page/23/?per_row=6&shop_view=grid&stock_status=onsale HTTP/2" 200 240572 "-" "meta-externalagent/1.1 (+https://developers.facebook.com/docs/sharing/webmasters/crawler)"
114.119.151.206 - - [15/Jan/2026:06:02:19 +0700] "GET /shop/page/17/?orderby=rating&stock_status=instock&per_page=12 HTTP/1.1" 200 39539 "https://view.lotushomemade.com/shop/page/18?orderby=rating&stock_status=instock&per_page=12" "Mozilla/5.0 (Linux; Android 7.0;) AppleWebKit/537.36 (KHTML, like Gecko) Mobile Safari/537.36 (compatible; PetalBot;+https://webmaster.petalsearch.com/site/petalbot)"
103.131.51.123 - - [15/Jan/2026:06:03:47 +0700] "POST /wp-cron.php?doing_wp_cron=1768431827.1530749797821044921875 HTTP/1.1" 200 474 "-" "WordPress/6.9; https://view.lotushomemade.com"
185.53.228.229 - - [15/Jan/2026:06:03:44 +0700] "GET /robots.txt HTTP/1.1" 200 661 "-" "Mozilla/5.0 (Windows NT 10.0; Win64; x64) AppleWebKit/537.36 (KHTML, like Gecko) Chrome/114.0.0.0 Safari/537.36 Edg/114.0.1823.43"
103.131.51.123 - - [15/Jan/2026:06:03:49 +0700] "POST /wp-cron.php?doing_wp_cron=1768431828.9030320644378662109375 HTTP/1.1" 200 474 "-" "WordPress/6.9; https://view.lotushomemade.com"
114.119.151.206 - - [15/Jan/2026:06:03:45 +0700] "GET /shop/page/17/?orderby=rating&per_row=6&shop_view=grid&per_page=18 HTTP/1.1" 200 40606 "https://view.lotushomemade.com/shop/page/20/?orderby=rating&per_row=6&shop_view=grid&per_page=18" "Mozilla/5.0 (Linux; Android 7.0;) AppleWebKit/537.36 (KHTML, like Gecko) Mobile Safari/537.36 (compatible; PetalBot;+https://webmaster.petalsearch.com/site/petalbot)"
103.131.51.123 - - [15/Jan/2026:06:05:11 +0700] "POST /wp-cron.php?doing_wp_cron=1768431911.1040840148925781250000 HTTP/1.1" 200 474 "-" "WordPress/6.9; https://view.lotushomemade.com"
114.119.142.208 - - [15/Jan/2026:06:05:07 +0700] "GET /shop/page/17/?orderby=rating&per_row=6&shop_view=grid&per_page=18 HTTP/1.1" 200 40560 "https://view.lotushomemade.com/shop/page/20/?orderby=rating&per_row=6&shop_view=grid&per_page=18" "Mozilla/5.0 (Linux; Android 7.0;) AppleWebKit/537.36 (KHTML, like Gecko) Mobile Safari/537.36 (compatible; PetalBot;+https://webmaster.petalsearch.com/site/petalbot)"
103.131.51.123 - - [15/Jan/2026:06:05:53 +0700] "POST /wp-cron.php?doing_wp_cron=1768431953.1692481040954589843750 HTTP/1.1" 200 474 "-" "WordPress/6.9; https://view.lotushomemade.com"
57.141.16.11 - - [15/Jan/2026:06:05:51 +0700] "GET /shop/page/13/?add-to-cart=17158 HTTP/2" 200 240835 "-" "meta-externalagent/1.1 (+https://developers.facebook.com/docs/sharing/webmasters/crawler)"
103.131.51.123 - - [15/Jan/2026:06:06:32 +0700] "POST /wp-cron.php?doing_wp_cron=1768431992.6033198833465576171875 HTTP/1.1" 200 474 "-" "WordPress/6.9; https://view.lotushomemade.com"
114.119.130.97 - - [15/Jan/2026:06:06:30 +0700] "GET /shop/page/17/?orderby=rating&per_page=8 HTTP/1.1" 200 39294 "https://view.lotushomemade.com/shop/page/20/?orderby=rating&per_page=8" "Mozilla/5.0 (Linux; Android 7.0;) AppleWebKit/537.36 (KHTML, like Gecko) Mobile Safari/537.36 (compatible; PetalBot;+https://webmaster.petalsearch.com/site/petalbot)"
103.131.51.123 - - [15/Jan/2026:06:07:59 +0700] "POST /wp-cron.php?doing_wp_cron=1768432079.5946929454803466796875 HTTP/1.1" 200 474 "-" "WordPress/6.9; https://view.lotushomemade.com"
114.119.151.206 - - [15/Jan/2026:06:07:55 +0700] "GET /shop/page/17/?orderby=rating HTTP/1.1" 200 39352 "https://view.lotushomemade.com/shop/page/18/?orderby=rating" "Mozilla/5.0 (Linux; Android 7.0;) AppleWebKit/537.36 (KHTML, like Gecko) Mobile Safari/537.36 (compatible; PetalBot;+https://webmaster.petalsearch.com/site/petalbot)"
57.141.16.17 - - [15/Jan/2026:06:08:07 +0700] "GET /product-category/traditional-cookies-series/page/9/?per_row=6&per_page=8&shop_view=grid&stock_status=instock HTTP/2" 200 231807 "-" "meta-externalagent/1.1 (+https://developers.facebook.com/docs/sharing/webmasters/crawler)"
57.141.16.99 - - [15/Jan/2026:06:08:20 +0700] "GET /shop/page/10/?add-to-cart=16930 HTTP/2" 200 239611 "-" "meta-externalagent/1.1 (+https://developers.facebook.com/docs/sharing/webmasters/crawler)"
57.141.16.45 - - [15/Jan/2026:06:08:22 +0700] "GET /shop/page/8/?stock_status=onsale&per_page=18 HTTP/2" 200 260781 "-" "meta-externalagent/1.1 (+https://developers.facebook.com/docs/sharing/webmasters/crawler)"
103.131.51.123 - - [15/Jan/2026:06:09:13 +0700] "POST /wp-cron.php?doing_wp_cron=1768432153.3774778842926025390625 HTTP/1.1" 200 474 "-" "WordPress/6.9; https://view.lotushomemade.com"
104.210.140.137 - - [15/Jan/2026:06:09:12 +0700] "GET /robots.txt HTTP/2" 200 103 "-" "Mozilla/5.0 (Macintosh; Intel Mac OS X 10_15_7) AppleWebKit/537.36 (KHTML, like Gecko) Chrome/131.0.0.0 Safari/537.36; compatible; OAI-SearchBot/1.0; +https://openai.com/searchbot"
114.119.142.208 - - [15/Jan/2026:06:09:19 +0700] "GET /shop/page/17/?orderby=price-desc&stock_status=onsale&shop_view=grid&per_row=6 HTTP/1.1" 200 40294 "https://view.lotushomemade.com/shop/page/19/?orderby=price-desc&stock_status=onsale&shop_view=grid&per_row=6" "Mozilla/5.0 (Linux; Android 7.0;) AppleWebKit/537.36 (KHTML, like Gecko) Mobile Safari/537.36 (compatible; PetalBot;+https://webmaster.petalsearch.com/site/petalbot)"
103.131.51.123 - - [15/Jan/2026:06:10:21 +0700] "POST /wp-cron.php?doing_wp_cron=1768432221.6477999687194824218750 HTTP/1.1" 200 474 "-" "WordPress/6.9; https://view.lotushomemade.com"
57.141.16.31 - - [15/Jan/2026:06:10:19 +0700] "GET /product-category/traditional-cookies-series/100-vegan-traditional-cookies-series/?stock_status=instock&per_page=24 HTTP/2" 200 247444 "-" "meta-externalagent/1.1 (+https://developers.facebook.com/docs/sharing/webmasters/crawler)"
103.131.51.123 - - [15/Jan/2026:06:10:43 +0700] "POST /wp-cron.php?doing_wp_cron=1768432243.5021200180053710937500 HTTP/1.1" 200 474 "-" "WordPress/6.9; https://view.lotushomemade.com"
114.119.130.97 - - [15/Jan/2026:06:10:41 +0700] "GET /shop/page/17/?orderby=price-desc&stock_status=onsale&shop_view=grid&per_row=2 HTTP/1.1" 200 40283 "https://view.lotushomemade.com/shop/page/20?orderby=price-desc&stock_status=onsale&shop_view=grid&per_row=2" "Mozilla/5.0 (Linux; Android 7.0;) AppleWebKit/537.36 (KHTML, like Gecko) Mobile Safari/537.36 (compatible; PetalBot;+https://webmaster.petalsearch.com/site/petalbot)"
57.141.16.42 - - [15/Jan/2026:06:11:26 +0700] "GET /shop/page/24/?stock_status=onsale&per_row=6&shop_view=grid&per_page=12 HTTP/2" 200 242742 "-" "meta-externalagent/1.1 (+https://developers.facebook.com/docs/sharing/webmasters/crawler)"
103.131.51.123 - - [15/Jan/2026:06:12:06 +0700] "POST /wp-cron.php?doing_wp_cron=1768432326.7395188808441162109375 HTTP/1.1" 200 474 "-" "WordPress/6.9; https://view.lotushomemade.com"
114.119.145.110 - - [15/Jan/2026:06:12:05 +0700] "GET /shop/page/17/?orderby=price-desc&stock_status=onsale&per_row=4&shop_view=grid HTTP/1.1" 200 40302 "https://view.lotushomemade.com/shop/page/20/?orderby=price-desc&stock_status=onsale&per_row=4&shop_view=grid" "Mozilla/5.0 (Linux; Android 7.0;) AppleWebKit/537.36 (KHTML, like Gecko) Mobile Safari/537.36 (compatible; PetalBot;+https://webmaster.petalsearch.com/site/petalbot)"
103.131.51.123 - - [15/Jan/2026:06:13:31 +0700] "POST /wp-cron.php?doing_wp_cron=1768432411.6953940391540527343750 HTTP/1.1" 200 474 "-" "WordPress/6.9; https://view.lotushomemade.com"
114.119.145.110 - - [15/Jan/2026:06:13:27 +0700] "GET /shop/page/17/?orderby=price-desc&stock_status=onsale HTTP/1.1" 200 40143 "https://view.lotushomemade.com/shop/page/18/?orderby=price-desc&stock_status=onsale" "Mozilla/5.0 (Linux; Android 7.0;) AppleWebKit/537.36 (KHTML, like Gecko) Mobile Safari/537.36 (compatible; PetalBot;+https://webmaster.petalsearch.com/site/petalbot)"
103.131.51.123 - - [15/Jan/2026:06:15:03 +0700] "POST /wp-cron.php?doing_wp_cron=1768432503.0852270126342773437500 HTTP/1.1" 200 474 "-" "WordPress/6.9; https://view.lotushomemade.com"
114.119.130.97 - - [15/Jan/2026:06:14:59 +0700] "GET /shop/page/17/?orderby=price-desc&shop_view=grid&per_row=4 HTTP/1.1" 200 40226 "https://view.lotushomemade.com/shop/page/18?orderby=price-desc&shop_view=grid&per_row=4" "Mozilla/5.0 (Linux; Android 7.0;) AppleWebKit/537.36 (KHTML, like Gecko) Mobile Safari/537.36 (compatible; PetalBot;+https://webmaster.petalsearch.com/site/petalbot)"
40.77.167.35 - - [15/Jan/2026:06:15:29 +0700] "GET /wp-content/uploads/2023/11/ICON-Product-1.svg HTTP/2" 200 3546 "-" "Mozilla/5.0 AppleWebKit/537.36 (KHTML, like Gecko; compatible; bingbot/2.0; +http://www.bing.com/bingbot.htm) Chrome/116.0.1938.76 Safari/537.36"
103.131.51.123 - - [15/Jan/2026:06:16:19 +0700] "POST /wp-cron.php?doing_wp_cron=1768432579.1855599880218505859375 HTTP/1.1" 200 474 "-" "WordPress/6.9; https://view.lotushomemade.com"
114.119.156.27 - - [15/Jan/2026:06:16:15 +0700] "GET /shop/page/17/?orderby=price-desc&per_row=4&shop_view=grid&per_page=18 HTTP/1.1" 200 41071 "https://view.lotushomemade.com/shop/page/18/?orderby=price-desc&per_row=4&shop_view=grid&per_page=18" "Mozilla/5.0 (Linux; Android 7.0;) AppleWebKit/537.36 (KHTML, like Gecko) Mobile Safari/537.36 (compatible; PetalBot;+https://webmaster.petalsearch.com/site/petalbot)"
103.131.51.123 - - [15/Jan/2026:06:16:50 +0700] "POST /wp-cron.php?doing_wp_cron=1768432610.3065099716186523437500 HTTP/1.1" 200 474 "-" "WordPress/6.9; https://view.lotushomemade.com"
57.141.16.20 - - [15/Jan/2026:06:16:49 +0700] "GET /shop/page/1/?per_row=2&per_page=18&shop_view=grid&stock_status=onsale HTTP/2" 301 0 "-" "meta-externalagent/1.1 (+https://developers.facebook.com/docs/sharing/webmasters/crawler)"
57.141.16.13 - - [15/Jan/2026:06:17:24 +0700] "GET /product-category/traditional-cookies-series/page/13/?add-to-cart=17158 HTTP/2" 200 240017 "-" "meta-externalagent/1.1 (+https://developers.facebook.com/docs/sharing/webmasters/crawler)"
103.131.51.123 - - [15/Jan/2026:06:17:41 +0700] "POST /wp-cron.php?doing_wp_cron=1768432661.2881150245666503906250 HTTP/1.1" 200 474 "-" "WordPress/6.9; https://view.lotushomemade.com"
114.119.130.97 - - [15/Jan/2026:06:17:39 +0700] "GET /shop/page/17/?orderby=price-desc&per_row=2&shop_view=grid&per_page=12 HTTP/1.1" 200 40311 "https://view.lotushomemade.com/shop/page/18/?orderby=price-desc&per_row=2&shop_view=grid&per_page=12" "Mozilla/5.0 (Linux; Android 7.0;) AppleWebKit/537.36 (KHTML, like Gecko) Mobile Safari/537.36 (compatible; PetalBot;+https://webmaster.petalsearch.com/site/petalbot)"
57.141.16.1 - - [15/Jan/2026:06:17:47 +0700] "GET /shop/page/6/?per_row=2&per_page=18&shop_view=grid&stock_status=onsale HTTP/2" 200 258712 "-" "meta-externalagent/1.1 (+https://developers.facebook.com/docs/sharing/webmasters/crawler)"
103.131.51.123 - - [15/Jan/2026:06:18:48 +0700] "POST /wp-cron.php?doing_wp_cron=1768432728.9016160964965820312500 HTTP/1.1" 200 474 "-" "WordPress/6.9; https://view.lotushomemade.com"
57.141.16.45 - - [15/Jan/2026:06:18:46 +0700] "GET /shop/page/14/?stock_status=instock&per_page=12&shop_view=grid&per_row=6 HTTP/2" 200 244068 "-" "meta-externalagent/1.1 (+https://developers.facebook.com/docs/sharing/webmasters/crawler)"
114.119.130.97 - - [15/Jan/2026:06:19:02 +0700] "GET /shop/page/4/?orderby=popularity&stock_status=onsale&shop_view=grid&per_row=2 HTTP/1.1" 200 40111 "https://view.lotushomemade.com/shop/page/2/?orderby=popularity&stock_status=onsale&shop_view=grid&per_row=2" "Mozilla/5.0 (Linux; Android 7.0;) AppleWebKit/537.36 (KHTML, like Gecko) Mobile Safari/537.36 (compatible; PetalBot;+https://webmaster.petalsearch.com/site/petalbot)"
103.131.51.123 - - [15/Jan/2026:06:19:49 +0700] "POST /wp-cron.php?doing_wp_cron=1768432789.2238590717315673828125 HTTP/1.1" 200 474 "-" "WordPress/6.9; https://view.lotushomemade.com"
57.141.16.88 - - [15/Jan/2026:06:19:47 +0700] "GET /product-category/traditional-cookies-series/page/13/?per_row=4&per_page=8&shop_view=grid&stock_status=instock%2Consale HTTP/2" 200 231972 "-" "meta-externalagent/1.1 (+https://developers.facebook.com/docs/sharing/webmasters/crawler)"
57.141.16.8 - - [15/Jan/2026:06:19:59 +0700] "GET /shop/page/17/?stock_status=instock%2Consale HTTP/2" 200 239901 "-" "meta-externalagent/1.1 (+https://developers.facebook.com/docs/sharing/webmasters/crawler)"
114.119.150.215 - - [15/Jan/2026:06:20:26 +0700] "GET /shop/page/17/?orderby=price-desc&per_page=8&shop_view=grid&per_row=6 HTTP/1.1" 200 39504 "https://view.lotushomemade.com/shop/page/19/?orderby=price-desc&per_page=8&shop_view=grid&per_row=6" "Mozilla/5.0 (Linux; Android 7.0;) AppleWebKit/537.36 (KHTML, like Gecko) Mobile Safari/537.36 (compatible; PetalBot;+https://webmaster.petalsearch.com/site/petalbot)"
103.131.51.123 - - [15/Jan/2026:06:21:57 +0700] "POST /wp-cron.php?doing_wp_cron=1768432917.5483109951019287109375 HTTP/1.1" 200 474 "-" "WordPress/6.9; https://view.lotushomemade.com"
114.119.142.208 - - [15/Jan/2026:06:21:53 +0700] "GET /shop/page/17/?orderby=price-desc&per_page=12&shop_view=grid&per_row=2 HTTP/1.1" 200 40325 "https://view.lotushomemade.com/shop/page/20/?orderby=price-desc&per_page=12&shop_view=grid&per_row=2" "Mozilla/5.0 (Linux; Android 7.0;) AppleWebKit/537.36 (KHTML, like Gecko) Mobile Safari/537.36 (compatible; PetalBot;+https://webmaster.petalsearch.com/site/petalbot)"
57.141.16.60 - - [15/Jan/2026:06:22:17 +0700] "GET /shop/page/20/?per_row=2&per_page=12&shop_view=grid HTTP/2" 200 242687 "-" "meta-externalagent/1.1 (+https://developers.facebook.com/docs/sharing/webmasters/crawler)"
103.131.51.123 - - [15/Jan/2026:06:23:15 +0700] "POST /wp-cron.php?doing_wp_cron=1768432995.3858590126037597656250 HTTP/1.1" 200 474 "-" "WordPress/6.9; https://view.lotushomemade.com"
114.119.130.97 - - [15/Jan/2026:06:23:13 +0700] "GET /shop/page/17/?orderby=price&stock_status=onsale&per_row=6&shop_view=grid HTTP/1.1" 200 40167 "https://view.lotushomemade.com/shop/page/20/?orderby=price&stock_status=onsale&per_row=6&shop_view=grid" "Mozilla/5.0 (Linux; Android 7.0;) AppleWebKit/537.36 (KHTML, like Gecko) Mobile Safari/537.36 (compatible; PetalBot;+https://webmaster.petalsearch.com/site/petalbot)"
103.131.51.123 - - [15/Jan/2026:06:24:41 +0700] "POST /wp-cron.php?doing_wp_cron=1768433081.5857601165771484375000 HTTP/1.1" 200 474 "-" "WordPress/6.9; https://view.lotushomemade.com"
114.119.151.206 - - [15/Jan/2026:06:24:37 +0700] "GET /shop/page/17/?orderby=price&stock_status=onsale&per_page=12 HTTP/1.1" 200 40095 "https://view.lotushomemade.com/shop/page/18?orderby=price&stock_status=onsale&per_page=12" "Mozilla/5.0 (Linux; Android 7.0;) AppleWebKit/537.36 (KHTML, like Gecko) Mobile Safari/537.36 (compatible; PetalBot;+https://webmaster.petalsearch.com/site/petalbot)"
103.131.51.123 - - [15/Jan/2026:06:26:04 +0700] "POST /wp-cron.php?doing_wp_cron=1768433164.6973290443420410156250 HTTP/1.1" 200 474 "-" "WordPress/6.9; https://view.lotushomemade.com"
114.119.148.197 - - [15/Jan/2026:06:26:00 +0700] "GET /shop/page/17/?orderby=price&stock_status=instock&shop_view=grid&per_row=6 HTTP/1.1" 200 40150 "https://view.lotushomemade.com/shop/page/20?orderby=price&stock_status=instock&shop_view=grid&per_row=6" "Mozilla/5.0 (Linux; Android 7.0;) AppleWebKit/537.36 (KHTML, like Gecko) Mobile Safari/537.36 (compatible; PetalBot;+https://webmaster.petalsearch.com/site/petalbot)"
103.131.51.123 - - [15/Jan/2026:06:26:40 +0700] "POST /wp-cron.php?doing_wp_cron=1768433200.0692470073699951171875 HTTP/1.1" 200 474 "-" "WordPress/6.9; https://view.lotushomemade.com"
57.141.16.83 - - [15/Jan/2026:06:26:38 +0700] "GET /product-category/traditional-cookies-series/100-vegan-traditional-cookies-series/?per_page=24&shop_view=grid&per_row=4 HTTP/2" 200 247578 "-" "meta-externalagent/1.1 (+https://developers.facebook.com/docs/sharing/webmasters/crawler)"
114.119.150.215 - - [15/Jan/2026:06:27:23 +0700] "GET /shop/page/17/?orderby=price&stock_status=instock&per_row=4&shop_view=grid HTTP/1.1" 200 40162 "https://view.lotushomemade.com/shop/page/19?orderby=price&stock_status=instock&per_row=4&shop_view=grid" "Mozilla/5.0 (Linux; Android 7.0;) AppleWebKit/537.36 (KHTML, like Gecko) Mobile Safari/537.36 (compatible; PetalBot;+https://webmaster.petalsearch.com/site/petalbot)"
103.131.51.123 - - [15/Jan/2026:06:28:53 +0700] "POST /wp-cron.php?doing_wp_cron=1768433333.9650859832763671875000 HTTP/1.1" 200 474 "-" "WordPress/6.9; https://view.lotushomemade.com"
114.119.156.27 - - [15/Jan/2026:06:28:49 +0700] "GET /shop/page/17/?orderby=price&stock_status=instock&per_page=12 HTTP/1.1" 200 40113 "https://view.lotushomemade.com/shop/page/19/?orderby=price&stock_status=instock&per_page=12" "Mozilla/5.0 (Linux; Android 7.0;) AppleWebKit/537.36 (KHTML, like Gecko) Mobile Safari/537.36 (compatible; PetalBot;+https://webmaster.petalsearch.com/site/petalbot)"
103.131.51.123 - - [15/Jan/2026:06:29:46 +0700] "POST /wp-cron.php?doing_wp_cron=1768433386.1811590194702148437500 HTTP/1.1" 200 474 "-" "WordPress/6.9; https://view.lotushomemade.com"
57.141.16.78 - - [15/Jan/2026:06:29:44 +0700] "GET /product-category/traditional-cookies-series/page/13/?per_row=2&per_page=8&shop_view=grid HTTP/2" 200 231046 "-" "meta-externalagent/1.1 (+https://developers.facebook.com/docs/sharing/webmasters/crawler)"
114.119.149.78 - - [15/Jan/2026:06:30:11 +0700] "GET /shop/page/17/?orderby=price&per_row=6&shop_view=grid&stock_status=onsale HTTP/1.1" 200 40169 "https://view.lotushomemade.com/shop/page/18/?orderby=price&per_row=6&shop_view=grid&stock_status=onsale" "Mozilla/5.0 (Linux; Android 7.0;) AppleWebKit/537.36 (KHTML, like Gecko) Mobile Safari/537.36 (compatible; PetalBot;+https://webmaster.petalsearch.com/site/petalbot)"
103.131.51.123 - - [15/Jan/2026:06:31:18 +0700] "POST /wp-cron.php?doing_wp_cron=1768433478.7357599735260009765625 HTTP/1.1" 200 474 "-" "WordPress/6.9; https://view.lotushomemade.com"
74.125.151.98 - - [15/Jan/2026:06:31:17 +0700] "GET /product/yi-kou-shu-pineapple-roll-l/ HTTP/1.1" 200 37341 "-" "Mozilla/5.0 (X11; Linux x86_64) AppleWebKit/537.36 (KHTML, like Gecko) Chrome/143.0.7499.169 Safari/537.36"
103.131.51.123 - - [15/Jan/2026:06:31:36 +0700] "POST /wp-cron.php?doing_wp_cron=1768433496.5362501144409179687500 HTTP/1.1" 200 474 "-" "WordPress/6.9; https://view.lotushomemade.com"
114.119.151.206 - - [15/Jan/2026:06:31:34 +0700] "GET /shop/page/17/?orderby=price&per_row=4&shop_view=grid&stock_status=instock HTTP/1.1" 200 40156 "https://view.lotushomemade.com/shop/page/18/?orderby=price&per_row=4&shop_view=grid&stock_status=instock" "Mozilla/5.0 (Linux; Android 7.0;) AppleWebKit/537.36 (KHTML, like Gecko) Mobile Safari/537.36 (compatible; PetalBot;+https://webmaster.petalsearch.com/site/petalbot)"
103.131.51.123 - - [15/Jan/2026:06:33:05 +0700] "POST /wp-cron.php?doing_wp_cron=1768433585.1809499263763427734375 HTTP/1.1" 200 474 "-" "WordPress/6.9; https://view.lotushomemade.com"
114.119.148.197 - - [15/Jan/2026:06:33:01 +0700] "GET /shop/page/17/?orderby=price&per_row=2&shop_view=grid&per_page=18 HTTP/1.1" 200 41308 "https://view.lotushomemade.com/shop/page/19/?orderby=price&per_row=2&shop_view=grid&per_page=18" "Mozilla/5.0 (Linux; Android 7.0;) AppleWebKit/537.36 (KHTML, like Gecko) Mobile Safari/537.36 (compatible; PetalBot;+https://webmaster.petalsearch.com/site/petalbot)"
103.131.51.123 - - [15/Jan/2026:06:34:26 +0700] "POST /wp-cron.php?doing_wp_cron=1768433666.5251059532165527343750 HTTP/1.1" 200 474 "-" "WordPress/6.9; https://view.lotushomemade.com"
114.119.151.206 - - [15/Jan/2026:06:34:22 +0700] "GET /shop/page/17/?orderby=price&per_page=8 HTTP/1.1" 200 39172 "https://view.lotushomemade.com/shop/page/18?orderby=price&per_page=8" "Mozilla/5.0 (Linux; Android 7.0;) AppleWebKit/537.36 (KHTML, like Gecko) Mobile Safari/537.36 (compatible; PetalBot;+https://webmaster.petalsearch.com/site/petalbot)"
103.131.51.123 - - [15/Jan/2026:06:35:16 +0700] "POST /wp-cron.php?doing_wp_cron=1768433716.7829420566558837890625 HTTP/1.1" 200 474 "-" "WordPress/6.9; https://view.lotushomemade.com"
57.141.16.60 - - [15/Jan/2026:06:35:15 +0700] "GET /product-category/traditional-cookies-series/page/12/?add-to-cart=17227 HTTP/2" 200 242408 "-" "meta-externalagent/1.1 (+https://developers.facebook.com/docs/sharing/webmasters/crawler)"
103.131.51.123 - - [15/Jan/2026:06:35:48 +0700] "POST /wp-cron.php?doing_wp_cron=1768433748.7382740974426269531250 HTTP/1.1" 200 474 "-" "WordPress/6.9; https://view.lotushomemade.com"
114.119.151.206 - - [15/Jan/2026:06:35:46 +0700] "GET /shop/page/17/?orderby=price&per_page=18&shop_view=grid&per_row=2 HTTP/1.1" 200 41351 "https://view.lotushomemade.com/shop/page/20/?orderby=price&per_page=18&shop_view=grid&per_row=2" "Mozilla/5.0 (Linux; Android 7.0;) AppleWebKit/537.36 (KHTML, like Gecko) Mobile Safari/537.36 (compatible; PetalBot;+https://webmaster.petalsearch.com/site/petalbot)"
57.141.16.86 - - [15/Jan/2026:06:35:55 +0700] "GET /product-category/blessing-series/page/1/?per_row=2&per_page=12&shop_view=grid&stock_status=instock%2Consale HTTP/2" 301 0 "-" "meta-externalagent/1.1 (+https://developers.facebook.com/docs/sharing/webmasters/crawler)"
103.131.51.123 - - [15/Jan/2026:06:37:14 +0700] "POST /wp-cron.php?doing_wp_cron=1768433834.1662929058074951171875 HTTP/1.1" 200 474 "-" "WordPress/6.9; https://view.lotushomemade.com"
114.119.142.208 - - [15/Jan/2026:06:37:10 +0700] "GET /shop/page/48/?stock_status=onsale&per_row=6&shop_view=grid&per_page=8 HTTP/1.1" 200 39301 "https://view.lotushomemade.com/shop/page/44/?stock_status=onsale&per_row=6&shop_view=grid&per_page=8" "Mozilla/5.0 (Linux; Android 7.0;) AppleWebKit/537.36 (KHTML, like Gecko) Mobile Safari/537.36 (compatible; PetalBot;+https://webmaster.petalsearch.com/site/petalbot)"
57.141.16.33 - - [15/Jan/2026:06:37:14 +0700] "GET /product-category/traditional-cookies-series/100-vegan-traditional-cookies-series/?stock_status=instock&per_page=18 HTTP/2" 200 247444 "-" "meta-externalagent/1.1 (+https://developers.facebook.com/docs/sharing/webmasters/crawler)"
103.131.51.123 - - [15/Jan/2026:06:38:37 +0700] "POST /wp-cron.php?doing_wp_cron=1768433917.3822140693664550781250 HTTP/1.1" 200 474 "-" "WordPress/6.9; https://view.lotushomemade.com"
114.119.150.215 - - [15/Jan/2026:06:38:33 +0700] "GET /shop/page/28/?orderby=rating&per_row=2&shop_view=grid&stock_status=instock HTTP/1.1" 200 39726 "https://view.lotushomemade.com/shop/page/30?orderby=rating&per_row=2&shop_view=grid&stock_status=instock" "Mozilla/5.0 (Linux; Android 7.0;) AppleWebKit/537.36 (KHTML, like Gecko) Mobile Safari/537.36 (compatible; PetalBot;+https://webmaster.petalsearch.com/site/petalbot)"
103.131.51.123 - - [15/Jan/2026:06:40:00 +0700] "POST /wp-cron.php?doing_wp_cron=1768434000.6088449954986572265625 HTTP/1.1" 200 474 "-" "WordPress/6.9; https://view.lotushomemade.com"
114.119.150.215 - - [15/Jan/2026:06:39:56 +0700] "GET /shop/page/17/?orderby=price&per_page=12&shop_view=grid&per_row=6 HTTP/1.1" 200 40171 "https://view.lotushomemade.com/shop/page/20/?orderby=price&per_page=12&shop_view=grid&per_row=6" "Mozilla/5.0 (Linux; Android 7.0;) AppleWebKit/537.36 (KHTML, like Gecko) Mobile Safari/537.36 (compatible; PetalBot;+https://webmaster.petalsearch.com/site/petalbot)"
103.131.51.123 - - [15/Jan/2026:06:41:26 +0700] "POST /wp-cron.php?doing_wp_cron=1768434086.2402329444885253906250 HTTP/1.1" 200 474 "-" "WordPress/6.9; https://view.lotushomemade.com"
114.119.149.78 - - [15/Jan/2026:06:41:21 +0700] "GET /shop/page/17/?orderby=price&per_page=12&shop_view=grid&per_row=2 HTTP/1.1" 200 40217 "https://view.lotushomemade.com/shop/page/18/?orderby=price&per_page=12&shop_view=grid&per_row=2" "Mozilla/5.0 (Linux; Android 7.0;) AppleWebKit/537.36 (KHTML, like Gecko) Mobile Safari/537.36 (compatible; PetalBot;+https://webmaster.petalsearch.com/site/petalbot)"
103.131.51.123 - - [15/Jan/2026:06:42:00 +0700] "POST /wp-cron.php?doing_wp_cron=1768434119.9870638847351074218750 HTTP/1.1" 200 474 "-" "WordPress/6.9; https://view.lotushomemade.com"
57.141.16.50 - - [15/Jan/2026:06:41:58 +0700] "GET /product-category/traditional-cookies-series/page/9/?per_row=2&per_page=8&shop_view=grid HTTP/2" 200 231133 "-" "meta-externalagent/1.1 (+https://developers.facebook.com/docs/sharing/webmasters/crawler)"
103.131.51.123 - - [15/Jan/2026:06:42:45 +0700] "POST /wp-cron.php?doing_wp_cron=1768434165.7503440380096435546875 HTTP/1.1" 200 474 "-" "WordPress/6.9; https://view.lotushomemade.com"
114.119.148.197 - - [15/Jan/2026:06:42:44 +0700] "GET /shop/page/17/?orderby=popularity&stock_status=onsale&shop_view=grid&per_row=6 HTTP/1.1" 200 39723 "https://view.lotushomemade.com/shop/page/20/?orderby=popularity&stock_status=onsale&shop_view=grid&per_row=6" "Mozilla/5.0 (Linux; Android 7.0;) AppleWebKit/537.36 (KHTML, like Gecko) Mobile Safari/537.36 (compatible; PetalBot;+https://webmaster.petalsearch.com/site/petalbot)"
57.141.16.11 - - [15/Jan/2026:06:43:16 +0700] "GET /shop/page/23/?stock_status=onsale&per_row=6&shop_view=grid&per_page=12 HTTP/2" 200 241011 "-" "meta-externalagent/1.1 (+https://developers.facebook.com/docs/sharing/webmasters/crawler)"
103.131.51.123 - - [15/Jan/2026:06:44:09 +0700] "POST /wp-cron.php?doing_wp_cron=1768434249.6665530204772949218750 HTTP/1.1" 200 474 "-" "WordPress/6.9; https://view.lotushomemade.com"
114.119.150.215 - - [15/Jan/2026:06:44:07 +0700] "GET /shop/page/17/?orderby=popularity&stock_status=onsale&per_row=6&shop_view=grid HTTP/1.1" 200 39730 "https://view.lotushomemade.com/shop/page/18?orderby=popularity&stock_status=onsale&per_row=6&shop_view=grid" "Mozilla/5.0 (Linux; Android 7.0;) AppleWebKit/537.36 (KHTML, like Gecko) Mobile Safari/537.36 (compatible; PetalBot;+https://webmaster.petalsearch.com/site/petalbot)"
103.131.51.123 - - [15/Jan/2026:06:44:58 +0700] "POST /wp-cron.php?doing_wp_cron=1768434298.6553030014038085937500 HTTP/1.1" 200 474 "-" "WordPress/6.9; https://view.lotushomemade.com"
57.141.16.70 - - [15/Jan/2026:06:44:57 +0700] "GET /shop/page/40/?per_page=8&stock_status=instock%2Consale HTTP/2" 200 229319 "-" "meta-externalagent/1.1 (+https://developers.facebook.com/docs/sharing/webmasters/crawler)"
103.131.51.123 - - [15/Jan/2026:06:44:59 +0700] "POST /wp-cron.php?doing_wp_cron=1768434299.9740691184997558593750 HTTP/1.1" 200 474 "-" "WordPress/6.9; https://view.lotushomemade.com"
57.141.16.94 - - [15/Jan/2026:06:44:58 +0700] "GET /shop/page/10/?add-to-cart=8520 HTTP/2" 200 239611 "-" "meta-externalagent/1.1 (+https://developers.facebook.com/docs/sharing/webmasters/crawler)"
114.119.142.208 - - [15/Jan/2026:06:45:31 +0700] "GET /shop/page/17/?orderby=popularity&stock_status=onsale&per_page=18 HTTP/1.1" 200 40451 "https://view.lotushomemade.com/shop/page/18/?orderby=popularity&stock_status=onsale&per_page=18" "Mozilla/5.0 (Linux; Android 7.0;) AppleWebKit/537.36 (KHTML, like Gecko) Mobile Safari/537.36 (compatible; PetalBot;+https://webmaster.petalsearch.com/site/petalbot)"
103.131.51.123 - - [15/Jan/2026:06:46:58 +0700] "POST /wp-cron.php?doing_wp_cron=1768434418.6812059879302978515625 HTTP/1.1" 200 474 "-" "WordPress/6.9; https://view.lotushomemade.com"
114.119.142.208 - - [15/Jan/2026:06:46:54 +0700] "GET /shop/page/17/?orderby=popularity&stock_status=instock&shop_view=grid&per_row=6 HTTP/1.1" 200 39726 "https://view.lotushomemade.com/shop/page/20?orderby=popularity&stock_status=instock&shop_view=grid&per_row=6" "Mozilla/5.0 (Linux; Android 7.0;) AppleWebKit/537.36 (KHTML, like Gecko) Mobile Safari/537.36 (compatible; PetalBot;+https://webmaster.petalsearch.com/site/petalbot)"
103.131.51.123 - - [15/Jan/2026:06:48:22 +0700] "POST /wp-cron.php?doing_wp_cron=1768434502.4370739459991455078125 HTTP/1.1" 200 474 "-" "WordPress/6.9; https://view.lotushomemade.com"
114.119.151.206 - - [15/Jan/2026:06:48:18 +0700] "GET /shop/page/17/?orderby=popularity&stock_status=instock HTTP/1.1" 200 39530 "https://view.lotushomemade.com/shop/page/19/?orderby=popularity&stock_status=instock" "Mozilla/5.0 (Linux; Android 7.0;) AppleWebKit/537.36 (KHTML, like Gecko) Mobile Safari/537.36 (compatible; PetalBot;+https://webmaster.petalsearch.com/site/petalbot)"
103.131.51.123 - - [15/Jan/2026:06:49:48 +0700] "POST /wp-cron.php?doing_wp_cron=1768434588.5367391109466552734375 HTTP/1.1" 200 474 "-" "WordPress/6.9; https://view.lotushomemade.com"
114.119.130.97 - - [15/Jan/2026:06:49:44 +0700] "GET /shop/page/17/?orderby=popularity&shop_view=grid&per_row=6 HTTP/1.1" 200 39665 "https://view.lotushomemade.com/shop/page/18/?orderby=popularity&shop_view=grid&per_row=6" "Mozilla/5.0 (Linux; Android 7.0;) AppleWebKit/537.36 (KHTML, like Gecko) Mobile Safari/537.36 (compatible; PetalBot;+https://webmaster.petalsearch.com/site/petalbot)"
57.141.16.54 - - [15/Jan/2026:06:49:46 +0700] "GET /product-category/traditional-cookies-series/page/5/?stock_status=instock%2Consale&per_row=6&per_page=18&shop_view=grid HTTP/2" 200 263862 "-" "meta-externalagent/1.1 (+https://developers.facebook.com/docs/sharing/webmasters/crawler)"
103.131.51.123 - - [15/Jan/2026:06:51:12 +0700] "POST /wp-cron.php?doing_wp_cron=1768434672.1243240833282470703125 HTTP/1.1" 200 474 "-" "WordPress/6.9; https://view.lotushomemade.com"
114.119.150.215 - - [15/Jan/2026:06:51:08 +0700] "GET /shop/page/17/?orderby=popularity&per_row=6&shop_view=grid HTTP/1.1" 200 39636 "https://view.lotushomemade.com/shop/page/18/?orderby=popularity&per_row=6&shop_view=grid" "Mozilla/5.0 (Linux; Android 7.0;) AppleWebKit/537.36 (KHTML, like Gecko) Mobile Safari/537.36 (compatible; PetalBot;+https://webmaster.petalsearch.com/site/petalbot)"
103.131.51.123 - - [15/Jan/2026:06:52:34 +0700] "POST /wp-cron.php?doing_wp_cron=1768434754.2286639213562011718750 HTTP/1.1" 200 474 "-" "WordPress/6.9; https://view.lotushomemade.com"
114.119.150.215 - - [15/Jan/2026:06:52:30 +0700] "GET /shop/page/17/?orderby=popularity&per_row=6&per_page=12&shop_view=grid HTTP/1.1" 200 39731 "https://view.lotushomemade.com/shop/page/18/?orderby=popularity&per_row=6&per_page=12&shop_view=grid" "Mozilla/5.0 (Linux; Android 7.0;) AppleWebKit/537.36 (KHTML, like Gecko) Mobile Safari/537.36 (compatible; PetalBot;+https://webmaster.petalsearch.com/site/petalbot)"
57.141.16.36 - - [15/Jan/2026:06:53:18 +0700] "GET /shop/page/12/?stock_status=instock%2Consale&per_page=18 HTTP/2" 200 261125 "-" "meta-externalagent/1.1 (+https://developers.facebook.com/docs/sharing/webmasters/crawler)"
103.131.51.123 - - [15/Jan/2026:06:53:55 +0700] "POST /wp-cron.php?doing_wp_cron=1768434835.2882220745086669921875 HTTP/1.1" 200 474 "-" "WordPress/6.9; https://view.lotushomemade.com"
114.119.150.215 - - [15/Jan/2026:06:53:53 +0700] "GET /shop/page/17/?orderby=popularity&per_row=4&shop_view=grid&stock_status=instock HTTP/1.1" 200 39717 "https://view.lotushomemade.com/shop/page/17?orderby=popularity&per_row=4&shop_view=grid&stock_status=instock" "Mozilla/5.0 (Linux; Android 7.0;) AppleWebKit/537.36 (KHTML, like Gecko) Mobile Safari/537.36 (compatible; PetalBot;+https://webmaster.petalsearch.com/site/petalbot)"
103.131.51.123 - - [15/Jan/2026:06:55:20 +0700] "POST /wp-cron.php?doing_wp_cron=1768434920.3841409683227539062500 HTTP/1.1" 200 474 "-" "WordPress/6.9; https://view.lotushomemade.com"
114.119.142.208 - - [15/Jan/2026:06:55:16 +0700] "GET /shop/page/17/?orderby=popularity&per_row=4&shop_view=grid&per_page=12 HTTP/1.1" 200 39736 "https://view.lotushomemade.com/shop/page/19/?orderby=popularity&per_row=4&shop_view=grid&per_page=12" "Mozilla/5.0 (Linux; Android 7.0;) AppleWebKit/537.36 (KHTML, like Gecko) Mobile Safari/537.36 (compatible; PetalBot;+https://webmaster.petalsearch.com/site/petalbot)"
103.131.51.123 - - [15/Jan/2026:06:56:52 +0700] "POST /wp-cron.php?doing_wp_cron=1768435012.4518420696258544921875 HTTP/1.1" 200 474 "-" "WordPress/6.9; https://view.lotushomemade.com"
114.119.150.215 - - [15/Jan/2026:06:56:48 +0700] "GET /shop/page/17/?orderby=popularity&per_row=4&per_page=18&shop_view=grid HTTP/1.1" 200 40521 "https://view.lotushomemade.com/shop/page/19/?orderby=popularity&per_row=4&per_page=18&shop_view=grid" "Mozilla/5.0 (Linux; Android 7.0;) AppleWebKit/537.36 (KHTML, like Gecko) Mobile Safari/537.36 (compatible; PetalBot;+https://webmaster.petalsearch.com/site/petalbot)"
103.131.51.123 - - [15/Jan/2026:06:58:08 +0700] "POST /wp-cron.php?doing_wp_cron=1768435088.4311358928680419921875 HTTP/1.1" 200 474 "-" "WordPress/6.9; https://view.lotushomemade.com"
114.119.149.78 - - [15/Jan/2026:06:58:05 +0700] "GET /shop?stock_status=instock,onsale&per_row=4&shop_view=grid&filter_brand=hss HTTP/1.1" 301 628 "https://view.lotushomemade.com/shop?per_row=6&shop_view=grid&filter_brand=hss&stock_status=instock%2Consale" "Mozilla/5.0 (Linux; Android 7.0;) AppleWebKit/537.36 (KHTML, like Gecko) Mobile Safari/537.36 (compatible; PetalBot;+https://webmaster.petalsearch.com/site/petalbot)"
114.119.149.78 - - [15/Jan/2026:06:58:08 +0700] "GET /shop/?stock_status=instock,onsale&per_row=4&shop_view=grid&filter_brand=hss HTTP/1.1" 200 38839 "https://view.lotushomemade.com/shop?per_row=6&shop_view=grid&filter_brand=hss&stock_status=instock%2Consale" "Mozilla/5.0 (Linux; Android 7.0;) AppleWebKit/537.36 (KHTML, like Gecko) Mobile Safari/537.36 (compatible; PetalBot;+https://webmaster.petalsearch.com/site/petalbot)"
103.131.51.123 - - [15/Jan/2026:07:00:55 +0700] "POST /wp-cron.php?doing_wp_cron=1768435255.4338641166687011718750 HTTP/1.1" 200 474 "-" "WordPress/6.9; https://view.lotushomemade.com"
114.119.148.197 - - [15/Jan/2026:07:00:51 +0700] "GET /shop/page/6/?max_price=1040&per_row=6&per_page=8&shop_view=grid HTTP/1.1" 200 39616 "https://view.lotushomemade.com/shop/page/6/?max_price=1040&per_row=6&per_page=8&shop_view=grid" "Mozilla/5.0 (Linux; Android 7.0;) AppleWebKit/537.36 (KHTML, like Gecko) Mobile Safari/537.36 (compatible; PetalBot;+https://webmaster.petalsearch.com/site/petalbot)"
103.131.51.123 - - [15/Jan/2026:07:02:19 +0700] "POST /wp-cron.php?doing_wp_cron=1768435338.9717700481414794921875 HTTP/1.1" 200 474 "-" "WordPress/6.9; https://view.lotushomemade.com"
114.119.151.206 - - [15/Jan/2026:07:02:15 +0700] "GET /shop/page/47/?max_price=780&stock_status=onsale&per_page=8 HTTP/1.1" 200 39646 "https://view.lotushomemade.com/shop/page/48/?max_price=780&stock_status=onsale&per_page=8" "Mozilla/5.0 (Linux; Android 7.0;) AppleWebKit/537.36 (KHTML, like Gecko) Mobile Safari/537.36 (compatible; PetalBot;+https://webmaster.petalsearch.com/site/petalbot)"
103.131.51.123 - - [15/Jan/2026:07:02:52 +0700] "POST /wp-cron.php?doing_wp_cron=1768435372.4232339859008789062500 HTTP/1.1" 200 474 "-" "WordPress/6.9; https://view.lotushomemade.com"
57.141.16.22 - - [15/Jan/2026:07:02:50 +0700] "GET /product-category/traditional-cookies-series/page/5/?per_row=2&per_page=18&shop_view=grid&stock_status=instock%2Consale HTTP/2" 200 263940 "-" "meta-externalagent/1.1 (+https://developers.facebook.com/docs/sharing/webmasters/crawler)"
103.131.51.123 - - [15/Jan/2026:07:03:39 +0700] "POST /wp-cron.php?doing_wp_cron=1768435419.4129319190979003906250 HTTP/1.1" 200 474 "-" "WordPress/6.9; https://view.lotushomemade.com"
114.119.151.206 - - [15/Jan/2026:07:03:37 +0700] "GET /shop/page/38/?orderby=rating&per_row=2&shop_view=grid&per_page=8 HTTP/1.1" 200 39081 "https://view.lotushomemade.com/shop/page/40?orderby=rating&per_row=2&shop_view=grid&per_page=8" "Mozilla/5.0 (Linux; Android 7.0;) AppleWebKit/537.36 (KHTML, like Gecko) Mobile Safari/537.36 (compatible; PetalBot;+https://webmaster.petalsearch.com/site/petalbot)"
103.131.51.123 - - [15/Jan/2026:07:05:08 +0700] "POST /wp-cron.php?doing_wp_cron=1768435508.0817790031433105468750 HTTP/1.1" 200 474 "-" "WordPress/6.9; https://view.lotushomemade.com"
114.119.148.197 - - [15/Jan/2026:07:05:04 +0700] "GET /shop/page/38/?min_price=0&per_row=4&per_page=8&shop_view=grid HTTP/1.1" 200 39358 "https://view.lotushomemade.com/shop/page/37/?min_price=0&per_row=4&per_page=8&shop_view=grid" "Mozilla/5.0 (Linux; Android 7.0;) AppleWebKit/537.36 (KHTML, like Gecko) Mobile Safari/537.36 (compatible; PetalBot;+https://webmaster.petalsearch.com/site/petalbot)"
103.131.51.123 - - [15/Jan/2026:07:06:27 +0700] "POST /wp-cron.php?doing_wp_cron=1768435587.5615129470825195312500 HTTP/1.1" 200 474 "-" "WordPress/6.9; https://view.lotushomemade.com"
114.119.142.208 - - [15/Jan/2026:07:06:25 +0700] "GET /shop/page/32?orderby=price&stock_status=instock,onsale&per_row=2&shop_view=grid HTTP/1.1" 301 635 "https://view.lotushomemade.com/shop?orderby=price&stock_status=instock%2Consale&per_row=2&shop_view=grid" "Mozilla/5.0 (Linux; Android 7.0;) AppleWebKit/537.36 (KHTML, like Gecko) Mobile Safari/537.36 (compatible; PetalBot;+https://webmaster.petalsearch.com/site/petalbot)"
114.119.142.208 - - [15/Jan/2026:07:06:27 +0700] "GET /shop/page/32/?orderby=price&stock_status=instock,onsale&per_row=2&shop_view=grid HTTP/1.1" 301 635 "https://view.lotushomemade.com/shop?orderby=price&stock_status=instock%2Consale&per_row=2&shop_view=grid" "Mozilla/5.0 (Linux; Android 7.0;) AppleWebKit/537.36 (KHTML, like Gecko) Mobile Safari/537.36 (compatible; PetalBot;+https://webmaster.petalsearch.com/site/petalbot)"
114.119.142.208 - - [15/Jan/2026:07:06:28 +0700] "GET /shop/page/32/?orderby=price&stock_status=instock,onsale&per_row=2&shop_view=grid HTTP/1.1" 301 635 "https://view.lotushomemade.com/shop?orderby=price&stock_status=instock%2Consale&per_row=2&shop_view=grid" "Mozilla/5.0 (Linux; Android 7.0;) AppleWebKit/537.36 (KHTML, like Gecko) Mobile Safari/537.36 (compatible; PetalBot;+https://webmaster.petalsearch.com/site/petalbot)"
114.119.142.208 - - [15/Jan/2026:07:06:28 +0700] "GET /shop/page/32/?orderby=price&stock_status=instock,onsale&per_row=2&shop_view=grid HTTP/1.1" 301 635 "https://view.lotushomemade.com/shop?orderby=price&stock_status=instock%2Consale&per_row=2&shop_view=grid" "Mozilla/5.0 (Linux; Android 7.0;) AppleWebKit/537.36 (KHTML, like Gecko) Mobile Safari/537.36 (compatible; PetalBot;+https://webmaster.petalsearch.com/site/petalbot)"
103.131.51.123 - - [15/Jan/2026:07:06:29 +0700] "POST /wp-cron.php?doing_wp_cron=1768435589.4679279327392578125000 HTTP/1.1" 200 474 "-" "WordPress/6.9; https://view.lotushomemade.com"
114.119.142.208 - - [15/Jan/2026:07:06:29 +0700] "GET /shop/page/32/?orderby=price&stock_status=instock,onsale&per_row=2&shop_view=grid HTTP/1.1" 301 635 "https://view.lotushomemade.com/shop?orderby=price&stock_status=instock%2Consale&per_row=2&shop_view=grid" "Mozilla/5.0 (Linux; Android 7.0;) AppleWebKit/537.36 (KHTML, like Gecko) Mobile Safari/537.36 (compatible; PetalBot;+https://webmaster.petalsearch.com/site/petalbot)"
114.119.142.208 - - [15/Jan/2026:07:06:29 +0700] "GET /shop/page/32/?orderby=price&stock_status=instock,onsale&per_row=2&shop_view=grid HTTP/1.1" 301 635 "https://view.lotushomemade.com/shop?orderby=price&stock_status=instock%2Consale&per_row=2&shop_view=grid" "Mozilla/5.0 (Linux; Android 7.0;) AppleWebKit/537.36 (KHTML, like Gecko) Mobile Safari/537.36 (compatible; PetalBot;+https://webmaster.petalsearch.com/site/petalbot)"
114.119.142.208 - - [15/Jan/2026:07:06:30 +0700] "GET /shop/page/32/?orderby=price&stock_status=instock,onsale&per_row=2&shop_view=grid HTTP/1.1" 301 635 "https://view.lotushomemade.com/shop?orderby=price&stock_status=instock%2Consale&per_row=2&shop_view=grid" "Mozilla/5.0 (Linux; Android 7.0;) AppleWebKit/537.36 (KHTML, like Gecko) Mobile Safari/537.36 (compatible; PetalBot;+https://webmaster.petalsearch.com/site/petalbot)"
114.119.142.208 - - [15/Jan/2026:07:06:30 +0700] "GET /shop/page/32/?orderby=price&stock_status=instock,onsale&per_row=2&shop_view=grid HTTP/1.1" 301 635 "https://view.lotushomemade.com/shop?orderby=price&stock_status=instock%2Consale&per_row=2&shop_view=grid" "Mozilla/5.0 (Linux; Android 7.0;) AppleWebKit/537.36 (KHTML, like Gecko) Mobile Safari/537.36 (compatible; PetalBot;+https://webmaster.petalsearch.com/site/petalbot)"
