114.119.142.208 - - [15/Jan/2026:07:06:31 +0700] "GET /shop/page/32/?orderby=price&stock_status=instock,onsale&per_row=2&shop_view=grid HTTP/1.1" 301 635 "https://view.lotushomemade.com/shop?orderby=price&stock_status=instock%2Consale&per_row=2&shop_view=grid" "Mozilla/5.0 (Linux; Android 7.0;) AppleWebKit/537.36 (KHTML, like Gecko) Mobile Safari/537.36 (compatible; PetalBot;+https://webmaster.petalsearch.com/site/petalbot)"
114.119.142.208 - - [15/Jan/2026:07:06:32 +0700] "GET /shop/page/32/?orderby=price&stock_status=instock,onsale&per_row=2&shop_view=grid HTTP/1.1" 301 635 "https://view.lotushomemade.com/shop?orderby=price&stock_status=instock%2Consale&per_row=2&shop_view=grid" "Mozilla/5.0 (Linux; Android 7.0;) AppleWebKit/537.36 (KHTML, like Gecko) Mobile Safari/537.36 (compatible; PetalBot;+https://webmaster.petalsearch.com/site/petalbot)"
103.131.51.123 - - [15/Jan/2026:07:07:03 +0700] "POST /wp-cron.php?doing_wp_cron=1768435622.9898009300231933593750 HTTP/1.1" 200 474 "-" "WordPress/6.9; https://view.lotushomemade.com"
57.141.16.58 - - [15/Jan/2026:07:07:00 +0700] "GET /shop/page/13/?add-to-cart=17227 HTTP/2" 200 240849 "-" "meta-externalagent/1.1 (+https://developers.facebook.com/docs/sharing/webmasters/crawler)"
57.141.16.12 - - [15/Jan/2026:07:07:07 +0700] "GET /shop/page/10/?per_row=6&per_page=8&shop_view=grid&stock_status=instock%2Consale HTTP/2" 200 228966 "-" "meta-externalagent/1.1 (+https://developers.facebook.com/docs/sharing/webmasters/crawler)"
103.131.51.123 - - [15/Jan/2026:07:07:49 +0700] "POST /wp-cron.php?doing_wp_cron=1768435669.7565059661865234375000 HTTP/1.1" 200 474 "-" "WordPress/6.9; https://view.lotushomemade.com"
114.119.145.110 - - [15/Jan/2026:07:07:49 +0700] "GET /shop/page/31/?stock_status=instock,onsale&per_page=12&shop_view=grid&per_row=4 HTTP/1.1" 301 679 "https://view.lotushomemade.com/shop?stock_status=instock%2Consale&per_page=12&shop_view=grid&per_row=4" "Mozilla/5.0 (Linux; Android 7.0;) AppleWebKit/537.36 (KHTML, like Gecko) Mobile Safari/537.36 (compatible; PetalBot;+https://webmaster.petalsearch.com/site/petalbot)"
114.119.145.110 - - [15/Jan/2026:07:07:49 +0700] "GET /shop/page/31/?stock_status=instock,onsale&per_page=12&shop_view=grid&per_row=4 HTTP/1.1" 301 679 "https://view.lotushomemade.com/shop?stock_status=instock%2Consale&per_page=12&shop_view=grid&per_row=4" "Mozilla/5.0 (Linux; Android 7.0;) AppleWebKit/537.36 (KHTML, like Gecko) Mobile Safari/537.36 (compatible; PetalBot;+https://webmaster.petalsearch.com/site/petalbot)"
114.119.145.110 - - [15/Jan/2026:07:07:50 +0700] "GET /shop/page/31/?stock_status=instock,onsale&per_page=12&shop_view=grid&per_row=4 HTTP/1.1" 301 679 "https://view.lotushomemade.com/shop?stock_status=instock%2Consale&per_page=12&shop_view=grid&per_row=4" "Mozilla/5.0 (Linux; Android 7.0;) AppleWebKit/537.36 (KHTML, like Gecko) Mobile Safari/537.36 (compatible; PetalBot;+https://webmaster.petalsearch.com/site/petalbot)"
114.119.145.110 - - [15/Jan/2026:07:07:50 +0700] "GET /shop/page/31/?stock_status=instock,onsale&per_page=12&shop_view=grid&per_row=4 HTTP/1.1" 301 679 "https://view.lotushomemade.com/shop?stock_status=instock%2Consale&per_page=12&shop_view=grid&per_row=4" "Mozilla/5.0 (Linux; Android 7.0;) AppleWebKit/537.36 (KHTML, like Gecko) Mobile Safari/537.36 (compatible; PetalBot;+https://webmaster.petalsearch.com/site/petalbot)"
114.119.145.110 - - [15/Jan/2026:07:07:51 +0700] "GET /shop/page/31/?stock_status=instock,onsale&per_page=12&shop_view=grid&per_row=4 HTTP/1.1" 301 679 "https://view.lotushomemade.com/shop?stock_status=instock%2Consale&per_page=12&shop_view=grid&per_row=4" "Mozilla/5.0 (Linux; Android 7.0;) AppleWebKit/537.36 (KHTML, like Gecko) Mobile Safari/537.36 (compatible; PetalBot;+https://webmaster.petalsearch.com/site/petalbot)"
114.119.145.110 - - [15/Jan/2026:07:07:51 +0700] "GET /shop/page/31/?stock_status=instock,onsale&per_page=12&shop_view=grid&per_row=4 HTTP/1.1" 301 679 "https://view.lotushomemade.com/shop?stock_status=instock%2Consale&per_page=12&shop_view=grid&per_row=4" "Mozilla/5.0 (Linux; Android 7.0;) AppleWebKit/537.36 (KHTML, like Gecko) Mobile Safari/537.36 (compatible; PetalBot;+https://webmaster.petalsearch.com/site/petalbot)"
114.119.145.110 - - [15/Jan/2026:07:07:52 +0700] "GET /shop/page/31/?stock_status=instock,onsale&per_page=12&shop_view=grid&per_row=4 HTTP/1.1" 301 679 "https://view.lotushomemade.com/shop?stock_status=instock%2Consale&per_page=12&shop_view=grid&per_row=4" "Mozilla/5.0 (Linux; Android 7.0;) AppleWebKit/537.36 (KHTML, like Gecko) Mobile Safari/537.36 (compatible; PetalBot;+https://webmaster.petalsearch.com/site/petalbot)"
114.119.145.110 - - [15/Jan/2026:07:07:52 +0700] "GET /shop/page/31/?stock_status=instock,onsale&per_page=12&shop_view=grid&per_row=4 HTTP/1.1" 301 679 "https://view.lotushomemade.com/shop?stock_status=instock%2Consale&per_page=12&shop_view=grid&per_row=4" "Mozilla/5.0 (Linux; Android 7.0;) AppleWebKit/537.36 (KHTML, like Gecko) Mobile Safari/537.36 (compatible; PetalBot;+https://webmaster.petalsearch.com/site/petalbot)"
114.119.145.110 - - [15/Jan/2026:07:07:53 +0700] "GET /shop/page/31/?stock_status=instock,onsale&per_page=12&shop_view=grid&per_row=4 HTTP/1.1" 301 679 "https://view.lotushomemade.com/shop?stock_status=instock%2Consale&per_page=12&shop_view=grid&per_row=4" "Mozilla/5.0 (Linux; Android 7.0;) AppleWebKit/537.36 (KHTML, like Gecko) Mobile Safari/537.36 (compatible; PetalBot;+https://webmaster.petalsearch.com/site/petalbot)"
114.119.145.110 - - [15/Jan/2026:07:07:53 +0700] "GET /shop/page/31/?stock_status=instock,onsale&per_page=12&shop_view=grid&per_row=4 HTTP/1.1" 301 679 "https://view.lotushomemade.com/shop?stock_status=instock%2Consale&per_page=12&shop_view=grid&per_row=4" "Mozilla/5.0 (Linux; Android 7.0;) AppleWebKit/537.36 (KHTML, like Gecko) Mobile Safari/537.36 (compatible; PetalBot;+https://webmaster.petalsearch.com/site/petalbot)"
103.131.51.123 - - [15/Jan/2026:07:09:17 +0700] "POST /wp-cron.php?doing_wp_cron=1768435757.0593891143798828125000 HTTP/1.1" 200 474 "-" "WordPress/6.9; https://view.lotushomemade.com"
114.119.151.206 - - [15/Jan/2026:07:09:13 +0700] "GET /shop/page/26/?orderby=price&per_page=12&stock_status=instock HTTP/1.1" 200 39999 "https://view.lotushomemade.com/shop/page/28/?orderby=price&per_page=12&stock_status=instock" "Mozilla/5.0 (Linux; Android 7.0;) AppleWebKit/537.36 (KHTML, like Gecko) Mobile Safari/537.36 (compatible; PetalBot;+https://webmaster.petalsearch.com/site/petalbot)"
103.131.51.123 - - [15/Jan/2026:07:10:41 +0700] "POST /wp-cron.php?doing_wp_cron=1768435841.4181590080261230468750 HTTP/1.1" 200 474 "-" "WordPress/6.9; https://view.lotushomemade.com"
114.119.148.197 - - [15/Jan/2026:07:10:36 +0700] "GET /shop/page/19/?orderby=price-desc&per_page=8&shop_view=grid&per_row=2 HTTP/1.1" 200 39366 "https://view.lotushomemade.com/shop/page/18/?orderby=price-desc&per_page=8&shop_view=grid&per_row=2" "Mozilla/5.0 (Linux; Android 7.0;) AppleWebKit/537.36 (KHTML, like Gecko) Mobile Safari/537.36 (compatible; PetalBot;+https://webmaster.petalsearch.com/site/petalbot)"
57.141.16.32 - - [15/Jan/2026:07:10:52 +0700] "GET /product-category/traditional-cookies-series/page/2/?stock_status=instock%2Consale&per_page=8 HTTP/2" 200 232448 "-" "meta-externalagent/1.1 (+https://developers.facebook.com/docs/sharing/webmasters/crawler)"
103.131.51.123 - - [15/Jan/2026:07:12:02 +0700] "POST /wp-cron.php?doing_wp_cron=1768435922.6352150440216064453125 HTTP/1.1" 200 474 "-" "WordPress/6.9; https://view.lotushomemade.com"
114.119.130.97 - - [15/Jan/2026:07:12:00 +0700] "GET /shop/page/19/?orderby=popularity&stock_status=instock&shop_view=grid&per_row=4 HTTP/1.1" 200 39909 "https://view.lotushomemade.com/shop/page/19?orderby=popularity&stock_status=instock&shop_view=grid&per_row=4" "Mozilla/5.0 (Linux; Android 7.0;) AppleWebKit/537.36 (KHTML, like Gecko) Mobile Safari/537.36 (compatible; PetalBot;+https://webmaster.petalsearch.com/site/petalbot)"
57.141.16.75 - - [15/Jan/2026:07:12:15 +0700] "GET /product-category/traditional-cookies-series/page/6/?stock_status=instock%2Consale&per_page=18 HTTP/2" 200 262064 "-" "meta-externalagent/1.1 (+https://developers.facebook.com/docs/sharing/webmasters/crawler)"
103.131.51.123 - - [15/Jan/2026:07:13:25 +0700] "POST /wp-cron.php?doing_wp_cron=1768436005.1397650241851806640625 HTTP/1.1" 200 474 "-" "WordPress/6.9; https://view.lotushomemade.com"
57.141.16.94 - - [15/Jan/2026:07:13:23 +0700] "GET /shop/page/11/?stock_status=instock%2Consale&per_row=4&per_page=18&shop_view=grid HTTP/2" 200 257917 "-" "meta-externalagent/1.1 (+https://developers.facebook.com/docs/sharing/webmasters/crawler)"
103.131.51.123 - - [15/Jan/2026:07:13:26 +0700] "POST /wp-cron.php?doing_wp_cron=1768436006.6100089550018310546875 HTTP/1.1" 200 474 "-" "WordPress/6.9; https://view.lotushomemade.com"
114.119.145.110 - - [15/Jan/2026:07:13:24 +0700] "GET /shop/page/19/?orderby=date&per_row=2&per_page=18&shop_view=grid HTTP/1.1" 200 40294 "https://view.lotushomemade.com/shop/page/21?orderby=date&per_row=2&per_page=18&shop_view=grid" "Mozilla/5.0 (Linux; Android 7.0;) AppleWebKit/537.36 (KHTML, like Gecko) Mobile Safari/537.36 (compatible; PetalBot;+https://webmaster.petalsearch.com/site/petalbot)"
103.131.51.123 - - [15/Jan/2026:07:14:51 +0700] "POST /wp-cron.php?doing_wp_cron=1768436091.3311059474945068359375 HTTP/1.1" 200 474 "-" "WordPress/6.9; https://view.lotushomemade.com"
114.119.156.27 - - [15/Jan/2026:07:14:47 +0700] "GET /shop/page/17/?orderby=popularity&per_row=2&shop_view=grid&stock_status=instock HTTP/1.1" 200 39702 "https://view.lotushomemade.com/shop/page/20?orderby=popularity&per_row=2&shop_view=grid&stock_status=instock" "Mozilla/5.0 (Linux; Android 7.0;) AppleWebKit/537.36 (KHTML, like Gecko) Mobile Safari/537.36 (compatible; PetalBot;+https://webmaster.petalsearch.com/site/petalbot)"
103.131.51.123 - - [15/Jan/2026:07:16:16 +0700] "POST /wp-cron.php?doing_wp_cron=1768436176.2417180538177490234375 HTTP/1.1" 200 474 "-" "WordPress/6.9; https://view.lotushomemade.com"
114.119.148.197 - - [15/Jan/2026:07:16:11 +0700] "GET /shop/page/17/?orderby=popularity&per_row=2&shop_view=grid&per_page=12 HTTP/1.1" 200 39731 "https://view.lotushomemade.com/shop/page/18/?orderby=popularity&per_row=2&shop_view=grid&per_page=12" "Mozilla/5.0 (Linux; Android 7.0;) AppleWebKit/537.36 (KHTML, like Gecko) Mobile Safari/537.36 (compatible; PetalBot;+https://webmaster.petalsearch.com/site/petalbot)"
103.131.51.123 - - [15/Jan/2026:07:17:39 +0700] "POST /wp-cron.php?doing_wp_cron=1768436259.2827570438385009765625 HTTP/1.1" 200 474 "-" "WordPress/6.9; https://view.lotushomemade.com"
114.119.151.206 - - [15/Jan/2026:07:17:35 +0700] "GET /shop/page/17/?orderby=popularity&per_row=2&shop_view=grid HTTP/1.1" 200 39655 "https://view.lotushomemade.com/shop/page/19/?orderby=popularity&per_row=2&shop_view=grid" "Mozilla/5.0 (Linux; Android 7.0;) AppleWebKit/537.36 (KHTML, like Gecko) Mobile Safari/537.36 (compatible; PetalBot;+https://webmaster.petalsearch.com/site/petalbot)"
57.141.16.39 - - [15/Jan/2026:07:18:18 +0700] "GET /product-category/traditional-cookies-series/page/5/?per_row=6&per_page=8&shop_view=grid&stock_status=instock%2Consale HTTP/2" 200 231225 "-" "meta-externalagent/1.1 (+https://developers.facebook.com/docs/sharing/webmasters/crawler)"
57.141.16.48 - - [15/Jan/2026:07:18:29 +0700] "GET /shop/page/10/?add-to-cart=17149 HTTP/2" 200 239606 "-" "meta-externalagent/1.1 (+https://developers.facebook.com/docs/sharing/webmasters/crawler)"
57.141.16.73 - - [15/Jan/2026:07:18:30 +0700] "GET /shop/page/10/?add-to-cart=16879 HTTP/2" 200 239610 "-" "meta-externalagent/1.1 (+https://developers.facebook.com/docs/sharing/webmasters/crawler)"
103.131.51.123 - - [15/Jan/2026:07:19:00 +0700] "POST /wp-cron.php?doing_wp_cron=1768436340.8339219093322753906250 HTTP/1.1" 200 474 "-" "WordPress/6.9; https://view.lotushomemade.com"
114.119.148.197 - - [15/Jan/2026:07:18:58 +0700] "GET /shop/page/17/?orderby=popularity&per_page=8&shop_view=grid&per_row=6 HTTP/1.1" 200 39355 "https://view.lotushomemade.com/shop/page/18?orderby=popularity&per_page=8&shop_view=grid&per_row=6" "Mozilla/5.0 (Linux; Android 7.0;) AppleWebKit/537.36 (KHTML, like Gecko) Mobile Safari/537.36 (compatible; PetalBot;+https://webmaster.petalsearch.com/site/petalbot)"
103.131.51.123 - - [15/Jan/2026:07:20:19 +0700] "POST /wp-cron.php?doing_wp_cron=1768436419.4441530704498291015625 HTTP/1.1" 200 474 "-" "WordPress/6.9; https://view.lotushomemade.com"
57.141.16.34 - - [15/Jan/2026:07:20:15 +0700] "GET /shop/page/15/?stock_status=instock%2Consale&per_row=4&per_page=18&shop_view=grid HTTP/2" 200 261839 "-" "meta-externalagent/1.1 (+https://developers.facebook.com/docs/sharing/webmasters/crawler)"
114.119.130.97 - - [15/Jan/2026:07:20:25 +0700] "GET /shop?orderby=rating&per_row=6&shop_view=grid&filter_brand=hss HTTP/1.1" 301 615 "-" "Mozilla/5.0 (Linux; Android 7.0;) AppleWebKit/537.36 (KHTML, like Gecko) Mobile Safari/537.36 (compatible; PetalBot;+https://webmaster.petalsearch.com/site/petalbot)"
114.119.130.97 - - [15/Jan/2026:07:20:26 +0700] "GET /shop/?orderby=rating&per_row=6&shop_view=grid&filter_brand=hss HTTP/1.1" 200 38791 "-" "Mozilla/5.0 (Linux; Android 7.0;) AppleWebKit/537.36 (KHTML, like Gecko) Mobile Safari/537.36 (compatible; PetalBot;+https://webmaster.petalsearch.com/site/petalbot)"
103.131.51.123 - - [15/Jan/2026:07:21:47 +0700] "POST /wp-cron.php?doing_wp_cron=1768436507.7453138828277587890625 HTTP/1.1" 200 474 "-" "WordPress/6.9; https://view.lotushomemade.com"
114.119.149.78 - - [15/Jan/2026:07:21:45 +0700] "GET /shop?orderby=price&per_page=8&filter_brand=blessing-food&stock_status=onsale HTTP/1.1" 301 587 "-" "Mozilla/5.0 (Linux; Android 7.0;) AppleWebKit/537.36 (KHTML, like Gecko) Mobile Safari/537.36 (compatible; PetalBot;+https://webmaster.petalsearch.com/site/petalbot)"
114.119.149.78 - - [15/Jan/2026:07:21:47 +0700] "GET /shop/?orderby=price&per_page=8&filter_brand=blessing-food&stock_status=onsale HTTP/1.1" 200 38714 "-" "Mozilla/5.0 (Linux; Android 7.0;) AppleWebKit/537.36 (KHTML, like Gecko) Mobile Safari/537.36 (compatible; PetalBot;+https://webmaster.petalsearch.com/site/petalbot)"
103.131.51.123 - - [15/Jan/2026:07:23:12 +0700] "POST /wp-cron.php?doing_wp_cron=1768436592.0571150779724121093750 HTTP/1.1" 200 474 "-" "WordPress/6.9; https://view.lotushomemade.com"
114.119.145.110 - - [15/Jan/2026:07:23:09 +0700] "GET /shop?max_price=780&per_row=2&per_page=18&shop_view=grid HTTP/1.1" 301 655 "-" "Mozilla/5.0 (Linux; Android 7.0;) AppleWebKit/537.36 (KHTML, like Gecko) Mobile Safari/537.36 (compatible; PetalBot;+https://webmaster.petalsearch.com/site/petalbot)"
114.119.145.110 - - [15/Jan/2026:07:23:13 +0700] "GET /shop/?max_price=780&per_row=2&per_page=18&shop_view=grid HTTP/1.1" 200 42664 "-" "Mozilla/5.0 (Linux; Android 7.0;) AppleWebKit/537.36 (KHTML, like Gecko) Mobile Safari/537.36 (compatible; PetalBot;+https://webmaster.petalsearch.com/site/petalbot)"
40.77.167.48 - - [15/Jan/2026:07:23:35 +0700] "GET /wp-content/uploads/2021/10/tupup-288x300.jpg HTTP/2" 200 55052 "-" "Mozilla/5.0 AppleWebKit/537.36 (KHTML, like Gecko; compatible; bingbot/2.0; +http://www.bing.com/bingbot.htm) Chrome/116.0.1938.76 Safari/537.36"
103.131.51.123 - - [15/Jan/2026:07:23:54 +0700] "POST /wp-cron.php?doing_wp_cron=1768436634.1084361076354980468750 HTTP/1.1" 200 474 "-" "WordPress/6.9; https://view.lotushomemade.com"
57.141.16.43 - - [15/Jan/2026:07:23:52 +0700] "GET /shop/page/11/?per_row=6&per_page=8&shop_view=grid&stock_status=instock%2Consale HTTP/2" 200 229276 "-" "meta-externalagent/1.1 (+https://developers.facebook.com/docs/sharing/webmasters/crawler)"
103.131.51.123 - - [15/Jan/2026:07:24:33 +0700] "POST /wp-cron.php?doing_wp_cron=1768436673.4114449024200439453125 HTTP/1.1" 200 474 "-" "WordPress/6.9; https://view.lotushomemade.com"
114.119.130.97 - - [15/Jan/2026:07:24:32 +0700] "GET /shop/page/9?orderby=price-desc&per_page=18 HTTP/1.1" 301 554 "-" "Mozilla/5.0 (Linux; Android 7.0;) AppleWebKit/537.36 (KHTML, like Gecko) Mobile Safari/537.36 (compatible; PetalBot;+https://webmaster.petalsearch.com/site/petalbot)"
114.119.130.97 - - [15/Jan/2026:07:24:33 +0700] "GET /shop/page/9/?orderby=price-desc&per_page=18 HTTP/1.1" 200 41144 "-" "Mozilla/5.0 (Linux; Android 7.0;) AppleWebKit/537.36 (KHTML, like Gecko) Mobile Safari/537.36 (compatible; PetalBot;+https://webmaster.petalsearch.com/site/petalbot)"
57.141.16.84 - - [15/Jan/2026:07:25:30 +0700] "GET /shop/page/14/?stock_status=instock%2Consale&per_page=8 HTTP/2" 200 229176 "-" "meta-externalagent/1.1 (+https://developers.facebook.com/docs/sharing/webmasters/crawler)"
103.131.51.123 - - [15/Jan/2026:07:25:35 +0700] "POST /wp-cron.php?doing_wp_cron=1768436735.6807909011840820312500 HTTP/1.1" 200 474 "-" "WordPress/6.9; https://view.lotushomemade.com"
57.141.16.7 - - [15/Jan/2026:07:25:34 +0700] "GET /product-category/traditional-cookies-series/100-vegan-traditional-cookies-series/?per_row=6&shop_view=grid&per_page=18 HTTP/2" 200 247565 "-" "meta-externalagent/1.1 (+https://developers.facebook.com/docs/sharing/webmasters/crawler)"
114.119.148.197 - - [15/Jan/2026:07:25:55 +0700] "GET /shop/page/8/?per_page=12&shop_view=grid&per_row=6 HTTP/1.1" 200 39687 "https://view.lotushomemade.com/shop/page/6?per_page=12&shop_view=grid&per_row=6" "Mozilla/5.0 (Linux; Android 7.0;) AppleWebKit/537.36 (KHTML, like Gecko) Mobile Safari/537.36 (compatible; PetalBot;+https://webmaster.petalsearch.com/site/petalbot)"
103.131.51.123 - - [15/Jan/2026:07:27:24 +0700] "POST /wp-cron.php?doing_wp_cron=1768436844.0541319847106933593750 HTTP/1.1" 200 474 "-" "WordPress/6.9; https://view.lotushomemade.com"
114.119.150.215 - - [15/Jan/2026:07:27:20 +0700] "GET /shop/page/8/?orderby=price&per_page=24 HTTP/1.1" 200 42309 "https://view.lotushomemade.com/shop/page/5/?orderby=price&per_page=24" "Mozilla/5.0 (Linux; Android 7.0;) AppleWebKit/537.36 (KHTML, like Gecko) Mobile Safari/537.36 (compatible; PetalBot;+https://webmaster.petalsearch.com/site/petalbot)"
103.131.51.123 - - [15/Jan/2026:07:28:47 +0700] "POST /wp-cron.php?doing_wp_cron=1768436927.7289988994598388671875 HTTP/1.1" 200 474 "-" "WordPress/6.9; https://view.lotushomemade.com"
114.119.142.208 - - [15/Jan/2026:07:28:43 +0700] "GET /shop/page/8/?max_price=520&stock_status=onsale&shop_view=grid&per_row=4 HTTP/1.1" 200 39952 "https://view.lotushomemade.com/shop/page/5?max_price=520&stock_status=onsale&shop_view=grid&per_row=4" "Mozilla/5.0 (Linux; Android 7.0;) AppleWebKit/537.36 (KHTML, like Gecko) Mobile Safari/537.36 (compatible; PetalBot;+https://webmaster.petalsearch.com/site/petalbot)"
103.131.51.123 - - [15/Jan/2026:07:30:10 +0700] "POST /wp-cron.php?doing_wp_cron=1768437010.6217720508575439453125 HTTP/1.1" 200 474 "-" "WordPress/6.9; https://view.lotushomemade.com"
114.119.142.208 - - [15/Jan/2026:07:30:08 +0700] "GET /shop/page/7?per_page=24&shop_view=grid&per_row=6 HTTP/1.1" 301 648 "https://view.lotushomemade.com/shop/page/7?per_page=24&shop_view=grid&per_row=6" "Mozilla/5.0 (Linux; Android 7.0;) AppleWebKit/537.36 (KHTML, like Gecko) Mobile Safari/537.36 (compatible; PetalBot;+https://webmaster.petalsearch.com/site/petalbot)"
114.119.142.208 - - [15/Jan/2026:07:30:10 +0700] "GET /shop/page/7/?per_page=24&shop_view=grid&per_row=6 HTTP/1.1" 200 42265 "https://view.lotushomemade.com/shop/page/7?per_page=24&shop_view=grid&per_row=6" "Mozilla/5.0 (Linux; Android 7.0;) AppleWebKit/537.36 (KHTML, like Gecko) Mobile Safari/537.36 (compatible; PetalBot;+https://webmaster.petalsearch.com/site/petalbot)"
103.131.51.123 - - [15/Jan/2026:07:31:36 +0700] "POST /wp-cron.php?doing_wp_cron=1768437096.9320430755615234375000 HTTP/1.1" 200 474 "-" "WordPress/6.9; https://view.lotushomemade.com"
114.119.150.215 - - [15/Jan/2026:07:31:33 +0700] "GET /shop/page/7/?orderby=price-desc&per_row=4&per_page=24&shop_view=grid HTTP/1.1" 200 42281 "https://view.lotushomemade.com/shop/page/5/?orderby=price-desc&per_row=4&per_page=24&shop_view=grid" "Mozilla/5.0 (Linux; Android 7.0;) AppleWebKit/537.36 (KHTML, like Gecko) Mobile Safari/537.36 (compatible; PetalBot;+https://webmaster.petalsearch.com/site/petalbot)"
57.141.16.26 - - [15/Jan/2026:07:31:59 +0700] "GET /shop/page/15/?per_page=8&shop_view=grid&per_row=4 HTTP/2" 200 229086 "-" "meta-externalagent/1.1 (+https://developers.facebook.com/docs/sharing/webmasters/crawler)"
57.141.16.92 - - [15/Jan/2026:07:32:01 +0700] "GET /shop/page/38/?stock_status=instock&per_row=6&shop_view=grid&per_page=8 HTTP/2" 200 229241 "-" "meta-externalagent/1.1 (+https://developers.facebook.com/docs/sharing/webmasters/crawler)"
103.131.51.123 - - [15/Jan/2026:07:33:02 +0700] "POST /wp-cron.php?doing_wp_cron=1768437182.4951369762420654296875 HTTP/1.1" 200 474 "-" "WordPress/6.9; https://view.lotushomemade.com"
114.119.151.206 - - [15/Jan/2026:07:33:02 +0700] "GET /shop/page/6?orderby=price-desc&shop_view=grid&per_row=4 HTTP/1.1" 301 609 "https://view.lotushomemade.com/shop/page/5?orderby=price-desc&shop_view=grid&per_row=4" "Mozilla/5.0 (Linux; Android 7.0;) AppleWebKit/537.36 (KHTML, like Gecko) Mobile Safari/537.36 (compatible; PetalBot;+https://webmaster.petalsearch.com/site/petalbot)"
114.119.151.206 - - [15/Jan/2026:07:33:03 +0700] "GET /shop/page/6/?orderby=price-desc&shop_view=grid&per_row=4 HTTP/1.1" 200 40180 "https://view.lotushomemade.com/shop/page/5?orderby=price-desc&shop_view=grid&per_row=4" "Mozilla/5.0 (Linux; Android 7.0;) AppleWebKit/537.36 (KHTML, like Gecko) Mobile Safari/537.36 (compatible; PetalBot;+https://webmaster.petalsearch.com/site/petalbot)"
103.131.51.123 - - [15/Jan/2026:07:34:21 +0700] "POST /wp-cron.php?doing_wp_cron=1768437261.8187029361724853515625 HTTP/1.1" 200 474 "-" "WordPress/6.9; https://view.lotushomemade.com"
114.119.149.78 - - [15/Jan/2026:07:34:18 +0700] "GET /shop/page/6/?max_price=520&per_row=2&per_page=18&shop_view=grid HTTP/1.1" 200 41212 "https://view.lotushomemade.com/shop/page/9/?max_price=520&per_row=2&per_page=18&shop_view=grid" "Mozilla/5.0 (Linux; Android 7.0;) AppleWebKit/537.36 (KHTML, like Gecko) Mobile Safari/537.36 (compatible; PetalBot;+https://webmaster.petalsearch.com/site/petalbot)"
57.141.16.48 - - [15/Jan/2026:07:34:27 +0700] "GET /shop/page/18/?per_row=2&per_page=18&shop_view=grid&stock_status=onsale HTTP/2" 200 257974 "-" "meta-externalagent/1.1 (+https://developers.facebook.com/docs/sharing/webmasters/crawler)"
103.131.51.123 - - [15/Jan/2026:07:34:59 +0700] "POST /wp-cron.php?doing_wp_cron=1768437299.1435940265655517578125 HTTP/1.1" 200 474 "-" "WordPress/6.9; https://view.lotushomemade.com"
57.141.16.82 - - [15/Jan/2026:07:34:57 +0700] "GET /product-category/traditional-cookies-series/page/3/?stock_status=instock%2Consale&per_page=8 HTTP/2" 200 229969 "-" "meta-externalagent/1.1 (+https://developers.facebook.com/docs/sharing/webmasters/crawler)"
103.131.51.123 - - [15/Jan/2026:07:35:38 +0700] "POST /wp-cron.php?doing_wp_cron=1768437338.8996160030364990234375 HTTP/1.1" 200 474 "-" "WordPress/6.9; https://view.lotushomemade.com"
57.141.16.15 - - [15/Jan/2026:07:35:37 +0700] "GET /shop/page/22/?stock_status=onsale&per_row=6&shop_view=grid&per_page=12 HTTP/2" 200 243551 "-" "meta-externalagent/1.1 (+https://developers.facebook.com/docs/sharing/webmasters/crawler)"
114.119.151.206 - - [15/Jan/2026:07:35:42 +0700] "GET /shop/page/5/?max_price=520&per_row=6&shop_view=grid&per_page=24 HTTP/1.1" 200 42410 "https://view.lotushomemade.com/shop/page/3?max_price=520&per_row=6&shop_view=grid&per_page=24" "Mozilla/5.0 (Linux; Android 7.0;) AppleWebKit/537.36 (KHTML, like Gecko) Mobile Safari/537.36 (compatible; PetalBot;+https://webmaster.petalsearch.com/site/petalbot)"
57.141.16.16 - - [15/Jan/2026:07:36:16 +0700] "GET /shop/page/17/?per_page=12&stock_status=instock%2Consale HTTP/2" 200 240340 "-" "meta-externalagent/1.1 (+https://developers.facebook.com/docs/sharing/webmasters/crawler)"
103.131.51.123 - - [15/Jan/2026:07:37:07 +0700] "POST /wp-cron.php?doing_wp_cron=1768437427.1825079917907714843750 HTTP/1.1" 200 474 "-" "WordPress/6.9; https://view.lotushomemade.com"
114.119.130.97 - - [15/Jan/2026:07:37:06 +0700] "GET /shop/page/4?orderby=rating&stock_status=instock,onsale&per_page=24 HTTP/1.1" 301 580 "-" "Mozilla/5.0 (Linux; Android 7.0;) AppleWebKit/537.36 (KHTML, like Gecko) Mobile Safari/537.36 (compatible; PetalBot;+https://webmaster.petalsearch.com/site/petalbot)"
114.119.130.97 - - [15/Jan/2026:07:37:07 +0700] "GET /shop/page/4/?orderby=rating&stock_status=instock,onsale&per_page=24 HTTP/1.1" 301 580 "-" "Mozilla/5.0 (Linux; Android 7.0;) AppleWebKit/537.36 (KHTML, like Gecko) Mobile Safari/537.36 (compatible; PetalBot;+https://webmaster.petalsearch.com/site/petalbot)"
114.119.130.97 - - [15/Jan/2026:07:37:08 +0700] "GET /shop/page/4/?orderby=rating&stock_status=instock,onsale&per_page=24 HTTP/1.1" 301 580 "-" "Mozilla/5.0 (Linux; Android 7.0;) AppleWebKit/537.36 (KHTML, like Gecko) Mobile Safari/537.36 (compatible; PetalBot;+https://webmaster.petalsearch.com/site/petalbot)"
114.119.130.97 - - [15/Jan/2026:07:37:09 +0700] "GET /shop/page/4/?orderby=rating&stock_status=instock,onsale&per_page=24 HTTP/1.1" 301 580 "-" "Mozilla/5.0 (Linux; Android 7.0;) AppleWebKit/537.36 (KHTML, like Gecko) Mobile Safari/537.36 (compatible; PetalBot;+https://webmaster.petalsearch.com/site/petalbot)"
114.119.130.97 - - [15/Jan/2026:07:37:10 +0700] "GET /shop/page/4/?orderby=rating&stock_status=instock,onsale&per_page=24 HTTP/1.1" 301 580 "-" "Mozilla/5.0 (Linux; Android 7.0;) AppleWebKit/537.36 (KHTML, like Gecko) Mobile Safari/537.36 (compatible; PetalBot;+https://webmaster.petalsearch.com/site/petalbot)"
57.141.16.10 - - [15/Jan/2026:07:37:08 +0700] "GET /product-category/traditional-cookies-series/100-vegan-traditional-cookies-series/?stock_status=instock&shop_view=grid&per_row=4 HTTP/2" 200 247684 "-" "meta-externalagent/1.1 (+https://developers.facebook.com/docs/sharing/webmasters/crawler)"
114.119.130.97 - - [15/Jan/2026:07:37:11 +0700] "GET /shop/page/4/?orderby=rating&stock_status=instock,onsale&per_page=24 HTTP/1.1" 301 580 "-" "Mozilla/5.0 (Linux; Android 7.0;) AppleWebKit/537.36 (KHTML, like Gecko) Mobile Safari/537.36 (compatible; PetalBot;+https://webmaster.petalsearch.com/site/petalbot)"
114.119.130.97 - - [15/Jan/2026:07:37:11 +0700] "GET /shop/page/4/?orderby=rating&stock_status=instock,onsale&per_page=24 HTTP/1.1" 301 580 "-" "Mozilla/5.0 (Linux; Android 7.0;) AppleWebKit/537.36 (KHTML, like Gecko) Mobile Safari/537.36 (compatible; PetalBot;+https://webmaster.petalsearch.com/site/petalbot)"
114.119.130.97 - - [15/Jan/2026:07:37:12 +0700] "GET /shop/page/4/?orderby=rating&stock_status=instock,onsale&per_page=24 HTTP/1.1" 301 580 "-" "Mozilla/5.0 (Linux; Android 7.0;) AppleWebKit/537.36 (KHTML, like Gecko) Mobile Safari/537.36 (compatible; PetalBot;+https://webmaster.petalsearch.com/site/petalbot)"
114.119.130.97 - - [15/Jan/2026:07:37:12 +0700] "GET /shop/page/4/?orderby=rating&stock_status=instock,onsale&per_page=24 HTTP/1.1" 301 580 "-" "Mozilla/5.0 (Linux; Android 7.0;) AppleWebKit/537.36 (KHTML, like Gecko) Mobile Safari/537.36 (compatible; PetalBot;+https://webmaster.petalsearch.com/site/petalbot)"
114.119.130.97 - - [15/Jan/2026:07:37:13 +0700] "GET /shop/page/4/?orderby=rating&stock_status=instock,onsale&per_page=24 HTTP/1.1" 301 580 "-" "Mozilla/5.0 (Linux; Android 7.0;) AppleWebKit/537.36 (KHTML, like Gecko) Mobile Safari/537.36 (compatible; PetalBot;+https://webmaster.petalsearch.com/site/petalbot)"
103.131.51.123 - - [15/Jan/2026:07:38:32 +0700] "POST /wp-cron.php?doing_wp_cron=1768437512.6415688991546630859375 HTTP/1.1" 200 474 "-" "WordPress/6.9; https://view.lotushomemade.com"
103.131.51.123 - - [15/Jan/2026:07:38:32 +0700] "POST /wp-cron.php?doing_wp_cron=1768437512.6417450904846191406250 HTTP/1.1" 200 474 "-" "WordPress/6.9; https://view.lotushomemade.com"
114.119.150.215 - - [15/Jan/2026:07:38:29 +0700] "GET /shop/page/40/?max_price=1040&stock_status=instock&per_page=8 HTTP/1.1" 200 39644 "https://view.lotushomemade.com/shop/page/43?max_price=1040&stock_status=instock&per_page=8" "Mozilla/5.0 (Linux; Android 7.0;) AppleWebKit/537.36 (KHTML, like Gecko) Mobile Safari/537.36 (compatible; PetalBot;+https://webmaster.petalsearch.com/site/petalbot)"
57.141.16.27 - - [15/Jan/2026:07:38:28 +0700] "GET /shop/page/6/?per_page=18 HTTP/2" 200 257053 "-" "meta-externalagent/1.1 (+https://developers.facebook.com/docs/sharing/webmasters/crawler)"
57.141.16.73 - - [15/Jan/2026:07:38:42 +0700] "GET /shop/page/10/?stock_status=onsale&per_row=6&shop_view=grid&per_page=18 HTTP/2" 200 259818 "-" "meta-externalagent/1.1 (+https://developers.facebook.com/docs/sharing/webmasters/crawler)"
57.141.16.99 - - [15/Jan/2026:07:38:53 +0700] "GET /shop/page/21/?per_row=6&shop_view=grid&stock_status=instock%2Consale HTTP/2" 200 244412 "-" "meta-externalagent/1.1 (+https://developers.facebook.com/docs/sharing/webmasters/crawler)"
103.131.51.123 - - [15/Jan/2026:07:39:42 +0700] "POST /wp-cron.php?doing_wp_cron=1768437582.5170490741729736328125 HTTP/1.1" 200 474 "-" "WordPress/6.9; https://view.lotushomemade.com"
57.141.16.71 - - [15/Jan/2026:07:39:40 +0700] "GET /product-category/traditional-cookies-series/page/10/?add-to-cart=17113 HTTP/2" 200 243834 "-" "meta-externalagent/1.1 (+https://developers.facebook.com/docs/sharing/webmasters/crawler)"
114.119.156.27 - - [15/Jan/2026:07:39:53 +0700] "GET /shop/page/4/?stock_status=onsale&per_row=4&shop_view=grid HTTP/1.1" 200 40182 "https://view.lotushomemade.com/shop/page/2?stock_status=onsale&per_row=4&shop_view=grid" "Mozilla/5.0 (Linux; Android 7.0;) AppleWebKit/537.36 (KHTML, like Gecko) Mobile Safari/537.36 (compatible; PetalBot;+https://webmaster.petalsearch.com/site/petalbot)"
57.141.16.8 - - [15/Jan/2026:07:40:30 +0700] "GET /product-category/traditional-cookies-series/100-vegan-traditional-cookies-series/?per_row=2&shop_view=grid&stock_status=instock HTTP/2" 200 247716 "-" "meta-externalagent/1.1 (+https://developers.facebook.com/docs/sharing/webmasters/crawler)"
103.131.51.123 - - [15/Jan/2026:07:41:01 +0700] "POST /wp-cron.php?doing_wp_cron=1768437661.8662049770355224609375 HTTP/1.1" 200 474 "-" "WordPress/6.9; https://view.lotushomemade.com"
57.141.16.65 - - [15/Jan/2026:07:41:01 +0700] "GET /product-category/traditional-cookies-series/page/1/?per_row=6&per_page=8&shop_view=grid&stock_status=instock%2Consale HTTP/2" 301 0 "-" "meta-externalagent/1.1 (+https://developers.facebook.com/docs/sharing/webmasters/crawler)"
57.141.16.21 - - [15/Jan/2026:07:41:00 +0700] "GET /product-category/traditional-cookies-series/page/11/?per_row=4&per_page=8&shop_view=grid&stock_status=instock HTTP/2" 200 231907 "-" "meta-externalagent/1.1 (+https://developers.facebook.com/docs/sharing/webmasters/crawler)"
114.119.148.197 - - [15/Jan/2026:07:41:16 +0700] "GET /shop/page/4/?orderby=rating&stock_status=instock&per_page=24 HTTP/1.1" 200 41328 "https://view.lotushomemade.com/shop/page/2?orderby=rating&stock_status=instock&per_page=24" "Mozilla/5.0 (Linux; Android 7.0;) AppleWebKit/537.36 (KHTML, like Gecko) Mobile Safari/537.36 (compatible; PetalBot;+https://webmaster.petalsearch.com/site/petalbot)"
103.131.51.123 - - [15/Jan/2026:07:42:13 +0700] "POST /wp-cron.php?doing_wp_cron=1768437733.0857589244842529296875 HTTP/1.1" 200 474 "-" "WordPress/6.9; https://view.lotushomemade.com"
57.141.16.65 - - [15/Jan/2026:07:42:11 +0700] "GET /shop/page/14/?stock_status=instock&per_page=12&shop_view=grid&per_row=4 HTTP/2" 200 244081 "-" "meta-externalagent/1.1 (+https://developers.facebook.com/docs/sharing/webmasters/crawler)"
103.131.51.123 - - [15/Jan/2026:07:42:40 +0700] "POST /wp-cron.php?doing_wp_cron=1768437760.1074869632720947265625 HTTP/1.1" 200 474 "-" "WordPress/6.9; https://view.lotushomemade.com"
114.119.130.97 - - [15/Jan/2026:07:42:39 +0700] "GET /shop?stock_status=onsale&filter_brand=blessing-food&shop_view=grid&per_row=6 HTTP/1.1" 301 630 "https://view.lotushomemade.com/shop?stock_status=onsale&filter_brand=blessing-food" "Mozilla/5.0 (Linux; Android 7.0;) AppleWebKit/537.36 (KHTML, like Gecko) Mobile Safari/537.36 (compatible; PetalBot;+https://webmaster.petalsearch.com/site/petalbot)"
114.119.130.97 - - [15/Jan/2026:07:42:40 +0700] "GET /shop/?stock_status=onsale&filter_brand=blessing-food&shop_view=grid&per_row=6 HTTP/1.1" 200 38739 "https://view.lotushomemade.com/shop?stock_status=onsale&filter_brand=blessing-food" "Mozilla/5.0 (Linux; Android 7.0;) AppleWebKit/537.36 (KHTML, like Gecko) Mobile Safari/537.36 (compatible; PetalBot;+https://webmaster.petalsearch.com/site/petalbot)"
103.131.51.123 - - [15/Jan/2026:07:44:03 +0700] "POST /wp-cron.php?doing_wp_cron=1768437842.9730849266052246093750 HTTP/1.1" 200 474 "-" "WordPress/6.9; https://view.lotushomemade.com"
187.102.198.173 - - [15/Jan/2026:07:43:58 +0700] "GET /product/legend-kuih-kapit-tin__trashed/?add-to-cart=17313 HTTP/1.1" 200 38245 "-" "Opera/8.79.(Windows 98; Win 9x 4.90; lt-LT) Presto/2.9.182 Version/11.00"
114.119.151.206 - - [15/Jan/2026:07:44:04 +0700] "GET /shop?orderby=rating&stock_status=instock,onsale HTTP/1.1" 301 513 "https://view.lotushomemade.com/shop?orderby=rating&stock_status=instock%2Consale&filter_brand=blessing-food&per_page=18" "Mozilla/5.0 (Linux; Android 7.0;) AppleWebKit/537.36 (KHTML, like Gecko) Mobile Safari/537.36 (compatible; PetalBot;+https://webmaster.petalsearch.com/site/petalbot)"
114.119.151.206 - - [15/Jan/2026:07:44:04 +0700] "GET /shop/?orderby=rating&stock_status=instock,onsale HTTP/1.1" 200 41198 "https://view.lotushomemade.com/shop?orderby=rating&stock_status=instock%2Consale&filter_brand=blessing-food&per_page=18" "Mozilla/5.0 (Linux; Android 7.0;) AppleWebKit/537.36 (KHTML, like Gecko) Mobile Safari/537.36 (compatible; PetalBot;+https://webmaster.petalsearch.com/site/petalbot)"
57.141.16.73 - - [15/Jan/2026:07:44:13 +0700] "GET /product-category/traditional-cookies-series/page/10/?add-to-cart=17131 HTTP/2" 200 243835 "-" "meta-externalagent/1.1 (+https://developers.facebook.com/docs/sharing/webmasters/crawler)"
57.141.16.81 - - [15/Jan/2026:07:44:20 +0700] "GET /shop/page/23/?per_row=4&shop_view=grid&stock_status=onsale HTTP/2" 200 240585 "-" "meta-externalagent/1.1 (+https://developers.facebook.com/docs/sharing/webmasters/crawler)"
103.131.51.123 - - [15/Jan/2026:07:44:48 +0700] "POST /wp-cron.php?doing_wp_cron=1768437888.7071321010589599609375 HTTP/1.1" 200 474 "-" "WordPress/6.9; https://view.lotushomemade.com"
57.141.16.50 - - [15/Jan/2026:07:44:47 +0700] "GET /shop/page/40/?stock_status=onsale&per_row=6&shop_view=grid&per_page=8 HTTP/2" 200 229975 "-" "meta-externalagent/1.1 (+https://developers.facebook.com/docs/sharing/webmasters/crawler)"
57.141.16.36 - - [15/Jan/2026:07:45:00 +0700] "GET /shop/page/38/?per_page=8&shop_view=grid&per_row=2 HTTP/2" 200 228541 "-" "meta-externalagent/1.1 (+https://developers.facebook.com/docs/sharing/webmasters/crawler)"
114.119.130.97 - - [15/Jan/2026:07:45:27 +0700] "GET /shop?orderby=price-desc&per_row=4&shop_view=grid&filter_brand=blessing-food HTTP/1.1" 301 629 "-" "Mozilla/5.0 (Linux; Android 7.0;) AppleWebKit/537.36 (KHTML, like Gecko) Mobile Safari/537.36 (compatible; PetalBot;+https://webmaster.petalsearch.com/site/petalbot)"
114.119.130.97 - - [15/Jan/2026:07:45:27 +0700] "GET /shop/?orderby=price-desc&per_row=4&shop_view=grid&filter_brand=blessing-food HTTP/1.1" 200 38721 "-" "Mozilla/5.0 (Linux; Android 7.0;) AppleWebKit/537.36 (KHTML, like Gecko) Mobile Safari/537.36 (compatible; PetalBot;+https://webmaster.petalsearch.com/site/petalbot)"
103.131.51.123 - - [15/Jan/2026:07:45:55 +0700] "POST /wp-cron.php?doing_wp_cron=1768437955.5244789123535156250000 HTTP/1.1" 200 474 "-" "WordPress/6.9; https://view.lotushomemade.com"
57.141.16.71 - - [15/Jan/2026:07:45:53 +0700] "GET /shop/page/8/?per_row=4&per_page=18&shop_view=grid&stock_status=instock HTTP/2" 200 261762 "-" "meta-externalagent/1.1 (+https://developers.facebook.com/docs/sharing/webmasters/crawler)"
103.131.51.123 - - [15/Jan/2026:07:46:51 +0700] "POST /wp-cron.php?doing_wp_cron=1768438011.7376379966735839843750 HTTP/1.1" 200 474 "-" "WordPress/6.9; https://view.lotushomemade.com"
114.119.151.206 - - [15/Jan/2026:07:46:51 +0700] "GET /shop?min_price=520&per_row=6&shop_view=grid&stock_status=instock HTTP/1.1" 301 618 "-" "Mozilla/5.0 (Linux; Android 7.0;) AppleWebKit/537.36 (KHTML, like Gecko) Mobile Safari/537.36 (compatible; PetalBot;+https://webmaster.petalsearch.com/site/petalbot)"
114.119.151.206 - - [15/Jan/2026:07:46:53 +0700] "GET /shop/?min_price=520&per_row=6&shop_view=grid&stock_status=instock HTTP/1.1" 200 38587 "-" "Mozilla/5.0 (Linux; Android 7.0;) AppleWebKit/537.36 (KHTML, like Gecko) Mobile Safari/537.36 (compatible; PetalBot;+https://webmaster.petalsearch.com/site/petalbot)"
103.131.51.123 - - [15/Jan/2026:07:48:18 +0700] "POST /wp-cron.php?doing_wp_cron=1768438098.0844390392303466796875 HTTP/1.1" 200 474 "-" "WordPress/6.9; https://view.lotushomemade.com"
114.119.156.27 - - [15/Jan/2026:07:48:15 +0700] "GET /shop?min_price=0&max_price=260&per_page=12&stock_status=instock HTTP/1.1" 301 575 "https://view.lotushomemade.com/shop/page/10/?min_price=0&max_price=260&per_page=12" "Mozilla/5.0 (Linux; Android 7.0;) AppleWebKit/537.36 (KHTML, like Gecko) Mobile Safari/537.36 (compatible; PetalBot;+https://webmaster.petalsearch.com/site/petalbot)"
114.119.156.27 - - [15/Jan/2026:07:48:18 +0700] "GET /shop/?min_price=0&max_price=260&per_page=12&stock_status=instock HTTP/1.1" 200 41187 "https://view.lotushomemade.com/shop/page/10/?min_price=0&max_price=260&per_page=12" "Mozilla/5.0 (Linux; Android 7.0;) AppleWebKit/537.36 (KHTML, like Gecko) Mobile Safari/537.36 (compatible; PetalBot;+https://webmaster.petalsearch.com/site/petalbot)"
103.131.51.123 - - [15/Jan/2026:07:49:41 +0700] "POST /wp-cron.php?doing_wp_cron=1768438181.6069951057434082031250 HTTP/1.1" 200 474 "-" "WordPress/6.9; https://view.lotushomemade.com"
114.119.130.97 - - [15/Jan/2026:07:49:37 +0700] "GET /shop/page/9/?orderby=price-desc&per_row=2&per_page=8&shop_view=grid HTTP/1.1" 200 39433 "https://view.lotushomemade.com/shop/page/6/?orderby=price-desc&per_row=2&per_page=8&shop_view=grid" "Mozilla/5.0 (Linux; Android 7.0;) AppleWebKit/537.36 (KHTML, like Gecko) Mobile Safari/537.36 (compatible; PetalBot;+https://webmaster.petalsearch.com/site/petalbot)"
57.141.16.38 - - [15/Jan/2026:07:49:57 +0700] "GET /product-category/traditional-cookies-series/page/10/?stock_status=instock&per_row=2&shop_view=grid&per_page=8 HTTP/2" 200 232532 "-" "meta-externalagent/1.1 (+https://developers.facebook.com/docs/sharing/webmasters/crawler)"
57.141.16.90 - - [15/Jan/2026:07:50:04 +0700] "GET /product-category/traditional-cookies-series/page/11/?add-to-cart=16930 HTTP/2" 200 241262 "-" "meta-externalagent/1.1 (+https://developers.facebook.com/docs/sharing/webmasters/crawler)"
103.131.51.123 - - [15/Jan/2026:07:51:03 +0700] "POST /wp-cron.php?doing_wp_cron=1768438263.7663629055023193359375 HTTP/1.1" 200 474 "-" "WordPress/6.9; https://view.lotushomemade.com"
114.119.148.197 - - [15/Jan/2026:07:51:02 +0700] "GET /shop/page/9/?min_price=0&max_price=260&per_page=8&stock_status=instock HTTP/1.1" 200 39624 "https://view.lotushomemade.com/shop/page/9/?min_price=0&max_price=260&per_page=8&stock_status=instock" "Mozilla/5.0 (Linux; Android 7.0;) AppleWebKit/537.36 (KHTML, like Gecko) Mobile Safari/537.36 (compatible; PetalBot;+https://webmaster.petalsearch.com/site/petalbot)"
103.131.51.123 - - [15/Jan/2026:07:52:26 +0700] "POST /wp-cron.php?doing_wp_cron=1768438346.4068160057067871093750 HTTP/1.1" 200 474 "-" "WordPress/6.9; https://view.lotushomemade.com"
114.119.150.215 - - [15/Jan/2026:07:52:25 +0700] "GET /shop/page/8?max_price=1040 HTTP/1.1" 301 492 "-" "Mozilla/5.0 (Linux; Android 7.0;) AppleWebKit/537.36 (KHTML, like Gecko) Mobile Safari/537.36 (compatible; PetalBot;+https://webmaster.petalsearch.com/site/petalbot)"
103.131.51.123 - - [15/Jan/2026:07:52:27 +0700] "POST /wp-cron.php?doing_wp_cron=1768438347.8939230442047119140625 HTTP/1.1" 200 474 "-" "WordPress/6.9; https://view.lotushomemade.com"
114.119.150.215 - - [15/Jan/2026:07:52:26 +0700] "GET /shop/page/8/?max_price=1040 HTTP/1.1" 200 39740 "-" "Mozilla/5.0 (Linux; Android 7.0;) AppleWebKit/537.36 (KHTML, like Gecko) Mobile Safari/537.36 (compatible; PetalBot;+https://webmaster.petalsearch.com/site/petalbot)"
57.141.16.93 - - [15/Jan/2026:07:52:23 +0700] "GET /product-category/traditional-cookies-series/page/13/?stock_status=instock&per_row=2&shop_view=grid&per_page=8 HTTP/2" 200 231752 "-" "meta-externalagent/1.1 (+https://developers.facebook.com/docs/sharing/webmasters/crawler)"
103.131.51.123 - - [15/Jan/2026:07:53:58 +0700] "POST /wp-cron.php?doing_wp_cron=1768438438.7926690578460693359375 HTTP/1.1" 200 474 "-" "WordPress/6.9; https://view.lotushomemade.com"
114.119.156.27 - - [15/Jan/2026:07:53:54 +0700] "GET /shop/page/8/?max_price=1040&per_page=18 HTTP/1.1" 200 41518 "https://view.lotushomemade.com/shop/page/5/?max_price=1040&per_page=18" "Mozilla/5.0 (Linux; Android 7.0;) AppleWebKit/537.36 (KHTML, like Gecko) Mobile Safari/537.36 (compatible; PetalBot;+https://webmaster.petalsearch.com/site/petalbot)"
103.131.51.123 - - [15/Jan/2026:07:54:44 +0700] "POST /wp-cron.php?doing_wp_cron=1768438484.3546819686889648437500 HTTP/1.1" 200 474 "-" "WordPress/6.9; https://view.lotushomemade.com"
57.141.16.60 - - [15/Jan/2026:07:54:42 +0700] "GET /shop/page/10/?stock_status=instock&per_page=8&shop_view=grid&per_row=4 HTTP/2" 200 228719 "-" "meta-externalagent/1.1 (+https://developers.facebook.com/docs/sharing/webmasters/crawler)"
114.119.151.206 - - [15/Jan/2026:07:55:11 +0700] "GET /shop/page/7/?max_price=1050&stock_status=instock&per_page=8 HTTP/1.1" 200 39677 "https://view.lotushomemade.com/shop/page/6?max_price=1050&stock_status=instock&per_page=8" "Mozilla/5.0 (Linux; Android 7.0;) AppleWebKit/537.36 (KHTML, like Gecko) Mobile Safari/537.36 (compatible; PetalBot;+https://webmaster.petalsearch.com/site/petalbot)"
103.131.51.123 - - [15/Jan/2026:07:56:06 +0700] "POST /wp-cron.php?doing_wp_cron=1768438566.7418200969696044921875 HTTP/1.1" 200 474 "-" "WordPress/6.9; https://view.lotushomemade.com"
57.141.16.28 - - [15/Jan/2026:07:56:05 +0700] "GET /shop/page/9/?stock_status=instock%2Consale&per_row=4&per_page=18&shop_view=grid HTTP/2" 200 262204 "-" "meta-externalagent/1.1 (+https://developers.facebook.com/docs/sharing/webmasters/crawler)"
103.131.51.123 - - [15/Jan/2026:07:56:40 +0700] "POST /wp-cron.php?doing_wp_cron=1768438600.4337360858917236328125 HTTP/1.1" 200 474 "-" "WordPress/6.9; https://view.lotushomemade.com"
114.119.142.208 - - [15/Jan/2026:07:56:40 +0700] "GET /shop/page/5?per_page=8&stock_status=instock HTTP/1.1" 301 554 "https://view.lotushomemade.com/shop/page/4?per_page=8&stock_status=instock" "Mozilla/5.0 (Linux; Android 7.0;) AppleWebKit/537.36 (KHTML, like Gecko) Mobile Safari/537.36 (compatible; PetalBot;+https://webmaster.petalsearch.com/site/petalbot)"
57.141.16.9 - - [15/Jan/2026:07:56:38 +0700] "GET /product-category/traditional-cookies-series/page/6/?per_row=2&per_page=18&shop_view=grid&stock_status=instock HTTP/2" 200 262727 "-" "meta-externalagent/1.1 (+https://developers.facebook.com/docs/sharing/webmasters/crawler)"
114.119.142.208 - - [15/Jan/2026:07:56:42 +0700] "GET /shop/page/5/?per_page=8&stock_status=instock HTTP/1.1" 200 39348 "https://view.lotushomemade.com/shop/page/4?per_page=8&stock_status=instock" "Mozilla/5.0 (Linux; Android 7.0;) AppleWebKit/537.36 (KHTML, like Gecko) Mobile Safari/537.36 (compatible; PetalBot;+https://webmaster.petalsearch.com/site/petalbot)"
89.154.226.123 - - [15/Jan/2026:07:56:52 +0700] "GET /product/scs-butter-pineapple-roll-sg/?add-to-cart=16956 HTTP/1.1" 200 38747 "-" "Mozilla/5.0 (Macintosh; U; Intel Mac OS X 10_5_4; rv:1.9.6.20) Gecko/6113-09-29 10:13:54.626007 Firefox/3.6.2"
103.131.51.123 - - [15/Jan/2026:07:58:00 +0700] "POST /wp-cron.php?doing_wp_cron=1768438680.6559860706329345703125 HTTP/1.1" 200 474 "-" "WordPress/6.9; https://view.lotushomemade.com"
57.141.16.62 - - [15/Jan/2026:07:57:58 +0700] "GET /product-category/traditional-cookies-series/page/12/?add-to-cart=17233 HTTP/2" 200 242407 "-" "meta-externalagent/1.1 (+https://developers.facebook.com/docs/sharing/webmasters/crawler)"
114.119.148.197 - - [15/Jan/2026:07:58:01 +0700] "GET /shop/page/5?orderby=price-desc&per_page=8 HTTP/1.1" 301 552 "https://view.lotushomemade.com/shop/page/7?orderby=price-desc&per_page=8" "Mozilla/5.0 (Linux; Android 7.0;) AppleWebKit/537.36 (KHTML, like Gecko) Mobile Safari/537.36 (compatible; PetalBot;+https://webmaster.petalsearch.com/site/petalbot)"
114.119.148.197 - - [15/Jan/2026:07:58:03 +0700] "GET /shop/page/5/?orderby=price-desc&per_page=8 HTTP/1.1" 200 39374 "https://view.lotushomemade.com/shop/page/7?orderby=price-desc&per_page=8" "Mozilla/5.0 (Linux; Android 7.0;) AppleWebKit/537.36 (KHTML, like Gecko) Mobile Safari/537.36 (compatible; PetalBot;+https://webmaster.petalsearch.com/site/petalbot)"
103.131.51.123 - - [15/Jan/2026:07:59:26 +0700] "POST /wp-cron.php?doing_wp_cron=1768438766.4145920276641845703125 HTTP/1.1" 200 474 "-" "WordPress/6.9; https://view.lotushomemade.com"
114.119.149.78 - - [15/Jan/2026:07:59:22 +0700] "GET /shop/page/5/?orderby=rating&per_row=2&shop_view=grid&per_page=24 HTTP/1.1" 200 41737 "https://view.lotushomemade.com/shop/page/7/?orderby=rating&per_row=2&shop_view=grid&per_page=24" "Mozilla/5.0 (Linux; Android 7.0;) AppleWebKit/537.36 (KHTML, like Gecko) Mobile Safari/537.36 (compatible; PetalBot;+https://webmaster.petalsearch.com/site/petalbot)"
103.131.51.123 - - [15/Jan/2026:08:00:50 +0700] "POST /wp-cron.php?doing_wp_cron=1768438850.0460550785064697265625 HTTP/1.1" 200 474 "-" "WordPress/6.9; https://view.lotushomemade.com"
114.119.149.78 - - [15/Jan/2026:08:00:46 +0700] "GET /shop/page/5/?orderby=price-desc&stock_status=onsale&shop_view=grid&per_row=4 HTTP/1.1" 200 40106 "https://view.lotushomemade.com/shop/page/2/?orderby=price-desc&stock_status=onsale&shop_view=grid&per_row=4" "Mozilla/5.0 (Linux; Android 7.0;) AppleWebKit/537.36 (KHTML, like Gecko) Mobile Safari/537.36 (compatible; PetalBot;+https://webmaster.petalsearch.com/site/petalbot)"
103.131.51.123 - - [15/Jan/2026:08:02:18 +0700] "POST /wp-cron.php?doing_wp_cron=1768438938.7661809921264648437500 HTTP/1.1" 200 474 "-" "WordPress/6.9; https://view.lotushomemade.com"
114.119.156.27 - - [15/Jan/2026:08:02:14 +0700] "GET /shop/page/5/?orderby=price-desc&per_row=2&per_page=24&shop_view=grid HTTP/1.1" 200 42088 "https://view.lotushomemade.com/shop/page/6?orderby=price-desc&per_row=2&per_page=24&shop_view=grid" "Mozilla/5.0 (Linux; Android 7.0;) AppleWebKit/537.36 (KHTML, like Gecko) Mobile Safari/537.36 (compatible; PetalBot;+https://webmaster.petalsearch.com/site/petalbot)"
103.131.51.123 - - [15/Jan/2026:08:03:37 +0700] "POST /wp-cron.php?doing_wp_cron=1768439017.2654941082000732421875 HTTP/1.1" 200 474 "-" "WordPress/6.9; https://view.lotushomemade.com"
114.119.156.27 - - [15/Jan/2026:08:03:33 +0700] "GET /shop/page/5/?max_price=780&per_row=4&per_page=12&shop_view=grid HTTP/1.1" 200 40465 "https://view.lotushomemade.com/shop/page/7/?max_price=780&per_row=4&per_page=12&shop_view=grid" "Mozilla/5.0 (Linux; Android 7.0;) AppleWebKit/537.36 (KHTML, like Gecko) Mobile Safari/537.36 (compatible; PetalBot;+https://webmaster.petalsearch.com/site/petalbot)"
103.131.51.123 - - [15/Jan/2026:08:04:59 +0700] "POST /wp-cron.php?doing_wp_cron=1768439099.7369120121002197265625 HTTP/1.1" 200 474 "-" "WordPress/6.9; https://view.lotushomemade.com"
114.119.150.215 - - [15/Jan/2026:08:04:57 +0700] "GET /shop?orderby=price&stock_status=onsale&filter_brand=blessing-food&per_page=18 HTTP/1.1" 301 589 "https://view.lotushomemade.com/shop?orderby=price&stock_status=onsale&filter_brand=blessing-food" "Mozilla/5.0 (Linux; Android 7.0;) AppleWebKit/537.36 (KHTML, like Gecko) Mobile Safari/537.36 (compatible; PetalBot;+https://webmaster.petalsearch.com/site/petalbot)"
114.119.150.215 - - [15/Jan/2026:08:04:59 +0700] "GET /shop/?orderby=price&stock_status=onsale&filter_brand=blessing-food&per_page=18 HTTP/1.1" 200 38740 "https://view.lotushomemade.com/shop?orderby=price&stock_status=onsale&filter_brand=blessing-food" "Mozilla/5.0 (Linux; Android 7.0;) AppleWebKit/537.36 (KHTML, like Gecko) Mobile Safari/537.36 (compatible; PetalBot;+https://webmaster.petalsearch.com/site/petalbot)"
103.131.51.123 - - [15/Jan/2026:08:05:22 +0700] "POST /wp-cron.php?doing_wp_cron=1768439122.0010380744934082031250 HTTP/1.1" 200 474 "-" "WordPress/6.9; https://view.lotushomemade.com"
57.141.16.33 - - [15/Jan/2026:08:05:20 +0700] "GET /shop/page/9/?per_row=6&per_page=8&shop_view=grid&stock_status=instock%2Consale HTTP/2" 200 231492 "-" "meta-externalagent/1.1 (+https://developers.facebook.com/docs/sharing/webmasters/crawler)"
103.131.51.123 - - [15/Jan/2026:08:06:21 +0700] "POST /wp-cron.php?doing_wp_cron=1768439181.2394750118255615234375 HTTP/1.1" 200 474 "-" "WordPress/6.9; https://view.lotushomemade.com"
114.119.130.97 - - [15/Jan/2026:08:06:20 +0700] "GET /shop?min_price=520&shop_view=grid&per_row=4 HTTP/1.1" 301 597 "https://view.lotushomemade.com/shop?min_price=520" "Mozilla/5.0 (Linux; Android 7.0;) AppleWebKit/537.36 (KHTML, like Gecko) Mobile Safari/537.36 (compatible; PetalBot;+https://webmaster.petalsearch.com/site/petalbot)"
114.119.130.97 - - [15/Jan/2026:08:06:21 +0700] "GET /shop/?min_price=520&shop_view=grid&per_row=4 HTTP/1.1" 200 38575 "https://view.lotushomemade.com/shop?min_price=520" "Mozilla/5.0 (Linux; Android 7.0;) AppleWebKit/537.36 (KHTML, like Gecko) Mobile Safari/537.36 (compatible; PetalBot;+https://webmaster.petalsearch.com/site/petalbot)"
103.131.51.123 - - [15/Jan/2026:08:07:46 +0700] "POST /wp-cron.php?doing_wp_cron=1768439266.3384919166564941406250 HTTP/1.1" 200 474 "-" "WordPress/6.9; https://view.lotushomemade.com"
