114.119.145.110 - - [15/Jan/2026:08:07:43 +0700] "GET /shop/page/9?orderby=price-desc&per_row=2&shop_view=grid HTTP/1.1" 301 609 "-" "Mozilla/5.0 (Linux; Android 7.0;) AppleWebKit/537.36 (KHTML, like Gecko) Mobile Safari/537.36 (compatible; PetalBot;+https://webmaster.petalsearch.com/site/petalbot)"
114.119.145.110 - - [15/Jan/2026:08:07:47 +0700] "GET /shop/page/9/?orderby=price-desc&per_row=2&shop_view=grid HTTP/1.1" 200 39981 "-" "Mozilla/5.0 (Linux; Android 7.0;) AppleWebKit/537.36 (KHTML, like Gecko) Mobile Safari/537.36 (compatible; PetalBot;+https://webmaster.petalsearch.com/site/petalbot)"
103.131.51.123 - - [15/Jan/2026:08:09:10 +0700] "POST /wp-cron.php?doing_wp_cron=1768439350.2878160476684570312500 HTTP/1.1" 200 474 "-" "WordPress/6.9; https://view.lotushomemade.com"
114.119.145.110 - - [15/Jan/2026:08:09:07 +0700] "GET /shop/page/9?orderby=price&per_row=4&shop_view=grid HTTP/1.1" 301 604 "-" "Mozilla/5.0 (Linux; Android 7.0;) AppleWebKit/537.36 (KHTML, like Gecko) Mobile Safari/537.36 (compatible; PetalBot;+https://webmaster.petalsearch.com/site/petalbot)"
114.119.145.110 - - [15/Jan/2026:08:09:10 +0700] "GET /shop/page/9/?orderby=price&per_row=4&shop_view=grid HTTP/1.1" 200 40188 "-" "Mozilla/5.0 (Linux; Android 7.0;) AppleWebKit/537.36 (KHTML, like Gecko) Mobile Safari/537.36 (compatible; PetalBot;+https://webmaster.petalsearch.com/site/petalbot)"
103.131.51.123 - - [15/Jan/2026:08:10:37 +0700] "POST /wp-cron.php?doing_wp_cron=1768439437.9085590839385986328125 HTTP/1.1" 200 474 "-" "WordPress/6.9; https://view.lotushomemade.com"
114.119.151.206 - - [15/Jan/2026:08:10:35 +0700] "GET /shop/page/9?orderby=popularity&stock_status=instock HTTP/1.1" 301 517 "https://view.lotushomemade.com/shop/page/12/?orderby=popularity&stock_status=instock" "Mozilla/5.0 (Linux; Android 7.0;) AppleWebKit/537.36 (KHTML, like Gecko) Mobile Safari/537.36 (compatible; PetalBot;+https://webmaster.petalsearch.com/site/petalbot)"
114.119.151.206 - - [15/Jan/2026:08:10:38 +0700] "GET /shop/page/9/?orderby=popularity&stock_status=instock HTTP/1.1" 200 39678 "https://view.lotushomemade.com/shop/page/12/?orderby=popularity&stock_status=instock" "Mozilla/5.0 (Linux; Android 7.0;) AppleWebKit/537.36 (KHTML, like Gecko) Mobile Safari/537.36 (compatible; PetalBot;+https://webmaster.petalsearch.com/site/petalbot)"
103.131.51.123 - - [15/Jan/2026:08:11:57 +0700] "POST /wp-cron.php?doing_wp_cron=1768439517.3982789516448974609375 HTTP/1.1" 200 474 "-" "WordPress/6.9; https://view.lotushomemade.com"
114.119.149.78 - - [15/Jan/2026:08:11:54 +0700] "GET /shop/page/9?max_price=520 HTTP/1.1" 301 491 "https://view.lotushomemade.com/shop/page/9?max_price=520" "Mozilla/5.0 (Linux; Android 7.0;) AppleWebKit/537.36 (KHTML, like Gecko) Mobile Safari/537.36 (compatible; PetalBot;+https://webmaster.petalsearch.com/site/petalbot)"
114.119.149.78 - - [15/Jan/2026:08:11:57 +0700] "GET /shop/page/9/?max_price=520 HTTP/1.1" 200 40156 "https://view.lotushomemade.com/shop/page/9?max_price=520" "Mozilla/5.0 (Linux; Android 7.0;) AppleWebKit/537.36 (KHTML, like Gecko) Mobile Safari/537.36 (compatible; PetalBot;+https://webmaster.petalsearch.com/site/petalbot)"
57.141.16.32 - - [15/Jan/2026:08:12:27 +0700] "GET /product-category/traditional-cookies-series/page/10/?per_row=2&per_page=8&shop_view=grid HTTP/2" 200 231826 "-" "meta-externalagent/1.1 (+https://developers.facebook.com/docs/sharing/webmasters/crawler)"
103.131.51.123 - - [15/Jan/2026:08:13:15 +0700] "POST /wp-cron.php?doing_wp_cron=1768439595.7547988891601562500000 HTTP/1.1" 200 474 "-" "WordPress/6.9; https://view.lotushomemade.com"
57.141.16.82 - - [15/Jan/2026:08:13:14 +0700] "GET /shop/page/13/?add-to-cart=17310 HTTP/2" 200 240852 "-" "meta-externalagent/1.1 (+https://developers.facebook.com/docs/sharing/webmasters/crawler)"
103.131.51.123 - - [15/Jan/2026:08:13:42 +0700] "POST /wp-cron.php?doing_wp_cron=1768439622.7848670482635498046875 HTTP/1.1" 200 474 "-" "WordPress/6.9; https://view.lotushomemade.com"
57.141.16.2 - - [15/Jan/2026:08:13:41 +0700] "GET /product-category/traditional-cookies-series/page/14/?per_row=2&per_page=8&shop_view=grid HTTP/2" 200 232153 "-" "meta-externalagent/1.1 (+https://developers.facebook.com/docs/sharing/webmasters/crawler)"
103.131.51.123 - - [15/Jan/2026:08:15:51 +0700] "POST /wp-cron.php?doing_wp_cron=1768439751.3069460391998291015625 HTTP/1.1" 200 474 "-" "WordPress/6.9; https://view.lotushomemade.com"
114.119.130.97 - - [15/Jan/2026:08:15:47 +0700] "GET /shop/page/9/?orderby=price-desc&per_page=12&shop_view=grid&per_row=2 HTTP/1.1" 200 40044 "https://view.lotushomemade.com/shop/page/8/?orderby=price-desc&per_page=12&shop_view=grid&per_row=2" "Mozilla/5.0 (Linux; Android 7.0;) AppleWebKit/537.36 (KHTML, like Gecko) Mobile Safari/537.36 (compatible; PetalBot;+https://webmaster.petalsearch.com/site/petalbot)"
103.131.51.123 - - [15/Jan/2026:08:16:46 +0700] "POST /wp-cron.php?doing_wp_cron=1768439806.9547710418701171875000 HTTP/1.1" 200 474 "-" "WordPress/6.9; https://view.lotushomemade.com"
57.141.16.33 - - [15/Jan/2026:08:16:45 +0700] "GET /product-category/traditional-cookies-series/page/16/?per_row=6&per_page=8&shop_view=grid&stock_status=instock%2Consale HTTP/2" 200 230208 "-" "meta-externalagent/1.1 (+https://developers.facebook.com/docs/sharing/webmasters/crawler)"
114.119.145.110 - - [15/Jan/2026:08:17:00 +0700] "GET /shop/page/9/?max_price=1050&per_row=2&shop_view=grid&per_page=8 HTTP/1.1" 200 39713 "https://view.lotushomemade.com/shop/page/7?max_price=1050&per_row=2&shop_view=grid&per_page=8" "Mozilla/5.0 (Linux; Android 7.0;) AppleWebKit/537.36 (KHTML, like Gecko) Mobile Safari/537.36 (compatible; PetalBot;+https://webmaster.petalsearch.com/site/petalbot)"
114.119.142.208 - - [15/Jan/2026:08:17:25 +0700] "GET /shop/page/9/?max_price=1050&per_row=2&shop_view=grid&per_page=12 HTTP/1.1" 200 40358 "https://view.lotushomemade.com/shop/page/6/?max_price=1050&per_row=2&shop_view=grid&per_page=12" "Mozilla/5.0 (Linux; Android 7.0;) AppleWebKit/537.36 (KHTML, like Gecko) Mobile Safari/537.36 (compatible; PetalBot;+https://webmaster.petalsearch.com/site/petalbot)"
103.131.51.123 - - [15/Jan/2026:08:17:49 +0700] "POST /wp-cron.php?doing_wp_cron=1768439869.7565760612487792968750 HTTP/1.1" 200 474 "-" "WordPress/6.9; https://view.lotushomemade.com"
114.119.151.206 - - [15/Jan/2026:08:17:49 +0700] "GET /shop/page/8?max_price=520&stock_status=instock&per_page=18 HTTP/1.1" 301 570 "https://view.lotushomemade.com/shop/page/9?max_price=520&stock_status=instock&per_page=18" "Mozilla/5.0 (Linux; Android 7.0;) AppleWebKit/537.36 (KHTML, like Gecko) Mobile Safari/537.36 (compatible; PetalBot;+https://webmaster.petalsearch.com/site/petalbot)"
103.131.51.123 - - [15/Jan/2026:08:17:50 +0700] "POST /wp-cron.php?doing_wp_cron=1768439870.2978410720825195312500 HTTP/1.1" 200 474 "-" "WordPress/6.9; https://view.lotushomemade.com"
57.141.16.98 - - [15/Jan/2026:08:17:48 +0700] "GET /shop/page/10/?add-to-cart=8342 HTTP/2" 200 239606 "-" "meta-externalagent/1.1 (+https://developers.facebook.com/docs/sharing/webmasters/crawler)"
114.119.151.206 - - [15/Jan/2026:08:17:50 +0700] "GET /shop/page/8/?max_price=520&stock_status=instock&per_page=18 HTTP/1.1" 200 41599 "https://view.lotushomemade.com/shop/page/9?max_price=520&stock_status=instock&per_page=18" "Mozilla/5.0 (Linux; Android 7.0;) AppleWebKit/537.36 (KHTML, like Gecko) Mobile Safari/537.36 (compatible; PetalBot;+https://webmaster.petalsearch.com/site/petalbot)"
57.141.16.85 - - [15/Jan/2026:08:18:25 +0700] "GET /product-category/traditional-cookies-series/page/12/?add-to-cart=17032 HTTP/2" 200 242388 "-" "meta-externalagent/1.1 (+https://developers.facebook.com/docs/sharing/webmasters/crawler)"
103.131.51.123 - - [15/Jan/2026:08:18:53 +0700] "POST /wp-cron.php?doing_wp_cron=1768439933.0731139183044433593750 HTTP/1.1" 200 474 "-" "WordPress/6.9; https://view.lotushomemade.com"
114.119.149.78 - - [15/Jan/2026:08:18:52 +0700] "GET /shop/page/7?per_row=6&shop_view=grid&per_page=8 HTTP/1.1" 301 646 "-" "Mozilla/5.0 (Linux; Android 7.0;) AppleWebKit/537.36 (KHTML, like Gecko) Mobile Safari/537.36 (compatible; PetalBot;+https://webmaster.petalsearch.com/site/petalbot)"
114.119.149.78 - - [15/Jan/2026:08:18:54 +0700] "GET /shop/page/7/?per_row=6&shop_view=grid&per_page=8 HTTP/1.1" 200 39584 "-" "Mozilla/5.0 (Linux; Android 7.0;) AppleWebKit/537.36 (KHTML, like Gecko) Mobile Safari/537.36 (compatible; PetalBot;+https://webmaster.petalsearch.com/site/petalbot)"
103.131.51.123 - - [15/Jan/2026:08:20:36 +0700] "POST /wp-cron.php?doing_wp_cron=1768440036.1335420608520507812500 HTTP/1.1" 200 474 "-" "WordPress/6.9; https://view.lotushomemade.com"
114.119.130.97 - - [15/Jan/2026:08:20:31 +0700] "GET /shop/page/7/?max_price=520&per_row=4&shop_view=grid&stock_status=onsale HTTP/1.1" 200 40170 "https://view.lotushomemade.com/shop/page/6/?max_price=520&per_row=4&shop_view=grid&stock_status=onsale" "Mozilla/5.0 (Linux; Android 7.0;) AppleWebKit/537.36 (KHTML, like Gecko) Mobile Safari/537.36 (compatible; PetalBot;+https://webmaster.petalsearch.com/site/petalbot)"
103.131.51.123 - - [15/Jan/2026:08:21:34 +0700] "POST /wp-cron.php?doing_wp_cron=1768440094.8280580043792724609375 HTTP/1.1" 200 474 "-" "WordPress/6.9; https://view.lotushomemade.com"
57.141.16.59 - - [15/Jan/2026:08:21:33 +0700] "GET /shop/page/23/?stock_status=instock&per_page=12&shop_view=grid&per_row=6 HTTP/2" 200 241037 "-" "meta-externalagent/1.1 (+https://developers.facebook.com/docs/sharing/webmasters/crawler)"
114.119.148.197 - - [15/Jan/2026:08:21:39 +0700] "GET /shop/page/7/?max_price=1040&per_page=18&stock_status=onsale HTTP/1.1" 200 41242 "https://view.lotushomemade.com/shop/page/7/?max_price=1040&per_page=18&stock_status=onsale" "Mozilla/5.0 (Linux; Android 7.0;) AppleWebKit/537.36 (KHTML, like Gecko) Mobile Safari/537.36 (compatible; PetalBot;+https://webmaster.petalsearch.com/site/petalbot)"
103.131.51.123 - - [15/Jan/2026:08:23:06 +0700] "POST /wp-cron.php?doing_wp_cron=1768440186.4013149738311767578125 HTTP/1.1" 200 474 "-" "WordPress/6.9; https://view.lotushomemade.com"
114.119.130.97 - - [15/Jan/2026:08:23:03 +0700] "GET /shop/page/6?orderby=rating&per_page=8 HTTP/1.1" 301 548 "-" "Mozilla/5.0 (Linux; Android 7.0;) AppleWebKit/537.36 (KHTML, like Gecko) Mobile Safari/537.36 (compatible; PetalBot;+https://webmaster.petalsearch.com/site/petalbot)"
114.119.130.97 - - [15/Jan/2026:08:23:06 +0700] "GET /shop/page/6/?orderby=rating&per_page=8 HTTP/1.1" 200 39315 "-" "Mozilla/5.0 (Linux; Android 7.0;) AppleWebKit/537.36 (KHTML, like Gecko) Mobile Safari/537.36 (compatible; PetalBot;+https://webmaster.petalsearch.com/site/petalbot)"
103.131.51.123 - - [15/Jan/2026:08:24:31 +0700] "POST /wp-cron.php?doing_wp_cron=1768440271.5644779205322265625000 HTTP/1.1" 200 474 "-" "WordPress/6.9; https://view.lotushomemade.com"
114.119.150.215 - - [15/Jan/2026:08:24:27 +0700] "GET /shop/page/6/?stock_status=instock&per_row=6&per_page=8&shop_view=grid HTTP/1.1" 200 39435 "https://view.lotushomemade.com/shop/page/6?stock_status=instock&per_row=6&per_page=8&shop_view=grid" "Mozilla/5.0 (Linux; Android 7.0;) AppleWebKit/537.36 (KHTML, like Gecko) Mobile Safari/537.36 (compatible; PetalBot;+https://webmaster.petalsearch.com/site/petalbot)"
103.131.51.123 - - [15/Jan/2026:08:25:17 +0700] "POST /wp-cron.php?doing_wp_cron=1768440317.0448169708251953125000 HTTP/1.1" 200 474 "-" "WordPress/6.9; https://view.lotushomemade.com"
57.141.16.58 - - [15/Jan/2026:08:25:15 +0700] "GET /shop/page/11/?stock_status=instock&per_row=6&shop_view=grid&per_page=18 HTTP/2" 200 257644 "-" "meta-externalagent/1.1 (+https://developers.facebook.com/docs/sharing/webmasters/crawler)"
103.131.51.123 - - [15/Jan/2026:08:25:52 +0700] "POST /wp-cron.php?doing_wp_cron=1768440352.5062580108642578125000 HTTP/1.1" 200 474 "-" "WordPress/6.9; https://view.lotushomemade.com"
114.119.149.78 - - [15/Jan/2026:08:25:50 +0700] "GET /shop/page/6/?max_price=520&per_row=2&shop_view=grid&per_page=24 HTTP/1.1" 200 42805 "https://view.lotushomemade.com/shop/page/4/?max_price=520&per_row=2&shop_view=grid&per_page=24" "Mozilla/5.0 (Linux; Android 7.0;) AppleWebKit/537.36 (KHTML, like Gecko) Mobile Safari/537.36 (compatible; PetalBot;+https://webmaster.petalsearch.com/site/petalbot)"
103.131.51.123 - - [15/Jan/2026:08:26:40 +0700] "POST /wp-cron.php?doing_wp_cron=1768440400.1797270774841308593750 HTTP/1.1" 200 474 "-" "WordPress/6.9; https://view.lotushomemade.com"
93.170.213.42 - - [15/Jan/2026:08:26:38 +0700] "GET /product-category/crispy-snack-series/page/5/ HTTP/1.1" 200 32749 "-" "Mozilla/5.0 (Macintosh; U; Intel Mac OS X 10_6_6 rv:4.0; ast-ES) AppleWebKit/534.32.5 (KHTML, like Gecko) Version/5.0.4 Safari/534.32.5"
114.119.151.206 - - [15/Jan/2026:08:27:15 +0700] "GET /wp-content/uploads/2023/11/1147-430x430.png HTTP/1.1" 200 282051 "https://view.lotushomemade.com/shop/page/22/?max_price=780&per_row=2&shop_view=grid" "Mozilla/5.0 (Linux; Android 7.0;) AppleWebKit/537.36 (KHTML, like Gecko) Mobile Safari/537.36 (compatible; PetalBot;+https://webmaster.petalsearch.com/site/petalbot)"
103.131.51.123 - - [15/Jan/2026:08:28:42 +0700] "POST /wp-cron.php?doing_wp_cron=1768440522.7994310855865478515625 HTTP/1.1" 200 474 "-" "WordPress/6.9; https://view.lotushomemade.com"
114.119.148.197 - - [15/Jan/2026:08:28:40 +0700] "GET /shop?stock_status=instock&filter_brand=hss&per_page=24 HTTP/1.1" 301 566 "https://view.lotushomemade.com/shop?filter_brand=hss&stock_status=instock" "Mozilla/5.0 (Linux; Android 7.0;) AppleWebKit/537.36 (KHTML, like Gecko) Mobile Safari/537.36 (compatible; PetalBot;+https://webmaster.petalsearch.com/site/petalbot)"
114.119.148.197 - - [15/Jan/2026:08:28:43 +0700] "GET /shop/?stock_status=instock&filter_brand=hss&per_page=24 HTTP/1.1" 200 38758 "https://view.lotushomemade.com/shop?filter_brand=hss&stock_status=instock" "Mozilla/5.0 (Linux; Android 7.0;) AppleWebKit/537.36 (KHTML, like Gecko) Mobile Safari/537.36 (compatible; PetalBot;+https://webmaster.petalsearch.com/site/petalbot)"
103.131.51.123 - - [15/Jan/2026:08:29:39 +0700] "POST /wp-cron.php?doing_wp_cron=1768440578.9661960601806640625000 HTTP/1.1" 200 474 "-" "WordPress/6.9; https://view.lotushomemade.com"
175.110.158.116 - - [15/Jan/2026:08:29:37 +0700] "GET /product/premium-peanut-cookies-m/?add-to-cart=334 HTTP/1.1" 200 38261 "-" "Opera/9.37.(Windows NT 6.0; nso-ZA) Presto/2.9.169 Version/12.00"
57.141.16.67 - - [15/Jan/2026:08:29:47 +0700] "GET /product-category/traditional-cookies-series/page/13/?add-to-cart=17140 HTTP/2" 200 240023 "-" "meta-externalagent/1.1 (+https://developers.facebook.com/docs/sharing/webmasters/crawler)"
114.119.151.206 - - [15/Jan/2026:08:30:02 +0700] "GET /shop?stock_status=instock,onsale&per_page=18 HTTP/1.1" 301 556 "https://view.lotushomemade.com/shop?stock_status=instock%2Consale&per_page=8" "Mozilla/5.0 (Linux; Android 7.0;) AppleWebKit/537.36 (KHTML, like Gecko) Mobile Safari/537.36 (compatible; PetalBot;+https://webmaster.petalsearch.com/site/petalbot)"
114.119.151.206 - - [15/Jan/2026:08:30:03 +0700] "GET /shop/?stock_status=instock,onsale&per_page=18 HTTP/1.1" 200 42230 "https://view.lotushomemade.com/shop?stock_status=instock%2Consale&per_page=8" "Mozilla/5.0 (Linux; Android 7.0;) AppleWebKit/537.36 (KHTML, like Gecko) Mobile Safari/537.36 (compatible; PetalBot;+https://webmaster.petalsearch.com/site/petalbot)"
103.131.51.123 - - [15/Jan/2026:08:31:03 +0700] "POST /wp-cron.php?doing_wp_cron=1768440663.1617169380187988281250 HTTP/1.1" 200 474 "-" "WordPress/6.9; https://view.lotushomemade.com"
57.141.16.41 - - [15/Jan/2026:08:31:01 +0700] "GET /shop/page/13/?per_row=4&shop_view=grid&stock_status=onsale HTTP/2" 200 242008 "-" "meta-externalagent/1.1 (+https://developers.facebook.com/docs/sharing/webmasters/crawler)"
114.119.130.97 - - [15/Jan/2026:08:31:29 +0700] "GET /shop?orderby=price-desc&per_row=6&shop_view=grid&filter_brand=blessing-food HTTP/1.1" 301 629 "-" "Mozilla/5.0 (Linux; Android 7.0;) AppleWebKit/537.36 (KHTML, like Gecko) Mobile Safari/537.36 (compatible; PetalBot;+https://webmaster.petalsearch.com/site/petalbot)"
114.119.130.97 - - [15/Jan/2026:08:31:30 +0700] "GET /shop/?orderby=price-desc&per_row=6&shop_view=grid&filter_brand=blessing-food HTTP/1.1" 200 38730 "-" "Mozilla/5.0 (Linux; Android 7.0;) AppleWebKit/537.36 (KHTML, like Gecko) Mobile Safari/537.36 (compatible; PetalBot;+https://webmaster.petalsearch.com/site/petalbot)"
103.131.51.123 - - [15/Jan/2026:08:32:51 +0700] "POST /wp-cron.php?doing_wp_cron=1768440771.0586919784545898437500 HTTP/1.1" 200 474 "-" "WordPress/6.9; https://view.lotushomemade.com"
114.119.145.110 - - [15/Jan/2026:08:32:48 +0700] "GET /shop?orderby=popularity&stock_status=instock&filter_brand=blessing-food HTTP/1.1" 301 537 "https://view.lotushomemade.com/shop?orderby=popularity&stock_status=instock&shop_view=grid&per_row=2" "Mozilla/5.0 (Linux; Android 7.0;) AppleWebKit/537.36 (KHTML, like Gecko) Mobile Safari/537.36 (compatible; PetalBot;+https://webmaster.petalsearch.com/site/petalbot)"
103.131.51.123 - - [15/Jan/2026:08:32:52 +0700] "POST /wp-cron.php?doing_wp_cron=1768440772.6465790271759033203125 HTTP/1.1" 200 474 "-" "WordPress/6.9; https://view.lotushomemade.com"
114.119.145.110 - - [15/Jan/2026:08:32:51 +0700] "GET /shop/?orderby=popularity&stock_status=instock&filter_brand=blessing-food HTTP/1.1" 200 38651 "https://view.lotushomemade.com/shop?orderby=popularity&stock_status=instock&shop_view=grid&per_row=2" "Mozilla/5.0 (Linux; Android 7.0;) AppleWebKit/537.36 (KHTML, like Gecko) Mobile Safari/537.36 (compatible; PetalBot;+https://webmaster.petalsearch.com/site/petalbot)"
57.141.16.84 - - [15/Jan/2026:08:32:48 +0700] "GET /shop/page/10/?per_row=2&per_page=12&shop_view=grid&stock_status=instock%2Consale HTTP/2" 200 241539 "-" "meta-externalagent/1.1 (+https://developers.facebook.com/docs/sharing/webmasters/crawler)"
103.131.51.123 - - [15/Jan/2026:08:34:14 +0700] "POST /wp-cron.php?doing_wp_cron=1768440854.3748550415039062500000 HTTP/1.1" 200 474 "-" "WordPress/6.9; https://view.lotushomemade.com"
114.119.150.215 - - [15/Jan/2026:08:34:12 +0700] "GET /shop?orderby=date&stock_status=onsale&per_page=8&filter_brand=hss HTTP/1.1" 301 576 "-" "Mozilla/5.0 (Linux; Android 7.0;) AppleWebKit/537.36 (KHTML, like Gecko) Mobile Safari/537.36 (compatible; PetalBot;+https://webmaster.petalsearch.com/site/petalbot)"
114.119.150.215 - - [15/Jan/2026:08:34:14 +0700] "GET /shop/?orderby=date&stock_status=onsale&per_page=8&filter_brand=hss HTTP/1.1" 200 38754 "-" "Mozilla/5.0 (Linux; Android 7.0;) AppleWebKit/537.36 (KHTML, like Gecko) Mobile Safari/537.36 (compatible; PetalBot;+https://webmaster.petalsearch.com/site/petalbot)"
103.131.51.123 - - [15/Jan/2026:08:35:40 +0700] "POST /wp-cron.php?doing_wp_cron=1768440940.4596829414367675781250 HTTP/1.1" 200 474 "-" "WordPress/6.9; https://view.lotushomemade.com"
114.119.148.197 - - [15/Jan/2026:08:35:38 +0700] "GET /shop?min_price=780&filter_brand=blessing-food&stock_status=onsale HTTP/1.1" 301 531 "https://view.lotushomemade.com/shop?min_price=780&filter_brand=blessing-food" "Mozilla/5.0 (Linux; Android 7.0;) AppleWebKit/537.36 (KHTML, like Gecko) Mobile Safari/537.36 (compatible; PetalBot;+https://webmaster.petalsearch.com/site/petalbot)"
114.119.148.197 - - [15/Jan/2026:08:35:41 +0700] "GET /shop/?min_price=780&filter_brand=blessing-food&stock_status=onsale HTTP/1.1" 200 37536 "https://view.lotushomemade.com/shop?min_price=780&filter_brand=blessing-food" "Mozilla/5.0 (Linux; Android 7.0;) AppleWebKit/537.36 (KHTML, like Gecko) Mobile Safari/537.36 (compatible; PetalBot;+https://webmaster.petalsearch.com/site/petalbot)"
103.131.51.123 - - [15/Jan/2026:08:37:05 +0700] "POST /wp-cron.php?doing_wp_cron=1768441025.6610639095306396484375 HTTP/1.1" 200 474 "-" "WordPress/6.9; https://view.lotushomemade.com"
114.119.151.206 - - [15/Jan/2026:08:37:03 +0700] "GET /shop?min_price=260&max_price=520 HTTP/1.1" 301 498 "https://view.lotushomemade.com/shop/page/5?opts=filters_area" "Mozilla/5.0 (Linux; Android 7.0;) AppleWebKit/537.36 (KHTML, like Gecko) Mobile Safari/537.36 (compatible; PetalBot;+https://webmaster.petalsearch.com/site/petalbot)"
114.119.151.206 - - [15/Jan/2026:08:37:06 +0700] "GET /shop/?min_price=260&max_price=520 HTTP/1.1" 200 38875 "https://view.lotushomemade.com/shop/page/5?opts=filters_area" "Mozilla/5.0 (Linux; Android 7.0;) AppleWebKit/537.36 (KHTML, like Gecko) Mobile Safari/537.36 (compatible; PetalBot;+https://webmaster.petalsearch.com/site/petalbot)"
103.131.51.123 - - [15/Jan/2026:08:38:26 +0700] "POST /wp-cron.php?doing_wp_cron=1768441106.7759470939636230468750 HTTP/1.1" 200 474 "-" "WordPress/6.9; https://view.lotushomemade.com"
114.119.130.97 - - [15/Jan/2026:08:38:24 +0700] "GET /shop?min_price=0&per_page=24&filter_brand=blessing-food&stock_status=onsale HTTP/1.1" 301 587 "https://view.lotushomemade.com/shop?min_price=0&stock_status=instock%2Consale&per_page=24&filter_brand=blessing-food" "Mozilla/5.0 (Linux; Android 7.0;) AppleWebKit/537.36 (KHTML, like Gecko) Mobile Safari/537.36 (compatible; PetalBot;+https://webmaster.petalsearch.com/site/petalbot)"
114.119.130.97 - - [15/Jan/2026:08:38:28 +0700] "GET /shop/?min_price=0&per_page=24&filter_brand=blessing-food&stock_status=onsale HTTP/1.1" 200 38704 "https://view.lotushomemade.com/shop?min_price=0&stock_status=instock%2Consale&per_page=24&filter_brand=blessing-food" "Mozilla/5.0 (Linux; Android 7.0;) AppleWebKit/537.36 (KHTML, like Gecko) Mobile Safari/537.36 (compatible; PetalBot;+https://webmaster.petalsearch.com/site/petalbot)"
103.131.51.123 - - [15/Jan/2026:08:39:28 +0700] "POST /wp-cron.php?doing_wp_cron=1768441168.0852649211883544921875 HTTP/1.1" 200 474 "-" "WordPress/6.9; https://view.lotushomemade.com"
57.141.16.69 - - [15/Jan/2026:08:39:26 +0700] "GET /shop/page/14/?stock_status=instock%2Consale&shop_view=grid&per_row=2 HTTP/2" 200 243934 "-" "meta-externalagent/1.1 (+https://developers.facebook.com/docs/sharing/webmasters/crawler)"
103.131.51.123 - - [15/Jan/2026:08:39:48 +0700] "POST /wp-cron.php?doing_wp_cron=1768441188.6586899757385253906250 HTTP/1.1" 200 474 "-" "WordPress/6.9; https://view.lotushomemade.com"
114.119.150.215 - - [15/Jan/2026:08:39:48 +0700] "GET /shop?max_price=1050&stock_status=instock&filter_brand=hss&per_page=12 HTTP/1.1" 301 581 "https://view.lotushomemade.com/shop?max_price=1050&stock_status=instock&filter_brand=hss" "Mozilla/5.0 (Linux; Android 7.0;) AppleWebKit/537.36 (KHTML, like Gecko) Mobile Safari/537.36 (compatible; PetalBot;+https://webmaster.petalsearch.com/site/petalbot)"
114.119.150.215 - - [15/Jan/2026:08:39:49 +0700] "GET /shop/?max_price=1050&stock_status=instock&filter_brand=hss&per_page=12 HTTP/1.1" 200 38835 "https://view.lotushomemade.com/shop?max_price=1050&stock_status=instock&filter_brand=hss" "Mozilla/5.0 (Linux; Android 7.0;) AppleWebKit/537.36 (KHTML, like Gecko) Mobile Safari/537.36 (compatible; PetalBot;+https://webmaster.petalsearch.com/site/petalbot)"
66.249.71.130 - - [15/Jan/2026:08:40:06 +0700] "GET /product/crispy-mala-seaweed_8118-l/ HTTP/1.1" 200 36755 "-" "Mozilla/5.0 (compatible; Googlebot/2.1; +http://www.google.com/bot.html)"
103.131.51.123 - - [15/Jan/2026:08:41:13 +0700] "POST /wp-cron.php?doing_wp_cron=1768441273.5017549991607666015625 HTTP/1.1" 200 474 "-" "WordPress/6.9; https://view.lotushomemade.com"
114.119.156.27 - - [15/Jan/2026:08:41:11 +0700] "GET /shop/page/8/?orderby=price-desc&per_row=4&per_page=24&shop_view=grid HTTP/1.1" 200 42724 "https://view.lotushomemade.com/shop/page/5/?orderby=price-desc&per_row=4&per_page=24&shop_view=grid" "Mozilla/5.0 (Linux; Android 7.0;) AppleWebKit/537.36 (KHTML, like Gecko) Mobile Safari/537.36 (compatible; PetalBot;+https://webmaster.petalsearch.com/site/petalbot)"
103.131.51.123 - - [15/Jan/2026:08:41:41 +0700] "POST /wp-cron.php?doing_wp_cron=1768441301.1075820922851562500000 HTTP/1.1" 200 474 "-" "WordPress/6.9; https://view.lotushomemade.com"
57.141.16.0 - - [15/Jan/2026:08:41:39 +0700] "GET /shop/page/36/?per_page=8&stock_status=onsale HTTP/2" 200 229392 "-" "meta-externalagent/1.1 (+https://developers.facebook.com/docs/sharing/webmasters/crawler)"
57.141.16.40 - - [15/Jan/2026:08:42:06 +0700] "GET /product-category/traditional-cookies-series/100-vegan-traditional-cookies-series/?per_row=6&shop_view=grid&per_page=8 HTTP/2" 200 241509 "-" "meta-externalagent/1.1 (+https://developers.facebook.com/docs/sharing/webmasters/crawler)"
103.131.51.123 - - [15/Jan/2026:08:42:35 +0700] "POST /wp-cron.php?doing_wp_cron=1768441355.5909390449523925781250 HTTP/1.1" 200 474 "-" "WordPress/6.9; https://view.lotushomemade.com"
114.119.149.78 - - [15/Jan/2026:08:42:33 +0700] "GET /shop/page/7/?max_price=1050&stock_status=instock&per_row=6&shop_view=grid HTTP/1.1" 200 40134 "https://view.lotushomemade.com/shop/page/4?max_price=1050&stock_status=instock&per_row=6&shop_view=grid" "Mozilla/5.0 (Linux; Android 7.0;) AppleWebKit/537.36 (KHTML, like Gecko) Mobile Safari/537.36 (compatible; PetalBot;+https://webmaster.petalsearch.com/site/petalbot)"
103.131.51.123 - - [15/Jan/2026:08:44:03 +0700] "POST /wp-cron.php?doing_wp_cron=1768441443.8934109210968017578125 HTTP/1.1" 200 474 "-" "WordPress/6.9; https://view.lotushomemade.com"
114.119.130.97 - - [15/Jan/2026:08:44:01 +0700] "GET /shop/page/6?orderby=price-desc&per_row=6&shop_view=grid&stock_status=onsale HTTP/1.1" 301 629 "-" "Mozilla/5.0 (Linux; Android 7.0;) AppleWebKit/537.36 (KHTML, like Gecko) Mobile Safari/537.36 (compatible; PetalBot;+https://webmaster.petalsearch.com/site/petalbot)"
114.119.130.97 - - [15/Jan/2026:08:44:05 +0700] "GET /shop/page/6/?orderby=price-desc&per_row=6&shop_view=grid&stock_status=onsale HTTP/1.1" 200 40243 "-" "Mozilla/5.0 (Linux; Android 7.0;) AppleWebKit/537.36 (KHTML, like Gecko) Mobile Safari/537.36 (compatible; PetalBot;+https://webmaster.petalsearch.com/site/petalbot)"
103.131.51.123 - - [15/Jan/2026:08:45:25 +0700] "POST /wp-cron.php?doing_wp_cron=1768441525.8915860652923583984375 HTTP/1.1" 200 474 "-" "WordPress/6.9; https://view.lotushomemade.com"
114.119.151.206 - - [15/Jan/2026:08:45:23 +0700] "GET /shop/page/6?orderby=date&stock_status=onsale&per_row=2&shop_view=grid HTTP/1.1" 301 623 "-" "Mozilla/5.0 (Linux; Android 7.0;) AppleWebKit/537.36 (KHTML, like Gecko) Mobile Safari/537.36 (compatible; PetalBot;+https://webmaster.petalsearch.com/site/petalbot)"
114.119.151.206 - - [15/Jan/2026:08:45:25 +0700] "GET /shop/page/6/?orderby=date&stock_status=onsale&per_row=2&shop_view=grid HTTP/1.1" 200 39992 "-" "Mozilla/5.0 (Linux; Android 7.0;) AppleWebKit/537.36 (KHTML, like Gecko) Mobile Safari/537.36 (compatible; PetalBot;+https://webmaster.petalsearch.com/site/petalbot)"
103.131.51.123 - - [15/Jan/2026:08:46:50 +0700] "POST /wp-cron.php?doing_wp_cron=1768441610.2654941082000732421875 HTTP/1.1" 200 474 "-" "WordPress/6.9; https://view.lotushomemade.com"
114.119.145.110 - - [15/Jan/2026:08:46:46 +0700] "GET /shop/page/6/?orderby=price&per_row=6&per_page=24&shop_view=grid HTTP/1.1" 200 42008 "https://view.lotushomemade.com/shop/page/3/?orderby=price&per_row=6&per_page=24&shop_view=grid" "Mozilla/5.0 (Linux; Android 7.0;) AppleWebKit/537.36 (KHTML, like Gecko) Mobile Safari/537.36 (compatible; PetalBot;+https://webmaster.petalsearch.com/site/petalbot)"
103.131.51.123 - - [15/Jan/2026:08:48:13 +0700] "POST /wp-cron.php?doing_wp_cron=1768441693.5630190372467041015625 HTTP/1.1" 200 474 "-" "WordPress/6.9; https://view.lotushomemade.com"
114.119.156.27 - - [15/Jan/2026:08:48:09 +0700] "GET /shop/page/6/?orderby=date&per_row=6&shop_view=grid&stock_status=instock HTTP/1.1" 200 39964 "https://view.lotushomemade.com/shop/page/8/?orderby=date&per_row=6&shop_view=grid&stock_status=instock" "Mozilla/5.0 (Linux; Android 7.0;) AppleWebKit/537.36 (KHTML, like Gecko) Mobile Safari/537.36 (compatible; PetalBot;+https://webmaster.petalsearch.com/site/petalbot)"
103.131.51.123 - - [15/Jan/2026:08:49:34 +0700] "POST /wp-cron.php?doing_wp_cron=1768441774.7716200351715087890625 HTTP/1.1" 200 474 "-" "WordPress/6.9; https://view.lotushomemade.com"
114.119.148.197 - - [15/Jan/2026:08:49:32 +0700] "GET /shop?stock_status=instock&per_row=6&shop_view=grid&filter_brand=hss HTTP/1.1" 301 621 "-" "Mozilla/5.0 (Linux; Android 7.0;) AppleWebKit/537.36 (KHTML, like Gecko) Mobile Safari/537.36 (compatible; PetalBot;+https://webmaster.petalsearch.com/site/petalbot)"
114.119.148.197 - - [15/Jan/2026:08:49:35 +0700] "GET /shop/?stock_status=instock&per_row=6&shop_view=grid&filter_brand=hss HTTP/1.1" 200 38813 "-" "Mozilla/5.0 (Linux; Android 7.0;) AppleWebKit/537.36 (KHTML, like Gecko) Mobile Safari/537.36 (compatible; PetalBot;+https://webmaster.petalsearch.com/site/petalbot)"
103.131.51.123 - - [15/Jan/2026:08:50:58 +0700] "POST /wp-cron.php?doing_wp_cron=1768441858.2670960426330566406250 HTTP/1.1" 200 474 "-" "WordPress/6.9; https://view.lotushomemade.com"
114.119.150.215 - - [15/Jan/2026:08:50:55 +0700] "GET /shop?min_price=0&max_price=260&filter_brand=blessing-food&per_page=18 HTTP/1.1" 301 581 "https://view.lotushomemade.com/shop?min_price=0&max_price=260&filter_brand=blessing-food" "Mozilla/5.0 (Linux; Android 7.0;) AppleWebKit/537.36 (KHTML, like Gecko) Mobile Safari/537.36 (compatible; PetalBot;+https://webmaster.petalsearch.com/site/petalbot)"
114.119.150.215 - - [15/Jan/2026:08:51:00 +0700] "GET /shop/?min_price=0&max_price=260&filter_brand=blessing-food&per_page=18 HTTP/1.1" 200 38713 "https://view.lotushomemade.com/shop?min_price=0&max_price=260&filter_brand=blessing-food" "Mozilla/5.0 (Linux; Android 7.0;) AppleWebKit/537.36 (KHTML, like Gecko) Mobile Safari/537.36 (compatible; PetalBot;+https://webmaster.petalsearch.com/site/petalbot)"
103.131.51.123 - - [15/Jan/2026:08:52:21 +0700] "POST /wp-cron.php?doing_wp_cron=1768441941.3076369762420654296875 HTTP/1.1" 200 474 "-" "WordPress/6.9; https://view.lotushomemade.com"
114.119.148.197 - - [15/Jan/2026:08:52:18 +0700] "GET /shop?max_price=1040&shop_view=grid&per_row=2 HTTP/1.1" 301 598 "https://view.lotushomemade.com/shop?max_price=1040" "Mozilla/5.0 (Linux; Android 7.0;) AppleWebKit/537.36 (KHTML, like Gecko) Mobile Safari/537.36 (compatible; PetalBot;+https://webmaster.petalsearch.com/site/petalbot)"
114.119.148.197 - - [15/Jan/2026:08:52:22 +0700] "GET /shop/?max_price=1040&shop_view=grid&per_row=2 HTTP/1.1" 200 41287 "https://view.lotushomemade.com/shop?max_price=1040" "Mozilla/5.0 (Linux; Android 7.0;) AppleWebKit/537.36 (KHTML, like Gecko) Mobile Safari/537.36 (compatible; PetalBot;+https://webmaster.petalsearch.com/site/petalbot)"
103.131.51.123 - - [15/Jan/2026:08:53:46 +0700] "POST /wp-cron.php?doing_wp_cron=1768442026.2526640892028808593750 HTTP/1.1" 200 474 "-" "WordPress/6.9; https://view.lotushomemade.com"
114.119.156.27 - - [15/Jan/2026:08:53:43 +0700] "GET /shop?max_price=1040&per_row=6&shop_view=grid HTTP/1.1" 301 598 "https://view.lotushomemade.com/shop?max_price=1040&per_row=2&shop_view=grid" "Mozilla/5.0 (Linux; Android 7.0;) AppleWebKit/537.36 (KHTML, like Gecko) Mobile Safari/537.36 (compatible; PetalBot;+https://webmaster.petalsearch.com/site/petalbot)"
114.119.156.27 - - [15/Jan/2026:08:53:46 +0700] "GET /shop/?max_price=1040&per_row=6&shop_view=grid HTTP/1.1" 200 41209 "https://view.lotushomemade.com/shop?max_price=1040&per_row=2&shop_view=grid" "Mozilla/5.0 (Linux; Android 7.0;) AppleWebKit/537.36 (KHTML, like Gecko) Mobile Safari/537.36 (compatible; PetalBot;+https://webmaster.petalsearch.com/site/petalbot)"
103.131.51.123 - - [15/Jan/2026:08:55:10 +0700] "POST /wp-cron.php?doing_wp_cron=1768442110.1657299995422363281250 HTTP/1.1" 200 474 "-" "WordPress/6.9; https://view.lotushomemade.com"
114.119.150.215 - - [15/Jan/2026:08:55:07 +0700] "GET /shop/page/9?orderby=date&stock_status=onsale&shop_view=grid&per_row=6 HTTP/1.1" 301 623 "https://view.lotushomemade.com/shop/page/7?orderby=date&stock_status=onsale&shop_view=grid&per_row=6" "Mozilla/5.0 (Linux; Android 7.0;) AppleWebKit/537.36 (KHTML, like Gecko) Mobile Safari/537.36 (compatible; PetalBot;+https://webmaster.petalsearch.com/site/petalbot)"
114.119.150.215 - - [15/Jan/2026:08:55:10 +0700] "GET /shop/page/9/?orderby=date&stock_status=onsale&shop_view=grid&per_row=6 HTTP/1.1" 200 39821 "https://view.lotushomemade.com/shop/page/7?orderby=date&stock_status=onsale&shop_view=grid&per_row=6" "Mozilla/5.0 (Linux; Android 7.0;) AppleWebKit/537.36 (KHTML, like Gecko) Mobile Safari/537.36 (compatible; PetalBot;+https://webmaster.petalsearch.com/site/petalbot)"