File: /home/lotushomemade.com/logs/namecard.lotushomemade.com/access_ssl_log
103.131.51.123 - - [30/Mar/2026:06:44:23 +0700] "POST /wp-cron.php?doing_wp_cron=1774827863.4214200973510742187500 HTTP/1.1" 200 474 "-" "WordPress/6.9.4; https://namecard.lotushomemade.com"
103.131.51.123 - - [30/Mar/2026:07:35:02 +0700] "POST /wp-cron.php?doing_wp_cron=1774830902.7943360805511474609375 HTTP/1.1" 200 474 "-" "WordPress/6.9.4; https://namecard.lotushomemade.com"
216.73.216.24 - - [30/Mar/2026:07:35:01 +0700] "GET /robots.txt HTTP/2" 200 106 "-" "Mozilla/5.0 AppleWebKit/537.36 (KHTML, like Gecko; compatible; ClaudeBot/1.0; +claudebot@anthropic.com)"
216.73.216.24 - - [30/Mar/2026:07:35:03 +0700] "GET /wp-sitemap.xml HTTP/2" 200 200 "-" "Mozilla/5.0 AppleWebKit/537.36 (KHTML, like Gecko; compatible; ClaudeBot/1.0; +claudebot@anthropic.com)"
103.131.51.123 - - [30/Mar/2026:10:39:19 +0700] "POST /wp-cron.php?doing_wp_cron=1774841959.8387100696563720703125 HTTP/1.1" 200 474 "-" "WordPress/6.9.4; https://namecard.lotushomemade.com"
216.73.216.24 - - [30/Mar/2026:10:39:18 +0700] "GET /robots.txt HTTP/2" 200 106 "-" "Mozilla/5.0 AppleWebKit/537.36 (KHTML, like Gecko; compatible; ClaudeBot/1.0; +claudebot@anthropic.com)"
216.73.216.24 - - [30/Mar/2026:10:39:20 +0700] "GET /wp-sitemap.xml HTTP/2" 200 200 "-" "Mozilla/5.0 AppleWebKit/537.36 (KHTML, like Gecko; compatible; ClaudeBot/1.0; +claudebot@anthropic.com)"
103.131.51.123 - - [30/Mar/2026:12:25:30 +0700] "POST /wp-cron.php?doing_wp_cron=1774848330.9116330146789550781250 HTTP/1.1" 200 474 "-" "WordPress/6.9.4; https://namecard.lotushomemade.com"
74.7.227.47 - - [30/Mar/2026:12:25:29 +0700] "GET /wp-sitemap.xml HTTP/2" 200 200 "-" "Mozilla/5.0 AppleWebKit/537.36 (KHTML, like Gecko; compatible; GPTBot/1.3; +https://openai.com/gptbot)"
74.7.241.153 - - [30/Mar/2026:12:25:35 +0700] "GET /robots.txt HTTP/2" 200 106 "-" "Mozilla/5.0 (Macintosh; Intel Mac OS X 10_15_7) AppleWebKit/537.36 (KHTML, like Gecko) Chrome/131.0.0.0 Safari/537.36; compatible; OAI-SearchBot/1.3; robots.txt; +https://openai.com/searchbot"
52.91.254.142 - - [30/Mar/2026:12:51:04 +0700] "GET /.git/config HTTP/1.1" 403 350 "-" "Mozilla/5.0 (Macintosh; Intel Mac OS X 10_15_7) AppleWebKit/605.1.15 (KHTML, like Gecko) Version/13.1 Safari/605.1.15"
103.131.51.123 - - [30/Mar/2026:14:22:29 +0700] "POST /wp-cron.php?doing_wp_cron=1774855349.7972218990325927734375 HTTP/1.1" 200 474 "-" "WordPress/6.9.4; https://namecard.lotushomemade.com"
68.183.201.25 - - [30/Mar/2026:14:22:28 +0700] "GET / HTTP/1.1" 200 23043 "-" "Mozilla/5.0 (X11; Linux x86_64; rv:142.0) Gecko/20100101 Firefox/142.0"
68.183.201.25 - - [30/Mar/2026:14:22:36 +0700] "GET /favicon.ico HTTP/1.1" 404 411 "https://namecard.lotushomemade.com/" "Mozilla/5.0 (X11; Linux x86_64; rv:142.0) Gecko/20100101 Firefox/142.0"
103.131.51.123 - - [30/Mar/2026:15:10:45 +0700] "POST /wp-cron.php?doing_wp_cron=1774858245.3988859653472900390625 HTTP/1.1" 200 474 "-" "WordPress/6.9.4; https://namecard.lotushomemade.com"
216.73.216.24 - - [30/Mar/2026:15:10:44 +0700] "GET /robots.txt HTTP/2" 200 106 "-" "Mozilla/5.0 AppleWebKit/537.36 (KHTML, like Gecko; compatible; ClaudeBot/1.0; +claudebot@anthropic.com)"
216.73.216.24 - - [30/Mar/2026:15:10:59 +0700] "GET /wp-sitemap.xml HTTP/2" 200 200 "-" "Mozilla/5.0 AppleWebKit/537.36 (KHTML, like Gecko; compatible; ClaudeBot/1.0; +claudebot@anthropic.com)"
103.131.51.123 - - [30/Mar/2026:16:46:12 +0700] "POST /wp-cron.php?doing_wp_cron=1774863972.8484430313110351562500 HTTP/1.1" 200 474 "-" "WordPress/6.9.4; https://namecard.lotushomemade.com"
18.206.251.103 - - [30/Mar/2026:16:46:11 +0700] "GET /_ignition/execute-solution HTTP/1.1" 404 17394 "-" "Mozilla/5.0 (Macintosh; Intel Mac OS X 10_13_6) AppleWebKit/605.1.15 (KHTML, like Gecko) Version/13.0.4 Safari/605.1.15"
103.131.51.123 - - [30/Mar/2026:18:31:24 +0700] "POST /wp-cron.php?doing_wp_cron=1774870284.4144620895385742187500 HTTP/1.1" 200 474 "-" "WordPress/6.9.4; https://namecard.lotushomemade.com"
72.167.46.126 - - [30/Mar/2026:18:31:23 +0700] "GET /xmlrpc.php HTTP/1.1" 405 539 "-" "Mozilla/5.0 (X11; Linux x86_64) AppleWebKit/537.36 (KHTML, like Gecko) Chrome/143.0.0.0 Safari/537.36"
72.167.46.126 - - [30/Mar/2026:18:31:24 +0700] "GET /wp-login.php HTTP/1.1" 200 2550 "-" "Mozilla/5.0 (X11; Linux x86_64) AppleWebKit/537.36 (KHTML, like Gecko) Chrome/143.0.0.0 Safari/537.36"
85.11.167.19 - - [30/Mar/2026:18:40:18 +0700] "POST / HTTP/1.1" 200 23006 "https://namecard.lotushomemade.com" "Mozilla/5.0 (Windows NT 10.0; Win64; x64) AppleWebKit/537.36 (KHTML, like Gecko) Chrome/131.0.0.0 Safari/537.36"
85.11.167.19 - - [30/Mar/2026:18:40:20 +0700] "POST / HTTP/1.1" 200 23030 "https://namecard.lotushomemade.com" "Mozilla/5.0 (Windows NT 10.0; Win64; x64) AppleWebKit/537.36 (KHTML, like Gecko) Chrome/131.0.0.0 Safari/537.36"
216.73.216.24 - - [30/Mar/2026:18:46:49 +0700] "GET /robots.txt HTTP/2" 200 106 "-" "Mozilla/5.0 AppleWebKit/537.36 (KHTML, like Gecko; compatible; ClaudeBot/1.0; +claudebot@anthropic.com)"
216.73.216.24 - - [30/Mar/2026:18:46:50 +0700] "GET /wp-sitemap.xml HTTP/2" 200 200 "-" "Mozilla/5.0 AppleWebKit/537.36 (KHTML, like Gecko; compatible; ClaudeBot/1.0; +claudebot@anthropic.com)"
195.178.110.64 - - [30/Mar/2026:19:18:52 +0700] "GET / HTTP/1.1" 200 23060 "-" "Mozilla/5.0 (Windows NT 10.0; Win64; x64) AppleWebKit/537.36 (KHTML, like Gecko) Chrome/120.0.0.0 Safari/537.36"
195.123.244.84 - - [30/Mar/2026:19:18:59 +0700] "HEAD / HTTP/2" 200 0 "http://namecard.lotushomemade.com" "Mozilla/5.0 (X11; Linux x86_64; rv:121.0) Gecko/20100101 Firefox/121.0"
195.123.244.84 - - [30/Mar/2026:19:19:01 +0700] "GET / HTTP/2" 200 22524 "http://namecard.lotushomemade.com" "Mozilla/5.0 (Windows NT 10.0; Win64; x64) AppleWebKit/537.36 (KHTML, like Gecko) Chrome/120.0.0.0 Safari/537.36 Edg/120.0.0.0"
104.164.173.27 - - [30/Mar/2026:19:20:16 +0700] "GET / HTTP/1.1" 200 19895 "-" "Mozilla/5.0 (X11; Linux x86_64) AppleWebKit/537.36 (KHTML, like Gecko) Chrome/117.0.0.0 Safari/537.36"
103.4.251.137 - - [30/Mar/2026:19:20:16 +0700] "GET / HTTP/1.1" 200 19829 "-" "Mozilla/5.0 (Macintosh; Intel Mac OS X 10_15_7) AppleWebKit/537.36 (KHTML, like Gecko) Chrome/117.0.0.0 Safari/537.36"
103.4.251.137 - - [30/Mar/2026:19:20:25 +0700] "GET / HTTP/1.1" 200 19895 "-" "Mozilla/5.0 (Macintosh; Intel Mac OS X 10_15_7) AppleWebKit/537.36 (KHTML, like Gecko) Chrome/117.0.0.0 Safari/537.36"
103.4.251.137 - - [30/Mar/2026:19:20:40 +0700] "GET /https%3A/namecard.lotushomemade.com/wp-includes/js/dist/script-modules/interactivity/index.min.js%3Fver%3D66c613f68580994bb00a HTTP/1.1" 404 15303 "-" "Mozilla/5.0 (Macintosh; Intel Mac OS X 10_15_7) AppleWebKit/537.36 (KHTML, like Gecko) Chrome/117.0.0.0 Safari/537.36"
103.4.251.137 - - [30/Mar/2026:19:20:40 +0700] "GET /https%3A/namecard.lotushomemade.com/sample-page/ HTTP/1.1" 301 630 "-" "Mozilla/5.0 (Macintosh; Intel Mac OS X 10_15_7) AppleWebKit/537.36 (KHTML, like Gecko) Chrome/117.0.0.0 Safari/537.36"
103.4.251.137 - - [30/Mar/2026:19:20:40 +0700] "GET /https%3A/namecard.lotushomemade.com/author/card/ HTTP/1.1" 301 623 "-" "Mozilla/5.0 (Macintosh; Intel Mac OS X 10_15_7) AppleWebKit/537.36 (KHTML, like Gecko) Chrome/117.0.0.0 Safari/537.36"
103.4.251.137 - - [30/Mar/2026:19:20:40 +0700] "GET /https%3A/namecard.lotushomemade.com/card/ HTTP/1.1" 301 623 "-" "Mozilla/5.0 (Macintosh; Intel Mac OS X 10_15_7) AppleWebKit/537.36 (KHTML, like Gecko) Chrome/117.0.0.0 Safari/537.36"
103.4.251.137 - - [30/Mar/2026:19:20:40 +0700] "GET /https%3A/namecard.lotushomemade.com/comments/feed/ HTTP/1.1" 301 645 "-" "Mozilla/5.0 (Macintosh; Intel Mac OS X 10_15_7) AppleWebKit/537.36 (KHTML, like Gecko) Chrome/117.0.0.0 Safari/537.36"
103.4.251.137 - - [30/Mar/2026:19:20:40 +0700] "GET /https%3A/namecard.lotushomemade.com/feed/ HTTP/1.1" 200 1024 "-" "Mozilla/5.0 (Macintosh; Intel Mac OS X 10_15_7) AppleWebKit/537.36 (KHTML, like Gecko) Chrome/117.0.0.0 Safari/537.36"
103.4.251.137 - - [30/Mar/2026:19:20:40 +0700] "GET /https%3A/namecard.lotushomemade.com/category/uncategorized/ HTTP/1.1" 404 15303 "-" "Mozilla/5.0 (Macintosh; Intel Mac OS X 10_15_7) AppleWebKit/537.36 (KHTML, like Gecko) Chrome/117.0.0.0 Safari/537.36"
103.4.251.137 - - [30/Mar/2026:19:20:40 +0700] "GET /https%3A/namecard.lotushomemade.com/wp-json/ HTTP/1.1" 404 15303 "-" "Mozilla/5.0 (Macintosh; Intel Mac OS X 10_15_7) AppleWebKit/537.36 (KHTML, like Gecko) Chrome/117.0.0.0 Safari/537.36"
103.4.251.137 - - [30/Mar/2026:19:20:40 +0700] "GET /https%3A/namecard.lotushomemade.com/xmlrpc.php%3Frsd HTTP/1.1" 404 15312 "-" "Mozilla/5.0 (Macintosh; Intel Mac OS X 10_15_7) AppleWebKit/537.36 (KHTML, like Gecko) Chrome/117.0.0.0 Safari/537.36"
103.4.251.137 - - [30/Mar/2026:19:20:40 +0700] "GET /https%3A/namecard.lotushomemade.com/wp-content/plugins/revslider/public/assets/css/rs6.css%3Fver%3D6.6.15 HTTP/1.1" 404 15312 "-" "Mozilla/5.0 (Macintosh; Intel Mac OS X 10_15_7) AppleWebKit/537.36 (KHTML, like Gecko) Chrome/117.0.0.0 Safari/537.36"
103.131.51.123 - - [30/Mar/2026:19:37:54 +0700] "POST /wp-cron.php?doing_wp_cron=1774874274.6552519798278808593750 HTTP/1.1" 200 474 "-" "WordPress/6.9.4; https://namecard.lotushomemade.com"
74.7.241.153 - - [30/Mar/2026:19:37:53 +0700] "GET /robots.txt HTTP/2" 200 106 "-" "Mozilla/5.0 (Macintosh; Intel Mac OS X 10_15_7) AppleWebKit/537.36 (KHTML, like Gecko) Chrome/131.0.0.0 Safari/537.36; compatible; OAI-SearchBot/1.3; robots.txt; +https://openai.com/searchbot"
43.163.22.43 - - [30/Mar/2026:19:43:02 +0700] "GET / HTTP/1.1" 200 23030 "-" "CT-Monitor/1.0"
34.29.177.199 - - [30/Mar/2026:20:19:54 +0700] "GET / HTTP/2" 200 22455 "http://namecard.lotushomemade.com" "Mozilla/5.0 (compatible; CMS-Checker/1.0; +https://example.com)"
103.131.51.123 - - [30/Mar/2026:20:50:05 +0700] "POST /wp-cron.php?doing_wp_cron=1774878604.7917749881744384765625 HTTP/1.1" 200 474 "-" "WordPress/6.9.4; https://namecard.lotushomemade.com"
34.29.177.199 - - [30/Mar/2026:20:50:03 +0700] "GET / HTTP/1.1" 200 109953 "-" "Mozilla/5.0 (Windows NT 10.0; Win64; x64) AppleWebKit/537.36 (KHTML, like Gecko) Chrome/78.0.3904.108 Safari/537.36"
34.29.177.199 - - [30/Mar/2026:20:50:05 +0700] "GET //wp-includes/wlwmanifest.xml HTTP/1.1" 403 233 "-" "Mozilla/5.0 (Windows NT 10.0; Win64; x64) AppleWebKit/537.36 (KHTML, like Gecko) Chrome/78.0.3904.108 Safari/537.36"
34.29.177.199 - - [30/Mar/2026:20:50:05 +0700] "GET //xmlrpc.php?rsd HTTP/1.1" 403 233 "-" "Mozilla/5.0 (Windows NT 10.0; Win64; x64) AppleWebKit/537.36 (KHTML, like Gecko) Chrome/78.0.3904.108 Safari/537.36"
34.29.177.199 - - [30/Mar/2026:20:50:06 +0700] "GET / HTTP/1.1" 403 233 "-" "Mozilla/5.0 (Windows NT 10.0; Win64; x64) AppleWebKit/537.36 (KHTML, like Gecko) Chrome/78.0.3904.108 Safari/537.36"
34.29.177.199 - - [30/Mar/2026:20:50:06 +0700] "GET //blog/wp-includes/wlwmanifest.xml HTTP/1.1" 403 233 "-" "Mozilla/5.0 (Windows NT 10.0; Win64; x64) AppleWebKit/537.36 (KHTML, like Gecko) Chrome/78.0.3904.108 Safari/537.36"
34.29.177.199 - - [30/Mar/2026:20:50:06 +0700] "GET //web/wp-includes/wlwmanifest.xml HTTP/1.1" 403 233 "-" "Mozilla/5.0 (Windows NT 10.0; Win64; x64) AppleWebKit/537.36 (KHTML, like Gecko) Chrome/78.0.3904.108 Safari/537.36"
34.29.177.199 - - [30/Mar/2026:20:50:06 +0700] "GET //wordpress/wp-includes/wlwmanifest.xml HTTP/1.1" 403 233 "-" "Mozilla/5.0 (Windows NT 10.0; Win64; x64) AppleWebKit/537.36 (KHTML, like Gecko) Chrome/78.0.3904.108 Safari/537.36"
34.29.177.199 - - [30/Mar/2026:20:50:07 +0700] "GET //website/wp-includes/wlwmanifest.xml HTTP/1.1" 403 233 "-" "Mozilla/5.0 (Windows NT 10.0; Win64; x64) AppleWebKit/537.36 (KHTML, like Gecko) Chrome/78.0.3904.108 Safari/537.36"
74.7.227.47 - - [30/Mar/2026:20:57:13 +0700] "GET / HTTP/2" 200 19308 "-" "Mozilla/5.0 AppleWebKit/537.36 (KHTML, like Gecko; compatible; GPTBot/1.3; +https://openai.com/gptbot)"
74.7.227.47 - - [30/Mar/2026:20:57:15 +0700] "GET /comments/feed/ HTTP/2" 200 711 "https://namecard.lotushomemade.com/" "Mozilla/5.0 AppleWebKit/537.36 (KHTML, like Gecko; compatible; GPTBot/1.3; +https://openai.com/gptbot)"
74.7.227.47 - - [30/Mar/2026:20:57:18 +0700] "GET /wp-content/plugins/revslider/public/assets/css/rs6.css?ver=6.6.15 HTTP/2" 200 12061 "https://namecard.lotushomemade.com/" "Mozilla/5.0 AppleWebKit/537.36 (KHTML, like Gecko; compatible; GPTBot/1.3; +https://openai.com/gptbot)"
74.7.227.47 - - [30/Mar/2026:20:57:21 +0700] "GET /2023/11/10/hello-world/ HTTP/2" 200 18172 "https://namecard.lotushomemade.com/" "Mozilla/5.0 AppleWebKit/537.36 (KHTML, like Gecko; compatible; GPTBot/1.3; +https://openai.com/gptbot)"
74.7.227.47 - - [30/Mar/2026:20:57:23 +0700] "GET /wp-includes/js/jquery/jquery-migrate.min.js?ver=3.4.1 HTTP/2" 200 4678 "https://namecard.lotushomemade.com/" "Mozilla/5.0 AppleWebKit/537.36 (KHTML, like Gecko; compatible; GPTBot/1.3; +https://openai.com/gptbot)"
74.7.227.47 - - [30/Mar/2026:20:57:26 +0700] "GET /feed/ HTTP/2" 200 690 "https://namecard.lotushomemade.com/" "Mozilla/5.0 AppleWebKit/537.36 (KHTML, like Gecko; compatible; GPTBot/1.3; +https://openai.com/gptbot)"
74.7.227.47 - - [30/Mar/2026:20:57:27 +0700] "GET /wp-content/plugins/revslider/public/assets/js/rbtools.min.js?ver=6.6.15 HTTP/2" 200 59951 "https://namecard.lotushomemade.com/" "Mozilla/5.0 AppleWebKit/537.36 (KHTML, like Gecko; compatible; GPTBot/1.3; +https://openai.com/gptbot)"
74.7.227.47 - - [30/Mar/2026:20:57:29 +0700] "GET /wp-content/themes/twentytwentyfour/assets/fonts/cardo/cardo_normal_400.woff2 HTTP/2" 200 146060 "https://namecard.lotushomemade.com/" "Mozilla/5.0 AppleWebKit/537.36 (KHTML, like Gecko; compatible; GPTBot/1.3; +https://openai.com/gptbot)"
74.7.227.47 - - [30/Mar/2026:20:57:30 +0700] "GET /wp-includes/js/jquery/jquery.min.js?ver=3.7.1 HTTP/2" 200 29744 "https://namecard.lotushomemade.com/" "Mozilla/5.0 AppleWebKit/537.36 (KHTML, like Gecko; compatible; GPTBot/1.3; +https://openai.com/gptbot)"
74.7.227.47 - - [30/Mar/2026:20:57:32 +0700] "GET /sample-page/ HTTP/2" 200 15090 "https://namecard.lotushomemade.com/" "Mozilla/5.0 AppleWebKit/537.36 (KHTML, like Gecko; compatible; GPTBot/1.3; +https://openai.com/gptbot)"
74.7.227.47 - - [30/Mar/2026:20:57:33 +0700] "GET /?p=1 HTTP/2" 301 0 "https://namecard.lotushomemade.com/2023/11/10/hello-world/" "Mozilla/5.0 AppleWebKit/537.36 (KHTML, like Gecko; compatible; GPTBot/1.3; +https://openai.com/gptbot)"
74.7.227.47 - - [30/Mar/2026:20:57:33 +0700] "GET /2023/11/10/hello-world/ HTTP/2" 200 18172 "https://namecard.lotushomemade.com/?p=1" "Mozilla/5.0 AppleWebKit/537.36 (KHTML, like Gecko; compatible; GPTBot/1.3; +https://openai.com/gptbot)"
74.7.227.47 - - [30/Mar/2026:20:57:35 +0700] "GET /?p=2 HTTP/2" 301 0 "https://namecard.lotushomemade.com/sample-page/" "Mozilla/5.0 AppleWebKit/537.36 (KHTML, like Gecko; compatible; GPTBot/1.3; +https://openai.com/gptbot)"
74.7.227.47 - - [30/Mar/2026:20:57:35 +0700] "GET /sample-page/ HTTP/2" 200 15090 "https://namecard.lotushomemade.com/?p=2" "Mozilla/5.0 AppleWebKit/537.36 (KHTML, like Gecko; compatible; GPTBot/1.3; +https://openai.com/gptbot)"
35.194.8.6 - - [30/Mar/2026:21:11:14 +0700] "GET / HTTP/2" 200 22455 "http://namecard.lotushomemade.com" "Mozilla/5.0 (compatible; CMS-Checker/1.0; +https://example.com)"
185.8.106.156 - - [30/Mar/2026:21:11:49 +0700] "GET / HTTP/1.1" 200 23006 "-" "Mozilla/5.0 (X11; U; Linux armv61; en-US; rv:1.9.1b2pre) Gecko/20081015 Fennec/1.0a1"
185.8.106.156 - - [30/Mar/2026:21:12:00 +0700] "GET //namecard.lotushomemade.com/wp-content/plugins/revslider/public/assets/js/rs6.min.js HTTP/1.1" 301 664 "-" "Mozilla/5.0 (Macintosh; Intel Mac OS X 10_14_5) AppleWebKit/537.36 (KHTML, like Gecko) Chrome/78.0.3880.0 Safari/537.36"
185.8.106.156 - - [30/Mar/2026:21:12:00 +0700] "GET //namecard.lotushomemade.com/wp-includes/js/jquery/jquery.min.js HTTP/1.1" 301 643 "-" "Mozilla/5.0 (Macintosh; Intel Mac OS X 10.6; rv:25.0) Gecko/20100101 Firefox/25.0"
185.8.106.156 - - [30/Mar/2026:21:12:00 +0700] "GET //namecard.lotushomemade.com/wp-includes/js/wp-emoji-release.min.js HTTP/1.1" 301 646 "-" "Mozilla/5.0 (Linux; Android 9; LM-G710) AppleWebKit/537.36 (KHTML, like Gecko) Chrome/76.0.3809.111 Mobile Safari/537.36"
185.8.106.156 - - [30/Mar/2026:21:12:00 +0700] "GET //namecard.lotushomemade.com/wp-content/plugins/revslider/public/assets/js/rbtools.min.js HTTP/1.1" 301 668 "-" "Mozilla/5.0 (X11; Linux x86_64) AppleWebKit/537.36 (KHTML, like Gecko) Ubuntu Chromium/71.0.3578.98 Chrome/71.0.3578.98 Safari/537.36"
185.8.106.156 - - [30/Mar/2026:21:12:00 +0700] "GET //namecard.lotushomemade.com/wp-includes/js/jquery/jquery-migrate.min.js HTTP/1.1" 301 651 "-" "Opera/9.30 (Nintendo Wii; U; ; 2047-7; en)"
185.8.106.156 - - [30/Mar/2026:21:12:00 +0700] "GET //namecard.lotushomemade.com/wp-includes/js/wp-emoji-loader.min.js HTTP/1.1" 301 645 "-" "Mozilla/5.0 (X11; Linux x86_64) AppleWebKit/537.36 (KHTML, like Gecko) Chrome/66.0.3359.117 Safari/537.36"
185.8.106.156 - - [30/Mar/2026:21:12:00 +0700] "GET //namecard.lotushomemade.com/wp-includes/js/dist/script-modules/block-library/navigation/view.min.js HTTP/1.1" 301 679 "-" "Mozilla/5.0 (Android; Linux armv7l; rv:10.0.1) Gecko/20100101 Firefox/10.0.1 Fennec/10.0.1"
185.8.106.156 - - [30/Mar/2026:21:12:01 +0700] "GET //namecard.lotushomemade.com/wp-includes/js/dist/script-modules/interactivity/index.min.js HTTP/1.1" 301 669 "-" "Mozilla/5.0 (Linux; Android 7.0; SM-G930F) AppleWebKit/537.36 (KHTML, like Gecko) Chrome/76.0.3809.111 Mobile Safari/537.36"
195.211.77.141 - - [30/Mar/2026:21:13:48 +0700] "HEAD / HTTP/1.1" 200 478 "-" "Mozilla/5.0 (Windows NT 10.0; Win64; x64) AppleWebKit/537.36 (KHTML, like Gecko) Chrome/108.0.0.0 Safari/537.36"
195.211.77.141 - - [30/Mar/2026:21:14:09 +0700] "GET / HTTP/1.1" 200 23043 "-" "Mozilla/5.0 (Windows NT 10.0; Win64; x64) AppleWebKit/537.36 (KHTML, like Gecko) Chrome/108.0.0.0 Safari/537.36"
103.131.51.123 - - [30/Mar/2026:21:33:11 +0700] "POST /wp-cron.php?doing_wp_cron=1774881191.6472079753875732421875 HTTP/1.1" 200 474 "-" "WordPress/6.9.4; https://namecard.lotushomemade.com"
216.73.216.24 - - [30/Mar/2026:21:33:10 +0700] "GET /robots.txt HTTP/2" 200 106 "-" "Mozilla/5.0 AppleWebKit/537.36 (KHTML, like Gecko; compatible; ClaudeBot/1.0; +claudebot@anthropic.com)"
216.73.216.24 - - [30/Mar/2026:21:33:38 +0700] "GET /wp-sitemap.xml HTTP/2" 200 200 "-" "Mozilla/5.0 AppleWebKit/537.36 (KHTML, like Gecko; compatible; ClaudeBot/1.0; +claudebot@anthropic.com)"